2026-07-14 10:08:21.012 8 INFO neutron.services.segments.plugin [-] Segment d40d139d-d859-474e-96e2-a5aa2525f9f4 resource provider not found; error: Placement Client Error (4xx): {"errors": [{"status": 404, "title": "Not Found", "detail": "The resource could not be found.\n\n No resource provider with uuid d40d139d-d859-474e-96e2-a5aa2525f9f4 found for delete ", "request_id": "req-69511373-45dc-4767-89f7-45d11d4e20b2"}]}
2026-07-14 10:08:21.039 7 INFO neutron_taas.services.taas.taas_plugin [None req-eef4bf31-9aa4-4447-8013-473cccdaceb0 9b33243d8e5e47ddbeb2578d8d268d0b d028f9731a1c4f7ab339b1203009d9b7 - - default default] TaaS: Handle Delete Port: ce302a6b-1f85-4f0d-aba5-d9cb4f1e3059
2026-07-14 10:08:21.041 7 INFO neutron_taas.services.taas.tap_mirror_plugin [None req-eef4bf31-9aa4-4447-8013-473cccdaceb0 9b33243d8e5e47ddbeb2578d8d268d0b d028f9731a1c4f7ab339b1203009d9b7 - - default default] Tap Mirror: Handle Delete Port: ce302a6b-1f85-4f0d-aba5-d9cb4f1e3059 [pid: 7|app: 0|req: 1427/2734] 10.0.0.36 () {32 vars in 725 bytes} [Tue Jul 14 10:08:20 2026] DELETE /v2.0/networks/e84b95a8-725c-49ea-ac98-287a6cd18586 => generated 0 bytes in 429 msecs (HTTP/1.1 204) 3 headers in 131 bytes (1 switches on core 0)
2026-07-14 10:08:21.312 8 INFO neutron.pecan_wsgi.hooks.translation [None req-a6ac463f-80f7-4a4f-bbe3-f50e25558355 9b33243d8e5e47ddbeb2578d8d268d0b d028f9731a1c4f7ab339b1203009d9b7 - - default default] DELETE failed (client error): The resource could not be found. [pid: 8|app: 0|req: 1308/2735] 10.0.0.36 () {32 vars in 725 bytes} [Tue Jul 14 10:08:21 2026] DELETE /v2.0/networks/ea1bb952-2280-4c43-abb2-358680099283 => generated 138 bytes in 18 msecs (HTTP/1.1 404) 4 headers in 164 bytes (1 switches on core 0)
2026-07-14 10:08:21.946 7 INFO neutron.db.ovn_revision_numbers_db [None req-0391f9d8-9e01-4caa-a525-446033187cc8 989d73619b9348b981b2d1b10c28ce09 96bcc965d0e64c8d9cde68dbcfe20158 - - default default] Successfully bumped revision number for resource 9490e01d-f56a-476f-b407-e3fcfc61e0f8 (type: security_groups) to 1
2026-07-14 10:08:21.963 7 INFO neutron.db.ovn_revision_numbers_db [None req-0391f9d8-9e01-4caa-a525-446033187cc8 989d73619b9348b981b2d1b10c28ce09 96bcc965d0e64c8d9cde68dbcfe20158 - - default default] Successfully bumped revision number for resource a721775a-c8ff-4c29-b145-683ee0606e37 (type: security_group_rules) to 0
2026-07-14 10:08:21.984 7 INFO neutron.db.ovn_revision_numbers_db [None req-0391f9d8-9e01-4caa-a525-446033187cc8 989d73619b9348b981b2d1b10c28ce09 96bcc965d0e64c8d9cde68dbcfe20158 - - default default] Successfully bumped revision number for resource b4f71156-7ebb-4da5-8ef5-2c97fbe12623 (type: security_group_rules) to 0
2026-07-14 10:08:21.999 7 INFO neutron.db.ovn_revision_numbers_db [None req-0391f9d8-9e01-4caa-a525-446033187cc8 989d73619b9348b981b2d1b10c28ce09 96bcc965d0e64c8d9cde68dbcfe20158 - - default default] Successfully bumped revision number for resource e0b77cc2-4ae0-41a8-9890-f800e197a93d (type: security_group_rules) to 0
2026-07-14 10:08:22.014 7 INFO neutron.db.ovn_revision_numbers_db [None req-0391f9d8-9e01-4caa-a525-446033187cc8 989d73619b9348b981b2d1b10c28ce09 96bcc965d0e64c8d9cde68dbcfe20158 - - default default] Successfully bumped revision number for resource f0ec316d-2b6e-4731-a2e8-ba0d364e37c9 (type: security_group_rules) to 0 [pid: 8|app: 0|req: 1309/2736] 10.0.0.36 () {32 vars in 773 bytes} [Tue Jul 14 10:08:21 2026] GET /v2.0/security-groups?tenant_id=d028f9731a1c4f7ab339b1203009d9b7&name=default => generated 2925 bytes in 131 msecs (HTTP/1.1 200) 4 headers in 158 bytes (1 switches on core 0)
2026-07-14 10:08:22.101 7 INFO neutron.db.segments_db [None req-0391f9d8-9e01-4caa-a525-446033187cc8 989d73619b9348b981b2d1b10c28ce09 96bcc965d0e64c8d9cde68dbcfe20158 - - default default] Added segment 6d647016-51ba-446d-9afb-5c06667fe6b5 of type geneve for network b7335b02-7d33-41dd-a05d-30c410d8b0b6
2026-07-14 10:08:22.224 7 INFO neutron.db.ovn_revision_numbers_db [None req-0391f9d8-9e01-4caa-a525-446033187cc8 989d73619b9348b981b2d1b10c28ce09 96bcc965d0e64c8d9cde68dbcfe20158 - - default default] Successfully bumped revision number for resource b7335b02-7d33-41dd-a05d-30c410d8b0b6 (type: networks) to 1 [pid: 8|app: 0|req: 1310/2737] 10.0.0.36 () {32 vars in 739 bytes} [Tue Jul 14 10:08:22 2026] DELETE /v2.0/security-groups/7658915f-8ae3-4aca-904a-3fb58f22f1ae => generated 0 bytes in 220 msecs (HTTP/1.1 204) 2 headers in 112 bytes (1 switches on core 0)
2026-07-14 10:08:22.403 7 WARNING neutron.scheduler.dhcp_agent_scheduler [None req-0391f9d8-9e01-4caa-a525-446033187cc8 989d73619b9348b981b2d1b10c28ce09 96bcc965d0e64c8d9cde68dbcfe20158 - - default default] No more DHCP agents
2026-07-14 10:08:22.405 7 WARNING neutron.api.rpc.agentnotifiers.dhcp_rpc_agent_api [None req-0391f9d8-9e01-4caa-a525-446033187cc8 989d73619b9348b981b2d1b10c28ce09 96bcc965d0e64c8d9cde68dbcfe20158 - - default default] Unable to schedule network b7335b02-7d33-41dd-a05d-30c410d8b0b6: no agents available; will retry on subsequent port and subnet creation events.
2026-07-14 10:08:22.471 8 INFO neutron.plugins.ml2.drivers.ovn.mech_driver.mech_driver [None req-ac2a2668-24df-4758-ae7e-aba3250536a3 - - - - - -] OVN reports status down for port: 07eafd92-040e-495f-8edf-994e1fefb56c
2026-07-14 10:08:22.488 7 INFO neutron.db.ovn_revision_numbers_db [None req-0391f9d8-9e01-4caa-a525-446033187cc8 989d73619b9348b981b2d1b10c28ce09 96bcc965d0e64c8d9cde68dbcfe20158 - - default default] Successfully bumped revision number for resource 07eafd92-040e-495f-8edf-994e1fefb56c (type: ports) to 1 [pid: 7|app: 0|req: 1428/2738] 10.0.0.36 () {34 vars in 670 bytes} [Tue Jul 14 10:08:21 2026] POST /v2.0/networks => generated 762 bytes in 936 msecs (HTTP/1.1 201) 4 headers in 162 bytes (1 switches on core 0)
2026-07-14 10:08:22.638 8 INFO neutron.db.ovn_revision_numbers_db [None req-81d62703-bdea-4a7d-a6ec-edf5d1cfc2ca 989d73619b9348b981b2d1b10c28ce09 96bcc965d0e64c8d9cde68dbcfe20158 - - default default] Successfully bumped revision number for resource 691730c5-fcdb-4753-8ae1-38e93424c57a (type: security_groups) to 1
2026-07-14 10:08:22.656 8 INFO neutron.db.ovn_revision_numbers_db [None req-81d62703-bdea-4a7d-a6ec-edf5d1cfc2ca 989d73619b9348b981b2d1b10c28ce09 96bcc965d0e64c8d9cde68dbcfe20158 - - default default] Successfully bumped revision number for resource 37708e03-25c9-4afc-bbca-7ed69468b6fc (type: security_group_rules) to 0
2026-07-14 10:08:22.660 7 INFO neutron.services.segments.plugin [-] Segment de91f4c6-957d-4a5c-82f0-8c0471081dc9 resource provider aggregate not found
2026-07-14 10:08:22.668 8 INFO neutron.db.ovn_revision_numbers_db [None req-81d62703-bdea-4a7d-a6ec-edf5d1cfc2ca 989d73619b9348b981b2d1b10c28ce09 96bcc965d0e64c8d9cde68dbcfe20158 - - default default] Successfully bumped revision number for resource 64d3778b-7e2a-45ad-8d57-b8136510d023 (type: security_group_rules) to 0
2026-07-14 10:08:22.676 7 INFO neutron.services.segments.plugin [-] Segment de91f4c6-957d-4a5c-82f0-8c0471081dc9 resource provider not found; error: Placement Client Error (4xx): {"errors": [{"status": 404, "title": "Not Found", "detail": "The resource could not be found.\n\n No resource provider with uuid de91f4c6-957d-4a5c-82f0-8c0471081dc9 found for delete ", "request_id": "req-8bde112d-7ca8-45c5-9792-c1e2d5200dcd"}]}
2026-07-14 10:08:22.681 8 INFO neutron.db.ovn_revision_numbers_db [None req-81d62703-bdea-4a7d-a6ec-edf5d1cfc2ca 989d73619b9348b981b2d1b10c28ce09 96bcc965d0e64c8d9cde68dbcfe20158 - - default default] Successfully bumped revision number for resource c62b509a-f505-47e9-90bc-ed7e2f878041 (type: security_group_rules) to 0
2026-07-14 10:08:22.684 7 WARNING neutron.scheduler.dhcp_agent_scheduler [None req-81ee5174-8204-463e-867e-7bf60101a4ec 989d73619b9348b981b2d1b10c28ce09 96bcc965d0e64c8d9cde68dbcfe20158 - - default default] No more DHCP agents
2026-07-14 10:08:22.687 7 WARNING neutron.api.rpc.agentnotifiers.dhcp_rpc_agent_api [None req-81ee5174-8204-463e-867e-7bf60101a4ec 989d73619b9348b981b2d1b10c28ce09 96bcc965d0e64c8d9cde68dbcfe20158 - - default default] Unable to schedule network b7335b02-7d33-41dd-a05d-30c410d8b0b6: no agents available; will retry on subsequent port and subnet creation events.
2026-07-14 10:08:22.693 8 INFO neutron.db.ovn_revision_numbers_db [None req-81d62703-bdea-4a7d-a6ec-edf5d1cfc2ca 989d73619b9348b981b2d1b10c28ce09 96bcc965d0e64c8d9cde68dbcfe20158 - - default default] Successfully bumped revision number for resource cb962206-1547-43fa-bc4b-7ca5d9d4a2db (type: security_group_rules) to 0
2026-07-14 10:08:22.702 7 INFO neutron.services.segments.plugin [-] Segment de91f4c6-957d-4a5c-82f0-8c0471081dc9 resource provider aggregate not found
2026-07-14 10:08:22.726 7 INFO neutron.services.segments.plugin [-] Segment de91f4c6-957d-4a5c-82f0-8c0471081dc9 resource provider not found; error: Placement Client Error (4xx): {"errors": [{"status": 404, "title": "Not Found", "detail": "The resource could not be found.\n\n No resource provider with uuid de91f4c6-957d-4a5c-82f0-8c0471081dc9 found for delete ", "request_id": "req-379b23f8-2270-4071-8735-eacee2a5026a"}]} [pid: 8|app: 0|req: 1311/2739] 10.0.0.36 () {32 vars in 773 bytes} [Tue Jul 14 10:08:22 2026] GET /v2.0/security-groups?tenant_id=293d23315a3443938db00e1c8b69b463&name=default => generated 2929 bytes in 339 msecs (HTTP/1.1 200) 4 headers in 158 bytes (1 switches on core 0) [pid: 8|app: 0|req: 1312/2740] 10.0.0.36 () {32 vars in 739 bytes} [Tue Jul 14 10:08:22 2026] DELETE /v2.0/security-groups/691730c5-fcdb-4753-8ae1-38e93424c57a => generated 0 bytes in 262 msecs (HTTP/1.1 204) 2 headers in 112 bytes (1 switches on core 0)
2026-07-14 10:08:23.192 7 INFO neutron.db.ovn_revision_numbers_db [None req-c6514e51-8ac8-49fc-a2e6-e680a81624b5 - - - - - -] Successfully bumped revision number for resource 07eafd92-040e-495f-8edf-994e1fefb56c (type: ports) to 2
2026-07-14 10:08:23.233 7 INFO neutron.db.ovn_revision_numbers_db [None req-c6514e51-8ac8-49fc-a2e6-e680a81624b5 - - - - - -] Successfully bumped revision number for resource 0e1247cd-b26e-4f0d-ad0a-c5d07c976434 (type: subnets) to 0 [pid: 7|app: 0|req: 1429/2741] 10.0.0.36 () {34 vars in 668 bytes} [Tue Jul 14 10:08:22 2026] POST /v2.0/subnets => generated 687 bytes in 726 msecs (HTTP/1.1 201) 4 headers in 162 bytes (1 switches on core 0)
2026-07-14 10:08:23.753 8 WARNING neutron.scheduler.dhcp_agent_scheduler [None req-512ec046-bcb4-4b5f-9b60-393c1080e57d 989d73619b9348b981b2d1b10c28ce09 96bcc965d0e64c8d9cde68dbcfe20158 - - default default] No more DHCP agents
2026-07-14 10:08:23.755 8 WARNING neutron.api.rpc.agentnotifiers.dhcp_rpc_agent_api [None req-512ec046-bcb4-4b5f-9b60-393c1080e57d 989d73619b9348b981b2d1b10c28ce09 96bcc965d0e64c8d9cde68dbcfe20158 - - default default] Unable to schedule network 4a6370d9-a6bd-4fe8-9ad1-0bfe87b43b6a: no agents available; will retry on subsequent port and subnet creation events.
2026-07-14 10:08:23.867 8 INFO neutron.plugins.ml2.drivers.ovn.mech_driver.mech_driver [None req-ac2a2668-24df-4758-ae7e-aba3250536a3 - - - - - -] OVN reports status down for port: 8bfa290a-4c6d-431a-ac6c-34c0ecd218ad
2026-07-14 10:08:23.932 8 INFO neutron.db.ovn_revision_numbers_db [None req-512ec046-bcb4-4b5f-9b60-393c1080e57d 989d73619b9348b981b2d1b10c28ce09 96bcc965d0e64c8d9cde68dbcfe20158 - - default default] Successfully bumped revision number for resource 8bfa290a-4c6d-431a-ac6c-34c0ecd218ad (type: ports) to 1
2026-07-14 10:08:24.542 8 INFO neutron.plugins.ml2.drivers.ovn.mech_driver.ovsdb.commands [None req-9cf0470a-b10a-4859-bc58-fef148e59576 - - - - - -] Schedule LRP lrp-8bfa290a-4c6d-431a-ac6c-34c0ecd218ad on gateway 043548b2-affb-419f-9b82-4da68f59d191 with priority 1
2026-07-14 10:08:24.591 8 INFO neutron.plugins.ml2.drivers.ovn.mech_driver.mech_driver [None req-ac2a2668-24df-4758-ae7e-aba3250536a3 - - - - - -] OVN reports status up for port: 8bfa290a-4c6d-431a-ac6c-34c0ecd218ad
2026-07-14 10:08:24.594 7 INFO neutron.plugins.ml2.drivers.ovn.mech_driver.ovsdb.ovsdb_monitor [None req-ab3de0b4-83cf-4a1d-b2cc-94e382ae8190 - - - - - -] Router c63e44c3-fb42-4355-b06d-355486574978 is bound to host instance
2026-07-14 10:08:24.626 8 INFO neutron.plugins.ml2.plugin [None req-ac2a2668-24df-4758-ae7e-aba3250536a3 - - - - - -] Attempt 1 to provision port 8bfa290a-4c6d-431a-ac6c-34c0ecd218ad
2026-07-14 10:08:24.671 8 INFO neutron.db.ovn_revision_numbers_db [None req-512ec046-bcb4-4b5f-9b60-393c1080e57d 989d73619b9348b981b2d1b10c28ce09 96bcc965d0e64c8d9cde68dbcfe20158 - - default default] Successfully bumped revision number for resource 8bfa290a-4c6d-431a-ac6c-34c0ecd218ad (type: router_ports) to 1
2026-07-14 10:08:24.814 8 INFO neutron.db.ovn_revision_numbers_db [None req-512ec046-bcb4-4b5f-9b60-393c1080e57d 989d73619b9348b981b2d1b10c28ce09 96bcc965d0e64c8d9cde68dbcfe20158 - - default default] Successfully bumped revision number for resource c63e44c3-fb42-4355-b06d-355486574978 (type: routers) to 2 [pid: 8|app: 0|req: 1313/2742] 10.0.0.36 () {34 vars in 668 bytes} [Tue Jul 14 10:08:23 2026] POST /v2.0/routers => generated 965 bytes in 1583 msecs (HTTP/1.1 201) 4 headers in 162 bytes (1 switches on core 0)
2026-07-14 10:08:25.585 7 WARNING neutron.scheduler.dhcp_agent_scheduler [None req-feca24c9-ab44-415f-922f-88ed10d21c31 989d73619b9348b981b2d1b10c28ce09 96bcc965d0e64c8d9cde68dbcfe20158 - - default default] No more DHCP agents
2026-07-14 10:08:25.587 7 WARNING neutron.api.rpc.agentnotifiers.dhcp_rpc_agent_api [None req-feca24c9-ab44-415f-922f-88ed10d21c31 989d73619b9348b981b2d1b10c28ce09 96bcc965d0e64c8d9cde68dbcfe20158 - - default default] Unable to schedule network b7335b02-7d33-41dd-a05d-30c410d8b0b6: no agents available; will retry on subsequent port and subnet creation events.
2026-07-14 10:08:25.859 7 INFO neutron.db.ovn_revision_numbers_db [None req-feca24c9-ab44-415f-922f-88ed10d21c31 989d73619b9348b981b2d1b10c28ce09 96bcc965d0e64c8d9cde68dbcfe20158 - - default default] Successfully bumped revision number for resource 7e85fddb-c15f-41b6-9728-f97437d3a0a1 (type: ports) to 1
2026-07-14 10:08:25.861 7 INFO neutron.db.ovn_revision_numbers_db [None req-42c8e5cc-4ae7-4334-add4-298b8c0b8130 - - - - - -] Successfully bumped revision number for resource 8bfa290a-4c6d-431a-ac6c-34c0ecd218ad (type: ports) to 4
2026-07-14 10:08:26.473 7 INFO neutron.db.ovn_revision_numbers_db [None req-42c8e5cc-4ae7-4334-add4-298b8c0b8130 - - - - - -] Successfully bumped revision number for resource 8bfa290a-4c6d-431a-ac6c-34c0ecd218ad (type: ports) to 5
2026-07-14 10:08:26.888 7 WARNING neutron.scheduler.dhcp_agent_scheduler [None req-feca24c9-ab44-415f-922f-88ed10d21c31 989d73619b9348b981b2d1b10c28ce09 96bcc965d0e64c8d9cde68dbcfe20158 - - default default] No more DHCP agents
2026-07-14 10:08:26.890 7 WARNING neutron.api.rpc.agentnotifiers.dhcp_rpc_agent_api [None req-feca24c9-ab44-415f-922f-88ed10d21c31 989d73619b9348b981b2d1b10c28ce09 96bcc965d0e64c8d9cde68dbcfe20158 - - default default] Unable to schedule network b7335b02-7d33-41dd-a05d-30c410d8b0b6: no agents available; will retry on subsequent port and subnet creation events.
2026-07-14 10:08:27.352 7 INFO neutron.db.ovn_revision_numbers_db [None req-feca24c9-ab44-415f-922f-88ed10d21c31 989d73619b9348b981b2d1b10c28ce09 96bcc965d0e64c8d9cde68dbcfe20158 - - default default] Successfully bumped revision number for resource 7e85fddb-c15f-41b6-9728-f97437d3a0a1 (type: router_ports) to 1 [pid: 7|app: 0|req: 1430/2743] 10.0.0.36 () {34 vars in 782 bytes} [Tue Jul 14 10:08:24 2026] PUT /v2.0/routers/c63e44c3-fb42-4355-b06d-355486574978/add_router_interface => generated 309 bytes in 2518 msecs (HTTP/1.1 200) 4 headers in 157 bytes (1 switches on core 0)
2026-07-14 10:08:27.650 8 INFO neutron.plugins.ml2.drivers.ovn.mech_driver.mech_driver [None req-ac2a2668-24df-4758-ae7e-aba3250536a3 - - - - - -] OVN reports status down for port: 7e85fddb-c15f-41b6-9728-f97437d3a0a1
2026-07-14 10:08:27.710 8 WARNING neutron.plugins.ml2.drivers.ovn.mech_driver.ovsdb.ovn_client [None req-ac2a2668-24df-4758-ae7e-aba3250536a3 - - - - - -] Logical_Switch_Port %s host information not removed, the port state is up
2026-07-14 10:08:27.710 8 INFO neutron.plugins.ml2.drivers.ovn.mech_driver.mech_driver [None req-ac2a2668-24df-4758-ae7e-aba3250536a3 - - - - - -] OVN reports status up for port: 7e85fddb-c15f-41b6-9728-f97437d3a0a1
2026-07-14 10:08:27.721 8 INFO neutron.plugins.ml2.plugin [None req-ac2a2668-24df-4758-ae7e-aba3250536a3 - - - - - -] Attempt 1 to provision port 7e85fddb-c15f-41b6-9728-f97437d3a0a1
2026-07-14 10:08:28.151 8 INFO neutron.db.ovn_revision_numbers_db [None req-ac2a2668-24df-4758-ae7e-aba3250536a3 - - - - - -] Successfully bumped revision number for resource 7e85fddb-c15f-41b6-9728-f97437d3a0a1 (type: ports) to 2
2026-07-14 10:08:28.585 8 INFO neutron.db.ovn_revision_numbers_db [None req-f2f81a62-9591-4f03-a99a-9fb5d9d311b1 989d73619b9348b981b2d1b10c28ce09 96bcc965d0e64c8d9cde68dbcfe20158 - - default default] Successfully bumped revision number for resource 21fe14ba-0739-4bd6-9271-06ecd6de0a2e (type: security_groups) to 1
2026-07-14 10:08:28.599 8 INFO neutron.db.ovn_revision_numbers_db [None req-f2f81a62-9591-4f03-a99a-9fb5d9d311b1 989d73619b9348b981b2d1b10c28ce09 96bcc965d0e64c8d9cde68dbcfe20158 - - default default] Successfully bumped revision number for resource 07633767-41d2-4350-9140-f6eb11190f24 (type: security_group_rules) to 0
2026-07-14 10:08:28.615 8 INFO neutron.db.ovn_revision_numbers_db [None req-f2f81a62-9591-4f03-a99a-9fb5d9d311b1 989d73619b9348b981b2d1b10c28ce09 96bcc965d0e64c8d9cde68dbcfe20158 - - default default] Successfully bumped revision number for resource 71e0cdda-caa1-4f67-a62b-f7888ce5ee0b (type: security_group_rules) to 0
2026-07-14 10:08:28.626 8 INFO neutron.db.ovn_revision_numbers_db [None req-f2f81a62-9591-4f03-a99a-9fb5d9d311b1 989d73619b9348b981b2d1b10c28ce09 96bcc965d0e64c8d9cde68dbcfe20158 - - default default] Successfully bumped revision number for resource 9d86164b-301a-46a8-82cf-9e1dd8776796 (type: security_group_rules) to 0
2026-07-14 10:08:28.639 8 INFO neutron.db.ovn_revision_numbers_db [None req-f2f81a62-9591-4f03-a99a-9fb5d9d311b1 989d73619b9348b981b2d1b10c28ce09 96bcc965d0e64c8d9cde68dbcfe20158 - - default default] Successfully bumped revision number for resource f8435bbd-bb32-4509-bb03-52c7f0decaf0 (type: security_group_rules) to 0
2026-07-14 10:08:28.716 8 INFO neutron.db.segments_db [None req-f2f81a62-9591-4f03-a99a-9fb5d9d311b1 989d73619b9348b981b2d1b10c28ce09 96bcc965d0e64c8d9cde68dbcfe20158 - - default default] Added segment 2843b9b6-aeb6-4c37-b8ea-7688ffcd7f85 of type geneve for network 3ae5ba4d-2b7c-4620-8aca-b5af9501360a
2026-07-14 10:08:28.832 8 INFO neutron.db.ovn_revision_numbers_db [None req-f2f81a62-9591-4f03-a99a-9fb5d9d311b1 989d73619b9348b981b2d1b10c28ce09 96bcc965d0e64c8d9cde68dbcfe20158 - - default default] Successfully bumped revision number for resource 3ae5ba4d-2b7c-4620-8aca-b5af9501360a (type: networks) to 1
2026-07-14 10:08:28.999 8 WARNING neutron.scheduler.dhcp_agent_scheduler [None req-f2f81a62-9591-4f03-a99a-9fb5d9d311b1 989d73619b9348b981b2d1b10c28ce09 96bcc965d0e64c8d9cde68dbcfe20158 - - default default] No more DHCP agents
2026-07-14 10:08:29.001 8 WARNING neutron.api.rpc.agentnotifiers.dhcp_rpc_agent_api [None req-f2f81a62-9591-4f03-a99a-9fb5d9d311b1 989d73619b9348b981b2d1b10c28ce09 96bcc965d0e64c8d9cde68dbcfe20158 - - default default] Unable to schedule network 3ae5ba4d-2b7c-4620-8aca-b5af9501360a: no agents available; will retry on subsequent port and subnet creation events.
2026-07-14 10:08:29.094 8 INFO neutron.db.ovn_revision_numbers_db [None req-f2f81a62-9591-4f03-a99a-9fb5d9d311b1 989d73619b9348b981b2d1b10c28ce09 96bcc965d0e64c8d9cde68dbcfe20158 - - default default] Successfully bumped revision number for resource ca9aaebc-42dd-4d67-a07e-96fb040c181c (type: ports) to 1 [pid: 8|app: 0|req: 1314/2744] 10.0.0.36 () {34 vars in 670 bytes} [Tue Jul 14 10:08:28 2026] POST /v2.0/networks => generated 763 bytes in 698 msecs (HTTP/1.1 201) 4 headers in 162 bytes (1 switches on core 0)
2026-07-14 10:08:29.256 7 WARNING neutron.scheduler.dhcp_agent_scheduler [None req-9cb67fec-2592-4547-ba61-9d896ce05b99 989d73619b9348b981b2d1b10c28ce09 96bcc965d0e64c8d9cde68dbcfe20158 - - default default] No more DHCP agents
2026-07-14 10:08:29.258 7 WARNING neutron.api.rpc.agentnotifiers.dhcp_rpc_agent_api [None req-9cb67fec-2592-4547-ba61-9d896ce05b99 989d73619b9348b981b2d1b10c28ce09 96bcc965d0e64c8d9cde68dbcfe20158 - - default default] Unable to schedule network 3ae5ba4d-2b7c-4620-8aca-b5af9501360a: no agents available; will retry on subsequent port and subnet creation events.
2026-07-14 10:08:29.719 7 INFO neutron.db.ovn_revision_numbers_db [None req-0105878c-ea8d-41a5-b333-7a7558b58613 - - - - - -] Successfully bumped revision number for resource ca9aaebc-42dd-4d67-a07e-96fb040c181c (type: ports) to 2
2026-07-14 10:08:29.748 7 INFO neutron.db.ovn_revision_numbers_db [None req-0105878c-ea8d-41a5-b333-7a7558b58613 - - - - - -] Successfully bumped revision number for resource 51a7018a-59c1-4b0d-9ad1-643176101469 (type: subnets) to 0 [pid: 7|app: 0|req: 1431/2745] 10.0.0.36 () {34 vars in 668 bytes} [Tue Jul 14 10:08:29 2026] POST /v2.0/subnets => generated 688 bytes in 652 msecs (HTTP/1.1 201) 4 headers in 162 bytes (1 switches on core 0)
2026-07-14 10:08:30.214 8 WARNING neutron.scheduler.dhcp_agent_scheduler [None req-1b8c04c5-d4a4-4c1b-a997-561adef2890c 989d73619b9348b981b2d1b10c28ce09 96bcc965d0e64c8d9cde68dbcfe20158 - - default default] No more DHCP agents
2026-07-14 10:08:30.216 8 WARNING neutron.api.rpc.agentnotifiers.dhcp_rpc_agent_api [None req-1b8c04c5-d4a4-4c1b-a997-561adef2890c 989d73619b9348b981b2d1b10c28ce09 96bcc965d0e64c8d9cde68dbcfe20158 - - default default] Unable to schedule network 4a6370d9-a6bd-4fe8-9ad1-0bfe87b43b6a: no agents available; will retry on subsequent port and subnet creation events.
2026-07-14 10:08:30.360 8 INFO neutron.db.ovn_revision_numbers_db [None req-1b8c04c5-d4a4-4c1b-a997-561adef2890c 989d73619b9348b981b2d1b10c28ce09 96bcc965d0e64c8d9cde68dbcfe20158 - - default default] Successfully bumped revision number for resource 2aec8a49-9643-4397-81dc-8f3a830d6f06 (type: ports) to 1
2026-07-14 10:08:31.503 8 INFO neutron.plugins.ml2.drivers.ovn.mech_driver.ovsdb.commands [None req-9cf0470a-b10a-4859-bc58-fef148e59576 - - - - - -] Schedule LRP lrp-2aec8a49-9643-4397-81dc-8f3a830d6f06 on gateway 043548b2-affb-419f-9b82-4da68f59d191 with priority 1
2026-07-14 10:08:31.534 8 INFO neutron.plugins.ml2.drivers.ovn.mech_driver.ovsdb.ovsdb_monitor [None req-24af5bad-beed-4862-b2f6-33df4a43d274 - - - - - -] Router 4db2ea9c-4db2-41a8-bead-e85b2fbd9181 is bound to host instance
2026-07-14 10:08:31.624 8 INFO neutron.db.ovn_revision_numbers_db [None req-1b8c04c5-d4a4-4c1b-a997-561adef2890c 989d73619b9348b981b2d1b10c28ce09 96bcc965d0e64c8d9cde68dbcfe20158 - - default default] Successfully bumped revision number for resource 2aec8a49-9643-4397-81dc-8f3a830d6f06 (type: router_ports) to 1
2026-07-14 10:08:31.776 8 INFO neutron.db.ovn_revision_numbers_db [None req-1b8c04c5-d4a4-4c1b-a997-561adef2890c 989d73619b9348b981b2d1b10c28ce09 96bcc965d0e64c8d9cde68dbcfe20158 - - default default] Successfully bumped revision number for resource 4db2ea9c-4db2-41a8-bead-e85b2fbd9181 (type: routers) to 2 [pid: 8|app: 0|req: 1315/2746] 10.0.0.36 () {34 vars in 668 bytes} [Tue Jul 14 10:08:29 2026] POST /v2.0/routers => generated 966 bytes in 2036 msecs (HTTP/1.1 201) 4 headers in 162 bytes (1 switches on core 0)
2026-07-14 10:08:32.269 7 WARNING neutron.scheduler.dhcp_agent_scheduler [None req-60293a5b-faa2-446e-bb98-ec4142fd177e 989d73619b9348b981b2d1b10c28ce09 96bcc965d0e64c8d9cde68dbcfe20158 - - default default] No more DHCP agents
2026-07-14 10:08:32.271 7 WARNING neutron.api.rpc.agentnotifiers.dhcp_rpc_agent_api [None req-60293a5b-faa2-446e-bb98-ec4142fd177e 989d73619b9348b981b2d1b10c28ce09 96bcc965d0e64c8d9cde68dbcfe20158 - - default default] Unable to schedule network 3ae5ba4d-2b7c-4620-8aca-b5af9501360a: no agents available; will retry on subsequent port and subnet creation events.
2026-07-14 10:08:32.403 7 INFO neutron.db.ovn_revision_numbers_db [None req-60293a5b-faa2-446e-bb98-ec4142fd177e 989d73619b9348b981b2d1b10c28ce09 96bcc965d0e64c8d9cde68dbcfe20158 - - default default] Successfully bumped revision number for resource bab93790-686f-4bd2-b7a0-0b5fcea116a5 (type: ports) to 1
2026-07-14 10:08:32.457 8 INFO neutron.db.ovn_revision_numbers_db [None req-f7e7ddaa-9478-4ee6-bc0e-56b9a8bf20aa - - - - - -] Successfully bumped revision number for resource 2aec8a49-9643-4397-81dc-8f3a830d6f06 (type: ports) to 4
2026-07-14 10:08:32.861 8 INFO neutron.db.ovn_revision_numbers_db [None req-f7e7ddaa-9478-4ee6-bc0e-56b9a8bf20aa - - - - - -] Successfully bumped revision number for resource 2aec8a49-9643-4397-81dc-8f3a830d6f06 (type: ports) to 5
2026-07-14 10:08:32.869 8 WARNING neutron.plugins.ml2.drivers.ovn.mech_driver.ovsdb.ovn_client [None req-cc5f73c6-c571-4c89-acd8-4d27ae9b9216 - - - - - -] No hosting information found for port 7e85fddb-c15f-41b6-9728-f97437d3a0a1: RuntimeError: No hosting information found for port 7e85fddb-c15f-41b6-9728-f97437d3a0a1
2026-07-14 10:08:33.030 8 INFO neutron.db.ovn_revision_numbers_db [None req-cc5f73c6-c571-4c89-acd8-4d27ae9b9216 - - - - - -] Successfully bumped revision number for resource 7e85fddb-c15f-41b6-9728-f97437d3a0a1 (type: router_ports) to 2
2026-07-14 10:08:33.080 8 INFO neutron.plugins.ml2.drivers.ovn.mech_driver.mech_driver [None req-cc5f73c6-c571-4c89-acd8-4d27ae9b9216 - - - - - -] OVN reports status down for port: ca9aaebc-42dd-4d67-a07e-96fb040c181c
2026-07-14 10:08:33.179 8 INFO neutron.plugins.ml2.drivers.ovn.mech_driver.mech_driver [None req-cc5f73c6-c571-4c89-acd8-4d27ae9b9216 - - - - - -] OVN reports status down for port: 2aec8a49-9643-4397-81dc-8f3a830d6f06
2026-07-14 10:08:33.181 7 WARNING neutron.scheduler.dhcp_agent_scheduler [None req-60293a5b-faa2-446e-bb98-ec4142fd177e 989d73619b9348b981b2d1b10c28ce09 96bcc965d0e64c8d9cde68dbcfe20158 - - default default] No more DHCP agents
2026-07-14 10:08:33.183 7 WARNING neutron.api.rpc.agentnotifiers.dhcp_rpc_agent_api [None req-60293a5b-faa2-446e-bb98-ec4142fd177e 989d73619b9348b981b2d1b10c28ce09 96bcc965d0e64c8d9cde68dbcfe20158 - - default default] Unable to schedule network 3ae5ba4d-2b7c-4620-8aca-b5af9501360a: no agents available; will retry on subsequent port and subnet creation events.
2026-07-14 10:08:33.499 8 INFO neutron.db.ovn_revision_numbers_db [None req-cc5f73c6-c571-4c89-acd8-4d27ae9b9216 - - - - - -] Successfully bumped revision number for resource 2aec8a49-9643-4397-81dc-8f3a830d6f06 (type: ports) to 6
2026-07-14 10:08:33.648 7 INFO neutron.db.ovn_revision_numbers_db [None req-60293a5b-faa2-446e-bb98-ec4142fd177e 989d73619b9348b981b2d1b10c28ce09 96bcc965d0e64c8d9cde68dbcfe20158 - - default default] Successfully bumped revision number for resource bab93790-686f-4bd2-b7a0-0b5fcea116a5 (type: router_ports) to 1 [pid: 7|app: 0|req: 1432/2749] 10.0.0.36 () {34 vars in 782 bytes} [Tue Jul 14 10:08:31 2026] PUT /v2.0/routers/4db2ea9c-4db2-41a8-bead-e85b2fbd9181/add_router_interface => generated 309 bytes in 1834 msecs (HTTP/1.1 200) 4 headers in 157 bytes (1 switches on core 0)
2026-07-14 10:08:33.696 8 WARNING neutron.plugins.ml2.drivers.ovn.mech_driver.ovsdb.ovn_client [None req-839687af-a1b0-452c-84dc-53a6246af758 - - - - - -] Logical_Switch_Port %s host information not removed, the port state is up
2026-07-14 10:08:33.697 8 INFO neutron.plugins.ml2.drivers.ovn.mech_driver.mech_driver [None req-839687af-a1b0-452c-84dc-53a6246af758 - - - - - -] OVN reports status up for port: 2aec8a49-9643-4397-81dc-8f3a830d6f06
2026-07-14 10:08:33.712 8 INFO neutron.plugins.ml2.plugin [None req-839687af-a1b0-452c-84dc-53a6246af758 - - - - - -] Attempt 1 to provision port 2aec8a49-9643-4397-81dc-8f3a830d6f06
2026-07-14 10:08:34.090 8 INFO neutron.db.ovn_revision_numbers_db [None req-839687af-a1b0-452c-84dc-53a6246af758 - - - - - -] Successfully bumped revision number for resource 2aec8a49-9643-4397-81dc-8f3a830d6f06 (type: ports) to 7
2026-07-14 10:08:34.174 8 INFO neutron.plugins.ml2.drivers.ovn.mech_driver.mech_driver [None req-ac17ea92-79d3-45ba-8c93-db0c12d3b471 - - - - - -] OVN reports status down for port: bab93790-686f-4bd2-b7a0-0b5fcea116a5
2026-07-14 10:08:34.227 8 WARNING neutron.plugins.ml2.drivers.ovn.mech_driver.ovsdb.ovn_client [None req-ac17ea92-79d3-45ba-8c93-db0c12d3b471 - - - - - -] Logical_Switch_Port %s host information not removed, the port state is up
2026-07-14 10:08:34.227 8 INFO neutron.plugins.ml2.drivers.ovn.mech_driver.mech_driver [None req-ac17ea92-79d3-45ba-8c93-db0c12d3b471 - - - - - -] OVN reports status up for port: bab93790-686f-4bd2-b7a0-0b5fcea116a5
2026-07-14 10:08:34.239 8 INFO neutron.plugins.ml2.plugin [None req-ac17ea92-79d3-45ba-8c93-db0c12d3b471 - - - - - -] Attempt 1 to provision port bab93790-686f-4bd2-b7a0-0b5fcea116a5
2026-07-14 10:08:34.627 8 INFO neutron.db.ovn_revision_numbers_db [None req-c5cd3d4f-565b-47ce-be20-0cea2f1cd6c9 c32203d3fb4b468bb385b1ce385d6e3c 5332e296d87d4585bcc6fc70bbdb980b - - default default] Successfully bumped revision number for resource 6b63fb71-66d6-4474-8d4a-ad044c7d02a5 (type: security_groups) to 1
2026-07-14 10:08:34.668 8 INFO neutron.db.ovn_revision_numbers_db [None req-c5cd3d4f-565b-47ce-be20-0cea2f1cd6c9 c32203d3fb4b468bb385b1ce385d6e3c 5332e296d87d4585bcc6fc70bbdb980b - - default default] Successfully bumped revision number for resource 141712bf-b1ae-42ed-a526-ed8ee6cc964a (type: security_group_rules) to 0
2026-07-14 10:08:34.697 8 INFO neutron.db.ovn_revision_numbers_db [None req-c5cd3d4f-565b-47ce-be20-0cea2f1cd6c9 c32203d3fb4b468bb385b1ce385d6e3c 5332e296d87d4585bcc6fc70bbdb980b - - default default] Successfully bumped revision number for resource 272a87cf-1658-47b2-8244-615b9ca22cf7 (type: security_group_rules) to 0 [pid: 8|app: 0|req: 1318/2750] 10.0.0.36 () {34 vars in 684 bytes} [Tue Jul 14 10:08:34 2026] POST /v2.0/security-groups => generated 1677 bytes in 468 msecs (HTTP/1.1 201) 4 headers in 163 bytes (1 switches on core 0)
2026-07-14 10:08:34.898 8 INFO neutron.db.ovn_revision_numbers_db [None req-ac17ea92-79d3-45ba-8c93-db0c12d3b471 - - - - - -] Successfully bumped revision number for resource bab93790-686f-4bd2-b7a0-0b5fcea116a5 (type: ports) to 2
2026-07-14 10:08:34.959 7 INFO neutron.db.ovn_revision_numbers_db [None req-ff25f8b6-3aed-4388-b9c8-f3333e640134 c32203d3fb4b468bb385b1ce385d6e3c 5332e296d87d4585bcc6fc70bbdb980b - - default default] Successfully bumped revision number for resource ec6ebb50-cda0-4387-9ad1-37fd2fca4ec4 (type: security_group_rules) to 0 [pid: 7|app: 0|req: 1433/2751] 10.0.0.36 () {34 vars in 694 bytes} [Tue Jul 14 10:08:34 2026] POST /v2.0/security-group-rules => generated 597 bytes in 204 msecs (HTTP/1.1 201) 4 headers in 162 bytes (1 switches on core 0)
2026-07-14 10:08:35.205 8 INFO neutron.db.ovn_revision_numbers_db [None req-a3c1e96a-fc2f-4f66-8e09-cd1e67b958cf c32203d3fb4b468bb385b1ce385d6e3c 5332e296d87d4585bcc6fc70bbdb980b - - default default] Successfully bumped revision number for resource 5f5d688a-2fed-46fc-8d41-7476aa956c2b (type: security_group_rules) to 0 [pid: 8|app: 0|req: 1319/2752] 10.0.0.36 () {34 vars in 694 bytes} [Tue Jul 14 10:08:35 2026] POST /v2.0/security-group-rules => generated 596 bytes in 244 msecs (HTTP/1.1 201) 4 headers in 162 bytes (1 switches on core 0)
2026-07-14 10:08:35.451 7 INFO neutron.db.ovn_revision_numbers_db [None req-c63aa5db-dd40-437a-8b3a-c9fd3f159896 c32203d3fb4b468bb385b1ce385d6e3c 5332e296d87d4585bcc6fc70bbdb980b - - default default] Successfully bumped revision number for resource 49d15868-90cd-4025-9949-44d6e313102c (type: security_group_rules) to 0 [pid: 7|app: 0|req: 1434/2753] 10.0.0.36 () {34 vars in 694 bytes} [Tue Jul 14 10:08:35 2026] POST /v2.0/security-group-rules => generated 602 bytes in 239 msecs (HTTP/1.1 201) 4 headers in 162 bytes (1 switches on core 0)
2026-07-14 10:08:35.674 8 INFO neutron.db.ovn_revision_numbers_db [None req-c57cc5a1-87a7-4b3b-9e7e-a352279996f5 c32203d3fb4b468bb385b1ce385d6e3c 5332e296d87d4585bcc6fc70bbdb980b - - default default] Successfully bumped revision number for resource 0e73516a-de81-4d79-9777-b838204a016e (type: security_group_rules) to 0 [pid: 8|app: 0|req: 1320/2754] 10.0.0.36 () {34 vars in 694 bytes} [Tue Jul 14 10:08:35 2026] POST /v2.0/security-group-rules => generated 601 bytes in 211 msecs (HTTP/1.1 201) 4 headers in 162 bytes (1 switches on core 0)
2026-07-14 10:08:35.763 7 INFO neutron.db.securitygroups_db [None req-7ed08bb4-302f-40ee-a8e9-606bb118a4fa c32203d3fb4b468bb385b1ce385d6e3c 5332e296d87d4585bcc6fc70bbdb980b - - default default] Project 5332e296d87d4585bcc6fc70bbdb980b added a security group rule with legacy IPv6 ICMP protocol name icmp, ipv6-icmp should be used instead. It was automatically converted.
2026-07-14 10:08:35.912 7 INFO neutron.db.ovn_revision_numbers_db [None req-7ed08bb4-302f-40ee-a8e9-606bb118a4fa c32203d3fb4b468bb385b1ce385d6e3c 5332e296d87d4585bcc6fc70bbdb980b - - default default] Successfully bumped revision number for resource 4bc50220-ef49-443b-a0e9-94d36817e532 (type: security_group_rules) to 0 [pid: 7|app: 0|req: 1435/2755] 10.0.0.36 () {34 vars in 694 bytes} [Tue Jul 14 10:08:35 2026] POST /v2.0/security-group-rules => generated 607 bytes in 246 msecs (HTTP/1.1 201) 4 headers in 162 bytes (1 switches on core 0)
2026-07-14 10:08:36.012 8 INFO neutron.db.securitygroups_db [None req-029b3042-f62d-4078-a151-34dd42909b4c c32203d3fb4b468bb385b1ce385d6e3c 5332e296d87d4585bcc6fc70bbdb980b - - default default] Project 5332e296d87d4585bcc6fc70bbdb980b added a security group rule with legacy IPv6 ICMP protocol name icmp, ipv6-icmp should be used instead. It was automatically converted.
2026-07-14 10:08:36.140 8 INFO neutron.db.ovn_revision_numbers_db [None req-029b3042-f62d-4078-a151-34dd42909b4c c32203d3fb4b468bb385b1ce385d6e3c 5332e296d87d4585bcc6fc70bbdb980b - - default default] Successfully bumped revision number for resource 6b57b1bd-dccc-421d-a9b7-99b16bf8ffb9 (type: security_group_rules) to 0 [pid: 8|app: 0|req: 1321/2756] 10.0.0.36 () {34 vars in 694 bytes} [Tue Jul 14 10:08:35 2026] POST /v2.0/security-group-rules => generated 606 bytes in 211 msecs (HTTP/1.1 201) 4 headers in 162 bytes (1 switches on core 0)
2026-07-14 10:08:36.712 7 INFO neutron.db.ovn_revision_numbers_db [None req-519830bf-2c4e-4ab9-b415-0339e88566d9 c32203d3fb4b468bb385b1ce385d6e3c 5332e296d87d4585bcc6fc70bbdb980b - - default default] Successfully bumped revision number for resource 9663fc05-276e-4776-9879-d89fd93dfb13 (type: security_groups) to 1
2026-07-14 10:08:36.726 7 INFO neutron.db.ovn_revision_numbers_db [None req-519830bf-2c4e-4ab9-b415-0339e88566d9 c32203d3fb4b468bb385b1ce385d6e3c 5332e296d87d4585bcc6fc70bbdb980b - - default default] Successfully bumped revision number for resource 194dabfb-fb54-4023-87e3-b65f08f37830 (type: security_group_rules) to 0
2026-07-14 10:08:36.753 7 INFO neutron.db.ovn_revision_numbers_db [None req-519830bf-2c4e-4ab9-b415-0339e88566d9 c32203d3fb4b468bb385b1ce385d6e3c 5332e296d87d4585bcc6fc70bbdb980b - - default default] Successfully bumped revision number for resource 8fcc3015-cfc3-4fc1-8b81-73756c6feb74 (type: security_group_rules) to 0 [pid: 7|app: 0|req: 1436/2757] 10.0.0.36 () {34 vars in 684 bytes} [Tue Jul 14 10:08:36 2026] POST /v2.0/security-groups => generated 1663 bytes in 252 msecs (HTTP/1.1 201) 4 headers in 163 bytes (1 switches on core 0)
2026-07-14 10:08:36.992 8 INFO neutron.db.ovn_revision_numbers_db [None req-dc26a7a7-e905-45c5-97e6-091850cc2ae5 c32203d3fb4b468bb385b1ce385d6e3c 5332e296d87d4585bcc6fc70bbdb980b - - default default] Successfully bumped revision number for resource 28be7dc5-857c-4d10-b23f-1e424f591ea7 (type: security_group_rules) to 0 [pid: 8|app: 0|req: 1322/2758] 10.0.0.36 () {34 vars in 694 bytes} [Tue Jul 14 10:08:36 2026] POST /v2.0/security-group-rules => generated 597 bytes in 218 msecs (HTTP/1.1 201) 4 headers in 162 bytes (1 switches on core 0)
2026-07-14 10:08:37.181 7 INFO neutron.db.ovn_revision_numbers_db [None req-3cca0725-9e39-4078-867c-c00ca5b18c60 c32203d3fb4b468bb385b1ce385d6e3c 5332e296d87d4585bcc6fc70bbdb980b - - default default] Successfully bumped revision number for resource 68740a9e-5051-44d2-9bd2-cbf7e3ee7608 (type: security_group_rules) to 0 [pid: 7|app: 0|req: 1437/2759] 10.0.0.36 () {34 vars in 694 bytes} [Tue Jul 14 10:08:37 2026] POST /v2.0/security-group-rules => generated 602 bytes in 178 msecs (HTTP/1.1 201) 4 headers in 162 bytes (1 switches on core 0)
2026-07-14 10:08:37.472 8 WARNING neutron.scheduler.dhcp_agent_scheduler [None req-d77c959c-2c19-41cb-a161-a4025f39e76d c32203d3fb4b468bb385b1ce385d6e3c 5332e296d87d4585bcc6fc70bbdb980b - - default default] No more DHCP agents
2026-07-14 10:08:37.473 8 WARNING neutron.api.rpc.agentnotifiers.dhcp_rpc_agent_api [None req-d77c959c-2c19-41cb-a161-a4025f39e76d c32203d3fb4b468bb385b1ce385d6e3c 5332e296d87d4585bcc6fc70bbdb980b - - default default] Unable to schedule network 4a6370d9-a6bd-4fe8-9ad1-0bfe87b43b6a: no agents available; will retry on subsequent port and subnet creation events. [pid: 8|app: 0|req: 1323/2760] 10.0.0.36 () {34 vars in 675 bytes} [Tue Jul 14 10:08:37 2026] POST /v2.0/floatingips => generated 552 bytes in 568 msecs (HTTP/1.1 201) 4 headers in 162 bytes (1 switches on core 0) [pid: 7|app: 0|req: 1438/2761] 10.0.0.158 () {34 vars in 1100 bytes} [Tue Jul 14 10:08:37 2026] GET /v2.0/security-groups?name=tempest-secgroup-smoke-1510038930&fields=id&tenant_id=5332e296d87d4585bcc6fc70bbdb980b => generated 69 bytes in 43 msecs (HTTP/1.1 200) 4 headers in 156 bytes (1 switches on core 0) [pid: 8|app: 0|req: 1324/2762] 10.0.0.158 () {34 vars in 1100 bytes} [Tue Jul 14 10:08:37 2026] GET /v2.0/security-groups?name=tempest-securitygroup--1476111179&fields=id&tenant_id=5332e296d87d4585bcc6fc70bbdb980b => generated 69 bytes in 46 msecs (HTTP/1.1 200) 4 headers in 156 bytes (1 switches on core 0) [pid: 7|app: 0|req: 1439/2763] 10.0.0.158 () {34 vars in 982 bytes} [Tue Jul 14 10:08:38 2026] GET /v2.0/networks?id=b7335b02-7d33-41dd-a05d-30c410d8b0b6 => generated 710 bytes in 49 msecs (HTTP/1.1 200) 4 headers in 157 bytes (1 switches on core 0) [pid: 8|app: 0|req: 1325/2764] 10.0.0.158 () {34 vars in 965 bytes} [Tue Jul 14 10:08:38 2026] GET /v2.0/quotas/5332e296d87d4585bcc6fc70bbdb980b => generated 292 bytes in 14 msecs (HTTP/1.1 200) 4 headers in 157 bytes (1 switches on core 0) [pid: 7|app: 0|req: 1440/2765] 10.0.0.158 () {34 vars in 1002 bytes} [Tue Jul 14 10:08:38 2026] GET /v2.0/ports?tenant_id=5332e296d87d4585bcc6fc70bbdb980b&fields=id => generated 103 bytes in 83 msecs (HTTP/1.1 200) 4 headers in 157 bytes (1 switches on core 0) [pid: 8|app: 0|req: 1326/2766] 10.0.0.158 () {34 vars in 1008 bytes} [Tue Jul 14 10:08:38 2026] GET /v2.0/networks/b7335b02-7d33-41dd-a05d-30c410d8b0b6?fields=segments => generated 14 bytes in 149 msecs (HTTP/1.1 200) 4 headers in 156 bytes (1 switches on core 0) [pid: 7|app: 0|req: 1441/2767] 10.0.0.158 () {34 vars in 1108 bytes} [Tue Jul 14 10:08:38 2026] GET /v2.0/networks/b7335b02-7d33-41dd-a05d-30c410d8b0b6?fields=provider%3Aphysical_network&fields=provider%3Anetwork_type => generated 79 bytes in 48 msecs (HTTP/1.1 200) 4 headers in 156 bytes (1 switches on core 0) [pid: 8|app: 0|req: 1327/2768] 10.0.0.158 () {34 vars in 990 bytes} [Tue Jul 14 10:08:38 2026] GET /v2.0/ports?device_id=2aaeb032-8de5-4d62-a715-6a9a5f086952 => generated 12 bytes in 21 msecs (HTTP/1.1 200) 4 headers in 156 bytes (1 switches on core 0) [pid: 7|app: 0|req: 1442/2769] 10.0.0.158 () {34 vars in 990 bytes} [Tue Jul 14 10:08:39 2026] GET /v2.0/ports?device_id=2aaeb032-8de5-4d62-a715-6a9a5f086952 => generated 12 bytes in 25 msecs (HTTP/1.1 200) 4 headers in 156 bytes (1 switches on core 0)
2026-07-14 10:08:40.093 8 WARNING neutron.plugins.ml2.drivers.ovn.mech_driver.ovsdb.ovn_client [None req-18dc584d-a530-4fbe-8c41-afcf6c6e9047 - - - - - -] No hosting information found for port bab93790-686f-4bd2-b7a0-0b5fcea116a5: RuntimeError: No hosting information found for port bab93790-686f-4bd2-b7a0-0b5fcea116a5
2026-07-14 10:08:40.164 8 INFO neutron.db.ovn_revision_numbers_db [None req-18dc584d-a530-4fbe-8c41-afcf6c6e9047 - - - - - -] Successfully bumped revision number for resource bab93790-686f-4bd2-b7a0-0b5fcea116a5 (type: router_ports) to 2 [pid: 8|app: 0|req: 1328/2770] 10.0.0.158 () {34 vars in 990 bytes} [Tue Jul 14 10:08:40 2026] GET /v2.0/ports?device_id=2aaeb032-8de5-4d62-a715-6a9a5f086952 => generated 12 bytes in 24 msecs (HTTP/1.1 200) 4 headers in 156 bytes (1 switches on core 0) [pid: 7|app: 0|req: 1443/2771] 10.0.0.158 () {34 vars in 990 bytes} [Tue Jul 14 10:08:41 2026] GET /v2.0/ports?device_id=2aaeb032-8de5-4d62-a715-6a9a5f086952 => generated 12 bytes in 27 msecs (HTTP/1.1 200) 4 headers in 156 bytes (1 switches on core 0) [pid: 8|app: 0|req: 1329/2772] 10.0.0.158 () {34 vars in 990 bytes} [Tue Jul 14 10:08:42 2026] GET /v2.0/ports?device_id=2aaeb032-8de5-4d62-a715-6a9a5f086952 => generated 12 bytes in 21 msecs (HTTP/1.1 200) 4 headers in 156 bytes (1 switches on core 0) [pid: 7|app: 0|req: 1444/2773] 199.19.213.62 () {34 vars in 985 bytes} [Tue Jul 14 10:08:43 2026] GET /v2.0/networks?id=b7335b02-7d33-41dd-a05d-30c410d8b0b6 => generated 710 bytes in 88 msecs (HTTP/1.1 200) 4 headers in 157 bytes (1 switches on core 0) [pid: 8|app: 0|req: 1330/2774] 199.19.213.62 () {34 vars in 1049 bytes} [Tue Jul 14 10:08:43 2026] GET /v2.0/security-groups?fields=id&fields=name&tenant_id=5332e296d87d4585bcc6fc70bbdb980b => generated 274 bytes in 53 msecs (HTTP/1.1 200) 4 headers in 157 bytes (1 switches on core 0)
2026-07-14 10:08:43.660 7 WARNING neutron.scheduler.dhcp_agent_scheduler [req-bf20a833-32ee-4819-bab7-7973d3a5eb27 req-7957db70-7e2b-475a-add9-299d04286ca6 c32203d3fb4b468bb385b1ce385d6e3c 5332e296d87d4585bcc6fc70bbdb980b - - default default] No more DHCP agents
2026-07-14 10:08:43.662 7 WARNING neutron.api.rpc.agentnotifiers.dhcp_rpc_agent_api [req-bf20a833-32ee-4819-bab7-7973d3a5eb27 req-7957db70-7e2b-475a-add9-299d04286ca6 c32203d3fb4b468bb385b1ce385d6e3c 5332e296d87d4585bcc6fc70bbdb980b - - default default] Unable to schedule network b7335b02-7d33-41dd-a05d-30c410d8b0b6: no agents available; will retry on subsequent port and subnet creation events.
2026-07-14 10:08:43.803 8 INFO neutron.plugins.ml2.drivers.ovn.mech_driver.mech_driver [None req-18dc584d-a530-4fbe-8c41-afcf6c6e9047 - - - - - -] OVN reports status down for port: 470b9d80-c0ed-4004-9301-38cc485a382b
2026-07-14 10:08:43.830 7 INFO neutron.db.ovn_revision_numbers_db [req-bf20a833-32ee-4819-bab7-7973d3a5eb27 req-7957db70-7e2b-475a-add9-299d04286ca6 c32203d3fb4b468bb385b1ce385d6e3c 5332e296d87d4585bcc6fc70bbdb980b - - default default] Successfully bumped revision number for resource 470b9d80-c0ed-4004-9301-38cc485a382b (type: ports) to 1 [pid: 7|app: 0|req: 1445/2775] 199.19.213.62 () {38 vars in 954 bytes} [Tue Jul 14 10:08:43 2026] POST /v2.0/ports => generated 993 bytes in 606 msecs (HTTP/1.1 201) 4 headers in 162 bytes (1 switches on core 0) /var/lib/openstack/lib/python3.12/site-packages/pycadf/identifier.py:70: UserWarning: Invalid uuid: neutron. To ensure interoperability, identifiers should be a valid uuid. warnings.warn(('Invalid uuid: %s. To ensure interoperability, ' [pid: 7|app: 0|req: 1446/2776] 10.0.0.158 () {34 vars in 990 bytes} [Tue Jul 14 10:08:43 2026] GET /v2.0/ports?device_id=2aaeb032-8de5-4d62-a715-6a9a5f086952 => generated 996 bytes in 49 msecs (HTTP/1.1 200) 4 headers in 157 bytes (1 switches on core 0) [pid: 7|app: 0|req: 1447/2777] 10.0.0.158 () {34 vars in 1120 bytes} [Tue Jul 14 10:08:44 2026] GET /v2.0/security-groups?id=9663fc05-276e-4776-9879-d89fd93dfb13&id=6b63fb71-66d6-4474-8d4a-ad044c7d02a5&fields=id&fields=name => generated 207 bytes in 35 msecs (HTTP/1.1 200) 4 headers in 157 bytes (1 switches on core 0)
2026-07-14 10:08:44.317 8 INFO neutron.db.ovn_revision_numbers_db [req-bf20a833-32ee-4819-bab7-7973d3a5eb27 req-f60702ab-fcdb-4c39-9155-cec4b97de3db bd8971ece46344099d58348283c9a7fd e95064eb949e4c16bcc647a4d5e727a5 - - 63189aafa0b848bd87e0112c971846d3 63189aafa0b848bd87e0112c971846d3] Successfully bumped revision number for resource 470b9d80-c0ed-4004-9301-38cc485a382b (type: ports) to 2
2026-07-14 10:08:44.553 8 INFO neutron.db.ovn_revision_numbers_db [req-bf20a833-32ee-4819-bab7-7973d3a5eb27 req-f60702ab-fcdb-4c39-9155-cec4b97de3db bd8971ece46344099d58348283c9a7fd e95064eb949e4c16bcc647a4d5e727a5 - - 63189aafa0b848bd87e0112c971846d3 63189aafa0b848bd87e0112c971846d3] Successfully bumped revision number for resource 470b9d80-c0ed-4004-9301-38cc485a382b (type: ports) to 4 [pid: 8|app: 0|req: 1331/2778] 199.19.213.62 () {38 vars in 1027 bytes} [Tue Jul 14 10:08:43 2026] PUT /v2.0/ports/470b9d80-c0ed-4004-9301-38cc485a382b => generated 1243 bytes in 663 msecs (HTTP/1.1 200) 4 headers in 158 bytes (1 switches on core 0)
