2026-07-14 10:05:23.196 7 INFO neutron.db.ovn_revision_numbers_db [None req-f4c8481e-3f0b-495b-9174-4b803d5c0b46 af5c4f45c99a43beb96412e9e5a0d160 1f7060d964854c59bb5abf2a6a2bf1c0 - - default default] Successfully bumped revision number for resource 46ac045a-adc9-4be2-84cb-cf323a95b636 (type: security_groups) to 1
2026-07-14 10:05:23.209 7 INFO neutron.db.ovn_revision_numbers_db [None req-f4c8481e-3f0b-495b-9174-4b803d5c0b46 af5c4f45c99a43beb96412e9e5a0d160 1f7060d964854c59bb5abf2a6a2bf1c0 - - default default] Successfully bumped revision number for resource 57c4feb4-c748-481a-9682-9fda56159b96 (type: security_group_rules) to 0
2026-07-14 10:05:23.223 7 INFO neutron.db.ovn_revision_numbers_db [None req-f4c8481e-3f0b-495b-9174-4b803d5c0b46 af5c4f45c99a43beb96412e9e5a0d160 1f7060d964854c59bb5abf2a6a2bf1c0 - - default default] Successfully bumped revision number for resource e210ad3c-443c-4423-a854-a4903157d182 (type: security_group_rules) to 0 [pid: 7|app: 0|req: 803/1607] 10.0.0.36 () {34 vars in 683 bytes} [Tue Jul 14 10:05:22 2026] POST /v2.0/security-groups => generated 1601 bytes in 500 msecs (HTTP/1.1 201) 4 headers in 163 bytes (1 switches on core 0)
2026-07-14 10:05:23.411 7 INFO neutron.db.ovn_revision_numbers_db [None req-a7212ce5-50b8-43de-8dcb-f865d7d2e2ce 989d73619b9348b981b2d1b10c28ce09 96bcc965d0e64c8d9cde68dbcfe20158 - - default default] Successfully bumped revision number for resource b7a3ac4b-4432-4551-a33b-3036eb988cb0 (type: security_groups) to 1
2026-07-14 10:05:23.425 7 INFO neutron.db.ovn_revision_numbers_db [None req-a7212ce5-50b8-43de-8dcb-f865d7d2e2ce 989d73619b9348b981b2d1b10c28ce09 96bcc965d0e64c8d9cde68dbcfe20158 - - default default] Successfully bumped revision number for resource 1117ee9f-a525-4153-9123-865e50fe86d8 (type: security_group_rules) to 0
2026-07-14 10:05:23.441 7 INFO neutron.db.ovn_revision_numbers_db [None req-a7212ce5-50b8-43de-8dcb-f865d7d2e2ce 989d73619b9348b981b2d1b10c28ce09 96bcc965d0e64c8d9cde68dbcfe20158 - - default default] Successfully bumped revision number for resource 6181de83-e690-4ad1-a699-c22b428199bf (type: security_group_rules) to 0
2026-07-14 10:05:23.457 7 INFO neutron.db.ovn_revision_numbers_db [None req-a7212ce5-50b8-43de-8dcb-f865d7d2e2ce 989d73619b9348b981b2d1b10c28ce09 96bcc965d0e64c8d9cde68dbcfe20158 - - default default] Successfully bumped revision number for resource a2dce22f-1cdf-497e-9a8d-ccdabb55584c (type: security_group_rules) to 0
2026-07-14 10:05:23.463 8 WARNING neutron.scheduler.dhcp_agent_scheduler [None req-d174d95a-3402-4c46-8b3e-c7135324a9f6 ec522d54e4b149529f30dff086c2f180 24655991597444dfac0840b77025d649 - - default default] No more DHCP agents
2026-07-14 10:05:23.464 8 WARNING neutron.api.rpc.agentnotifiers.dhcp_rpc_agent_api [None req-d174d95a-3402-4c46-8b3e-c7135324a9f6 ec522d54e4b149529f30dff086c2f180 24655991597444dfac0840b77025d649 - - default default] Unable to schedule network b78ee3d3-4a24-4206-888e-cfab4a8be0a2: no agents available; will retry on subsequent port and subnet creation events.
2026-07-14 10:05:23.476 7 INFO neutron.db.ovn_revision_numbers_db [None req-a7212ce5-50b8-43de-8dcb-f865d7d2e2ce 989d73619b9348b981b2d1b10c28ce09 96bcc965d0e64c8d9cde68dbcfe20158 - - default default] Successfully bumped revision number for resource a77ef87b-8b31-4bb7-a2bc-af5b7959201a (type: security_group_rules) to 0 [pid: 7|app: 0|req: 804/1608] 10.0.0.36 () {32 vars in 773 bytes} [Tue Jul 14 10:05:23 2026] GET /v2.0/security-groups?tenant_id=7ffab862c3d14a839c387092be74862e&name=default => generated 2925 bytes in 253 msecs (HTTP/1.1 200) 4 headers in 158 bytes (1 switches on core 0)
2026-07-14 10:05:23.624 8 INFO neutron.db.ovn_revision_numbers_db [None req-d174d95a-3402-4c46-8b3e-c7135324a9f6 ec522d54e4b149529f30dff086c2f180 24655991597444dfac0840b77025d649 - - default default] Successfully bumped revision number for resource d41238c6-d774-43b9-af8b-089eb41beb0a (type: ports) to 1
2026-07-14 10:05:23.633 7 INFO neutron.plugins.ml2.drivers.ovn.mech_driver.mech_driver [None req-ea93c817-d65e-4fab-958d-fdcb7e268e91 - - - - - -] OVN reports status down for port: d41238c6-d774-43b9-af8b-089eb41beb0a [pid: 8|app: 0|req: 805/1609] 10.0.0.36 () {34 vars in 664 bytes} [Tue Jul 14 10:05:23 2026] POST /v2.0/ports => generated 916 bytes in 526 msecs (HTTP/1.1 201) 4 headers in 162 bytes (1 switches on core 0)
2026-07-14 10:05:23.732 7 INFO neutron.db.ovn_revision_numbers_db [None req-a82ec9d2-383d-4eb8-a0ee-7210ef94db85 af5c4f45c99a43beb96412e9e5a0d160 1f7060d964854c59bb5abf2a6a2bf1c0 - - default default] Successfully bumped revision number for resource 572bb758-158e-4468-af29-9da5c763263e (type: security_groups) to 1
2026-07-14 10:05:23.755 7 INFO neutron.db.ovn_revision_numbers_db [None req-a82ec9d2-383d-4eb8-a0ee-7210ef94db85 af5c4f45c99a43beb96412e9e5a0d160 1f7060d964854c59bb5abf2a6a2bf1c0 - - default default] Successfully bumped revision number for resource 15cca742-c8b6-4d7c-9e08-e2febf911aa7 (type: security_group_rules) to 0
2026-07-14 10:05:23.771 7 INFO neutron.db.ovn_revision_numbers_db [None req-a82ec9d2-383d-4eb8-a0ee-7210ef94db85 af5c4f45c99a43beb96412e9e5a0d160 1f7060d964854c59bb5abf2a6a2bf1c0 - - default default] Successfully bumped revision number for resource 47762cbe-d92a-4fb9-8a61-74ed9944d8e1 (type: security_group_rules) to 0 [pid: 7|app: 0|req: 805/1610] 10.0.0.36 () {34 vars in 683 bytes} [Tue Jul 14 10:05:23 2026] POST /v2.0/security-groups => generated 1601 bytes in 297 msecs (HTTP/1.1 201) 4 headers in 163 bytes (1 switches on core 0) [pid: 8|app: 0|req: 806/1611] 10.0.0.36 () {32 vars in 739 bytes} [Tue Jul 14 10:05:23 2026] DELETE /v2.0/security-groups/b7a3ac4b-4432-4551-a33b-3036eb988cb0 => generated 0 bytes in 358 msecs (HTTP/1.1 204) 2 headers in 112 bytes (1 switches on core 0)
2026-07-14 10:05:24.041 7 INFO neutron_taas.services.taas.taas_plugin [None req-3412b145-b2f4-4621-9172-6d47e3909949 ec522d54e4b149529f30dff086c2f180 24655991597444dfac0840b77025d649 - - default default] TaaS: Handle Delete Port: d41238c6-d774-43b9-af8b-089eb41beb0a
2026-07-14 10:05:24.044 7 INFO neutron_taas.services.taas.tap_mirror_plugin [None req-3412b145-b2f4-4621-9172-6d47e3909949 ec522d54e4b149529f30dff086c2f180 24655991597444dfac0840b77025d649 - - default default] Tap Mirror: Handle Delete Port: d41238c6-d774-43b9-af8b-089eb41beb0a
2026-07-14 10:05:24.126 8 INFO neutron.db.ovn_revision_numbers_db [None req-dd35db5c-5fb6-4e40-bf04-083813a230b7 af5c4f45c99a43beb96412e9e5a0d160 1f7060d964854c59bb5abf2a6a2bf1c0 - - default default] Successfully bumped revision number for resource f74e85a2-e0d3-4620-9a35-cea0320c5831 (type: security_groups) to 1
2026-07-14 10:05:24.144 8 INFO neutron.db.ovn_revision_numbers_db [None req-dd35db5c-5fb6-4e40-bf04-083813a230b7 af5c4f45c99a43beb96412e9e5a0d160 1f7060d964854c59bb5abf2a6a2bf1c0 - - default default] Successfully bumped revision number for resource 221de4ac-fa13-4302-af2c-66dc924067cf (type: security_group_rules) to 0
2026-07-14 10:05:24.159 8 INFO neutron.db.ovn_revision_numbers_db [None req-dd35db5c-5fb6-4e40-bf04-083813a230b7 af5c4f45c99a43beb96412e9e5a0d160 1f7060d964854c59bb5abf2a6a2bf1c0 - - default default] Successfully bumped revision number for resource 8131eb3c-e04b-45b5-a797-20d9fef89573 (type: security_group_rules) to 0 [pid: 8|app: 0|req: 807/1612] 10.0.0.36 () {34 vars in 683 bytes} [Tue Jul 14 10:05:24 2026] POST /v2.0/security-groups => generated 1601 bytes in 181 msecs (HTTP/1.1 201) 4 headers in 163 bytes (1 switches on core 0) [pid: 7|app: 0|req: 806/1613] 10.0.0.36 () {32 vars in 719 bytes} [Tue Jul 14 10:05:23 2026] DELETE /v2.0/ports/d41238c6-d774-43b9-af8b-089eb41beb0a => generated 0 bytes in 421 msecs (HTTP/1.1 204) 3 headers in 131 bytes (1 switches on core 0)
2026-07-14 10:05:24.259 7 INFO neutron.pecan_wsgi.hooks.translation [None req-7a6ce6e1-186f-40f1-87cb-955db4b61ee8 ec522d54e4b149529f30dff086c2f180 24655991597444dfac0840b77025d649 - - default default] GET failed (client error): The resource could not be found. [pid: 7|app: 0|req: 807/1614] 10.0.0.36 () {32 vars in 716 bytes} [Tue Jul 14 10:05:24 2026] GET /v2.0/ports/d41238c6-d774-43b9-af8b-089eb41beb0a => generated 132 bytes in 15 msecs (HTTP/1.1 404) 4 headers in 164 bytes (1 switches on core 0)
2026-07-14 10:05:24.353 8 INFO neutron.db.ovn_revision_numbers_db [None req-375361fc-3fcf-4544-be3b-f0a1330a5a1f af5c4f45c99a43beb96412e9e5a0d160 1f7060d964854c59bb5abf2a6a2bf1c0 - - default default] Successfully bumped revision number for resource 70f853d3-e6c3-499d-8ec5-0688fed897e2 (type: security_groups) to 1
2026-07-14 10:05:24.367 8 INFO neutron.db.ovn_revision_numbers_db [None req-375361fc-3fcf-4544-be3b-f0a1330a5a1f af5c4f45c99a43beb96412e9e5a0d160 1f7060d964854c59bb5abf2a6a2bf1c0 - - default default] Successfully bumped revision number for resource 11c756de-59f1-4b15-b68d-fb6c96541068 (type: security_group_rules) to 0
2026-07-14 10:05:24.382 8 INFO neutron.db.ovn_revision_numbers_db [None req-375361fc-3fcf-4544-be3b-f0a1330a5a1f af5c4f45c99a43beb96412e9e5a0d160 1f7060d964854c59bb5abf2a6a2bf1c0 - - default default] Successfully bumped revision number for resource 17c0bab7-cfad-4cf8-be2f-6442416a09fe (type: security_group_rules) to 0 [pid: 8|app: 0|req: 808/1615] 10.0.0.36 () {34 vars in 683 bytes} [Tue Jul 14 10:05:24 2026] POST /v2.0/security-groups => generated 1601 bytes in 226 msecs (HTTP/1.1 201) 4 headers in 163 bytes (1 switches on core 0) [pid: 7|app: 0|req: 808/1616] 10.0.0.36 () {32 vars in 723 bytes} [Tue Jul 14 10:05:24 2026] DELETE /v2.0/subnets/025aae82-d301-46dc-8f80-9966c37ac699 => generated 0 bytes in 213 msecs (HTTP/1.1 204) 3 headers in 131 bytes (1 switches on core 0)
2026-07-14 10:05:24.562 8 INFO neutron.db.ovn_revision_numbers_db [None req-8c947a3e-eb56-48d3-bdd9-48ea3c08de81 af5c4f45c99a43beb96412e9e5a0d160 1f7060d964854c59bb5abf2a6a2bf1c0 - - default default] Successfully bumped revision number for resource d0d5a6b1-8388-4c65-890e-4c479979a5cc (type: security_groups) to 1
2026-07-14 10:05:24.589 8 INFO neutron.db.ovn_revision_numbers_db [None req-8c947a3e-eb56-48d3-bdd9-48ea3c08de81 af5c4f45c99a43beb96412e9e5a0d160 1f7060d964854c59bb5abf2a6a2bf1c0 - - default default] Successfully bumped revision number for resource b99de736-c042-44f8-9a41-c004712539e2 (type: security_group_rules) to 0
2026-07-14 10:05:24.602 8 INFO neutron.db.ovn_revision_numbers_db [None req-8c947a3e-eb56-48d3-bdd9-48ea3c08de81 af5c4f45c99a43beb96412e9e5a0d160 1f7060d964854c59bb5abf2a6a2bf1c0 - - default default] Successfully bumped revision number for resource efd2fa4c-2c72-4397-b085-dc4a2a41f200 (type: security_group_rules) to 0 [pid: 8|app: 0|req: 809/1617] 10.0.0.36 () {34 vars in 683 bytes} [Tue Jul 14 10:05:24 2026] POST /v2.0/security-groups => generated 1601 bytes in 224 msecs (HTTP/1.1 201) 4 headers in 163 bytes (1 switches on core 0)
2026-07-14 10:05:24.677 7 INFO neutron_taas.services.taas.taas_plugin [None req-ec7bacb8-e314-494c-a5ab-9eadaa7b963d ec522d54e4b149529f30dff086c2f180 24655991597444dfac0840b77025d649 - - default default] TaaS: Handle Delete Port: 14264992-74e7-4f60-a2c1-07c9868a4b4b
2026-07-14 10:05:24.679 7 INFO neutron_taas.services.taas.tap_mirror_plugin [None req-ec7bacb8-e314-494c-a5ab-9eadaa7b963d ec522d54e4b149529f30dff086c2f180 24655991597444dfac0840b77025d649 - - default default] Tap Mirror: Handle Delete Port: 14264992-74e7-4f60-a2c1-07c9868a4b4b [pid: 8|app: 0|req: 810/1618] 10.0.0.36 () {34 vars in 766 bytes} [Tue Jul 14 10:05:24 2026] PUT /v2.0/security-groups/46ac045a-adc9-4be2-84cb-cf323a95b636/tags => generated 17 bytes in 92 msecs (HTTP/1.1 200) 4 headers in 156 bytes (1 switches on core 0) [pid: 8|app: 0|req: 811/1619] 10.0.0.36 () {34 vars in 766 bytes} [Tue Jul 14 10:05:24 2026] PUT /v2.0/security-groups/572bb758-158e-4468-af29-9da5c763263e/tags => generated 25 bytes in 69 msecs (HTTP/1.1 200) 4 headers in 156 bytes (1 switches on core 0) [pid: 8|app: 0|req: 812/1620] 10.0.0.36 () {34 vars in 766 bytes} [Tue Jul 14 10:05:24 2026] PUT /v2.0/security-groups/f74e85a2-e0d3-4620-9a35-cea0320c5831/tags => generated 34 bytes in 74 msecs (HTTP/1.1 200) 4 headers in 156 bytes (1 switches on core 0)
2026-07-14 10:05:24.943 7 INFO neutron.services.segments.plugin [-] Segment 4d1cb6bf-c1cd-4255-a222-5c9ceb531a65 resource provider aggregate not found
2026-07-14 10:05:24.946 7 INFO neutron.services.segments.plugin [-] Segment 4d1cb6bf-c1cd-4255-a222-5c9ceb531a65 resource provider aggregate not found
2026-07-14 10:05:24.962 7 INFO neutron.services.segments.plugin [-] Segment 4d1cb6bf-c1cd-4255-a222-5c9ceb531a65 resource provider not found; error: Placement Client Error (4xx): {"errors": [{"status": 404, "title": "Not Found", "detail": "The resource could not be found.\n\n No resource provider with uuid 4d1cb6bf-c1cd-4255-a222-5c9ceb531a65 found for delete ", "request_id": "req-311b717c-10ac-491d-af0c-e334e3f0259b"}]}
2026-07-14 10:05:24.968 7 INFO neutron.services.segments.plugin [-] Segment 4d1cb6bf-c1cd-4255-a222-5c9ceb531a65 resource provider not found; error: Placement Client Error (4xx): {"errors": [{"status": 404, "title": "Not Found", "detail": "The resource could not be found.\n\n No resource provider with uuid 4d1cb6bf-c1cd-4255-a222-5c9ceb531a65 found for delete ", "request_id": "req-bc08d2ba-b70d-400d-99e1-b29ab8433dab"}]} [pid: 8|app: 0|req: 813/1621] 10.0.0.36 () {34 vars in 766 bytes} [Tue Jul 14 10:05:24 2026] PUT /v2.0/security-groups/70f853d3-e6c3-499d-8ec5-0688fed897e2/tags => generated 19 bytes in 57 msecs (HTTP/1.1 200) 4 headers in 156 bytes (1 switches on core 0) [pid: 7|app: 0|req: 809/1622] 10.0.0.36 () {32 vars in 725 bytes} [Tue Jul 14 10:05:24 2026] DELETE /v2.0/networks/b78ee3d3-4a24-4206-888e-cfab4a8be0a2 => generated 0 bytes in 514 msecs (HTTP/1.1 204) 3 headers in 131 bytes (1 switches on core 0) [pid: 8|app: 0|req: 814/1623] 10.0.0.36 () {32 vars in 679 bytes} [Tue Jul 14 10:05:24 2026] GET /v2.0/security-groups?tags=red => generated 4804 bytes in 51 msecs (HTTP/1.1 200) 4 headers in 158 bytes (1 switches on core 0) [pid: 8|app: 0|req: 815/1624] 10.0.0.36 () {32 vars in 693 bytes} [Tue Jul 14 10:05:25 2026] GET /v2.0/security-groups?tags=red%2Cblue => generated 3218 bytes in 45 msecs (HTTP/1.1 200) 4 headers in 158 bytes (1 switches on core 0) [pid: 8|app: 0|req: 816/1625] 10.0.0.36 () {32 vars in 689 bytes} [Tue Jul 14 10:05:25 2026] GET /v2.0/security-groups?tags-any=blue => generated 3218 bytes in 43 msecs (HTTP/1.1 200) 4 headers in 158 bytes (1 switches on core 0) [pid: 8|app: 0|req: 817/1626] 10.0.0.36 () {32 vars in 701 bytes} [Tue Jul 14 10:05:25 2026] GET /v2.0/security-groups?tags-any=red%2Cblue => generated 4804 bytes in 45 msecs (HTTP/1.1 200) 4 headers in 158 bytes (1 switches on core 0) [pid: 8|app: 0|req: 818/1627] 10.0.0.36 () {32 vars in 687 bytes} [Tue Jul 14 10:05:25 2026] GET /v2.0/security-groups?not-tags=red => generated 6094 bytes in 48 msecs (HTTP/1.1 200) 4 headers in 158 bytes (1 switches on core 0)
2026-07-14 10:05:25.247 7 WARNING neutron.scheduler.dhcp_agent_scheduler [None req-1d145c6c-04f4-4ce2-85e4-221679d10e41 ec522d54e4b149529f30dff086c2f180 24655991597444dfac0840b77025d649 - - default default] No more DHCP agents
2026-07-14 10:05:25.249 7 WARNING neutron.api.rpc.agentnotifiers.dhcp_rpc_agent_api [None req-1d145c6c-04f4-4ce2-85e4-221679d10e41 ec522d54e4b149529f30dff086c2f180 24655991597444dfac0840b77025d649 - - default default] Unable to schedule network 7cecc943-dd6a-4ea9-a74f-74993daa6f7c: no agents available; will retry on subsequent port and subnet creation events. [pid: 8|app: 0|req: 819/1628] 10.0.0.36 () {32 vars in 701 bytes} [Tue Jul 14 10:05:25 2026] GET /v2.0/security-groups?not-tags=red%2Cblue => generated 7680 bytes in 67 msecs (HTTP/1.1 200) 4 headers in 158 bytes (1 switches on core 0)
2026-07-14 10:05:25.328 8 INFO neutron.plugins.ml2.drivers.ovn.mech_driver.mech_driver [None req-2ada821b-2617-40ef-9d89-3413eccc3266 - - - - - -] OVN reports status down for port: af044d71-7632-4144-b1b8-9a01b72ed1bd
2026-07-14 10:05:25.344 7 INFO neutron.db.ovn_revision_numbers_db [None req-1d145c6c-04f4-4ce2-85e4-221679d10e41 ec522d54e4b149529f30dff086c2f180 24655991597444dfac0840b77025d649 - - default default] Successfully bumped revision number for resource af044d71-7632-4144-b1b8-9a01b72ed1bd (type: ports) to 1 [pid: 8|app: 0|req: 820/1629] 10.0.0.36 () {32 vars in 697 bytes} [Tue Jul 14 10:05:25 2026] GET /v2.0/security-groups?not-tags-any=blue => generated 7680 bytes in 72 msecs (HTTP/1.1 200) 4 headers in 158 bytes (1 switches on core 0) [pid: 7|app: 0|req: 810/1630] 10.0.0.36 () {34 vars in 664 bytes} [Tue Jul 14 10:05:25 2026] POST /v2.0/ports => generated 775 bytes in 392 msecs (HTTP/1.1 201) 4 headers in 162 bytes (1 switches on core 0) /var/lib/openstack/lib/python3.12/site-packages/pycadf/identifier.py:70: UserWarning: Invalid uuid: neutron. To ensure interoperability, identifiers should be a valid uuid. warnings.warn(('Invalid uuid: %s. To ensure interoperability, ' [pid: 8|app: 0|req: 821/1631] 10.0.0.36 () {32 vars in 709 bytes} [Tue Jul 14 10:05:25 2026] GET /v2.0/security-groups?not-tags-any=red%2Cblue => generated 6094 bytes in 60 msecs (HTTP/1.1 200) 4 headers in 158 bytes (1 switches on core 0) [pid: 8|app: 0|req: 822/1632] 10.0.0.36 () {32 vars in 739 bytes} [Tue Jul 14 10:05:25 2026] DELETE /v2.0/security-groups/46ac045a-adc9-4be2-84cb-cf323a95b636 => generated 0 bytes in 177 msecs (HTTP/1.1 204) 2 headers in 112 bytes (1 switches on core 0)
2026-07-14 10:05:25.681 8 INFO neutron.plugins.ml2.drivers.ovn.mech_driver.mech_driver [None req-2ada821b-2617-40ef-9d89-3413eccc3266 - - - - - -] OVN reports status down for port: af044d71-7632-4144-b1b8-9a01b72ed1bd
2026-07-14 10:05:25.697 7 INFO neutron.db.ovn_revision_numbers_db [None req-27fc9c19-2158-443c-a014-d8e679831fe1 ec522d54e4b149529f30dff086c2f180 24655991597444dfac0840b77025d649 - - default default] Successfully bumped revision number for resource af044d71-7632-4144-b1b8-9a01b72ed1bd (type: ports) to 2 [pid: 7|app: 0|req: 811/1633] 10.0.0.36 () {34 vars in 736 bytes} [Tue Jul 14 10:05:25 2026] PUT /v2.0/ports/af044d71-7632-4144-b1b8-9a01b72ed1bd => generated 752 bytes in 309 msecs (HTTP/1.1 200) 4 headers in 157 bytes (1 switches on core 0) /var/lib/openstack/lib/python3.12/site-packages/pycadf/identifier.py:70: UserWarning: Invalid uuid: neutron. To ensure interoperability, identifiers should be a valid uuid. warnings.warn(('Invalid uuid: %s. To ensure interoperability, ' [pid: 8|app: 0|req: 823/1634] 10.0.0.36 () {32 vars in 739 bytes} [Tue Jul 14 10:05:25 2026] DELETE /v2.0/security-groups/572bb758-158e-4468-af29-9da5c763263e => generated 0 bytes in 210 msecs (HTTP/1.1 204) 2 headers in 112 bytes (1 switches on core 0)
2026-07-14 10:05:25.860 7 INFO neutron_taas.services.taas.taas_plugin [None req-e966a22b-2e77-42e0-9056-1502f3827b83 ec522d54e4b149529f30dff086c2f180 24655991597444dfac0840b77025d649 - - default default] TaaS: Handle Delete Port: af044d71-7632-4144-b1b8-9a01b72ed1bd
2026-07-14 10:05:25.864 7 INFO neutron_taas.services.taas.tap_mirror_plugin [None req-e966a22b-2e77-42e0-9056-1502f3827b83 ec522d54e4b149529f30dff086c2f180 24655991597444dfac0840b77025d649 - - default default] Tap Mirror: Handle Delete Port: af044d71-7632-4144-b1b8-9a01b72ed1bd [pid: 7|app: 0|req: 812/1635] 10.0.0.36 () {32 vars in 719 bytes} [Tue Jul 14 10:05:25 2026] DELETE /v2.0/ports/af044d71-7632-4144-b1b8-9a01b72ed1bd => generated 0 bytes in 282 msecs (HTTP/1.1 204) 3 headers in 131 bytes (1 switches on core 0) [pid: 7|app: 0|req: 813/1636] 10.0.0.36 () {32 vars in 739 bytes} [Tue Jul 14 10:05:26 2026] DELETE /v2.0/security-groups/f74e85a2-e0d3-4620-9a35-cea0320c5831 => generated 0 bytes in 150 msecs (HTTP/1.1 204) 2 headers in 112 bytes (1 switches on core 0) [pid: 7|app: 0|req: 814/1637] 10.0.0.36 () {32 vars in 642 bytes} [Tue Jul 14 10:05:26 2026] GET /v2.0/ports => generated 1534 bytes in 48 msecs (HTTP/1.1 200) 4 headers in 158 bytes (1 switches on core 0)
2026-07-14 10:05:26.221 8 INFO neutron.db.ovn_revision_numbers_db [None req-0eae7ad4-b2dd-4594-9b00-55f4dd2e430f 00213f1378f540579552b2612437ddd2 93dc26e9e50347caa3baa57b9dc3054d - - default default] Successfully bumped revision number for resource f70903d5-ac96-4dc3-b7bb-c2ec43b42efc (type: security_groups) to 1
2026-07-14 10:05:26.237 8 INFO neutron.db.ovn_revision_numbers_db [None req-0eae7ad4-b2dd-4594-9b00-55f4dd2e430f 00213f1378f540579552b2612437ddd2 93dc26e9e50347caa3baa57b9dc3054d - - default default] Successfully bumped revision number for resource 18204343-80ad-48f6-8c58-ce0564b7d3a6 (type: security_group_rules) to 0
2026-07-14 10:05:26.253 8 INFO neutron.db.ovn_revision_numbers_db [None req-0eae7ad4-b2dd-4594-9b00-55f4dd2e430f 00213f1378f540579552b2612437ddd2 93dc26e9e50347caa3baa57b9dc3054d - - default default] Successfully bumped revision number for resource 27e24d65-8eb9-4027-ba7c-a8de8afb710d (type: security_group_rules) to 0
2026-07-14 10:05:26.271 8 INFO neutron.db.ovn_revision_numbers_db [None req-0eae7ad4-b2dd-4594-9b00-55f4dd2e430f 00213f1378f540579552b2612437ddd2 93dc26e9e50347caa3baa57b9dc3054d - - default default] Successfully bumped revision number for resource 89773376-d5b0-4d20-ba44-6b51d286699c (type: security_group_rules) to 0
2026-07-14 10:05:26.283 8 INFO neutron.db.ovn_revision_numbers_db [None req-0eae7ad4-b2dd-4594-9b00-55f4dd2e430f 00213f1378f540579552b2612437ddd2 93dc26e9e50347caa3baa57b9dc3054d - - default default] Successfully bumped revision number for resource f8464177-0cb6-4cc6-9ed9-25572ff5170f (type: security_group_rules) to 0 [pid: 7|app: 0|req: 815/1638] 10.0.0.36 () {32 vars in 739 bytes} [Tue Jul 14 10:05:26 2026] DELETE /v2.0/security-groups/70f853d3-e6c3-499d-8ec5-0688fed897e2 => generated 0 bytes in 126 msecs (HTTP/1.1 204) 2 headers in 112 bytes (1 switches on core 0)
2026-07-14 10:05:26.345 7 INFO neutron.pecan_wsgi.hooks.translation [None req-a6be5b04-9f7b-4eee-b587-ac72b45e4d3b ec522d54e4b149529f30dff086c2f180 24655991597444dfac0840b77025d649 - - default default] GET failed (client error): The resource could not be found. [pid: 7|app: 0|req: 816/1639] 10.0.0.36 () {32 vars in 716 bytes} [Tue Jul 14 10:05:26 2026] GET /v2.0/ports/af044d71-7632-4144-b1b8-9a01b72ed1bd => generated 132 bytes in 17 msecs (HTTP/1.1 404) 4 headers in 164 bytes (1 switches on core 0)
2026-07-14 10:05:26.380 8 INFO neutron.db.segments_db [None req-0eae7ad4-b2dd-4594-9b00-55f4dd2e430f 00213f1378f540579552b2612437ddd2 93dc26e9e50347caa3baa57b9dc3054d - - default default] Added segment 0df94ea0-3cd1-4290-b519-d5e8972c8c6f of type geneve for network cd5388bf-818d-4504-ab61-5a1418264c49 [pid: 7|app: 0|req: 817/1640] 10.0.0.36 () {32 vars in 739 bytes} [Tue Jul 14 10:05:26 2026] DELETE /v2.0/security-groups/d0d5a6b1-8388-4c65-890e-4c479979a5cc => generated 0 bytes in 154 msecs (HTTP/1.1 204) 2 headers in 112 bytes (1 switches on core 0)
2026-07-14 10:05:26.519 8 INFO neutron.db.ovn_revision_numbers_db [None req-0eae7ad4-b2dd-4594-9b00-55f4dd2e430f 00213f1378f540579552b2612437ddd2 93dc26e9e50347caa3baa57b9dc3054d - - default default] Successfully bumped revision number for resource cd5388bf-818d-4504-ab61-5a1418264c49 (type: networks) to 1 [pid: 7|app: 0|req: 818/1641] 10.0.0.36 () {32 vars in 642 bytes} [Tue Jul 14 10:05:26 2026] GET /v2.0/ports => generated 1534 bytes in 35 msecs (HTTP/1.1 200) 4 headers in 158 bytes (1 switches on core 0) [pid: 7|app: 0|req: 819/1642] 10.0.0.36 () {32 vars in 716 bytes} [Tue Jul 14 10:05:26 2026] GET /v2.0/ports/e66e00bd-c57d-4e15-b23f-d5dde60d7045 => generated 775 bytes in 39 msecs (HTTP/1.1 200) 4 headers in 157 bytes (1 switches on core 0)
2026-07-14 10:05:26.609 7 INFO neutron.pecan_wsgi.hooks.translation [None req-d9a452f3-7452-4e01-9ecf-5488eab066b0 ec522d54e4b149529f30dff086c2f180 24655991597444dfac0840b77025d649 - - default default] DELETE failed (client error): The resource could not be found. [pid: 7|app: 0|req: 820/1643] 10.0.0.36 () {32 vars in 719 bytes} [Tue Jul 14 10:05:26 2026] DELETE /v2.0/ports/d41238c6-d774-43b9-af8b-089eb41beb0a => generated 132 bytes in 28 msecs (HTTP/1.1 404) 4 headers in 164 bytes (1 switches on core 0)
2026-07-14 10:05:26.638 7 INFO neutron.pecan_wsgi.hooks.translation [None req-195b96ae-b010-46b8-9879-b8aa51e96e17 ec522d54e4b149529f30dff086c2f180 24655991597444dfac0840b77025d649 - - default default] DELETE failed (client error): The resource could not be found. [pid: 7|app: 0|req: 821/1644] 10.0.0.36 () {32 vars in 723 bytes} [Tue Jul 14 10:05:26 2026] DELETE /v2.0/subnets/025aae82-d301-46dc-8f80-9966c37ac699 => generated 136 bytes in 18 msecs (HTTP/1.1 404) 4 headers in 164 bytes (1 switches on core 0)
2026-07-14 10:05:26.658 7 INFO neutron.pecan_wsgi.hooks.translation [None req-1eaaf80a-c414-4695-a5e9-fb28039c2ed7 ec522d54e4b149529f30dff086c2f180 24655991597444dfac0840b77025d649 - - default default] DELETE failed (client error): The resource could not be found. [pid: 7|app: 0|req: 822/1645] 10.0.0.36 () {32 vars in 723 bytes} [Tue Jul 14 10:05:26 2026] DELETE /v2.0/subnets/739d8671-2b61-4465-b6ec-a1e583995a9d => generated 136 bytes in 16 msecs (HTTP/1.1 404) 4 headers in 164 bytes (1 switches on core 0)
2026-07-14 10:05:26.712 8 WARNING neutron.scheduler.dhcp_agent_scheduler [None req-0eae7ad4-b2dd-4594-9b00-55f4dd2e430f 00213f1378f540579552b2612437ddd2 93dc26e9e50347caa3baa57b9dc3054d - - default default] No more DHCP agents
2026-07-14 10:05:26.713 8 WARNING neutron.api.rpc.agentnotifiers.dhcp_rpc_agent_api [None req-0eae7ad4-b2dd-4594-9b00-55f4dd2e430f 00213f1378f540579552b2612437ddd2 93dc26e9e50347caa3baa57b9dc3054d - - default default] Unable to schedule network cd5388bf-818d-4504-ab61-5a1418264c49: no agents available; will retry on subsequent port and subnet creation events. [pid: 7|app: 0|req: 823/1646] 10.0.0.158 () {34 vars in 990 bytes} [Tue Jul 14 10:05:26 2026] GET /v2.0/ports?device_id=3087c611-d906-4ef0-b377-9d972b6f42aa => generated 971 bytes in 81 msecs (HTTP/1.1 200) 4 headers in 157 bytes (1 switches on core 0)
2026-07-14 10:05:26.787 8 INFO neutron.plugins.ml2.drivers.ovn.mech_driver.mech_driver [None req-2ada821b-2617-40ef-9d89-3413eccc3266 - - - - - -] OVN reports status down for port: 6369368a-f63b-4df9-a03e-d44e5588cde2
2026-07-14 10:05:26.853 8 INFO neutron.db.ovn_revision_numbers_db [None req-0eae7ad4-b2dd-4594-9b00-55f4dd2e430f 00213f1378f540579552b2612437ddd2 93dc26e9e50347caa3baa57b9dc3054d - - default default] Successfully bumped revision number for resource 6369368a-f63b-4df9-a03e-d44e5588cde2 (type: ports) to 1
2026-07-14 10:05:26.909 7 INFO neutron_taas.services.taas.taas_plugin [None req-bc38d65f-fee1-4645-a72b-5fa48fdfc1d7 ec522d54e4b149529f30dff086c2f180 24655991597444dfac0840b77025d649 - - default default] TaaS: Handle Delete Port: e66e00bd-c57d-4e15-b23f-d5dde60d7045
2026-07-14 10:05:26.913 7 INFO neutron_taas.services.taas.tap_mirror_plugin [None req-bc38d65f-fee1-4645-a72b-5fa48fdfc1d7 ec522d54e4b149529f30dff086c2f180 24655991597444dfac0840b77025d649 - - default default] Tap Mirror: Handle Delete Port: e66e00bd-c57d-4e15-b23f-d5dde60d7045 [pid: 8|app: 0|req: 824/1647] 10.0.0.36 () {34 vars in 669 bytes} [Tue Jul 14 10:05:25 2026] POST /v2.0/networks => generated 669 bytes in 1078 msecs (HTTP/1.1 201) 4 headers in 162 bytes (1 switches on core 0) [pid: 8|app: 0|req: 825/1648] 10.0.0.158 () {34 vars in 1040 bytes} [Tue Jul 14 10:05:26 2026] GET /v2.0/security-groups?id=09684c70-d3e0-4a71-b92d-a8f0d3867442&fields=id&fields=name => generated 113 bytes in 33 msecs (HTTP/1.1 200) 4 headers in 157 bytes (1 switches on core 0) [pid: 7|app: 0|req: 824/1649] 10.0.0.36 () {32 vars in 719 bytes} [Tue Jul 14 10:05:26 2026] DELETE /v2.0/ports/e66e00bd-c57d-4e15-b23f-d5dde60d7045 => generated 0 bytes in 297 msecs (HTTP/1.1 204) 3 headers in 131 bytes (1 switches on core 0)
2026-07-14 10:05:27.160 7 INFO neutron_taas.services.taas.taas_plugin [None req-c39de2b5-6e35-4684-b761-9452d1a7d67b ec522d54e4b149529f30dff086c2f180 24655991597444dfac0840b77025d649 - - default default] TaaS: Handle Delete Port: df77b4be-4cb2-42ed-9f26-71c26b0dfa1d
2026-07-14 10:05:27.163 7 INFO neutron_taas.services.taas.tap_mirror_plugin [None req-c39de2b5-6e35-4684-b761-9452d1a7d67b ec522d54e4b149529f30dff086c2f180 24655991597444dfac0840b77025d649 - - default default] Tap Mirror: Handle Delete Port: df77b4be-4cb2-42ed-9f26-71c26b0dfa1d
2026-07-14 10:05:27.205 8 WARNING neutron.scheduler.dhcp_agent_scheduler [None req-1c3ecf93-6a13-4699-8690-1dcedd23c8e1 00213f1378f540579552b2612437ddd2 93dc26e9e50347caa3baa57b9dc3054d - - default default] No more DHCP agents
2026-07-14 10:05:27.206 8 WARNING neutron.api.rpc.agentnotifiers.dhcp_rpc_agent_api [None req-1c3ecf93-6a13-4699-8690-1dcedd23c8e1 00213f1378f540579552b2612437ddd2 93dc26e9e50347caa3baa57b9dc3054d - - default default] Unable to schedule network cd5388bf-818d-4504-ab61-5a1418264c49: no agents available; will retry on subsequent port and subnet creation events.
2026-07-14 10:05:27.229 8 INFO neutron.db.ovn_revision_numbers_db [None req-1c3ecf93-6a13-4699-8690-1dcedd23c8e1 00213f1378f540579552b2612437ddd2 93dc26e9e50347caa3baa57b9dc3054d - - default default] Successfully bumped revision number for resource 6f091daa-ce85-4e58-902a-94f5c9fb871e (type: subnets) to 0 [pid: 8|app: 0|req: 826/1650] 10.0.0.36 () {34 vars in 668 bytes} [Tue Jul 14 10:05:26 2026] POST /v2.0/subnets => generated 627 bytes in 294 msecs (HTTP/1.1 201) 4 headers in 162 bytes (1 switches on core 0)
2026-07-14 10:05:27.324 7 INFO neutron.services.segments.plugin [-] Segment cef87ad2-63ed-43ff-a327-7540c7b7e757 resource provider aggregate not found
2026-07-14 10:05:27.343 7 INFO neutron.services.segments.plugin [-] Segment cef87ad2-63ed-43ff-a327-7540c7b7e757 resource provider aggregate not found
2026-07-14 10:05:27.349 7 INFO neutron.services.segments.plugin [-] Segment cef87ad2-63ed-43ff-a327-7540c7b7e757 resource provider not found; error: Placement Client Error (4xx): {"errors": [{"status": 404, "title": "Not Found", "detail": "The resource could not be found.\n\n No resource provider with uuid cef87ad2-63ed-43ff-a327-7540c7b7e757 found for delete ", "request_id": "req-21f8af53-fa32-42a1-a03a-a3fb69614220"}]} [pid: 8|app: 0|req: 827/1651] 10.0.0.158 () {34 vars in 990 bytes} [Tue Jul 14 10:05:27 2026] GET /v2.0/ports?device_id=3087c611-d906-4ef0-b377-9d972b6f42aa => generated 971 bytes in 103 msecs (HTTP/1.1 200) 4 headers in 157 bytes (1 switches on core 0)
2026-07-14 10:05:27.368 7 INFO neutron.services.segments.plugin [-] Segment cef87ad2-63ed-43ff-a327-7540c7b7e757 resource provider not found; error: Placement Client Error (4xx): {"errors": [{"status": 404, "title": "Not Found", "detail": "The resource could not be found.\n\n No resource provider with uuid cef87ad2-63ed-43ff-a327-7540c7b7e757 found for delete ", "request_id": "req-28f335ae-5a02-43d6-8d81-d3e0c2a256c0"}]} [pid: 7|app: 0|req: 825/1652] 10.0.0.36 () {32 vars in 725 bytes} [Tue Jul 14 10:05:27 2026] DELETE /v2.0/networks/7cecc943-dd6a-4ea9-a74f-74993daa6f7c => generated 0 bytes in 345 msecs (HTTP/1.1 204) 3 headers in 131 bytes (1 switches on core 0) [pid: 7|app: 0|req: 826/1653] 10.0.0.158 () {34 vars in 1040 bytes} [Tue Jul 14 10:05:27 2026] GET /v2.0/security-groups?id=09684c70-d3e0-4a71-b92d-a8f0d3867442&fields=id&fields=name => generated 113 bytes in 32 msecs (HTTP/1.1 200) 4 headers in 157 bytes (1 switches on core 0)
2026-07-14 10:05:27.740 7 INFO neutron.db.ovn_revision_numbers_db [None req-24e93f82-e65c-48eb-84d7-2f9ae2e61d03 989d73619b9348b981b2d1b10c28ce09 96bcc965d0e64c8d9cde68dbcfe20158 - - default default] Successfully bumped revision number for resource 074861cc-c3c1-4534-b122-bb2785ed5898 (type: security_groups) to 1
2026-07-14 10:05:27.759 7 INFO neutron.db.ovn_revision_numbers_db [None req-24e93f82-e65c-48eb-84d7-2f9ae2e61d03 989d73619b9348b981b2d1b10c28ce09 96bcc965d0e64c8d9cde68dbcfe20158 - - default default] Successfully bumped revision number for resource 16c530fd-3ecd-4451-844a-b6cadf8c8ce1 (type: security_group_rules) to 0
2026-07-14 10:05:27.775 7 INFO neutron.db.ovn_revision_numbers_db [None req-24e93f82-e65c-48eb-84d7-2f9ae2e61d03 989d73619b9348b981b2d1b10c28ce09 96bcc965d0e64c8d9cde68dbcfe20158 - - default default] Successfully bumped revision number for resource 731217c9-0a8d-46a1-b936-4aa8c4f11040 (type: security_group_rules) to 0
2026-07-14 10:05:27.790 7 INFO neutron.db.ovn_revision_numbers_db [None req-24e93f82-e65c-48eb-84d7-2f9ae2e61d03 989d73619b9348b981b2d1b10c28ce09 96bcc965d0e64c8d9cde68dbcfe20158 - - default default] Successfully bumped revision number for resource a3de1d67-b328-4554-92ec-f15497626694 (type: security_group_rules) to 0
2026-07-14 10:05:27.807 7 INFO neutron.db.ovn_revision_numbers_db [None req-24e93f82-e65c-48eb-84d7-2f9ae2e61d03 989d73619b9348b981b2d1b10c28ce09 96bcc965d0e64c8d9cde68dbcfe20158 - - default default] Successfully bumped revision number for resource ce039074-9fe3-4d7b-a758-ad6a60601901 (type: security_group_rules) to 0 [pid: 7|app: 0|req: 827/1654] 10.0.0.36 () {32 vars in 773 bytes} [Tue Jul 14 10:05:27 2026] GET /v2.0/security-groups?tenant_id=218532943fd349728504e601cb8b2623&name=default => generated 2925 bytes in 431 msecs (HTTP/1.1 200) 4 headers in 158 bytes (1 switches on core 0)
2026-07-14 10:05:27.881 8 WARNING neutron.scheduler.dhcp_agent_scheduler [None req-683d92b1-8a97-4e55-846c-89396bd77174 00213f1378f540579552b2612437ddd2 93dc26e9e50347caa3baa57b9dc3054d - - default default] No more DHCP agents
2026-07-14 10:05:27.886 8 WARNING neutron.api.rpc.agentnotifiers.dhcp_rpc_agent_api [None req-683d92b1-8a97-4e55-846c-89396bd77174 00213f1378f540579552b2612437ddd2 93dc26e9e50347caa3baa57b9dc3054d - - default default] Unable to schedule network 4a6370d9-a6bd-4fe8-9ad1-0bfe87b43b6a: no agents available; will retry on subsequent port and subnet creation events.
2026-07-14 10:05:27.998 7 INFO neutron.plugins.ml2.drivers.ovn.mech_driver.mech_driver [None req-ea93c817-d65e-4fab-958d-fdcb7e268e91 - - - - - -] OVN reports status down for port: 7b5b656e-01fd-49d4-9029-af6277154f4e
2026-07-14 10:05:28.037 8 INFO neutron.db.ovn_revision_numbers_db [None req-683d92b1-8a97-4e55-846c-89396bd77174 00213f1378f540579552b2612437ddd2 93dc26e9e50347caa3baa57b9dc3054d - - default default] Successfully bumped revision number for resource 7b5b656e-01fd-49d4-9029-af6277154f4e (type: ports) to 1 [pid: 7|app: 0|req: 828/1655] 10.0.0.36 () {32 vars in 739 bytes} [Tue Jul 14 10:05:27 2026] DELETE /v2.0/security-groups/074861cc-c3c1-4534-b122-bb2785ed5898 => generated 0 bytes in 329 msecs (HTTP/1.1 204) 2 headers in 112 bytes (1 switches on core 0)
2026-07-14 10:05:28.216 8 INFO neutron.plugins.ml2.drivers.ovn.mech_driver.mech_driver [None req-2ada821b-2617-40ef-9d89-3413eccc3266 - - - - - -] OVN reports status down for port: 9d83ad68-092a-488e-abb2-fc06da44ab99 [pid: 7|app: 0|req: 829/1656] 10.0.0.36 () {32 vars in 773 bytes} [Tue Jul 14 10:05:28 2026] GET /v2.0/security-groups?tenant_id=24655991597444dfac0840b77025d649&name=default => generated 2925 bytes in 299 msecs (HTTP/1.1 200) 4 headers in 158 bytes (1 switches on core 0)
2026-07-14 10:05:28.524 8 INFO neutron.notifiers.nova [-] Nova event matching ['req-0fc50ded-45cf-473e-be28-441052c74f99'] response: {'server_uuid': '3087c611-d906-4ef0-b377-9d972b6f42aa', 'name': 'network-vif-unplugged', 'status': 'completed', 'tag': '9d83ad68-092a-488e-abb2-fc06da44ab99', 'code': 200}
2026-07-14 10:05:28.620 7 INFO neutron.db.ovn_revision_numbers_db [None req-a5b7656e-02c9-4051-b3ce-d9f704bf450c 989d73619b9348b981b2d1b10c28ce09 96bcc965d0e64c8d9cde68dbcfe20158 - - default default] Successfully bumped revision number for resource 1c75c621-304d-4902-b29c-a7c7a1f61f47 (type: security_groups) to 1
2026-07-14 10:05:28.634 7 INFO neutron.db.ovn_revision_numbers_db [None req-a5b7656e-02c9-4051-b3ce-d9f704bf450c 989d73619b9348b981b2d1b10c28ce09 96bcc965d0e64c8d9cde68dbcfe20158 - - default default] Successfully bumped revision number for resource 12b2cd78-4025-48c0-b0cd-1bcb8b9ee41d (type: security_group_rules) to 0
2026-07-14 10:05:28.651 7 INFO neutron.db.ovn_revision_numbers_db [None req-a5b7656e-02c9-4051-b3ce-d9f704bf450c 989d73619b9348b981b2d1b10c28ce09 96bcc965d0e64c8d9cde68dbcfe20158 - - default default] Successfully bumped revision number for resource a404bdbb-5673-4007-bf29-c01a31a0d846 (type: security_group_rules) to 0
2026-07-14 10:05:28.665 7 INFO neutron.db.ovn_revision_numbers_db [None req-a5b7656e-02c9-4051-b3ce-d9f704bf450c 989d73619b9348b981b2d1b10c28ce09 96bcc965d0e64c8d9cde68dbcfe20158 - - default default] Successfully bumped revision number for resource b3c1de12-c180-428c-9ec5-0ea21c6e2993 (type: security_group_rules) to 0
2026-07-14 10:05:28.687 7 INFO neutron.db.ovn_revision_numbers_db [None req-a5b7656e-02c9-4051-b3ce-d9f704bf450c 989d73619b9348b981b2d1b10c28ce09 96bcc965d0e64c8d9cde68dbcfe20158 - - default default] Successfully bumped revision number for resource ff488a2c-c1a3-475c-b431-3f9ab4c03583 (type: security_group_rules) to 0 [pid: 7|app: 0|req: 830/1657] 10.0.0.36 () {32 vars in 773 bytes} [Tue Jul 14 10:05:28 2026] GET /v2.0/security-groups?tenant_id=348a027041cd49868ce44875ef73bf80&name=default => generated 2925 bytes in 238 msecs (HTTP/1.1 200) 4 headers in 158 bytes (1 switches on core 0)
2026-07-14 10:05:28.783 8 INFO neutron.db.ovn_revision_numbers_db [None req-2ada821b-2617-40ef-9d89-3413eccc3266 - - - - - -] Successfully bumped revision number for resource 9d83ad68-092a-488e-abb2-fc06da44ab99 (type: ports) to 8 [pid: 7|app: 0|req: 831/1658] 10.0.0.36 () {32 vars in 739 bytes} [Tue Jul 14 10:05:28 2026] DELETE /v2.0/security-groups/cb98cfca-a754-4ab6-91e5-a88ba48bdf58 => generated 0 bytes in 292 msecs (HTTP/1.1 204) 2 headers in 112 bytes (1 switches on core 0) [pid: 7|app: 0|req: 832/1659] 10.0.0.158 () {34 vars in 990 bytes} [Tue Jul 14 10:05:29 2026] GET /v2.0/ports?device_id=3087c611-d906-4ef0-b377-9d972b6f42aa => generated 969 bytes in 35 msecs (HTTP/1.1 200) 4 headers in 157 bytes (1 switches on core 0)
2026-07-14 10:05:29.075 8 INFO neutron.plugins.ml2.drivers.ovn.mech_driver.ovsdb.commands [None req-9cf0470a-b10a-4859-bc58-fef148e59576 - - - - - -] Schedule LRP lrp-7b5b656e-01fd-49d4-9029-af6277154f4e on gateway 043548b2-affb-419f-9b82-4da68f59d191 with priority 1
2026-07-14 10:05:29.140 8 INFO neutron.db.ovn_revision_numbers_db [None req-683d92b1-8a97-4e55-846c-89396bd77174 00213f1378f540579552b2612437ddd2 93dc26e9e50347caa3baa57b9dc3054d - - default default] Successfully bumped revision number for resource 7b5b656e-01fd-49d4-9029-af6277154f4e (type: router_ports) to 1
2026-07-14 10:05:29.142 7 INFO neutron.plugins.ml2.drivers.ovn.mech_driver.mech_driver [None req-ea93c817-d65e-4fab-958d-fdcb7e268e91 - - - - - -] OVN reports status up for port: 7b5b656e-01fd-49d4-9029-af6277154f4e
2026-07-14 10:05:29.165 7 INFO neutron.plugins.ml2.plugin [None req-ea93c817-d65e-4fab-958d-fdcb7e268e91 - - - - - -] Attempt 1 to provision port 7b5b656e-01fd-49d4-9029-af6277154f4e
2026-07-14 10:05:29.233 8 INFO neutron.db.ovn_revision_numbers_db [None req-683d92b1-8a97-4e55-846c-89396bd77174 00213f1378f540579552b2612437ddd2 93dc26e9e50347caa3baa57b9dc3054d - - default default] Successfully bumped revision number for resource cc9406c2-b4ec-4eec-a0a1-dbdaffd39549 (type: routers) to 2 [pid: 8|app: 0|req: 828/1660] 10.0.0.36 () {34 vars in 668 bytes} [Tue Jul 14 10:05:27 2026] POST /v2.0/routers => generated 955 bytes in 1891 msecs (HTTP/1.1 201) 4 headers in 162 bytes (1 switches on core 0) /var/lib/openstack/lib/python3.12/site-packages/pycadf/identifier.py:70: UserWarning: Invalid uuid: neutron. To ensure interoperability, identifiers should be a valid uuid. warnings.warn(('Invalid uuid: %s. To ensure interoperability, ' [pid: 8|app: 0|req: 829/1661] 10.0.0.158 () {34 vars in 1040 bytes} [Tue Jul 14 10:05:29 2026] GET /v2.0/security-groups?id=09684c70-d3e0-4a71-b92d-a8f0d3867442&fields=id&fields=name => generated 113 bytes in 44 msecs (HTTP/1.1 200) 4 headers in 157 bytes (1 switches on core 0) [pid: 7|app: 0|req: 833/1662] 10.0.0.36 () {32 vars in 739 bytes} [Tue Jul 14 10:05:29 2026] DELETE /v2.0/security-groups/1c75c621-304d-4902-b29c-a7c7a1f61f47 => generated 0 bytes in 362 msecs (HTTP/1.1 204) 2 headers in 112 bytes (1 switches on core 0) [pid: 7|app: 0|req: 834/1663] 199.19.213.62 () {34 vars in 993 bytes} [Tue Jul 14 10:05:29 2026] GET /v2.0/ports?device_id=3087c611-d906-4ef0-b377-9d972b6f42aa => generated 969 bytes in 47 msecs (HTTP/1.1 200) 4 headers in 157 bytes (1 switches on core 0)
2026-07-14 10:05:29.633 7 INFO neutron_taas.services.taas.taas_plugin [req-1fe58f09-32aa-432e-89b4-4f947a0816a9 req-f4c1e6c6-ccea-4e57-97ba-f36b6e6700ff 1ab506c5c1264f7eaae2b915ff76f984 c965b781b1d44aafaae7ff3827160230 - - default default] TaaS: Handle Delete Port: 9d83ad68-092a-488e-abb2-fc06da44ab99
2026-07-14 10:05:29.636 7 INFO neutron_taas.services.taas.tap_mirror_plugin [req-1fe58f09-32aa-432e-89b4-4f947a0816a9 req-f4c1e6c6-ccea-4e57-97ba-f36b6e6700ff 1ab506c5c1264f7eaae2b915ff76f984 c965b781b1d44aafaae7ff3827160230 - - default default] Tap Mirror: Handle Delete Port: 9d83ad68-092a-488e-abb2-fc06da44ab99
2026-07-14 10:05:29.849 7 INFO neutron.db.l3_db [req-1fe58f09-32aa-432e-89b4-4f947a0816a9 req-f4c1e6c6-ccea-4e57-97ba-f36b6e6700ff 1ab506c5c1264f7eaae2b915ff76f984 c965b781b1d44aafaae7ff3827160230 - - default default] Floating IP e5073bc4-6283-424c-a78e-f9b1fbf4b2dc disassociated. External IP: 10.96.250.217, port: 9d83ad68-092a-488e-abb2-fc06da44ab99.
2026-07-14 10:05:29.920 8 WARNING neutron.scheduler.dhcp_agent_scheduler [None req-ce608890-ea41-42d0-9022-4094fe49203a 00213f1378f540579552b2612437ddd2 93dc26e9e50347caa3baa57b9dc3054d - - default default] No more DHCP agents
2026-07-14 10:05:29.922 8 WARNING neutron.api.rpc.agentnotifiers.dhcp_rpc_agent_api [None req-ce608890-ea41-42d0-9022-4094fe49203a 00213f1378f540579552b2612437ddd2 93dc26e9e50347caa3baa57b9dc3054d - - default default] Unable to schedule network cd5388bf-818d-4504-ab61-5a1418264c49: no agents available; will retry on subsequent port and subnet creation events. [pid: 7|app: 0|req: 835/1664] 199.19.213.62 () {36 vars in 996 bytes} [Tue Jul 14 10:05:29 2026] DELETE /v2.0/ports/9d83ad68-092a-488e-abb2-fc06da44ab99 => generated 0 bytes in 513 msecs (HTTP/1.1 204) 3 headers in 131 bytes (1 switches on core 0) [pid: 7|app: 0|req: 836/1665] 10.0.0.36 () {32 vars in 773 bytes} [Tue Jul 14 10:05:29 2026] GET /v2.0/security-groups?tenant_id=1f7060d964854c59bb5abf2a6a2bf1c0&name=default => generated 2925 bytes in 35 msecs (HTTP/1.1 200) 4 headers in 158 bytes (1 switches on core 0)
2026-07-14 10:05:30.041 7 INFO neutron.notifiers.nova [-] Nova event matching ['req-8b3818e6-c016-40dd-96f0-63a3f0a9015e'] response: {'server_uuid': '3087c611-d906-4ef0-b377-9d972b6f42aa', 'name': 'network-vif-deleted', 'tag': '9d83ad68-092a-488e-abb2-fc06da44ab99', 'status': 'completed', 'code': 200}
2026-07-14 10:05:30.103 8 INFO neutron.db.ovn_revision_numbers_db [None req-ce608890-ea41-42d0-9022-4094fe49203a 00213f1378f540579552b2612437ddd2 93dc26e9e50347caa3baa57b9dc3054d - - default default] Successfully bumped revision number for resource 1c9e35ee-b0b2-4da8-bbed-ea39ea6ca1fc (type: ports) to 1 [pid: 7|app: 0|req: 837/1666] 10.0.0.36 () {32 vars in 739 bytes} [Tue Jul 14 10:05:30 2026] DELETE /v2.0/security-groups/08aa2870-a522-4aed-b862-c3f028c73c67 => generated 0 bytes in 326 msecs (HTTP/1.1 204) 2 headers in 112 bytes (1 switches on core 0) [pid: 7|app: 0|req: 838/1667] 10.0.0.158 () {34 vars in 990 bytes} [Tue Jul 14 10:05:30 2026] GET /v2.0/ports?device_id=3087c611-d906-4ef0-b377-9d972b6f42aa => generated 12 bytes in 26 msecs (HTTP/1.1 200) 4 headers in 156 bytes (1 switches on core 0)
2026-07-14 10:05:30.577 8 INFO neutron.notifiers.nova [-] Nova event matching ['req-53f4c711-4be6-4a34-9aa5-956e89601e40'] response: {'server_uuid': '3087c611-d906-4ef0-b377-9d972b6f42aa', 'name': 'network-vif-unplugged', 'status': 'completed', 'tag': '9d83ad68-092a-488e-abb2-fc06da44ab99', 'code': 200}
2026-07-14 10:05:30.949 8 WARNING neutron.scheduler.dhcp_agent_scheduler [None req-ce608890-ea41-42d0-9022-4094fe49203a 00213f1378f540579552b2612437ddd2 93dc26e9e50347caa3baa57b9dc3054d - - default default] No more DHCP agents
2026-07-14 10:05:30.950 8 WARNING neutron.api.rpc.agentnotifiers.dhcp_rpc_agent_api [None req-ce608890-ea41-42d0-9022-4094fe49203a 00213f1378f540579552b2612437ddd2 93dc26e9e50347caa3baa57b9dc3054d - - default default] Unable to schedule network cd5388bf-818d-4504-ab61-5a1418264c49: no agents available; will retry on subsequent port and subnet creation events.
2026-07-14 10:05:31.297 7 INFO neutron.db.ovn_revision_numbers_db [None req-7dec9ca4-fbc8-4f7c-a947-c780b0d18943 fe37b89ba426497fac3cc60612239830 0745e31f141742369bc38042be4863c9 - - default default] Successfully bumped revision number for resource 0131a96c-03f4-4376-bd26-e4027bce910c (type: security_groups) to 1
2026-07-14 10:05:31.317 7 INFO neutron.db.ovn_revision_numbers_db [None req-7dec9ca4-fbc8-4f7c-a947-c780b0d18943 fe37b89ba426497fac3cc60612239830 0745e31f141742369bc38042be4863c9 - - default default] Successfully bumped revision number for resource 51c18a08-9b50-4660-9107-764b204d48af (type: security_group_rules) to 0
2026-07-14 10:05:31.332 7 INFO neutron.db.ovn_revision_numbers_db [None req-7dec9ca4-fbc8-4f7c-a947-c780b0d18943 fe37b89ba426497fac3cc60612239830 0745e31f141742369bc38042be4863c9 - - default default] Successfully bumped revision number for resource 9b744b36-fdeb-4a66-a4d0-f15ec92560e0 (type: security_group_rules) to 0
2026-07-14 10:05:31.368 7 INFO neutron.db.ovn_revision_numbers_db [None req-7dec9ca4-fbc8-4f7c-a947-c780b0d18943 fe37b89ba426497fac3cc60612239830 0745e31f141742369bc38042be4863c9 - - default default] Successfully bumped revision number for resource a2aa757f-e953-4310-b532-7e22af12930e (type: security_group_rules) to 0
2026-07-14 10:05:31.401 8 INFO neutron.db.ovn_revision_numbers_db [None req-ce608890-ea41-42d0-9022-4094fe49203a 00213f1378f540579552b2612437ddd2 93dc26e9e50347caa3baa57b9dc3054d - - default default] Successfully bumped revision number for resource 1c9e35ee-b0b2-4da8-bbed-ea39ea6ca1fc (type: router_ports) to 1
2026-07-14 10:05:31.405 7 INFO neutron.db.ovn_revision_numbers_db [None req-7dec9ca4-fbc8-4f7c-a947-c780b0d18943 fe37b89ba426497fac3cc60612239830 0745e31f141742369bc38042be4863c9 - - default default] Successfully bumped revision number for resource de0786ad-9e09-48b3-b331-55f3535884a4 (type: security_group_rules) to 0 [pid: 8|app: 0|req: 830/1668] 10.0.0.36 () {34 vars in 782 bytes} [Tue Jul 14 10:05:29 2026] PUT /v2.0/routers/cc9406c2-b4ec-4eec-a0a1-dbdaffd39549/add_router_interface => generated 309 bytes in 2113 msecs (HTTP/1.1 200) 4 headers in 157 bytes (1 switches on core 0) /var/lib/openstack/lib/python3.12/site-packages/pycadf/identifier.py:70: UserWarning: Invalid uuid: neutron. To ensure interoperability, identifiers should be a valid uuid. warnings.warn(('Invalid uuid: %s. To ensure interoperability, '
2026-07-14 10:05:31.579 7 INFO neutron.db.ovn_revision_numbers_db [None req-7dec9ca4-fbc8-4f7c-a947-c780b0d18943 fe37b89ba426497fac3cc60612239830 0745e31f141742369bc38042be4863c9 - - default default] Successfully bumped revision number for resource 043cacf0-df24-4cfd-a546-00b20d9a9bfd (type: security_groups) to 1
2026-07-14 10:05:31.593 7 INFO neutron.db.ovn_revision_numbers_db [None req-7dec9ca4-fbc8-4f7c-a947-c780b0d18943 fe37b89ba426497fac3cc60612239830 0745e31f141742369bc38042be4863c9 - - default default] Successfully bumped revision number for resource 2dcf9947-b681-4796-b9fc-7514b09caefb (type: security_group_rules) to 0
2026-07-14 10:05:31.605 7 INFO neutron.db.ovn_revision_numbers_db [None req-7dec9ca4-fbc8-4f7c-a947-c780b0d18943 fe37b89ba426497fac3cc60612239830 0745e31f141742369bc38042be4863c9 - - default default] Successfully bumped revision number for resource f88a7ddb-9af0-4602-b143-2de28bbcb5b6 (type: security_group_rules) to 0
2026-07-14 10:05:31.665 8 WARNING neutron.scheduler.dhcp_agent_scheduler [None req-92bac74a-e1ec-497f-b00f-535834d0027e 00213f1378f540579552b2612437ddd2 93dc26e9e50347caa3baa57b9dc3054d - - default default] No more DHCP agents
2026-07-14 10:05:31.667 8 WARNING neutron.api.rpc.agentnotifiers.dhcp_rpc_agent_api [None req-92bac74a-e1ec-497f-b00f-535834d0027e 00213f1378f540579552b2612437ddd2 93dc26e9e50347caa3baa57b9dc3054d - - default default] Unable to schedule network cd5388bf-818d-4504-ab61-5a1418264c49: no agents available; will retry on subsequent port and subnet creation events. [pid: 7|app: 0|req: 839/1669] 10.0.0.36 () {34 vars in 683 bytes} [Tue Jul 14 10:05:31 2026] POST /v2.0/security-groups => generated 1623 bytes in 657 msecs (HTTP/1.1 201) 4 headers in 163 bytes (1 switches on core 0) [pid: 7|app: 0|req: 840/1670] 10.0.0.158 () {34 vars in 990 bytes} [Tue Jul 14 10:05:31 2026] GET /v2.0/ports?device_id=3087c611-d906-4ef0-b377-9d972b6f42aa => generated 12 bytes in 21 msecs (HTTP/1.1 200) 4 headers in 156 bytes (1 switches on core 0) [pid: 7|app: 0|req: 841/1671] 10.0.0.36 () {32 vars in 662 bytes} [Tue Jul 14 10:05:31 2026] GET /v2.0/security-groups => generated 4528 bytes in 54 msecs (HTTP/1.1 200) 4 headers in 158 bytes (1 switches on core 0)
2026-07-14 10:05:31.809 8 INFO neutron.plugins.ml2.drivers.ovn.mech_driver.mech_driver [None req-044b108f-500e-4d7a-a080-bfa4a1d059cf - - - - - -] OVN reports status down for port: 1d15bac2-3857-463f-abad-05766c358e03
2026-07-14 10:05:31.890 8 INFO neutron.db.ovn_revision_numbers_db [None req-92bac74a-e1ec-497f-b00f-535834d0027e 00213f1378f540579552b2612437ddd2 93dc26e9e50347caa3baa57b9dc3054d - - default default] Successfully bumped revision number for resource 1d15bac2-3857-463f-abad-05766c358e03 (type: ports) to 1
