2026-07-14 10:05:09.150 8 INFO neutron.db.ovn_revision_numbers_db [None req-b3824a9a-31f8-4fcc-9a97-67ee44e36d25 989d73619b9348b981b2d1b10c28ce09 96bcc965d0e64c8d9cde68dbcfe20158 - - default default] Successfully bumped revision number for resource e698ee63-4ddd-4711-afef-997a71128f08 (type: security_group_rules) to 0 [pid: 8|app: 0|req: 774/1551] 10.0.0.36 () {32 vars in 773 bytes} [Tue Jul 14 10:05:08 2026] GET /v2.0/security-groups?tenant_id=b6d6f16dc83e4762bbb79a39e61ef30f&name=default => generated 2925 bytes in 538 msecs (HTTP/1.1 200) 4 headers in 158 bytes (1 switches on core 0)
2026-07-14 10:05:09.294 7 INFO neutron.db.ovn_revision_numbers_db [None req-74ddddf3-ff74-4673-bf6b-f3395f92d0d3 f5cc9ffa3d8043ceaba06704d694ad4b 1a4eec7b32d94d6285373b89d9e27db7 - - default default] Successfully bumped revision number for resource 9c5e3980-d922-47bc-8c7a-6dfb3161da19 (type: networks) to 1
2026-07-14 10:05:09.469 8 INFO neutron.notifiers.nova [-] Nova event matching ['req-f0eeb45f-bf09-4f4c-9e0a-4169e1213886'] response: {'server_uuid': '3087c611-d906-4ef0-b377-9d972b6f42aa', 'name': 'network-vif-plugged', 'status': 'completed', 'tag': '9d83ad68-092a-488e-abb2-fc06da44ab99', 'code': 200}
2026-07-14 10:05:09.469 8 INFO neutron.notifiers.nova [-] Nova event matching ['req-f0eeb45f-bf09-4f4c-9e0a-4169e1213886'] response: {'server_uuid': '3087c611-d906-4ef0-b377-9d972b6f42aa', 'name': 'network-vif-plugged', 'status': 'completed', 'tag': '9d83ad68-092a-488e-abb2-fc06da44ab99', 'code': 200} [pid: 8|app: 0|req: 775/1552] 10.0.0.36 () {32 vars in 739 bytes} [Tue Jul 14 10:05:09 2026] DELETE /v2.0/security-groups/d29545d7-57a2-4d15-a883-472b6732244a => generated 0 bytes in 276 msecs (HTTP/1.1 204) 2 headers in 112 bytes (1 switches on core 0)
2026-07-14 10:05:09.531 7 WARNING neutron.scheduler.dhcp_agent_scheduler [None req-74ddddf3-ff74-4673-bf6b-f3395f92d0d3 f5cc9ffa3d8043ceaba06704d694ad4b 1a4eec7b32d94d6285373b89d9e27db7 - - default default] No more DHCP agents
2026-07-14 10:05:09.533 7 WARNING neutron.api.rpc.agentnotifiers.dhcp_rpc_agent_api [None req-74ddddf3-ff74-4673-bf6b-f3395f92d0d3 f5cc9ffa3d8043ceaba06704d694ad4b 1a4eec7b32d94d6285373b89d9e27db7 - - default default] Unable to schedule network 9c5e3980-d922-47bc-8c7a-6dfb3161da19: no agents available; will retry on subsequent port and subnet creation events.
2026-07-14 10:05:09.575 8 INFO neutron.plugins.ml2.drivers.ovn.mech_driver.mech_driver [None req-2ada821b-2617-40ef-9d89-3413eccc3266 - - - - - -] OVN reports status down for port: d330feb7-253a-4505-9307-587dcc5ef1eb
2026-07-14 10:05:09.627 7 INFO neutron.db.ovn_revision_numbers_db [None req-74ddddf3-ff74-4673-bf6b-f3395f92d0d3 f5cc9ffa3d8043ceaba06704d694ad4b 1a4eec7b32d94d6285373b89d9e27db7 - - default default] Successfully bumped revision number for resource d330feb7-253a-4505-9307-587dcc5ef1eb (type: ports) to 1 [pid: 7|app: 0|req: 778/1553] 10.0.0.36 () {34 vars in 669 bytes} [Tue Jul 14 10:05:08 2026] POST /v2.0/networks => generated 668 bytes in 680 msecs (HTTP/1.1 201) 4 headers in 162 bytes (1 switches on core 0) [pid: 7|app: 0|req: 779/1554] 10.0.0.158 () {34 vars in 990 bytes} [Tue Jul 14 10:05:09 2026] GET /v2.0/ports?device_id=3087c611-d906-4ef0-b377-9d972b6f42aa => generated 971 bytes in 36 msecs (HTTP/1.1 200) 4 headers in 157 bytes (1 switches on core 0)
2026-07-14 10:05:09.770 7 INFO neutron.db.segments_db [None req-8557cae6-278a-420e-abe1-207f77703718 f5cc9ffa3d8043ceaba06704d694ad4b 1a4eec7b32d94d6285373b89d9e27db7 - - default default] Added segment f9669707-aa98-41d2-964b-45fe3064a613 of type geneve for network 7b62c918-7d1d-441d-9b32-9633a48d7549
2026-07-14 10:05:09.820 8 INFO neutron.db.ovn_revision_numbers_db [None req-f270a621-6664-47e0-81ae-7aa195b3fcd5 989d73619b9348b981b2d1b10c28ce09 96bcc965d0e64c8d9cde68dbcfe20158 - - default default] Successfully bumped revision number for resource 2bb51055-ceb0-4a79-84a8-857b70659921 (type: security_groups) to 1
2026-07-14 10:05:09.833 8 INFO neutron.db.ovn_revision_numbers_db [None req-f270a621-6664-47e0-81ae-7aa195b3fcd5 989d73619b9348b981b2d1b10c28ce09 96bcc965d0e64c8d9cde68dbcfe20158 - - default default] Successfully bumped revision number for resource 0fad20ec-ce80-472f-8725-b13d76c2df4e (type: security_group_rules) to 0
2026-07-14 10:05:09.846 8 INFO neutron.db.ovn_revision_numbers_db [None req-f270a621-6664-47e0-81ae-7aa195b3fcd5 989d73619b9348b981b2d1b10c28ce09 96bcc965d0e64c8d9cde68dbcfe20158 - - default default] Successfully bumped revision number for resource 375bc6a1-3d5a-447e-8358-7ecfd02e8f39 (type: security_group_rules) to 0
2026-07-14 10:05:09.862 8 INFO neutron.db.ovn_revision_numbers_db [None req-f270a621-6664-47e0-81ae-7aa195b3fcd5 989d73619b9348b981b2d1b10c28ce09 96bcc965d0e64c8d9cde68dbcfe20158 - - default default] Successfully bumped revision number for resource 7457e66a-76fa-49cf-a29e-4b7ba03789d7 (type: security_group_rules) to 0
2026-07-14 10:05:09.886 8 INFO neutron.db.ovn_revision_numbers_db [None req-f270a621-6664-47e0-81ae-7aa195b3fcd5 989d73619b9348b981b2d1b10c28ce09 96bcc965d0e64c8d9cde68dbcfe20158 - - default default] Successfully bumped revision number for resource a965f11d-4601-4624-ac19-e72c81c52b2c (type: security_group_rules) to 0
2026-07-14 10:05:09.909 7 INFO neutron.db.ovn_revision_numbers_db [None req-8557cae6-278a-420e-abe1-207f77703718 f5cc9ffa3d8043ceaba06704d694ad4b 1a4eec7b32d94d6285373b89d9e27db7 - - default default] Successfully bumped revision number for resource 7b62c918-7d1d-441d-9b32-9633a48d7549 (type: networks) to 1 [pid: 8|app: 0|req: 776/1555] 10.0.0.36 () {32 vars in 773 bytes} [Tue Jul 14 10:05:09 2026] GET /v2.0/security-groups?tenant_id=5584a0e30d624ad5a6b31677cc9bb60b&name=default => generated 2925 bytes in 330 msecs (HTTP/1.1 200) 4 headers in 158 bytes (1 switches on core 0) [pid: 8|app: 0|req: 777/1556] 10.0.0.158 () {34 vars in 1040 bytes} [Tue Jul 14 10:05:09 2026] GET /v2.0/security-groups?id=09684c70-d3e0-4a71-b92d-a8f0d3867442&fields=id&fields=name => generated 113 bytes in 28 msecs (HTTP/1.1 200) 4 headers in 157 bytes (1 switches on core 0)
2026-07-14 10:05:10.142 7 WARNING neutron.scheduler.dhcp_agent_scheduler [None req-8557cae6-278a-420e-abe1-207f77703718 f5cc9ffa3d8043ceaba06704d694ad4b 1a4eec7b32d94d6285373b89d9e27db7 - - default default] No more DHCP agents
2026-07-14 10:05:10.144 7 WARNING neutron.api.rpc.agentnotifiers.dhcp_rpc_agent_api [None req-8557cae6-278a-420e-abe1-207f77703718 f5cc9ffa3d8043ceaba06704d694ad4b 1a4eec7b32d94d6285373b89d9e27db7 - - default default] Unable to schedule network 7b62c918-7d1d-441d-9b32-9633a48d7549: no agents available; will retry on subsequent port and subnet creation events.
2026-07-14 10:05:10.191 7 INFO neutron.plugins.ml2.drivers.ovn.mech_driver.mech_driver [None req-ea93c817-d65e-4fab-958d-fdcb7e268e91 - - - - - -] OVN reports status down for port: dad4a1ea-789f-4286-9d96-b9106f5b4b34 [pid: 8|app: 0|req: 778/1557] 10.0.0.36 () {32 vars in 739 bytes} [Tue Jul 14 10:05:09 2026] DELETE /v2.0/security-groups/2bb51055-ceb0-4a79-84a8-857b70659921 => generated 0 bytes in 289 msecs (HTTP/1.1 204) 2 headers in 112 bytes (1 switches on core 0)
2026-07-14 10:05:10.273 7 INFO neutron.db.ovn_revision_numbers_db [None req-8557cae6-278a-420e-abe1-207f77703718 f5cc9ffa3d8043ceaba06704d694ad4b 1a4eec7b32d94d6285373b89d9e27db7 - - default default] Successfully bumped revision number for resource dad4a1ea-789f-4286-9d96-b9106f5b4b34 (type: ports) to 1 [pid: 7|app: 0|req: 780/1558] 10.0.0.36 () {34 vars in 669 bytes} [Tue Jul 14 10:05:09 2026] POST /v2.0/networks => generated 668 bytes in 614 msecs (HTTP/1.1 201) 4 headers in 162 bytes (1 switches on core 0)
2026-07-14 10:05:10.741 8 WARNING neutron.scheduler.dhcp_agent_scheduler [None req-d9bfe630-ce29-4a09-87ee-cd6985f1cc4f f5cc9ffa3d8043ceaba06704d694ad4b 1a4eec7b32d94d6285373b89d9e27db7 - - default default] No more DHCP agents
2026-07-14 10:05:10.743 8 WARNING neutron.api.rpc.agentnotifiers.dhcp_rpc_agent_api [None req-d9bfe630-ce29-4a09-87ee-cd6985f1cc4f f5cc9ffa3d8043ceaba06704d694ad4b 1a4eec7b32d94d6285373b89d9e27db7 - - default default] Unable to schedule network 9c5e3980-d922-47bc-8c7a-6dfb3161da19: no agents available; will retry on subsequent port and subnet creation events. [pid: 7|app: 0|req: 781/1559] 10.0.0.158 () {34 vars in 990 bytes} [Tue Jul 14 10:05:11 2026] GET /v2.0/ports?device_id=3087c611-d906-4ef0-b377-9d972b6f42aa => generated 971 bytes in 40 msecs (HTTP/1.1 200) 4 headers in 157 bytes (1 switches on core 0) [pid: 7|app: 0|req: 782/1560] 10.0.0.158 () {34 vars in 1040 bytes} [Tue Jul 14 10:05:11 2026] GET /v2.0/security-groups?id=09684c70-d3e0-4a71-b92d-a8f0d3867442&fields=id&fields=name => generated 113 bytes in 42 msecs (HTTP/1.1 200) 4 headers in 157 bytes (1 switches on core 0)
2026-07-14 10:05:11.316 8 INFO neutron.db.ovn_revision_numbers_db [None req-f8198be6-1ecc-40ac-9b21-45a47aff0429 - - - - - -] Successfully bumped revision number for resource d330feb7-253a-4505-9307-587dcc5ef1eb (type: ports) to 2
2026-07-14 10:05:11.354 8 INFO neutron.db.ovn_revision_numbers_db [None req-f8198be6-1ecc-40ac-9b21-45a47aff0429 - - - - - -] Successfully bumped revision number for resource d096f09c-f009-42d8-a312-eafce3edd118 (type: subnets) to 0
2026-07-14 10:05:11.385 8 WARNING neutron.scheduler.dhcp_agent_scheduler [None req-d9bfe630-ce29-4a09-87ee-cd6985f1cc4f f5cc9ffa3d8043ceaba06704d694ad4b 1a4eec7b32d94d6285373b89d9e27db7 - - default default] No more DHCP agents
2026-07-14 10:05:11.386 8 WARNING neutron.api.rpc.agentnotifiers.dhcp_rpc_agent_api [None req-d9bfe630-ce29-4a09-87ee-cd6985f1cc4f f5cc9ffa3d8043ceaba06704d694ad4b 1a4eec7b32d94d6285373b89d9e27db7 - - default default] Unable to schedule network 7b62c918-7d1d-441d-9b32-9633a48d7549: no agents available; will retry on subsequent port and subnet creation events.
2026-07-14 10:05:11.931 8 INFO neutron.db.ovn_revision_numbers_db [None req-009ed6d3-45cc-4810-bc6b-598b86e22055 - - - - - -] Successfully bumped revision number for resource dad4a1ea-789f-4286-9d96-b9106f5b4b34 (type: ports) to 2
2026-07-14 10:05:11.964 8 INFO neutron.db.ovn_revision_numbers_db [None req-009ed6d3-45cc-4810-bc6b-598b86e22055 - - - - - -] Successfully bumped revision number for resource 1b5971de-6bb9-44b2-a7c7-0e5c9af009d8 (type: subnets) to 0 [pid: 8|app: 0|req: 779/1561] 10.0.0.36 () {34 vars in 668 bytes} [Tue Jul 14 10:05:10 2026] POST /v2.0/subnets => generated 1274 bytes in 1644 msecs (HTTP/1.1 201) 4 headers in 163 bytes (1 switches on core 0) [pid: 7|app: 0|req: 783/1562] 10.0.0.36 () {32 vars in 646 bytes} [Tue Jul 14 10:05:11 2026] GET /v2.0/subnets => generated 1910 bytes in 40 msecs (HTTP/1.1 200) 4 headers in 158 bytes (1 switches on core 0) [pid: 8|app: 0|req: 780/1563] 10.0.0.36 () {32 vars in 723 bytes} [Tue Jul 14 10:05:12 2026] DELETE /v2.0/subnets/d096f09c-f009-42d8-a312-eafce3edd118 => generated 0 bytes in 175 msecs (HTTP/1.1 204) 3 headers in 131 bytes (1 switches on core 0) [pid: 7|app: 0|req: 784/1564] 10.0.0.36 () {32 vars in 723 bytes} [Tue Jul 14 10:05:12 2026] DELETE /v2.0/subnets/1b5971de-6bb9-44b2-a7c7-0e5c9af009d8 => generated 0 bytes in 153 msecs (HTTP/1.1 204) 3 headers in 131 bytes (1 switches on core 0) [pid: 8|app: 0|req: 781/1565] 10.0.0.36 () {32 vars in 646 bytes} [Tue Jul 14 10:05:12 2026] GET /v2.0/subnets => generated 649 bytes in 33 msecs (HTTP/1.1 200) 4 headers in 157 bytes (1 switches on core 0)
2026-07-14 10:05:12.525 7 INFO neutron_taas.services.taas.taas_plugin [None req-4cf693a9-8260-4a21-8f76-dbd4686b589f f5cc9ffa3d8043ceaba06704d694ad4b 1a4eec7b32d94d6285373b89d9e27db7 - - default default] TaaS: Handle Delete Port: dad4a1ea-789f-4286-9d96-b9106f5b4b34
2026-07-14 10:05:12.527 7 INFO neutron_taas.services.taas.tap_mirror_plugin [None req-4cf693a9-8260-4a21-8f76-dbd4686b589f f5cc9ffa3d8043ceaba06704d694ad4b 1a4eec7b32d94d6285373b89d9e27db7 - - default default] Tap Mirror: Handle Delete Port: dad4a1ea-789f-4286-9d96-b9106f5b4b34
2026-07-14 10:05:12.741 7 INFO neutron.services.segments.plugin [-] Segment f9669707-aa98-41d2-964b-45fe3064a613 resource provider aggregate not found
2026-07-14 10:05:12.752 7 INFO neutron.services.segments.plugin [-] Segment f9669707-aa98-41d2-964b-45fe3064a613 resource provider aggregate not found
2026-07-14 10:05:12.775 7 INFO neutron.services.segments.plugin [-] Segment f9669707-aa98-41d2-964b-45fe3064a613 resource provider not found; error: Placement Client Error (4xx): {"errors": [{"status": 404, "title": "Not Found", "detail": "The resource could not be found.\n\n No resource provider with uuid f9669707-aa98-41d2-964b-45fe3064a613 found for delete ", "request_id": "req-a5455b3b-acdf-4370-bf25-e4e3c664699e"}]}
2026-07-14 10:05:12.781 7 INFO neutron.services.segments.plugin [-] Segment f9669707-aa98-41d2-964b-45fe3064a613 resource provider not found; error: Placement Client Error (4xx): {"errors": [{"status": 404, "title": "Not Found", "detail": "The resource could not be found.\n\n No resource provider with uuid f9669707-aa98-41d2-964b-45fe3064a613 found for delete ", "request_id": "req-d1d97087-8fb2-46fc-b4cc-b443457d2024"}]} [pid: 7|app: 0|req: 785/1566] 10.0.0.36 () {32 vars in 725 bytes} [Tue Jul 14 10:05:12 2026] DELETE /v2.0/networks/7b62c918-7d1d-441d-9b32-9633a48d7549 => generated 0 bytes in 409 msecs (HTTP/1.1 204) 3 headers in 131 bytes (1 switches on core 0)
2026-07-14 10:05:12.976 8 INFO neutron_taas.services.taas.taas_plugin [None req-e868ee23-e34c-4133-8bd3-76d59d95f416 f5cc9ffa3d8043ceaba06704d694ad4b 1a4eec7b32d94d6285373b89d9e27db7 - - default default] TaaS: Handle Delete Port: d330feb7-253a-4505-9307-587dcc5ef1eb
2026-07-14 10:05:12.979 8 INFO neutron_taas.services.taas.tap_mirror_plugin [None req-e868ee23-e34c-4133-8bd3-76d59d95f416 f5cc9ffa3d8043ceaba06704d694ad4b 1a4eec7b32d94d6285373b89d9e27db7 - - default default] Tap Mirror: Handle Delete Port: d330feb7-253a-4505-9307-587dcc5ef1eb
2026-07-14 10:05:13.214 8 INFO neutron.services.segments.plugin [-] Segment b8b9b924-0c3b-4e5b-8849-57045fdbf2e1 resource provider aggregate not found
2026-07-14 10:05:13.215 8 INFO neutron.services.segments.plugin [-] Segment b8b9b924-0c3b-4e5b-8849-57045fdbf2e1 resource provider aggregate not found
2026-07-14 10:05:13.243 8 INFO neutron.services.segments.plugin [-] Segment b8b9b924-0c3b-4e5b-8849-57045fdbf2e1 resource provider not found; error: Placement Client Error (4xx): {"errors": [{"status": 404, "title": "Not Found", "detail": "The resource could not be found.\n\n No resource provider with uuid b8b9b924-0c3b-4e5b-8849-57045fdbf2e1 found for delete ", "request_id": "req-de1d782f-51bf-425f-81da-8c7fb17ea63c"}]}
2026-07-14 10:05:13.246 8 INFO neutron.services.segments.plugin [-] Segment b8b9b924-0c3b-4e5b-8849-57045fdbf2e1 resource provider not found; error: Placement Client Error (4xx): {"errors": [{"status": 404, "title": "Not Found", "detail": "The resource could not be found.\n\n No resource provider with uuid b8b9b924-0c3b-4e5b-8849-57045fdbf2e1 found for delete ", "request_id": "req-24cdde0d-5273-47dd-befb-884e9ef04528"}]} [pid: 8|app: 0|req: 782/1567] 10.0.0.36 () {32 vars in 725 bytes} [Tue Jul 14 10:05:12 2026] DELETE /v2.0/networks/9c5e3980-d922-47bc-8c7a-6dfb3161da19 => generated 0 bytes in 436 msecs (HTTP/1.1 204) 3 headers in 131 bytes (1 switches on core 0)
2026-07-14 10:05:13.419 7 INFO neutron_taas.services.taas.taas_plugin [None req-9f927f03-d33f-4e95-86ae-8b320f5979c1 f5cc9ffa3d8043ceaba06704d694ad4b 1a4eec7b32d94d6285373b89d9e27db7 - - default default] TaaS: Handle Delete Port: ff559e1d-f824-438d-8d1a-95bd76a400d2
2026-07-14 10:05:13.422 7 INFO neutron_taas.services.taas.tap_mirror_plugin [None req-9f927f03-d33f-4e95-86ae-8b320f5979c1 f5cc9ffa3d8043ceaba06704d694ad4b 1a4eec7b32d94d6285373b89d9e27db7 - - default default] Tap Mirror: Handle Delete Port: ff559e1d-f824-438d-8d1a-95bd76a400d2 [pid: 7|app: 0|req: 786/1568] 10.0.0.36 () {32 vars in 725 bytes} [Tue Jul 14 10:05:13 2026] DELETE /v2.0/networks/5ac78689-cbe7-4990-96e1-4a0ac27445c9 => generated 0 bytes in 436 msecs (HTTP/1.1 204) 3 headers in 131 bytes (1 switches on core 0)
2026-07-14 10:05:13.840 8 INFO neutron_taas.services.taas.taas_plugin [None req-7b8a36f2-c05e-49e6-aee2-0870151c7b63 f5cc9ffa3d8043ceaba06704d694ad4b 1a4eec7b32d94d6285373b89d9e27db7 - - default default] TaaS: Handle Delete Port: 57d55834-58a4-44c1-a9c1-e2e94fbdeaf8
2026-07-14 10:05:13.845 8 INFO neutron_taas.services.taas.tap_mirror_plugin [None req-7b8a36f2-c05e-49e6-aee2-0870151c7b63 f5cc9ffa3d8043ceaba06704d694ad4b 1a4eec7b32d94d6285373b89d9e27db7 - - default default] Tap Mirror: Handle Delete Port: 57d55834-58a4-44c1-a9c1-e2e94fbdeaf8 [pid: 8|app: 0|req: 783/1569] 10.0.0.36 () {32 vars in 725 bytes} [Tue Jul 14 10:05:13 2026] DELETE /v2.0/networks/8775fecf-700c-4ac2-bf65-8a283d3cd9d9 => generated 0 bytes in 357 msecs (HTTP/1.1 204) 3 headers in 131 bytes (1 switches on core 0)
2026-07-14 10:05:14.585 7 INFO neutron.db.ovn_revision_numbers_db [None req-62fe02c5-cadc-44fb-bab7-2e9680624a66 989d73619b9348b981b2d1b10c28ce09 96bcc965d0e64c8d9cde68dbcfe20158 - - default default] Successfully bumped revision number for resource ef0c726f-4d65-40f1-913a-44e9786aa7dc (type: security_groups) to 1
2026-07-14 10:05:14.602 7 INFO neutron.db.ovn_revision_numbers_db [None req-62fe02c5-cadc-44fb-bab7-2e9680624a66 989d73619b9348b981b2d1b10c28ce09 96bcc965d0e64c8d9cde68dbcfe20158 - - default default] Successfully bumped revision number for resource 5bd412be-e164-42d8-bca6-84161c9ba88f (type: security_group_rules) to 0
2026-07-14 10:05:14.620 7 INFO neutron.db.ovn_revision_numbers_db [None req-62fe02c5-cadc-44fb-bab7-2e9680624a66 989d73619b9348b981b2d1b10c28ce09 96bcc965d0e64c8d9cde68dbcfe20158 - - default default] Successfully bumped revision number for resource 80204f9b-5d1b-4768-9d47-c03dc1128367 (type: security_group_rules) to 0
2026-07-14 10:05:14.639 7 INFO neutron.db.ovn_revision_numbers_db [None req-62fe02c5-cadc-44fb-bab7-2e9680624a66 989d73619b9348b981b2d1b10c28ce09 96bcc965d0e64c8d9cde68dbcfe20158 - - default default] Successfully bumped revision number for resource abf437e3-ea20-40ca-92f8-c5fb96e81608 (type: security_group_rules) to 0
2026-07-14 10:05:14.656 7 INFO neutron.db.ovn_revision_numbers_db [None req-62fe02c5-cadc-44fb-bab7-2e9680624a66 989d73619b9348b981b2d1b10c28ce09 96bcc965d0e64c8d9cde68dbcfe20158 - - default default] Successfully bumped revision number for resource ddfa8aac-0b1a-43bf-b2fd-71d6ee052799 (type: security_group_rules) to 0 [pid: 8|app: 0|req: 784/1570] 10.0.0.36 () {32 vars in 773 bytes} [Tue Jul 14 10:05:14 2026] GET /v2.0/security-groups?tenant_id=1a4eec7b32d94d6285373b89d9e27db7&name=default => generated 2925 bytes in 84 msecs (HTTP/1.1 200) 4 headers in 158 bytes (1 switches on core 0) [pid: 7|app: 0|req: 787/1571] 10.0.0.36 () {32 vars in 773 bytes} [Tue Jul 14 10:05:14 2026] GET /v2.0/security-groups?tenant_id=fc55c31880fe4089bc6b8f34cb156eda&name=default => generated 2925 bytes in 379 msecs (HTTP/1.1 200) 4 headers in 158 bytes (1 switches on core 0)
2026-07-14 10:05:14.805 7 INFO neutron.services.segments.plugin [-] Segment f91305e0-ec35-4f42-a1e0-51e7a8ede854 resource provider aggregate not found
2026-07-14 10:05:14.812 7 INFO neutron.services.segments.plugin [-] Segment f91305e0-ec35-4f42-a1e0-51e7a8ede854 resource provider aggregate not found
2026-07-14 10:05:14.831 7 INFO neutron.services.segments.plugin [-] Segment f91305e0-ec35-4f42-a1e0-51e7a8ede854 resource provider not found; error: Placement Client Error (4xx): {"errors": [{"status": 404, "title": "Not Found", "detail": "The resource could not be found.\n\n No resource provider with uuid f91305e0-ec35-4f42-a1e0-51e7a8ede854 found for delete ", "request_id": "req-502ab478-790c-4a34-849b-c35c8b64138e"}]}
2026-07-14 10:05:14.838 7 INFO neutron.services.segments.plugin [-] Segment f91305e0-ec35-4f42-a1e0-51e7a8ede854 resource provider not found; error: Placement Client Error (4xx): {"errors": [{"status": 404, "title": "Not Found", "detail": "The resource could not be found.\n\n No resource provider with uuid f91305e0-ec35-4f42-a1e0-51e7a8ede854 found for delete ", "request_id": "req-c9cab602-7e7a-4d3c-b7f3-98d55cff0869"}]} [pid: 8|app: 0|req: 785/1572] 10.0.0.36 () {32 vars in 739 bytes} [Tue Jul 14 10:05:14 2026] DELETE /v2.0/security-groups/860d9aaf-723a-4a31-8707-65df16380907 => generated 0 bytes in 278 msecs (HTTP/1.1 204) 2 headers in 112 bytes (1 switches on core 0) [pid: 7|app: 0|req: 788/1573] 10.0.0.36 () {32 vars in 739 bytes} [Tue Jul 14 10:05:14 2026] DELETE /v2.0/security-groups/ef0c726f-4d65-40f1-913a-44e9786aa7dc => generated 0 bytes in 262 msecs (HTTP/1.1 204) 2 headers in 112 bytes (1 switches on core 0) [pid: 8|app: 0|req: 786/1574] 10.0.0.209 () {28 vars in 579 bytes} [Tue Jul 14 10:05:14 2026] GET /v2.0/ports => generated 10588 bytes in 110 msecs (HTTP/1.1 200) 4 headers in 159 bytes (1 switches on core 0) [pid: 8|app: 0|req: 787/1575] 10.0.0.209 () {28 vars in 619 bytes} [Tue Jul 14 10:05:15 2026] GET /v2.0/network-ip-availabilities => generated 1582 bytes in 17 msecs (HTTP/1.1 200) 4 headers in 158 bytes (1 switches on core 0)
2026-07-14 10:05:15.166 7 INFO neutron.db.ovn_revision_numbers_db [None req-ef299b02-f530-4c1b-a465-318107a95b2a 989d73619b9348b981b2d1b10c28ce09 96bcc965d0e64c8d9cde68dbcfe20158 - - default default] Successfully bumped revision number for resource 55341486-31e4-4563-926e-a96370a9ab47 (type: security_groups) to 1
2026-07-14 10:05:15.178 7 INFO neutron.db.ovn_revision_numbers_db [None req-ef299b02-f530-4c1b-a465-318107a95b2a 989d73619b9348b981b2d1b10c28ce09 96bcc965d0e64c8d9cde68dbcfe20158 - - default default] Successfully bumped revision number for resource 343c3d26-0129-490e-bc9f-a71c1b7a486e (type: security_group_rules) to 0
2026-07-14 10:05:15.191 7 INFO neutron.db.ovn_revision_numbers_db [None req-ef299b02-f530-4c1b-a465-318107a95b2a 989d73619b9348b981b2d1b10c28ce09 96bcc965d0e64c8d9cde68dbcfe20158 - - default default] Successfully bumped revision number for resource 42910914-37de-4cf6-9ee3-ce559891a8e5 (type: security_group_rules) to 0 [pid: 8|app: 0|req: 788/1576] 10.0.0.209 () {28 vars in 585 bytes} [Tue Jul 14 10:05:15 2026] GET /v2.0/networks => generated 3086 bytes in 78 msecs (HTTP/1.1 200) 4 headers in 158 bytes (1 switches on core 0)
2026-07-14 10:05:15.205 7 INFO neutron.db.ovn_revision_numbers_db [None req-ef299b02-f530-4c1b-a465-318107a95b2a 989d73619b9348b981b2d1b10c28ce09 96bcc965d0e64c8d9cde68dbcfe20158 - - default default] Successfully bumped revision number for resource 4641a7ed-1274-440f-9b0d-2feb1dbd54ce (type: security_group_rules) to 0 [pid: 8|app: 0|req: 789/1577] 10.0.0.209 () {28 vars in 581 bytes} [Tue Jul 14 10:05:15 2026] GET /v2.0/agents => generated 1214 bytes in 11 msecs (HTTP/1.1 200) 4 headers in 158 bytes (1 switches on core 0)
2026-07-14 10:05:15.218 7 INFO neutron.db.ovn_revision_numbers_db [None req-ef299b02-f530-4c1b-a465-318107a95b2a 989d73619b9348b981b2d1b10c28ce09 96bcc965d0e64c8d9cde68dbcfe20158 - - default default] Successfully bumped revision number for resource 7d66a151-d47d-409e-87e9-33d4d76579ff (type: security_group_rules) to 0 [pid: 7|app: 0|req: 789/1578] 10.0.0.36 () {32 vars in 773 bytes} [Tue Jul 14 10:05:15 2026] GET /v2.0/security-groups?tenant_id=a9d45d0ce692417185ffcbf5222d7796&name=default => generated 2925 bytes in 212 msecs (HTTP/1.1 200) 4 headers in 158 bytes (1 switches on core 0)
2026-07-14 10:05:15.270 8 INFO neutron.services.segments.plugin [-] Segment 23ac20d1-9fb8-49af-9b5f-e3c56482e15a resource provider aggregate not found
2026-07-14 10:05:15.279 8 INFO neutron.services.segments.plugin [-] Segment 23ac20d1-9fb8-49af-9b5f-e3c56482e15a resource provider aggregate not found
2026-07-14 10:05:15.288 8 INFO neutron.services.segments.plugin [-] Segment 23ac20d1-9fb8-49af-9b5f-e3c56482e15a resource provider not found; error: Placement Client Error (4xx): {"errors": [{"status": 404, "title": "Not Found", "detail": "The resource could not be found.\n\n No resource provider with uuid 23ac20d1-9fb8-49af-9b5f-e3c56482e15a found for delete ", "request_id": "req-7c33865e-1992-4b75-9056-e27e8ef034c2"}]}
2026-07-14 10:05:15.298 8 INFO neutron.services.segments.plugin [-] Segment 23ac20d1-9fb8-49af-9b5f-e3c56482e15a resource provider not found; error: Placement Client Error (4xx): {"errors": [{"status": 404, "title": "Not Found", "detail": "The resource could not be found.\n\n No resource provider with uuid 23ac20d1-9fb8-49af-9b5f-e3c56482e15a found for delete ", "request_id": "req-cc29bbbe-7e48-45a9-9bbc-185d8ec8f08e"}]} [pid: 8|app: 0|req: 790/1579] 10.0.0.209 () {28 vars in 591 bytes} [Tue Jul 14 10:05:15 2026] GET /v2.0/floatingips => generated 860 bytes in 86 msecs (HTTP/1.1 200) 4 headers in 157 bytes (1 switches on core 0) [pid: 8|app: 0|req: 791/1580] 10.0.0.209 () {28 vars in 583 bytes} [Tue Jul 14 10:05:15 2026] GET /v2.0/subnets => generated 1989 bytes in 53 msecs (HTTP/1.1 200) 4 headers in 158 bytes (1 switches on core 0) [pid: 8|app: 0|req: 792/1581] 10.0.0.209 () {28 vars in 583 bytes} [Tue Jul 14 10:05:15 2026] GET /v2.0/routers => generated 978 bytes in 85 msecs (HTTP/1.1 200) 4 headers in 157 bytes (1 switches on core 0) [pid: 8|app: 0|req: 793/1582] 10.0.0.209 () {28 vars in 624 bytes} [Tue Jul 14 10:05:15 2026] GET /v2.0/agents?binary=ovn-controller => generated 416 bytes in 12 msecs (HTTP/1.1 200) 4 headers in 157 bytes (1 switches on core 0) [pid: 8|app: 0|req: 794/1583] 10.0.0.209 () {28 vars in 599 bytes} [Tue Jul 14 10:05:15 2026] GET /v2.0/security-groups => generated 26069 bytes in 49 msecs (HTTP/1.1 200) 4 headers in 159 bytes (1 switches on core 0) [pid: 7|app: 0|req: 790/1584] 10.0.0.36 () {32 vars in 739 bytes} [Tue Jul 14 10:05:15 2026] DELETE /v2.0/security-groups/55341486-31e4-4563-926e-a96370a9ab47 => generated 0 bytes in 273 msecs (HTTP/1.1 204) 2 headers in 112 bytes (1 switches on core 0) [pid: 8|app: 0|req: 795/1585] 10.0.0.209 () {28 vars in 583 bytes} [Tue Jul 14 10:05:15 2026] GET /v2.0/subnets => generated 1989 bytes in 42 msecs (HTTP/1.1 200) 4 headers in 158 bytes (1 switches on core 0) [pid: 7|app: 0|req: 791/1586] 10.0.0.209 () {28 vars in 591 bytes} [Tue Jul 14 10:05:15 2026] GET /v2.0/subnetpools => generated 19 bytes in 14 msecs (HTTP/1.1 200) 4 headers in 156 bytes (1 switches on core 0)
2026-07-14 10:05:17.093 8 INFO neutron.db.ovn_revision_numbers_db [None req-565ed110-1034-4040-83a6-ee07697c7474 ec522d54e4b149529f30dff086c2f180 24655991597444dfac0840b77025d649 - - default default] Successfully bumped revision number for resource cb98cfca-a754-4ab6-91e5-a88ba48bdf58 (type: security_groups) to 1
2026-07-14 10:05:17.107 8 INFO neutron.db.ovn_revision_numbers_db [None req-565ed110-1034-4040-83a6-ee07697c7474 ec522d54e4b149529f30dff086c2f180 24655991597444dfac0840b77025d649 - - default default] Successfully bumped revision number for resource 6ca51825-cb1d-46df-9c30-120d07301c12 (type: security_group_rules) to 0
2026-07-14 10:05:17.120 8 INFO neutron.db.ovn_revision_numbers_db [None req-565ed110-1034-4040-83a6-ee07697c7474 ec522d54e4b149529f30dff086c2f180 24655991597444dfac0840b77025d649 - - default default] Successfully bumped revision number for resource 953cf40b-b8e6-4380-b91d-5d7cba5cfc2c (type: security_group_rules) to 0
2026-07-14 10:05:17.132 8 INFO neutron.db.ovn_revision_numbers_db [None req-565ed110-1034-4040-83a6-ee07697c7474 ec522d54e4b149529f30dff086c2f180 24655991597444dfac0840b77025d649 - - default default] Successfully bumped revision number for resource 9ce1a526-b7a0-4454-bb39-52b5369c7271 (type: security_group_rules) to 0
2026-07-14 10:05:17.145 8 INFO neutron.db.ovn_revision_numbers_db [None req-565ed110-1034-4040-83a6-ee07697c7474 ec522d54e4b149529f30dff086c2f180 24655991597444dfac0840b77025d649 - - default default] Successfully bumped revision number for resource be200aa0-e3b6-4d06-8fce-ec8d6be44594 (type: security_group_rules) to 0
2026-07-14 10:05:17.225 8 INFO neutron.db.segments_db [None req-565ed110-1034-4040-83a6-ee07697c7474 ec522d54e4b149529f30dff086c2f180 24655991597444dfac0840b77025d649 - - default default] Added segment cef87ad2-63ed-43ff-a327-7540c7b7e757 of type geneve for network 7cecc943-dd6a-4ea9-a74f-74993daa6f7c
2026-07-14 10:05:17.232 7 INFO neutron.db.ovn_revision_numbers_db [None req-5a666bed-cf4d-45db-b221-5b33d9991c20 989d73619b9348b981b2d1b10c28ce09 96bcc965d0e64c8d9cde68dbcfe20158 - - default default] Successfully bumped revision number for resource 403454b3-906c-4b7a-96d6-dcce44067446 (type: security_groups) to 1
2026-07-14 10:05:17.256 7 INFO neutron.db.ovn_revision_numbers_db [None req-5a666bed-cf4d-45db-b221-5b33d9991c20 989d73619b9348b981b2d1b10c28ce09 96bcc965d0e64c8d9cde68dbcfe20158 - - default default] Successfully bumped revision number for resource 44e33e76-945b-4811-bac3-472e08620bdc (type: security_group_rules) to 0
2026-07-14 10:05:17.269 7 INFO neutron.db.ovn_revision_numbers_db [None req-5a666bed-cf4d-45db-b221-5b33d9991c20 989d73619b9348b981b2d1b10c28ce09 96bcc965d0e64c8d9cde68dbcfe20158 - - default default] Successfully bumped revision number for resource 5144fdc6-d3eb-4e85-ba75-c798ff109e2e (type: security_group_rules) to 0
2026-07-14 10:05:17.281 7 INFO neutron.db.ovn_revision_numbers_db [None req-5a666bed-cf4d-45db-b221-5b33d9991c20 989d73619b9348b981b2d1b10c28ce09 96bcc965d0e64c8d9cde68dbcfe20158 - - default default] Successfully bumped revision number for resource 549dbd2e-a2db-44a3-b2ee-737e9ef515dc (type: security_group_rules) to 0
2026-07-14 10:05:17.296 7 INFO neutron.db.ovn_revision_numbers_db [None req-5a666bed-cf4d-45db-b221-5b33d9991c20 989d73619b9348b981b2d1b10c28ce09 96bcc965d0e64c8d9cde68dbcfe20158 - - default default] Successfully bumped revision number for resource 6d66cd86-f9a6-4e97-8640-83ff3a33bc75 (type: security_group_rules) to 0 [pid: 7|app: 0|req: 792/1587] 10.0.0.36 () {32 vars in 773 bytes} [Tue Jul 14 10:05:17 2026] GET /v2.0/security-groups?tenant_id=ba3a9931983d48328e42f84dc7e2eaab&name=default => generated 2925 bytes in 321 msecs (HTTP/1.1 200) 4 headers in 158 bytes (1 switches on core 0)
2026-07-14 10:05:17.354 8 INFO neutron.db.ovn_revision_numbers_db [None req-565ed110-1034-4040-83a6-ee07697c7474 ec522d54e4b149529f30dff086c2f180 24655991597444dfac0840b77025d649 - - default default] Successfully bumped revision number for resource 7cecc943-dd6a-4ea9-a74f-74993daa6f7c (type: networks) to 1
2026-07-14 10:05:17.550 8 WARNING neutron.scheduler.dhcp_agent_scheduler [None req-565ed110-1034-4040-83a6-ee07697c7474 ec522d54e4b149529f30dff086c2f180 24655991597444dfac0840b77025d649 - - default default] No more DHCP agents
2026-07-14 10:05:17.552 8 WARNING neutron.api.rpc.agentnotifiers.dhcp_rpc_agent_api [None req-565ed110-1034-4040-83a6-ee07697c7474 ec522d54e4b149529f30dff086c2f180 24655991597444dfac0840b77025d649 - - default default] Unable to schedule network 7cecc943-dd6a-4ea9-a74f-74993daa6f7c: no agents available; will retry on subsequent port and subnet creation events. [pid: 7|app: 0|req: 793/1588] 10.0.0.36 () {32 vars in 739 bytes} [Tue Jul 14 10:05:17 2026] DELETE /v2.0/security-groups/403454b3-906c-4b7a-96d6-dcce44067446 => generated 0 bytes in 282 msecs (HTTP/1.1 204) 2 headers in 112 bytes (1 switches on core 0)
2026-07-14 10:05:17.641 7 INFO neutron.plugins.ml2.drivers.ovn.mech_driver.mech_driver [None req-ea93c817-d65e-4fab-958d-fdcb7e268e91 - - - - - -] OVN reports status down for port: df77b4be-4cb2-42ed-9f26-71c26b0dfa1d
2026-07-14 10:05:17.655 8 INFO neutron.db.ovn_revision_numbers_db [None req-565ed110-1034-4040-83a6-ee07697c7474 ec522d54e4b149529f30dff086c2f180 24655991597444dfac0840b77025d649 - - default default] Successfully bumped revision number for resource df77b4be-4cb2-42ed-9f26-71c26b0dfa1d (type: ports) to 1 [pid: 8|app: 0|req: 796/1589] 10.0.0.36 () {34 vars in 669 bytes} [Tue Jul 14 10:05:16 2026] POST /v2.0/networks => generated 663 bytes in 968 msecs (HTTP/1.1 201) 4 headers in 162 bytes (1 switches on core 0)
2026-07-14 10:05:17.989 7 WARNING neutron.scheduler.dhcp_agent_scheduler [None req-968d5c39-e4ab-44ac-bc20-57f706818595 ec522d54e4b149529f30dff086c2f180 24655991597444dfac0840b77025d649 - - default default] No more DHCP agents
2026-07-14 10:05:17.990 7 WARNING neutron.api.rpc.agentnotifiers.dhcp_rpc_agent_api [None req-968d5c39-e4ab-44ac-bc20-57f706818595 ec522d54e4b149529f30dff086c2f180 24655991597444dfac0840b77025d649 - - default default] Unable to schedule network 7cecc943-dd6a-4ea9-a74f-74993daa6f7c: no agents available; will retry on subsequent port and subnet creation events.
2026-07-14 10:05:18.055 7 INFO neutron.plugins.ml2.drivers.ovn.mech_driver.mech_driver [None req-ea93c817-d65e-4fab-958d-fdcb7e268e91 - - - - - -] OVN reports status down for port: e66e00bd-c57d-4e15-b23f-d5dde60d7045
2026-07-14 10:05:18.127 7 INFO neutron.db.ovn_revision_numbers_db [None req-968d5c39-e4ab-44ac-bc20-57f706818595 ec522d54e4b149529f30dff086c2f180 24655991597444dfac0840b77025d649 - - default default] Successfully bumped revision number for resource e66e00bd-c57d-4e15-b23f-d5dde60d7045 (type: ports) to 1 [pid: 7|app: 0|req: 794/1590] 10.0.0.36 () {34 vars in 664 bytes} [Tue Jul 14 10:05:17 2026] POST /v2.0/ports => generated 775 bytes in 525 msecs (HTTP/1.1 201) 4 headers in 162 bytes (1 switches on core 0)
2026-07-14 10:05:18.324 8 INFO neutron.db.segments_db [None req-9243b87c-6ba4-47e1-a22b-10a13cfbc5ee ec522d54e4b149529f30dff086c2f180 24655991597444dfac0840b77025d649 - - default default] Added segment 1e1ea846-01c4-415c-a1d9-6613f7f4c101 of type geneve for network 5f51fd23-8b66-404a-9ebd-4870343d91f8
2026-07-14 10:05:18.452 8 INFO neutron.db.ovn_revision_numbers_db [None req-9243b87c-6ba4-47e1-a22b-10a13cfbc5ee ec522d54e4b149529f30dff086c2f180 24655991597444dfac0840b77025d649 - - default default] Successfully bumped revision number for resource 5f51fd23-8b66-404a-9ebd-4870343d91f8 (type: networks) to 1
2026-07-14 10:05:18.704 8 WARNING neutron.scheduler.dhcp_agent_scheduler [None req-9243b87c-6ba4-47e1-a22b-10a13cfbc5ee ec522d54e4b149529f30dff086c2f180 24655991597444dfac0840b77025d649 - - default default] No more DHCP agents
2026-07-14 10:05:18.706 8 WARNING neutron.api.rpc.agentnotifiers.dhcp_rpc_agent_api [None req-9243b87c-6ba4-47e1-a22b-10a13cfbc5ee ec522d54e4b149529f30dff086c2f180 24655991597444dfac0840b77025d649 - - default default] Unable to schedule network 5f51fd23-8b66-404a-9ebd-4870343d91f8: no agents available; will retry on subsequent port and subnet creation events.
2026-07-14 10:05:18.783 7 INFO neutron.plugins.ml2.drivers.ovn.mech_driver.mech_driver [None req-ea93c817-d65e-4fab-958d-fdcb7e268e91 - - - - - -] OVN reports status down for port: 9a174aee-a2b1-454e-90bb-fe3dc715daee
2026-07-14 10:05:18.821 8 INFO neutron.db.ovn_revision_numbers_db [None req-9243b87c-6ba4-47e1-a22b-10a13cfbc5ee ec522d54e4b149529f30dff086c2f180 24655991597444dfac0840b77025d649 - - default default] Successfully bumped revision number for resource 9a174aee-a2b1-454e-90bb-fe3dc715daee (type: ports) to 1 [pid: 8|app: 0|req: 797/1593] 10.0.0.36 () {34 vars in 669 bytes} [Tue Jul 14 10:05:18 2026] POST /v2.0/networks => generated 650 bytes in 647 msecs (HTTP/1.1 201) 4 headers in 162 bytes (1 switches on core 0) /var/lib/openstack/lib/python3.12/site-packages/pycadf/identifier.py:70: UserWarning: Invalid uuid: neutron. To ensure interoperability, identifiers should be a valid uuid. warnings.warn(('Invalid uuid: %s. To ensure interoperability, '
2026-07-14 10:05:19.099 7 WARNING neutron.scheduler.dhcp_agent_scheduler [None req-07a556a2-fa1d-4564-a421-43a17cfa9fcf ec522d54e4b149529f30dff086c2f180 24655991597444dfac0840b77025d649 - - default default] No more DHCP agents
2026-07-14 10:05:19.101 7 WARNING neutron.api.rpc.agentnotifiers.dhcp_rpc_agent_api [None req-07a556a2-fa1d-4564-a421-43a17cfa9fcf ec522d54e4b149529f30dff086c2f180 24655991597444dfac0840b77025d649 - - default default] Unable to schedule network 5f51fd23-8b66-404a-9ebd-4870343d91f8: no agents available; will retry on subsequent port and subnet creation events.
2026-07-14 10:05:19.592 7 INFO neutron.db.ovn_revision_numbers_db [None req-058840d0-ecc6-48fa-b98c-420176d8141e - - - - - -] Successfully bumped revision number for resource 9a174aee-a2b1-454e-90bb-fe3dc715daee (type: ports) to 2
2026-07-14 10:05:19.637 7 INFO neutron.db.ovn_revision_numbers_db [None req-058840d0-ecc6-48fa-b98c-420176d8141e - - - - - -] Successfully bumped revision number for resource 739d8671-2b61-4465-b6ec-a1e583995a9d (type: subnets) to 0 [pid: 7|app: 0|req: 797/1594] 10.0.0.36 () {34 vars in 668 bytes} [Tue Jul 14 10:05:18 2026] POST /v2.0/subnets => generated 626 bytes in 779 msecs (HTTP/1.1 201) 4 headers in 162 bytes (1 switches on core 0)
2026-07-14 10:05:20.016 8 WARNING neutron.scheduler.dhcp_agent_scheduler [None req-be97cb78-9de5-4eef-a2d0-22acd98fa692 ec522d54e4b149529f30dff086c2f180 24655991597444dfac0840b77025d649 - - default default] No more DHCP agents
2026-07-14 10:05:20.017 8 WARNING neutron.api.rpc.agentnotifiers.dhcp_rpc_agent_api [None req-be97cb78-9de5-4eef-a2d0-22acd98fa692 ec522d54e4b149529f30dff086c2f180 24655991597444dfac0840b77025d649 - - default default] Unable to schedule network 5f51fd23-8b66-404a-9ebd-4870343d91f8: no agents available; will retry on subsequent port and subnet creation events.
2026-07-14 10:05:20.169 8 INFO neutron.plugins.ml2.drivers.ovn.mech_driver.mech_driver [None req-2ada821b-2617-40ef-9d89-3413eccc3266 - - - - - -] OVN reports status down for port: 3b94ff26-5098-4246-bcbe-07c92f593cdd
2026-07-14 10:05:20.243 8 INFO neutron.db.ovn_revision_numbers_db [None req-be97cb78-9de5-4eef-a2d0-22acd98fa692 ec522d54e4b149529f30dff086c2f180 24655991597444dfac0840b77025d649 - - default default] Successfully bumped revision number for resource 3b94ff26-5098-4246-bcbe-07c92f593cdd (type: ports) to 1 [pid: 8|app: 0|req: 798/1595] 10.0.0.36 () {34 vars in 664 bytes} [Tue Jul 14 10:05:19 2026] POST /v2.0/ports => generated 954 bytes in 690 msecs (HTTP/1.1 201) 4 headers in 162 bytes (1 switches on core 0)
2026-07-14 10:05:20.511 7 INFO neutron_taas.services.taas.taas_plugin [None req-774d2d2e-0c53-4be9-8d32-89924b73011e ec522d54e4b149529f30dff086c2f180 24655991597444dfac0840b77025d649 - - default default] TaaS: Handle Delete Port: 3b94ff26-5098-4246-bcbe-07c92f593cdd
2026-07-14 10:05:20.515 7 INFO neutron_taas.services.taas.tap_mirror_plugin [None req-774d2d2e-0c53-4be9-8d32-89924b73011e ec522d54e4b149529f30dff086c2f180 24655991597444dfac0840b77025d649 - - default default] Tap Mirror: Handle Delete Port: 3b94ff26-5098-4246-bcbe-07c92f593cdd [pid: 7|app: 0|req: 798/1596] 10.0.0.36 () {32 vars in 719 bytes} [Tue Jul 14 10:05:20 2026] DELETE /v2.0/ports/3b94ff26-5098-4246-bcbe-07c92f593cdd => generated 0 bytes in 360 msecs (HTTP/1.1 204) 3 headers in 131 bytes (1 switches on core 0) /var/lib/openstack/lib/python3.12/site-packages/pycadf/identifier.py:70: UserWarning: Invalid uuid: neutron. To ensure interoperability, identifiers should be a valid uuid. warnings.warn(('Invalid uuid: %s. To ensure interoperability, '
2026-07-14 10:05:20.738 8 INFO neutron.pecan_wsgi.hooks.translation [None req-b4b73671-3ee1-4ee6-bf67-ae8f1e678fc3 ec522d54e4b149529f30dff086c2f180 24655991597444dfac0840b77025d649 - - default default] DELETE failed (client error): The resource could not be found. [pid: 8|app: 0|req: 799/1597] 10.0.0.36 () {32 vars in 719 bytes} [Tue Jul 14 10:05:20 2026] DELETE /v2.0/ports/3b94ff26-5098-4246-bcbe-07c92f593cdd => generated 132 bytes in 20 msecs (HTTP/1.1 404) 4 headers in 164 bytes (1 switches on core 0)
2026-07-14 10:05:20.770 7 INFO neutron.pecan_wsgi.hooks.translation [None req-4640ce04-108e-4bed-9d72-b79bfde9122c ec522d54e4b149529f30dff086c2f180 24655991597444dfac0840b77025d649 - - default default] GET failed (client error): The resource could not be found. [pid: 7|app: 0|req: 799/1598] 10.0.0.36 () {32 vars in 716 bytes} [Tue Jul 14 10:05:20 2026] GET /v2.0/ports/3b94ff26-5098-4246-bcbe-07c92f593cdd => generated 132 bytes in 30 msecs (HTTP/1.1 404) 4 headers in 164 bytes (1 switches on core 0) [pid: 8|app: 0|req: 800/1599] 10.0.0.36 () {32 vars in 723 bytes} [Tue Jul 14 10:05:20 2026] DELETE /v2.0/subnets/739d8671-2b61-4465-b6ec-a1e583995a9d => generated 0 bytes in 189 msecs (HTTP/1.1 204) 3 headers in 131 bytes (1 switches on core 0)
2026-07-14 10:05:21.122 7 INFO neutron_taas.services.taas.taas_plugin [None req-690c3609-905b-45e4-92e4-61c7f73d91ca ec522d54e4b149529f30dff086c2f180 24655991597444dfac0840b77025d649 - - default default] TaaS: Handle Delete Port: 9a174aee-a2b1-454e-90bb-fe3dc715daee
2026-07-14 10:05:21.125 7 INFO neutron_taas.services.taas.tap_mirror_plugin [None req-690c3609-905b-45e4-92e4-61c7f73d91ca ec522d54e4b149529f30dff086c2f180 24655991597444dfac0840b77025d649 - - default default] Tap Mirror: Handle Delete Port: 9a174aee-a2b1-454e-90bb-fe3dc715daee
2026-07-14 10:05:21.370 7 INFO neutron.services.segments.plugin [-] Segment 1e1ea846-01c4-415c-a1d9-6613f7f4c101 resource provider aggregate not found
2026-07-14 10:05:21.371 7 INFO neutron.services.segments.plugin [-] Segment 1e1ea846-01c4-415c-a1d9-6613f7f4c101 resource provider aggregate not found [pid: 8|app: 0|req: 801/1600] 10.0.0.161 () {34 vars in 990 bytes} [Tue Jul 14 10:05:21 2026] GET /v2.0/ports?device_id=3087c611-d906-4ef0-b377-9d972b6f42aa => generated 1209 bytes in 68 msecs (HTTP/1.1 200) 4 headers in 158 bytes (1 switches on core 0)
2026-07-14 10:05:21.395 7 INFO neutron.services.segments.plugin [-] Segment 1e1ea846-01c4-415c-a1d9-6613f7f4c101 resource provider not found; error: Placement Client Error (4xx): {"errors": [{"status": 404, "title": "Not Found", "detail": "The resource could not be found.\n\n No resource provider with uuid 1e1ea846-01c4-415c-a1d9-6613f7f4c101 found for delete ", "request_id": "req-1b5ac149-fd92-43f4-8c12-2e395775989d"}]}
2026-07-14 10:05:21.399 7 INFO neutron.services.segments.plugin [-] Segment 1e1ea846-01c4-415c-a1d9-6613f7f4c101 resource provider not found; error: Placement Client Error (4xx): {"errors": [{"status": 404, "title": "Not Found", "detail": "The resource could not be found.\n\n No resource provider with uuid 1e1ea846-01c4-415c-a1d9-6613f7f4c101 found for delete ", "request_id": "req-57c9b61c-ae13-4664-89c7-e44ded144c40"}]} [pid: 7|app: 0|req: 800/1601] 10.0.0.36 () {32 vars in 725 bytes} [Tue Jul 14 10:05:20 2026] DELETE /v2.0/networks/5f51fd23-8b66-404a-9ebd-4870343d91f8 => generated 0 bytes in 447 msecs (HTTP/1.1 204) 3 headers in 131 bytes (1 switches on core 0) [pid: 8|app: 0|req: 802/1602] 10.0.0.161 () {34 vars in 1040 bytes} [Tue Jul 14 10:05:21 2026] GET /v2.0/security-groups?id=09684c70-d3e0-4a71-b92d-a8f0d3867442&fields=id&fields=name => generated 113 bytes in 40 msecs (HTTP/1.1 200) 4 headers in 157 bytes (1 switches on core 0)
2026-07-14 10:05:21.523 7 INFO neutron.db.segments_db [None req-c0ee863c-d61f-4da8-88aa-f15f4199aa82 ec522d54e4b149529f30dff086c2f180 24655991597444dfac0840b77025d649 - - default default] Added segment 4d1cb6bf-c1cd-4255-a222-5c9ceb531a65 of type geneve for network b78ee3d3-4a24-4206-888e-cfab4a8be0a2
2026-07-14 10:05:21.662 7 INFO neutron.db.ovn_revision_numbers_db [None req-c0ee863c-d61f-4da8-88aa-f15f4199aa82 ec522d54e4b149529f30dff086c2f180 24655991597444dfac0840b77025d649 - - default default] Successfully bumped revision number for resource b78ee3d3-4a24-4206-888e-cfab4a8be0a2 (type: networks) to 1
2026-07-14 10:05:21.875 7 WARNING neutron.scheduler.dhcp_agent_scheduler [None req-c0ee863c-d61f-4da8-88aa-f15f4199aa82 ec522d54e4b149529f30dff086c2f180 24655991597444dfac0840b77025d649 - - default default] No more DHCP agents
2026-07-14 10:05:21.877 7 WARNING neutron.api.rpc.agentnotifiers.dhcp_rpc_agent_api [None req-c0ee863c-d61f-4da8-88aa-f15f4199aa82 ec522d54e4b149529f30dff086c2f180 24655991597444dfac0840b77025d649 - - default default] Unable to schedule network b78ee3d3-4a24-4206-888e-cfab4a8be0a2: no agents available; will retry on subsequent port and subnet creation events.
2026-07-14 10:05:21.935 8 INFO neutron.plugins.ml2.drivers.ovn.mech_driver.mech_driver [None req-2ada821b-2617-40ef-9d89-3413eccc3266 - - - - - -] OVN reports status down for port: 14264992-74e7-4f60-a2c1-07c9868a4b4b
2026-07-14 10:05:21.976 7 INFO neutron.db.ovn_revision_numbers_db [None req-c0ee863c-d61f-4da8-88aa-f15f4199aa82 ec522d54e4b149529f30dff086c2f180 24655991597444dfac0840b77025d649 - - default default] Successfully bumped revision number for resource 14264992-74e7-4f60-a2c1-07c9868a4b4b (type: ports) to 1 [pid: 7|app: 0|req: 801/1603] 10.0.0.36 () {34 vars in 669 bytes} [Tue Jul 14 10:05:21 2026] POST /v2.0/networks => generated 650 bytes in 584 msecs (HTTP/1.1 201) 4 headers in 162 bytes (1 switches on core 0)
2026-07-14 10:05:22.240 8 WARNING neutron.scheduler.dhcp_agent_scheduler [None req-56f8be20-c6bf-4335-bb8b-5276eef91684 ec522d54e4b149529f30dff086c2f180 24655991597444dfac0840b77025d649 - - default default] No more DHCP agents
2026-07-14 10:05:22.241 8 WARNING neutron.api.rpc.agentnotifiers.dhcp_rpc_agent_api [None req-56f8be20-c6bf-4335-bb8b-5276eef91684 ec522d54e4b149529f30dff086c2f180 24655991597444dfac0840b77025d649 - - default default] Unable to schedule network b78ee3d3-4a24-4206-888e-cfab4a8be0a2: no agents available; will retry on subsequent port and subnet creation events.
2026-07-14 10:05:22.638 7 INFO neutron.db.ovn_revision_numbers_db [None req-57d6a7b3-1dcb-43c5-8ffe-8891c29b93e3 989d73619b9348b981b2d1b10c28ce09 96bcc965d0e64c8d9cde68dbcfe20158 - - default default] Successfully bumped revision number for resource ba003eac-e50e-4c5c-badd-f52f1291fa34 (type: security_groups) to 1
2026-07-14 10:05:22.660 7 INFO neutron.db.ovn_revision_numbers_db [None req-57d6a7b3-1dcb-43c5-8ffe-8891c29b93e3 989d73619b9348b981b2d1b10c28ce09 96bcc965d0e64c8d9cde68dbcfe20158 - - default default] Successfully bumped revision number for resource 52c96faf-7f05-499c-8e00-40590c5422c5 (type: security_group_rules) to 0
2026-07-14 10:05:22.681 7 INFO neutron.db.ovn_revision_numbers_db [None req-57d6a7b3-1dcb-43c5-8ffe-8891c29b93e3 989d73619b9348b981b2d1b10c28ce09 96bcc965d0e64c8d9cde68dbcfe20158 - - default default] Successfully bumped revision number for resource 7b755786-4e19-4e5c-8efd-27876c566974 (type: security_group_rules) to 0
2026-07-14 10:05:22.694 7 INFO neutron.db.ovn_revision_numbers_db [None req-57d6a7b3-1dcb-43c5-8ffe-8891c29b93e3 989d73619b9348b981b2d1b10c28ce09 96bcc965d0e64c8d9cde68dbcfe20158 - - default default] Successfully bumped revision number for resource 8d1d5d75-b954-444e-8477-41ea60a9117e (type: security_group_rules) to 0
2026-07-14 10:05:22.704 7 INFO neutron.db.ovn_revision_numbers_db [None req-57d6a7b3-1dcb-43c5-8ffe-8891c29b93e3 989d73619b9348b981b2d1b10c28ce09 96bcc965d0e64c8d9cde68dbcfe20158 - - default default] Successfully bumped revision number for resource bcda4b18-af0c-417e-82d2-69afba210766 (type: security_group_rules) to 0 [pid: 7|app: 0|req: 802/1604] 10.0.0.36 () {32 vars in 773 bytes} [Tue Jul 14 10:05:22 2026] GET /v2.0/security-groups?tenant_id=ddabf395abdf4471b44d894e8c6dcb69&name=default => generated 2925 bytes in 493 msecs (HTTP/1.1 200) 4 headers in 158 bytes (1 switches on core 0)
2026-07-14 10:05:22.774 8 INFO neutron.db.ovn_revision_numbers_db [None req-61c566b1-5408-4b49-bc04-28429262a8eb - - - - - -] Successfully bumped revision number for resource 14264992-74e7-4f60-a2c1-07c9868a4b4b (type: ports) to 2
2026-07-14 10:05:22.822 8 INFO neutron.db.ovn_revision_numbers_db [None req-61c566b1-5408-4b49-bc04-28429262a8eb - - - - - -] Successfully bumped revision number for resource 025aae82-d301-46dc-8f80-9966c37ac699 (type: subnets) to 0 [pid: 8|app: 0|req: 803/1605] 10.0.0.36 () {34 vars in 668 bytes} [Tue Jul 14 10:05:22 2026] POST /v2.0/subnets => generated 626 bytes in 826 msecs (HTTP/1.1 201) 4 headers in 162 bytes (1 switches on core 0)
2026-07-14 10:05:22.988 7 INFO neutron.db.ovn_revision_numbers_db [None req-f4c8481e-3f0b-495b-9174-4b803d5c0b46 af5c4f45c99a43beb96412e9e5a0d160 1f7060d964854c59bb5abf2a6a2bf1c0 - - default default] Successfully bumped revision number for resource 08aa2870-a522-4aed-b862-c3f028c73c67 (type: security_groups) to 1
2026-07-14 10:05:23.006 7 INFO neutron.db.ovn_revision_numbers_db [None req-f4c8481e-3f0b-495b-9174-4b803d5c0b46 af5c4f45c99a43beb96412e9e5a0d160 1f7060d964854c59bb5abf2a6a2bf1c0 - - default default] Successfully bumped revision number for resource 038f5be3-d54c-41d9-a379-ae14c8a0852c (type: security_group_rules) to 0
2026-07-14 10:05:23.018 7 INFO neutron.db.ovn_revision_numbers_db [None req-f4c8481e-3f0b-495b-9174-4b803d5c0b46 af5c4f45c99a43beb96412e9e5a0d160 1f7060d964854c59bb5abf2a6a2bf1c0 - - default default] Successfully bumped revision number for resource 46e23198-d626-4b1c-a9d5-d28d48fc288f (type: security_group_rules) to 0
2026-07-14 10:05:23.029 7 INFO neutron.db.ovn_revision_numbers_db [None req-f4c8481e-3f0b-495b-9174-4b803d5c0b46 af5c4f45c99a43beb96412e9e5a0d160 1f7060d964854c59bb5abf2a6a2bf1c0 - - default default] Successfully bumped revision number for resource 4bfe9541-445f-450d-9dc3-64cdba93a0e5 (type: security_group_rules) to 0
2026-07-14 10:05:23.047 7 INFO neutron.db.ovn_revision_numbers_db [None req-f4c8481e-3f0b-495b-9174-4b803d5c0b46 af5c4f45c99a43beb96412e9e5a0d160 1f7060d964854c59bb5abf2a6a2bf1c0 - - default default] Successfully bumped revision number for resource 967c5558-26de-4c0c-aba1-972874d15607 (type: security_group_rules) to 0 [pid: 8|app: 0|req: 804/1606] 10.0.0.36 () {32 vars in 739 bytes} [Tue Jul 14 10:05:22 2026] DELETE /v2.0/security-groups/ba003eac-e50e-4c5c-badd-f52f1291fa34 => generated 0 bytes in 275 msecs (HTTP/1.1 204) 2 headers in 112 bytes (1 switches on core 0)
