2026-07-14 10:14:49.102 7 INFO neutron.notifiers.nova [-] Nova event matching ['req-753bb9a7-75aa-4c79-a419-84a8bd0ee03d'] response: {'server_uuid': '16eb56e9-3957-455b-96fb-38fc10ee9778', 'name': 'network-vif-unplugged', 'status': 'completed', 'tag': '8fd5bc51-0954-497a-832e-dee3f7c61f11', 'code': 200} /var/lib/openstack/lib/python3.12/site-packages/pycadf/identifier.py:70: UserWarning: Invalid uuid: neutron. To ensure interoperability, identifiers should be a valid uuid. warnings.warn(('Invalid uuid: %s. To ensure interoperability, ' [pid: 7|app: 0|req: 1935/3741] 199.19.213.62 () {34 vars in 993 bytes} [Tue Jul 14 10:14:49 2026] GET /v2.0/ports?device_id=16eb56e9-3957-455b-96fb-38fc10ee9778 => generated 1194 bytes in 46 msecs (HTTP/1.1 200) 4 headers in 158 bytes (1 switches on core 0)
2026-07-14 10:14:49.719 8 INFO neutron_taas.services.taas.taas_plugin [req-0d8e8518-890e-4017-9dca-f8c3a9f1da1a req-df6f02b6-178a-4d4d-bf6a-09acd73fa62a 0ac374cce48e4096a490334a9b757e56 33d84a4107fa479b9910245a27aa87f1 - - default default] TaaS: Handle Delete Port: 8fd5bc51-0954-497a-832e-dee3f7c61f11
2026-07-14 10:14:49.724 8 INFO neutron_taas.services.taas.tap_mirror_plugin [req-0d8e8518-890e-4017-9dca-f8c3a9f1da1a req-df6f02b6-178a-4d4d-bf6a-09acd73fa62a 0ac374cce48e4096a490334a9b757e56 33d84a4107fa479b9910245a27aa87f1 - - default default] Tap Mirror: Handle Delete Port: 8fd5bc51-0954-497a-832e-dee3f7c61f11 [pid: 8|app: 0|req: 1807/3742] 199.19.213.62 () {36 vars in 996 bytes} [Tue Jul 14 10:14:49 2026] DELETE /v2.0/ports/8fd5bc51-0954-497a-832e-dee3f7c61f11 => generated 0 bytes in 394 msecs (HTTP/1.1 204) 3 headers in 131 bytes (1 switches on core 0)
2026-07-14 10:14:49.961 8 INFO neutron.notifiers.nova [-] Nova event matching ['req-dca79fee-41ff-4c51-a081-feed52e25053'] response: {'server_uuid': '16eb56e9-3957-455b-96fb-38fc10ee9778', 'name': 'network-vif-deleted', 'tag': '8fd5bc51-0954-497a-832e-dee3f7c61f11', 'status': 'completed', 'code': 200} [pid: 7|app: 0|req: 1936/3743] 10.0.0.158 () {34 vars in 990 bytes} [Tue Jul 14 10:14:52 2026] GET /v2.0/ports?device_id=16eb56e9-3957-455b-96fb-38fc10ee9778 => generated 12 bytes in 20 msecs (HTTP/1.1 200) 4 headers in 156 bytes (1 switches on core 0) [pid: 8|app: 0|req: 1808/3744] 10.0.0.36 () {32 vars in 749 bytes} [Tue Jul 14 10:14:57 2026] DELETE /v2.0/security-group-rules/bad6a35f-bd58-424c-bb3d-2bfb5f575b8c => generated 0 bytes in 163 msecs (HTTP/1.1 204) 2 headers in 112 bytes (1 switches on core 0)
2026-07-14 10:14:57.666 7 INFO neutron.api.v2.resource [None req-73c47c4d-7190-4ba9-9f4b-2fe4d287b922 0ac374cce48e4096a490334a9b757e56 33d84a4107fa479b9910245a27aa87f1 - - default default] show failed (client error): The resource could not be found. [pid: 7|app: 0|req: 1937/3745] 10.0.0.36 () {32 vars in 746 bytes} [Tue Jul 14 10:14:57 2026] GET /v2.0/security-group-rules/bad6a35f-bd58-424c-bb3d-2bfb5f575b8c => generated 155 bytes in 10 msecs (HTTP/1.1 404) 4 headers in 164 bytes (1 switches on core 0) [pid: 8|app: 0|req: 1809/3746] 10.0.0.36 () {32 vars in 749 bytes} [Tue Jul 14 10:14:57 2026] DELETE /v2.0/security-group-rules/f0c13b4b-3f81-4f84-84d1-ea44c7e71a7d => generated 0 bytes in 165 msecs (HTTP/1.1 204) 2 headers in 112 bytes (1 switches on core 0)
2026-07-14 10:14:57.865 7 INFO neutron.api.v2.resource [None req-ecde5f01-d87f-49d2-87ad-fcdc982a59c2 0ac374cce48e4096a490334a9b757e56 33d84a4107fa479b9910245a27aa87f1 - - default default] show failed (client error): The resource could not be found. [pid: 7|app: 0|req: 1938/3747] 10.0.0.36 () {32 vars in 746 bytes} [Tue Jul 14 10:14:57 2026] GET /v2.0/security-group-rules/f0c13b4b-3f81-4f84-84d1-ea44c7e71a7d => generated 155 bytes in 23 msecs (HTTP/1.1 404) 4 headers in 164 bytes (1 switches on core 0) [pid: 8|app: 0|req: 1810/3748] 10.0.0.36 () {32 vars in 749 bytes} [Tue Jul 14 10:14:57 2026] DELETE /v2.0/security-group-rules/c4512560-7b7e-49d3-b28b-cf105c5a492f => generated 0 bytes in 143 msecs (HTTP/1.1 204) 2 headers in 112 bytes (1 switches on core 0)
2026-07-14 10:14:58.036 7 INFO neutron.api.v2.resource [None req-9b1fd2ff-b961-47ea-a9a6-32eec72c3057 0ac374cce48e4096a490334a9b757e56 33d84a4107fa479b9910245a27aa87f1 - - default default] show failed (client error): The resource could not be found. [pid: 7|app: 0|req: 1939/3749] 10.0.0.36 () {32 vars in 746 bytes} [Tue Jul 14 10:14:58 2026] GET /v2.0/security-group-rules/c4512560-7b7e-49d3-b28b-cf105c5a492f => generated 155 bytes in 16 msecs (HTTP/1.1 404) 4 headers in 164 bytes (1 switches on core 0) [pid: 8|app: 0|req: 1811/3750] 10.0.0.36 () {32 vars in 749 bytes} [Tue Jul 14 10:14:58 2026] DELETE /v2.0/security-group-rules/38ecdf34-a4c2-4321-b04a-a3a3e32c2f37 => generated 0 bytes in 143 msecs (HTTP/1.1 204) 2 headers in 112 bytes (1 switches on core 0)
2026-07-14 10:14:58.201 7 INFO neutron.api.v2.resource [None req-c4acacb8-16bd-49e5-a690-d662a345bb99 0ac374cce48e4096a490334a9b757e56 33d84a4107fa479b9910245a27aa87f1 - - default default] show failed (client error): The resource could not be found. [pid: 7|app: 0|req: 1940/3751] 10.0.0.36 () {32 vars in 746 bytes} [Tue Jul 14 10:14:58 2026] GET /v2.0/security-group-rules/38ecdf34-a4c2-4321-b04a-a3a3e32c2f37 => generated 155 bytes in 11 msecs (HTTP/1.1 404) 4 headers in 164 bytes (1 switches on core 0) [pid: 8|app: 0|req: 1812/3752] 10.0.0.36 () {32 vars in 749 bytes} [Tue Jul 14 10:14:58 2026] DELETE /v2.0/security-group-rules/c692f6c4-6706-4762-8721-7d4b4bf3d182 => generated 0 bytes in 142 msecs (HTTP/1.1 204) 2 headers in 112 bytes (1 switches on core 0)
2026-07-14 10:14:58.364 7 INFO neutron.api.v2.resource [None req-a167884c-200f-44d0-8d71-5027e0d57055 0ac374cce48e4096a490334a9b757e56 33d84a4107fa479b9910245a27aa87f1 - - default default] show failed (client error): The resource could not be found. [pid: 7|app: 0|req: 1941/3753] 10.0.0.36 () {32 vars in 746 bytes} [Tue Jul 14 10:14:58 2026] GET /v2.0/security-group-rules/c692f6c4-6706-4762-8721-7d4b4bf3d182 => generated 155 bytes in 11 msecs (HTTP/1.1 404) 4 headers in 164 bytes (1 switches on core 0) [pid: 8|app: 0|req: 1813/3754] 10.0.0.36 () {32 vars in 749 bytes} [Tue Jul 14 10:14:58 2026] DELETE /v2.0/security-group-rules/297697ce-6c66-4d68-9918-6f617d5f6b2c => generated 0 bytes in 173 msecs (HTTP/1.1 204) 2 headers in 112 bytes (1 switches on core 0)
2026-07-14 10:14:58.558 7 INFO neutron.api.v2.resource [None req-df51b2af-5a52-4b9f-af06-6d9b194e314e 0ac374cce48e4096a490334a9b757e56 33d84a4107fa479b9910245a27aa87f1 - - default default] show failed (client error): The resource could not be found. [pid: 7|app: 0|req: 1942/3755] 10.0.0.36 () {32 vars in 746 bytes} [Tue Jul 14 10:14:58 2026] GET /v2.0/security-group-rules/297697ce-6c66-4d68-9918-6f617d5f6b2c => generated 155 bytes in 12 msecs (HTTP/1.1 404) 4 headers in 164 bytes (1 switches on core 0) [pid: 8|app: 0|req: 1814/3756] 10.0.0.36 () {32 vars in 749 bytes} [Tue Jul 14 10:14:58 2026] DELETE /v2.0/security-group-rules/1282293e-9aa4-4e42-a96f-f79562091453 => generated 0 bytes in 130 msecs (HTTP/1.1 204) 2 headers in 112 bytes (1 switches on core 0)
2026-07-14 10:14:58.711 7 INFO neutron.api.v2.resource [None req-8c3b6174-0286-49f9-87c5-ceeda030298a 0ac374cce48e4096a490334a9b757e56 33d84a4107fa479b9910245a27aa87f1 - - default default] show failed (client error): The resource could not be found. [pid: 7|app: 0|req: 1943/3757] 10.0.0.36 () {32 vars in 746 bytes} [Tue Jul 14 10:14:58 2026] GET /v2.0/security-group-rules/1282293e-9aa4-4e42-a96f-f79562091453 => generated 155 bytes in 16 msecs (HTTP/1.1 404) 4 headers in 164 bytes (1 switches on core 0) [pid: 8|app: 0|req: 1815/3758] 10.0.0.36 () {32 vars in 749 bytes} [Tue Jul 14 10:14:58 2026] DELETE /v2.0/security-group-rules/4bc4e76e-5935-4583-846a-c57285d6ffec => generated 0 bytes in 166 msecs (HTTP/1.1 204) 2 headers in 112 bytes (1 switches on core 0)
2026-07-14 10:14:58.898 7 INFO neutron.api.v2.resource [None req-c7c7f806-ff68-4294-bf5f-62e8af52643a 0ac374cce48e4096a490334a9b757e56 33d84a4107fa479b9910245a27aa87f1 - - default default] show failed (client error): The resource could not be found. [pid: 7|app: 0|req: 1944/3759] 10.0.0.36 () {32 vars in 746 bytes} [Tue Jul 14 10:14:58 2026] GET /v2.0/security-group-rules/4bc4e76e-5935-4583-846a-c57285d6ffec => generated 155 bytes in 11 msecs (HTTP/1.1 404) 4 headers in 164 bytes (1 switches on core 0) [pid: 8|app: 0|req: 1816/3760] 10.0.0.36 () {32 vars in 749 bytes} [Tue Jul 14 10:14:58 2026] DELETE /v2.0/security-group-rules/89dced14-6917-487f-bbc2-8bb830754d84 => generated 0 bytes in 139 msecs (HTTP/1.1 204) 2 headers in 112 bytes (1 switches on core 0)
2026-07-14 10:14:59.057 7 INFO neutron.api.v2.resource [None req-88c31a2c-4359-4640-8960-aad81f8ecd29 0ac374cce48e4096a490334a9b757e56 33d84a4107fa479b9910245a27aa87f1 - - default default] show failed (client error): The resource could not be found. [pid: 7|app: 0|req: 1945/3761] 10.0.0.36 () {32 vars in 746 bytes} [Tue Jul 14 10:14:59 2026] GET /v2.0/security-group-rules/89dced14-6917-487f-bbc2-8bb830754d84 => generated 155 bytes in 11 msecs (HTTP/1.1 404) 4 headers in 164 bytes (1 switches on core 0) [pid: 8|app: 0|req: 1817/3762] 10.0.0.36 () {32 vars in 749 bytes} [Tue Jul 14 10:14:59 2026] DELETE /v2.0/security-group-rules/096e3f74-219a-4a92-9d29-26e5ad1e9449 => generated 0 bytes in 106 msecs (HTTP/1.1 204) 2 headers in 112 bytes (1 switches on core 0)
2026-07-14 10:14:59.186 7 INFO neutron.api.v2.resource [None req-9a04c404-0940-43e9-9317-735dee2a4142 0ac374cce48e4096a490334a9b757e56 33d84a4107fa479b9910245a27aa87f1 - - default default] show failed (client error): The resource could not be found. [pid: 7|app: 0|req: 1946/3763] 10.0.0.36 () {32 vars in 746 bytes} [Tue Jul 14 10:14:59 2026] GET /v2.0/security-group-rules/096e3f74-219a-4a92-9d29-26e5ad1e9449 => generated 155 bytes in 13 msecs (HTTP/1.1 404) 4 headers in 164 bytes (1 switches on core 0) [pid: 8|app: 0|req: 1818/3764] 10.0.0.36 () {32 vars in 749 bytes} [Tue Jul 14 10:14:59 2026] DELETE /v2.0/security-group-rules/79d5ae3e-ee9c-487b-ac17-aff44a3b05a8 => generated 0 bytes in 118 msecs (HTTP/1.1 204) 2 headers in 112 bytes (1 switches on core 0)
2026-07-14 10:14:59.331 7 INFO neutron.api.v2.resource [None req-300d8c8a-bdc3-4e03-b91b-c6af2d666a5a 0ac374cce48e4096a490334a9b757e56 33d84a4107fa479b9910245a27aa87f1 - - default default] show failed (client error): The resource could not be found. [pid: 7|app: 0|req: 1947/3765] 10.0.0.36 () {32 vars in 746 bytes} [Tue Jul 14 10:14:59 2026] GET /v2.0/security-group-rules/79d5ae3e-ee9c-487b-ac17-aff44a3b05a8 => generated 155 bytes in 15 msecs (HTTP/1.1 404) 4 headers in 164 bytes (1 switches on core 0) [pid: 8|app: 0|req: 1819/3766] 10.0.0.36 () {32 vars in 739 bytes} [Tue Jul 14 10:14:59 2026] DELETE /v2.0/security-groups/6a785d43-e6c1-4d43-b119-e831fb3b204a => generated 0 bytes in 132 msecs (HTTP/1.1 204) 2 headers in 112 bytes (1 switches on core 0)
2026-07-14 10:14:59.484 7 INFO neutron.api.v2.resource [None req-01155843-a98e-4d5d-acfc-ec9d5c114859 0ac374cce48e4096a490334a9b757e56 33d84a4107fa479b9910245a27aa87f1 - - default default] show failed (client error): The resource could not be found. [pid: 7|app: 0|req: 1948/3767] 10.0.0.36 () {32 vars in 736 bytes} [Tue Jul 14 10:14:59 2026] GET /v2.0/security-groups/6a785d43-e6c1-4d43-b119-e831fb3b204a => generated 146 bytes in 12 msecs (HTTP/1.1 404) 4 headers in 164 bytes (1 switches on core 0)
2026-07-14 10:14:59.896 8 INFO neutron_taas.services.taas.taas_plugin [None req-5ab5e403-21bd-4694-814b-374921dc14f6 0ac374cce48e4096a490334a9b757e56 33d84a4107fa479b9910245a27aa87f1 - - default default] TaaS: Handle Delete Port: 3a40c4e5-9470-4034-88d0-f9b2aed0d0e5
2026-07-14 10:14:59.900 8 INFO neutron_taas.services.taas.tap_mirror_plugin [None req-5ab5e403-21bd-4694-814b-374921dc14f6 0ac374cce48e4096a490334a9b757e56 33d84a4107fa479b9910245a27aa87f1 - - default default] Tap Mirror: Handle Delete Port: 3a40c4e5-9470-4034-88d0-f9b2aed0d0e5 [pid: 8|app: 0|req: 1820/3768] 10.0.0.36 () {34 vars in 788 bytes} [Tue Jul 14 10:14:59 2026] PUT /v2.0/routers/d2769600-da19-4dd6-87e9-ac1dbb93efcc/remove_router_interface => generated 309 bytes in 932 msecs (HTTP/1.1 200) 4 headers in 157 bytes (1 switches on core 0)
2026-07-14 10:15:00.570 7 INFO neutron.api.v2.resource [None req-5f38e1f7-c090-4185-a585-f4999d7dd24e 0ac374cce48e4096a490334a9b757e56 33d84a4107fa479b9910245a27aa87f1 - - default default] remove_router_interface failed (client error): The resource could not be found. [pid: 7|app: 0|req: 1949/3769] 10.0.0.36 () {34 vars in 788 bytes} [Tue Jul 14 10:15:00 2026] PUT /v2.0/routers/d2769600-da19-4dd6-87e9-ac1dbb93efcc/remove_router_interface => generated 198 bytes in 101 msecs (HTTP/1.1 404) 4 headers in 164 bytes (1 switches on core 0) /var/lib/openstack/lib/python3.12/site-packages/pycadf/identifier.py:70: UserWarning: Invalid uuid: neutron. To ensure interoperability, identifiers should be a valid uuid. warnings.warn(('Invalid uuid: %s. To ensure interoperability, '
2026-07-14 10:15:00.926 8 INFO neutron_taas.services.taas.taas_plugin [None req-f9e8324a-ca41-403c-9b64-be27b4bdd45e 0ac374cce48e4096a490334a9b757e56 33d84a4107fa479b9910245a27aa87f1 - - default default] TaaS: Handle Delete Port: f53b2107-681e-4032-8af1-ba6c36537c5d
2026-07-14 10:15:00.930 8 INFO neutron_taas.services.taas.tap_mirror_plugin [None req-f9e8324a-ca41-403c-9b64-be27b4bdd45e 0ac374cce48e4096a490334a9b757e56 33d84a4107fa479b9910245a27aa87f1 - - default default] Tap Mirror: Handle Delete Port: f53b2107-681e-4032-8af1-ba6c36537c5d [pid: 8|app: 0|req: 1821/3770] 10.0.0.36 () {34 vars in 788 bytes} [Tue Jul 14 10:15:00 2026] PUT /v2.0/routers/d2769600-da19-4dd6-87e9-ac1dbb93efcc/remove_router_interface => generated 309 bytes in 920 msecs (HTTP/1.1 200) 4 headers in 157 bytes (1 switches on core 0)
2026-07-14 10:15:01.600 7 INFO neutron.api.v2.resource [None req-147d8491-2236-477e-8de8-e29cadf12a14 0ac374cce48e4096a490334a9b757e56 33d84a4107fa479b9910245a27aa87f1 - - default default] remove_router_interface failed (client error): The resource could not be found. [pid: 7|app: 0|req: 1950/3771] 10.0.0.36 () {34 vars in 788 bytes} [Tue Jul 14 10:15:01 2026] PUT /v2.0/routers/d2769600-da19-4dd6-87e9-ac1dbb93efcc/remove_router_interface => generated 198 bytes in 100 msecs (HTTP/1.1 404) 4 headers in 164 bytes (1 switches on core 0) /var/lib/openstack/lib/python3.12/site-packages/pycadf/identifier.py:70: UserWarning: Invalid uuid: neutron. To ensure interoperability, identifiers should be a valid uuid. warnings.warn(('Invalid uuid: %s. To ensure interoperability, '
2026-07-14 10:15:01.940 8 INFO neutron_taas.services.taas.taas_plugin [None req-4adf6330-f309-4ff9-a073-8f7c32b225d1 0ac374cce48e4096a490334a9b757e56 33d84a4107fa479b9910245a27aa87f1 - - default default] TaaS: Handle Delete Port: 2096302e-06bb-4793-82ad-ff52af96e62e
2026-07-14 10:15:01.944 8 INFO neutron_taas.services.taas.tap_mirror_plugin [None req-4adf6330-f309-4ff9-a073-8f7c32b225d1 0ac374cce48e4096a490334a9b757e56 33d84a4107fa479b9910245a27aa87f1 - - default default] Tap Mirror: Handle Delete Port: 2096302e-06bb-4793-82ad-ff52af96e62e [pid: 8|app: 0|req: 1822/3772] 10.0.0.36 () {34 vars in 788 bytes} [Tue Jul 14 10:15:01 2026] PUT /v2.0/routers/d2769600-da19-4dd6-87e9-ac1dbb93efcc/remove_router_interface => generated 309 bytes in 901 msecs (HTTP/1.1 200) 4 headers in 157 bytes (1 switches on core 0)
2026-07-14 10:15:02.618 7 INFO neutron.api.v2.resource [None req-5c101bae-a6ab-413c-8e3a-bef35995e27b 0ac374cce48e4096a490334a9b757e56 33d84a4107fa479b9910245a27aa87f1 - - default default] remove_router_interface failed (client error): The resource could not be found. [pid: 7|app: 0|req: 1951/3773] 10.0.0.36 () {34 vars in 788 bytes} [Tue Jul 14 10:15:02 2026] PUT /v2.0/routers/d2769600-da19-4dd6-87e9-ac1dbb93efcc/remove_router_interface => generated 198 bytes in 106 msecs (HTTP/1.1 404) 4 headers in 164 bytes (1 switches on core 0) /var/lib/openstack/lib/python3.12/site-packages/pycadf/identifier.py:70: UserWarning: Invalid uuid: neutron. To ensure interoperability, identifiers should be a valid uuid. warnings.warn(('Invalid uuid: %s. To ensure interoperability, '
2026-07-14 10:15:03.002 8 INFO neutron_taas.services.taas.taas_plugin [None req-3aa02b3d-0958-40dc-bea3-9b6f264f44ce 0ac374cce48e4096a490334a9b757e56 33d84a4107fa479b9910245a27aa87f1 - - default default] TaaS: Handle Delete Port: bd3da5db-99e8-461d-ad14-455c4272e22f
2026-07-14 10:15:03.007 8 INFO neutron_taas.services.taas.tap_mirror_plugin [None req-3aa02b3d-0958-40dc-bea3-9b6f264f44ce 0ac374cce48e4096a490334a9b757e56 33d84a4107fa479b9910245a27aa87f1 - - default default] Tap Mirror: Handle Delete Port: bd3da5db-99e8-461d-ad14-455c4272e22f [pid: 8|app: 0|req: 1823/3774] 10.0.0.36 () {32 vars in 723 bytes} [Tue Jul 14 10:15:02 2026] DELETE /v2.0/routers/d2769600-da19-4dd6-87e9-ac1dbb93efcc => generated 0 bytes in 836 msecs (HTTP/1.1 204) 2 headers in 112 bytes (1 switches on core 0)
2026-07-14 10:15:03.488 7 INFO neutron.api.v2.resource [None req-61b25fcc-e1b0-491f-b221-79252d97fd8d 0ac374cce48e4096a490334a9b757e56 33d84a4107fa479b9910245a27aa87f1 - - default default] show failed (client error): The resource could not be found. [pid: 7|app: 0|req: 1952/3776] 10.0.0.36 () {32 vars in 720 bytes} [Tue Jul 14 10:15:03 2026] GET /v2.0/routers/d2769600-da19-4dd6-87e9-ac1dbb93efcc => generated 135 bytes in 22 msecs (HTTP/1.1 404) 4 headers in 164 bytes (1 switches on core 0) [pid: 7|app: 0|req: 1953/3778] 10.0.0.36 () {32 vars in 723 bytes} [Tue Jul 14 10:15:03 2026] DELETE /v2.0/subnets/05a7e23e-8b63-461f-b8dd-701f14d7bcd9 => generated 0 bytes in 136 msecs (HTTP/1.1 204) 3 headers in 131 bytes (1 switches on core 0)
2026-07-14 10:15:03.659 8 INFO neutron.pecan_wsgi.hooks.translation [None req-cadb6ef9-98ef-4721-9322-b18db4039166 0ac374cce48e4096a490334a9b757e56 33d84a4107fa479b9910245a27aa87f1 - - default default] GET failed (client error): The resource could not be found. [pid: 8|app: 0|req: 1826/3779] 10.0.0.36 () {32 vars in 720 bytes} [Tue Jul 14 10:15:03 2026] GET /v2.0/subnets/05a7e23e-8b63-461f-b8dd-701f14d7bcd9 => generated 136 bytes in 29 msecs (HTTP/1.1 404) 4 headers in 164 bytes (1 switches on core 0) [pid: 7|app: 0|req: 1954/3780] 10.0.0.36 () {32 vars in 723 bytes} [Tue Jul 14 10:15:03 2026] DELETE /v2.0/subnets/a4db5885-10ca-478f-b020-1ea3701ba82d => generated 0 bytes in 210 msecs (HTTP/1.1 204) 3 headers in 131 bytes (1 switches on core 0)
2026-07-14 10:15:03.895 8 INFO neutron.pecan_wsgi.hooks.translation [None req-52c8cad4-124b-4325-b558-ba8abf90a91e 0ac374cce48e4096a490334a9b757e56 33d84a4107fa479b9910245a27aa87f1 - - default default] GET failed (client error): The resource could not be found. [pid: 8|app: 0|req: 1827/3781] 10.0.0.36 () {32 vars in 720 bytes} [Tue Jul 14 10:15:03 2026] GET /v2.0/subnets/a4db5885-10ca-478f-b020-1ea3701ba82d => generated 136 bytes in 15 msecs (HTTP/1.1 404) 4 headers in 164 bytes (1 switches on core 0)
2026-07-14 10:15:04.032 7 INFO neutron_taas.services.taas.taas_plugin [None req-59bddc6e-7524-4afc-9e2f-6590b9e424d7 0ac374cce48e4096a490334a9b757e56 33d84a4107fa479b9910245a27aa87f1 - - default default] TaaS: Handle Delete Port: 60808bda-cf9e-4a47-8be0-fe8ff02e2bcf
2026-07-14 10:15:04.035 7 INFO neutron_taas.services.taas.tap_mirror_plugin [None req-59bddc6e-7524-4afc-9e2f-6590b9e424d7 0ac374cce48e4096a490334a9b757e56 33d84a4107fa479b9910245a27aa87f1 - - default default] Tap Mirror: Handle Delete Port: 60808bda-cf9e-4a47-8be0-fe8ff02e2bcf [pid: 7|app: 0|req: 1955/3782] 10.0.0.36 () {32 vars in 725 bytes} [Tue Jul 14 10:15:03 2026] DELETE /v2.0/networks/66b65ae0-b56b-4974-819e-12699ccb2e9b => generated 0 bytes in 364 msecs (HTTP/1.1 204) 3 headers in 131 bytes (1 switches on core 0)
2026-07-14 10:15:04.274 7 INFO neutron.services.segments.plugin [-] Segment 77c299b0-3ca2-427c-8dae-228381a97f03 resource provider aggregate not found
2026-07-14 10:15:04.287 8 INFO neutron.pecan_wsgi.hooks.translation [None req-29b809e0-17cb-4ebe-9514-c47ff63b336a 0ac374cce48e4096a490334a9b757e56 33d84a4107fa479b9910245a27aa87f1 - - default default] GET failed (client error): The resource could not be found. [pid: 8|app: 0|req: 1828/3783] 10.0.0.36 () {32 vars in 722 bytes} [Tue Jul 14 10:15:04 2026] GET /v2.0/networks/66b65ae0-b56b-4974-819e-12699ccb2e9b => generated 138 bytes in 17 msecs (HTTP/1.1 404) 4 headers in 164 bytes (1 switches on core 0)
2026-07-14 10:15:04.290 7 INFO neutron.services.segments.plugin [-] Segment 77c299b0-3ca2-427c-8dae-228381a97f03 resource provider not found; error: Placement Client Error (4xx): {"errors": [{"status": 404, "title": "Not Found", "detail": "The resource could not be found.\n\n No resource provider with uuid 77c299b0-3ca2-427c-8dae-228381a97f03 found for delete ", "request_id": "req-d32f02bc-4a1f-46e8-9867-2df294bab1f8"}]}
2026-07-14 10:15:04.292 7 INFO neutron.services.segments.plugin [-] Segment 77c299b0-3ca2-427c-8dae-228381a97f03 resource provider aggregate not found
2026-07-14 10:15:04.311 7 INFO neutron.services.segments.plugin [-] Segment 77c299b0-3ca2-427c-8dae-228381a97f03 resource provider not found; error: Placement Client Error (4xx): {"errors": [{"status": 404, "title": "Not Found", "detail": "The resource could not be found.\n\n No resource provider with uuid 77c299b0-3ca2-427c-8dae-228381a97f03 found for delete ", "request_id": "req-a8f34a9d-f009-4aab-b0aa-9516d32591b8"}]} [pid: 7|app: 0|req: 1956/3784] 10.0.0.36 () {32 vars in 723 bytes} [Tue Jul 14 10:15:04 2026] DELETE /v2.0/subnets/85acc84d-8c8c-4b24-90b0-0f7b7aba2745 => generated 0 bytes in 146 msecs (HTTP/1.1 204) 3 headers in 131 bytes (1 switches on core 0)
2026-07-14 10:15:04.463 8 INFO neutron.pecan_wsgi.hooks.translation [None req-669ad06b-6e22-401f-b158-f59d56a38be8 0ac374cce48e4096a490334a9b757e56 33d84a4107fa479b9910245a27aa87f1 - - default default] GET failed (client error): The resource could not be found. [pid: 8|app: 0|req: 1829/3785] 10.0.0.36 () {32 vars in 720 bytes} [Tue Jul 14 10:15:04 2026] GET /v2.0/subnets/85acc84d-8c8c-4b24-90b0-0f7b7aba2745 => generated 136 bytes in 19 msecs (HTTP/1.1 404) 4 headers in 164 bytes (1 switches on core 0) [pid: 7|app: 0|req: 1957/3786] 10.0.0.36 () {32 vars in 723 bytes} [Tue Jul 14 10:15:04 2026] DELETE /v2.0/subnets/b58922b0-6bf5-40cd-9aab-599074a8dc75 => generated 0 bytes in 170 msecs (HTTP/1.1 204) 3 headers in 131 bytes (1 switches on core 0)
2026-07-14 10:15:04.659 8 INFO neutron.pecan_wsgi.hooks.translation [None req-bb9fd34b-8a94-4d3a-b23a-6d99fa349426 0ac374cce48e4096a490334a9b757e56 33d84a4107fa479b9910245a27aa87f1 - - default default] GET failed (client error): The resource could not be found. [pid: 8|app: 0|req: 1830/3787] 10.0.0.36 () {32 vars in 720 bytes} [Tue Jul 14 10:15:04 2026] GET /v2.0/subnets/b58922b0-6bf5-40cd-9aab-599074a8dc75 => generated 136 bytes in 19 msecs (HTTP/1.1 404) 4 headers in 164 bytes (1 switches on core 0)
2026-07-14 10:15:04.807 7 INFO neutron_taas.services.taas.taas_plugin [None req-bc8d9526-a754-4e8f-9eec-edc9252accb2 0ac374cce48e4096a490334a9b757e56 33d84a4107fa479b9910245a27aa87f1 - - default default] TaaS: Handle Delete Port: 6970ca66-61a1-42d4-9469-2e363b150c31
2026-07-14 10:15:04.815 7 INFO neutron_taas.services.taas.tap_mirror_plugin [None req-bc8d9526-a754-4e8f-9eec-edc9252accb2 0ac374cce48e4096a490334a9b757e56 33d84a4107fa479b9910245a27aa87f1 - - default default] Tap Mirror: Handle Delete Port: 6970ca66-61a1-42d4-9469-2e363b150c31 [pid: 7|app: 0|req: 1958/3788] 10.0.0.36 () {32 vars in 725 bytes} [Tue Jul 14 10:15:04 2026] DELETE /v2.0/networks/d9e85485-b43b-4d5d-8d2f-3f869dc89d4b => generated 0 bytes in 393 msecs (HTTP/1.1 204) 3 headers in 131 bytes (1 switches on core 0)
2026-07-14 10:15:05.079 8 INFO neutron.pecan_wsgi.hooks.translation [None req-7d1f61c8-d340-4f1d-aadb-d8369acc940e 0ac374cce48e4096a490334a9b757e56 33d84a4107fa479b9910245a27aa87f1 - - default default] GET failed (client error): The resource could not be found. [pid: 8|app: 0|req: 1831/3789] 10.0.0.36 () {32 vars in 722 bytes} [Tue Jul 14 10:15:05 2026] GET /v2.0/networks/d9e85485-b43b-4d5d-8d2f-3f869dc89d4b => generated 138 bytes in 17 msecs (HTTP/1.1 404) 4 headers in 164 bytes (1 switches on core 0) [pid: 7|app: 0|req: 1959/3790] 10.0.0.36 () {32 vars in 723 bytes} [Tue Jul 14 10:15:05 2026] DELETE /v2.0/subnets/0c6a74e6-3e57-4bd8-9c1c-715469075be2 => generated 0 bytes in 146 msecs (HTTP/1.1 204) 3 headers in 131 bytes (1 switches on core 0)
2026-07-14 10:15:05.253 8 INFO neutron.pecan_wsgi.hooks.translation [None req-974fcbe6-310c-4062-bcd4-cab6123d974c 0ac374cce48e4096a490334a9b757e56 33d84a4107fa479b9910245a27aa87f1 - - default default] GET failed (client error): The resource could not be found. [pid: 8|app: 0|req: 1832/3791] 10.0.0.36 () {32 vars in 720 bytes} [Tue Jul 14 10:15:05 2026] GET /v2.0/subnets/0c6a74e6-3e57-4bd8-9c1c-715469075be2 => generated 136 bytes in 18 msecs (HTTP/1.1 404) 4 headers in 164 bytes (1 switches on core 0) [pid: 7|app: 0|req: 1960/3792] 10.0.0.36 () {32 vars in 723 bytes} [Tue Jul 14 10:15:05 2026] DELETE /v2.0/subnets/a727a72e-3181-45d9-b346-8d9a07109789 => generated 0 bytes in 189 msecs (HTTP/1.1 204) 3 headers in 131 bytes (1 switches on core 0)
2026-07-14 10:15:05.466 8 INFO neutron.pecan_wsgi.hooks.translation [None req-1b92be04-254f-4d1d-befb-95268a6e4496 0ac374cce48e4096a490334a9b757e56 33d84a4107fa479b9910245a27aa87f1 - - default default] GET failed (client error): The resource could not be found. [pid: 8|app: 0|req: 1833/3793] 10.0.0.36 () {32 vars in 720 bytes} [Tue Jul 14 10:15:05 2026] GET /v2.0/subnets/a727a72e-3181-45d9-b346-8d9a07109789 => generated 136 bytes in 14 msecs (HTTP/1.1 404) 4 headers in 164 bytes (1 switches on core 0)
2026-07-14 10:15:05.580 7 INFO neutron_taas.services.taas.taas_plugin [None req-63c53ec4-f394-4e51-8f9b-6a8a4433c557 0ac374cce48e4096a490334a9b757e56 33d84a4107fa479b9910245a27aa87f1 - - default default] TaaS: Handle Delete Port: dc03bf50-ae15-45e0-9649-69e3f6b7b6a6
2026-07-14 10:15:05.583 7 INFO neutron_taas.services.taas.tap_mirror_plugin [None req-63c53ec4-f394-4e51-8f9b-6a8a4433c557 0ac374cce48e4096a490334a9b757e56 33d84a4107fa479b9910245a27aa87f1 - - default default] Tap Mirror: Handle Delete Port: dc03bf50-ae15-45e0-9649-69e3f6b7b6a6 [pid: 7|app: 0|req: 1961/3794] 10.0.0.36 () {32 vars in 725 bytes} [Tue Jul 14 10:15:05 2026] DELETE /v2.0/networks/0a66793d-0c55-4187-b750-50a04051858d => generated 0 bytes in 338 msecs (HTTP/1.1 204) 3 headers in 131 bytes (1 switches on core 0)
2026-07-14 10:15:05.828 8 INFO neutron.pecan_wsgi.hooks.translation [None req-60d2e0fd-6108-4a68-8682-56e87227d0ef 0ac374cce48e4096a490334a9b757e56 33d84a4107fa479b9910245a27aa87f1 - - default default] GET failed (client error): The resource could not be found. [pid: 8|app: 0|req: 1834/3795] 10.0.0.36 () {32 vars in 722 bytes} [Tue Jul 14 10:15:05 2026] GET /v2.0/networks/0a66793d-0c55-4187-b750-50a04051858d => generated 138 bytes in 17 msecs (HTTP/1.1 404) 4 headers in 164 bytes (1 switches on core 0)
2026-07-14 10:15:06.309 7 INFO neutron.services.segments.plugin [-] Segment 20060b94-ad36-4637-871d-a6af8e6c9e0f resource provider aggregate not found
2026-07-14 10:15:06.329 7 INFO neutron.services.segments.plugin [-] Segment 20060b94-ad36-4637-871d-a6af8e6c9e0f resource provider not found; error: Placement Client Error (4xx): {"errors": [{"status": 404, "title": "Not Found", "detail": "The resource could not be found.\n\n No resource provider with uuid 20060b94-ad36-4637-871d-a6af8e6c9e0f found for delete ", "request_id": "req-286067bc-f501-42d3-bdc6-ae3fbd6611f1"}]}
2026-07-14 10:15:06.335 7 INFO neutron.services.segments.plugin [-] Segment 20060b94-ad36-4637-871d-a6af8e6c9e0f resource provider aggregate not found
2026-07-14 10:15:06.349 7 INFO neutron.services.segments.plugin [-] Segment 697cb9ed-20de-44fa-9cf1-087d4f23ff6d resource provider aggregate not found
2026-07-14 10:15:06.353 7 INFO neutron.services.segments.plugin [-] Segment 20060b94-ad36-4637-871d-a6af8e6c9e0f resource provider not found; error: Placement Client Error (4xx): {"errors": [{"status": 404, "title": "Not Found", "detail": "The resource could not be found.\n\n No resource provider with uuid 20060b94-ad36-4637-871d-a6af8e6c9e0f found for delete ", "request_id": "req-63f136c6-8d05-478c-98bc-fe60db3d9bcc"}]}
2026-07-14 10:15:06.369 7 INFO neutron.services.segments.plugin [-] Segment 697cb9ed-20de-44fa-9cf1-087d4f23ff6d resource provider not found; error: Placement Client Error (4xx): {"errors": [{"status": 404, "title": "Not Found", "detail": "The resource could not be found.\n\n No resource provider with uuid 697cb9ed-20de-44fa-9cf1-087d4f23ff6d found for delete ", "request_id": "req-212f2301-5cc9-425a-8468-b4821e2161c7"}]}
2026-07-14 10:15:06.370 7 INFO neutron.services.segments.plugin [-] Segment 697cb9ed-20de-44fa-9cf1-087d4f23ff6d resource provider aggregate not found
2026-07-14 10:15:06.388 7 INFO neutron.services.segments.plugin [-] Segment 697cb9ed-20de-44fa-9cf1-087d4f23ff6d resource provider not found; error: Placement Client Error (4xx): {"errors": [{"status": 404, "title": "Not Found", "detail": "The resource could not be found.\n\n No resource provider with uuid 697cb9ed-20de-44fa-9cf1-087d4f23ff6d found for delete ", "request_id": "req-d767464e-c716-45ce-97d7-2d111bdd9895"}]} [pid: 7|app: 0|req: 1962/3796] 10.0.0.36 () {32 vars in 773 bytes} [Tue Jul 14 10:15:07 2026] GET /v2.0/security-groups?tenant_id=33d84a4107fa479b9910245a27aa87f1&name=default => generated 2929 bytes in 210 msecs (HTTP/1.1 200) 4 headers in 158 bytes (1 switches on core 0) [pid: 8|app: 0|req: 1835/3797] 10.0.0.36 () {32 vars in 739 bytes} [Tue Jul 14 10:15:07 2026] DELETE /v2.0/security-groups/453f5b36-e7e5-47cc-af8e-8c36da778ab5 => generated 0 bytes in 259 msecs (HTTP/1.1 204) 2 headers in 112 bytes (1 switches on core 0)
2026-07-14 10:15:08.453 7 INFO neutron.db.ovn_revision_numbers_db [None req-58f27267-fa2a-4182-b05d-52ef0146128d 989d73619b9348b981b2d1b10c28ce09 96bcc965d0e64c8d9cde68dbcfe20158 - - default default] Successfully bumped revision number for resource d7fc99dc-aa8d-4d9d-b7a2-688768e9529a (type: security_groups) to 1
2026-07-14 10:15:08.465 7 INFO neutron.db.ovn_revision_numbers_db [None req-58f27267-fa2a-4182-b05d-52ef0146128d 989d73619b9348b981b2d1b10c28ce09 96bcc965d0e64c8d9cde68dbcfe20158 - - default default] Successfully bumped revision number for resource 0fb8afe9-0b51-4d5c-ac25-3b21221c22ab (type: security_group_rules) to 0
2026-07-14 10:15:08.476 7 INFO neutron.db.ovn_revision_numbers_db [None req-58f27267-fa2a-4182-b05d-52ef0146128d 989d73619b9348b981b2d1b10c28ce09 96bcc965d0e64c8d9cde68dbcfe20158 - - default default] Successfully bumped revision number for resource 10e914dc-b293-4077-9c9a-00b8020d7f76 (type: security_group_rules) to 0
2026-07-14 10:15:08.499 7 INFO neutron.db.ovn_revision_numbers_db [None req-58f27267-fa2a-4182-b05d-52ef0146128d 989d73619b9348b981b2d1b10c28ce09 96bcc965d0e64c8d9cde68dbcfe20158 - - default default] Successfully bumped revision number for resource 26c85361-18c8-4a87-ab15-58bfa0fe847c (type: security_group_rules) to 0
2026-07-14 10:15:08.517 7 INFO neutron.db.ovn_revision_numbers_db [None req-58f27267-fa2a-4182-b05d-52ef0146128d 989d73619b9348b981b2d1b10c28ce09 96bcc965d0e64c8d9cde68dbcfe20158 - - default default] Successfully bumped revision number for resource de9278d6-d305-4e01-b0f0-7b27e04d4988 (type: security_group_rules) to 0 [pid: 7|app: 0|req: 1963/3798] 10.0.0.36 () {32 vars in 773 bytes} [Tue Jul 14 10:15:08 2026] GET /v2.0/security-groups?tenant_id=da7293285fc443268a3e38b248d78bcf&name=default => generated 2929 bytes in 266 msecs (HTTP/1.1 200) 4 headers in 158 bytes (1 switches on core 0) [pid: 8|app: 0|req: 1836/3799] 10.0.0.36 () {32 vars in 739 bytes} [Tue Jul 14 10:15:08 2026] DELETE /v2.0/security-groups/d7fc99dc-aa8d-4d9d-b7a2-688768e9529a => generated 0 bytes in 270 msecs (HTTP/1.1 204) 2 headers in 112 bytes (1 switches on core 0)
2026-07-14 10:15:09.108 7 INFO neutron.db.ovn_revision_numbers_db [None req-b3a21760-6942-46bd-99ef-43ee1c89c570 989d73619b9348b981b2d1b10c28ce09 96bcc965d0e64c8d9cde68dbcfe20158 - - default default] Successfully bumped revision number for resource 5b7de39c-08d4-44f2-b85c-d85eb3437789 (type: security_groups) to 1
2026-07-14 10:15:09.120 7 INFO neutron.db.ovn_revision_numbers_db [None req-b3a21760-6942-46bd-99ef-43ee1c89c570 989d73619b9348b981b2d1b10c28ce09 96bcc965d0e64c8d9cde68dbcfe20158 - - default default] Successfully bumped revision number for resource 1473bf61-18e6-42f4-bff6-07a4b4441788 (type: security_group_rules) to 0
2026-07-14 10:15:09.131 7 INFO neutron.db.ovn_revision_numbers_db [None req-b3a21760-6942-46bd-99ef-43ee1c89c570 989d73619b9348b981b2d1b10c28ce09 96bcc965d0e64c8d9cde68dbcfe20158 - - default default] Successfully bumped revision number for resource 5eb8ffa3-1d3f-4a25-a2c0-7d5b28121c93 (type: security_group_rules) to 0
2026-07-14 10:15:09.144 7 INFO neutron.db.ovn_revision_numbers_db [None req-b3a21760-6942-46bd-99ef-43ee1c89c570 989d73619b9348b981b2d1b10c28ce09 96bcc965d0e64c8d9cde68dbcfe20158 - - default default] Successfully bumped revision number for resource 770712a6-6a4b-4854-b8ee-afa6b353e82d (type: security_group_rules) to 0
2026-07-14 10:15:09.158 7 INFO neutron.db.ovn_revision_numbers_db [None req-b3a21760-6942-46bd-99ef-43ee1c89c570 989d73619b9348b981b2d1b10c28ce09 96bcc965d0e64c8d9cde68dbcfe20158 - - default default] Successfully bumped revision number for resource 81dd9842-d4a4-4975-9a1b-68b81d6ea22f (type: security_group_rules) to 0 [pid: 7|app: 0|req: 1964/3800] 10.0.0.36 () {32 vars in 773 bytes} [Tue Jul 14 10:15:08 2026] GET /v2.0/security-groups?tenant_id=ed21daa9f10c43a082c23bb54ebcc39b&name=default => generated 2929 bytes in 228 msecs (HTTP/1.1 200) 4 headers in 158 bytes (1 switches on core 0) [pid: 8|app: 0|req: 1837/3801] 10.0.0.36 () {32 vars in 739 bytes} [Tue Jul 14 10:15:09 2026] DELETE /v2.0/security-groups/5b7de39c-08d4-44f2-b85c-d85eb3437789 => generated 0 bytes in 222 msecs (HTTP/1.1 204) 2 headers in 112 bytes (1 switches on core 0)
2026-07-14 10:15:09.665 7 INFO neutron.db.ovn_revision_numbers_db [None req-009d053f-96ad-4d60-8736-e66fdc47aa91 989d73619b9348b981b2d1b10c28ce09 96bcc965d0e64c8d9cde68dbcfe20158 - - default default] Successfully bumped revision number for resource 99e1cb5a-3698-4895-b3ff-8b8c017771f4 (type: security_groups) to 1
2026-07-14 10:15:09.675 7 INFO neutron.db.ovn_revision_numbers_db [None req-009d053f-96ad-4d60-8736-e66fdc47aa91 989d73619b9348b981b2d1b10c28ce09 96bcc965d0e64c8d9cde68dbcfe20158 - - default default] Successfully bumped revision number for resource 095f9f1a-cf59-428e-91fe-46aadad717ca (type: security_group_rules) to 0
2026-07-14 10:15:09.686 7 INFO neutron.db.ovn_revision_numbers_db [None req-009d053f-96ad-4d60-8736-e66fdc47aa91 989d73619b9348b981b2d1b10c28ce09 96bcc965d0e64c8d9cde68dbcfe20158 - - default default] Successfully bumped revision number for resource 1f4479f8-436e-4adb-a7d2-af3611b4363b (type: security_group_rules) to 0
2026-07-14 10:15:09.697 7 INFO neutron.db.ovn_revision_numbers_db [None req-009d053f-96ad-4d60-8736-e66fdc47aa91 989d73619b9348b981b2d1b10c28ce09 96bcc965d0e64c8d9cde68dbcfe20158 - - default default] Successfully bumped revision number for resource 9a34880e-265f-4c20-ad64-27203978ba04 (type: security_group_rules) to 0
2026-07-14 10:15:09.708 7 INFO neutron.db.ovn_revision_numbers_db [None req-009d053f-96ad-4d60-8736-e66fdc47aa91 989d73619b9348b981b2d1b10c28ce09 96bcc965d0e64c8d9cde68dbcfe20158 - - default default] Successfully bumped revision number for resource dfbdb15a-0d65-400d-8634-be452e91d6b1 (type: security_group_rules) to 0 [pid: 7|app: 0|req: 1965/3802] 10.0.0.36 () {32 vars in 773 bytes} [Tue Jul 14 10:15:09 2026] GET /v2.0/security-groups?tenant_id=3916eadda9454852b4aa5ea9deeca003&name=default => generated 2929 bytes in 199 msecs (HTTP/1.1 200) 4 headers in 158 bytes (1 switches on core 0) [pid: 8|app: 0|req: 1838/3803] 10.0.0.36 () {32 vars in 739 bytes} [Tue Jul 14 10:15:09 2026] DELETE /v2.0/security-groups/99e1cb5a-3698-4895-b3ff-8b8c017771f4 => generated 0 bytes in 294 msecs (HTTP/1.1 204) 2 headers in 112 bytes (1 switches on core 0)
2026-07-14 10:15:10.315 7 INFO neutron.db.ovn_revision_numbers_db [None req-0e2326e2-31d5-4a1c-a7f3-e41e29712620 989d73619b9348b981b2d1b10c28ce09 96bcc965d0e64c8d9cde68dbcfe20158 - - default default] Successfully bumped revision number for resource e6c49eed-0b70-4911-b1fd-3a5f1a908e3f (type: security_groups) to 1
2026-07-14 10:15:10.328 7 INFO neutron.db.ovn_revision_numbers_db [None req-0e2326e2-31d5-4a1c-a7f3-e41e29712620 989d73619b9348b981b2d1b10c28ce09 96bcc965d0e64c8d9cde68dbcfe20158 - - default default] Successfully bumped revision number for resource 743ada75-f259-4ac9-8dae-af38d4f587f1 (type: security_group_rules) to 0
2026-07-14 10:15:10.341 7 INFO neutron.db.ovn_revision_numbers_db [None req-0e2326e2-31d5-4a1c-a7f3-e41e29712620 989d73619b9348b981b2d1b10c28ce09 96bcc965d0e64c8d9cde68dbcfe20158 - - default default] Successfully bumped revision number for resource 9a169780-6103-43c3-8558-ec76c08de04b (type: security_group_rules) to 0
2026-07-14 10:15:10.353 7 INFO neutron.db.ovn_revision_numbers_db [None req-0e2326e2-31d5-4a1c-a7f3-e41e29712620 989d73619b9348b981b2d1b10c28ce09 96bcc965d0e64c8d9cde68dbcfe20158 - - default default] Successfully bumped revision number for resource a3e12327-6c42-4795-ade5-7344e94e6b7f (type: security_group_rules) to 0
2026-07-14 10:15:10.364 7 INFO neutron.db.ovn_revision_numbers_db [None req-0e2326e2-31d5-4a1c-a7f3-e41e29712620 989d73619b9348b981b2d1b10c28ce09 96bcc965d0e64c8d9cde68dbcfe20158 - - default default] Successfully bumped revision number for resource bc7ad30a-5cc2-4594-931b-83d