2026-07-14 10:05:52.990 8 INFO neutron.db.ovn_revision_numbers_db [None req-eff49827-4722-411f-8da3-30b37f4aec1b a66adad86ebf48b3811ef67abd56b05a ac2848d98ab340babf6bb8f17dda6190 - - default default] Successfully bumped revision number for resource 0c8cf116-440e-480b-a9ba-da7271a5ad08 (type: security_group_rules) to 0
2026-07-14 10:05:53.000 7 INFO neutron_taas.services.taas.taas_plugin [None req-9be94d66-da4d-4fa5-8e18-d9fd80261860 aa57ca79c20747e1bbbdcde863dd8ee9 2b70b87afbe34db39bc1a257cd3abc45 - - default default] TaaS: Handle Delete Port: ba6ff4e9-9d5e-4f4b-9bec-e93d3d996da9
2026-07-14 10:05:53.003 7 INFO neutron_taas.services.taas.tap_mirror_plugin [None req-9be94d66-da4d-4fa5-8e18-d9fd80261860 aa57ca79c20747e1bbbdcde863dd8ee9 2b70b87afbe34db39bc1a257cd3abc45 - - default default] Tap Mirror: Handle Delete Port: ba6ff4e9-9d5e-4f4b-9bec-e93d3d996da9
2026-07-14 10:05:53.005 8 INFO neutron.db.ovn_revision_numbers_db [None req-eff49827-4722-411f-8da3-30b37f4aec1b a66adad86ebf48b3811ef67abd56b05a ac2848d98ab340babf6bb8f17dda6190 - - default default] Successfully bumped revision number for resource 76105bc6-628c-400b-8b9d-5661df198606 (type: security_group_rules) to 0 [pid: 8|app: 0|req: 885/1810] 10.0.0.36 () {34 vars in 683 bytes} [Tue Jul 14 10:05:52 2026] POST /v2.0/security-groups => generated 1625 bytes in 284 msecs (HTTP/1.1 201) 4 headers in 163 bytes (1 switches on core 0) [pid: 7|app: 0|req: 926/1811] 10.0.0.36 () {32 vars in 725 bytes} [Tue Jul 14 10:05:52 2026] DELETE /v2.0/networks/781ddcbb-bc7b-4b72-a6d9-b60f4b032254 => generated 0 bytes in 396 msecs (HTTP/1.1 204) 3 headers in 131 bytes (1 switches on core 0)
2026-07-14 10:05:53.258 8 INFO neutron.db.ovn_revision_numbers_db [None req-a28ebe99-8b3a-4d29-a180-5ee9eb8ca2f6 a66adad86ebf48b3811ef67abd56b05a ac2848d98ab340babf6bb8f17dda6190 - - default default] Successfully bumped revision number for resource 54e03d5c-00fa-4915-a8ab-a7283c4b7446 (type: security_group_rules) to 0 [pid: 8|app: 0|req: 886/1812] 10.0.0.36 () {34 vars in 694 bytes} [Tue Jul 14 10:05:53 2026] POST /v2.0/security-group-rules => generated 601 bytes in 222 msecs (HTTP/1.1 201) 4 headers in 162 bytes (1 switches on core 0) [pid: 8|app: 0|req: 887/1813] 10.0.0.36 () {32 vars in 746 bytes} [Tue Jul 14 10:05:53 2026] GET /v2.0/security-group-rules/54e03d5c-00fa-4915-a8ab-a7283c4b7446 => generated 601 bytes in 15 msecs (HTTP/1.1 200) 4 headers in 157 bytes (1 switches on core 0) [pid: 8|app: 0|req: 888/1814] 10.0.0.36 () {32 vars in 672 bytes} [Tue Jul 14 10:05:53 2026] GET /v2.0/security-group-rules => generated 4138 bytes in 88 msecs (HTTP/1.1 200) 4 headers in 158 bytes (1 switches on core 0) [pid: 8|app: 0|req: 889/1815] 10.0.0.36 () {32 vars in 749 bytes} [Tue Jul 14 10:05:53 2026] DELETE /v2.0/security-group-rules/54e03d5c-00fa-4915-a8ab-a7283c4b7446 => generated 0 bytes in 103 msecs (HTTP/1.1 204) 2 headers in 112 bytes (1 switches on core 0) [pid: 8|app: 0|req: 890/1816] 10.0.0.36 () {32 vars in 672 bytes} [Tue Jul 14 10:05:53 2026] GET /v2.0/security-group-rules => generated 3560 bytes in 74 msecs (HTTP/1.1 200) 4 headers in 158 bytes (1 switches on core 0)
2026-07-14 10:05:53.610 7 INFO neutron.db.ovn_revision_numbers_db [None req-8acc5f44-fd9d-4e9b-876f-8af17d82e824 989d73619b9348b981b2d1b10c28ce09 96bcc965d0e64c8d9cde68dbcfe20158 - - default default] Successfully bumped revision number for resource 2e6d3d9e-98fb-45c4-bd70-42f294a68a4f (type: security_groups) to 1
2026-07-14 10:05:53.631 7 INFO neutron.db.ovn_revision_numbers_db [None req-8acc5f44-fd9d-4e9b-876f-8af17d82e824 989d73619b9348b981b2d1b10c28ce09 96bcc965d0e64c8d9cde68dbcfe20158 - - default default] Successfully bumped revision number for resource 09250d52-0ff6-4b18-a2ad-94d2ab74a787 (type: security_group_rules) to 0
2026-07-14 10:05:53.647 7 INFO neutron.db.ovn_revision_numbers_db [None req-8acc5f44-fd9d-4e9b-876f-8af17d82e824 989d73619b9348b981b2d1b10c28ce09 96bcc965d0e64c8d9cde68dbcfe20158 - - default default] Successfully bumped revision number for resource 1507fe60-4853-441c-8924-bfa9521ff2d2 (type: security_group_rules) to 0
2026-07-14 10:05:53.666 7 INFO neutron.db.ovn_revision_numbers_db [None req-8acc5f44-fd9d-4e9b-876f-8af17d82e824 989d73619b9348b981b2d1b10c28ce09 96bcc965d0e64c8d9cde68dbcfe20158 - - default default] Successfully bumped revision number for resource 28199743-1b38-4b33-a6d8-7f586bd0505c (type: security_group_rules) to 0
2026-07-14 10:05:53.682 7 INFO neutron.db.ovn_revision_numbers_db [None req-8acc5f44-fd9d-4e9b-876f-8af17d82e824 989d73619b9348b981b2d1b10c28ce09 96bcc965d0e64c8d9cde68dbcfe20158 - - default default] Successfully bumped revision number for resource aef53f73-5608-4c21-b8f8-8c3f4be74b3d (type: security_group_rules) to 0 [pid: 7|app: 0|req: 927/1817] 10.0.0.36 () {32 vars in 773 bytes} [Tue Jul 14 10:05:53 2026] GET /v2.0/security-groups?tenant_id=7f6bae5ffa474b8f882e944f0d231f87&name=default => generated 2925 bytes in 500 msecs (HTTP/1.1 200) 4 headers in 158 bytes (1 switches on core 0)
2026-07-14 10:05:53.766 8 INFO neutron.db.ovn_revision_numbers_db [None req-fcd3cdd9-311d-42d5-9785-6467c03afb2d a66adad86ebf48b3811ef67abd56b05a ac2848d98ab340babf6bb8f17dda6190 - - default default] Successfully bumped revision number for resource 024a9491-955e-49f6-aaf4-ec3954961984 (type: security_group_rules) to 0 [pid: 8|app: 0|req: 891/1818] 10.0.0.36 () {34 vars in 694 bytes} [Tue Jul 14 10:05:53 2026] POST /v2.0/security-group-rules => generated 601 bytes in 208 msecs (HTTP/1.1 201) 4 headers in 162 bytes (1 switches on core 0) [pid: 7|app: 0|req: 928/1819] 10.0.0.36 () {32 vars in 773 bytes} [Tue Jul 14 10:05:53 2026] GET /v2.0/security-groups?tenant_id=2b70b87afbe34db39bc1a257cd3abc45&name=default => generated 2925 bytes in 137 msecs (HTTP/1.1 200) 4 headers in 158 bytes (1 switches on core 0) [pid: 7|app: 0|req: 929/1820] 10.0.0.36 () {32 vars in 746 bytes} [Tue Jul 14 10:05:53 2026] GET /v2.0/security-group-rules/024a9491-955e-49f6-aaf4-ec3954961984 => generated 601 bytes in 35 msecs (HTTP/1.1 200) 4 headers in 157 bytes (1 switches on core 0) [pid: 8|app: 0|req: 892/1821] 10.0.0.36 () {32 vars in 739 bytes} [Tue Jul 14 10:05:53 2026] DELETE /v2.0/security-groups/2e6d3d9e-98fb-45c4-bd70-42f294a68a4f => generated 0 bytes in 313 msecs (HTTP/1.1 204) 2 headers in 112 bytes (1 switches on core 0) [pid: 7|app: 0|req: 930/1822] 10.0.0.36 () {32 vars in 739 bytes} [Tue Jul 14 10:05:53 2026] DELETE /v2.0/security-groups/cd2451c5-eadd-481c-8efd-9c50caf3e52d => generated 0 bytes in 258 msecs (HTTP/1.1 204) 2 headers in 112 bytes (1 switches on core 0) [pid: 8|app: 0|req: 893/1823] 10.0.0.36 () {32 vars in 672 bytes} [Tue Jul 14 10:05:54 2026] GET /v2.0/security-group-rules => generated 4138 bytes in 65 msecs (HTTP/1.1 200) 4 headers in 158 bytes (1 switches on core 0)
2026-07-14 10:05:54.202 7 INFO neutron.services.segments.plugin [-] Segment 38b164e4-8f81-4e74-a012-d26446bdbdfd resource provider aggregate not found
2026-07-14 10:05:54.208 7 INFO neutron.services.segments.plugin [-] Segment 38b164e4-8f81-4e74-a012-d26446bdbdfd resource provider aggregate not found
2026-07-14 10:05:54.229 7 INFO neutron.services.segments.plugin [-] Segment 38b164e4-8f81-4e74-a012-d26446bdbdfd resource provider not found; error: Placement Client Error (4xx): {"errors": [{"status": 404, "title": "Not Found", "detail": "The resource could not be found.\n\n No resource provider with uuid 38b164e4-8f81-4e74-a012-d26446bdbdfd found for delete ", "request_id": "req-b539049d-1f21-4ae2-808e-cbfcec6879c5"}]}
2026-07-14 10:05:54.233 7 INFO neutron.services.segments.plugin [-] Segment 38b164e4-8f81-4e74-a012-d26446bdbdfd resource provider not found; error: Placement Client Error (4xx): {"errors": [{"status": 404, "title": "Not Found", "detail": "The resource could not be found.\n\n No resource provider with uuid 38b164e4-8f81-4e74-a012-d26446bdbdfd found for delete ", "request_id": "req-e1bcc1da-5d65-4796-8fea-c1d7bb48516b"}]} [pid: 7|app: 0|req: 931/1824] 10.0.0.36 () {32 vars in 749 bytes} [Tue Jul 14 10:05:54 2026] DELETE /v2.0/security-group-rules/024a9491-955e-49f6-aaf4-ec3954961984 => generated 0 bytes in 140 msecs (HTTP/1.1 204) 2 headers in 112 bytes (1 switches on core 0) [pid: 8|app: 0|req: 894/1825] 10.0.0.36 () {32 vars in 672 bytes} [Tue Jul 14 10:05:54 2026] GET /v2.0/security-group-rules => generated 3560 bytes in 68 msecs (HTTP/1.1 200) 4 headers in 158 bytes (1 switches on core 0)
2026-07-14 10:05:54.468 7 INFO neutron.db.securitygroups_db [None req-985d9bbc-9d63-479f-bbdc-08399d9b59e1 a66adad86ebf48b3811ef67abd56b05a ac2848d98ab340babf6bb8f17dda6190 - - default default] Project ac2848d98ab340babf6bb8f17dda6190 added a security group rule with legacy IPv6 ICMP protocol name icmp, ipv6-icmp should be used instead. It was automatically converted.
2026-07-14 10:05:54.648 7 INFO neutron.db.ovn_revision_numbers_db [None req-985d9bbc-9d63-479f-bbdc-08399d9b59e1 a66adad86ebf48b3811ef67abd56b05a ac2848d98ab340babf6bb8f17dda6190 - - default default] Successfully bumped revision number for resource a09682f1-9913-4788-812d-7a5a855f0f31 (type: security_group_rules) to 0 [pid: 7|app: 0|req: 932/1826] 10.0.0.36 () {34 vars in 694 bytes} [Tue Jul 14 10:05:54 2026] POST /v2.0/security-group-rules => generated 607 bytes in 268 msecs (HTTP/1.1 201) 4 headers in 162 bytes (1 switches on core 0) [pid: 8|app: 0|req: 895/1827] 10.0.0.36 () {32 vars in 746 bytes} [Tue Jul 14 10:05:54 2026] GET /v2.0/security-group-rules/a09682f1-9913-4788-812d-7a5a855f0f31 => generated 607 bytes in 21 msecs (HTTP/1.1 200) 4 headers in 157 bytes (1 switches on core 0) [pid: 7|app: 0|req: 933/1828] 10.0.0.36 () {32 vars in 672 bytes} [Tue Jul 14 10:05:54 2026] GET /v2.0/security-group-rules => generated 4144 bytes in 121 msecs (HTTP/1.1 200) 4 headers in 158 bytes (1 switches on core 0) [pid: 8|app: 0|req: 896/1829] 10.0.0.36 () {32 vars in 749 bytes} [Tue Jul 14 10:05:54 2026] DELETE /v2.0/security-group-rules/a09682f1-9913-4788-812d-7a5a855f0f31 => generated 0 bytes in 180 msecs (HTTP/1.1 204) 2 headers in 112 bytes (1 switches on core 0) [pid: 8|app: 0|req: 897/1830] 10.0.0.36 () {32 vars in 672 bytes} [Tue Jul 14 10:05:55 2026] GET /v2.0/security-group-rules => generated 3560 bytes in 65 msecs (HTTP/1.1 200) 4 headers in 158 bytes (1 switches on core 0)
2026-07-14 10:05:55.197 7 INFO neutron.db.ovn_revision_numbers_db [None req-ff0f64d3-9a86-4421-936d-9b0f406beeb1 5b0b123766304f2dbe29fc9a010ce746 1e1c0e70d0a44c84887d591d4e47acf9 - - default default] Successfully bumped revision number for resource 8e9a0a9d-1b17-44c4-8369-630912a67d9a (type: security_groups) to 1
2026-07-14 10:05:55.213 7 INFO neutron.db.ovn_revision_numbers_db [None req-ff0f64d3-9a86-4421-936d-9b0f406beeb1 5b0b123766304f2dbe29fc9a010ce746 1e1c0e70d0a44c84887d591d4e47acf9 - - default default] Successfully bumped revision number for resource 20bc58ac-ba09-4fee-b9ca-ff367b6ae515 (type: security_group_rules) to 0 [pid: 8|app: 0|req: 898/1831] 10.0.0.36 () {32 vars in 739 bytes} [Tue Jul 14 10:05:55 2026] DELETE /v2.0/security-groups/1dfa1551-c842-4522-84eb-39cd1aa81f6b => generated 0 bytes in 118 msecs (HTTP/1.1 204) 2 headers in 112 bytes (1 switches on core 0)
2026-07-14 10:05:55.231 7 INFO neutron.db.ovn_revision_numbers_db [None req-ff0f64d3-9a86-4421-936d-9b0f406beeb1 5b0b123766304f2dbe29fc9a010ce746 1e1c0e70d0a44c84887d591d4e47acf9 - - default default] Successfully bumped revision number for resource 5d787c1f-ac25-41df-af43-f5286e7e75ee (type: security_group_rules) to 0
2026-07-14 10:05:55.246 7 INFO neutron.db.ovn_revision_numbers_db [None req-ff0f64d3-9a86-4421-936d-9b0f406beeb1 5b0b123766304f2dbe29fc9a010ce746 1e1c0e70d0a44c84887d591d4e47acf9 - - default default] Successfully bumped revision number for resource 9bf29b5c-1cce-4bd4-a082-3105ca0f5fd5 (type: security_group_rules) to 0
2026-07-14 10:05:55.258 7 INFO neutron.db.ovn_revision_numbers_db [None req-ff0f64d3-9a86-4421-936d-9b0f406beeb1 5b0b123766304f2dbe29fc9a010ce746 1e1c0e70d0a44c84887d591d4e47acf9 - - default default] Successfully bumped revision number for resource f673c85a-0ec3-42d1-942f-032c688d2e70 (type: security_group_rules) to 0 [pid: 8|app: 0|req: 899/1832] 10.0.0.36 () {32 vars in 662 bytes} [Tue Jul 14 10:05:55 2026] GET /v2.0/security-groups => generated 2925 bytes in 42 msecs (HTTP/1.1 200) 4 headers in 158 bytes (1 switches on core 0) [pid: 8|app: 0|req: 900/1833] 10.0.0.36 () {32 vars in 662 bytes} [Tue Jul 14 10:05:55 2026] GET /v2.0/security-groups => generated 2925 bytes in 31 msecs (HTTP/1.1 200) 4 headers in 158 bytes (1 switches on core 0)
2026-07-14 10:05:55.341 7 INFO neutron.db.segments_db [None req-ff0f64d3-9a86-4421-936d-9b0f406beeb1 5b0b123766304f2dbe29fc9a010ce746 1e1c0e70d0a44c84887d591d4e47acf9 - - default default] Added segment aff9f34a-b779-4eb2-9b4e-bf3175174113 of type geneve for network 50a25212-b548-40b3-8ad8-5c8758e9c966
2026-07-14 10:05:55.468 7 INFO neutron.db.ovn_revision_numbers_db [None req-ff0f64d3-9a86-4421-936d-9b0f406beeb1 5b0b123766304f2dbe29fc9a010ce746 1e1c0e70d0a44c84887d591d4e47acf9 - - default default] Successfully bumped revision number for resource 50a25212-b548-40b3-8ad8-5c8758e9c966 (type: networks) to 1
2026-07-14 10:05:55.701 7 WARNING neutron.scheduler.dhcp_agent_scheduler [None req-ff0f64d3-9a86-4421-936d-9b0f406beeb1 5b0b123766304f2dbe29fc9a010ce746 1e1c0e70d0a44c84887d591d4e47acf9 - - default default] No more DHCP agents
2026-07-14 10:05:55.703 7 WARNING neutron.api.rpc.agentnotifiers.dhcp_rpc_agent_api [None req-ff0f64d3-9a86-4421-936d-9b0f406beeb1 5b0b123766304f2dbe29fc9a010ce746 1e1c0e70d0a44c84887d591d4e47acf9 - - default default] Unable to schedule network 50a25212-b548-40b3-8ad8-5c8758e9c966: no agents available; will retry on subsequent port and subnet creation events.
2026-07-14 10:05:55.783 8 INFO neutron.plugins.ml2.drivers.ovn.mech_driver.mech_driver [None req-044b108f-500e-4d7a-a080-bfa4a1d059cf - - - - - -] OVN reports status down for port: da8f4b03-877a-404e-b675-6d64d47e4974 [pid: 8|app: 0|req: 901/1834] 10.0.0.36 () {32 vars in 773 bytes} [Tue Jul 14 10:05:55 2026] GET /v2.0/security-groups?tenant_id=ac2848d98ab340babf6bb8f17dda6190&name=default => generated 2925 bytes in 144 msecs (HTTP/1.1 200) 4 headers in 158 bytes (1 switches on core 0) [pid: 8|app: 0|req: 902/1835] 10.0.0.36 () {32 vars in 739 bytes} [Tue Jul 14 10:05:56 2026] DELETE /v2.0/security-groups/ccee2796-6c1a-41ca-b9a8-15fea56eaf2b => generated 0 bytes in 316 msecs (HTTP/1.1 204) 2 headers in 112 bytes (1 switches on core 0)
2026-07-14 10:05:56.500 7 INFO neutron.db.ovn_revision_numbers_db [None req-ff0f64d3-9a86-4421-936d-9b0f406beeb1 5b0b123766304f2dbe29fc9a010ce746 1e1c0e70d0a44c84887d591d4e47acf9 - - default default] Successfully bumped revision number for resource da8f4b03-877a-404e-b675-6d64d47e4974 (type: ports) to 1 [pid: 7|app: 0|req: 934/1836] 10.0.0.36 () {34 vars in 669 bytes} [Tue Jul 14 10:05:54 2026] POST /v2.0/networks => generated 650 bytes in 1668 msecs (HTTP/1.1 201) 4 headers in 162 bytes (1 switches on core 0) [pid: 7|app: 0|req: 935/1837] 10.0.0.36 () {34 vars in 752 bytes} [Tue Jul 14 10:05:56 2026] PUT /v2.0/networks/50a25212-b548-40b3-8ad8-5c8758e9c966/tags => generated 25 bytes in 66 msecs (HTTP/1.1 200) 4 headers in 156 bytes (1 switches on core 0)
2026-07-14 10:05:56.688 8 INFO neutron.db.ovn_revision_numbers_db [None req-4a5d5ca4-c976-4c45-9aba-53ea9104b437 c51918153b9a44dc8725208537140061 2ac89058cdbb4417925a50c4c57426a9 - - default default] Successfully bumped revision number for resource 5db41808-376c-4274-aec8-f806e0b678c8 (type: security_groups) to 1 [pid: 7|app: 0|req: 936/1838] 10.0.0.36 () {32 vars in 732 bytes} [Tue Jul 14 10:05:56 2026] GET /v2.0/networks/50a25212-b548-40b3-8ad8-5c8758e9c966/tags => generated 25 bytes in 63 msecs (HTTP/1.1 200) 4 headers in 156 bytes (1 switches on core 0)
2026-07-14 10:05:56.701 8 INFO neutron.db.ovn_revision_numbers_db [None req-4a5d5ca4-c976-4c45-9aba-53ea9104b437 c51918153b9a44dc8725208537140061 2ac89058cdbb4417925a50c4c57426a9 - - default default] Successfully bumped revision number for resource 24d51b9e-2f7b-4365-8e1d-79732793dc66 (type: security_group_rules) to 0
2026-07-14 10:05:56.716 8 INFO neutron.db.ovn_revision_numbers_db [None req-4a5d5ca4-c976-4c45-9aba-53ea9104b437 c51918153b9a44dc8725208537140061 2ac89058cdbb4417925a50c4c57426a9 - - default default] Successfully bumped revision number for resource 32148b30-605f-406e-828e-9034a3afb171 (type: security_group_rules) to 0
2026-07-14 10:05:56.733 8 INFO neutron.db.ovn_revision_numbers_db [None req-4a5d5ca4-c976-4c45-9aba-53ea9104b437 c51918153b9a44dc8725208537140061 2ac89058cdbb4417925a50c4c57426a9 - - default default] Successfully bumped revision number for resource b4ac7fc4-6c52-4a89-8401-bdca5868da98 (type: security_group_rules) to 0
2026-07-14 10:05:56.747 8 INFO neutron.db.ovn_revision_numbers_db [None req-4a5d5ca4-c976-4c45-9aba-53ea9104b437 c51918153b9a44dc8725208537140061 2ac89058cdbb4417925a50c4c57426a9 - - default default] Successfully bumped revision number for resource d8086268-b830-4b43-bb10-5b89ff75a6e4 (type: security_group_rules) to 0 [pid: 7|app: 0|req: 937/1839] 10.0.0.36 () {34 vars in 763 bytes} [Tue Jul 14 10:05:56 2026] PUT /v2.0/networks/50a25212-b548-40b3-8ad8-5c8758e9c966/tags/green => generated 4 bytes in 93 msecs (HTTP/1.1 201) 4 headers in 160 bytes (1 switches on core 0)
2026-07-14 10:05:56.850 8 INFO neutron.db.segments_db [None req-4a5d5ca4-c976-4c45-9aba-53ea9104b437 c51918153b9a44dc8725208537140061 2ac89058cdbb4417925a50c4c57426a9 - - default default] Added segment a3499555-acb2-4daa-89e1-108dc790a865 of type geneve for network eb1a466e-f294-4b35-9f65-bf3a9c3ef6bf [pid: 7|app: 0|req: 938/1840] 10.0.0.36 () {32 vars in 732 bytes} [Tue Jul 14 10:05:56 2026] GET /v2.0/networks/50a25212-b548-40b3-8ad8-5c8758e9c966/tags => generated 34 bytes in 67 msecs (HTTP/1.1 200) 4 headers in 156 bytes (1 switches on core 0) [pid: 7|app: 0|req: 939/1841] 10.0.0.36 () {34 vars in 759 bytes} [Tue Jul 14 10:05:56 2026] PUT /v2.0/networks/50a25212-b548-40b3-8ad8-5c8758e9c966/tags/red => generated 4 bytes in 112 msecs (HTTP/1.1 201) 4 headers in 160 bytes (1 switches on core 0)
2026-07-14 10:05:57.034 8 INFO neutron.db.ovn_revision_numbers_db [None req-4a5d5ca4-c976-4c45-9aba-53ea9104b437 c51918153b9a44dc8725208537140061 2ac89058cdbb4417925a50c4c57426a9 - - default default] Successfully bumped revision number for resource eb1a466e-f294-4b35-9f65-bf3a9c3ef6bf (type: networks) to 1 [pid: 7|app: 0|req: 940/1842] 10.0.0.36 () {32 vars in 732 bytes} [Tue Jul 14 10:05:56 2026] GET /v2.0/networks/50a25212-b548-40b3-8ad8-5c8758e9c966/tags => generated 34 bytes in 59 msecs (HTTP/1.1 200) 4 headers in 156 bytes (1 switches on core 0) [pid: 7|app: 0|req: 941/1843] 10.0.0.36 () {34 vars in 781 bytes} [Tue Jul 14 10:05:57 2026] PUT /v2.0/networks/50a25212-b548-40b3-8ad8-5c8758e9c966/tags/black.or.white => generated 4 bytes in 78 msecs (HTTP/1.1 201) 4 headers in 160 bytes (1 switches on core 0) [pid: 7|app: 0|req: 942/1844] 10.0.0.36 () {32 vars in 732 bytes} [Tue Jul 14 10:05:57 2026] GET /v2.0/networks/50a25212-b548-40b3-8ad8-5c8758e9c966/tags => generated 52 bytes in 51 msecs (HTTP/1.1 200) 4 headers in 156 bytes (1 switches on core 0)
2026-07-14 10:05:57.228 8 WARNING neutron.scheduler.dhcp_agent_scheduler [None req-4a5d5ca4-c976-4c45-9aba-53ea9104b437 c51918153b9a44dc8725208537140061 2ac89058cdbb4417925a50c4c57426a9 - - default default] No more DHCP agents
2026-07-14 10:05:57.230 8 WARNING neutron.api.rpc.agentnotifiers.dhcp_rpc_agent_api [None req-4a5d5ca4-c976-4c45-9aba-53ea9104b437 c51918153b9a44dc8725208537140061 2ac89058cdbb4417925a50c4c57426a9 - - default default] Unable to schedule network eb1a466e-f294-4b35-9f65-bf3a9c3ef6bf: no agents available; will retry on subsequent port and subnet creation events. [pid: 7|app: 0|req: 943/1845] 10.0.0.36 () {34 vars in 752 bytes} [Tue Jul 14 10:05:57 2026] PUT /v2.0/networks/50a25212-b548-40b3-8ad8-5c8758e9c966/tags => generated 37 bytes in 90 msecs (HTTP/1.1 200) 4 headers in 156 bytes (1 switches on core 0)
2026-07-14 10:05:57.294 8 INFO neutron.plugins.ml2.drivers.ovn.mech_driver.mech_driver [None req-044b108f-500e-4d7a-a080-bfa4a1d059cf - - - - - -] OVN reports status down for port: 6412979d-9949-4009-9bcf-f9281b2c196d [pid: 7|app: 0|req: 944/1846] 10.0.0.36 () {32 vars in 732 bytes} [Tue Jul 14 10:05:57 2026] GET /v2.0/networks/50a25212-b548-40b3-8ad8-5c8758e9c966/tags => generated 37 bytes in 48 msecs (HTTP/1.1 200) 4 headers in 156 bytes (1 switches on core 0)
2026-07-14 10:05:57.360 8 INFO neutron.db.ovn_revision_numbers_db [None req-4a5d5ca4-c976-4c45-9aba-53ea9104b437 c51918153b9a44dc8725208537140061 2ac89058cdbb4417925a50c4c57426a9 - - default default] Successfully bumped revision number for resource 6412979d-9949-4009-9bcf-f9281b2c196d (type: ports) to 1 [pid: 7|app: 0|req: 945/1847] 10.0.0.36 () {32 vars in 740 bytes} [Tue Jul 14 10:05:57 2026] GET /v2.0/networks/50a25212-b548-40b3-8ad8-5c8758e9c966/tags/red => generated 0 bytes in 49 msecs (HTTP/1.1 204) 2 headers in 112 bytes (1 switches on core 0) [pid: 8|app: 0|req: 903/1848] 10.0.0.36 () {34 vars in 669 bytes} [Tue Jul 14 10:05:56 2026] POST /v2.0/networks => generated 668 bytes in 1063 msecs (HTTP/1.1 201) 4 headers in 162 bytes (1 switches on core 0)
2026-07-14 10:05:57.448 7 INFO neutron.api.v2.resource [None req-80f165bb-8461-4aaa-8f0d-acd5ac44ba93 5b0b123766304f2dbe29fc9a010ce746 1e1c0e70d0a44c84887d591d4e47acf9 - - default default] show failed (client error): The resource could not be found. [pid: 7|app: 0|req: 946/1849] 10.0.0.36 () {32 vars in 744 bytes} [Tue Jul 14 10:05:57 2026] GET /v2.0/networks/50a25212-b548-40b3-8ad8-5c8758e9c966/tags/green => generated 99 bytes in 52 msecs (HTTP/1.1 404) 4 headers in 163 bytes (1 switches on core 0) [pid: 7|app: 0|req: 947/1850] 10.0.0.36 () {32 vars in 743 bytes} [Tue Jul 14 10:05:57 2026] DELETE /v2.0/networks/50a25212-b548-40b3-8ad8-5c8758e9c966/tags/red => generated 0 bytes in 62 msecs (HTTP/1.1 204) 2 headers in 112 bytes (1 switches on core 0) [pid: 7|app: 0|req: 948/1851] 10.0.0.36 () {32 vars in 732 bytes} [Tue Jul 14 10:05:57 2026] GET /v2.0/networks/50a25212-b548-40b3-8ad8-5c8758e9c966/tags => generated 30 bytes in 47 msecs (HTTP/1.1 200) 4 headers in 156 bytes (1 switches on core 0)
2026-07-14 10:05:57.631 7 INFO neutron.api.v2.resource [None req-85acce9d-ad5b-4748-ae70-b5ed879932b8 5b0b123766304f2dbe29fc9a010ce746 1e1c0e70d0a44c84887d591d4e47acf9 - - default default] delete failed (client error): The resource could not be found. [pid: 7|app: 0|req: 949/1852] 10.0.0.36 () {32 vars in 747 bytes} [Tue Jul 14 10:05:57 2026] DELETE /v2.0/networks/50a25212-b548-40b3-8ad8-5c8758e9c966/tags/green => generated 99 bytes in 52 msecs (HTTP/1.1 404) 4 headers in 163 bytes (1 switches on core 0)
2026-07-14 10:05:57.646 8 WARNING neutron.scheduler.dhcp_agent_scheduler [None req-27c37094-057f-4f4f-bc9f-cd49f1cac0ea c51918153b9a44dc8725208537140061 2ac89058cdbb4417925a50c4c57426a9 - - default default] No more DHCP agents
2026-07-14 10:05:57.647 8 WARNING neutron.api.rpc.agentnotifiers.dhcp_rpc_agent_api [None req-27c37094-057f-4f4f-bc9f-cd49f1cac0ea c51918153b9a44dc8725208537140061 2ac89058cdbb4417925a50c4c57426a9 - - default default] Unable to schedule network eb1a466e-f294-4b35-9f65-bf3a9c3ef6bf: no agents available; will retry on subsequent port and subnet creation events. [pid: 7|app: 0|req: 950/1853] 10.0.0.36 () {32 vars in 735 bytes} [Tue Jul 14 10:05:57 2026] DELETE /v2.0/networks/50a25212-b548-40b3-8ad8-5c8758e9c966/tags => generated 0 bytes in 79 msecs (HTTP/1.1 204) 2 headers in 112 bytes (1 switches on core 0)
2026-07-14 10:05:57.728 8 INFO neutron.plugins.ml2.drivers.ovn.mech_driver.mech_driver [None req-044b108f-500e-4d7a-a080-bfa4a1d059cf - - - - - -] OVN reports status down for port: 4dbcc26f-77f9-4fde-b49b-9e130cf7d0e9 [pid: 7|app: 0|req: 951/1854] 10.0.0.36 () {32 vars in 732 bytes} [Tue Jul 14 10:05:57 2026] GET /v2.0/networks/50a25212-b548-40b3-8ad8-5c8758e9c966/tags => generated 12 bytes in 68 msecs (HTTP/1.1 200) 4 headers in 156 bytes (1 switches on core 0)
2026-07-14 10:05:57.818 8 INFO neutron.db.ovn_revision_numbers_db [None req-27c37094-057f-4f4f-bc9f-cd49f1cac0ea c51918153b9a44dc8725208537140061 2ac89058cdbb4417925a50c4c57426a9 - - default default] Successfully bumped revision number for resource 4dbcc26f-77f9-4fde-b49b-9e130cf7d0e9 (type: ports) to 1 [pid: 8|app: 0|req: 904/1855] 10.0.0.36 () {34 vars in 664 bytes} [Tue Jul 14 10:05:57 2026] POST /v2.0/ports => generated 778 bytes in 524 msecs (HTTP/1.1 201) 4 headers in 162 bytes (1 switches on core 0) /var/lib/openstack/lib/python3.12/site-packages/pycadf/identifier.py:70: UserWarning: Invalid uuid: neutron. To ensure interoperability, identifiers should be a valid uuid. warnings.warn(('Invalid uuid: %s. To ensure interoperability, '
2026-07-14 10:05:57.985 7 INFO neutron_taas.services.taas.taas_plugin [None req-47321c0f-d3cb-49ec-a5b6-7e51bd651136 5b0b123766304f2dbe29fc9a010ce746 1e1c0e70d0a44c84887d591d4e47acf9 - - default default] TaaS: Handle Delete Port: da8f4b03-877a-404e-b675-6d64d47e4974
2026-07-14 10:05:57.989 7 INFO neutron_taas.services.taas.tap_mirror_plugin [None req-47321c0f-d3cb-49ec-a5b6-7e51bd651136 5b0b123766304f2dbe29fc9a010ce746 1e1c0e70d0a44c84887d591d4e47acf9 - - default default] Tap Mirror: Handle Delete Port: da8f4b03-877a-404e-b675-6d64d47e4974
2026-07-14 10:05:58.078 8 INFO neutron.db.segments_db [None req-84efa2f9-eb3d-4ccc-95d4-30cfdaaa112f c51918153b9a44dc8725208537140061 2ac89058cdbb4417925a50c4c57426a9 - - default default] Added segment 0de26cf5-eee6-4198-b08f-c15c751998c0 of type geneve for network 05c5e42a-6fb0-4db9-a532-e3c88ff1b8b3
2026-07-14 10:05:58.232 7 INFO neutron.services.segments.plugin [-] Segment aff9f34a-b779-4eb2-9b4e-bf3175174113 resource provider aggregate not found
2026-07-14 10:05:58.241 7 INFO neutron.services.segments.plugin [-] Segment aff9f34a-b779-4eb2-9b4e-bf3175174113 resource provider aggregate not found
2026-07-14 10:05:58.250 8 INFO neutron.db.ovn_revision_numbers_db [None req-84efa2f9-eb3d-4ccc-95d4-30cfdaaa112f c51918153b9a44dc8725208537140061 2ac89058cdbb4417925a50c4c57426a9 - - default default] Successfully bumped revision number for resource 05c5e42a-6fb0-4db9-a532-e3c88ff1b8b3 (type: networks) to 1
2026-07-14 10:05:58.272 7 INFO neutron.services.segments.plugin [-] Segment aff9f34a-b779-4eb2-9b4e-bf3175174113 resource provider not found; error: Placement Client Error (4xx): {"errors": [{"status": 404, "title": "Not Found", "detail": "The resource could not be found.\n\n No resource provider with uuid aff9f34a-b779-4eb2-9b4e-bf3175174113 found for delete ", "request_id": "req-afecfddd-083c-453a-832c-1379de8a01b6"}]}
2026-07-14 10:05:58.277 7 INFO neutron.services.segments.plugin [-] Segment aff9f34a-b779-4eb2-9b4e-bf3175174113 resource provider not found; error: Placement Client Error (4xx): {"errors": [{"status": 404, "title": "Not Found", "detail": "The resource could not be found.\n\n No resource provider with uuid aff9f34a-b779-4eb2-9b4e-bf3175174113 found for delete ", "request_id": "req-05842832-43ec-4e54-9ec4-3a7a17e70f85"}]} [pid: 7|app: 0|req: 952/1856] 10.0.0.36 () {32 vars in 725 bytes} [Tue Jul 14 10:05:57 2026] DELETE /v2.0/networks/50a25212-b548-40b3-8ad8-5c8758e9c966 => generated 0 bytes in 504 msecs (HTTP/1.1 204) 3 headers in 131 bytes (1 switches on core 0)
2026-07-14 10:05:58.456 8 WARNING neutron.scheduler.dhcp_agent_scheduler [None req-84efa2f9-eb3d-4ccc-95d4-30cfdaaa112f c51918153b9a44dc8725208537140061 2ac89058cdbb4417925a50c4c57426a9 - - default default] No more DHCP agents
2026-07-14 10:05:58.457 8 WARNING neutron.api.rpc.agentnotifiers.dhcp_rpc_agent_api [None req-84efa2f9-eb3d-4ccc-95d4-30cfdaaa112f c51918153b9a44dc8725208537140061 2ac89058cdbb4417925a50c4c57426a9 - - default default] Unable to schedule network 05c5e42a-6fb0-4db9-a532-e3c88ff1b8b3: no agents available; will retry on subsequent port and subnet creation events.
2026-07-14 10:05:58.520 7 INFO neutron.plugins.ml2.drivers.ovn.mech_driver.mech_driver [None req-6f48bbdf-b6f1-4f9d-911b-2932e4412c96 - - - - - -] OVN reports status down for port: c91213bb-ef95-4ec9-86f9-ddae9e8db888
2026-07-14 10:05:58.540 8 INFO neutron.db.ovn_revision_numbers_db [None req-84efa2f9-eb3d-4ccc-95d4-30cfdaaa112f c51918153b9a44dc8725208537140061 2ac89058cdbb4417925a50c4c57426a9 - - default default] Successfully bumped revision number for resource c91213bb-ef95-4ec9-86f9-ddae9e8db888 (type: ports) to 1 [pid: 8|app: 0|req: 905/1857] 10.0.0.36 () {34 vars in 669 bytes} [Tue Jul 14 10:05:57 2026] POST /v2.0/networks => generated 655 bytes in 607 msecs (HTTP/1.1 201) 4 headers in 162 bytes (1 switches on core 0)
2026-07-14 10:05:58.792 8 WARNING neutron.scheduler.dhcp_agent_scheduler [None req-fc9aeca6-115e-4d0f-9f75-1a8ecb516933 c51918153b9a44dc8725208537140061 2ac89058cdbb4417925a50c4c57426a9 - - default default] No more DHCP agents
2026-07-14 10:05:58.793 8 WARNING neutron.api.rpc.agentnotifiers.dhcp_rpc_agent_api [None req-fc9aeca6-115e-4d0f-9f75-1a8ecb516933 c51918153b9a44dc8725208537140061 2ac89058cdbb4417925a50c4c57426a9 - - default default] Unable to schedule network 05c5e42a-6fb0-4db9-a532-e3c88ff1b8b3: no agents available; will retry on subsequent port and subnet creation events. [pid: 7|app: 0|req: 953/1858] 10.0.0.36 () {34 vars in 676 bytes} [Tue Jul 14 10:05:58 2026] POST /v2.0/subnetpools => generated 549 bytes in 311 msecs (HTTP/1.1 201) 4 headers in 162 bytes (1 switches on core 0)
2026-07-14 10:05:58.829 8 INFO neutron.db.ovn_revision_numbers_db [None req-fc9aeca6-115e-4d0f-9f75-1a8ecb516933 c51918153b9a44dc8725208537140061 2ac89058cdbb4417925a50c4c57426a9 - - default default] Successfully bumped revision number for resource 31471332-cfdb-42a9-b1b5-ea1c066fd3c6 (type: subnets) to 0 [pid: 8|app: 0|req: 906/1859] 10.0.0.36 () {34 vars in 668 bytes} [Tue Jul 14 10:05:58 2026] POST /v2.0/subnets => generated 646 bytes in 281 msecs (HTTP/1.1 201) 4 headers in 162 bytes (1 switches on core 0) [pid: 8|app: 0|req: 907/1860] 10.0.0.36 () {32 vars in 728 bytes} [Tue Jul 14 10:05:58 2026] GET /v2.0/subnetpools/8f03a292-392a-4bbf-a842-d45fd54fd576 => generated 549 bytes in 35 msecs (HTTP/1.1 200) 4 headers in 157 bytes (1 switches on core 0)
2026-07-14 10:05:59.155 7 INFO neutron.db.ovn_revision_numbers_db [None req-730596a7-75d1-4407-864c-6b55e9913226 7f1c2f815b4e49a4823d8d85ba8da262 31d37bfc527d4608b6da1c64da7b0528 - - default default] Successfully bumped revision number for resource 4cca00e8-5c22-4e58-a173-c74d57e8aa81 (type: security_groups) to 1
2026-07-14 10:05:59.166 7 INFO neutron.db.ovn_revision_numbers_db [None req-730596a7-75d1-4407-864c-6b55e9913226 7f1c2f815b4e49a4823d8d85ba8da262 31d37bfc527d4608b6da1c64da7b0528 - - default default] Successfully bumped revision number for resource 02893220-b974-4bb0-bf94-513224f2d29a (type: security_group_rules) to 0
2026-07-14 10:05:59.180 7 INFO neutron.db.ovn_revision_numbers_db [None req-730596a7-75d1-4407-864c-6b55e9913226 7f1c2f815b4e49a4823d8d85ba8da262 31d37bfc527d4608b6da1c64da7b0528 - - default default] Successfully bumped revision number for resource 41a26ac0-f981-4160-bd0f-2fc6196b485d (type: security_group_rules) to 0
2026-07-14 10:05:59.195 7 INFO neutron.db.ovn_revision_numbers_db [None req-730596a7-75d1-4407-864c-6b55e9913226 7f1c2f815b4e49a4823d8d85ba8da262 31d37bfc527d4608b6da1c64da7b0528 - - default default] Successfully bumped revision number for resource e10a7f3b-9d5f-43b7-ad61-08fbc504db97 (type: security_group_rules) to 0
2026-07-14 10:05:59.207 7 INFO neutron.db.ovn_revision_numbers_db [None req-730596a7-75d1-4407-864c-6b55e9913226 7f1c2f815b4e49a4823d8d85ba8da262 31d37bfc527d4608b6da1c64da7b0528 - - default default] Successfully bumped revision number for resource e2ffc899-35ad-4d7a-9786-bfd3f05112f8 (type: security_group_rules) to 0
2026-07-14 10:05:59.252 8 WARNING neutron.scheduler.dhcp_agent_scheduler [None req-06ea6112-27cd-4264-aac4-76149680a93f c51918153b9a44dc8725208537140061 2ac89058cdbb4417925a50c4c57426a9 - - default default] No more DHCP agents
2026-07-14 10:05:59.253 8 WARNING neutron.api.rpc.agentnotifiers.dhcp_rpc_agent_api [None req-06ea6112-27cd-4264-aac4-76149680a93f c51918153b9a44dc8725208537140061 2ac89058cdbb4417925a50c4c57426a9 - - default default] Unable to schedule network 05c5e42a-6fb0-4db9-a532-e3c88ff1b8b3: no agents available; will retry on subsequent port and subnet creation events.
2026-07-14 10:05:59.331 7 INFO neutron.db.segments_db [None req-730596a7-75d1-4407-864c-6b55e9913226 7f1c2f815b4e49a4823d8d85ba8da262 31d37bfc527d4608b6da1c64da7b0528 - - default default] Added segment 85c9f46d-5bb0-4a52-8b74-7f9a58f3195c of type geneve for network 1ab2f158-0111-4f7e-97bb-79163044d216
2026-07-14 10:05:59.359 8 INFO neutron.db.ovn_revision_numbers_db [None req-06ea6112-27cd-4264-aac4-76149680a93f c51918153b9a44dc8725208537140061 2ac89058cdbb4417925a50c4c57426a9 - - default default] Successfully bumped revision number for resource 09fce8fb-be98-4bda-a55c-ff3d234e0734 (type: ports) to 1
2026-07-14 10:05:59.361 7 INFO neutron.plugins.ml2.drivers.ovn.mech_driver.mech_driver [None req-6f48bbdf-b6f1-4f9d-911b-2932e4412c96 - - - - - -] OVN reports status down for port: 09fce8fb-be98-4bda-a55c-ff3d234e0734 [pid: 8|app: 0|req: 908/1861] 10.0.0.36 () {34 vars in 664 bytes} [Tue Jul 14 10:05:58 2026] POST /v2.0/ports => generated 966 bytes in 495 msecs (HTTP/1.1 201) 4 headers in 162 bytes (1 switches on core 0) /var/lib/openstack/lib/python3.12/site-packages/pycadf/identifier.py:70: UserWarning: Invalid uuid: neutron. To ensure interoperability, identifiers should be a valid uuid. warnings.warn(('Invalid uuid: %s. To ensure interoperability, ' [pid: 8|app: 0|req: 909/1862] 10.0.0.36 () {34 vars in 748 bytes} [Tue Jul 14 10:05:59 2026] PUT /v2.0/subnetpools/8f03a292-392a-4bbf-a842-d45fd54fd576 => generated 500 bytes in 59 msecs (HTTP/1.1 200) 4 headers in 157 bytes (1 switches on core 0) [pid: 8|app: 0|req: 910/1863] 10.0.0.36 () {32 vars in 773 bytes} [Tue Jul 14 10:05:59 2026] GET /v2.0/security-groups?tenant_id=1e1c0e70d0a44c84887d591d4e47acf9&name=default => generated 2925 bytes in 71 msecs (HTTP/1.1 200) 4 headers in 158 bytes (1 switches on core 0)
2026-07-14 10:05:59.515 7 INFO neutron.db.ovn_revision_numbers_db [None req-730596a7-75d1-4407-864c-6b55e9913226 7f1c2f815b4e49a4823d8d85ba8da262 31d37bfc527d4608b6da1c64da7b0528 - - default default] Successfully bumped revision number for resource 1ab2f158-0111-4f7e-97bb-79163044d216 (type: networks) to 1
2026-07-14 10:05:59.670 8 INFO neutron_taas.services.taas.taas_plugin [None req-a8be5e65-8312-41cc-aa23-43f8a5e9e2b1 c51918153b9a44dc8725208537140061 2ac89058cdbb4417925a50c4c57426a9 - - default default] TaaS: Handle Delete Port: 09fce8fb-be98-4bda-a55c-ff3d234e0734
2026-07-14 10:05:59.674 8 INFO neutron_taas.services.taas.tap_mirror_plugin [None req-a8be5e65-8312-41cc-aa23-43f8a5e9e2b1 c51918153b9a44dc8725208537140061 2ac89058cdbb4417925a50c4c57426a9 - - default default] Tap Mirror: Handle Delete Port: 09fce8fb-be98-4bda-a55c-ff3d234e0734
2026-07-14 10:05:59.732 7 WARNING neutron.scheduler.dhcp_agent_scheduler [None req-730596a7-75d1-4407-864c-6b55e9913226 7f1c2f815b4e49a4823d8d85ba8da262 31d37bfc527d4608b6da1c64da7b0528 - - default default] No more DHCP agents
2026-07-14 10:05:59.733 7 WARNING neutron.api.rpc.agentnotifiers.dhcp_rpc_agent_api [None req-730596a7-75d1-4407-864c-6b55e9913226 7f1c2f815b4e49a4823d8d85ba8da262 31d37bfc527d4608b6da1c64da7b0528 - - default default] Unable to schedule network 1ab2f158-0111-4f7e-97bb-79163044d216: no agents available; will retry on subsequent port and subnet creation events.
2026-07-14 10:05:59.821 7 INFO neutron.plugins.ml2.drivers.ovn.mech_driver.mech_driver [None req-6f48bbdf-b6f1-4f9d-911b-2932e4412c96 - - - - - -] OVN reports status down for port: 4825b191-fd24-44b2-8260-afeae7862ad2 [pid: 8|app: 0|req: 911/1864] 10.0.0.36 () {32 vars in 719 bytes} [Tue Jul 14 10:05:59 2026] DELETE /v2.0/ports/09fce8fb-be98-4bda-a55c-ff3d234e0734 => generated 0 bytes in 384 msecs (HTTP/1.1 204) 3 headers in 131 bytes (1 switches on core 0)
2026-07-14 10:05:59.927 7 INFO neutron.db.ovn_revision_numbers_db [None req-730596a7-75d1-4407-864c-6b55e9913226 7f1c2f815b4e49a4823d8d85ba8da262 31d37bfc527d4608b6da1c64da7b0528 - - default default] Successfully bumped revision number for resource 4825b191-fd24-44b2-8260-afeae7862ad2 (type: ports) to 1 [pid: 8|app: 0|req: 912/1865] 10.0.0.36 () {32 vars in 731 bytes} [Tue Jul 14 10:05:59 2026] DELETE /v2.0/subnetpools/8f03a292-392a-4bbf-a842-d45fd54fd576 => generated 0 bytes in 53 msecs (HTTP/1.1 204) 2 headers in 112 bytes (1 switches on core 0) [pid: 7|app: 0|req: 954/1866] 10.0.0.36 () {34 vars in 669 bytes} [Tue Jul 14 10:05:58 2026] POST /v2.0/networks => generated 748 bytes in 1168 msecs (HTTP/1.1 201) 4 headers in 162 bytes (1 switches on core 0)
2026-07-14 10:05:59.999 7 INFO neutron.pecan_wsgi.hooks.translation [None req-43111d23-15bd-42d2-a3f4-bf82e8e3c989 c51918153b9a44dc8725208537140061 2ac89058cdbb4417925a50c4c57426a9 - - default default] DELETE failed (client error): The resource could not be found. [pid: 7|app: 0|req: 955/1867] 10.0.0.36 () {32 vars in 719 bytes} [Tue Jul 14 10:05:59 2026] DELETE /v2.0/ports/09fce8fb-be98-4bda-a55c-ff3d234e0734 => generated 132 bytes in 19 msecs (HTTP/1.1 404) 4 headers in 164 bytes (1 switches on core 0)
2026-07-14 10:06:00.014 7 INFO neutron.api.v2.resource [None req-3ca79c34-f3be-4d5b-b618-a1a8a7db3914 5cb81c756df044c0aa1002659dbb1f2e 3dd36175fae54ca2b4f09d494c123cb4 - - default default] show failed (client error): The resource could not be found. [pid: 7|app: 0|req: 956/1868] 10.0.0.36 () {32 vars in 728 bytes} [Tue Jul 14 10:06:00 2026] GET /v2.0/subnetpools/8f03a292-392a-4bbf-a842-d45fd54fd576 => generated 145 bytes in 13 msecs (HTTP/1.1 404) 4 headers in 164 bytes (1 switches on core 0)
2026-07-14 10:06:00.213 7 WARNING neutron.scheduler.dhcp_agent_scheduler [None req-d350f3da-0e3a-4a86-a3de-b2cd5f255153 7f1c2f815b4e49a4823d8d85ba8da262 31d37bfc527d4608b6da1c64da7b0528 - - default default] No more DHCP agents
2026-07-14 10:06:00.215 7 WARNING neutron.api.rpc.agentnotifiers.dhcp_rpc_agent_api [None req-d350f3da-0e3a-4a86-a3de-b2cd5f255153 7f1c2f815b4e49a4823d8d85ba8da262 31d37bfc527d4608b6da1c64da7b0528 - - default default] Unable to schedule network 1ab2f158-0111-4f7e-97bb-79163044d216: no agents available; will retry on subsequent port and subnet creation events. [pid: 8|app: 0|req: 913/1869] 10.0.0.36 () {32 vars in 739 bytes} [Tue Jul 14 10:05:59 2026] DELETE /v2.0/security-groups/8e9a0a9d-1b17-44c4-8369-630912a67d9a => generated 0 bytes in 275 msecs (HTTP/1.1 204) 2 headers in 112 bytes (1 switches on core 0)
2026-07-14 10:06:00.242 8 INFO neutron.pecan_wsgi.hooks.translation [None req-cb26a8e2-7ba2-47db-9e3e-3ae946ec70ad c51918153b9a44dc8725208537140061 2ac89058cdbb4417925a50c4c57426a9 - - default default] GET failed (client error): The resource could not be found. [pid: 8|app: 0|req: 914/1870] 10.0.0.36 () {32 vars in 716 bytes} [Tue Jul 14 10:06:00 2026] GET /v2.0/ports/09fce8fb-be98-4bda-a55c-ff3d234e0734 => generated 132 bytes in 15 msecs (HTTP/1.1 404) 4 headers in 164 bytes (1 switches on core 0)
2026-07-14 10:06:00.251 8 INFO neutron.api.v2.resource [None req-e6b39598-f27a-44b9-8a20-1944714e5bb2 5cb81c756df044c0aa1002659dbb1f2e 3dd36175fae54ca2b4f09d494c123cb4 - - default default] delete failed (client error): The resource could not be found. [pid: 8|app: 0|req: 915/1871] 10.0.0.36 () {32 vars in 731 bytes} [Tue Jul 14 10:06:00 2026] DELETE /v2.0/subnetpools/8f03a292-392a-4bbf-a842-d45fd54fd576 => generated 145 bytes in 8 msecs (HTTP/1.1 404) 4 headers in 164 bytes (1 switches on core 0) [pid: 8|app: 0|req: 916/1872] 10.0.0.36 () {32 vars in 723 bytes} [Tue Jul 14 10:06:00 2026] DELETE /v2.0/subnets/31471332-cfdb-42a9-b1b5-ea1c066fd3c6 => generated 0 bytes in 140 msecs (HTTP/1.1 204) 3 headers in 131 bytes (1 switches on core 0)
2026-07-14 10:06:00.517 8 INFO neutron.db.ovn_revision_numbers_db [None req-a9221816-6765-4e51-88f5-c7b39e2aa46c 989d73619b9348b981b2d1b10c28ce09 96bcc965d0e64c8d9cde68dbcfe20158 - - default default] Successfully bumped revision number for resource a4349271-05df-4d35-bc43-e8687920f8c8 (type: security_groups) to 1
2026-07-14 10:06:00.530 8 INFO neutron.db.ovn_revision_numbers_db [None req-a9221816-6765-4e51-88f5-c7b39e2aa46c 989d73619b9348b981b2d1b10c28ce09 96bcc965d0e64c8d9cde68dbcfe20158 - - default default] Successfully bumped revision number for resource 11b39a84-4cc1-4dfd-b1d6-4303d1bafe0b (type: security_group_rules) to 0
2026-07-14 10:06:00.542 8 INFO neutron.db.ovn_revision_numbers_db [None req-a9221816-6765-4e51-88f5-c7b39e2aa46c 989d73619b9348b981b2d1b10c28ce09 96bcc965d0e64c8d9cde68dbcfe20158 - - default default] Successfully bumped revision number for resource 5df97784-9746-4aa7-b894-19f7dba1313f (type: security_group_rules) to 0
2026-07-14 10:06:00.556 8 INFO neutron.db.ovn_revision_numbers_db [None req-a9221816-6765-4e51-88f5-c7b39e2aa46c 989d73619b9348b981b2d1b10c28ce09 96bcc965d0e64c8d9cde68dbcfe20158 - - default default] Successfully bumped revision number for resource 9a369e2c-04ce-4a28-84f8-20c8597922a4 (type: security_group_rules) to 0
2026-07-14 10:06:00.572 8 INFO neutron.db.ovn_revision_numbers_db [None req-a9221816-6765-4e51-88f5-c7b39e2aa46c 989d73619b9348b981b2d1b10c28ce09 96bcc965d0e64c8d9cde68dbcfe20158 - - default default] Successfully bumped revision number for resource ee1d3191-7015-4575-8cdc-ee940762bc21 (type: security_group_rules) to 0 [pid: 8|app: 0|req: 917/1873] 10.0.0.36 () {32 vars in 773 bytes} [Tue Jul 14 10:06:00 2026] GET /v2.0/security-groups?tenant_id=b799b4aed8824910b60371d324a4ab04&name=default => generated 2925 bytes in 220 msecs (HTTP/1.1 200) 4 headers in 158 bytes (1 switches on core 0)
2026-07-14 10:06:00.719 7 INFO neutron.db.ovn_revision_numbers_db [None req-22dd080d-f384-49a0-b4aa-764a006e1f30 - - - - - -] Successfully bumped revision number for resource 4825b191-fd24-44b2-8260-afeae7862ad2 (type: ports) to 2
2026-07-14 10:06:00.751 8 INFO neutron_taas.services.taas.taas_plugin [None req-7d754ff8-a671-4bb5-8628-6c64239d2347 c51918153b9a44dc8725208537140061 2ac89058cdbb4417925a50c4c57426a9 - - default default] TaaS: Handle Delete Port: c91213bb-ef95-4ec9-86f9-ddae9e8db888
2026-07-14 10:06:00.756 8 INFO neutron_taas.services.taas.tap_mirror_plugin [None req-7d754ff8-a671-4bb5-8628-6c64239d2347 c51918153b9a44dc8725208537140061 2ac89058cdbb4417925a50c4c57426a9 - - default default] Tap Mirror: Handle Delete Port: c91213bb-ef95-4ec9-86f9-ddae9e8db888
2026-07-14 10:06:00.760 7 INFO neutron.db.ovn_revision_numbers_db [None req-22dd080d-f384-49a0-b4aa-764a006e1f30 - - - - - -] Successfully bumped revision number for resource fa53453f-9e45-457b-8346-3ce685cf0623 (type: subnets) to 0 [pid: 7|app: 0|req: 957/1874] 10.0.0.36 () {34 vars in 668 bytes} [Tue Jul 14 10:06:00 2026] POST /v2.0/subnets => generated 644 bytes in 761 msecs (HTTP/1.1 201) 4 headers in 162 bytes (1 switches on core 0)
2026-07-14 10:06:00.961 8 INFO neutron.services.segments.plugin [-] Segment 0de26cf5-eee6-4198-b08f-c15c751998c0 resource provider aggregate not found
2026-07-14 10:06:00.964 8 INFO neutron.services.segments.plugin [-] Segment 0de26cf5-eee6-4198-b08f-c15c751998c0 resource provider aggregate not found
2026-07-14 10:06:00.984 8 INFO neutron.services.segments.plugin [-] Segment 0de26cf5-eee6-4198-b08f-c15c751998c0 resource provider not found; error: Placement Client Error (4xx): {"errors": [{"status": 404, "title": "Not Found", "detail": "The resource could not be found.\n\n No resource provider with uuid 0de26cf5-eee6-4198-b08f-c15c751998c0 found for delete ", "request_id": "req-6d7eebe0-968b-480b-aceb-1d8e67c25ccd"}]}
2026-07-14 10:06:00.989 8 INFO neutron.services.segments.plugin [-] Segment 0de26cf5-eee6-4198-b08f-c15c751998c0 resource provider not found; error: Placement Client Error (4xx): {"errors": [{"status": 404, "title": "Not Found", "detail": "The resource could not be found.\n\n No resource provider with uuid 0de26cf5-eee6-4198-b08f-c15c751998c0 found for delete ", "request_id": "req-34309a78-dce1-4633-b993-098faa90a98a"}]} [pid: 8|app: 0|req: 918/1875] 10.0.0.36 () {32 vars in 725 bytes} [Tue Jul 14 10:06:00 2026] DELETE /v2.0/networks/05c5e42a-6fb0-4db9-a532-e3c88ff1b8b3 => generated 0 bytes in 396 msecs (HTTP/1.1 204) 3 headers in 131 bytes (1 switches on core 0) [pid: 7|app: 0|req: 958/1876] 10.0.0.36 () {32 vars in 739 bytes} [Tue Jul 14 10:06:00 2026] DELETE /v2.0/security-groups/a4349271-05df-4d35-bc43-e8687920f8c8 => generated 0 bytes in 284 msecs (HTTP/1.1 204) 2 headers in 112 bytes (1 switches on core 0)
2026-07-14 10:06:01.067 7 WARNING neutron.api.v2.base [None req-5ccf60dd-8570-42a8-9896-d887b8b4f0be 7f1c2f815b4e49a4823d8d85ba8da262 31d37bfc527d4608b6da1c64da7b0528 - - default default] An exception happened while processing the request body. The exception message is [Invalid input for target_tenant. Reason: 'None' is not a valid string.].: webob.exc.HTTPBadRequest: Invalid input for target_tenant. Reason: 'None' is not a valid string.
2026-07-14 10:06:01.068 7 INFO neutron.api.v2.resource [None req-5ccf60dd-8570-42a8-9896-d887b8b4f0be 7f1c2f815b4e49a4823d8d85ba8da262 31d37bfc527d4608b6da1c64da7b0528 - - default default] create failed (client error): Invalid input for target_tenant. Reason: 'None' is not a valid string. [pid: 7|app: 0|req: 959/1877] 10.0.0.36 () {34 vars in 680 bytes} [Tue Jul 14 10:06:01 2026] POST /v2.0/rbac-policies => generated 143 bytes in 7 msecs (HTTP/1.1 400) 4 headers in 166 bytes (1 switches on core 0)
2026-07-14 10:06:01.152 7 INFO neutron.db.segments_db [None req-e1dbc9af-23a2-49bd-a92d-b593e7a3e1c6 c51918153b9a44dc8725208537140061 2ac89058cdbb4417925a50c4c57426a9 - - default default] Added segment 7eca8cb7-6191-4ed8-8a1c-51ef26aea2b3 of type geneve for network 87687458-dac3-4681-848e-a36e4ac1d1a1
2026-07-14 10:06:01.266 8 INFO neutron.db.ovn_revision_numbers_db [None req-77dd6181-31a0-416a-bd05-0ec8bcbc6808 989d73619b9348b981b2d1b10c28ce09 96bcc965d0e64c8d9cde68dbcfe20158 - - default default] Successfully bumped revision number for resource fc4efeac-bc7b-4afb-a26b-d8ca780e0b84 (type: security_groups) to 1
2026-07-14 10:06:01.287 8 INFO neutron.db.ovn_revision_numbers_db [None req-77dd6181-31a0-416a-bd05-0ec8bcbc6808 989d73619b9348b981b2d1b10c28ce09 96bcc965d0e64c8d9cde68dbcfe20158 - - default default] Successfully bumped revision number for resource 5b7ea04a-b67b-46f9-a39e-75dbf99d4bcb (type: security_group_rules) to 0
2026-07-14 10:06:01.296 7 INFO neutron.db.ovn_revision_numbers_db [None req-e1dbc9af-23a2-49bd-a92d-b593e7a3e1c6 c51918153b9a44dc8725208537140061 2ac89058cdbb4417925a50c4c57426a9 - - default default] Successfully bumped revision number for resource 87687458-dac3-4681-848e-a36e4ac1d1a1 (type: networks) to 1
2026-07-14 10:06:01.300 8 INFO neutron.db.ovn_revision_numbers_db [None req-77dd6181-31a0-416a-bd05-0ec8bcbc6808 989d73619b9348b981b2d1b10c28ce09 96bcc965d0e64c8d9cde68dbcfe20158 - - default default] Successfully bumped revision number for resource ad356d30-50f5-4630-a846-0a0cdc153a03 (type: security_group_rules) to 0
2026-07-14 10:06:01.326 8 INFO neutron.db.ovn_revision_numbers_db [None req-77dd6181-31a0-416a-bd05-0ec8bcbc6808 989d73619b9348b981b2d1b10c28ce09 96bcc965d0e64c8d9cde68dbcfe20158 - - default default] Successfully bumped revision number for resource c322146a-8b86-4538-85b0-f7d268bfb7b7 (type: security_group_rules) to 0
2026-07-14 10:06:01.342 8 INFO neutron.db.ovn_revision_numbers_db [None req-77dd6181-31a0-416a-bd05-0ec8bcbc6808 989d73619b9348b981b2d1b10c28ce09 96bcc965d0e64c8d9cde68dbcfe20158 - - default default] Successfully bumped revision number for resource de8669e7-eb07-4c35-853a-d8e78f0106a7 (type: security_group_rules) to 0 [pid: 8|app: 0|req: 919/1878] 10.0.0.36 () {32 vars in 773 bytes} [Tue Jul 14 10:06:01 2026] GET /v2.0/security-groups?tenant_id=3dd36175fae54ca2b4f09d494c123cb4&name=default => generated 2925 bytes in 406 msecs (HTTP/1.1 200) 4 headers in 158 bytes (1 switches on core 0)
2026-07-14 10:06:01.470 7 WARNING neutron.scheduler.dhcp_agent_scheduler [None req-e1dbc9af-23a2-49bd-a92d-b593e7a3e1c6 c51918153b9a44dc8725208537140061 2ac89058cdbb4417925a50c4c57426a9 - - default default] No more DHCP agents
2026-07-14 10:06:01.472 7 WARNING neutron.api.rpc.agentnotifiers.dhcp_rpc_agent_api [None req-e1dbc9af-23a2-49bd-a92d-b593e7a3e1c6 c51918153b9a44dc8725208537140061 2ac89058cdbb4417925a50c4c57426a9 - - default default] Unable to schedule network 87687458-dac3-4681-848e-a36e4ac1d1a1: no agents available; will retry on subsequent port and subnet creation events.
2026-07-14 10:06:01.544 8 INFO neutron.plugins.ml2.drivers.ovn.mech_driver.mech_driver [None req-044b108f-500e-4d7a-a080-bfa4a1d059cf - - - - - -] OVN reports status down for port: d179dfe5-d041-481b-9b56-32edaf518f7b
2026-07-14 10:06:01.562 7 INFO neutron.db.ovn_revision_numbers_db [None req-e1dbc9af-23a2-49bd-a92d-b593e7a3e1c6 c51918153b9a44dc8725208537140061 2ac89058cdbb4417925a50c4c57426a9 - - default default] Successfully bumped revision number for resource d179dfe5-d041-481b-9b56-32edaf518f7b (type: ports) to 1 [pid: 7|app: 0|req: 960/1879] 10.0.0.36 () {34 vars in 669 bytes} [Tue Jul 14 10:06:01 2026] POST /v2.0/networks => generated 654 bytes in 516 msecs (HTTP/1.1 201) 4 headers in 162 bytes (1 switches on core 0)
2026-07-14 10:06:01.630 8 INFO neutron_taas.services.taas.taas_plugin [None req-669333f8-a310-412f-86cc-6f79657f9cec 7f1c2f815b4e49a4823d8d85ba8da262 31d37bfc527d4608b6da1c64da7b0528 - - default default] TaaS: Handle Delete Port: 4825b191-fd24-44b2-8260-afeae7862ad2
