2026-07-14 10:06:09.711 8 INFO neutron.db.ovn_revision_numbers_db [None req-efba94a7-93cb-4c5f-8bb4-3995ee5159eb 989d73619b9348b981b2d1b10c28ce09 96bcc965d0e64c8d9cde68dbcfe20158 - - default default] Successfully bumped revision number for resource dd8713ff-eef3-4333-a18f-3569561c483f (type: security_group_rules) to 0 [pid: 8|app: 0|req: 959/1946] 10.0.0.36 () {32 vars in 773 bytes} [Tue Jul 14 10:06:09 2026] GET /v2.0/security-groups?tenant_id=a9295d4044164c3888c0adde68cd0978&name=default => generated 2925 bytes in 494 msecs (HTTP/1.1 200) 4 headers in 158 bytes (1 switches on core 0) [pid: 7|app: 0|req: 988/1947] 10.0.0.36 () {32 vars in 739 bytes} [Tue Jul 14 10:06:09 2026] DELETE /v2.0/security-groups/d0fd1947-bfd3-472c-985b-ad9cb8c58cd9 => generated 0 bytes in 303 msecs (HTTP/1.1 204) 2 headers in 112 bytes (1 switches on core 0) [pid: 8|app: 0|req: 960/1948] 10.0.0.36 () {32 vars in 773 bytes} [Tue Jul 14 10:06:10 2026] GET /v2.0/security-groups?tenant_id=31d37bfc527d4608b6da1c64da7b0528&name=default => generated 2925 bytes in 55 msecs (HTTP/1.1 200) 4 headers in 158 bytes (1 switches on core 0) [pid: 8|app: 0|req: 961/1949] 10.0.0.36 () {32 vars in 773 bytes} [Tue Jul 14 10:06:10 2026] GET /v2.0/security-groups?tenant_id=8e6ffed78d2e4935aeaec40eef71eda8&name=default => generated 2925 bytes in 149 msecs (HTTP/1.1 200) 4 headers in 158 bytes (1 switches on core 0)
2026-07-14 10:06:10.529 7 INFO neutron.db.ovn_revision_numbers_db [None req-67fd66c0-ace0-4e33-af07-f44907456a10 140721fb966942cdbed4b2e3c5d919b8 e35cfe5438434e759ce255fd3f880c17 - - default default] Successfully bumped revision number for resource f663b1b3-d0e9-481a-9f15-7bec200a900d (type: security_groups) to 1
2026-07-14 10:06:10.547 7 INFO neutron.db.ovn_revision_numbers_db [None req-67fd66c0-ace0-4e33-af07-f44907456a10 140721fb966942cdbed4b2e3c5d919b8 e35cfe5438434e759ce255fd3f880c17 - - default default] Successfully bumped revision number for resource 2e49831f-3355-4608-bc32-eb7078fe7e67 (type: security_group_rules) to 0
2026-07-14 10:06:10.561 7 INFO neutron.db.ovn_revision_numbers_db [None req-67fd66c0-ace0-4e33-af07-f44907456a10 140721fb966942cdbed4b2e3c5d919b8 e35cfe5438434e759ce255fd3f880c17 - - default default] Successfully bumped revision number for resource b1755391-c62f-4044-8e96-547dfbee6f2f (type: security_group_rules) to 0
2026-07-14 10:06:10.574 7 INFO neutron.db.ovn_revision_numbers_db [None req-67fd66c0-ace0-4e33-af07-f44907456a10 140721fb966942cdbed4b2e3c5d919b8 e35cfe5438434e759ce255fd3f880c17 - - default default] Successfully bumped revision number for resource bf7154f0-2f5c-4448-b201-0258aea940e2 (type: security_group_rules) to 0
2026-07-14 10:06:10.590 7 INFO neutron.db.ovn_revision_numbers_db [None req-67fd66c0-ace0-4e33-af07-f44907456a10 140721fb966942cdbed4b2e3c5d919b8 e35cfe5438434e759ce255fd3f880c17 - - default default] Successfully bumped revision number for resource d9d049e5-6178-4b88-a2ad-dcb7827a2cb5 (type: security_group_rules) to 0 [pid: 8|app: 0|req: 962/1950] 10.0.0.36 () {32 vars in 739 bytes} [Tue Jul 14 10:06:10 2026] DELETE /v2.0/security-groups/4cca00e8-5c22-4e58-a173-c74d57e8aa81 => generated 0 bytes in 233 msecs (HTTP/1.1 204) 2 headers in 112 bytes (1 switches on core 0)
2026-07-14 10:06:10.675 7 INFO neutron.db.segments_db [None req-67fd66c0-ace0-4e33-af07-f44907456a10 140721fb966942cdbed4b2e3c5d919b8 e35cfe5438434e759ce255fd3f880c17 - - default default] Added segment 9a061d1f-b764-473e-b15d-b385c25ab963 of type geneve for network bcad4dea-a3e2-4ce0-9ef5-fe56568c968e
2026-07-14 10:06:10.786 7 INFO neutron.db.ovn_revision_numbers_db [None req-67fd66c0-ace0-4e33-af07-f44907456a10 140721fb966942cdbed4b2e3c5d919b8 e35cfe5438434e759ce255fd3f880c17 - - default default] Successfully bumped revision number for resource bcad4dea-a3e2-4ce0-9ef5-fe56568c968e (type: networks) to 1
2026-07-14 10:06:10.864 8 INFO neutron.db.ovn_revision_numbers_db [None req-a70dd2ad-0497-45a7-abed-33e8f9d7ac60 989d73619b9348b981b2d1b10c28ce09 96bcc965d0e64c8d9cde68dbcfe20158 - - default default] Successfully bumped revision number for resource 11c72027-3e8d-41dd-b8a6-3f3254ed64bc (type: security_groups) to 1
2026-07-14 10:06:10.880 8 INFO neutron.db.ovn_revision_numbers_db [None req-a70dd2ad-0497-45a7-abed-33e8f9d7ac60 989d73619b9348b981b2d1b10c28ce09 96bcc965d0e64c8d9cde68dbcfe20158 - - default default] Successfully bumped revision number for resource 0bb557fb-dfc5-4509-81d5-cac9877ab422 (type: security_group_rules) to 0
2026-07-14 10:06:10.903 8 INFO neutron.db.ovn_revision_numbers_db [None req-a70dd2ad-0497-45a7-abed-33e8f9d7ac60 989d73619b9348b981b2d1b10c28ce09 96bcc965d0e64c8d9cde68dbcfe20158 - - default default] Successfully bumped revision number for resource 18cbb68f-0dd1-4f03-b1d6-f75646fd6ee3 (type: security_group_rules) to 0
2026-07-14 10:06:10.914 8 INFO neutron.db.ovn_revision_numbers_db [None req-a70dd2ad-0497-45a7-abed-33e8f9d7ac60 989d73619b9348b981b2d1b10c28ce09 96bcc965d0e64c8d9cde68dbcfe20158 - - default default] Successfully bumped revision number for resource 5523085f-18ce-40dd-a6fb-5aacd28a233d (type: security_group_rules) to 0
2026-07-14 10:06:10.926 8 INFO neutron.db.ovn_revision_numbers_db [None req-a70dd2ad-0497-45a7-abed-33e8f9d7ac60 989d73619b9348b981b2d1b10c28ce09 96bcc965d0e64c8d9cde68dbcfe20158 - - default default] Successfully bumped revision number for resource fa47c1ed-5a38-4d5c-b0d5-14227798c596 (type: security_group_rules) to 0
2026-07-14 10:06:11.007 7 WARNING neutron.scheduler.dhcp_agent_scheduler [None req-67fd66c0-ace0-4e33-af07-f44907456a10 140721fb966942cdbed4b2e3c5d919b8 e35cfe5438434e759ce255fd3f880c17 - - default default] No more DHCP agents
2026-07-14 10:06:11.009 7 WARNING neutron.api.rpc.agentnotifiers.dhcp_rpc_agent_api [None req-67fd66c0-ace0-4e33-af07-f44907456a10 140721fb966942cdbed4b2e3c5d919b8 e35cfe5438434e759ce255fd3f880c17 - - default default] Unable to schedule network bcad4dea-a3e2-4ce0-9ef5-fe56568c968e: no agents available; will retry on subsequent port and subnet creation events.
2026-07-14 10:06:11.010 8 INFO neutron.db.segments_db [None req-a70dd2ad-0497-45a7-abed-33e8f9d7ac60 989d73619b9348b981b2d1b10c28ce09 96bcc965d0e64c8d9cde68dbcfe20158 - - default default] Added segment ddbfd1e1-2246-40e2-a1a2-0ccb568ac0eb of type geneve for network 51e6e467-9157-4fc2-91a1-8aca1361395b
2026-07-14 10:06:11.059 7 INFO neutron.plugins.ml2.drivers.ovn.mech_driver.mech_driver [None req-6f48bbdf-b6f1-4f9d-911b-2932e4412c96 - - - - - -] OVN reports status down for port: b8aff5ed-4a48-4541-baa5-b852b9a5a1d4
2026-07-14 10:06:11.113 7 INFO neutron.db.ovn_revision_numbers_db [None req-67fd66c0-ace0-4e33-af07-f44907456a10 140721fb966942cdbed4b2e3c5d919b8 e35cfe5438434e759ce255fd3f880c17 - - default default] Successfully bumped revision number for resource b8aff5ed-4a48-4541-baa5-b852b9a5a1d4 (type: ports) to 1 [pid: 7|app: 0|req: 989/1951] 10.0.0.36 () {34 vars in 669 bytes} [Tue Jul 14 10:06:10 2026] POST /v2.0/networks => generated 648 bytes in 899 msecs (HTTP/1.1 201) 4 headers in 162 bytes (1 switches on core 0)
2026-07-14 10:06:11.168 8 INFO neutron.db.ovn_revision_numbers_db [None req-a70dd2ad-0497-45a7-abed-33e8f9d7ac60 989d73619b9348b981b2d1b10c28ce09 96bcc965d0e64c8d9cde68dbcfe20158 - - default default] Successfully bumped revision number for resource 51e6e467-9157-4fc2-91a1-8aca1361395b (type: networks) to 1
2026-07-14 10:06:11.230 7 INFO neutron.services.segments.plugin [-] Segment 08bb5de8-08b8-43ff-a655-de55a4ae53f3 resource provider aggregate not found
2026-07-14 10:06:11.247 7 INFO neutron.services.segments.plugin [-] Segment 08bb5de8-08b8-43ff-a655-de55a4ae53f3 resource provider aggregate not found
2026-07-14 10:06:11.255 7 INFO neutron.services.segments.plugin [-] Segment 08bb5de8-08b8-43ff-a655-de55a4ae53f3 resource provider not found; error: Placement Client Error (4xx): {"errors": [{"status": 404, "title": "Not Found", "detail": "The resource could not be found.\n\n No resource provider with uuid 08bb5de8-08b8-43ff-a655-de55a4ae53f3 found for delete ", "request_id": "req-537072d0-2f18-4e25-8cc4-ff776e5e6d2c"}]}
2026-07-14 10:06:11.270 7 INFO neutron.services.segments.plugin [-] Segment 08bb5de8-08b8-43ff-a655-de55a4ae53f3 resource provider not found; error: Placement Client Error (4xx): {"errors": [{"status": 404, "title": "Not Found", "detail": "The resource could not be found.\n\n No resource provider with uuid 08bb5de8-08b8-43ff-a655-de55a4ae53f3 found for delete ", "request_id": "req-4df651dd-bcea-4c43-8ad0-ae6a7ba7a67d"}]}
2026-07-14 10:06:11.360 8 WARNING neutron.scheduler.dhcp_agent_scheduler [None req-a70dd2ad-0497-45a7-abed-33e8f9d7ac60 989d73619b9348b981b2d1b10c28ce09 96bcc965d0e64c8d9cde68dbcfe20158 - - default default] No more DHCP agents
2026-07-14 10:06:11.362 8 WARNING neutron.api.rpc.agentnotifiers.dhcp_rpc_agent_api [None req-a70dd2ad-0497-45a7-abed-33e8f9d7ac60 989d73619b9348b981b2d1b10c28ce09 96bcc965d0e64c8d9cde68dbcfe20158 - - default default] Unable to schedule network 51e6e467-9157-4fc2-91a1-8aca1361395b: no agents available; will retry on subsequent port and subnet creation events. [pid: 7|app: 0|req: 990/1952] 10.0.0.36 () {32 vars in 739 bytes} [Tue Jul 14 10:06:11 2026] DELETE /v2.0/security-groups/7c216f94-c4f1-43a4-b343-f88a337fb3eb => generated 0 bytes in 250 msecs (HTTP/1.1 204) 2 headers in 112 bytes (1 switches on core 0)
2026-07-14 10:06:11.411 7 INFO neutron.plugins.ml2.drivers.ovn.mech_driver.mech_driver [None req-6f48bbdf-b6f1-4f9d-911b-2932e4412c96 - - - - - -] OVN reports status down for port: 5343f4a1-de6a-4d92-a1a0-f8526d4e5da1
2026-07-14 10:06:11.446 8 INFO neutron.db.ovn_revision_numbers_db [None req-a70dd2ad-0497-45a7-abed-33e8f9d7ac60 989d73619b9348b981b2d1b10c28ce09 96bcc965d0e64c8d9cde68dbcfe20158 - - default default] Successfully bumped revision number for resource 5343f4a1-de6a-4d92-a1a0-f8526d4e5da1 (type: ports) to 1 [pid: 8|app: 0|req: 963/1953] 10.0.0.36 () {34 vars in 670 bytes} [Tue Jul 14 10:06:10 2026] POST /v2.0/networks => generated 763 bytes in 805 msecs (HTTP/1.1 201) 4 headers in 162 bytes (1 switches on core 0)
2026-07-14 10:06:11.564 8 INFO neutron.db.segments_db [None req-a3eebd4c-3e55-4eb6-ad69-c5ad2b84d749 140721fb966942cdbed4b2e3c5d919b8 e35cfe5438434e759ce255fd3f880c17 - - default default] Added segment 0485c23d-f7e2-4db4-a5af-be02ad80ad8c of type geneve for network cec4a02f-b2dc-4be3-8561-86a9999e68e4
2026-07-14 10:06:11.576 7 INFO neutron.db.ovn_revision_numbers_db [None req-956fee9e-4c89-4828-921f-2598321b974a 989d73619b9348b981b2d1b10c28ce09 96bcc965d0e64c8d9cde68dbcfe20158 - - default default] Successfully bumped revision number for resource 07b904d2-e920-458f-9a16-a4a724f1ae9d (type: security_groups) to 1
2026-07-14 10:06:11.587 7 INFO neutron.db.ovn_revision_numbers_db [None req-956fee9e-4c89-4828-921f-2598321b974a 989d73619b9348b981b2d1b10c28ce09 96bcc965d0e64c8d9cde68dbcfe20158 - - default default] Successfully bumped revision number for resource 0485fefb-b429-414b-9e91-dcc6fa98eb2e (type: security_group_rules) to 0
2026-07-14 10:06:11.601 7 INFO neutron.db.ovn_revision_numbers_db [None req-956fee9e-4c89-4828-921f-2598321b974a 989d73619b9348b981b2d1b10c28ce09 96bcc965d0e64c8d9cde68dbcfe20158 - - default default] Successfully bumped revision number for resource 09f3c017-4d8d-46bd-87b0-be400212eb92 (type: security_group_rules) to 0
2026-07-14 10:06:11.613 7 INFO neutron.db.ovn_revision_numbers_db [None req-956fee9e-4c89-4828-921f-2598321b974a 989d73619b9348b981b2d1b10c28ce09 96bcc965d0e64c8d9cde68dbcfe20158 - - default default] Successfully bumped revision number for resource 88b594c3-854b-467a-a6dc-b9701c3ed837 (type: security_group_rules) to 0
2026-07-14 10:06:11.629 7 INFO neutron.db.ovn_revision_numbers_db [None req-956fee9e-4c89-4828-921f-2598321b974a 989d73619b9348b981b2d1b10c28ce09 96bcc965d0e64c8d9cde68dbcfe20158 - - default default] Successfully bumped revision number for resource dcbc7376-3307-48d6-a866-ee280d4ae439 (type: security_group_rules) to 0 [pid: 7|app: 0|req: 991/1954] 10.0.0.36 () {32 vars in 773 bytes} [Tue Jul 14 10:06:11 2026] GET /v2.0/security-groups?tenant_id=8330642082de43209939a018981554fe&name=default => generated 2925 bytes in 270 msecs (HTTP/1.1 200) 4 headers in 158 bytes (1 switches on core 0)
2026-07-14 10:06:11.690 8 INFO neutron.db.ovn_revision_numbers_db [None req-a3eebd4c-3e55-4eb6-ad69-c5ad2b84d749 140721fb966942cdbed4b2e3c5d919b8 e35cfe5438434e759ce255fd3f880c17 - - default default] Successfully bumped revision number for resource cec4a02f-b2dc-4be3-8561-86a9999e68e4 (type: networks) to 1
2026-07-14 10:06:11.823 7 WARNING neutron.scheduler.dhcp_agent_scheduler [None req-5aae2066-7f0a-43d7-9d3b-206d8b626f4b 989d73619b9348b981b2d1b10c28ce09 96bcc965d0e64c8d9cde68dbcfe20158 - - default default] No more DHCP agents
2026-07-14 10:06:11.824 7 WARNING neutron.api.rpc.agentnotifiers.dhcp_rpc_agent_api [None req-5aae2066-7f0a-43d7-9d3b-206d8b626f4b 989d73619b9348b981b2d1b10c28ce09 96bcc965d0e64c8d9cde68dbcfe20158 - - default default] Unable to schedule network 51e6e467-9157-4fc2-91a1-8aca1361395b: no agents available; will retry on subsequent port and subnet creation events.
2026-07-14 10:06:11.925 8 WARNING neutron.scheduler.dhcp_agent_scheduler [None req-a3eebd4c-3e55-4eb6-ad69-c5ad2b84d749 140721fb966942cdbed4b2e3c5d919b8 e35cfe5438434e759ce255fd3f880c17 - - default default] No more DHCP agents
2026-07-14 10:06:11.927 8 WARNING neutron.api.rpc.agentnotifiers.dhcp_rpc_agent_api [None req-a3eebd4c-3e55-4eb6-ad69-c5ad2b84d749 140721fb966942cdbed4b2e3c5d919b8 e35cfe5438434e759ce255fd3f880c17 - - default default] Unable to schedule network cec4a02f-b2dc-4be3-8561-86a9999e68e4: no agents available; will retry on subsequent port and subnet creation events.
2026-07-14 10:06:11.991 7 INFO neutron.plugins.ml2.drivers.ovn.mech_driver.mech_driver [None req-6f48bbdf-b6f1-4f9d-911b-2932e4412c96 - - - - - -] OVN reports status down for port: 92dfddf5-2373-4594-b3e9-55c4712ed7e2
2026-07-14 10:06:12.018 8 INFO neutron.db.ovn_revision_numbers_db [None req-a3eebd4c-3e55-4eb6-ad69-c5ad2b84d749 140721fb966942cdbed4b2e3c5d919b8 e35cfe5438434e759ce255fd3f880c17 - - default default] Successfully bumped revision number for resource 92dfddf5-2373-4594-b3e9-55c4712ed7e2 (type: ports) to 1 [pid: 8|app: 0|req: 964/1955] 10.0.0.36 () {34 vars in 669 bytes} [Tue Jul 14 10:06:11 2026] POST /v2.0/networks => generated 649 bytes in 580 msecs (HTTP/1.1 201) 4 headers in 162 bytes (1 switches on core 0)
2026-07-14 10:06:12.163 8 INFO neutron.db.ovn_revision_numbers_db [None req-d0f08cc0-8014-4a84-9ec9-4c1f1909ad62 989d73619b9348b981b2d1b10c28ce09 96bcc965d0e64c8d9cde68dbcfe20158 - - default default] Successfully bumped revision number for resource 5fb4749d-60e9-40c1-928d-f1dc4bc5d590 (type: security_groups) to 1
2026-07-14 10:06:12.177 8 INFO neutron.db.ovn_revision_numbers_db [None req-d0f08cc0-8014-4a84-9ec9-4c1f1909ad62 989d73619b9348b981b2d1b10c28ce09 96bcc965d0e64c8d9cde68dbcfe20158 - - default default] Successfully bumped revision number for resource 01fe7867-04bc-413f-aec1-d27dbbe946d9 (type: security_group_rules) to 0
2026-07-14 10:06:12.192 8 INFO neutron.db.ovn_revision_numbers_db [None req-d0f08cc0-8014-4a84-9ec9-4c1f1909ad62 989d73619b9348b981b2d1b10c28ce09 96bcc965d0e64c8d9cde68dbcfe20158 - - default default] Successfully bumped revision number for resource 3f192210-f407-4c94-ac6e-a1d5e8a4e712 (type: security_group_rules) to 0
2026-07-14 10:06:12.205 8 INFO neutron.db.ovn_revision_numbers_db [None req-d0f08cc0-8014-4a84-9ec9-4c1f1909ad62 989d73619b9348b981b2d1b10c28ce09 96bcc965d0e64c8d9cde68dbcfe20158 - - default default] Successfully bumped revision number for resource 74266cd2-a6f0-4f43-86db-bd6521e7111e (type: security_group_rules) to 0
2026-07-14 10:06:12.219 8 INFO neutron.db.ovn_revision_numbers_db [None req-d0f08cc0-8014-4a84-9ec9-4c1f1909ad62 989d73619b9348b981b2d1b10c28ce09 96bcc965d0e64c8d9cde68dbcfe20158 - - default default] Successfully bumped revision number for resource 7d0210ff-99b3-4fe2-9aab-cdb1be3dbca2 (type: security_group_rules) to 0 [pid: 8|app: 0|req: 965/1956] 10.0.0.36 () {32 vars in 773 bytes} [Tue Jul 14 10:06:12 2026] GET /v2.0/security-groups?tenant_id=71b9ac78f3f44655a490781635d19fab&name=default => generated 2925 bytes in 214 msecs (HTTP/1.1 200) 4 headers in 158 bytes (1 switches on core 0)
2026-07-14 10:06:12.346 7 INFO neutron.db.ovn_revision_numbers_db [None req-0ab9a55b-f54a-48d7-ab65-25d27491bc19 - - - - - -] Successfully bumped revision number for resource 5343f4a1-de6a-4d92-a1a0-f8526d4e5da1 (type: ports) to 2
2026-07-14 10:06:12.387 7 INFO neutron.db.ovn_revision_numbers_db [None req-0ab9a55b-f54a-48d7-ab65-25d27491bc19 - - - - - -] Successfully bumped revision number for resource b8003e4f-ea18-40e5-ada5-9da40f9e221a (type: subnets) to 0 [pid: 7|app: 0|req: 992/1957] 10.0.0.36 () {34 vars in 668 bytes} [Tue Jul 14 10:06:11 2026] POST /v2.0/subnets => generated 688 bytes in 725 msecs (HTTP/1.1 201) 4 headers in 162 bytes (1 switches on core 0) [pid: 8|app: 0|req: 966/1958] 10.0.0.36 () {32 vars in 739 bytes} [Tue Jul 14 10:06:12 2026] DELETE /v2.0/security-groups/07b904d2-e920-458f-9a16-a4a724f1ae9d => generated 0 bytes in 242 msecs (HTTP/1.1 204) 2 headers in 112 bytes (1 switches on core 0)
2026-07-14 10:06:12.603 7 WARNING neutron.scheduler.dhcp_agent_scheduler [None req-fe5472a8-2181-4635-bfef-d2aabb4d39bd 140721fb966942cdbed4b2e3c5d919b8 e35cfe5438434e759ce255fd3f880c17 - - default default] No more DHCP agents
2026-07-14 10:06:12.604 7 WARNING neutron.api.rpc.agentnotifiers.dhcp_rpc_agent_api [None req-fe5472a8-2181-4635-bfef-d2aabb4d39bd 140721fb966942cdbed4b2e3c5d919b8 e35cfe5438434e759ce255fd3f880c17 - - default default] Unable to schedule network bcad4dea-a3e2-4ce0-9ef5-fe56568c968e: no agents available; will retry on subsequent port and subnet creation events. [pid: 8|app: 0|req: 967/1959] 10.0.0.36 () {32 vars in 739 bytes} [Tue Jul 14 10:06:12 2026] DELETE /v2.0/security-groups/5fb4749d-60e9-40c1-928d-f1dc4bc5d590 => generated 0 bytes in 227 msecs (HTTP/1.1 204) 2 headers in 112 bytes (1 switches on core 0)
2026-07-14 10:06:13.088 7 INFO neutron.db.ovn_revision_numbers_db [None req-eb6dd34b-b9af-4d29-9219-5a2776eb2a83 - - - - - -] Successfully bumped revision number for resource b8aff5ed-4a48-4541-baa5-b852b9a5a1d4 (type: ports) to 2
2026-07-14 10:06:13.128 7 INFO neutron.db.ovn_revision_numbers_db [None req-eb6dd34b-b9af-4d29-9219-5a2776eb2a83 - - - - - -] Successfully bumped revision number for resource 6b3e4868-e8b0-47d1-ae2d-887ad4796c39 (type: subnets) to 0 [pid: 7|app: 0|req: 993/1960] 10.0.0.36 () {34 vars in 668 bytes} [Tue Jul 14 10:06:12 2026] POST /v2.0/subnets => generated 626 bytes in 745 msecs (HTTP/1.1 201) 4 headers in 162 bytes (1 switches on core 0)
2026-07-14 10:06:13.243 8 WARNING neutron.scheduler.dhcp_agent_scheduler [None req-4068d231-fe7e-447c-bdcb-e15c56f5f0a5 989d73619b9348b981b2d1b10c28ce09 96bcc965d0e64c8d9cde68dbcfe20158 - - default default] No more DHCP agents
2026-07-14 10:06:13.246 8 WARNING neutron.api.rpc.agentnotifiers.dhcp_rpc_agent_api [None req-4068d231-fe7e-447c-bdcb-e15c56f5f0a5 989d73619b9348b981b2d1b10c28ce09 96bcc965d0e64c8d9cde68dbcfe20158 - - default default] Unable to schedule network 4a6370d9-a6bd-4fe8-9ad1-0bfe87b43b6a: no agents available; will retry on subsequent port and subnet creation events.
2026-07-14 10:06:13.334 8 INFO neutron.plugins.ml2.drivers.ovn.mech_driver.mech_driver [None req-044b108f-500e-4d7a-a080-bfa4a1d059cf - - - - - -] OVN reports status down for port: 16b0e05f-0740-426c-963b-6a6c2cf7fbc6
2026-07-14 10:06:13.378 7 WARNING neutron.scheduler.dhcp_agent_scheduler [None req-c35b7a71-f4bc-4c67-8956-dd66a13c440c 140721fb966942cdbed4b2e3c5d919b8 e35cfe5438434e759ce255fd3f880c17 - - default default] No more DHCP agents
2026-07-14 10:06:13.380 7 WARNING neutron.api.rpc.agentnotifiers.dhcp_rpc_agent_api [None req-c35b7a71-f4bc-4c67-8956-dd66a13c440c 140721fb966942cdbed4b2e3c5d919b8 e35cfe5438434e759ce255fd3f880c17 - - default default] Unable to schedule network cec4a02f-b2dc-4be3-8561-86a9999e68e4: no agents available; will retry on subsequent port and subnet creation events.
2026-07-14 10:06:13.414 8 INFO neutron.db.ovn_revision_numbers_db [None req-4068d231-fe7e-447c-bdcb-e15c56f5f0a5 989d73619b9348b981b2d1b10c28ce09 96bcc965d0e64c8d9cde68dbcfe20158 - - default default] Successfully bumped revision number for resource 16b0e05f-0740-426c-963b-6a6c2cf7fbc6 (type: ports) to 1
2026-07-14 10:06:13.997 7 INFO neutron.db.ovn_revision_numbers_db [None req-48dce0c5-fe47-44a2-921d-ffac81726f1a - - - - - -] Successfully bumped revision number for resource 92dfddf5-2373-4594-b3e9-55c4712ed7e2 (type: ports) to 2
2026-07-14 10:06:14.038 7 INFO neutron.db.ovn_revision_numbers_db [None req-48dce0c5-fe47-44a2-921d-ffac81726f1a - - - - - -] Successfully bumped revision number for resource 75294d46-1402-4f10-89b6-12f1496d89ca (type: subnets) to 0 [pid: 7|app: 0|req: 994/1961] 10.0.0.36 () {34 vars in 668 bytes} [Tue Jul 14 10:06:13 2026] POST /v2.0/subnets => generated 626 bytes in 910 msecs (HTTP/1.1 201) 4 headers in 162 bytes (1 switches on core 0)
2026-07-14 10:06:14.199 7 INFO neutron.db.ovn_revision_numbers_db [None req-76ad4c7d-4de0-4d35-9005-82d6298cb7b8 140721fb966942cdbed4b2e3c5d919b8 e35cfe5438434e759ce255fd3f880c17 - - default default] Successfully bumped revision number for resource d8b93cb3-a139-49ba-a7ae-a487092654f7 (type: routers) to 1 [pid: 7|app: 0|req: 995/1962] 10.0.0.36 () {34 vars in 668 bytes} [Tue Jul 14 10:06:14 2026] POST /v2.0/routers => generated 602 bytes in 153 msecs (HTTP/1.1 201) 4 headers in 162 bytes (1 switches on core 0)
2026-07-14 10:06:14.256 8 INFO neutron.plugins.ml2.drivers.ovn.mech_driver.ovsdb.commands [None req-9cf0470a-b10a-4859-bc58-fef148e59576 - - - - - -] Schedule LRP lrp-16b0e05f-0740-426c-963b-6a6c2cf7fbc6 on gateway 043548b2-affb-419f-9b82-4da68f59d191 with priority 1
2026-07-14 10:06:14.279 8 INFO neutron.plugins.ml2.drivers.ovn.mech_driver.mech_driver [None req-044b108f-500e-4d7a-a080-bfa4a1d059cf - - - - - -] OVN reports status up for port: 16b0e05f-0740-426c-963b-6a6c2cf7fbc6
2026-07-14 10:06:14.317 8 INFO neutron.plugins.ml2.plugin [None req-044b108f-500e-4d7a-a080-bfa4a1d059cf - - - - - -] Attempt 1 to provision port 16b0e05f-0740-426c-963b-6a6c2cf7fbc6
2026-07-14 10:06:14.350 8 INFO neutron.plugins.ml2.drivers.ovn.mech_driver.ovsdb.ovsdb_monitor [None req-716c05f6-7dca-4372-911a-d53c1ae5560f - - - - - -] Router e1dec270-17e3-4d86-8432-fe94954d797c is bound to host instance
2026-07-14 10:06:14.379 8 INFO neutron.db.ovn_revision_numbers_db [None req-4068d231-fe7e-447c-bdcb-e15c56f5f0a5 989d73619b9348b981b2d1b10c28ce09 96bcc965d0e64c8d9cde68dbcfe20158 - - default default] Successfully bumped revision number for resource 16b0e05f-0740-426c-963b-6a6c2cf7fbc6 (type: router_ports) to 1
2026-07-14 10:06:14.596 8 INFO neutron.db.ovn_revision_numbers_db [None req-4068d231-fe7e-447c-bdcb-e15c56f5f0a5 989d73619b9348b981b2d1b10c28ce09 96bcc965d0e64c8d9cde68dbcfe20158 - - default default] Successfully bumped revision number for resource e1dec270-17e3-4d86-8432-fe94954d797c (type: routers) to 2 [pid: 8|app: 0|req: 968/1963] 10.0.0.36 () {34 vars in 668 bytes} [Tue Jul 14 10:06:12 2026] POST /v2.0/routers => generated 966 bytes in 1901 msecs (HTTP/1.1 201) 4 headers in 162 bytes (1 switches on core 0)
2026-07-14 10:06:14.705 7 WARNING neutron.scheduler.dhcp_agent_scheduler [None req-681a7179-caa8-4a53-9c2f-e25a94e716cd 140721fb966942cdbed4b2e3c5d919b8 e35cfe5438434e759ce255fd3f880c17 - - default default] No more DHCP agents
2026-07-14 10:06:14.706 7 WARNING neutron.api.rpc.agentnotifiers.dhcp_rpc_agent_api [None req-681a7179-caa8-4a53-9c2f-e25a94e716cd 140721fb966942cdbed4b2e3c5d919b8 e35cfe5438434e759ce255fd3f880c17 - - default default] Unable to schedule network bcad4dea-a3e2-4ce0-9ef5-fe56568c968e: no agents available; will retry on subsequent port and subnet creation events.
2026-07-14 10:06:14.842 7 INFO neutron.plugins.ml2.drivers.ovn.mech_driver.mech_driver [None req-6f48bbdf-b6f1-4f9d-911b-2932e4412c96 - - - - - -] OVN reports status down for port: 8f57c8e3-aaf7-42a3-ae8d-2513e679e028
2026-07-14 10:06:14.933 7 INFO neutron.db.ovn_revision_numbers_db [None req-681a7179-caa8-4a53-9c2f-e25a94e716cd 140721fb966942cdbed4b2e3c5d919b8 e35cfe5438434e759ce255fd3f880c17 - - default default] Successfully bumped revision number for resource 8f57c8e3-aaf7-42a3-ae8d-2513e679e028 (type: ports) to 1
2026-07-14 10:06:15.494 8 WARNING neutron.scheduler.dhcp_agent_scheduler [None req-721eb761-fe09-4618-b90c-b1b92427166d 989d73619b9348b981b2d1b10c28ce09 96bcc965d0e64c8d9cde68dbcfe20158 - - default default] No more DHCP agents
2026-07-14 10:06:15.496 8 WARNING neutron.api.rpc.agentnotifiers.dhcp_rpc_agent_api [None req-721eb761-fe09-4618-b90c-b1b92427166d 989d73619b9348b981b2d1b10c28ce09 96bcc965d0e64c8d9cde68dbcfe20158 - - default default] Unable to schedule network 51e6e467-9157-4fc2-91a1-8aca1361395b: no agents available; will retry on subsequent port and subnet creation events.
2026-07-14 10:06:15.509 7 INFO neutron.plugins.ml2.drivers.ovn.mech_driver.mech_driver [None req-6f48bbdf-b6f1-4f9d-911b-2932e4412c96 - - - - - -] OVN reports status up for port: 8f57c8e3-aaf7-42a3-ae8d-2513e679e028
2026-07-14 10:06:15.548 7 INFO neutron.plugins.ml2.plugin [None req-6f48bbdf-b6f1-4f9d-911b-2932e4412c96 - - - - - -] Attempt 1 to provision port 8f57c8e3-aaf7-42a3-ae8d-2513e679e028
2026-07-14 10:06:15.660 7 WARNING neutron.scheduler.dhcp_agent_scheduler [None req-681a7179-caa8-4a53-9c2f-e25a94e716cd 140721fb966942cdbed4b2e3c5d919b8 e35cfe5438434e759ce255fd3f880c17 - - default default] No more DHCP agents
2026-07-14 10:06:15.663 7 WARNING neutron.api.rpc.agentnotifiers.dhcp_rpc_agent_api [None req-681a7179-caa8-4a53-9c2f-e25a94e716cd 140721fb966942cdbed4b2e3c5d919b8 e35cfe5438434e759ce255fd3f880c17 - - default default] Unable to schedule network bcad4dea-a3e2-4ce0-9ef5-fe56568c968e: no agents available; will retry on subsequent port and subnet creation events.
2026-07-14 10:06:15.738 8 INFO neutron.db.ovn_revision_numbers_db [None req-721eb761-fe09-4618-b90c-b1b92427166d 989d73619b9348b981b2d1b10c28ce09 96bcc965d0e64c8d9cde68dbcfe20158 - - default default] Successfully bumped revision number for resource 4ac73a3b-d55c-48b3-b2f4-7b90774232ab (type: ports) to 1
2026-07-14 10:06:16.047 8 INFO neutron.db.ovn_revision_numbers_db [None req-99ed6598-1e3a-4e4d-b463-f40c3dd3e1b1 - - - - - -] Successfully bumped revision number for resource 16b0e05f-0740-426c-963b-6a6c2cf7fbc6 (type: ports) to 4
2026-07-14 10:06:16.120 7 INFO neutron.db.ovn_revision_numbers_db [None req-681a7179-caa8-4a53-9c2f-e25a94e716cd 140721fb966942cdbed4b2e3c5d919b8 e35cfe5438434e759ce255fd3f880c17 - - default default] Successfully bumped revision number for resource 8f57c8e3-aaf7-42a3-ae8d-2513e679e028 (type: router_ports) to 1 [pid: 7|app: 0|req: 996/1964] 10.0.0.36 () {34 vars in 782 bytes} [Tue Jul 14 10:06:14 2026] PUT /v2.0/routers/d8b93cb3-a139-49ba-a7ae-a487092654f7/add_router_interface => generated 309 bytes in 1918 msecs (HTTP/1.1 200) 4 headers in 157 bytes (1 switches on core 0)
2026-07-14 10:06:16.283 7 INFO neutron.db.ovn_revision_numbers_db [None req-6f48bbdf-b6f1-4f9d-911b-2932e4412c96 - - - - - -] Successfully bumped revision number for resource 8f57c8e3-aaf7-42a3-ae8d-2513e679e028 (type: ports) to 2 [pid: 7|app: 0|req: 997/1965] 10.0.0.209 () {28 vars in 591 bytes} [Tue Jul 14 10:06:16 2026] GET /v2.0/floatingips => generated 19 bytes in 211 msecs (HTTP/1.1 200) 4 headers in 156 bytes (1 switches on core 0) [pid: 7|app: 0|req: 998/1966] 10.0.0.36 () {32 vars in 716 bytes} [Tue Jul 14 10:06:16 2026] GET /v2.0/ports/8f57c8e3-aaf7-42a3-ae8d-2513e679e028 => generated 943 bytes in 44 msecs (HTTP/1.1 200) 4 headers in 157 bytes (1 switches on core 0) [pid: 7|app: 0|req: 999/1967] 10.0.0.209 () {28 vars in 579 bytes} [Tue Jul 14 10:06:16 2026] GET /v2.0/ports => generated 11551 bytes in 90 msecs (HTTP/1.1 200) 4 headers in 159 bytes (1 switches on core 0)
2026-07-14 10:06:17.017 7 WARNING neutron.scheduler.dhcp_agent_scheduler [None req-69d54624-83d1-460c-900b-250af4679246 140721fb966942cdbed4b2e3c5d919b8 e35cfe5438434e759ce255fd3f880c17 - - default default] No more DHCP agents
2026-07-14 10:06:17.019 7 WARNING neutron.api.rpc.agentnotifiers.dhcp_rpc_agent_api [None req-69d54624-83d1-460c-900b-250af4679246 140721fb966942cdbed4b2e3c5d919b8 e35cfe5438434e759ce255fd3f880c17 - - default default] Unable to schedule network cec4a02f-b2dc-4be3-8561-86a9999e68e4: no agents available; will retry on subsequent port and subnet creation events.
2026-07-14 10:06:17.260 7 INFO neutron.db.ovn_revision_numbers_db [None req-69d54624-83d1-460c-900b-250af4679246 140721fb966942cdbed4b2e3c5d919b8 e35cfe5438434e759ce255fd3f880c17 - - default default] Successfully bumped revision number for resource 8bb94445-17aa-4dfd-bbdc-5da41a57dea9 (type: ports) to 1
2026-07-14 10:06:17.507 8 INFO neutron.db.ovn_revision_numbers_db [None req-99ed6598-1e3a-4e4d-b463-f40c3dd3e1b1 - - - - - -] Successfully bumped revision number for resource 16b0e05f-0740-426c-963b-6a6c2cf7fbc6 (type: ports) to 5
2026-07-14 10:06:17.822 8 WARNING neutron.scheduler.dhcp_agent_scheduler [None req-721eb761-fe09-4618-b90c-b1b92427166d 989d73619b9348b981b2d1b10c28ce09 96bcc965d0e64c8d9cde68dbcfe20158 - - default default] No more DHCP agents
2026-07-14 10:06:17.824 8 WARNING neutron.api.rpc.agentnotifiers.dhcp_rpc_agent_api [None req-721eb761-fe09-4618-b90c-b1b92427166d 989d73619b9348b981b2d1b10c28ce09 96bcc965d0e64c8d9cde68dbcfe20158 - - default default] Unable to schedule network 51e6e467-9157-4fc2-91a1-8aca1361395b: no agents available; will retry on subsequent port and subnet creation events.
2026-07-14 10:06:18.212 7 WARNING neutron.scheduler.dhcp_agent_scheduler [None req-69d54624-83d1-460c-900b-250af4679246 140721fb966942cdbed4b2e3c5d919b8 e35cfe5438434e759ce255fd3f880c17 - - default default] No more DHCP agents
2026-07-14 10:06:18.214 7 WARNING neutron.api.rpc.agentnotifiers.dhcp_rpc_agent_api [None req-69d54624-83d1-460c-900b-250af4679246 140721fb966942cdbed4b2e3c5d919b8 e35cfe5438434e759ce255fd3f880c17 - - default default] Unable to schedule network cec4a02f-b2dc-4be3-8561-86a9999e68e4: no agents available; will retry on subsequent port and subnet creation events.
2026-07-14 10:06:18.530 8 INFO neutron.db.ovn_revision_numbers_db [None req-721eb761-fe09-4618-b90c-b1b92427166d 989d73619b9348b981b2d1b10c28ce09 96bcc965d0e64c8d9cde68dbcfe20158 - - default default] Successfully bumped revision number for resource 4ac73a3b-d55c-48b3-b2f4-7b90774232ab (type: router_ports) to 1 [pid: 8|app: 0|req: 969/1968] 10.0.0.36 () {34 vars in 782 bytes} [Tue Jul 14 10:06:14 2026] PUT /v2.0/routers/e1dec270-17e3-4d86-8432-fe94954d797c/add_router_interface => generated 309 bytes in 3899 msecs (HTTP/1.1 200) 4 headers in 157 bytes (1 switches on core 0) [pid: 8|app: 0|req: 970/1969] 10.0.0.209 () {28 vars in 585 bytes} [Tue Jul 14 10:06:18 2026] GET /v2.0/networks => generated 4643 bytes in 61 msecs (HTTP/1.1 200) 4 headers in 158 bytes (1 switches on core 0)
2026-07-14 10:06:18.624 7 INFO neutron.db.ovn_revision_numbers_db [None req-69d54624-83d1-460c-900b-250af4679246 140721fb966942cdbed4b2e3c5d919b8 e35cfe5438434e759ce255fd3f880c17 - - default default] Successfully bumped revision number for resource 8bb94445-17aa-4dfd-bbdc-5da41a57dea9 (type: router_ports) to 1 [pid: 7|app: 0|req: 1000/1970] 10.0.0.36 () {34 vars in 782 bytes} [Tue Jul 14 10:06:16 2026] PUT /v2.0/routers/d8b93cb3-a139-49ba-a7ae-a487092654f7/add_router_interface => generated 309 bytes in 2139 msecs (HTTP/1.1 200) 4 headers in 157 bytes (1 switches on core 0) [pid: 7|app: 0|req: 1003/1973] 10.0.0.209 () {28 vars in 583 bytes} [Tue Jul 14 10:06:18 2026] GET /v2.0/subnets => generated 3254 bytes in 44 msecs (HTTP/1.1 200) 4 headers in 158 bytes (1 switches on core 0) [pid: 7|app: 0|req: 1004/1974] 10.0.0.36 () {32 vars in 716 bytes} [Tue Jul 14 10:06:18 2026] GET /v2.0/ports/8bb94445-17aa-4dfd-bbdc-5da41a57dea9 => generated 941 bytes in 71 msecs (HTTP/1.1 200) 4 headers in 157 bytes (1 switches on core 0) [pid: 7|app: 0|req: 1005/1975] 10.0.0.209 () {28 vars in 619 bytes} [Tue Jul 14 10:06:18 2026] GET /v2.0/network-ip-availabilities => generated 2401 bytes in 15 msecs (HTTP/1.1 200) 4 headers in 158 bytes (1 switches on core 0) [pid: 7|app: 0|req: 1006/1976] 10.0.0.36 () {32 vars in 716 bytes} [Tue Jul 14 10:06:18 2026] GET /v2.0/ports/8bb94445-17aa-4dfd-bbdc-5da41a57dea9 => generated 941 bytes in 36 msecs (HTTP/1.1 200) 4 headers in 157 bytes (1 switches on core 0) [pid: 7|app: 0|req: 1007/1977] 10.0.0.209 () {28 vars in 583 bytes} [Tue Jul 14 10:06:18 2026] GET /v2.0/subnets => generated 3254 bytes in 40 msecs (HTTP/1.1 200) 4 headers in 158 bytes (1 switches on core 0) [pid: 7|app: 0|req: 1008/1978] 10.0.0.209 () {28 vars in 591 bytes} [Tue Jul 14 10:06:18 2026] GET /v2.0/subnetpools => generated 19 bytes in 13 msecs (HTTP/1.1 200) 4 headers in 156 bytes (1 switches on core 0) [pid: 7|app: 0|req: 1009/1979] 10.0.0.209 () {28 vars in 599 bytes} [Tue Jul 14 10:06:18 2026] GET /v2.0/security-groups => generated 23205 bytes in 51 msecs (HTTP/1.1 200) 4 headers in 159 bytes (1 switches on core 0)
2026-07-14 10:06:19.017 8 WARNING neutron.scheduler.dhcp_agent_scheduler [None req-d972b8ec-6797-4361-9c93-327068140c90 0ab55ff9721d46cba32c59b8a5bdedf4 431461a5943f490097702cc8adc3bcca - - default default] No more DHCP agents
2026-07-14 10:06:19.021 8 WARNING neutron.api.rpc.agentnotifiers.dhcp_rpc_agent_api [None req-d972b8ec-6797-4361-9c93-327068140c90 0ab55ff9721d46cba32c59b8a5bdedf4 431461a5943f490097702cc8adc3bcca - - default default] Unable to schedule network 4a6370d9-a6bd-4fe8-9ad1-0bfe87b43b6a: no agents available; will retry on subsequent port and subnet creation events. [pid: 7|app: 0|req: 1010/1980] 10.0.0.209 () {28 vars in 583 bytes} [Tue Jul 14 10:06:18 2026] GET /v2.0/routers => generated 1585 bytes in 89 msecs (HTTP/1.1 200) 4 headers in 158 bytes (1 switches on core 0) [pid: 7|app: 0|req: 1011/1981] 10.0.0.209 () {28 vars in 624 bytes} [Tue Jul 14 10:06:19 2026] GET /v2.0/agents?binary=ovn-controller => generated 416 bytes in 13 msecs (HTTP/1.1 200) 4 headers in 157 bytes (1 switches on core 0) [pid: 7|app: 0|req: 1012/1982] 10.0.0.209 () {28 vars in 581 bytes} [Tue Jul 14 10:06:19 2026] GET /v2.0/agents => generated 1214 bytes in 15 msecs (HTTP/1.1 200) 4 headers in 158 bytes (1 switches on core 0) [pid: 8|app: 0|req: 971/1983] 10.0.0.36 () {34 vars in 675 bytes} [Tue Jul 14 10:06:18 2026] POST /v2.0/floatingips => generated 552 bytes in 743 msecs (HTTP/1.1 201) 4 headers in 162 bytes (1 switches on core 0)
2026-07-14 10:06:19.612 7 WARNING neutron.scheduler.dhcp_agent_scheduler [None req-52a32c3d-9850-4dcc-aa6a-57e18a30da5d 0ab55ff9721d46cba32c59b8a5bdedf4 431461a5943f490097702cc8adc3bcca - - default default] No more DHCP agents
2026-07-14 10:06:19.614 7 WARNING neutron.api.rpc.agentnotifiers.dhcp_rpc_agent_api [None req-52a32c3d-9850-4dcc-aa6a-57e18a30da5d 0ab55ff9721d46cba32c59b8a5bdedf4 431461a5943f490097702cc8adc3bcca - - default default] Unable to schedule network 4a6370d9-a6bd-4fe8-9ad1-0bfe87b43b6a: no agents available; will retry on subsequent port and subnet creation events. [pid: 8|app: 0|req: 972/1984] 10.0.0.36 () {32 vars in 716 bytes} [Tue Jul 14 10:06:19 2026] GET /v2.0/ports/8bb94445-17aa-4dfd-bbdc-5da41a57dea9 => generated 941 bytes in 93 msecs (HTTP/1.1 200) 4 headers in 157 bytes (1 switches on core 0) [pid: 7|app: 0|req: 1013/1985] 10.0.0.36 () {34 vars in 675 bytes} [Tue Jul 14 10:06:19 2026] POST /v2.0/floatingips => generated 552 bytes in 638 msecs (HTTP/1.1 201) 4 headers in 162 bytes (1 switches on core 0)
2026-07-14 10:06:20.260 8 WARNING neutron.scheduler.dhcp_agent_scheduler [None req-d577bebb-06bf-4247-b9d8-8e5a0441a925 0ab55ff9721d46cba32c59b8a5bdedf4 431461a5943f490097702cc8adc3bcca - - default default] No more DHCP agents
2026-07-14 10:06:20.261 8 WARNING neutron.api.rpc.agentnotifiers.dhcp_rpc_agent_api [None req-d577bebb-06bf-4247-b9d8-8e5a0441a925 0ab55ff9721d46cba32c59b8a5bdedf4 431461a5943f490097702cc8adc3bcca - - default default] Unable to schedule network 4a6370d9-a6bd-4fe8-9ad1-0bfe87b43b6a: no agents available; will retry on subsequent port and subnet creation events. [pid: 8|app: 0|req: 973/1986] 10.0.0.36 () {34 vars in 675 bytes} [Tue Jul 14 10:06:19 2026] POST /v2.0/floatingips => generated 552 bytes in 583 msecs (HTTP/1.1 201) 4 headers in 162 bytes (1 switches on core 0)
2026-07-14 10:06:20.838 7 WARNING neutron.scheduler.dhcp_agent_scheduler [None req-ac6bfbe9-9a72-45fa-8000-5656e4103e6d 0ab55ff9721d46cba32c59b8a5bdedf4 431461a5943f490097702cc8adc3bcca - - default default] No more DHCP agents
2026-07-14 10:06:20.840 7 WARNING neutron.api.rpc.agentnotifiers.dhcp_rpc_agent_api [None req-ac6bfbe9-9a72-45fa-8000-5656e4103e6d 0ab55ff9721d46cba32c59b8a5bdedf4 431461a5943f490097702cc8adc3bcca - - default default] Unable to schedule network 4a6370d9-a6bd-4fe8-9ad1-0bfe87b43b6a: no agents available; will retry on subsequent port and subnet creation events. [pid: 8|app: 0|req: 974/1987] 10.0.0.158 () {34 vars in 982 bytes} [Tue Jul 14 10:06:20 2026] GET /v2.0/networks?id=51e6e467-9157-4fc2-91a1-8aca1361395b => generated 711 bytes in 63 msecs (HTTP/1.1 200) 4 headers in 157 bytes (1 switches on core 0) [pid: 8|app: 0|req: 975/1988] 10.0.0.158 () {34 vars in 965 bytes} [Tue Jul 14 10:06:20 2026] GET /v2.0/quotas/c1d79abd25c947fbaae6f018a47265af => generated 292 bytes in 12 msecs (HTTP/1.1 200) 4 headers in 157 bytes (1 switches on core 0) [pid: 8|app: 0|req: 976/1989] 10.0.0.158 () {34 vars in 1002 bytes} [Tue Jul 14 10:06:20 2026] GET /v2.0/ports?tenant_id=c1d79abd25c947fbaae6f018a47265af&fields=id => generated 103 bytes in 84 msecs (HTTP/1.1 200) 4 headers in 157 bytes (1 switches on core 0) [pid: 8|app: 0|req: 977/1990] 10.0.0.36 () {32 vars in 716 bytes} [Tue Jul 14 10:06:20 2026] GET /v2.0/ports/8bb94445-17aa-4dfd-bbdc-5da41a57dea9 => generated 941 bytes in 50 msecs (HTTP/1.1 200) 4 headers in 157 bytes (1 switches on core 0) [pid: 8|app: 0|req: 978/1991] 10.0.0.158 () {34 vars in 1008 bytes} [Tue Jul 14 10:06:21 2026] GET /v2.0/networks/51e6e467-9157-4fc2-91a1-8aca1361395b?fields=segments => generated 14 bytes in 44 msecs (HTTP/1.1 200) 4 headers in 156 bytes (1 switches on core 0) [pid: 8|app: 0|req: 979/1992] 10.0.0.158 () {34 vars in 1108 bytes} [Tue Jul 14 10:06:21 2026] GET /v2.0/networks/51e6e467-9157-4fc2-91a1-8aca1361395b?fields=provider%3Aphysical_network&fields=provider%3Anetwork_type => generated 79 bytes in 52 msecs (HTTP/1.1 200) 4 headers in 156 bytes (1 switches on core 0) [pid: 7|app: 0|req: 1014/1993] 10.0.0.36 () {34 vars in 675 bytes} [Tue Jul 14 10:06:20 2026] POST /v2.0/floatingips => generated 552 bytes in 590 msecs (HTTP/1.1 201) 4 headers in 162 bytes (1 switches on core 0) [pid: 7|app: 0|req: 1015/1994] 10.0.0.158 () {34 vars in 990 bytes} [Tue Jul 14 10:06:21 2026] GET /v2.0/ports?device_id=3fe398d1-ed04-4837-8cb8-7e0df28ca0c7 => generated 12 bytes in 20 msecs (HTTP/1.1 200) 4 headers in 156 bytes (1 switches on core 0)
2026-07-14 10:06:21.427 8 WARNING neutron.scheduler.dhcp_agent_scheduler [None req-490bfa03-aed8-4000-baa1-d3bc37a5b1ff 0ab55ff9721d46cba32c59b8a5bdedf4 431461a5943f490097702cc8adc3bcca - - default default] No more DHCP agents
2026-07-14 10:06:21.428 8 WARNING neutron.api.rpc.agentnotifiers.dhcp_rpc_agent_api [None req-490bfa03-aed8-4000-baa1-d3bc37a5b1ff 0ab55ff9721d46cba32c59b8a5bdedf4 431461a5943f490097702cc8adc3bcca - - default default] Unable to schedule network 4a6370d9-a6bd-4fe8-9ad1-0bfe87b43b6a: no agents available; will retry on subsequent port and subnet creation events.
2026-07-14 10:06:21.638 7 WARNING neutron.plugins.ml2.drivers.ovn.mech_driver.ovsdb.ovn_client [None req-8d1e67bf-c6a6-4200-b777-ebce4119f1ba - - - - - -] No hosting information found for port 8f57c8e3-aaf7-42a3-ae8d-2513e679e028: RuntimeError: No hosting information found for port 8f57c8e3-aaf7-42a3-ae8d-2513e679e028
2026-07-14 10:06:21.639 7 INFO neutron.plugins.ml2.drivers.ovn.mech_driver.mech_driver [None req-8d1e67bf-c6a6-4200-b777-ebce4119f1ba - - - - - -] OVN reports status down for port: 4ac73a3b-d55c-48b3-b2f4-7b90774232ab [pid: 8|app: 0|req: 980/1995] 10.0.0.36 () {34 vars in 675 bytes} [Tue Jul 14 10:06:21 2026] POST /v2.0/floatingips => generated 552 bytes in 514 msecs (HTTP/1.1 201) 4 headers in 162 bytes (1 switches on core 0)
2026-07-14 10:06:21.710 7 WARNING neutron.plugins.ml2.drivers.ovn.mech_driver.ovsdb.ovn_client [None req-8d1e67bf-c6a6-4200-b777-ebce4119f1ba - - - - - -] Logical_Switch_Port %s host information not removed, the port state is up [pid: 7|app: 0|req: 1016/1996] 10.0.0.36 () {34 vars in 758 bytes} [Tue Jul 14 10:06:21 2026] PUT /v2.0/floatingips/2018545c-e823-4e78-84f9-39fa3cdbd889/tags => generated 17 bytes in 147 msecs (HTTP/1.1 200) 4 headers in 156 bytes (1 switches on core 0)
2026-07-14 10:06:21.899 7 INFO neutron.db.ovn_revision_numbers_db [None req-8d1e67bf-c6a6-4200-b777-ebce4119f1ba - - - - - -] Successfully bumped revision number for resource 8f57c8e3-aaf7-42a3-ae8d-2513e679e028 (type: router_ports) to 2 [pid: 8|app: 0|req: 981/1997] 10.0.0.36 () {34 vars in 758 bytes} [Tue Jul 14 10:06:21 2026] PUT /v2.0/floatingips/f0a20fc0-ff5f-4712-8c66-7ec938b8ad5d/tags => generated 25 bytes in 78 msecs (HTTP/1.1 200) 4 headers in 156 bytes (1 switches on core 0)
2026-07-14 10:06:21.974 7 INFO neutron.plugins.ml2.drivers.ovn.mech_driver.mech_driver [None req-8d1e67bf-c6a6-4200-b777-ebce4119f1ba - - - - - -] OVN reports status down for port: 8bb94445-17aa-4dfd-bbdc-5da41a57dea9 [pid: 7|app: 0|req: 1017/1998] 10.0.0.36 () {34 vars in 758 bytes} [Tue Jul 14 10:06:21 2026] PUT /v2.0/floatingips/e96c34b2-03ef-4fd0-9a97-ee8db99cff70/tags => generated 34 bytes in 99 msecs (HTTP/1.1 200) 4 headers in 156 bytes (1 switches on core 0)
2026-07-14 10:06:22.085 7 WARNING neutron.plugins.ml2.drivers.ovn.mech_driver.ovsdb.ovn_client [None req-8d1e67bf-c6a6-4200-b777-ebce4119f1ba - - - - - -] Logical_Switch_Port %s host information not removed, the port state is up
2026-07-14 10:06:22.086 7 INFO neutron.plugins.ml2.drivers.ovn.mech_driver.mech_driver [None req-8d1e67bf-c6a6-4200-b777-ebce4119f1ba - - - - - -] OVN reports status up for port: 4ac73a3b-d55c-48b3-b2f4-7b90774232ab [pid: 8|app: 0|req: 982/1999] 10.0.0.36 () {34 vars in 758 bytes} [Tue Jul 14 10:06:22 2026] PUT /v2.0/floatingips/1c7896f3-3103-4bab-b461-d1d250912d32/tags => generated 19 bytes in 60 msecs (HTTP/1.1 200) 4 headers in 156 bytes (1 switches on core 0)
2026-07-14 10:06:22.109 7 INFO neutron.plugins.ml2.plugin [None req-8d1e67bf-c6a6-4200-b777-ebce4119f1ba - - - - - -] Attempt 1 to provision port 4ac73a3b-d55c-48b3-b2f4-7b90774232ab [pid: 7|app: 0|req: 1018/2000] 10.0.0.36 () {32 vars in 716 bytes} [Tue Jul 14 10:06:22 2026] GET /v2.0/ports/8bb94445-17aa-4dfd-bbdc-5da41a57dea9 => generated 941 bytes in 61 msecs (HTTP/1.1 200) 4 headers in 157 bytes (1 switches on core 0) [pid: 8|app: 0|req: 983/2001] 10.0.0.36 () {32 vars in 671 bytes} [Tue Jul 14 10:06:22 2026] GET /v2.0/floatingips?tags=red => generated 1671 bytes in 55 msecs (HTTP/1.1 200) 4 headers in 158 bytes (1 switches on core 0) [pid: 7|app: 0|req: 1019/2002] 10.0.0.36 () {32 vars in 685 bytes} [Tue Jul 14 10:06:22 2026] GET /v2.0/floatingips?tags=red%2Cblue => generated 1128 bytes in 72 msecs (HTTP/1.1 200) 4 headers in 158 bytes (1 switches on core 0) [pid: 8|app: 0|req: 984/2003] 10.0.0.36 () {32 vars in 681 bytes} [Tue Jul 14 10:06:22 2026] GET /v2.0/floatingips?tags-any=blue => generated 1128 bytes in 47 msecs (HTTP/1.1 200) 4 headers in 158 bytes (1 switches on core 0) [pid: 7|app: 0|req: 1020/2004] 10.0.0.36 () {32 vars in 693 bytes} [Tue Jul 14 10:06:22 2026] GET /v2.0/floatingips?tags-any=red%2Cblue => generated 1671 bytes in 85 msecs (HTTP/1.1 200) 4 headers in 158 bytes (1 switches on core 0) [pid: 8|app: 0|req: 985/2005] 10.0.0.158 () {34 vars in 990 bytes} [Tue Jul 14 10:06:22 2026] GET /v2.0/ports?device_id=3fe398d1-ed04-4837-8cb8-7e0df28ca0c7 => generated 12 bytes in 22 msecs (HTTP/1.1 200) 4 headers in 156 bytes (1 switches on core 0) [pid: 7|app: 0|req: 1021/2006] 10.0.0.36 () {32 vars in 679 bytes} [Tue Jul 14 10:06:22 2026] GET /v2.0/floatingips?not-tags=red => generated 1100 bytes in 77 msecs (HTTP/1.1 200) 4 headers in 158 bytes (1 switches on core 0) [pid: 8|app: 0|req: 986/2007] 10.0.0.36 () {32 vars in 693 bytes} [Tue Jul 14 10:06:22 2026] GET /v2.0/floatingips?not-tags=red%2Cblue => generated 1643 bytes in 65 msecs (HTTP/1.1 200) 4 headers in 158 bytes (1 switches on core 0) [pid: 7|app: 0|req: 1022/2008] 10.0.0.36 () {32 vars in 689 bytes} [Tue Jul 14 10:06:22 2026] GET /v2.0/floatingips?not-tags-any=blue => generated 1643 bytes in 108 msecs (HTTP/1.1 200) 4 headers in 158 bytes (1 switches on core 0) [pid: 8|app: 0|req: 987/2009] 10.0.0.36 () {32 vars in 701 bytes} [Tue Jul 14 10:06:22 2026] GET /v2.0/floatingips?not-tags-any=red%2Cblue => generated 1100 bytes in 64 msecs (HTTP/1.1 200) 4 headers in 158 bytes (1 switches on core 0)
2026-07-14 10:06:22.872 7 INFO neutron.db.ovn_revision_numbers_db [None req-8d1e67bf-c6a6-4200-b777-ebce4119f1ba - - - - - -] Successfully bumped revision number for resource 4ac73a3b-d55c-48b3-b2f4-7b90774232ab (type: ports) to 2
2026-07-14 10:06:22.976 7 INFO neutron_taas.services.taas.taas_plugin [None req-1c665ad8-374a-4530-954b-4374afa72163 0ab55ff9721d46cba32c59b8a5bdedf4 431461a5943f490097702cc8adc3bcca - - default default] TaaS: Handle Delete Port: 91e6789b-e4a7-4160-8c7e-e2b0b8e67811
2026-07-14 10:06:22.981 7 INFO neutron_taas.services.taas.tap_mirror_plugin [None req-1c665ad8-374a-4530-954b-4374afa72163 0ab55ff9721d46cba32c59b8a5bdedf4 431461a5943f490097702cc8adc3bcca - - default default] Tap Mirror: Handle Delete Port: 91e6789b-e4a7-4160-8c7e-e2b0b8e67811 [pid: 8|app: 0|req: 988/2010] 10.0.0.36 () {32 vars in 716 bytes} [Tue Jul 14 10:06:23 2026] GET /v2.0/ports/8bb94445-17aa-4dfd-bbdc-5da41a57dea9 => generated 941 bytes in 38 msecs (HTTP/1.1 200) 4 headers in 157 bytes (1 switches on core 0) [pid: 7|app: 0|req: 1023/2011] 10.0.0.36 () {32 vars in 731 bytes} [Tue Jul 14 10:06:22 2026] DELETE /v2.0/floatingips/2018545c-e823-4e78-84f9-39fa3cdbd889 => generated 0 bytes in 458 msecs (HTTP/1.1 204) 2 headers in 112 bytes (1 switches on core 0)
2026-07-14 10:06:23.299 8 INFO neutron_taas.services.taas.taas_plugin [None req-0c6c5dc8-53f2-4abf-acf0-0c0b72dcc27b 0ab55ff9721d46cba32c59b8a5bdedf4 431461a5943f490097702cc8adc3bcca - - default default] TaaS: Handle Delete Port: 81df3f0b-540e-4834-8d24-fb04b8fee668
2026-07-14 10:06:23.302 8 INFO neutron_taas.services.taas.tap_mirror_plugin [None req-0c6c5dc8-53f2-4abf-acf0-0c0b72dcc27b 0ab55ff9721d46cba32c59b8a5bdedf4 431461a5943f490097702cc8adc3bcca - - default default] Tap Mirror: Handle Delete Port: 81df3f0b-540e-4834-8d24-fb04b8fee668 [pid: 8|app: 0|req: 989/2012] 10.0.0.36 () {32 vars in 731 bytes} [Tue Jul 14 10:06:23 2026] DELETE /v2.0/floatingips/f0a20fc0-ff5f-4712-8c66-7ec938b8ad5d => generated 0 bytes in 284 msecs (HTTP/1.1 204) 2 headers in 112 bytes (1 switches on core 0) [pid: 7|app: 0|req: 1024/2013] 10.0.0.158 () {34 vars in 990 bytes} [Tue Jul 14 10:06:23 2026] GET /v2.0/ports?device_id=3fe398d1-ed04-4837-8cb8-7e0df28ca0c7 => generated 12 bytes in 22 msecs (HTTP/1.1 200) 4 headers in 156 bytes (1 switches on core 0)
2026-07-14 10:06:23.585 8 INFO neutron_taas.services.taas.taas_plugin [None req-a846faba-8a19-4e8a-aa39-74ecb90c8a06 0ab55ff9721d46cba32c59b8a5bdedf4 431461a5943f490097702cc8adc3bcca - - default default] TaaS: Handle Delete Port: 5a63d5af-7a7f-49dd-8fce-b0e24dd942fa
2026-07-14 10:06:23.591 8 INFO neutron_taas.services.taas.tap_mirror_plugin [None req-a846faba-8a19-4e8a-aa39-74ecb90c8a06 0ab55ff9721d46cba32c59b8a5bdedf4 431461a5943f490097702cc8adc3bcca - - default default] Tap Mirror: Handle Delete Port: 5a63d5af-7a7f-49dd-8fce-b0e24dd942fa [pid: 8|app: 0|req: 990/2014] 10.0.0.36 () {32 vars in 731 bytes} [Tue Jul 14 10:06:23 2026] DELETE /v2.0/floatingips/e96c34b2-03ef-4fd0-9a97-ee8db99cff70 => generated 0 bytes in 289 msecs (HTTP/1.1 204) 2 headers in 112 bytes (1 switches on core 0)
2026-07-14 10:06:23.921 7 INFO neutron_taas.services.taas.taas_plugin [None req-32954c0a-2395-417b-b703-0067db290868 0ab55ff9721d46cba32c59b8a5bdedf4 431461a5943f490097702cc8adc3bcca - - default default] TaaS: Handle Delete Port: cf593528-5358-4b7d-97cc-e0862bcd8c50
2026-07-14 10:06:23.924 7 INFO neutron_taas.services.taas.tap_mirror_plugin [None req-32954c0a-2395-417b-b703-0067db290868 0ab55ff9721d46cba32c59b8a5bdedf4 431461a5943f490097702cc8adc3bcca - - default default] Tap Mirror: Handle Delete Port: cf593528-5358-4b7d-97cc-e0862bcd8c50 [pid: 7|app: 0|req: 1025/2015] 10.0.0.36 () {32 vars in 731 bytes} [Tue Jul 14 10:06:23 2026] DELETE /v2.0/floatingips/1c7896f3-3103-4bab-b461-d1d250912d32 => generated 0 bytes in 319 msecs (HTTP/1.1 204) 2 headers in 112 bytes (1 switches on core 0)
2026-07-14 10:06:24.230 8 INFO neutron_taas.services.taas.taas_plugin [None req-0d046443-ce7d-4a37-9691-fba8e113e4ad 0ab55ff9721d46cba32c59b8a5bdedf4 431461a5943f490097702cc8adc3bcca - - default default] TaaS: Handle Delete Port: 4dffeb14-5400-459a-9120-1cc616e5d478
