2026-07-14 10:06:11.249 7 INFO placement.requestlog [None req-537072d0-2f18-4e25-8cc4-ff776e5e6d2c bd8971ece46344099d58348283c9a7fd e95064eb949e4c16bcc647a4d5e727a5 - - 63189aafa0b848bd87e0112c971846d3 63189aafa0b848bd87e0112c971846d3] 10.0.0.90 "DELETE /resource_providers/08bb5de8-08b8-43ff-a655-de55a4ae53f3" status: 404 len: 246 microversion: 1.1 [pid: 7|app: 0|req: 504/1004] 10.0.0.90 () {34 vars in 814 bytes} [Tue Jul 14 10:06:11 2026] DELETE /resource_providers/08bb5de8-08b8-43ff-a655-de55a4ae53f3 => generated 246 bytes in 13 msecs (HTTP/1.1 404) 6 headers in 231 bytes (1 switches on core 0)
2026-07-14 10:06:11.267 8 INFO placement.requestlog [None req-4df651dd-bcea-4c43-8ad0-ae6a7ba7a67d bd8971ece46344099d58348283c9a7fd e95064eb949e4c16bcc647a4d5e727a5 - - 63189aafa0b848bd87e0112c971846d3 63189aafa0b848bd87e0112c971846d3] 10.0.0.90 "DELETE /resource_providers/08bb5de8-08b8-43ff-a655-de55a4ae53f3" status: 404 len: 246 microversion: 1.1 [pid: 8|app: 0|req: 501/1005] 10.0.0.90 () {34 vars in 814 bytes} [Tue Jul 14 10:06:11 2026] DELETE /resource_providers/08bb5de8-08b8-43ff-a655-de55a4ae53f3 => generated 246 bytes in 11 msecs (HTTP/1.1 404) 6 headers in 231 bytes (1 switches on core 0)
2026-07-14 10:06:13.545 7 INFO placement.requestlog [None req-54e15fcd-1560-448a-9167-ff863b4ff12d - - - - - -] 10.0.0.52 "GET /" status: 200 len: 136 microversion: 1.0
2026-07-14 10:06:13.545 8 INFO placement.requestlog [None req-f233b21b-c273-48fa-adc8-f885086e19c4 - - - - - -] 10.0.0.52 "GET /" status: 200 len: 136 microversion: 1.0
2026-07-14 10:06:21.300 7 INFO placement.requestlog [req-847d522a-e1a5-4858-a150-98577e21f66d req-f1a751a0-a607-4d9f-8bb1-632d2efde348 525ef53cbb8942dea0221268dd05d36b e95064eb949e4c16bcc647a4d5e727a5 - - 63189aafa0b848bd87e0112c971846d3 63189aafa0b848bd87e0112c971846d3] 10.0.0.7 "GET /allocation_candidates?limit=1000&resources=DISK_GB%3A1%2CMEMORY_MB%3A512%2CVCPU%3A1&root_required=%21COMPUTE_STATUS_DISABLED" status: 200 len: 2781 microversion: 1.36 [pid: 7|app: 0|req: 506/1008] 10.0.0.7 () {34 vars in 1009 bytes} [Tue Jul 14 10:06:21 2026] GET /allocation_candidates?limit=1000&resources=DISK_GB%3A1%2CMEMORY_MB%3A512%2CVCPU%3A1&root_required=%21COMPUTE_STATUS_DISABLED => generated 2781 bytes in 49 msecs (HTTP/1.1 200) 8 headers in 297 bytes (1 switches on core 0)
2026-07-14 10:06:21.335 8 INFO placement.requestlog [req-847d522a-e1a5-4858-a150-98577e21f66d req-17dd9146-bbfc-43a0-983a-3d31c746add3 525ef53cbb8942dea0221268dd05d36b e95064eb949e4c16bcc647a4d5e727a5 - - 63189aafa0b848bd87e0112c971846d3 63189aafa0b848bd87e0112c971846d3] 10.0.0.7 "GET /allocations/3fe398d1-ed04-4837-8cb8-7e0df28ca0c7" status: 200 len: 19 microversion: 1.28 [pid: 8|app: 0|req: 503/1009] 10.0.0.7 () {34 vars in 858 bytes} [Tue Jul 14 10:06:21 2026] GET /allocations/3fe398d1-ed04-4837-8cb8-7e0df28ca0c7 => generated 19 bytes in 10 msecs (HTTP/1.1 200) 8 headers in 295 bytes (1 switches on core 0)
2026-07-14 10:06:21.403 7 INFO placement.requestlog [req-847d522a-e1a5-4858-a150-98577e21f66d req-b0dd8b1c-7fc0-45ac-99fb-d623f37ada7c 525ef53cbb8942dea0221268dd05d36b e95064eb949e4c16bcc647a4d5e727a5 - - 63189aafa0b848bd87e0112c971846d3 63189aafa0b848bd87e0112c971846d3] 10.0.0.7 "PUT /allocations/3fe398d1-ed04-4837-8cb8-7e0df28ca0c7" status: 204 len: 0 microversion: 1.36 [pid: 7|app: 0|req: 507/1010] 10.0.0.7 () {38 vars in 911 bytes} [Tue Jul 14 10:06:21 2026] PUT /allocations/3fe398d1-ed04-4837-8cb8-7e0df28ca0c7 => generated 0 bytes in 62 msecs (HTTP/1.1 204) 5 headers in 199 bytes (1 switches on core 0)
2026-07-14 10:06:22.945 8 INFO placement.requestlog [req-847d522a-e1a5-4858-a150-98577e21f66d req-4b55aec8-202c-4e6e-9f40-27ee6e3b0928 525ef53cbb8942dea0221268dd05d36b e95064eb949e4c16bcc647a4d5e727a5 - - 63189aafa0b848bd87e0112c971846d3 63189aafa0b848bd87e0112c971846d3] 199.19.213.62 "GET /allocations/3fe398d1-ed04-4837-8cb8-7e0df28ca0c7" status: 200 len: 257 microversion: 1.28 [pid: 8|app: 0|req: 504/1011] 199.19.213.62 () {34 vars in 861 bytes} [Tue Jul 14 10:06:22 2026] GET /allocations/3fe398d1-ed04-4837-8cb8-7e0df28ca0c7 => generated 257 bytes in 15 msecs (HTTP/1.1 200) 8 headers in 296 bytes (1 switches on core 0)
2026-07-14 10:06:23.546 7 INFO placement.requestlog [None req-f78cf57f-ba81-41ca-bcfa-a5c8e074e2a1 - - - - - -] 10.0.0.52 "GET /" status: 200 len: 136 microversion: 1.0
2026-07-14 10:06:23.546 8 INFO placement.requestlog [None req-c1b8334e-6044-464c-9bc2-7297bb402573 - - - - - -] 10.0.0.52 "GET /" status: 200 len: 136 microversion: 1.0
2026-07-14 10:06:23.987 7 INFO placement.requestlog [req-847d522a-e1a5-4858-a150-98577e21f66d req-92f57293-9681-4373-a6e8-1a68f9097c3f 525ef53cbb8942dea0221268dd05d36b e95064eb949e4c16bcc647a4d5e727a5 - - 63189aafa0b848bd87e0112c971846d3 63189aafa0b848bd87e0112c971846d3] 199.19.213.62 "GET /resource_providers/58ce4959-ba87-44bc-9be3-938cc8e10452/allocations" status: 200 len: 152 microversion: 1.0 [pid: 7|app: 0|req: 509/1014] 199.19.213.62 () {32 vars in 855 bytes} [Tue Jul 14 10:06:23 2026] GET /resource_providers/58ce4959-ba87-44bc-9be3-938cc8e10452/allocations => generated 152 bytes in 16 msecs (HTTP/1.1 200) 6 headers in 224 bytes (1 switches on core 0)
2026-07-14 10:06:24.006 8 INFO placement.requestlog [req-847d522a-e1a5-4858-a150-98577e21f66d req-d05a8332-574c-4bc2-9209-d7105057c52d 525ef53cbb8942dea0221268dd05d36b e95064eb949e4c16bcc647a4d5e727a5 - - 63189aafa0b848bd87e0112c971846d3 63189aafa0b848bd87e0112c971846d3] 199.19.213.62 "GET /allocations/3fe398d1-ed04-4837-8cb8-7e0df28ca0c7" status: 200 len: 257 microversion: 1.28 [pid: 8|app: 0|req: 506/1015] 199.19.213.62 () {34 vars in 861 bytes} [Tue Jul 14 10:06:23 2026] GET /allocations/3fe398d1-ed04-4837-8cb8-7e0df28ca0c7 => generated 257 bytes in 13 msecs (HTTP/1.1 200) 8 headers in 296 bytes (1 switches on core 0)
2026-07-14 10:06:31.810 8 INFO placement.requestlog [None req-09f72cf2-804e-4be3-a070-a718cd4cbbea bd8971ece46344099d58348283c9a7fd e95064eb949e4c16bcc647a4d5e727a5 - - 63189aafa0b848bd87e0112c971846d3 63189aafa0b848bd87e0112c971846d3] 10.0.0.90 "GET /resource_providers/0485c23d-f7e2-4db4-a5af-be02ad80ad8c/aggregates" status: 404 len: 235 microversion: 1.1
2026-07-14 10:06:31.811 7 INFO placement.requestlog [None req-0a18a2a9-a3f5-499d-8cc5-44954114891e bd8971ece46344099d58348283c9a7fd e95064eb949e4c16bcc647a4d5e727a5 - - 63189aafa0b848bd87e0112c971846d3 63189aafa0b848bd87e0112c971846d3] 10.0.0.90 "GET /resource_providers/0485c23d-f7e2-4db4-a5af-be02ad80ad8c/aggregates" status: 404 len: 235 microversion: 1.1 [pid: 8|app: 0|req: 507/1016] 10.0.0.90 () {32 vars in 814 bytes} [Tue Jul 14 10:06:31 2026] GET /resource_providers/0485c23d-f7e2-4db4-a5af-be02ad80ad8c/aggregates => generated 235 bytes in 10 msecs (HTTP/1.1 404) 5 headers in 202 bytes (1 switches on core 0) [pid: 7|app: 0|req: 510/1017] 10.0.0.90 () {32 vars in 814 bytes} [Tue Jul 14 10:06:31 2026] GET /resource_providers/0485c23d-f7e2-4db4-a5af-be02ad80ad8c/aggregates => generated 235 bytes in 10 msecs (HTTP/1.1 404) 5 headers in 202 bytes (1 switches on core 0)
2026-07-14 10:06:31.845 8 INFO placement.requestlog [None req-a0fcb837-dc69-4ac3-b6a4-d7824a1305e4 bd8971ece46344099d58348283c9a7fd e95064eb949e4c16bcc647a4d5e727a5 - - 63189aafa0b848bd87e0112c971846d3 63189aafa0b848bd87e0112c971846d3] 10.0.0.90 "DELETE /resource_providers/0485c23d-f7e2-4db4-a5af-be02ad80ad8c" status: 404 len: 246 microversion: 1.1 [pid: 8|app: 0|req: 508/1018] 10.0.0.90 () {34 vars in 814 bytes} [Tue Jul 14 10:06:31 2026] DELETE /resource_providers/0485c23d-f7e2-4db4-a5af-be02ad80ad8c => generated 246 bytes in 13 msecs (HTTP/1.1 404) 6 headers in 231 bytes (1 switches on core 0)
2026-07-14 10:06:31.847 7 INFO placement.requestlog [None req-8c7ee691-ec8d-424c-be99-45ec8d196888 bd8971ece46344099d58348283c9a7fd e95064eb949e4c16bcc647a4d5e727a5 - - 63189aafa0b848bd87e0112c971846d3 63189aafa0b848bd87e0112c971846d3] 10.0.0.90 "DELETE /resource_providers/0485c23d-f7e2-4db4-a5af-be02ad80ad8c" status: 404 len: 246 microversion: 1.1 [pid: 7|app: 0|req: 511/1019] 10.0.0.90 () {34 vars in 814 bytes} [Tue Jul 14 10:06:31 2026] DELETE /resource_providers/0485c23d-f7e2-4db4-a5af-be02ad80ad8c => generated 246 bytes in 8 msecs (HTTP/1.1 404) 6 headers in 231 bytes (1 switches on core 0)
2026-07-14 10:06:33.545 7 INFO placement.requestlog [None req-83de623a-2857-4585-995e-6c182f7c1eb4 - - - - - -] 10.0.0.52 "GET /" status: 200 len: 136 microversion: 1.0
2026-07-14 10:06:33.545 8 INFO placement.requestlog [None req-22939ed2-4657-4b60-8bab-4de76f7c0cfd - - - - - -] 10.0.0.52 "GET /" status: 200 len: 136 microversion: 1.0
2026-07-14 10:06:33.875 7 INFO placement.requestlog [None req-59af8d14-213e-465e-bdb7-8aa495c4235d bd8971ece46344099d58348283c9a7fd e95064eb949e4c16bcc647a4d5e727a5 - - 63189aafa0b848bd87e0112c971846d3 63189aafa0b848bd87e0112c971846d3] 10.0.0.90 "GET /resource_providers/9a061d1f-b764-473e-b15d-b385c25ab963/aggregates" status: 404 len: 235 microversion: 1.1 [pid: 7|app: 0|req: 513/1022] 10.0.0.90 () {32 vars in 814 bytes} [Tue Jul 14 10:06:33 2026] GET /resource_providers/9a061d1f-b764-473e-b15d-b385c25ab963/aggregates => generated 235 bytes in 12 msecs (HTTP/1.1 404) 5 headers in 202 bytes (1 switches on core 0)
2026-07-14 10:06:33.875 8 INFO placement.requestlog [None req-9492e2a1-e3dd-4635-8469-3d5ef1237e73 bd8971ece46344099d58348283c9a7fd e95064eb949e4c16bcc647a4d5e727a5 - - 63189aafa0b848bd87e0112c971846d3 63189aafa0b848bd87e0112c971846d3] 10.0.0.90 "GET /resource_providers/9a061d1f-b764-473e-b15d-b385c25ab963/aggregates" status: 404 len: 235 microversion: 1.1 [pid: 8|app: 0|req: 510/1023] 10.0.0.90 () {32 vars in 814 bytes} [Tue Jul 14 10:06:33 2026] GET /resource_providers/9a061d1f-b764-473e-b15d-b385c25ab963/aggregates => generated 235 bytes in 12 msecs (HTTP/1.1 404) 5 headers in 202 bytes (1 switches on core 0)
2026-07-14 10:06:33.899 7 INFO placement.requestlog [None req-7da7f636-856e-4fbb-9d4c-68b5cafbe0d4 bd8971ece46344099d58348283c9a7fd e95064eb949e4c16bcc647a4d5e727a5 - - 63189aafa0b848bd87e0112c971846d3 63189aafa0b848bd87e0112c971846d3] 10.0.0.90 "DELETE /resource_providers/9a061d1f-b764-473e-b15d-b385c25ab963" status: 404 len: 246 microversion: 1.1 [pid: 7|app: 0|req: 514/1024] 10.0.0.90 () {34 vars in 814 bytes} [Tue Jul 14 10:06:33 2026] DELETE /resource_providers/9a061d1f-b764-473e-b15d-b385c25ab963 => generated 246 bytes in 8 msecs (HTTP/1.1 404) 6 headers in 231 bytes (1 switches on core 0)
2026-07-14 10:06:33.914 8 INFO placement.requestlog [None req-c424caaf-7159-409e-b65b-f8a2deac8cc8 bd8971ece46344099d58348283c9a7fd e95064eb949e4c16bcc647a4d5e727a5 - - 63189aafa0b848bd87e0112c971846d3 63189aafa0b848bd87e0112c971846d3] 10.0.0.90 "DELETE /resource_providers/9a061d1f-b764-473e-b15d-b385c25ab963" status: 404 len: 246 microversion: 1.1 [pid: 8|app: 0|req: 511/1025] 10.0.0.90 () {34 vars in 814 bytes} [Tue Jul 14 10:06:33 2026] DELETE /resource_providers/9a061d1f-b764-473e-b15d-b385c25ab963 => generated 246 bytes in 10 msecs (HTTP/1.1 404) 6 headers in 231 bytes (1 switches on core 0)
2026-07-14 10:06:38.806 7 INFO placement.requestlog [None req-a20831a0-9a5e-4926-b507-04b6a356603e bd8971ece46344099d58348283c9a7fd e95064eb949e4c16bcc647a4d5e727a5 - - 63189aafa0b848bd87e0112c971846d3 63189aafa0b848bd87e0112c971846d3] 10.0.0.90 "GET /resource_providers/fd7cf90f-cb7b-4b6f-becf-a9f89a2c0aaf/aggregates" status: 404 len: 235 microversion: 1.1 [pid: 7|app: 0|req: 515/1026] 10.0.0.90 () {32 vars in 814 bytes} [Tue Jul 14 10:06:38 2026] GET /resource_providers/fd7cf90f-cb7b-4b6f-becf-a9f89a2c0aaf/aggregates => generated 235 bytes in 14 msecs (HTTP/1.1 404) 5 headers in 202 bytes (1 switches on core 0)
2026-07-14 10:06:38.812 8 INFO placement.requestlog [None req-15e9846d-7a49-4b43-8194-6af1c435fe67 bd8971ece46344099d58348283c9a7fd e95064eb949e4c16bcc647a4d5e727a5 - - 63189aafa0b848bd87e0112c971846d3 63189aafa0b848bd87e0112c971846d3] 10.0.0.90 "GET /resource_providers/fd7cf90f-cb7b-4b6f-becf-a9f89a2c0aaf/aggregates" status: 404 len: 235 microversion: 1.1 [pid: 8|app: 0|req: 512/1027] 10.0.0.90 () {32 vars in 814 bytes} [Tue Jul 14 10:06:38 2026] GET /resource_providers/fd7cf90f-cb7b-4b6f-becf-a9f89a2c0aaf/aggregates => generated 235 bytes in 14 msecs (HTTP/1.1 404) 5 headers in 202 bytes (1 switches on core 0)
2026-07-14 10:06:38.829 7 INFO placement.requestlog [None req-7ca73a41-637c-483f-878a-2ba7b437344c bd8971ece46344099d58348283c9a7fd e95064eb949e4c16bcc647a4d5e727a5 - - 63189aafa0b848bd87e0112c971846d3 63189aafa0b848bd87e0112c971846d3] 10.0.0.90 "DELETE /resource_providers/fd7cf90f-cb7b-4b6f-becf-a9f89a2c0aaf" status: 404 len: 246 microversion: 1.1 [pid: 7|app: 0|req: 516/1028] 10.0.0.90 () {34 vars in 814 bytes} [Tue Jul 14 10:06:38 2026] DELETE /resource_providers/fd7cf90f-cb7b-4b6f-becf-a9f89a2c0aaf => generated 246 bytes in 12 msecs (HTTP/1.1 404) 6 headers in 231 bytes (1 switches on core 0)
2026-07-14 10:06:38.834 8 INFO placement.requestlog [None req-fab1e94a-3794-4dfa-bb4d-3e0eccfb0a77 bd8971ece46344099d58348283c9a7fd e95064eb949e4c16bcc647a4d5e727a5 - - 63189aafa0b848bd87e0112c971846d3 63189aafa0b848bd87e0112c971846d3] 10.0.0.90 "DELETE /resource_providers/fd7cf90f-cb7b-4b6f-becf-a9f89a2c0aaf" status: 404 len: 246 microversion: 1.1 [pid: 8|app: 0|req: 513/1029] 10.0.0.90 () {34 vars in 814 bytes} [Tue Jul 14 10:06:38 2026] DELETE /resource_providers/fd7cf90f-cb7b-4b6f-becf-a9f89a2c0aaf => generated 246 bytes in 13 msecs (HTTP/1.1 404) 6 headers in 231 bytes (1 switches on core 0)
2026-07-14 10:06:40.341 7 INFO placement.requestlog [req-c96bac50-853c-4927-9ea9-308bfab42b34 req-181a5662-13e5-40db-be55-34434989208a 525ef53cbb8942dea0221268dd05d36b e95064eb949e4c16bcc647a4d5e727a5 - - 63189aafa0b848bd87e0112c971846d3 63189aafa0b848bd87e0112c971846d3] 199.19.213.62 "GET /resource_providers/58ce4959-ba87-44bc-9be3-938cc8e10452/allocations" status: 200 len: 152 microversion: 1.0 [pid: 7|app: 0|req: 517/1030] 199.19.213.62 () {32 vars in 855 bytes} [Tue Jul 14 10:06:40 2026] GET /resource_providers/58ce4959-ba87-44bc-9be3-938cc8e10452/allocations => generated 152 bytes in 130 msecs (HTTP/1.1 200) 6 headers in 224 bytes (1 switches on core 0)
2026-07-14 10:06:40.365 8 INFO placement.requestlog [req-c96bac50-853c-4927-9ea9-308bfab42b34 req-e1c365f3-db6a-4277-85fa-cae7d5a80dc1 525ef53cbb8942dea0221268dd05d36b e95064eb949e4c16bcc647a4d5e727a5 - - 63189aafa0b848bd87e0112c971846d3 63189aafa0b848bd87e0112c971846d3] 199.19.213.62 "GET /resource_providers?in_tree=58ce4959-ba87-44bc-9be3-938cc8e10452" status: 200 len: 797 microversion: 1.14 [pid: 8|app: 0|req: 514/1031] 199.19.213.62 () {34 vars in 890 bytes} [Tue Jul 14 10:06:40 2026] GET /resource_providers?in_tree=58ce4959-ba87-44bc-9be3-938cc8e10452 => generated 797 bytes in 16 msecs (HTTP/1.1 200) 6 headers in 225 bytes (1 switches on core 0)
2026-07-14 10:06:40.385 7 INFO placement.requestlog [req-c96bac50-853c-4927-9ea9-308bfab42b34 req-4fa6ad41-1a95-4d53-bcc9-dd8625c01098 525ef53cbb8942dea0221268dd05d36b e95064eb949e4c16bcc647a4d5e727a5 - - 63189aafa0b848bd87e0112c971846d3 63189aafa0b848bd87e0112c971846d3] 199.19.213.62 "GET /resource_providers/58ce4959-ba87-44bc-9be3-938cc8e10452/inventories" status: 200 len: 400 microversion: 1.0 [pid: 7|app: 0|req: 518/1032] 199.19.213.62 () {32 vars in 855 bytes} [Tue Jul 14 10:06:40 2026] GET /resource_providers/58ce4959-ba87-44bc-9be3-938cc8e10452/inventories => generated 400 bytes in 14 msecs (HTTP/1.1 200) 6 headers in 224 bytes (1 switches on core 0)
2026-07-14 10:06:40.403 8 INFO placement.requestlog [req-c96bac50-853c-4927-9ea9-308bfab42b34 req-a5f57fc0-2a10-4fd4-aedf-1bd08ea5e30f 525ef53cbb8942dea0221268dd05d36b e95064eb949e4c16bcc647a4d5e727a5 - - 63189aafa0b848bd87e0112c971846d3 63189aafa0b848bd87e0112c971846d3] 199.19.213.62 "GET /resource_providers/58ce4959-ba87-44bc-9be3-938cc8e10452/aggregates" status: 200 len: 53 microversion: 1.19 [pid: 8|app: 0|req: 515/1033] 199.19.213.62 () {34 vars in 897 bytes} [Tue Jul 14 10:06:40 2026] GET /resource_providers/58ce4959-ba87-44bc-9be3-938cc8e10452/aggregates => generated 53 bytes in 11 msecs (HTTP/1.1 200) 8 headers in 295 bytes (1 switches on core 0)
2026-07-14 10:06:40.431 7 INFO placement.requestlog [req-c96bac50-853c-4927-9ea9-308bfab42b34 req-99b3d1cd-7823-49db-937e-0e0f1e64011b 525ef53cbb8942dea0221268dd05d36b e95064eb949e4c16bcc647a4d5e727a5 - - 63189aafa0b848bd87e0112c971846d3 63189aafa0b848bd87e0112c971846d3] 199.19.213.62 "GET /resource_providers/58ce4959-ba87-44bc-9be3-938cc8e10452/traits" status: 200 len: 2316 microversion: 1.6 [pid: 7|app: 0|req: 519/1034] 199.19.213.62 () {34 vars in 888 bytes} [Tue Jul 14 10:06:40 2026] GET /resource_providers/58ce4959-ba87-44bc-9be3-938cc8e10452/traits => generated 2316 bytes in 22 msecs (HTTP/1.1 200) 6 headers in 225 bytes (1 switches on core 0)
2026-07-14 10:06:40.457 8 INFO placement.requestlog [req-c96bac50-853c-4927-9ea9-308bfab42b34 req-b7425f20-dd64-47ff-a831-a5edbaadf2ca 525ef53cbb8942dea0221268dd05d36b e95064eb949e4c16bcc647a4d5e727a5 - - 63189aafa0b848bd87e0112c971846d3 63189aafa0b848bd87e0112c971846d3] 199.19.213.62 "GET /resource_providers/58ce4959-ba87-44bc-9be3-938cc8e10452/allocations" status: 200 len: 152 microversion: 1.0 [pid: 8|app: 0|req: 516/1035] 199.19.213.62 () {32 vars in 855 bytes} [Tue Jul 14 10:06:40 2026] GET /resource_providers/58ce4959-ba87-44bc-9be3-938cc8e10452/allocations => generated 152 bytes in 19 msecs (HTTP/1.1 200) 6 headers in 224 bytes (1 switches on core 0)
2026-07-14 10:06:40.479 7 INFO placement.requestlog [req-c96bac50-853c-4927-9ea9-308bfab42b34 req-0ee30a8d-fcb9-4646-a7ee-21f668c63ae5 525ef53cbb8942dea0221268dd05d36b e95064eb949e4c16bcc647a4d5e727a5 - - 63189aafa0b848bd87e0112c971846d3 63189aafa0b848bd87e0112c971846d3] 199.19.213.62 "GET /allocations/3fe398d1-ed04-4837-8cb8-7e0df28ca0c7" status: 200 len: 257 microversion: 1.28 [pid: 7|app: 0|req: 520/1036] 199.19.213.62 () {34 vars in 861 bytes} [Tue Jul 14 10:06:40 2026] GET /allocations/3fe398d1-ed04-4837-8cb8-7e0df28ca0c7 => generated 257 bytes in 14 msecs (HTTP/1.1 200) 8 headers in 296 bytes (1 switches on core 0)
2026-07-14 10:06:41.518 8 INFO placement.requestlog [req-c7a95973-f161-46d4-8879-47d028c57c60 req-53eb5445-bb28-4d83-9a92-b1b4cd397996 525ef53cbb8942dea0221268dd05d36b e95064eb949e4c16bcc647a4d5e727a5 - - 63189aafa0b848bd87e0112c971846d3 63189aafa0b848bd87e0112c971846d3] 199.19.213.62 "GET /resource_providers/58ce4959-ba87-44bc-9be3-938cc8e10452/allocations" status: 200 len: 152 microversion: 1.0 [pid: 8|app: 0|req: 517/1037] 199.19.213.62 () {32 vars in 855 bytes} [Tue Jul 14 10:06:41 2026] GET /resource_providers/58ce4959-ba87-44bc-9be3-938cc8e10452/allocations => generated 152 bytes in 14 msecs (HTTP/1.1 200) 6 headers in 224 bytes (1 switches on core 0)
2026-07-14 10:06:41.537 7 INFO placement.requestlog [req-c7a95973-f161-46d4-8879-47d028c57c60 req-e8e92751-dfe1-40b5-86e4-b6463e90dc53 525ef53cbb8942dea0221268dd05d36b e95064eb949e4c16bcc647a4d5e727a5 - - 63189aafa0b848bd87e0112c971846d3 63189aafa0b848bd87e0112c971846d3] 199.19.213.62 "GET /allocations/3fe398d1-ed04-4837-8cb8-7e0df28ca0c7" status: 200 len: 257 microversion: 1.28 [pid: 7|app: 0|req: 521/1038] 199.19.213.62 () {34 vars in 861 bytes} [Tue Jul 14 10:06:41 2026] GET /allocations/3fe398d1-ed04-4837-8cb8-7e0df28ca0c7 => generated 257 bytes in 12 msecs (HTTP/1.1 200) 8 headers in 296 bytes (1 switches on core 0)
2026-07-14 10:06:41.575 7 INFO placement.requestlog [None req-352b3fef-b587-49fa-8e7c-e35145dc707f bd8971ece46344099d58348283c9a7fd e95064eb949e4c16bcc647a4d5e727a5 - - 63189aafa0b848bd87e0112c971846d3 63189aafa0b848bd87e0112c971846d3] 10.0.0.90 "GET /resource_providers/a91412f1-796c-43a7-b27a-0bb24526b449/aggregates" status: 404 len: 235 microversion: 1.1 [pid: 7|app: 0|req: 522/1039] 10.0.0.90 () {32 vars in 814 bytes} [Tue Jul 14 10:06:41 2026] GET /resource_providers/a91412f1-796c-43a7-b27a-0bb24526b449/aggregates => generated 235 bytes in 10 msecs (HTTP/1.1 404) 5 headers in 202 bytes (1 switches on core 0)
2026-07-14 10:06:41.575 8 INFO placement.requestlog [None req-e0c6f993-748a-426d-885c-acaa9154ddd1 bd8971ece46344099d58348283c9a7fd e95064eb949e4c16bcc647a4d5e727a5 - - 63189aafa0b848bd87e0112c971846d3 63189aafa0b848bd87e0112c971846d3] 10.0.0.90 "GET /resource_providers/a91412f1-796c-43a7-b27a-0bb24526b449/aggregates" status: 404 len: 235 microversion: 1.1 [pid: 8|app: 0|req: 518/1040] 10.0.0.90 () {32 vars in 814 bytes} [Tue Jul 14 10:06:41 2026] GET /resource_providers/a91412f1-796c-43a7-b27a-0bb24526b449/aggregates => generated 235 bytes in 11 msecs (HTTP/1.1 404) 5 headers in 202 bytes (1 switches on core 0)
2026-07-14 10:06:41.598 7 INFO placement.requestlog [None req-5c7c0360-a3f1-4c23-b548-0bf53bf929f5 bd8971ece46344099d58348283c9a7fd e95064eb949e4c16bcc647a4d5e727a5 - - 63189aafa0b848bd87e0112c971846d3 63189aafa0b848bd87e0112c971846d3] 10.0.0.90 "DELETE /resource_providers/a91412f1-796c-43a7-b27a-0bb24526b449" status: 404 len: 246 microversion: 1.1 [pid: 7|app: 0|req: 523/1041] 10.0.0.90 () {34 vars in 814 bytes} [Tue Jul 14 10:06:41 2026] DELETE /resource_providers/a91412f1-796c-43a7-b27a-0bb24526b449 => generated 246 bytes in 8 msecs (HTTP/1.1 404) 6 headers in 231 bytes (1 switches on core 0)
2026-07-14 10:06:41.601 8 INFO placement.requestlog [None req-0060eebe-b8b1-47b1-8f6e-f58557de84ff bd8971ece46344099d58348283c9a7fd e95064eb949e4c16bcc647a4d5e727a5 - - 63189aafa0b848bd87e0112c971846d3 63189aafa0b848bd87e0112c971846d3] 10.0.0.90 "DELETE /resource_providers/a91412f1-796c-43a7-b27a-0bb24526b449" status: 404 len: 246 microversion: 1.1 [pid: 8|app: 0|req: 519/1042] 10.0.0.90 () {34 vars in 814 bytes} [Tue Jul 14 10:06:41 2026] DELETE /resource_providers/a91412f1-796c-43a7-b27a-0bb24526b449 => generated 246 bytes in 9 msecs (HTTP/1.1 404) 6 headers in 231 bytes (1 switches on core 0)
2026-07-14 10:06:42.598 7 INFO placement.requestlog [req-c7a95973-f161-46d4-8879-47d028c57c60 req-e32a7829-0c61-4af9-b6b8-e5dedf3d160e 525ef53cbb8942dea0221268dd05d36b e95064eb949e4c16bcc647a4d5e727a5 - - 63189aafa0b848bd87e0112c971846d3 63189aafa0b848bd87e0112c971846d3] 199.19.213.62 "DELETE /allocations/3fe398d1-ed04-4837-8cb8-7e0df28ca0c7" status: 204 len: 0 microversion: 1.0 [pid: 7|app: 0|req: 524/1043] 199.19.213.62 () {34 vars in 839 bytes} [Tue Jul 14 10:06:42 2026] DELETE /allocations/3fe398d1-ed04-4837-8cb8-7e0df28ca0c7 => generated 0 bytes in 35 msecs (HTTP/1.1 204) 5 headers in 198 bytes (1 switches on core 0)
2026-07-14 10:06:42.977 8 INFO placement.requestlog [None req-94cc9363-aa00-4161-b597-ce14e4334daa bd8971ece46344099d58348283c9a7fd e95064eb949e4c16bcc647a4d5e727a5 - - 63189aafa0b848bd87e0112c971846d3 63189aafa0b848bd87e0112c971846d3] 10.0.0.90 "GET /resource_providers/5d7da4d1-152e-4f5c-a1a8-7bdbe68c8a24/aggregates" status: 404 len: 235 microversion: 1.1 [pid: 8|app: 0|req: 520/1044] 10.0.0.90 () {32 vars in 814 bytes} [Tue Jul 14 10:06:42 2026] GET /resource_providers/5d7da4d1-152e-4f5c-a1a8-7bdbe68c8a24/aggregates => generated 235 bytes in 10 msecs (HTTP/1.1 404) 5 headers in 202 bytes (1 switches on core 0)
2026-07-14 10:06:42.987 7 INFO placement.requestlog [None req-dbc64bc9-c321-433b-9b8d-b1c78a865ea2 bd8971ece46344099d58348283c9a7fd e95064eb949e4c16bcc647a4d5e727a5 - - 63189aafa0b848bd87e0112c971846d3 63189aafa0b848bd87e0112c971846d3] 10.0.0.90 "GET /resource_providers/5d7da4d1-152e-4f5c-a1a8-7bdbe68c8a24/aggregates" status: 404 len: 235 microversion: 1.1 [pid: 7|app: 0|req: 525/1045] 10.0.0.90 () {32 vars in 814 bytes} [Tue Jul 14 10:06:42 2026] GET /resource_providers/5d7da4d1-152e-4f5c-a1a8-7bdbe68c8a24/aggregates => generated 235 bytes in 10 msecs (HTTP/1.1 404) 5 headers in 202 bytes (1 switches on core 0)
2026-07-14 10:06:43.009 8 INFO placement.requestlog [None req-85339262-eaa8-4c95-96b6-ce26d474b82c bd8971ece46344099d58348283c9a7fd e95064eb949e4c16bcc647a4d5e727a5 - - 63189aafa0b848bd87e0112c971846d3 63189aafa0b848bd87e0112c971846d3] 10.0.0.90 "DELETE /resource_providers/5d7da4d1-152e-4f5c-a1a8-7bdbe68c8a24" status: 404 len: 246 microversion: 1.1 [pid: 8|app: 0|req: 521/1046] 10.0.0.90 () {34 vars in 814 bytes} [Tue Jul 14 10:06:43 2026] DELETE /resource_providers/5d7da4d1-152e-4f5c-a1a8-7bdbe68c8a24 => generated 246 bytes in 9 msecs (HTTP/1.1 404) 6 headers in 231 bytes (1 switches on core 0)
2026-07-14 10:06:43.011 7 INFO placement.requestlog [None req-9c40e7a1-51b0-49e7-ae1c-f785a1f3ba92 bd8971ece46344099d58348283c9a7fd e95064eb949e4c16bcc647a4d5e727a5 - - 63189aafa0b848bd87e0112c971846d3 63189aafa0b848bd87e0112c971846d3] 10.0.0.90 "DELETE /resource_providers/5d7da4d1-152e-4f5c-a1a8-7bdbe68c8a24" status: 404 len: 246 microversion: 1.1 [pid: 7|app: 0|req: 526/1047] 10.0.0.90 () {34 vars in 814 bytes} [Tue Jul 14 10:06:43 2026] DELETE /resource_providers/5d7da4d1-152e-4f5c-a1a8-7bdbe68c8a24 => generated 246 bytes in 10 msecs (HTTP/1.1 404) 6 headers in 231 bytes (1 switches on core 0)
2026-07-14 10:06:43.547 8 INFO placement.requestlog [None req-f46f97e4-098d-4f13-9705-4fcf85cdafac - - - - - -] 10.0.0.52 "GET /" status: 200 len: 136 microversion: 1.0
2026-07-14 10:06:43.547 7 INFO placement.requestlog [None req-779873f4-1b2a-44f0-a305-47741f3e9739 - - - - - -] 10.0.0.52 "GET /" status: 200 len: 136 microversion: 1.0
2026-07-14 10:06:43.623 7 INFO placement.requestlog [None req-e62ba188-91f9-4ba3-a993-1e0b2f695163 bd8971ece46344099d58348283c9a7fd e95064eb949e4c16bcc647a4d5e727a5 - - 63189aafa0b848bd87e0112c971846d3 63189aafa0b848bd87e0112c971846d3] 10.0.0.90 "GET /resource_providers/92a6b7b2-bd18-4860-b667-fed906b92c58/aggregates" status: 404 len: 235 microversion: 1.1 [pid: 7|app: 0|req: 528/1050] 10.0.0.90 () {32 vars in 814 bytes} [Tue Jul 14 10:06:43 2026] GET /resource_providers/92a6b7b2-bd18-4860-b667-fed906b92c58/aggregates => generated 235 bytes in 12 msecs (HTTP/1.1 404) 5 headers in 202 bytes (1 switches on core 0)
2026-07-14 10:06:43.624 8 INFO placement.requestlog [None req-d43ebd21-dbb4-48b4-bb53-7ac081970e9e bd8971ece46344099d58348283c9a7fd e95064eb949e4c16bcc647a4d5e727a5 - - 63189aafa0b848bd87e0112c971846d3 63189aafa0b848bd87e0112c971846d3] 10.0.0.90 "GET /resource_providers/92a6b7b2-bd18-4860-b667-fed906b92c58/aggregates" status: 404 len: 235 microversion: 1.1 [pid: 8|app: 0|req: 523/1051] 10.0.0.90 () {32 vars in 814 bytes} [Tue Jul 14 10:06:43 2026] GET /resource_providers/92a6b7b2-bd18-4860-b667-fed906b92c58/aggregates => generated 235 bytes in 12 msecs (HTTP/1.1 404) 5 headers in 202 bytes (1 switches on core 0)
2026-07-14 10:06:43.648 7 INFO placement.requestlog [None req-2499c762-380e-40e1-9926-1677b56ed717 bd8971ece46344099d58348283c9a7fd e95064eb949e4c16bcc647a4d5e727a5 - - 63189aafa0b848bd87e0112c971846d3 63189aafa0b848bd87e0112c971846d3] 10.0.0.90 "DELETE /resource_providers/92a6b7b2-bd18-4860-b667-fed906b92c58" status: 404 len: 246 microversion: 1.1 [pid: 7|app: 0|req: 529/1052] 10.0.0.90 () {34 vars in 814 bytes} [Tue Jul 14 10:06:43 2026] DELETE /resource_providers/92a6b7b2-bd18-4860-b667-fed906b92c58 => generated 246 bytes in 9 msecs (HTTP/1.1 404) 6 headers in 231 bytes (1 switches on core 0)
2026-07-14 10:06:43.649 8 INFO placement.requestlog [None req-acffcdad-9703-4c98-8d56-e038ecc2f17e bd8971ece46344099d58348283c9a7fd e95064eb949e4c16bcc647a4d5e727a5 - - 63189aafa0b848bd87e0112c971846d3 63189aafa0b848bd87e0112c971846d3] 10.0.0.90 "DELETE /resource_providers/92a6b7b2-bd18-4860-b667-fed906b92c58" status: 404 len: 246 microversion: 1.1 [pid: 8|app: 0|req: 524/1053] 10.0.0.90 () {34 vars in 814 bytes} [Tue Jul 14 10:06:43 2026] DELETE /resource_providers/92a6b7b2-bd18-4860-b667-fed906b92c58 => generated 246 bytes in 10 msecs (HTTP/1.1 404) 6 headers in 231 bytes (1 switches on core 0)
2026-07-14 10:06:43.690 7 INFO placement.requestlog [None req-5931113e-72ea-4d2d-9430-ecb8e05105f0 bd8971ece46344099d58348283c9a7fd e95064eb949e4c16bcc647a4d5e727a5 - - 63189aafa0b848bd87e0112c971846d3 63189aafa0b848bd87e0112c971846d3] 10.0.0.90 "GET /resource_providers/c6aca757-d865-4840-ba0a-774cce6b91ec/aggregates" status: 404 len: 235 microversion: 1.1
2026-07-14 10:06:43.690 8 INFO placement.requestlog [None req-5743d24b-a250-4922-982a-10c40c924838 bd8971ece46344099d58348283c9a7fd e95064eb949e4c16bcc647a4d5e727a5 - - 63189aafa0b848bd87e0112c971846d3 63189aafa0b848bd87e0112c971846d3] 10.0.0.90 "GET /resource_providers/c6aca757-d865-4840-ba0a-774cce6b91ec/aggregates" status: 404 len: 235 microversion: 1.1 [pid: 7|app: 0|req: 530/1054] 10.0.0.90 () {32 vars in 814 bytes} [Tue Jul 14 10:06:43 2026] GET /resource_providers/c6aca757-d865-4840-ba0a-774cce6b91ec/aggregates => generated 235 bytes in 13 msecs (HTTP/1.1 404) 5 headers in 202 bytes (1 switches on core 0) [pid: 8|app: 0|req: 525/1055] 10.0.0.90 () {32 vars in 814 bytes} [Tue Jul 14 10:06:43 2026] GET /resource_providers/c6aca757-d865-4840-ba0a-774cce6b91ec/aggregates => generated 235 bytes in 11 msecs (HTTP/1.1 404) 5 headers in 202 bytes (1 switches on core 0)
2026-07-14 10:06:43.715 7 INFO placement.requestlog [None req-d0dd6b76-14a7-4c0b-8562-0cfb3b295b9a bd8971ece46344099d58348283c9a7fd e95064eb949e4c16bcc647a4d5e727a5 - - 63189aafa0b848bd87e0112c971846d3 63189aafa0b848bd87e0112c971846d3] 10.0.0.90 "DELETE /resource_providers/c6aca757-d865-4840-ba0a-774cce6b91ec" status: 404 len: 246 microversion: 1.1 [pid: 7|app: 0|req: 531/1056] 10.0.0.90 () {34 vars in 814 bytes} [Tue Jul 14 10:06:43 2026] DELETE /resource_providers/c6aca757-d865-4840-ba0a-774cce6b91ec => generated 246 bytes in 10 msecs (HTTP/1.1 404) 6 headers in 231 bytes (1 switches on core 0)
2026-07-14 10:06:43.716 8 INFO placement.requestlog [None req-90355293-47f2-4e07-aeea-03f806395b0e bd8971ece46344099d58348283c9a7fd e95064eb949e4c16bcc647a4d5e727a5 - - 63189aafa0b848bd87e0112c971846d3 63189aafa0b848bd87e0112c971846d3] 10.0.0.90 "DELETE /resource_providers/c6aca757-d865-4840-ba0a-774cce6b91ec" status: 404 len: 246 microversion: 1.1 [pid: 8|app: 0|req: 526/1057] 10.0.0.90 () {34 vars in 814 bytes} [Tue Jul 14 10:06:43 2026] DELETE /resource_providers/c6aca757-d865-4840-ba0a-774cce6b91ec => generated 246 bytes in 10 msecs (HTTP/1.1 404) 6 headers in 231 bytes (1 switches on core 0)
2026-07-14 10:06:45.040 7 INFO placement.requestlog [None req-43fdebcc-8813-407f-a095-323ed0899276 bd8971ece46344099d58348283c9a7fd e95064eb949e4c16bcc647a4d5e727a5 - - 63189aafa0b848bd87e0112c971846d3 63189aafa0b848bd87e0112c971846d3] 10.0.0.90 "GET /resource_providers/643a3694-c280-451b-aeba-2e3e8aa0341c/aggregates" status: 404 len: 235 microversion: 1.1 [pid: 7|app: 0|req: 532/1058] 10.0.0.90 () {32 vars in 814 bytes} [Tue Jul 14 10:06:45 2026] GET /resource_providers/643a3694-c280-451b-aeba-2e3e8aa0341c/aggregates => generated 235 bytes in 9 msecs (HTTP/1.1 404) 5 headers in 202 bytes (1 switches on core 0)
2026-07-14 10:06:45.041 8 INFO placement.requestlog [None req-bc111007-0ef1-4138-9ca2-2c36176d4edf bd8971ece46344099d58348283c9a7fd e95064eb949e4c16bcc647a4d5e727a5 - - 63189aafa0b848bd87e0112c971846d3 63189aafa0b848bd87e0112c971846d3] 10.0.0.90 "GET /resource_providers/643a3694-c280-451b-aeba-2e3e8aa0341c/aggregates" status: 404 len: 235 microversion: 1.1 [pid: 8|app: 0|req: 527/1059] 10.0.0.90 () {32 vars in 814 bytes} [Tue Jul 14 10:06:45 2026] GET /resource_providers/643a3694-c280-451b-aeba-2e3e8aa0341c/aggregates => generated 235 bytes in 9 msecs (HTTP/1.1 404) 5 headers in 202 bytes (1 switches on core 0)
2026-07-14 10:06:45.063 7 INFO placement.requestlog [None req-43750be2-70d8-4e99-92b7-4059f86caf23 bd8971ece46344099d58348283c9a7fd e95064eb949e4c16bcc647a4d5e727a5 - - 63189aafa0b848bd87e0112c971846d3 63189aafa0b848bd87e0112c971846d3] 10.0.0.90 "DELETE /resource_providers/643a3694-c280-451b-aeba-2e3e8aa0341c" status: 404 len: 246 microversion: 1.1 [pid: 7|app: 0|req: 533/1060] 10.0.0.90 () {34 vars in 814 bytes} [Tue Jul 14 10:06:45 2026] DELETE /resource_providers/643a3694-c280-451b-aeba-2e3e8aa0341c => generated 246 bytes in 8 msecs (HTTP/1.1 404) 6 headers in 231 bytes (1 switches on core 0)
2026-07-14 10:06:45.068 8 INFO placement.requestlog [None req-c27e7333-18c3-4908-a7c9-5fc5109d16b3 bd8971ece46344099d58348283c9a7fd e95064eb949e4c16bcc647a4d5e727a5 - - 63189aafa0b848bd87e0112c971846d3 63189aafa0b848bd87e0112c971846d3] 10.0.0.90 "DELETE /resource_providers/643a3694-c280-451b-aeba-2e3e8aa0341c" status: 404 len: 246 microversion: 1.1 [pid: 8|app: 0|req: 528/1061] 10.0.0.90 () {34 vars in 814 bytes} [Tue Jul 14 10:06:45 2026] DELETE /resource_providers/643a3694-c280-451b-aeba-2e3e8aa0341c => generated 246 bytes in 10 msecs (HTTP/1.1 404) 6 headers in 231 bytes (1 switches on core 0)
2026-07-14 10:06:45.753 7 INFO placement.requestlog [None req-6b00f199-216b-423b-84b7-17561eb1b316 bd8971ece46344099d58348283c9a7fd e95064eb949e4c16bcc647a4d5e727a5 - - 63189aafa0b848bd87e0112c971846d3 63189aafa0b848bd87e0112c971846d3] 10.0.0.90 "GET /resource_providers/e2a14674-78f2-4c21-90e0-b47b40852ed0/aggregates" status: 404 len: 235 microversion: 1.1 [pid: 7|app: 0|req: 534/1062] 10.0.0.90 () {32 vars in 814 bytes} [Tue Jul 14 10:06:45 2026] GET /resource_providers/e2a14674-78f2-4c21-90e0-b47b40852ed0/aggregates => generated 235 bytes in 10 msecs (HTTP/1.1 404) 5 headers in 202 bytes (1 switches on core 0)
2026-07-14 10:06:45.755 8 INFO placement.requestlog [None req-4eb63a45-b181-4fcd-8d10-96944b8e4f37 bd8971ece46344099d58348283c9a7fd e95064eb949e4c16bcc647a4d5e727a5 - - 63189aafa0b848bd87e0112c971846d3 63189aafa0b848bd87e0112c971846d3] 10.0.0.90 "GET /resource_providers/e2a14674-78f2-4c21-90e0-b47b40852ed0/aggregates" status: 404 len: 235 microversion: 1.1 [pid: 8|app: 0|req: 529/1063] 10.0.0.90 () {32 vars in 814 bytes} [Tue Jul 14 10:06:45 2026] GET /resource_providers/e2a14674-78f2-4c21-90e0-b47b40852ed0/aggregates => generated 235 bytes in 12 msecs (HTTP/1.1 404) 5 headers in 202 bytes (1 switches on core 0)
2026-07-14 10:06:45.778 7 INFO placement.requestlog [None req-8c1077c0-cd21-4697-a6bc-41a8c17a9bcf bd8971ece46344099d58348283c9a7fd e95064eb949e4c16bcc647a4d5e727a5 - - 63189aafa0b848bd87e0112c971846d3 63189aafa0b848bd87e0112c971846d3] 10.0.0.90 "DELETE /resource_providers/e2a14674-78f2-4c21-90e0-b47b40852ed0" status: 404 len: 246 microversion: 1.1 [pid: 7|app: 0|req: 535/1064] 10.0.0.90 () {34 vars in 814 bytes} [Tue Jul 14 10:06:45 2026] DELETE /resource_providers/e2a14674-78f2-4c21-90e0-b47b40852ed0 => generated 246 bytes in 13 msecs (HTTP/1.1 404) 6 headers in 231 bytes (1 switches on core 0)
2026-07-14 10:06:45.786 8 INFO placement.requestlog [None req-7a0e994e-ddae-4573-9230-c7fdf72621f6 bd8971ece46344099d58348283c9a7fd e95064eb949e4c16bcc647a4d5e727a5 - - 63189aafa0b848bd87e0112c971846d3 63189aafa0b848bd87e0112c971846d3] 10.0.0.90 "DELETE /resource_providers/e2a14674-78f2-4c21-90e0-b47b40852ed0" status: 404 len: 246 microversion: 1.1 [pid: 8|app: 0|req: 530/1065] 10.0.0.90 () {34 vars in 814 bytes} [Tue Jul 14 10:06:45 2026] DELETE /resource_providers/e2a14674-78f2-4c21-90e0-b47b40852ed0 => generated 246 bytes in 14 msecs (HTTP/1.1 404) 6 headers in 231 bytes (1 switches on core 0)
2026-07-14 10:06:48.202 7 INFO placement.requestlog [None req-70ebbfd8-0cf0-4d19-abd4-a75e6a17d5f8 bd8971ece46344099d58348283c9a7fd e95064eb949e4c16bcc647a4d5e727a5 - - 63189aafa0b848bd87e0112c971846d3 63189aafa0b848bd87e0112c971846d3] 10.0.0.90 "GET /resource_providers/ddbfd1e1-2246-40e2-a1a2-0ccb568ac0eb/aggregates" status: 404 len: 235 microversion: 1.1 [pid: 7|app: 0|req: 536/1066] 10.0.0.90 () {32 vars in 814 bytes} [Tue Jul 14 10:06:48 2026] GET /resource_providers/ddbfd1e1-2246-40e2-a1a2-0ccb568ac0eb/aggregates => generated 235 bytes in 12 msecs (HTTP/1.1 404) 5 headers in 202 bytes (1 switches on core 0)
2026-07-14 10:06:48.202 8 INFO placement.requestlog [None req-e2879f15-fa6d-4a8c-9d39-3282176080cf bd8971ece46344099d58348283c9a7fd e95064eb949e4c16bcc647a4d5e727a5 - - 63189aafa0b848bd87e0112c971846d3 63189aafa0b848bd87e0112c971846d3] 10.0.0.90 "GET /resource_providers/ddbfd1e1-2246-40e2-a1a2-0ccb568ac0eb/aggregates" status: 404 len: 235 microversion: 1.1 [pid: 8|app: 0|req: 531/1067] 10.0.0.90 () {32 vars in 814 bytes} [Tue Jul 14 10:06:48 2026] GET /resource_providers/ddbfd1e1-2246-40e2-a1a2-0ccb568ac0eb/aggregates => generated 235 bytes in 13 msecs (HTTP/1.1 404) 5 headers in 202 bytes (1 switches on core 0)
2026-07-14 10:06:48.228 8 INFO placement.requestlog [None req-fd6809ac-d951-4409-8688-af1b034fbc87 bd8971ece46344099d58348283c9a7fd e95064eb949e4c16bcc647a4d5e727a5 - - 63189aafa0b848bd87e0112c971846d3 63189aafa0b848bd87e0112c971846d3] 10.0.0.90 "DELETE /resource_providers/ddbfd1e1-2246-40e2-a1a2-0ccb568ac0eb" status: 404 len: 246 microversion: 1.1 [pid: 8|app: 0|req: 532/1068] 10.0.0.90 () {34 vars in 814 bytes} [Tue Jul 14 10:06:48 2026] DELETE /resource_providers/ddbfd1e1-2246-40e2-a1a2-0ccb568ac0eb => generated 246 bytes in 9 msecs (HTTP/1.1 404) 6 headers in 231 bytes (1 switches on core 0)
2026-07-14 10:06:48.231 7 INFO placement.requestlog [None req-c36cfe89-9b15-4d9c-beeb-e77ef5c71478 bd8971ece46344099d58348283c9a7fd e95064eb949e4c16bcc647a4d5e727a5 - - 63189aafa0b848bd87e0112c971846d3 63189aafa0b848bd87e0112c971846d3] 10.0.0.90 "DELETE /resource_providers/ddbfd1e1-2246-40e2-a1a2-0ccb568ac0eb" status: 404 len: 246 microversion: 1.1 [pid: 7|app: 0|req: 537/1069] 10.0.0.90 () {34 vars in 814 bytes} [Tue Jul 14 10:06:48 2026] DELETE /resource_providers/ddbfd1e1-2246-40e2-a1a2-0ccb568ac0eb => generated 246 bytes in 12 msecs (HTTP/1.1 404) 6 headers in 231 bytes (1 switches on core 0)
2026-07-14 10:06:53.545 8 INFO placement.requestlog [None req-5a951b32-a664-46fe-b4f6-cc2705d509b8 - - - - - -] 10.0.0.52 "GET /" status: 200 len: 136 microversion: 1.0
2026-07-14 10:06:53.545 7 INFO placement.requestlog [None req-14bab4cc-a734-44df-bbf2-d845a87553eb - - - - - -] 10.0.0.52 "GET /" status: 200 len: 136 microversion: 1.0
2026-07-14 10:06:55.699 7 INFO placement.requestlog [None req-ffddec01-340a-48bc-8947-c8eaa4ec2d54 bd8971ece46344099d58348283c9a7fd e95064eb949e4c16bcc647a4d5e727a5 - - 63189aafa0b848bd87e0112c971846d3 63189aafa0b848bd87e0112c971846d3] 10.0.0.90 "GET /resource_providers/1143128d-859d-4e90-bc94-158dde6ca331/aggregates" status: 404 len: 235 microversion: 1.1 [pid: 7|app: 0|req: 539/1072] 10.0.0.90 () {32 vars in 814 bytes} [Tue Jul 14 10:06:55 2026] GET /resource_providers/1143128d-859d-4e90-bc94-158dde6ca331/aggregates => generated 235 bytes in 9 msecs (HTTP/1.1 404) 5 headers in 202 bytes (1 switches on core 0)
2026-07-14 10:06:55.713 8 INFO placement.requestlog [None req-752ced89-1dbe-4efb-8c8c-ad90d25077c7 bd8971ece46344099d58348283c9a7fd e95064eb949e4c16bcc647a4d5e727a5 - - 63189aafa0b848bd87e0112c971846d3 63189aafa0b848bd87e0112c971846d3] 10.0.0.90 "GET /resource_providers/1143128d-859d-4e90-bc94-158dde6ca331/aggregates" status: 404 len: 235 microversion: 1.1 [pid: 8|app: 0|req: 534/1073] 10.0.0.90 () {32 vars in 814 bytes} [Tue Jul 14 10:06:55 2026] GET /resource_providers/1143128d-859d-4e90-bc94-158dde6ca331/aggregates => generated 235 bytes in 19 msecs (HTTP/1.1 404) 5 headers in 202 bytes (1 switches on core 0)
2026-07-14 10:06:55.721 7 INFO placement.requestlog [None req-1c4a0091-4f7f-4d58-8f09-6696844a013a bd8971ece46344099d58348283c9a7fd e95064eb949e4c16bcc647a4d5e727a5 - - 63189aafa0b848bd87e0112c971846d3 63189aafa0b848bd87e0112c971846d3] 10.0.0.90 "DELETE /resource_providers/1143128d-859d-4e90-bc94-158dde6ca331" status: 404 len: 246 microversion: 1.1 [pid: 7|app: 0|req: 540/1074] 10.0.0.90 () {34 vars in 814 bytes} [Tue Jul 14 10:06:55 2026] DELETE /resource_providers/1143128d-859d-4e90-bc94-158dde6ca331 => generated 246 bytes in 13 msecs (HTTP/1.1 404) 6 headers in 231 bytes (1 switches on core 0)
2026-07-14 10:06:55.738 8 INFO placement.requestlog [None req-cd29b829-4d28-4c63-9496-6a6b4cb6b863 bd8971ece46344099d58348283c9a7fd e95064eb949e4c16bcc647a4d5e727a5 - - 63189aafa0b848bd87e0112c971846d3 63189aafa0b848bd87e0112c971846d3] 10.0.0.90 "DELETE /resource_providers/1143128d-859d-4e90-bc94-158dde6ca331" status: 404 len: 246 microversion: 1.1 [pid: 8|app: 0|req: 535/1075] 10.0.0.90 () {34 vars in 814 bytes} [Tue Jul 14 10:06:55 2026] DELETE /resource_providers/1143128d-859d-4e90-bc94-158dde6ca331 => generated 246 bytes in 18 msecs (HTTP/1.1 404) 6 headers in 231 bytes (1 switches on core 0)
2026-07-14 10:07:01.973 7 INFO placement.requestlog [req-12fe9e2e-18e2-46f2-8f58-556632bfbe98 req-596ed839-be45-4e31-8952-0e70cf7996f4 525ef53cbb8942dea0221268dd05d36b e95064eb949e4c16bcc647a4d5e727a5 - - 63189aafa0b848bd87e0112c971846d3 63189aafa0b848bd87e0112c971846d3] 10.0.0.7 "GET /allocation_candidates?limit=1000&resources=DISK_GB%3A1%2CMEMORY_MB%3A512%2CVCPU%3A1&root_required=%21COMPUTE_STATUS_DISABLED" status: 200 len: 2781 microversion: 1.36 [pid: 7|app: 0|req: 541/1076] 10.0.0.7 () {34 vars in 1009 bytes} [Tue Jul 14 10:07:01 2026] GET /allocation_candidates?limit=1000&resources=DISK_GB%3A1%2CMEMORY_MB%3A512%2CVCPU%3A1&root_required=%21COMPUTE_STATUS_DISABLED => generated 2781 bytes in 44 msecs (HTTP/1.1 200) 8 headers in 297 bytes (1 switches on core 0)
2026-07-14 10:07:02.012 8 INFO placement.requestlog [req-12fe9e2e-18e2-46f2-8f58-556632bfbe98 req-f12544d5-2217-4581-9158-0821ab4538af 525ef53cbb8942dea0221268dd05d36b e95064eb949e4c16bcc647a4d5e727a5 - - 63189aafa0b848bd87e0112c971846d3 63189aafa0b848bd87e0112c971846d3] 10.0.0.7 "GET /allocations/8f20f313-3c9c-421f-855f-6e504e31d661" status: 200 len: 19 microversion: 1.28 [pid: 8|app: 0|req: 536/1077] 10.0.0.7 () {34 vars in 858 bytes} [Tue Jul 14 10:07:02 2026] GET /allocations/8f20f313-3c9c-421f-855f-6e504e31d661 => generated 19 bytes in 12 msecs (HTTP/1.1 200) 8 headers in 295 bytes (1 switches on core 0)
2026-07-14 10:07:02.077 7 INFO placement.requestlog [req-12fe9e2e-18e2-46f2-8f58-556632bfbe98 req-9451128b-cfcb-4a0d-b371-eba998734f65 525ef53cbb8942dea0221268dd05d36b e95064eb949e4c16bcc647a4d5e727a5 - - 63189aafa0b848bd87e0112c971846d3 63189aafa0b848bd87e0112c971846d3] 10.0.0.7 "PUT /allocations/8f20f313-3c9c-421f-855f-6e504e31d661" status: 204 len: 0 microversion: 1.36 [pid: 7|app: 0|req: 542/1078] 10.0.0.7 () {38 vars in 911 bytes} [Tue Jul 14 10:07:02 2026] PUT /allocations/8f20f313-3c9c-421f-855f-6e504e31d661 => generated 0 bytes in 58 msecs (HTTP/1.1 204) 5 headers in 199 bytes (1 switches on core 0)
2026-07-14 10:07:03.545 7 INFO placement.requestlog [None req-5deb70ae-22bb-4da9-a37c-989f1c6d0cbb - - - - - -] 10.0.0.52 "GET /" status: 200 len: 136 microversion: 1.0
2026-07-14 10:07:03.545 8 INFO placement.requestlog [None req-85c7a099-2350-44fd-ba0f-2476a402adef - - - - - -] 10.0.0.52 "GET /" status: 200 len: 136 microversion: 1.0
2026-07-14 10:07:03.602 7 INFO placement.requestlog [req-12fe9e2e-18e2-46f2-8f58-556632bfbe98 req-99fe913a-2161-4901-823c-64c9ae09559b 525ef53cbb8942dea0221268dd05d36b e95064eb949e4c16bcc647a4d5e727a5 - - 63189aafa0b848bd87e0112c971846d3 63189aafa0b848bd87e0112c971846d3] 199.19.213.62 "GET /allocations/8f20f313-3c9c-421f-855f-6e504e31d661" status: 200 len: 258 microversion: 1.28 [pid: 7|app: 0|req: 544/1081] 199.19.213.62 () {34 vars in 861 bytes} [Tue Jul 14 10:07:03 2026] GET /allocations/8f20f313-3c9c-421f-855f-6e504e31d661 => generated 258 bytes in 12 msecs (HTTP/1.1 200) 8 headers in 296 bytes (1 switches on core 0)
2026-07-14 10:07:04.649 8 INFO placement.requestlog [req-12fe9e2e-18e2-46f2-8f58-556632bfbe98 req-0361d95f-57da-4057-8ae4-8064b7d93732 525ef53cbb8942dea0221268dd05d36b e95064eb949e4c16bcc647a4d5e727a5 - - 63189aafa0b848bd87e0112c971846d3 63189aafa0b848bd87e0112c971846d3] 199.19.213.62 "GET /resource_providers/58ce4959-ba87-44bc-9be3-938cc8e10452/allocations" status: 200 len: 153 microversion: 1.0 [pid: 8|app: 0|req: 538/1082] 199.19.213.62 () {32 vars in 855 bytes} [Tue Jul 14 10:07:04 2026] GET /resource_providers/58ce4959-ba87-44bc-9be3-938cc8e10452/allocations => generated 153 bytes in 17 msecs (HTTP/1.1 200) 6 headers in 224 bytes (1 switches on core 0)
2026-07-14 10:07:04.672 7 INFO placement.requestlog [req-12fe9e2e-18e2-46f2-8f58-556632bfbe98 req-5b6bc62b-ea7b-4e8b-b8e5-f67b12cc01b0 525ef53cbb8942dea0221268dd05d36b e95064eb949e4c16bcc647a4d5e727a5 - - 63189aafa0b848bd87e0112c971846d3 63189aafa0b848bd87e0112c971846d3] 199.19.213.62 "GET /allocations/8f20f313-3c9c-421f-855f-6e504e31d661" status: 200 len: 258 microversion: 1.28 [pid: 7|app: 0|req: 545/1083] 199.19.213.62 () {34 vars in 861 bytes} [Tue Jul 14 10:07:04 2026] GET /allocations/8f20f313-3c9c-421f-855f-6e504e31d661 => generated 258 bytes in 14 msecs (HTTP/1.1 200) 8 headers in 296 bytes (1 switches on core 0)
2026-07-14 10:07:13.545 8 INFO placement.requestlog [None req-5cec909f-86ed-4f17-89a0-b6874ff03078 - - - - - -] 10.0.0.52 "GET /" status: 200 len: 136 microversion: 1.0
2026-07-14 10:07:13.545 7 INFO placement.requestlog [None req-f8f5458c-c8de-4997-ac38-a313e39e16d7 - - - - - -] 10.0.0.52 "GET /" status: 200 len: 136 microversion: 1.0
2026-07-14 10:07:21.822 8 INFO placement.requestlog [None req-bb7a0a38-1b6c-4adb-9a36-5eeb620f7a89 bd8971ece46344099d58348283c9a7fd e95064eb949e4c16bcc647a4d5e727a5 - - 63189aafa0b848bd87e0112c971846d3 63189aafa0b848bd87e0112c971846d3] 10.0.0.90 "GET /resource_providers/82598bb8-6cbd-4c8b-8ff3-4f50777c15bd/aggregates" status: 404 len: 235 microversion: 1.1 [pid: 8|app: 0|req: 540/1086] 10.0.0.90 () {32 vars in 814 bytes} [Tue Jul 14 10:07:21 2026] GET /resource_providers/82598bb8-6cbd-4c8b-8ff3-4f50777c15bd/aggregates => generated 235 bytes in 13 msecs (HTTP/1.1 404) 5 headers in 202 bytes (1 switches on core 0)
2026-07-14 10:07:21.823 7 INFO placement.requestlog [None req-afb0cdd1-93bf-4738-9fec-f7797e0e17e0 bd8971ece46344099d58348283c9a7fd e95064eb949e4c16bcc647a4d5e727a5 - - 63189aafa0b848bd87e0112c971846d3 63189aafa0b848bd87e0112c971846d3] 10.0.0.90 "GET /resource_providers/82598bb8-6cbd-4c8b-8ff3-4f50777c15bd/aggregates" status: 404 len: 235 microversion: 1.1 [pid: 7|app: 0|req: 547/1087] 10.0.0.90 () {32 vars in 814 bytes} [Tue Jul 14 10:07:21 2026] GET /resource_providers/82598bb8-6cbd-4c8b-8ff3-4f50777c15bd/aggregates => generated 235 bytes in 14 msecs (HTTP/1.1 404) 5 headers in 202 bytes (1 switches on core 0)
2026-07-14 10:07:21.850 8 INFO placement.requestlog [None req-af45e5cf-01ad-4bd1-bbe1-c84c58e86d81 bd8971ece46344099d58348283c9a7fd e95064eb949e4c16bcc647a4d5e727a5 - - 63189aafa0b848bd87e0112c971846d3 63189aafa0b848bd87e0112c971846d3] 10.0.0.90 "DELETE /resource_providers/82598bb8-6cbd-4c8b-8ff3-4f50777c15bd" status: 404 len: 246 microversion: 1.1 [pid: 8|app: 0|req: 541/1088] 10.0.0.90 () {34 vars in 814 bytes} [Tue Jul 14 10:07:21 2026] DELETE /resource_providers/82598bb8-6cbd-4c8b-8ff3-4f50777c15bd => generated 246 bytes in 18 msecs (HTTP/1.1 404) 6 headers in 231 bytes (1 switches on core 0)
2026-07-14 10:07:21.854 7 INFO placement.requestlog [None req-410a764e-65ea-44cf-985d-db7e4ce24b96 bd8971ece46344099d58348283c9a7fd e95064eb949e4c16bcc647a4d5e727a5 - - 63189aafa0b848bd87e0112c971846d3 63189aafa0b848bd87e0112c971846d3] 10.0.0.90 "DELETE /resource_providers/82598bb8-6cbd-4c8b-8ff3-4f50777c15bd" status: 404 len: 246 microversion: 1.1 [pid: 7|app: 0|req: 548/1089] 10.0.0.90 () {34 vars in 814 bytes} [Tue Jul 14 10:07:21 2026] DELETE /resource_providers/82598bb8-6cbd-4c8b-8ff3-4f50777c15bd => generated 246 bytes in 14 msecs (HTTP/1.1 404) 6 headers in 231 bytes (1 switches on core 0)
2026-07-14 10:07:23.545 8 INFO placement.requestlog [None req-912905b3-8570-43bc-bd0b-44a0d5f446a9 - - - - - -] 10.0.0.52 "GET /" status: 200 len: 136 microversion: 1.0
2026-07-14 10:07:23.545 7 INFO placement.requestlog [None req-68fbec55-c0b6-4c1d-b834-b628e1ff92c3 - - - - - -] 10.0.0.52 "GET /" status: 200 len: 136 microversion: 1.0
2026-07-14 10:07:23.877 8 INFO placement.requestlog [None req-c8953844-07d5-4630-bf48-9f004b096516 bd8971ece46344099d58348283c9a7fd e95064eb949e4c16bcc647a4d5e727a5 - - 63189aafa0b848bd87e0112c971846d3 63189aafa0b848bd87e0112c971846d3] 10.0.0.90 "GET /resource_providers/7b73bf02-4886-49b8-9c77-f51559fda703/aggregates" status: 404 len: 235 microversion: 1.1 [pid: 8|app: 0|req: 543/1092] 10.0.0.90 () {32 vars in 814 bytes} [Tue Jul 14 10:07:23 2026] GET /resource_providers/7b73bf02-4886-49b8-9c77-f51559fda703/aggregates => generated 235 bytes in 13 msecs (HTTP/1.1 404) 5 headers in 202 bytes (1 switches on core 0)
2026-07-14 10:07:23.880 7 INFO placement.requestlog [None req-8ddaffa1-1ceb-42af-ac85-3c76e1f472f0 bd8971ece46344099d58348283c9a7fd e95064eb949e4c16bcc647a4d5e727a5 - - 63189aafa0b848bd87e0112c971846d3 63189aafa0b848bd87e0112c971846d3] 10.0.0.90 "GET /resource_providers/7b73bf02-4886-49b8-9c77-f51559fda703/aggregates" status: 404 len: 235 microversion: 1.1 [pid: 7|app: 0|req: 550/1093] 10.0.0.90 () {32 vars in 814 bytes} [Tue Jul 14 10:07:23 2026] GET /resource_providers/7b73bf02-4886-49b8-9c77-f51559fda703/aggregates => generated 235 bytes in 8 msecs (HTTP/1.1 404) 5 headers in 202 bytes (1 switches on core 0)
2026-07-14 10:07:23.907 7 INFO placement.requestlog [None req-caa8a3a8-09d0-4817-b5c4-c672e70bd48d bd8971ece46344099d58348283c9a7fd e95064eb949e4c16bcc647a4d5e727a5 - - 63189aafa0b848bd87e0112c971846d3 63189aafa0b848bd87e0112c971846d3] 10.0.0.90 "DELETE /resource_providers/7b73bf02-4886-49b8-9c77-f51559fda703" status: 404 len: 246 microversion: 1.1 [pid: 7|app: 0|req: 551/1094] 10.0.0.90 () {34 vars in 814 bytes} [Tue Jul 14 10:07:23 2026] DELETE /resource_providers/7b73bf02-4886-49b8-9c77-f51559fda703 => generated 246 bytes in 17 msecs (HTTP/1.1 404) 6 headers in 231 bytes (1 switches on core 0)
