2026-07-14 10:04:28.675 8 INFO placement.requestlog [None req-b176a19e-3406-4dfb-a3de-e3b495d7e80f bd8971ece46344099d58348283c9a7fd e95064eb949e4c16bcc647a4d5e727a5 - - 63189aafa0b848bd87e0112c971846d3 63189aafa0b848bd87e0112c971846d3] 10.0.0.90 "GET /resource_providers/cc4bb197-e1ae-4edc-82f5-93985b9fb8e2/aggregates" status: 404 len: 235 microversion: 1.1 [pid: 8|app: 0|req: 414/829] 10.0.0.90 () {32 vars in 814 bytes} [Tue Jul 14 10:04:28 2026] GET /resource_providers/cc4bb197-e1ae-4edc-82f5-93985b9fb8e2/aggregates => generated 235 bytes in 18 msecs (HTTP/1.1 404) 5 headers in 202 bytes (1 switches on core 0)
2026-07-14 10:04:28.678 7 INFO placement.requestlog [None req-2dc2a23a-ce64-4c34-b67a-10ec313962d5 bd8971ece46344099d58348283c9a7fd e95064eb949e4c16bcc647a4d5e727a5 - - 63189aafa0b848bd87e0112c971846d3 63189aafa0b848bd87e0112c971846d3] 10.0.0.90 "GET /resource_providers/cc4bb197-e1ae-4edc-82f5-93985b9fb8e2/aggregates" status: 404 len: 235 microversion: 1.1 [pid: 7|app: 0|req: 416/830] 10.0.0.90 () {32 vars in 814 bytes} [Tue Jul 14 10:04:28 2026] GET /resource_providers/cc4bb197-e1ae-4edc-82f5-93985b9fb8e2/aggregates => generated 235 bytes in 16 msecs (HTTP/1.1 404) 5 headers in 202 bytes (1 switches on core 0)
2026-07-14 10:04:28.702 8 INFO placement.requestlog [None req-d2d85569-4d36-4307-83bb-f0ba942f6dde bd8971ece46344099d58348283c9a7fd e95064eb949e4c16bcc647a4d5e727a5 - - 63189aafa0b848bd87e0112c971846d3 63189aafa0b848bd87e0112c971846d3] 10.0.0.90 "DELETE /resource_providers/cc4bb197-e1ae-4edc-82f5-93985b9fb8e2" status: 404 len: 246 microversion: 1.1 [pid: 8|app: 0|req: 415/831] 10.0.0.90 () {34 vars in 814 bytes} [Tue Jul 14 10:04:28 2026] DELETE /resource_providers/cc4bb197-e1ae-4edc-82f5-93985b9fb8e2 => generated 246 bytes in 11 msecs (HTTP/1.1 404) 6 headers in 231 bytes (1 switches on core 0)
2026-07-14 10:04:28.710 7 INFO placement.requestlog [None req-6ebb2088-9b32-4ef8-aa87-24e679feaed3 bd8971ece46344099d58348283c9a7fd e95064eb949e4c16bcc647a4d5e727a5 - - 63189aafa0b848bd87e0112c971846d3 63189aafa0b848bd87e0112c971846d3] 10.0.0.90 "DELETE /resource_providers/cc4bb197-e1ae-4edc-82f5-93985b9fb8e2" status: 404 len: 246 microversion: 1.1 [pid: 7|app: 0|req: 417/832] 10.0.0.90 () {34 vars in 814 bytes} [Tue Jul 14 10:04:28 2026] DELETE /resource_providers/cc4bb197-e1ae-4edc-82f5-93985b9fb8e2 => generated 246 bytes in 12 msecs (HTTP/1.1 404) 6 headers in 231 bytes (1 switches on core 0)
2026-07-14 10:04:29.875 8 INFO placement.requestlog [req-6aa6b9bb-4713-4a8b-ae06-fbdaae8b61fe req-e3daad34-934a-40e6-a410-41728a9fbc79 525ef53cbb8942dea0221268dd05d36b e95064eb949e4c16bcc647a4d5e727a5 - - 63189aafa0b848bd87e0112c971846d3 63189aafa0b848bd87e0112c971846d3] 10.0.0.7 "GET /allocation_candidates?limit=1000&resources=DISK_GB%3A1%2CMEMORY_MB%3A512%2CVCPU%3A1&root_required=%21COMPUTE_STATUS_DISABLED" status: 200 len: 2783 microversion: 1.36 [pid: 8|app: 0|req: 416/833] 10.0.0.7 () {34 vars in 1009 bytes} [Tue Jul 14 10:04:29 2026] GET /allocation_candidates?limit=1000&resources=DISK_GB%3A1%2CMEMORY_MB%3A512%2CVCPU%3A1&root_required=%21COMPUTE_STATUS_DISABLED => generated 2783 bytes in 84 msecs (HTTP/1.1 200) 8 headers in 297 bytes (1 switches on core 0)
2026-07-14 10:04:29.935 7 INFO placement.requestlog [req-6aa6b9bb-4713-4a8b-ae06-fbdaae8b61fe req-3de34eee-3614-4f58-b244-dcb2d2afe22e 525ef53cbb8942dea0221268dd05d36b e95064eb949e4c16bcc647a4d5e727a5 - - 63189aafa0b848bd87e0112c971846d3 63189aafa0b848bd87e0112c971846d3] 10.0.0.7 "GET /allocations/3087c611-d906-4ef0-b377-9d972b6f42aa" status: 200 len: 19 microversion: 1.28 [pid: 7|app: 0|req: 418/834] 10.0.0.7 () {34 vars in 858 bytes} [Tue Jul 14 10:04:29 2026] GET /allocations/3087c611-d906-4ef0-b377-9d972b6f42aa => generated 19 bytes in 19 msecs (HTTP/1.1 200) 8 headers in 295 bytes (1 switches on core 0)
2026-07-14 10:04:30.006 8 INFO placement.requestlog [req-6aa6b9bb-4713-4a8b-ae06-fbdaae8b61fe req-625210ce-ee5b-46c9-a571-c53d51cc7014 525ef53cbb8942dea0221268dd05d36b e95064eb949e4c16bcc647a4d5e727a5 - - 63189aafa0b848bd87e0112c971846d3 63189aafa0b848bd87e0112c971846d3] 10.0.0.7 "PUT /allocations/3087c611-d906-4ef0-b377-9d972b6f42aa" status: 204 len: 0 microversion: 1.36 [pid: 8|app: 0|req: 417/835] 10.0.0.7 () {38 vars in 911 bytes} [Tue Jul 14 10:04:29 2026] PUT /allocations/3087c611-d906-4ef0-b377-9d972b6f42aa => generated 0 bytes in 64 msecs (HTTP/1.1 204) 5 headers in 199 bytes (1 switches on core 0)
2026-07-14 10:04:31.475 7 INFO placement.requestlog [req-6aa6b9bb-4713-4a8b-ae06-fbdaae8b61fe req-6a9373b5-e2db-42da-abba-a8f8131e1d6e 525ef53cbb8942dea0221268dd05d36b e95064eb949e4c16bcc647a4d5e727a5 - - 63189aafa0b848bd87e0112c971846d3 63189aafa0b848bd87e0112c971846d3] 199.19.213.62 "GET /allocations/3087c611-d906-4ef0-b377-9d972b6f42aa" status: 200 len: 257 microversion: 1.28 [pid: 7|app: 0|req: 419/836] 199.19.213.62 () {34 vars in 861 bytes} [Tue Jul 14 10:04:31 2026] GET /allocations/3087c611-d906-4ef0-b377-9d972b6f42aa => generated 257 bytes in 10 msecs (HTTP/1.1 200) 8 headers in 296 bytes (1 switches on core 0)
2026-07-14 10:04:32.529 8 INFO placement.requestlog [req-6aa6b9bb-4713-4a8b-ae06-fbdaae8b61fe req-ac5ae111-23ca-41bd-b4b2-4fa362fb5592 525ef53cbb8942dea0221268dd05d36b e95064eb949e4c16bcc647a4d5e727a5 - - 63189aafa0b848bd87e0112c971846d3 63189aafa0b848bd87e0112c971846d3] 199.19.213.62 "GET /resource_providers/58ce4959-ba87-44bc-9be3-938cc8e10452/allocations" status: 200 len: 252 microversion: 1.0 [pid: 8|app: 0|req: 418/837] 199.19.213.62 () {32 vars in 855 bytes} [Tue Jul 14 10:04:32 2026] GET /resource_providers/58ce4959-ba87-44bc-9be3-938cc8e10452/allocations => generated 252 bytes in 33 msecs (HTTP/1.1 200) 6 headers in 224 bytes (1 switches on core 0)
2026-07-14 10:04:32.548 7 INFO placement.requestlog [req-6aa6b9bb-4713-4a8b-ae06-fbdaae8b61fe req-8809014a-6350-4f17-8147-ad7291091102 525ef53cbb8942dea0221268dd05d36b e95064eb949e4c16bcc647a4d5e727a5 - - 63189aafa0b848bd87e0112c971846d3 63189aafa0b848bd87e0112c971846d3] 199.19.213.62 "GET /allocations/0fbffed5-2cb3-432f-a393-90aed37f517f" status: 200 len: 257 microversion: 1.28 [pid: 7|app: 0|req: 420/838] 199.19.213.62 () {34 vars in 861 bytes} [Tue Jul 14 10:04:32 2026] GET /allocations/0fbffed5-2cb3-432f-a393-90aed37f517f => generated 257 bytes in 11 msecs (HTTP/1.1 200) 8 headers in 296 bytes (1 switches on core 0)
2026-07-14 10:04:32.568 8 INFO placement.requestlog [req-6aa6b9bb-4713-4a8b-ae06-fbdaae8b61fe req-faa3d529-847b-4872-a127-f5d0de80493c 525ef53cbb8942dea0221268dd05d36b e95064eb949e4c16bcc647a4d5e727a5 - - 63189aafa0b848bd87e0112c971846d3 63189aafa0b848bd87e0112c971846d3] 199.19.213.62 "GET /allocations/3087c611-d906-4ef0-b377-9d972b6f42aa" status: 200 len: 257 microversion: 1.28 [pid: 8|app: 0|req: 419/839] 199.19.213.62 () {34 vars in 861 bytes} [Tue Jul 14 10:04:32 2026] GET /allocations/3087c611-d906-4ef0-b377-9d972b6f42aa => generated 257 bytes in 15 msecs (HTTP/1.1 200) 8 headers in 296 bytes (1 switches on core 0)
2026-07-14 10:04:33.130 7 INFO placement.requestlog [req-993421bd-59db-44fe-b976-e1d9154d996d req-9c163739-f17a-4888-9ebf-76c915abc848 525ef53cbb8942dea0221268dd05d36b e95064eb949e4c16bcc647a4d5e727a5 - - 63189aafa0b848bd87e0112c971846d3 63189aafa0b848bd87e0112c971846d3] 10.0.0.7 "GET /allocation_candidates?limit=1000&resources=DISK_GB%3A1%2CMEMORY_MB%3A512%2CVCPU%3A1&root_required=%21COMPUTE_STATUS_DISABLED" status: 200 len: 2784 microversion: 1.36 [pid: 7|app: 0|req: 421/840] 10.0.0.7 () {34 vars in 1009 bytes} [Tue Jul 14 10:04:33 2026] GET /allocation_candidates?limit=1000&resources=DISK_GB%3A1%2CMEMORY_MB%3A512%2CVCPU%3A1&root_required=%21COMPUTE_STATUS_DISABLED => generated 2784 bytes in 45 msecs (HTTP/1.1 200) 8 headers in 297 bytes (1 switches on core 0)
2026-07-14 10:04:33.167 8 INFO placement.requestlog [req-993421bd-59db-44fe-b976-e1d9154d996d req-375f450e-e330-4ffc-b264-9e36065038d9 525ef53cbb8942dea0221268dd05d36b e95064eb949e4c16bcc647a4d5e727a5 - - 63189aafa0b848bd87e0112c971846d3 63189aafa0b848bd87e0112c971846d3] 10.0.0.7 "GET /allocations/d668a99e-9142-41a3-a3cf-8caf7cbdbdaa" status: 200 len: 19 microversion: 1.28 [pid: 8|app: 0|req: 420/841] 10.0.0.7 () {34 vars in 858 bytes} [Tue Jul 14 10:04:33 2026] GET /allocations/d668a99e-9142-41a3-a3cf-8caf7cbdbdaa => generated 19 bytes in 12 msecs (HTTP/1.1 200) 8 headers in 295 bytes (1 switches on core 0)
2026-07-14 10:04:33.252 7 INFO placement.requestlog [req-993421bd-59db-44fe-b976-e1d9154d996d req-e1092795-0d65-4501-81a1-a54f5178858a 525ef53cbb8942dea0221268dd05d36b e95064eb949e4c16bcc647a4d5e727a5 - - 63189aafa0b848bd87e0112c971846d3 63189aafa0b848bd87e0112c971846d3] 10.0.0.7 "PUT /allocations/d668a99e-9142-41a3-a3cf-8caf7cbdbdaa" status: 204 len: 0 microversion: 1.36 [pid: 7|app: 0|req: 422/842] 10.0.0.7 () {38 vars in 911 bytes} [Tue Jul 14 10:04:33 2026] PUT /allocations/d668a99e-9142-41a3-a3cf-8caf7cbdbdaa => generated 0 bytes in 78 msecs (HTTP/1.1 204) 5 headers in 199 bytes (1 switches on core 0)
2026-07-14 10:04:33.309 7 INFO placement.requestlog [None req-5f87ea2e-be6f-46cf-8293-b13e0d1e8907 bd8971ece46344099d58348283c9a7fd e95064eb949e4c16bcc647a4d5e727a5 - - 63189aafa0b848bd87e0112c971846d3 63189aafa0b848bd87e0112c971846d3] 10.0.0.90 "GET /resource_providers/692bb6ab-449f-4d6c-a6bd-612518987ddb/aggregates" status: 404 len: 235 microversion: 1.1 [pid: 7|app: 0|req: 423/843] 10.0.0.90 () {32 vars in 814 bytes} [Tue Jul 14 10:04:33 2026] GET /resource_providers/692bb6ab-449f-4d6c-a6bd-612518987ddb/aggregates => generated 235 bytes in 10 msecs (HTTP/1.1 404) 5 headers in 202 bytes (1 switches on core 0)
2026-07-14 10:04:33.312 8 INFO placement.requestlog [None req-de4f4b7d-7e72-4251-9a57-8147c41463fb bd8971ece46344099d58348283c9a7fd e95064eb949e4c16bcc647a4d5e727a5 - - 63189aafa0b848bd87e0112c971846d3 63189aafa0b848bd87e0112c971846d3] 10.0.0.90 "GET /resource_providers/692bb6ab-449f-4d6c-a6bd-612518987ddb/aggregates" status: 404 len: 235 microversion: 1.1 [pid: 8|app: 0|req: 421/844] 10.0.0.90 () {32 vars in 814 bytes} [Tue Jul 14 10:04:33 2026] GET /resource_providers/692bb6ab-449f-4d6c-a6bd-612518987ddb/aggregates => generated 235 bytes in 14 msecs (HTTP/1.1 404) 5 headers in 202 bytes (1 switches on core 0)
2026-07-14 10:04:33.335 7 INFO placement.requestlog [None req-eaecb175-965f-4e16-9fd1-18bcdd0fb9ed bd8971ece46344099d58348283c9a7fd e95064eb949e4c16bcc647a4d5e727a5 - - 63189aafa0b848bd87e0112c971846d3 63189aafa0b848bd87e0112c971846d3] 10.0.0.90 "DELETE /resource_providers/692bb6ab-449f-4d6c-a6bd-612518987ddb" status: 404 len: 246 microversion: 1.1 [pid: 7|app: 0|req: 424/845] 10.0.0.90 () {34 vars in 814 bytes} [Tue Jul 14 10:04:33 2026] DELETE /resource_providers/692bb6ab-449f-4d6c-a6bd-612518987ddb => generated 246 bytes in 9 msecs (HTTP/1.1 404) 6 headers in 231 bytes (1 switches on core 0)
2026-07-14 10:04:33.342 8 INFO placement.requestlog [None req-8b7f5c18-ab6d-4f7d-b50e-401d5b35c833 bd8971ece46344099d58348283c9a7fd e95064eb949e4c16bcc647a4d5e727a5 - - 63189aafa0b848bd87e0112c971846d3 63189aafa0b848bd87e0112c971846d3] 10.0.0.90 "DELETE /resource_providers/692bb6ab-449f-4d6c-a6bd-612518987ddb" status: 404 len: 246 microversion: 1.1 [pid: 8|app: 0|req: 422/846] 10.0.0.90 () {34 vars in 814 bytes} [Tue Jul 14 10:04:33 2026] DELETE /resource_providers/692bb6ab-449f-4d6c-a6bd-612518987ddb => generated 246 bytes in 13 msecs (HTTP/1.1 404) 6 headers in 231 bytes (1 switches on core 0)
2026-07-14 10:04:33.545 8 INFO placement.requestlog [None req-59fa705c-6a20-4176-8770-080bf1135da7 - - - - - -] 10.0.0.52 "GET /" status: 200 len: 136 microversion: 1.0
2026-07-14 10:04:33.545 7 INFO placement.requestlog [None req-fd9840f8-8df4-49a7-92d9-5be1c2517154 - - - - - -] 10.0.0.52 "GET /" status: 200 len: 136 microversion: 1.0
2026-07-14 10:04:34.828 8 INFO placement.requestlog [req-993421bd-59db-44fe-b976-e1d9154d996d req-f458a6c5-0279-4d51-be34-9c06007711e5 525ef53cbb8942dea0221268dd05d36b e95064eb949e4c16bcc647a4d5e727a5 - - 63189aafa0b848bd87e0112c971846d3 63189aafa0b848bd87e0112c971846d3] 199.19.213.62 "GET /allocations/d668a99e-9142-41a3-a3cf-8caf7cbdbdaa" status: 200 len: 257 microversion: 1.28 [pid: 8|app: 0|req: 424/849] 199.19.213.62 () {34 vars in 861 bytes} [Tue Jul 14 10:04:34 2026] GET /allocations/d668a99e-9142-41a3-a3cf-8caf7cbdbdaa => generated 257 bytes in 18 msecs (HTTP/1.1 200) 8 headers in 296 bytes (1 switches on core 0)
2026-07-14 10:04:35.884 7 INFO placement.requestlog [req-993421bd-59db-44fe-b976-e1d9154d996d req-745902ac-2d48-4e68-986e-d0b4b6c53f96 525ef53cbb8942dea0221268dd05d36b e95064eb949e4c16bcc647a4d5e727a5 - - 63189aafa0b848bd87e0112c971846d3 63189aafa0b848bd87e0112c971846d3] 199.19.213.62 "GET /resource_providers/58ce4959-ba87-44bc-9be3-938cc8e10452/allocations" status: 200 len: 352 microversion: 1.0 [pid: 7|app: 0|req: 426/850] 199.19.213.62 () {32 vars in 855 bytes} [Tue Jul 14 10:04:35 2026] GET /resource_providers/58ce4959-ba87-44bc-9be3-938cc8e10452/allocations => generated 352 bytes in 21 msecs (HTTP/1.1 200) 6 headers in 224 bytes (1 switches on core 0)
2026-07-14 10:04:35.905 8 INFO placement.requestlog [req-993421bd-59db-44fe-b976-e1d9154d996d req-60933060-7811-4758-a57f-7ae6a1f16f2c 525ef53cbb8942dea0221268dd05d36b e95064eb949e4c16bcc647a4d5e727a5 - - 63189aafa0b848bd87e0112c971846d3 63189aafa0b848bd87e0112c971846d3] 199.19.213.62 "GET /allocations/0fbffed5-2cb3-432f-a393-90aed37f517f" status: 200 len: 257 microversion: 1.28 [pid: 8|app: 0|req: 425/851] 199.19.213.62 () {34 vars in 861 bytes} [Tue Jul 14 10:04:35 2026] GET /allocations/0fbffed5-2cb3-432f-a393-90aed37f517f => generated 257 bytes in 12 msecs (HTTP/1.1 200) 8 headers in 296 bytes (1 switches on core 0)
2026-07-14 10:04:35.927 7 INFO placement.requestlog [req-993421bd-59db-44fe-b976-e1d9154d996d req-d4fcc917-3ec0-4ed4-8f34-a5287e5dfb45 525ef53cbb8942dea0221268dd05d36b e95064eb949e4c16bcc647a4d5e727a5 - - 63189aafa0b848bd87e0112c971846d3 63189aafa0b848bd87e0112c971846d3] 199.19.213.62 "GET /allocations/3087c611-d906-4ef0-b377-9d972b6f42aa" status: 200 len: 257 microversion: 1.28 [pid: 7|app: 0|req: 427/852] 199.19.213.62 () {34 vars in 861 bytes} [Tue Jul 14 10:04:35 2026] GET /allocations/3087c611-d906-4ef0-b377-9d972b6f42aa => generated 257 bytes in 16 msecs (HTTP/1.1 200) 8 headers in 296 bytes (1 switches on core 0)
2026-07-14 10:04:35.952 8 INFO placement.requestlog [req-993421bd-59db-44fe-b976-e1d9154d996d req-d9907f4b-b9ae-4b68-9e99-45d352cefcdf 525ef53cbb8942dea0221268dd05d36b e95064eb949e4c16bcc647a4d5e727a5 - - 63189aafa0b848bd87e0112c971846d3 63189aafa0b848bd87e0112c971846d3] 199.19.213.62 "GET /allocations/d668a99e-9142-41a3-a3cf-8caf7cbdbdaa" status: 200 len: 257 microversion: 1.28 [pid: 8|app: 0|req: 426/853] 199.19.213.62 () {34 vars in 861 bytes} [Tue Jul 14 10:04:35 2026] GET /allocations/d668a99e-9142-41a3-a3cf-8caf7cbdbdaa => generated 257 bytes in 18 msecs (HTTP/1.1 200) 8 headers in 296 bytes (1 switches on core 0)
2026-07-14 10:04:37.011 7 INFO placement.requestlog [req-52e4524e-df1b-4c53-8007-b67c92fd7001 req-6a69b8c8-00d1-4804-ac4a-773cd47234a0 525ef53cbb8942dea0221268dd05d36b e95064eb949e4c16bcc647a4d5e727a5 - - 63189aafa0b848bd87e0112c971846d3 63189aafa0b848bd87e0112c971846d3] 199.19.213.62 "GET /resource_providers/58ce4959-ba87-44bc-9be3-938cc8e10452/allocations" status: 200 len: 352 microversion: 1.0 [pid: 7|app: 0|req: 428/854] 199.19.213.62 () {32 vars in 855 bytes} [Tue Jul 14 10:04:36 2026] GET /resource_providers/58ce4959-ba87-44bc-9be3-938cc8e10452/allocations => generated 352 bytes in 23 msecs (HTTP/1.1 200) 6 headers in 224 bytes (1 switches on core 0)
2026-07-14 10:04:37.030 8 INFO placement.requestlog [req-52e4524e-df1b-4c53-8007-b67c92fd7001 req-7acc2803-5d77-4133-8fc0-de58ba48a38b 525ef53cbb8942dea0221268dd05d36b e95064eb949e4c16bcc647a4d5e727a5 - - 63189aafa0b848bd87e0112c971846d3 63189aafa0b848bd87e0112c971846d3] 199.19.213.62 "GET /allocations/0fbffed5-2cb3-432f-a393-90aed37f517f" status: 200 len: 257 microversion: 1.28 [pid: 8|app: 0|req: 427/855] 199.19.213.62 () {34 vars in 861 bytes} [Tue Jul 14 10:04:37 2026] GET /allocations/0fbffed5-2cb3-432f-a393-90aed37f517f => generated 257 bytes in 14 msecs (HTTP/1.1 200) 8 headers in 296 bytes (1 switches on core 0)
2026-07-14 10:04:37.050 7 INFO placement.requestlog [req-52e4524e-df1b-4c53-8007-b67c92fd7001 req-61e2b371-6602-48a0-b367-32e40436cde8 525ef53cbb8942dea0221268dd05d36b e95064eb949e4c16bcc647a4d5e727a5 - - 63189aafa0b848bd87e0112c971846d3 63189aafa0b848bd87e0112c971846d3] 199.19.213.62 "GET /allocations/3087c611-d906-4ef0-b377-9d972b6f42aa" status: 200 len: 257 microversion: 1.28 [pid: 7|app: 0|req: 429/856] 199.19.213.62 () {34 vars in 861 bytes} [Tue Jul 14 10:04:37 2026] GET /allocations/3087c611-d906-4ef0-b377-9d972b6f42aa => generated 257 bytes in 12 msecs (HTTP/1.1 200) 8 headers in 296 bytes (1 switches on core 0)
2026-07-14 10:04:37.074 8 INFO placement.requestlog [req-52e4524e-df1b-4c53-8007-b67c92fd7001 req-cc81814b-4ebc-4e9d-a497-2679a9ae5fd2 525ef53cbb8942dea0221268dd05d36b e95064eb949e4c16bcc647a4d5e727a5 - - 63189aafa0b848bd87e0112c971846d3 63189aafa0b848bd87e0112c971846d3] 199.19.213.62 "GET /allocations/d668a99e-9142-41a3-a3cf-8caf7cbdbdaa" status: 200 len: 257 microversion: 1.28 [pid: 8|app: 0|req: 428/857] 199.19.213.62 () {34 vars in 861 bytes} [Tue Jul 14 10:04:37 2026] GET /allocations/d668a99e-9142-41a3-a3cf-8caf7cbdbdaa => generated 257 bytes in 16 msecs (HTTP/1.1 200) 8 headers in 296 bytes (1 switches on core 0)
2026-07-14 10:04:38.125 7 INFO placement.requestlog [req-52e4524e-df1b-4c53-8007-b67c92fd7001 req-6c2a36a4-3521-4290-bb00-412129c1d6ab 525ef53cbb8942dea0221268dd05d36b e95064eb949e4c16bcc647a4d5e727a5 - - 63189aafa0b848bd87e0112c971846d3 63189aafa0b848bd87e0112c971846d3] 199.19.213.62 "DELETE /allocations/0fbffed5-2cb3-432f-a393-90aed37f517f" status: 204 len: 0 microversion: 1.0 [pid: 7|app: 0|req: 430/858] 199.19.213.62 () {34 vars in 839 bytes} [Tue Jul 14 10:04:38 2026] DELETE /allocations/0fbffed5-2cb3-432f-a393-90aed37f517f => generated 0 bytes in 28 msecs (HTTP/1.1 204) 5 headers in 198 bytes (1 switches on core 0)
2026-07-14 10:04:39.146 8 INFO placement.requestlog [req-fb079e13-4d37-4ccf-944d-05f9a83d2e0b req-80653a40-82c9-4266-ae78-5c4cca4a7cca 525ef53cbb8942dea0221268dd05d36b e95064eb949e4c16bcc647a4d5e727a5 - - 63189aafa0b848bd87e0112c971846d3 63189aafa0b848bd87e0112c971846d3] 199.19.213.62 "GET /resource_providers/58ce4959-ba87-44bc-9be3-938cc8e10452/allocations" status: 200 len: 252 microversion: 1.0 [pid: 8|app: 0|req: 429/859] 199.19.213.62 () {32 vars in 855 bytes} [Tue Jul 14 10:04:39 2026] GET /resource_providers/58ce4959-ba87-44bc-9be3-938cc8e10452/allocations => generated 252 bytes in 17 msecs (HTTP/1.1 200) 6 headers in 224 bytes (1 switches on core 0)
2026-07-14 10:04:39.177 7 INFO placement.requestlog [req-fb079e13-4d37-4ccf-944d-05f9a83d2e0b req-b28704ce-2eee-41d7-805c-8ee35d52925f 525ef53cbb8942dea0221268dd05d36b e95064eb949e4c16bcc647a4d5e727a5 - - 63189aafa0b848bd87e0112c971846d3 63189aafa0b848bd87e0112c971846d3] 199.19.213.62 "GET /resource_providers/58ce4959-ba87-44bc-9be3-938cc8e10452/allocations" status: 200 len: 252 microversion: 1.0 [pid: 7|app: 0|req: 431/860] 199.19.213.62 () {32 vars in 855 bytes} [Tue Jul 14 10:04:39 2026] GET /resource_providers/58ce4959-ba87-44bc-9be3-938cc8e10452/allocations => generated 252 bytes in 21 msecs (HTTP/1.1 200) 6 headers in 224 bytes (1 switches on core 0)
2026-07-14 10:04:39.196 8 INFO placement.requestlog [req-fb079e13-4d37-4ccf-944d-05f9a83d2e0b req-e11d39e3-1163-4fe0-86d2-0ac0201e8dbe 525ef53cbb8942dea0221268dd05d36b e95064eb949e4c16bcc647a4d5e727a5 - - 63189aafa0b848bd87e0112c971846d3 63189aafa0b848bd87e0112c971846d3] 199.19.213.62 "GET /allocations/3087c611-d906-4ef0-b377-9d972b6f42aa" status: 200 len: 257 microversion: 1.28 [pid: 8|app: 0|req: 430/861] 199.19.213.62 () {34 vars in 861 bytes} [Tue Jul 14 10:04:39 2026] GET /allocations/3087c611-d906-4ef0-b377-9d972b6f42aa => generated 257 bytes in 12 msecs (HTTP/1.1 200) 8 headers in 296 bytes (1 switches on core 0)
2026-07-14 10:04:39.212 7 INFO placement.requestlog [req-fb079e13-4d37-4ccf-944d-05f9a83d2e0b req-198a2d77-cc42-4d8b-a1d6-4f0d1cfb66ae 525ef53cbb8942dea0221268dd05d36b e95064eb949e4c16bcc647a4d5e727a5 - - 63189aafa0b848bd87e0112c971846d3 63189aafa0b848bd87e0112c971846d3] 199.19.213.62 "GET /allocations/d668a99e-9142-41a3-a3cf-8caf7cbdbdaa" status: 200 len: 257 microversion: 1.28 [pid: 7|app: 0|req: 432/862] 199.19.213.62 () {34 vars in 861 bytes} [Tue Jul 14 10:04:39 2026] GET /allocations/d668a99e-9142-41a3-a3cf-8caf7cbdbdaa => generated 257 bytes in 11 msecs (HTTP/1.1 200) 8 headers in 296 bytes (1 switches on core 0)
2026-07-14 10:04:42.153 8 INFO placement.requestlog [None req-7c0fab49-1542-4d05-a52f-91960860167f bd8971ece46344099d58348283c9a7fd e95064eb949e4c16bcc647a4d5e727a5 - - 63189aafa0b848bd87e0112c971846d3 63189aafa0b848bd87e0112c971846d3] 10.0.0.90 "GET /resource_providers/0d7ef8ae-d27b-40c7-a09b-4504de4ff865/aggregates" status: 404 len: 235 microversion: 1.1
2026-07-14 10:04:42.153 7 INFO placement.requestlog [None req-dfe18ddf-40c2-45fc-b454-8675083b04f1 bd8971ece46344099d58348283c9a7fd e95064eb949e4c16bcc647a4d5e727a5 - - 63189aafa0b848bd87e0112c971846d3 63189aafa0b848bd87e0112c971846d3] 10.0.0.90 "GET /resource_providers/0d7ef8ae-d27b-40c7-a09b-4504de4ff865/aggregates" status: 404 len: 235 microversion: 1.1 [pid: 8|app: 0|req: 431/863] 10.0.0.90 () {32 vars in 814 bytes} [Tue Jul 14 10:04:42 2026] GET /resource_providers/0d7ef8ae-d27b-40c7-a09b-4504de4ff865/aggregates => generated 235 bytes in 12 msecs (HTTP/1.1 404) 5 headers in 202 bytes (1 switches on core 0) [pid: 7|app: 0|req: 433/864] 10.0.0.90 () {32 vars in 814 bytes} [Tue Jul 14 10:04:42 2026] GET /resource_providers/0d7ef8ae-d27b-40c7-a09b-4504de4ff865/aggregates => generated 235 bytes in 11 msecs (HTTP/1.1 404) 5 headers in 202 bytes (1 switches on core 0)
2026-07-14 10:04:42.176 8 INFO placement.requestlog [None req-e3ed8cc4-fcc1-4944-b745-a402c16b3a18 bd8971ece46344099d58348283c9a7fd e95064eb949e4c16bcc647a4d5e727a5 - - 63189aafa0b848bd87e0112c971846d3 63189aafa0b848bd87e0112c971846d3] 10.0.0.90 "DELETE /resource_providers/0d7ef8ae-d27b-40c7-a09b-4504de4ff865" status: 404 len: 246 microversion: 1.1 [pid: 8|app: 0|req: 432/865] 10.0.0.90 () {34 vars in 814 bytes} [Tue Jul 14 10:04:42 2026] DELETE /resource_providers/0d7ef8ae-d27b-40c7-a09b-4504de4ff865 => generated 246 bytes in 13 msecs (HTTP/1.1 404) 6 headers in 231 bytes (1 switches on core 0)
2026-07-14 10:04:42.181 7 INFO placement.requestlog [None req-f2d8aa52-c69d-4b3d-83fd-b39a3a235db4 bd8971ece46344099d58348283c9a7fd e95064eb949e4c16bcc647a4d5e727a5 - - 63189aafa0b848bd87e0112c971846d3 63189aafa0b848bd87e0112c971846d3] 10.0.0.90 "DELETE /resource_providers/0d7ef8ae-d27b-40c7-a09b-4504de4ff865" status: 404 len: 246 microversion: 1.1 [pid: 7|app: 0|req: 434/866] 10.0.0.90 () {34 vars in 814 bytes} [Tue Jul 14 10:04:42 2026] DELETE /resource_providers/0d7ef8ae-d27b-40c7-a09b-4504de4ff865 => generated 246 bytes in 15 msecs (HTTP/1.1 404) 6 headers in 231 bytes (1 switches on core 0)
2026-07-14 10:04:43.545 7 INFO placement.requestlog [None req-6f536d32-0aec-42a0-9291-32efed69c5aa - - - - - -] 10.0.0.52 "GET /" status: 200 len: 136 microversion: 1.0
2026-07-14 10:04:43.545 8 INFO placement.requestlog [None req-0bb6010c-448c-401e-a541-5f737eb8d15c - - - - - -] 10.0.0.52 "GET /" status: 200 len: 136 microversion: 1.0
2026-07-14 10:04:45.289 7 INFO placement.requestlog [None req-4b768bdd-9285-4c26-93a5-1419006e5401 bd8971ece46344099d58348283c9a7fd e95064eb949e4c16bcc647a4d5e727a5 - - 63189aafa0b848bd87e0112c971846d3 63189aafa0b848bd87e0112c971846d3] 10.0.0.90 "GET /resource_providers/ac37532f-e51e-44fb-b565-01c44829d086/aggregates" status: 404 len: 235 microversion: 1.1 [pid: 7|app: 0|req: 436/869] 10.0.0.90 () {32 vars in 814 bytes} [Tue Jul 14 10:04:45 2026] GET /resource_providers/ac37532f-e51e-44fb-b565-01c44829d086/aggregates => generated 235 bytes in 16 msecs (HTTP/1.1 404) 5 headers in 202 bytes (1 switches on core 0)
2026-07-14 10:04:45.299 8 INFO placement.requestlog [None req-7c8f5a29-718e-478c-b090-7143badd88e9 bd8971ece46344099d58348283c9a7fd e95064eb949e4c16bcc647a4d5e727a5 - - 63189aafa0b848bd87e0112c971846d3 63189aafa0b848bd87e0112c971846d3] 10.0.0.90 "GET /resource_providers/ac37532f-e51e-44fb-b565-01c44829d086/aggregates" status: 404 len: 235 microversion: 1.1 [pid: 8|app: 0|req: 434/870] 10.0.0.90 () {32 vars in 814 bytes} [Tue Jul 14 10:04:45 2026] GET /resource_providers/ac37532f-e51e-44fb-b565-01c44829d086/aggregates => generated 235 bytes in 13 msecs (HTTP/1.1 404) 5 headers in 202 bytes (1 switches on core 0)
2026-07-14 10:04:45.323 7 INFO placement.requestlog [None req-296a20e1-9e5e-4188-861b-5f5d226d013c bd8971ece46344099d58348283c9a7fd e95064eb949e4c16bcc647a4d5e727a5 - - 63189aafa0b848bd87e0112c971846d3 63189aafa0b848bd87e0112c971846d3] 10.0.0.90 "DELETE /resource_providers/ac37532f-e51e-44fb-b565-01c44829d086" status: 404 len: 246 microversion: 1.1 [pid: 7|app: 0|req: 437/871] 10.0.0.90 () {34 vars in 814 bytes} [Tue Jul 14 10:04:45 2026] DELETE /resource_providers/ac37532f-e51e-44fb-b565-01c44829d086 => generated 246 bytes in 25 msecs (HTTP/1.1 404) 6 headers in 231 bytes (1 switches on core 0)
2026-07-14 10:04:45.324 8 INFO placement.requestlog [None req-90364e12-212a-4921-849a-13091d51571e bd8971ece46344099d58348283c9a7fd e95064eb949e4c16bcc647a4d5e727a5 - - 63189aafa0b848bd87e0112c971846d3 63189aafa0b848bd87e0112c971846d3] 10.0.0.90 "DELETE /resource_providers/ac37532f-e51e-44fb-b565-01c44829d086" status: 404 len: 246 microversion: 1.1 [pid: 8|app: 0|req: 435/872] 10.0.0.90 () {34 vars in 814 bytes} [Tue Jul 14 10:04:45 2026] DELETE /resource_providers/ac37532f-e51e-44fb-b565-01c44829d086 => generated 246 bytes in 10 msecs (HTTP/1.1 404) 6 headers in 231 bytes (1 switches on core 0)
2026-07-14 10:04:52.692 7 INFO placement.requestlog [req-6363cb3a-6bbb-47e4-9f92-353d507d5ad2 req-71ba2a12-28d4-4310-b4cf-d62f42d1c094 525ef53cbb8942dea0221268dd05d36b e95064eb949e4c16bcc647a4d5e727a5 - - 63189aafa0b848bd87e0112c971846d3 63189aafa0b848bd87e0112c971846d3] 199.19.213.62 "GET /resource_providers/58ce4959-ba87-44bc-9be3-938cc8e10452/allocations" status: 200 len: 252 microversion: 1.0 [pid: 7|app: 0|req: 438/873] 199.19.213.62 () {32 vars in 855 bytes} [Tue Jul 14 10:04:52 2026] GET /resource_providers/58ce4959-ba87-44bc-9be3-938cc8e10452/allocations => generated 252 bytes in 16 msecs (HTTP/1.1 200) 6 headers in 224 bytes (1 switches on core 0)
2026-07-14 10:04:52.716 8 INFO placement.requestlog [req-6363cb3a-6bbb-47e4-9f92-353d507d5ad2 req-6e8b17ce-cd9e-464c-95fe-ae682ccace82 525ef53cbb8942dea0221268dd05d36b e95064eb949e4c16bcc647a4d5e727a5 - - 63189aafa0b848bd87e0112c971846d3 63189aafa0b848bd87e0112c971846d3] 199.19.213.62 "GET /allocations/3087c611-d906-4ef0-b377-9d972b6f42aa" status: 200 len: 257 microversion: 1.28 [pid: 8|app: 0|req: 436/874] 199.19.213.62 () {34 vars in 861 bytes} [Tue Jul 14 10:04:52 2026] GET /allocations/3087c611-d906-4ef0-b377-9d972b6f42aa => generated 257 bytes in 16 msecs (HTTP/1.1 200) 8 headers in 296 bytes (1 switches on core 0)
2026-07-14 10:04:52.737 7 INFO placement.requestlog [req-6363cb3a-6bbb-47e4-9f92-353d507d5ad2 req-e3ab516a-c5b4-4a56-857a-ab4269072591 525ef53cbb8942dea0221268dd05d36b e95064eb949e4c16bcc647a4d5e727a5 - - 63189aafa0b848bd87e0112c971846d3 63189aafa0b848bd87e0112c971846d3] 199.19.213.62 "GET /allocations/d668a99e-9142-41a3-a3cf-8caf7cbdbdaa" status: 200 len: 257 microversion: 1.28 [pid: 7|app: 0|req: 439/875] 199.19.213.62 () {34 vars in 861 bytes} [Tue Jul 14 10:04:52 2026] GET /allocations/d668a99e-9142-41a3-a3cf-8caf7cbdbdaa => generated 257 bytes in 14 msecs (HTTP/1.1 200) 8 headers in 296 bytes (1 switches on core 0)
2026-07-14 10:04:53.545 7 INFO placement.requestlog [None req-7fc232cf-6f15-4921-abc5-474cff57acb5 - - - - - -] 10.0.0.52 "GET /" status: 200 len: 136 microversion: 1.0
2026-07-14 10:04:53.545 8 INFO placement.requestlog [None req-e2e21f0b-0573-4a30-8b46-6c178e6fa657 - - - - - -] 10.0.0.52 "GET /" status: 200 len: 136 microversion: 1.0
2026-07-14 10:04:53.797 7 INFO placement.requestlog [req-6363cb3a-6bbb-47e4-9f92-353d507d5ad2 req-9d631301-53c1-440b-ae6e-17e12cbab939 525ef53cbb8942dea0221268dd05d36b e95064eb949e4c16bcc647a4d5e727a5 - - 63189aafa0b848bd87e0112c971846d3 63189aafa0b848bd87e0112c971846d3] 199.19.213.62 "DELETE /allocations/d668a99e-9142-41a3-a3cf-8caf7cbdbdaa" status: 204 len: 0 microversion: 1.0 [pid: 7|app: 0|req: 441/878] 199.19.213.62 () {34 vars in 839 bytes} [Tue Jul 14 10:04:53 2026] DELETE /allocations/d668a99e-9142-41a3-a3cf-8caf7cbdbdaa => generated 0 bytes in 29 msecs (HTTP/1.1 204) 5 headers in 198 bytes (1 switches on core 0)
2026-07-14 10:04:58.103 7 INFO placement.requestlog [None req-16e2497b-2880-44bd-ae23-032a9b6441af bd8971ece46344099d58348283c9a7fd e95064eb949e4c16bcc647a4d5e727a5 - - 63189aafa0b848bd87e0112c971846d3 63189aafa0b848bd87e0112c971846d3] 10.0.0.90 "GET /resource_providers/d865c010-cf44-4c01-b457-6da4f9d2e678/aggregates" status: 404 len: 235 microversion: 1.1 [pid: 7|app: 0|req: 442/879] 10.0.0.90 () {32 vars in 814 bytes} [Tue Jul 14 10:04:58 2026] GET /resource_providers/d865c010-cf44-4c01-b457-6da4f9d2e678/aggregates => generated 235 bytes in 10 msecs (HTTP/1.1 404) 5 headers in 202 bytes (1 switches on core 0)
2026-07-14 10:04:58.110 8 INFO placement.requestlog [None req-5811f2dd-85f8-4e3f-aafc-86d5c9654891 bd8971ece46344099d58348283c9a7fd e95064eb949e4c16bcc647a4d5e727a5 - - 63189aafa0b848bd87e0112c971846d3 63189aafa0b848bd87e0112c971846d3] 10.0.0.90 "GET /resource_providers/d865c010-cf44-4c01-b457-6da4f9d2e678/aggregates" status: 404 len: 235 microversion: 1.1 [pid: 8|app: 0|req: 438/880] 10.0.0.90 () {32 vars in 814 bytes} [Tue Jul 14 10:04:58 2026] GET /resource_providers/d865c010-cf44-4c01-b457-6da4f9d2e678/aggregates => generated 235 bytes in 17 msecs (HTTP/1.1 404) 5 headers in 202 bytes (1 switches on core 0)
2026-07-14 10:04:58.131 7 INFO placement.requestlog [None req-aff0e8e8-ac0e-4afc-9c22-09fc1b9d7ca5 bd8971ece46344099d58348283c9a7fd e95064eb949e4c16bcc647a4d5e727a5 - - 63189aafa0b848bd87e0112c971846d3 63189aafa0b848bd87e0112c971846d3] 10.0.0.90 "DELETE /resource_providers/d865c010-cf44-4c01-b457-6da4f9d2e678" status: 404 len: 246 microversion: 1.1 [pid: 7|app: 0|req: 443/881] 10.0.0.90 () {34 vars in 814 bytes} [Tue Jul 14 10:04:58 2026] DELETE /resource_providers/d865c010-cf44-4c01-b457-6da4f9d2e678 => generated 246 bytes in 10 msecs (HTTP/1.1 404) 6 headers in 231 bytes (1 switches on core 0)
2026-07-14 10:04:58.136 8 INFO placement.requestlog [None req-28709a97-adc1-478a-8d80-543bbb9cf52c bd8971ece46344099d58348283c9a7fd e95064eb949e4c16bcc647a4d5e727a5 - - 63189aafa0b848bd87e0112c971846d3 63189aafa0b848bd87e0112c971846d3] 10.0.0.90 "DELETE /resource_providers/d865c010-cf44-4c01-b457-6da4f9d2e678" status: 404 len: 246 microversion: 1.1 [pid: 8|app: 0|req: 439/882] 10.0.0.90 () {34 vars in 814 bytes} [Tue Jul 14 10:04:58 2026] DELETE /resource_providers/d865c010-cf44-4c01-b457-6da4f9d2e678 => generated 246 bytes in 11 msecs (HTTP/1.1 404) 6 headers in 231 bytes (1 switches on core 0)
2026-07-14 10:05:03.545 8 INFO placement.requestlog [None req-8178bbf3-fc00-426c-aadf-f0e9dcdf2c6c - - - - - -] 10.0.0.52 "GET /" status: 200 len: 136 microversion: 1.0
2026-07-14 10:05:03.545 7 INFO placement.requestlog [None req-d0c111eb-47c4-4779-bdbd-e0e7dad5ce83 - - - - - -] 10.0.0.52 "GET /" status: 200 len: 136 microversion: 1.0
2026-07-14 10:05:05.318 7 INFO placement.requestlog [None req-b0512958-7677-44bc-8a55-fb38e208947e bd8971ece46344099d58348283c9a7fd e95064eb949e4c16bcc647a4d5e727a5 - - 63189aafa0b848bd87e0112c971846d3 63189aafa0b848bd87e0112c971846d3] 10.0.0.90 "GET /resource_providers/f5be048a-b7ef-447b-aa12-083a02bbf6bd/aggregates" status: 404 len: 235 microversion: 1.1 [pid: 7|app: 0|req: 445/885] 10.0.0.90 () {32 vars in 814 bytes} [Tue Jul 14 10:05:05 2026] GET /resource_providers/f5be048a-b7ef-447b-aa12-083a02bbf6bd/aggregates => generated 235 bytes in 10 msecs (HTTP/1.1 404) 5 headers in 202 bytes (1 switches on core 0)
2026-07-14 10:05:05.320 8 INFO placement.requestlog [None req-8966df2e-0c45-4ec2-a5cc-45d1cc131823 bd8971ece46344099d58348283c9a7fd e95064eb949e4c16bcc647a4d5e727a5 - - 63189aafa0b848bd87e0112c971846d3 63189aafa0b848bd87e0112c971846d3] 10.0.0.90 "GET /resource_providers/f5be048a-b7ef-447b-aa12-083a02bbf6bd/aggregates" status: 404 len: 235 microversion: 1.1 [pid: 8|app: 0|req: 441/886] 10.0.0.90 () {32 vars in 814 bytes} [Tue Jul 14 10:05:05 2026] GET /resource_providers/f5be048a-b7ef-447b-aa12-083a02bbf6bd/aggregates => generated 235 bytes in 10 msecs (HTTP/1.1 404) 5 headers in 202 bytes (1 switches on core 0)
2026-07-14 10:05:05.343 7 INFO placement.requestlog [None req-a265fd4e-4ced-4939-81fc-3deea3d96427 bd8971ece46344099d58348283c9a7fd e95064eb949e4c16bcc647a4d5e727a5 - - 63189aafa0b848bd87e0112c971846d3 63189aafa0b848bd87e0112c971846d3] 10.0.0.90 "DELETE /resource_providers/f5be048a-b7ef-447b-aa12-083a02bbf6bd" status: 404 len: 246 microversion: 1.1 [pid: 7|app: 0|req: 446/887] 10.0.0.90 () {34 vars in 814 bytes} [Tue Jul 14 10:05:05 2026] DELETE /resource_providers/f5be048a-b7ef-447b-aa12-083a02bbf6bd => generated 246 bytes in 11 msecs (HTTP/1.1 404) 6 headers in 231 bytes (1 switches on core 0)
2026-07-14 10:05:05.350 8 INFO placement.requestlog [None req-b5b62cee-b765-433f-ae6b-6890aeee0a6a bd8971ece46344099d58348283c9a7fd e95064eb949e4c16bcc647a4d5e727a5 - - 63189aafa0b848bd87e0112c971846d3 63189aafa0b848bd87e0112c971846d3] 10.0.0.90 "DELETE /resource_providers/f5be048a-b7ef-447b-aa12-083a02bbf6bd" status: 404 len: 246 microversion: 1.1 [pid: 8|app: 0|req: 442/888] 10.0.0.90 () {34 vars in 814 bytes} [Tue Jul 14 10:05:05 2026] DELETE /resource_providers/f5be048a-b7ef-447b-aa12-083a02bbf6bd => generated 246 bytes in 12 msecs (HTTP/1.1 404) 6 headers in 231 bytes (1 switches on core 0)
2026-07-14 10:05:07.379 8 INFO placement.requestlog [None req-8b8ac85a-1e45-4679-b408-95a05d4ebf4f bd8971ece46344099d58348283c9a7fd e95064eb949e4c16bcc647a4d5e727a5 - - 63189aafa0b848bd87e0112c971846d3 63189aafa0b848bd87e0112c971846d3] 10.0.0.90 "GET /resource_providers/737a528b-3563-412d-a4f2-df9f4efd08e9/aggregates" status: 404 len: 235 microversion: 1.1 [pid: 8|app: 0|req: 443/889] 10.0.0.90 () {32 vars in 814 bytes} [Tue Jul 14 10:05:07 2026] GET /resource_providers/737a528b-3563-412d-a4f2-df9f4efd08e9/aggregates => generated 235 bytes in 15 msecs (HTTP/1.1 404) 5 headers in 202 bytes (1 switches on core 0)
2026-07-14 10:05:07.382 7 INFO placement.requestlog [None req-aa04f97e-6fbe-4d94-a86a-c42951a5cbb7 bd8971ece46344099d58348283c9a7fd e95064eb949e4c16bcc647a4d5e727a5 - - 63189aafa0b848bd87e0112c971846d3 63189aafa0b848bd87e0112c971846d3] 10.0.0.90 "GET /resource_providers/737a528b-3563-412d-a4f2-df9f4efd08e9/aggregates" status: 404 len: 235 microversion: 1.1 [pid: 7|app: 0|req: 447/890] 10.0.0.90 () {32 vars in 814 bytes} [Tue Jul 14 10:05:07 2026] GET /resource_providers/737a528b-3563-412d-a4f2-df9f4efd08e9/aggregates => generated 235 bytes in 19 msecs (HTTP/1.1 404) 5 headers in 202 bytes (1 switches on core 0)
2026-07-14 10:05:07.402 8 INFO placement.requestlog [None req-0045934b-80e6-46fc-b564-d0d8e7665164 bd8971ece46344099d58348283c9a7fd e95064eb949e4c16bcc647a4d5e727a5 - - 63189aafa0b848bd87e0112c971846d3 63189aafa0b848bd87e0112c971846d3] 10.0.0.90 "DELETE /resource_providers/737a528b-3563-412d-a4f2-df9f4efd08e9" status: 404 len: 246 microversion: 1.1 [pid: 8|app: 0|req: 444/891] 10.0.0.90 () {34 vars in 814 bytes} [Tue Jul 14 10:05:07 2026] DELETE /resource_providers/737a528b-3563-412d-a4f2-df9f4efd08e9 => generated 246 bytes in 10 msecs (HTTP/1.1 404) 6 headers in 231 bytes (1 switches on core 0)
2026-07-14 10:05:07.423 7 INFO placement.requestlog [None req-ddbd077c-a494-4e18-976c-f80e75d71598 bd8971ece46344099d58348283c9a7fd e95064eb949e4c16bcc647a4d5e727a5 - - 63189aafa0b848bd87e0112c971846d3 63189aafa0b848bd87e0112c971846d3] 10.0.0.90 "DELETE /resource_providers/737a528b-3563-412d-a4f2-df9f4efd08e9" status: 404 len: 246 microversion: 1.1 [pid: 7|app: 0|req: 448/892] 10.0.0.90 () {34 vars in 814 bytes} [Tue Jul 14 10:05:07 2026] DELETE /resource_providers/737a528b-3563-412d-a4f2-df9f4efd08e9 => generated 246 bytes in 12 msecs (HTTP/1.1 404) 6 headers in 231 bytes (1 switches on core 0)
2026-07-14 10:05:12.738 7 INFO placement.requestlog [None req-166ba28f-fdde-4df9-8b35-7fcaf42086c8 bd8971ece46344099d58348283c9a7fd e95064eb949e4c16bcc647a4d5e727a5 - - 63189aafa0b848bd87e0112c971846d3 63189aafa0b848bd87e0112c971846d3] 10.0.0.90 "GET /resource_providers/f9669707-aa98-41d2-964b-45fe3064a613/aggregates" status: 404 len: 235 microversion: 1.1 [pid: 7|app: 0|req: 449/893] 10.0.0.90 () {32 vars in 814 bytes} [Tue Jul 14 10:05:12 2026] GET /resource_providers/f9669707-aa98-41d2-964b-45fe3064a613/aggregates => generated 235 bytes in 11 msecs (HTTP/1.1 404) 5 headers in 202 bytes (1 switches on core 0)
2026-07-14 10:05:12.744 8 INFO placement.requestlog [None req-19e8a7a3-1ae8-48ad-a085-cfd770a4dca8 bd8971ece46344099d58348283c9a7fd e95064eb949e4c16bcc647a4d5e727a5 - - 63189aafa0b848bd87e0112c971846d3 63189aafa0b848bd87e0112c971846d3] 10.0.0.90 "GET /resource_providers/f9669707-aa98-41d2-964b-45fe3064a613/aggregates" status: 404 len: 235 microversion: 1.1 [pid: 8|app: 0|req: 445/894] 10.0.0.90 () {32 vars in 814 bytes} [Tue Jul 14 10:05:12 2026] GET /resource_providers/f9669707-aa98-41d2-964b-45fe3064a613/aggregates => generated 235 bytes in 17 msecs (HTTP/1.1 404) 5 headers in 202 bytes (1 switches on core 0)
2026-07-14 10:05:12.774 8 INFO placement.requestlog [None req-a5455b3b-acdf-4370-bf25-e4e3c664699e bd8971ece46344099d58348283c9a7fd e95064eb949e4c16bcc647a4d5e727a5 - - 63189aafa0b848bd87e0112c971846d3 63189aafa0b848bd87e0112c971846d3] 10.0.0.90 "DELETE /resource_providers/f9669707-aa98-41d2-964b-45fe3064a613" status: 404 len: 246 microversion: 1.1 [pid: 8|app: 0|req: 446/895] 10.0.0.90 () {34 vars in 814 bytes} [Tue Jul 14 10:05:12 2026] DELETE /resource_providers/f9669707-aa98-41d2-964b-45fe3064a613 => generated 246 bytes in 8 msecs (HTTP/1.1 404) 6 headers in 231 bytes (1 switches on core 0)
2026-07-14 10:05:12.779 7 INFO placement.requestlog [None req-d1d97087-8fb2-46fc-b4cc-b443457d2024 bd8971ece46344099d58348283c9a7fd e95064eb949e4c16bcc647a4d5e727a5 - - 63189aafa0b848bd87e0112c971846d3 63189aafa0b848bd87e0112c971846d3] 10.0.0.90 "DELETE /resource_providers/f9669707-aa98-41d2-964b-45fe3064a613" status: 404 len: 246 microversion: 1.1 [pid: 7|app: 0|req: 450/896] 10.0.0.90 () {34 vars in 814 bytes} [Tue Jul 14 10:05:12 2026] DELETE /resource_providers/f9669707-aa98-41d2-964b-45fe3064a613 => generated 246 bytes in 17 msecs (HTTP/1.1 404) 6 headers in 231 bytes (1 switches on core 0)
2026-07-14 10:05:13.208 8 INFO placement.requestlog [None req-9f1706e0-6a35-4113-8f9e-485f0c7608ea bd8971ece46344099d58348283c9a7fd e95064eb949e4c16bcc647a4d5e727a5 - - 63189aafa0b848bd87e0112c971846d3 63189aafa0b848bd87e0112c971846d3] 10.0.0.90 "GET /resource_providers/b8b9b924-0c3b-4e5b-8849-57045fdbf2e1/aggregates" status: 404 len: 235 microversion: 1.1 [pid: 8|app: 0|req: 447/897] 10.0.0.90 () {32 vars in 814 bytes} [Tue Jul 14 10:05:13 2026] GET /resource_providers/b8b9b924-0c3b-4e5b-8849-57045fdbf2e1/aggregates => generated 235 bytes in 13 msecs (HTTP/1.1 404) 5 headers in 202 bytes (1 switches on core 0)
2026-07-14 10:05:13.211 7 INFO placement.requestlog [None req-1948ae39-bd7d-44e5-a0fe-1429fd929b4b bd8971ece46344099d58348283c9a7fd e95064eb949e4c16bcc647a4d5e727a5 - - 63189aafa0b848bd87e0112c971846d3 63189aafa0b848bd87e0112c971846d3] 10.0.0.90 "GET /resource_providers/b8b9b924-0c3b-4e5b-8849-57045fdbf2e1/aggregates" status: 404 len: 235 microversion: 1.1 [pid: 7|app: 0|req: 451/898] 10.0.0.90 () {32 vars in 814 bytes} [Tue Jul 14 10:05:13 2026] GET /resource_providers/b8b9b924-0c3b-4e5b-8849-57045fdbf2e1/aggregates => generated 235 bytes in 16 msecs (HTTP/1.1 404) 5 headers in 202 bytes (1 switches on core 0)
2026-07-14 10:05:13.236 7 INFO placement.requestlog [None req-de1d782f-51bf-425f-81da-8c7fb17ea63c bd8971ece46344099d58348283c9a7fd e95064eb949e4c16bcc647a4d5e727a5 - - 63189aafa0b848bd87e0112c971846d3 63189aafa0b848bd87e0112c971846d3] 10.0.0.90 "DELETE /resource_providers/b8b9b924-0c3b-4e5b-8849-57045fdbf2e1" status: 404 len: 246 microversion: 1.1 [pid: 7|app: 0|req: 452/899] 10.0.0.90 () {34 vars in 814 bytes} [Tue Jul 14 10:05:13 2026] DELETE /resource_providers/b8b9b924-0c3b-4e5b-8849-57045fdbf2e1 => generated 246 bytes in 11 msecs (HTTP/1.1 404) 6 headers in 231 bytes (1 switches on core 0)
2026-07-14 10:05:13.241 8 INFO placement.requestlog [None req-24cdde0d-5273-47dd-befb-884e9ef04528 bd8971ece46344099d58348283c9a7fd e95064eb949e4c16bcc647a4d5e727a5 - - 63189aafa0b848bd87e0112c971846d3 63189aafa0b848bd87e0112c971846d3] 10.0.0.90 "DELETE /resource_providers/b8b9b924-0c3b-4e5b-8849-57045fdbf2e1" status: 404 len: 246 microversion: 1.1 [pid: 8|app: 0|req: 448/900] 10.0.0.90 () {34 vars in 814 bytes} [Tue Jul 14 10:05:13 2026] DELETE /resource_providers/b8b9b924-0c3b-4e5b-8849-57045fdbf2e1 => generated 246 bytes in 19 msecs (HTTP/1.1 404) 6 headers in 231 bytes (1 switches on core 0)
2026-07-14 10:05:13.545 7 INFO placement.requestlog [None req-e15d3af0-dd06-4344-b5da-9756ac0b70a4 - - - - - -] 10.0.0.52 "GET /" status: 200 len: 136 microversion: 1.0
2026-07-14 10:05:13.547 8 INFO placement.requestlog [None req-3e2d1803-0485-487e-b982-38c7d6805562 - - - - - -] 10.0.0.52 "GET /" status: 200 len: 136 microversion: 1.0
2026-07-14 10:05:14.800 7 INFO placement.requestlog [None req-70b71f78-7c0b-427c-b08b-de79357d5ad9 bd8971ece46344099d58348283c9a7fd e95064eb949e4c16bcc647a4d5e727a5 - - 63189aafa0b848bd87e0112c971846d3 63189aafa0b848bd87e0112c971846d3] 10.0.0.90 "GET /resource_providers/f91305e0-ec35-4f42-a1e0-51e7a8ede854/aggregates" status: 404 len: 235 microversion: 1.1 [pid: 7|app: 0|req: 454/903] 10.0.0.90 () {32 vars in 814 bytes} [Tue Jul 14 10:05:14 2026] GET /resource_providers/f91305e0-ec35-4f42-a1e0-51e7a8ede854/aggregates => generated 235 bytes in 12 msecs (HTTP/1.1 404) 5 headers in 202 bytes (1 switches on core 0)
2026-07-14 10:05:14.805 8 INFO placement.requestlog [None req-a806442a-003d-4a96-9a7d-e1ad7f7024ca bd8971ece46344099d58348283c9a7fd e95064eb949e4c16bcc647a4d5e727a5 - - 63189aafa0b848bd87e0112c971846d3 63189aafa0b848bd87e0112c971846d3] 10.0.0.90 "GET /resource_providers/f91305e0-ec35-4f42-a1e0-51e7a8ede854/aggregates" status: 404 len: 235 microversion: 1.1 [pid: 8|app: 0|req: 450/904] 10.0.0.90 () {32 vars in 814 bytes} [Tue Jul 14 10:05:14 2026] GET /resource_providers/f91305e0-ec35-4f42-a1e0-51e7a8ede854/aggregates => generated 235 bytes in 15 msecs (HTTP/1.1 404) 5 headers in 202 bytes (1 switches on core 0)
2026-07-14 10:05:14.829 7 INFO placement.requestlog [None req-502ab478-790c-4a34-849b-c35c8b64138e bd8971ece46344099d58348283c9a7fd e95064eb949e4c16bcc647a4d5e727a5 - - 63189aafa0b848bd87e0112c971846d3 63189aafa0b848bd87e0112c971846d3] 10.0.0.90 "DELETE /resource_providers/f91305e0-ec35-4f42-a1e0-51e7a8ede854" status: 404 len: 246 microversion: 1.1 [pid: 7|app: 0|req: 455/905] 10.0.0.90 () {34 vars in 814 bytes} [Tue Jul 14 10:05:14 2026] DELETE /resource_providers/f91305e0-ec35-4f42-a1e0-51e7a8ede854 => generated 246 bytes in 12 msecs (HTTP/1.1 404) 6 headers in 231 bytes (1 switches on core 0)
2026-07-14 10:05:14.836 8 INFO placement.requestlog [None req-c9cab602-7e7a-4d3c-b7f3-98d55cff0869 bd8971ece46344099d58348283c9a7fd e95064eb949e4c16bcc647a4d5e727a5 - - 63189aafa0b848bd87e0112c971846d3 63189aafa0b848bd87e0112c971846d3] 10.0.0.90 "DELETE /resource_providers/f91305e0-ec35-4f42-a1e0-51e7a8ede854" status: 404 len: 246 microversion: 1.1 [pid: 8|app: 0|req: 451/906] 10.0.0.90 () {34 vars in 814 bytes} [Tue Jul 14 10:05:14 2026] DELETE /resource_providers/f91305e0-ec35-4f42-a1e0-51e7a8ede854 => generated 246 bytes in 17 msecs (HTTP/1.1 404) 6 headers in 231 bytes (1 switches on core 0)
2026-07-14 10:05:15.269 7 INFO placement.requestlog [None req-c8f09100-8809-4429-a699-5ed3dff7dba0 bd8971ece46344099d58348283c9a7fd e95064eb949e4c16bcc647a4d5e727a5 - - 63189aafa0b848bd87e0112c971846d3 63189aafa0b848bd87e0112c971846d3] 10.0.0.90 "GET /resource_providers/23ac20d1-9fb8-49af-9b5f-e3c56482e15a/aggregates" status: 404 len: 235 microversion: 1.1 [pid: 7|app: 0|req: 456/907] 10.0.0.90 () {32 vars in 814 bytes} [Tue Jul 14 10:05:15 2026] GET /resource_providers/23ac20d1-9fb8-49af-9b5f-e3c56482e15a/aggregates => generated 235 bytes in 12 msecs (HTTP/1.1 404) 5 headers in 202 bytes (1 switches on core 0)
2026-07-14 10:05:15.277 8 INFO placement.requestlog [None req-e0f3e952-d0c4-4bef-aeb5-daec4f69678d bd8971ece46344099d58348283c9a7fd e95064eb949e4c16bcc647a4d5e727a5 - - 63189aafa0b848bd87e0112c971846d3 63189aafa0b848bd87e0112c971846d3] 10.0.0.90 "GET /resource_providers/23ac20d1-9fb8-49af-9b5f-e3c56482e15a/aggregates" status: 404 len: 235 microversion: 1.1 [pid: 8|app: 0|req: 452/908] 10.0.0.90 () {32 vars in 814 bytes} [Tue Jul 14 10:05:15 2026] GET /resource_providers/23ac20d1-9fb8-49af-9b5f-e3c56482e15a/aggregates => generated 235 bytes in 13 msecs (HTTP/1.1 404) 5 headers in 202 bytes (1 switches on core 0)
2026-07-14 10:05:15.286 7 INFO placement.requestlog [None req-7c33865e-1992-4b75-9056-e27e8ef034c2 bd8971ece46344099d58348283c9a7fd e95064eb949e4c16bcc647a4d5e727a5 - - 63189aafa0b848bd87e0112c971846d3 63189aafa0b848bd87e0112c971846d3] 10.0.0.90 "DELETE /resource_providers/23ac20d1-9fb8-49af-9b5f-e3c56482e15a" status: 404 len: 246 microversion: 1.1 [pid: 7|app: 0|req: 457/909] 10.0.0.90 () {34 vars in 814 bytes} [Tue Jul 14 10:05:15 2026] DELETE /resource_providers/23ac20d1-9fb8-49af-9b5f-e3c56482e15a => generated 246 bytes in 11 msecs (HTTP/1.1 404) 6 headers in 231 bytes (1 switches on core 0)
2026-07-14 10:05:15.293 8 INFO placement.requestlog [None req-cc29bbbe-7e48-45a9-9bbc-185d8ec8f08e bd8971ece46344099d58348283c9a7fd e95064eb949e4c16bcc647a4d5e727a5 - - 63189aafa0b848bd87e0112c971846d3 63189aafa0b848bd87e0112c971846d3] 10.0.0.90 "DELETE /resource_providers/23ac20d1-9fb8-49af-9b5f-e3c56482e15a" status: 404 len: 246 microversion: 1.1 [pid: 8|app: 0|req: 453/910] 10.0.0.90 () {34 vars in 814 bytes} [Tue Jul 14 10:05:15 2026] DELETE /resource_providers/23ac20d1-9fb8-49af-9b5f-e3c56482e15a => generated 246 bytes in 8 msecs (HTTP/1.1 404) 6 headers in 231 bytes (1 switches on core 0)
2026-07-14 10:05:21.366 8 INFO placement.requestlog [None req-af7f745a-fdb6-4550-a7aa-0f66fe6a4347 bd8971ece46344099d58348283c9a7fd e95064eb949e4c16bcc647a4d5e727a5 - - 63189aafa0b848bd87e0112c971846d3 63189aafa0b848bd87e0112c971846d3] 10.0.0.90 "GET /resource_providers/1e1ea846-01c4-415c-a1d9-6613f7f4c101/aggregates" status: 404 len: 235 microversion: 1.1
2026-07-14 10:05:21.366 7 INFO placement.requestlog [None req-0c0ee95b-31e9-449c-bd62-c99f2506b188 bd8971ece46344099d58348283c9a7fd e95064eb949e4c16bcc647a4d5e727a5 - - 63189aafa0b848bd87e0112c971846d3 63189aafa0b848bd87e0112c971846d3] 10.0.0.90 "GET /resource_providers/1e1ea846-01c4-415c-a1d9-6613f7f4c101/aggregates" status: 404 len: 235 microversion: 1.1 [pid: 7|app: 0|req: 458/912] 10.0.0.90 () {32 vars in 814 bytes} [Tue Jul 14 10:05:21 2026] GET /resource_providers/1e1ea846-01c4-415c-a1d9-6613f7f4c101/aggregates => generated 235 bytes in 11 msecs (HTTP/1.1 404) 5 headers in 202 bytes (1 switches on core 0) [pid: 8|app: 0|req: 454/912] 10.0.0.90 () {32 vars in 814 bytes} [Tue Jul 14 10:05:21 2026] GET /resource_providers/1e1ea846-01c4-415c-a1d9-6613f7f4c101/aggregates => generated 235 bytes in 11 msecs (HTTP/1.1 404) 5 headers in 202 bytes (1 switches on core 0)
2026-07-14 10:05:21.392 8 INFO placement.requestlog [None req-1b5ac149-fd92-43f4-8c12-2e395775989d bd8971ece46344099d58348283c9a7fd e95064eb949e4c16bcc647a4d5e727a5 - - 63189aafa0b848bd87e0112c971846d3 63189aafa0b848bd87e0112c971846d3] 10.0.0.90 "DELETE /resource_providers/1e1ea846-01c4-415c-a1d9-6613f7f4c101" status: 404 len: 246 microversion: 1.1 [pid: 8|app: 0|req: 455/913] 10.0.0.90 () {34 vars in 814 bytes} [Tue Jul 14 10:05:21 2026] DELETE /resource_providers/1e1ea846-01c4-415c-a1d9-6613f7f4c101 => generated 246 bytes in 12 msecs (HTTP/1.1 404) 6 headers in 231 bytes (1 switches on core 0)
2026-07-14 10:05:21.394 7 INFO placement.requestlog [None req-57c9b61c-ae13-4664-89c7-e44ded144c40 bd8971ece46344099d58348283c9a7fd e95064eb949e4c16bcc647a4d5e727a5 - - 63189aafa0b848bd87e0112c971846d3 63189aafa0b848bd87e0112c971846d3] 10.0.0.90 "DELETE /resource_providers/1e1ea846-01c4-415c-a1d9-6613f7f4c101" status: 404 len: 246 microversion: 1.1 [pid: 7|app: 0|req: 459/914] 10.0.0.90 () {34 vars in 814 bytes} [Tue Jul 14 10:05:21 2026] DELETE /resource_providers/1e1ea846-01c4-415c-a1d9-6613f7f4c101 => generated 246 bytes in 15 msecs (HTTP/1.1 404) 6 headers in 231 bytes (1 switches on core 0)
2026-07-14 10:05:23.546 8 INFO placement.requestlog [None req-6025e88b-770c-4c73-9735-8da0fd8e1ae0 - - - - - -] 10.0.0.52 "GET /" status: 200 len: 136 microversion: 1.0
2026-07-14 10:05:23.546 7 INFO placement.requestlog [None req-4b998684-a43e-41e0-8711-b379118a5208 - - - - - -] 10.0.0.52 "GET /" status: 200 len: 136 microversion: 1.0
