Aug 31 12:45:11.630778 np0000191612 devstack@o-api.service[119938]: [pid: 119938|app: 0|req: 2/8] 172.18.0.2 () {54 vars in 1274 bytes} [Mon Aug 31 12:45:11 2026] GET /load-balancer/v2.0/lbaas/listeners?name=k8s-clusterapi-cluster-magnum-system-kube-csrm4-kubeapi-6443 => generated 40 bytes in 18 msecs (HTTP/1.1 200) 4 headers in 156 bytes (1 switches on core 0)
Aug 31 12:45:11.708538 np0000191612 devstack@o-api.service[119939]: DEBUG ovsdbapp.backend.ovs_idl [None req-0f5dcef8-2c0e-4f46-9a81-a58e5445d6fc demo demo] Connection already started, not creating indices {{(pid=119939) __init__ /opt/stack/data/venv/lib/python3.12/site-packages/ovsdbapp/backend/ovs_idl/__init__.py:36}}
Aug 31 12:45:11.709290 np0000191612 devstack@o-api.service[119939]: DEBUG octavia.db.repositories [None req-0f5dcef8-2c0e-4f46-9a81-a58e5445d6fc demo demo] Checking quota for project: d0fa5f7eacc34ed0a15d836e8de87efd object: {{(pid=119939) check_quota_met /opt/stack/octavia/octavia/db/repositories.py:451}}
Aug 31 12:45:11.789022 np0000191612 devstack@o-api.service[119939]: INFO octavia.api.v2.controllers.listener [None req-0f5dcef8-2c0e-4f46-9a81-a58e5445d6fc demo demo] Sending create Listener 5180d5d5-62d2-4c04-994b-7c2a54ff39a9 to provider ovn
Aug 31 12:45:11.789547 np0000191612 devstack@o-api.service[119939]: DEBUG ovn_octavia_provider.helper [-] Handling request listener_create with info {'id': '5180d5d5-62d2-4c04-994b-7c2a54ff39a9', 'protocol': 'TCP', 'loadbalancer_id': '4f99ca08-32a2-4b91-aa33-cc61e8af6437', 'protocol_port': 6443, 'default_pool_id': None, 'admin_state_up': True} {{(pid=119939) request_handler /opt/stack/ovn-octavia-provider/ovn_octavia_provider/helper.py:423}}
Aug 31 12:45:11.790819 np0000191612 devstack@o-api.service[119939]: DEBUG ovsdbapp.backend.ovs_idl.transaction [-] Running txn a2dcb002 n=1 command(idx=0): DbSetCommand(_result=None, table=Load_Balancer, record=ca3780bd-515d-452f-8661-31291dd4d10f, col_values=(('protocol', 'tcp'),), if_exists=True) {{(pid=119939) do_commit /opt/stack/data/venv/lib/python3.12/site-packages/ovsdbapp/backend/ovs_idl/transaction.py:91}}
Aug 31 12:45:11.795109 np0000191612 devstack@o-api.service[119939]: DEBUG ovsdbapp.backend.ovs_idl.transaction [-] txn a2dcb002 succeeded {{(pid=119939) do_commit /opt/stack/data/venv/lib/python3.12/site-packages/ovsdbapp/backend/ovs_idl/transaction.py:137}}
Aug 31 12:45:11.796719 np0000191612 devstack@o-api.service[119939]: DEBUG ovsdbapp.backend.ovs_idl.transaction [-] Running txn 23798da5 n=1 command(idx=0): DbSetCommand(_result=None, table=Load_Balancer, record=ca3780bd-515d-452f-8661-31291dd4d10f, col_values=(('external_ids', {'listener_5180d5d5-62d2-4c04-994b-7c2a54ff39a9': '6443:'}),), if_exists=True) {{(pid=119939) do_commit /opt/stack/data/venv/lib/python3.12/site-packages/ovsdbapp/backend/ovs_idl/transaction.py:91}}
Aug 31 12:45:11.797354 np0000191612 devstack@o-api.service[119939]: DEBUG ovsdbapp.backend.ovs_idl.transaction [-] Running txn 23798da5 n=1 command(idx=1): DbSetCommand(_result=None, table=Load_Balancer, record=ca3780bd-515d-452f-8661-31291dd4d10f, col_values=(('protocol', 'tcp'),), if_exists=True) {{(pid=119939) do_commit /opt/stack/data/venv/lib/python3.12/site-packages/ovsdbapp/backend/ovs_idl/transaction.py:91}}
Aug 31 12:45:11.797772 np0000191612 devstack@o-api.service[119939]: DEBUG ovsdbapp.backend.ovs_idl.transaction [-] Running txn 23798da5 n=1 command(idx=2): DbClearCommand(_result=None, table=Load_Balancer, record=ca3780bd-515d-452f-8661-31291dd4d10f, column=vips) {{(pid=119939) do_commit /opt/stack/data/venv/lib/python3.12/site-packages/ovsdbapp/backend/ovs_idl/transaction.py:91}}
Aug 31 12:45:11.797976 np0000191612 devstack@o-api.service[119939]: DEBUG ovsdbapp.backend.ovs_idl.transaction [-] Running txn 23798da5 n=1 command(idx=3): DbSetCommand(_result=None, table=Load_Balancer, record=ca3780bd-515d-452f-8661-31291dd4d10f, col_values=(('vips', {}),), if_exists=True) {{(pid=119939) do_commit /opt/stack/data/venv/lib/python3.12/site-packages/ovsdbapp/backend/ovs_idl/transaction.py:91}}
Aug 31 12:45:11.805465 np0000191612 devstack@o-api.service[119939]: DEBUG ovsdbapp.backend.ovs_idl.transaction [-] txn 23798da5 succeeded {{(pid=119939) do_commit /opt/stack/data/venv/lib/python3.12/site-packages/ovsdbapp/backend/ovs_idl/transaction.py:137}}
Aug 31 12:45:11.808035 np0000191612 devstack@o-api.service[119939]: DEBUG ovn_octavia_provider.helper [-] Updating status to octavia: {'listeners': [{'id': '5180d5d5-62d2-4c04-994b-7c2a54ff39a9', 'provisioning_status': 'ACTIVE', 'operating_status': 'ONLINE'}], 'loadbalancers': [{'id': '4f99ca08-32a2-4b91-aa33-cc61e8af6437', 'provisioning_status': 'ACTIVE'}]} {{(pid=119939) _update_status_to_octavia /opt/stack/ovn-octavia-provider/ovn_octavia_provider/helper.py:450}}
Aug 31 12:45:11.821527 np0000191612 devstack@o-api.service[119939]: [pid: 119939|app: 0|req: 3/9] 172.18.0.2 () {58 vars in 1197 bytes} [Mon Aug 31 12:45:11 2026] POST /load-balancer/v2.0/lbaas/listeners => generated 1065 bytes in 189 msecs (HTTP/1.1 201) 4 headers in 163 bytes (1 switches on core 0)
Aug 31 12:45:11.858142 np0000191612 devstack@o-api.service[119937]: [pid: 119937|app: 0|req: 3/10] 172.18.0.2 () {54 vars in 1266 bytes} [Mon Aug 31 12:45:11 2026] GET /load-balancer/v2.0/lbaas/loadbalancers/4f99ca08-32a2-4b91-aa33-cc61e8af6437 => generated 942 bytes in 34 msecs (HTTP/1.1 200) 4 headers in 157 bytes (1 switches on core 0)
Aug 31 12:45:13.009085 np0000191612 devstack@o-api.service[119940]: DEBUG oslo_db.sqlalchemy.engines [None req-2ab877f2-bf40-4c96-8448-02e3c8e9e0cb demo demo] MySQL server mode set to STRICT_TRANS_TABLES,STRICT_ALL_TABLES,NO_ZERO_IN_DATE,NO_ZERO_DATE,ERROR_FOR_DIVISION_BY_ZERO,TRADITIONAL,NO_ENGINE_SUBSTITUTION {{(pid=119940) _check_effective_sql_mode /opt/stack/data/venv/lib/python3.12/site-packages/oslo_db/sqlalchemy/engines.py:325}}
Aug 31 12:45:13.114144 np0000191612 devstack@o-api.service[119940]: [pid: 119940|app: 0|req: 3/11] 172.18.0.2 () {54 vars in 1266 bytes} [Mon Aug 31 12:45:12 2026] GET /load-balancer/v2.0/lbaas/loadbalancers/4f99ca08-32a2-4b91-aa33-cc61e8af6437 => generated 934 bytes in 186 msecs (HTTP/1.1 200) 4 headers in 157 bytes (1 switches on core 0)
Aug 31 12:45:13.162825 np0000191612 devstack@o-api.service[119938]: [pid: 119938|app: 0|req: 3/12] 172.18.0.2 () {54 vars in 1254 bytes} [Mon Aug 31 12:45:13 2026] GET /load-balancer/v2.0/lbaas/listeners/5180d5d5-62d2-4c04-994b-7c2a54ff39a9 => generated 1073 bytes in 46 msecs (HTTP/1.1 200) 4 headers in 158 bytes (1 switches on core 0)
Aug 31 12:45:13.184822 np0000191612 devstack@o-api.service[119939]: [pid: 119939|app: 0|req: 4/13] 172.18.0.2 () {54 vars in 1262 bytes} [Mon Aug 31 12:45:13 2026] GET /load-balancer/v2.0/lbaas/pools?name=k8s-clusterapi-cluster-magnum-system-kube-csrm4-kubeapi-6443 => generated 32 bytes in 20 msecs (HTTP/1.1 200) 4 headers in 156 bytes (1 switches on core 0)
Aug 31 12:45:13.267596 np0000191612 devstack@o-api.service[119937]: DEBUG ovsdbapp.backend.ovs_idl [None req-79a1cc1f-d4e9-461a-a307-f12f3070f7ab demo demo] Connection already started, not creating indices {{(pid=119937) __init__ /opt/stack/data/venv/lib/python3.12/site-packages/ovsdbapp/backend/ovs_idl/__init__.py:36}}
Aug 31 12:45:13.268457 np0000191612 devstack@o-api.service[119937]: DEBUG octavia.db.repositories [None req-79a1cc1f-d4e9-461a-a307-f12f3070f7ab demo demo] Checking quota for project: d0fa5f7eacc34ed0a15d836e8de87efd object: {{(pid=119937) check_quota_met /opt/stack/octavia/octavia/db/repositories.py:451}}
Aug 31 12:45:13.370816 np0000191612 devstack@o-api.service[119937]: /opt/stack/octavia/octavia/db/repositories.py:1089: SAWarning: Coercing Subquery object into a select() for use in IN(); please pass a select() construct explicitly
Aug 31 12:45:13.370816 np0000191612 devstack@o-api.service[119937]: filter(models.LoadBalancer.id.in_(lb_subquery)).first())
Aug 31 12:45:13.372780 np0000191612 devstack@o-api.service[119937]: /opt/stack/octavia/octavia/db/repositories.py:1089: SAWarning: SELECT statement has a cartesian product between FROM element(s) "load_balancer" and FROM element "pool". Apply join condition(s) between each element to resolve.
Aug 31 12:45:13.372780 np0000191612 devstack@o-api.service[119937]: filter(models.LoadBalancer.id.in_(lb_subquery)).first())
Aug 31 12:45:13.655271 np0000191612 devstack@o-api.service[119937]: INFO octavia.api.v2.controllers.pool [None req-79a1cc1f-d4e9-461a-a307-f12f3070f7ab demo demo] Sending create Pool ac61638e-1488-44f0-b73b-1c2c311ffefb to provider ovn
Aug 31 12:45:13.656243 np0000191612 devstack@o-api.service[119937]: DEBUG ovn_octavia_provider.helper [-] Handling request pool_create with info {'id': 'ac61638e-1488-44f0-b73b-1c2c311ffefb', 'loadbalancer_id': '4f99ca08-32a2-4b91-aa33-cc61e8af6437', 'protocol': 'TCP', 'lb_algorithm': 'SOURCE_IP_PORT', 'listener_id': '5180d5d5-62d2-4c04-994b-7c2a54ff39a9', 'admin_state_up': True, 'session_persistence': None} {{(pid=119937) request_handler /opt/stack/ovn-octavia-provider/ovn_octavia_provider/helper.py:423}}
Aug 31 12:45:13.658032 np0000191612 devstack@o-api.service[119937]: DEBUG ovsdbapp.backend.ovs_idl.transaction [-] Running txn 50dba81c n=1 command(idx=0): DbSetCommand(_result=None, table=Load_Balancer, record=ca3780bd-515d-452f-8661-31291dd4d10f, col_values=(('external_ids', {'enabled': 'True', 'neutron:vip': '192.168.24.48', 'neutron:vip_port_id': '15d1fbe2-a7a6-4ef7-82d6-8a23b541cf70', 'lr_ref': 'neutron-87304a07-91ce-47f9-a33a-0313a671e2f2', 'ls_refs': '{"neutron-5ed24840-277e-4c49-9ea6-098d07d7c7c2": 1}', 'neutron:vip_fip': '172.24.5.37', 'listener_5180d5d5-62d2-4c04-994b-7c2a54ff39a9': '6443:pool_ac61638e-1488-44f0-b73b-1c2c311ffefb', 'pool_ac61638e-1488-44f0-b73b-1c2c311ffefb': ''}),), if_exists=True) {{(pid=119937) do_commit /opt/stack/data/venv/lib/python3.12/site-packages/ovsdbapp/backend/ovs_idl/transaction.py:91}}
Aug 31 12:45:13.660921 np0000191612 devstack@o-api.service[119937]: DEBUG ovsdbapp.backend.ovs_idl.transaction [-] Running txn 50dba81c n=1 command(idx=1): DbSetCommand(_result=None, table=Load_Balancer, record=ca3780bd-515d-452f-8661-31291dd4d10f, col_values=(('selection_fields', ['ip_dst', 'ip_src', 'tp_dst', 'tp_src']),), if_exists=True) {{(pid=119937) do_commit /opt/stack/data/venv/lib/python3.12/site-packages/ovsdbapp/backend/ovs_idl/transaction.py:91}}
Aug 31 12:45:13.670477 np0000191612 devstack@o-api.service[119937]: DEBUG ovsdbapp.backend.ovs_idl.transaction [-] txn 50dba81c succeeded {{(pid=119937) do_commit /opt/stack/data/venv/lib/python3.12/site-packages/ovsdbapp/backend/ovs_idl/transaction.py:137}}
Aug 31 12:45:13.671381 np0000191612 devstack@o-api.service[119937]: DEBUG ovn_octavia_provider.helper [-] Updating status to octavia: {'pools': [{'id': 'ac61638e-1488-44f0-b73b-1c2c311ffefb', 'provisioning_status': 'ACTIVE', 'operating_status': 'ONLINE'}], 'loadbalancers': [{'id': '4f99ca08-32a2-4b91-aa33-cc61e8af6437', 'provisioning_status': 'ACTIVE'}], 'listeners': [{'id': '5180d5d5-62d2-4c04-994b-7c2a54ff39a9', 'provisioning_status': 'ACTIVE'}]} {{(pid=119937) _update_status_to_octavia /opt/stack/ovn-octavia-provider/ovn_octavia_provider/helper.py:450}}
Aug 31 12:45:13.704629 np0000191612 devstack@o-api.service[119937]: [pid: 119937|app: 0|req: 4/14] 172.18.0.2 () {58 vars in 1185 bytes} [Mon Aug 31 12:45:13 2026] POST /load-balancer/v2.0/lbaas/pools => generated 811 bytes in 518 msecs (HTTP/1.1 201) 4 headers in 162 bytes (1 switches on core 0)
Aug 31 12:45:13.748051 np0000191612 devstack@o-api.service[119940]: [pid: 119940|app: 0|req: 4/15] 172.18.0.2 () {54 vars in 1266 bytes} [Mon Aug 31 12:45:13 2026] GET /load-balancer/v2.0/lbaas/loadbalancers/4f99ca08-32a2-4b91-aa33-cc61e8af6437 => generated 988 bytes in 41 msecs (HTTP/1.1 200) 4 headers in 157 bytes (1 switches on core 0)
Aug 31 12:45:14.812559 np0000191612 devstack@o-api.service[119938]: [pid: 119938|app: 0|req: 4/16] 172.18.0.2 () {54 vars in 1266 bytes} [Mon Aug 31 12:45:14 2026] GET /load-balancer/v2.0/lbaas/loadbalancers/4f99ca08-32a2-4b91-aa33-cc61e8af6437 => generated 980 bytes in 43 msecs (HTTP/1.1 200) 4 headers in 157 bytes (1 switches on core 0)
Aug 31 12:45:14.840552 np0000191612 devstack@o-api.service[119939]: [pid: 119939|app: 0|req: 5/17] 172.18.0.2 () {54 vars in 1289 bytes} [Mon Aug 31 12:45:14 2026] GET /load-balancer/v2.0/lbaas/healthmonitors?name=k8s-clusterapi-cluster-magnum-system-kube-csrm4-kubeapi-6443 => generated 50 bytes in 26 msecs (HTTP/1.1 200) 4 headers in 156 bytes (1 switches on core 0)
Aug 31 12:45:14.898943 np0000191612 devstack@o-api.service[119937]: DEBUG ovsdbapp.backend.ovs_idl [None req-904c1de5-d816-4086-8307-92ebeec278c1 demo demo] Connection already started, not creating indices {{(pid=119937) __init__ /opt/stack/data/venv/lib/python3.12/site-packages/ovsdbapp/backend/ovs_idl/__init__.py:36}}
Aug 31 12:45:14.899618 np0000191612 devstack@o-api.service[119937]: DEBUG octavia.db.repositories [None req-904c1de5-d816-4086-8307-92ebeec278c1 demo demo] Checking quota for project: d0fa5f7eacc34ed0a15d836e8de87efd object: {{(pid=119937) check_quota_met /opt/stack/octavia/octavia/db/repositories.py:451}}
Aug 31 12:45:14.938025 np0000191612 devstack@o-api.service[119937]: INFO octavia.api.v2.controllers.health_monitor [None req-904c1de5-d816-4086-8307-92ebeec278c1 demo demo] Sending create Health Monitor 66f241b3-89c3-4364-9bc5-321514c0e2df to provider ovn
Aug 31 12:45:14.938822 np0000191612 devstack@o-api.service[119937]: DEBUG ovn_octavia_provider.helper [-] Handling request hm_create with info {'id': '66f241b3-89c3-4364-9bc5-321514c0e2df', 'pool_id': 'ac61638e-1488-44f0-b73b-1c2c311ffefb', 'type': 'TCP', 'interval': 10, 'timeout': 5, 'failure_count': 3, 'success_count': 5, 'admin_state_up': True} {{(pid=119937) request_handler /opt/stack/ovn-octavia-provider/ovn_octavia_provider/helper.py:423}}
Aug 31 12:45:14.941306 np0000191612 devstack@o-api.service[119937]: DEBUG ovsdbapp.backend.ovs_idl.transaction [-] Running txn 663144fd n=1 command(idx=0): DbCreateCommand(_result=None, table=Load_Balancer_Health_Check, columns={'vip': '192.168.24.48:6443', 'options': {'interval': '10', 'timeout': '5', 'success_count': '5', 'failure_count': '3'}, 'external_ids': {'octavia:healthmonitor': '66f241b3-89c3-4364-9bc5-321514c0e2df', 'octavia:pool_id': 'ac61638e-1488-44f0-b73b-1c2c311ffefb', 'octavia:vip': '192.168.24.48'}}, row=False) {{(pid=119937) do_commit /opt/stack/data/venv/lib/python3.12/site-packages/ovsdbapp/backend/ovs_idl/transaction.py:91}}
Aug 31 12:45:14.941914 np0000191612 devstack@o-api.service[119937]: DEBUG ovsdbapp.backend.ovs_idl.transaction [-] Running txn 663144fd n=1 command(idx=1): DbAddCommand(_result=None, table=Load_Balancer, record=ca3780bd-515d-452f-8661-31291dd4d10f, column=health_check, values=(DbCreateCommand(_result=Load_Balancer_Health_Check(uuid=b1fd3270-516e-44fc-81d6-62f26d2789c8, external_ids={'octavia:healthmonitor': '66f241b3-89c3-4364-9bc5-321514c0e2df', 'octavia:pool_id': 'ac61638e-1488-44f0-b73b-1c2c311ffefb', 'octavia:vip': '192.168.24.48'}, options={'interval': '10', 'timeout': '5', 'success_count': '5', 'failure_count': '3'}, vip=192.168.24.48:6443), table=Load_Balancer_Health_Check, columns={'vip': '192.168.24.48:6443', 'options': {'interval': '10', 'timeout': '5', 'success_count': '5', 'failure_count': '3'}, 'external_ids': {'octavia:healthmonitor': '66f241b3-89c3-4364-9bc5-321514c0e2df', 'octavia:pool_id': 'ac61638e-1488-44f0-b73b-1c2c311ffefb', 'octavia:vip': '192.168.24.48'}}, row=False),)) {{(pid=119937) do_commit /opt/stack/data/venv/lib/python3.12/site-packages/ovsdbapp/backend/ovs_idl/transaction.py:91}}
Aug 31 12:45:14.942654 np0000191612 devstack@o-api.service[119937]: DEBUG ovsdbapp.backend.ovs_idl.transaction [-] Running txn 663144fd n=1 command(idx=2): DbSetCommand(_result=None, table=Load_Balancer, record=ca3780bd-515d-452f-8661-31291dd4d10f, col_values=(('external_ids', {'octavia:healthmonitors': '["66f241b3-89c3-4364-9bc5-321514c0e2df"]'}),), if_exists=True) {{(pid=119937) do_commit /opt/stack/data/venv/lib/python3.12/site-packages/ovsdbapp/backend/ovs_idl/transaction.py:91}}
Aug 31 12:45:14.943158 np0000191612 devstack@o-api.service[119937]: DEBUG ovsdbapp.backend.ovs_idl.transaction [-] Running txn 663144fd n=1 command(idx=3): DbCreateCommand(_result=None, table=Load_Balancer_Health_Check, columns={'vip': '172.24.5.37:6443', 'options': {'interval': '10', 'timeout': '5', 'success_count': '5', 'failure_count': '3'}, 'external_ids': {'octavia:healthmonitor': '66f241b3-89c3-4364-9bc5-321514c0e2df', 'octavia:pool_id': 'ac61638e-1488-44f0-b73b-1c2c311ffefb', 'octavia:vip': '172.24.5.37'}}, row=False) {{(pid=119937) do_commit /opt/stack/data/venv/lib/python3.12/site-packages/ovsdbapp/backend/ovs_idl/transaction.py:91}}
Aug 31 12:45:14.943692 np0000191612 devstack@o-api.service[119937]: DEBUG ovsdbapp.backend.ovs_idl.transaction [-] Running txn 663144fd n=1 command(idx=4): DbAddCommand(_result=None, table=Load_Balancer, record=ca3780bd-515d-452f-8661-31291dd4d10f, column=health_check, values=(DbCreateCommand(_result=Load_Balancer_Health_Check(uuid=a9278097-9dc2-4f80-a166-55a925ec4ea0, external_ids={'octavia:healthmonitor': '66f241b3-89c3-4364-9bc5-321514c0e2df', 'octavia:pool_id': 'ac61638e-1488-44f0-b73b-1c2c311ffefb', 'octavia:vip': '172.24.5.37'}, options={'interval': '10', 'timeout': '5', 'success_count': '5', 'failure_count': '3'}, vip=172.24.5.37:6443), table=Load_Balancer_Health_Check, columns={'vip': '172.24.5.37:6443', 'options': {'interval': '10', 'timeout': '5', 'success_count': '5', 'failure_count': '3'}, 'external_ids': {'octavia:healthmonitor': '66f241b3-89c3-4364-9bc5-321514c0e2df', 'octavia:pool_id': 'ac61638e-1488-44f0-b73b-1c2c311ffefb', 'octavia:vip': '172.24.5.37'}}, row=False),)) {{(pid=119937) do_commit /opt/stack/data/venv/lib/python3.12/site-packages/ovsdbapp/backend/ovs_idl/transaction.py:91}}
Aug 31 12:45:14.949883 np0000191612 devstack@o-api.service[119937]: DEBUG ovsdbapp.backend.ovs_idl.transaction [-] txn 663144fd succeeded {{(pid=119937) do_commit /opt/stack/data/venv/lib/python3.12/site-packages/ovsdbapp/backend/ovs_idl/transaction.py:137}}
Aug 31 12:45:14.951762 np0000191612 devstack@o-api.service[119937]: DEBUG ovn_octavia_provider.helper [-] no member status on external_ids: None {{(pid=119937) _get_current_operating_statuses /opt/stack/ovn-octavia-provider/ovn_octavia_provider/helper.py:4284}}
Aug 31 12:45:14.966359 np0000191612 devstack@o-api.service[119937]: [pid: 119937|app: 0|req: 5/18] 172.18.0.2 () {58 vars in 1212 bytes} [Mon Aug 31 12:45:14 2026] POST /load-balancer/v2.0/lbaas/healthmonitors => generated 649 bytes in 123 msecs (HTTP/1.1 201) 4 headers in 162 bytes (1 switches on core 0)
Aug 31 12:45:15.006140 np0000191612 devstack@o-api.service[119940]: [pid: 119940|app: 0|req: 5/19] 172.18.0.2 () {54 vars in 1266 bytes} [Mon Aug 31 12:45:14 2026] GET /load-balancer/v2.0/lbaas/loadbalancers/4f99ca08-32a2-4b91-aa33-cc61e8af6437 => generated 988 bytes in 37 msecs (HTTP/1.1 200) 4 headers in 157 bytes (1 switches on core 0)
Aug 31 12:45:15.218012 np0000191612 devstack@o-api.service[119937]: DEBUG ovn_octavia_provider.helper [-] Updating status to octavia: {'loadbalancers': [{'id': '4f99ca08-32a2-4b91-aa33-cc61e8af6437', 'provisioning_status': 'ACTIVE', 'operating_status': 'ONLINE'}], 'listeners': [{'id': '5180d5d5-62d2-4c04-994b-7c2a54ff39a9', 'provisioning_status': 'ACTIVE', 'operating_status': 'ONLINE'}], 'pools': [{'id': 'ac61638e-1488-44f0-b73b-1c2c311ffefb', 'provisioning_status': 'ACTIVE', 'operating_status': 'OFFLINE'}], 'members': [], 'healthmonitors': [{'id': '66f241b3-89c3-4364-9bc5-321514c0e2df', 'provisioning_status': 'ACTIVE', 'operating_status': 'ONLINE'}]} {{(pid=119937) _update_status_to_octavia /opt/stack/ovn-octavia-provider/ovn_octavia_provider/helper.py:450}}
Aug 31 12:45:16.139151 np0000191612 devstack@o-api.service[119938]: [pid: 119938|app: 0|req: 5/20] 172.18.0.2 () {54 vars in 1266 bytes} [Mon Aug 31 12:45:16 2026] GET /load-balancer/v2.0/lbaas/loadbalancers/4f99ca08-32a2-4b91-aa33-cc61e8af6437 => generated 980 bytes in 34 msecs (HTTP/1.1 200) 4 headers in 157 bytes (1 switches on core 0)
Aug 31 12:45:16.979260 np0000191612 devstack@o-api.service[119939]: [pid: 119939|app: 0|req: 6/21] 172.18.0.2 () {54 vars in 1084 bytes} [Mon Aug 31 12:45:16 2026] GET /load-balancer/ => generated 4745 bytes in 4 msecs (HTTP/1.1 200) 4 headers in 158 bytes (1 switches on core 0)
Aug 31 12:45:17.065683 np0000191612 devstack@o-api.service[119937]: [pid: 119937|app: 0|req: 6/22] 172.18.0.2 () {54 vars in 1276 bytes} [Mon Aug 31 12:45:16 2026] GET /load-balancer/v2.0/lbaas/loadbalancers?name=k8s-clusterapi-cluster-magnum-system-kube-csrm4-kubeapi => generated 1010 bytes in 73 msecs (HTTP/1.1 200) 4 headers in 158 bytes (1 switches on core 0)
Aug 31 12:45:17.168205 np0000191612 devstack@o-api.service[119940]: [pid: 119940|app: 0|req: 6/23] 172.18.0.2 () {54 vars in 1084 bytes} [Mon Aug 31 12:45:17 2026] GET /load-balancer/ => generated 4745 bytes in 4 msecs (HTTP/1.1 200) 4 headers in 158 bytes (1 switches on core 0)
Aug 31 12:45:17.224150 np0000191612 devstack@o-api.service[119938]: [pid: 119938|app: 0|req: 6/24] 172.18.0.2 () {54 vars in 1274 bytes} [Mon Aug 31 12:45:17 2026] GET /load-balancer/v2.0/lbaas/listeners?name=k8s-clusterapi-cluster-magnum-system-kube-csrm4-kubeapi-6443 => generated 1133 bytes in 53 msecs (HTTP/1.1 200) 4 headers in 158 bytes (1 switches on core 0)
Aug 31 12:45:17.303532 np0000191612 devstack@o-api.service[119939]: [pid: 119939|app: 0|req: 7/25] 172.18.0.2 () {54 vars in 1262 bytes} [Mon Aug 31 12:45:17 2026] GET /load-balancer/v2.0/lbaas/pools?name=k8s-clusterapi-cluster-magnum-system-kube-csrm4-kubeapi-6443 => generated 902 bytes in 77 msecs (HTTP/1.1 200) 4 headers in 157 bytes (1 switches on core 0)
Aug 31 12:45:17.349797 np0000191612 devstack@o-api.service[119937]: [pid: 119937|app: 0|req: 7/26] 172.18.0.2 () {54 vars in 1289 bytes} [Mon Aug 31 12:45:17 2026] GET /load-balancer/v2.0/lbaas/healthmonitors?name=k8s-clusterapi-cluster-magnum-system-kube-csrm4-kubeapi-6443 => generated 688 bytes in 44 msecs (HTTP/1.1 200) 4 headers in 157 bytes (1 switches on core 0)
Aug 31 12:46:09.803866 np0000191612 devstack@o-api.service[119940]: [pid: 119940|app: 0|req: 7/27] 172.18.0.2 () {54 vars in 1084 bytes} [Mon Aug 31 12:46:09 2026] GET /load-balancer/ => generated 4745 bytes in 9 msecs (HTTP/1.1 200) 4 headers in 158 bytes (1 switches on core 0)
Aug 31 12:46:09.889627 np0000191612 devstack@o-api.service[119938]: [pid: 119938|app: 0|req: 7/28] 172.18.0.2 () {54 vars in 1262 bytes} [Mon Aug 31 12:46:09 2026] GET /load-balancer/v2.0/lbaas/pools?name=k8s-clusterapi-cluster-magnum-system-kube-csrm4-kubeapi-6443 => generated 902 bytes in 72 msecs (HTTP/1.1 200) 4 headers in 157 bytes (1 switches on core 0)
Aug 31 12:46:09.939149 np0000191612 devstack@o-api.service[119939]: [pid: 119939|app: 0|req: 8/29] 172.18.0.2 () {54 vars in 1443 bytes} [Mon Aug 31 12:46:09 2026] GET /load-balancer/v2.0/lbaas/pools/ac61638e-1488-44f0-b73b-1c2c311ffefb/members?name=k8s-clusterapi-cluster-magnum-system-kube-csrm4-kubeapi-6443-kube-csrm4-9d5hm-72fvr => generated 36 bytes in 47 msecs (HTTP/1.1 200) 4 headers in 156 bytes (1 switches on core 0)
Aug 31 12:46:09.981897 np0000191612 devstack@o-api.service[119937]: [pid: 119937|app: 0|req: 8/30] 172.18.0.2 () {54 vars in 1266 bytes} [Mon Aug 31 12:46:09 2026] GET /load-balancer/v2.0/lbaas/loadbalancers/4f99ca08-32a2-4b91-aa33-cc61e8af6437 => generated 980 bytes in 41 msecs (HTTP/1.1 200) 4 headers in 157 bytes (1 switches on core 0)
Aug 31 12:46:10.085053 np0000191612 devstack@o-api.service[119940]: DEBUG ovsdbapp.backend.ovs_idl [None req-2f112632-6388-45ce-9552-cf6f08873a44 demo demo] Connection already started, not creating indices {{(pid=119940) __init__ /opt/stack/data/venv/lib/python3.12/site-packages/ovsdbapp/backend/ovs_idl/__init__.py:36}}
Aug 31 12:46:10.085744 np0000191612 devstack@o-api.service[119940]: DEBUG octavia.db.repositories [None req-2f112632-6388-45ce-9552-cf6f08873a44 demo demo] Checking quota for project: d0fa5f7eacc34ed0a15d836e8de87efd object: {{(pid=119940) check_quota_met /opt/stack/octavia/octavia/db/repositories.py:451}}
Aug 31 12:46:10.175950 np0000191612 devstack@o-api.service[119940]: INFO octavia.api.v2.controllers.member [None req-2f112632-6388-45ce-9552-cf6f08873a44 demo demo] Sending create Member b62e69ca-66a2-4839-8733-1a49b5deb2f2 to provider ovn
Aug 31 12:46:10.892872 np0000191612 devstack@o-api.service[119940]: DEBUG ovn_octavia_provider.helper [-] Handling request member_create with info [{'id': 'b62e69ca-66a2-4839-8733-1a49b5deb2f2', 'address': '192.168.24.157', 'protocol_port': 6443, 'pool_id': 'ac61638e-1488-44f0-b73b-1c2c311ffefb', 'subnet_id': 'b9051672-ef10-4da9-ac2c-d28b3f3aafff', 'admin_state_up': True}] {{(pid=119940) request_handler /opt/stack/ovn-octavia-provider/ovn_octavia_provider/helper.py:423}}
Aug 31 12:46:10.893901 np0000191612 devstack@o-api.service[119940]: DEBUG ovn_octavia_provider.helper [-] no member status on external_ids: None {{(pid=119940) _find_member_status /opt/stack/ovn-octavia-provider/ovn_octavia_provider/helper.py:2598}}
Aug 31 12:46:10.894307 np0000191612 devstack@o-api.service[119940]: DEBUG ovsdbapp.backend.ovs_idl.transaction [-] Running txn 3a539109 n=1 command(idx=0): DbSetCommand(_result=None, table=Load_Balancer, record=ca3780bd-515d-452f-8661-31291dd4d10f, col_values=(('external_ids', {'pool_ac61638e-1488-44f0-b73b-1c2c311ffefb': 'member_b62e69ca-66a2-4839-8733-1a49b5deb2f2_192.168.24.157:6443_b9051672-ef10-4da9-ac2c-d28b3f3aafff'}),), if_exists=True) {{(pid=119940) do_commit /opt/stack/data/venv/lib/python3.12/site-packages/ovsdbapp/backend/ovs_idl/transaction.py:91}}
Aug 31 12:46:10.896771 np0000191612 devstack@o-api.service[119940]: DEBUG ovsdbapp.backend.ovs_idl.transaction [-] Running txn 3a539109 n=1 command(idx=1): DbClearCommand(_result=None, table=Load_Balancer, record=ca3780bd-515d-452f-8661-31291dd4d10f, column=vips) {{(pid=119940) do_commit /opt/stack/data/venv/lib/python3.12/site-packages/ovsdbapp/backend/ovs_idl/transaction.py:91}}
Aug 31 12:46:10.897118 np0000191612 devstack@o-api.service[119940]: DEBUG ovsdbapp.backend.ovs_idl.transaction [-] Running txn 3a539109 n=1 command(idx=2): DbSetCommand(_result=None, table=Load_Balancer, record=ca3780bd-515d-452f-8661-31291dd4d10f, col_values=(('vips', {'192.168.24.48:6443': '192.168.24.157:6443', '172.24.5.37:6443': '192.168.24.157:6443'}),), if_exists=True) {{(pid=119940) do_commit /opt/stack/data/venv/lib/python3.12/site-packages/ovsdbapp/backend/ovs_idl/transaction.py:91}}
Aug 31 12:46:10.904249 np0000191612 devstack@o-api.service[119940]: DEBUG ovsdbapp.backend.ovs_idl.transaction [-] txn 3a539109 succeeded {{(pid=119940) do_commit /opt/stack/data/venv/lib/python3.12/site-packages/ovsdbapp/backend/ovs_idl/transaction.py:137}}
Aug 31 12:46:10.924923 np0000191612 devstack@o-api.service[119940]: [pid: 119940|app: 0|req: 8/31] 172.18.0.2 () {58 vars in 1320 bytes} [Mon Aug 31 12:46:09 2026] POST /load-balancer/v2.0/lbaas/pools/ac61638e-1488-44f0-b73b-1c2c311ffefb/members => generated 588 bytes in 941 msecs (HTTP/1.1 201) 4 headers in 162 bytes (1 switches on core 0)
Aug 31 12:46:10.963858 np0000191612 devstack@o-api.service[119940]: DEBUG ovsdbapp.backend.ovs_idl.transaction [-] Running txn 305c8552 n=1 command(idx=0): DbSetCommand(_result=None, table=Load_Balancer, record=ca3780bd-515d-452f-8661-31291dd4d10f, col_values=(('external_ids', {'ls_refs': '{"neutron-5ed24840-277e-4c49-9ea6-098d07d7c7c2": 2}'}),), if_exists=True) {{(pid=119940) do_commit /opt/stack/data/venv/lib/python3.12/site-packages/ovsdbapp/backend/ovs_idl/transaction.py:91}}
Aug 31 12:46:10.968459 np0000191612 devstack@o-api.service[119938]: [pid: 119938|app: 0|req: 8/32] 172.18.0.2 () {54 vars in 1377 bytes} [Mon Aug 31 12:46:10 2026] GET /load-balancer/v2.0/lbaas/pools/ac61638e-1488-44f0-b73b-1c2c311ffefb/members/b62e69ca-66a2-4839-8733-1a49b5deb2f2 => generated 588 bytes in 38 msecs (HTTP/1.1 200) 4 headers in 157 bytes (1 switches on core 0)
Aug 31 12:46:10.969404 np0000191612 devstack@o-api.service[119940]: DEBUG ovsdbapp.backend.ovs_idl.transaction [-] txn 305c8552 succeeded {{(pid=119940) do_commit /opt/stack/data/venv/lib/python3.12/site-packages/ovsdbapp/backend/ovs_idl/transaction.py:137}}
Aug 31 12:46:11.031498 np0000191612 devstack@o-api.service[119940]: DEBUG ovsdbapp.backend.ovs_idl.transaction [-] Running txn ac79d664 n=1 command(idx=0): LrLbAddCommand(_result=None, router=e8d2bd46-6a8e-433c-8787-9dec94d92b61, lb=ca3780bd-515d-452f-8661-31291dd4d10f, may_exist=True) {{(pid=119940) do_commit /opt/stack/data/venv/lib/python3.12/site-packages/ovsdbapp/backend/ovs_idl/transaction.py:91}}
Aug 31 12:46:11.031781 np0000191612 devstack@o-api.service[119940]: DEBUG ovsdbapp.backend.ovs_idl.transaction [-] Running txn ac79d664 n=1 command(idx=1): LsLbAddCommand(_result=None, switch=neutron-5ed24840-277e-4c49-9ea6-098d07d7c7c2, lb=ca3780bd-515d-452f-8661-31291dd4d10f, may_exist=True) {{(pid=119940) do_commit /opt/stack/data/venv/lib/python3.12/site-packages/ovsdbapp/backend/ovs_idl/transaction.py:91}}
Aug 31 12:46:11.032147 np0000191612 devstack@o-api.service[119940]: DEBUG ovsdbapp.backend.ovs_idl.transaction [-] txn ac79d664 caused no change {{(pid=119940) do_commit /opt/stack/data/venv/lib/python3.12/site-packages/ovsdbapp/backend/ovs_idl/transaction.py:135}}
Aug 31 12:46:11.558504 np0000191612 devstack@o-api.service[119940]: DEBUG ovsdbapp.backend.ovs_idl.transaction [-] Running txn 91cf5a08 n=1 command(idx=0): AddBackendToIPPortMapping(_result=None, lb=ca3780bd-515d-452f-8661-31291dd4d10f, backend_ip=192.168.24.157, port_name=22161cd9-294f-4c65-b215-b1cc0b9a6681, src_ip=192.168.24.245) {{(pid=119940) do_commit /opt/stack/data/venv/lib/python3.12/site-packages/ovsdbapp/backend/ovs_idl/transaction.py:91}}
Aug 31 12:46:11.560701 np0000191612 devstack@o-api.service[119940]: DEBUG ovsdbapp.backend.ovs_idl.transaction [-] txn 91cf5a08 succeeded {{(pid=119940) do_commit /opt/stack/data/venv/lib/python3.12/site-packages/ovsdbapp/backend/ovs_idl/transaction.py:137}}
Aug 31 12:46:11.562496 np0000191612 devstack@o-api.service[119940]: DEBUG ovn_octavia_provider.helper [-] no member status on external_ids: None {{(pid=119940) _update_external_ids_member_status /opt/stack/ovn-octavia-provider/ovn_octavia_provider/helper.py:2630}}
Aug 31 12:46:11.563024 np0000191612 devstack@o-api.service[119940]: DEBUG ovsdbapp.backend.ovs_idl.transaction [-] Running txn 90d180d6 n=1 command(idx=0): DbSetCommand(_result=None, table=Load_Balancer, record=ca3780bd-515d-452f-8661-31291dd4d10f, col_values=(('external_ids', {'neutron:member_status': '{"b62e69ca-66a2-4839-8733-1a49b5deb2f2": "ONLINE"}'}),), if_exists=True) {{(pid=119940) do_commit /opt/stack/data/venv/lib/python3.12/site-packages/ovsdbapp/backend/ovs_idl/transaction.py:91}}
Aug 31 12:46:11.568778 np0000191612 devstack@o-api.service[119940]: DEBUG ovsdbapp.backend.ovs_idl.transaction [-] txn 90d180d6 succeeded {{(pid=119940) do_commit /opt/stack/data/venv/lib/python3.12/site-packages/ovsdbapp/backend/ovs_idl/transaction.py:137}}
Aug 31 12:46:11.835339 np0000191612 devstack@o-api.service[119940]: DEBUG ovn_octavia_provider.helper [-] Updating status to octavia: {'loadbalancers': [{'id': '4f99ca08-32a2-4b91-aa33-cc61e8af6437', 'provisioning_status': 'ACTIVE', 'operating_status': 'ONLINE'}], 'listeners': [{'id': '5180d5d5-62d2-4c04-994b-7c2a54ff39a9', 'provisioning_status': 'ACTIVE', 'operating_status': 'ONLINE'}], 'pools': [{'id': 'ac61638e-1488-44f0-b73b-1c2c311ffefb', 'provisioning_status': 'ACTIVE', 'operating_status': 'ONLINE'}], 'members': [{'id': 'b62e69ca-66a2-4839-8733-1a49b5deb2f2', 'provisioning_status': 'ACTIVE', 'operating_status': 'ONLINE'}]} {{(pid=119940) _update_status_to_octavia /opt/stack/ovn-octavia-provider/ovn_octavia_provider/helper.py:450}}
Aug 31 12:46:12.051611 np0000191612 devstack@o-api.service[119939]: [pid: 119939|app: 0|req: 9/33] 172.18.0.2 () {54 vars in 1377 bytes} [Mon Aug 31 12:46:12 2026] GET /load-balancer/v2.0/lbaas/pools/ac61638e-1488-44f0-b73b-1c2c311ffefb/members/b62e69ca-66a2-4839-8733-1a49b5deb2f2 => generated 596 bytes in 39 msecs (HTTP/1.1 200) 4 headers in 157 bytes (1 switches on core 0)
Aug 31 12:46:12.071904 np0000191612 devstack@o-api.service[119940]: DEBUG ovn_octavia_provider.helper [-] Handling request handle_member_dvr with info [{'id': 'b62e69ca-66a2-4839-8733-1a49b5deb2f2', 'address': '192.168.24.157', 'pool_id': 'ac61638e-1488-44f0-b73b-1c2c311ffefb', 'subnet_id': 'b9051672-ef10-4da9-ac2c-d28b3f3aafff', 'action': 'member_added'}] {{(pid=119940) request_handler /opt/stack/ovn-octavia-provider/ovn_octavia_provider/helper.py:423}}
Aug 31 12:46:12.093230 np0000191612 devstack@o-api.service[119937]: [pid: 119937|app: 0|req: 9/34] 172.18.0.2 () {54 vars in 1266 bytes} [Mon Aug 31 12:46:12 2026] GET /load-balancer/v2.0/lbaas/loadbalancers/4f99ca08-32a2-4b91-aa33-cc61e8af6437 => generated 980 bytes in 39 msecs (HTTP/1.1 200) 4 headers in 157 bytes (1 switches on core 0)
Aug 31 12:46:12.146630 np0000191612 devstack@o-api.service[119940]: DEBUG ovn_octavia_provider.helper [-] Member b62e69ca-66a2-4839-8733-1a49b5deb2f2 has no FIP assigned. There is no need to modify its NAT. {{(pid=119940) handle_member_dvr /opt/stack/ovn-octavia-provider/ovn_octavia_provider/helper.py:3349}}
Aug 31 12:46:12.575900 np0000191612 devstack@o-api.service[119940]: [pid: 119940|app: 0|req: 9/35] 172.18.0.2 () {54 vars in 1084 bytes} [Mon Aug 31 12:46:12 2026] GET /load-balancer/ => generated 4745 bytes in 6 msecs (HTTP/1.1 200) 4 headers in 158 bytes (1 switches on core 0)
Aug 31 12:46:12.646151 np0000191612 devstack@o-api.service[119938]: [pid: 119938|app: 0|req: 9/36] 172.18.0.2 () {54 vars in 1262 bytes} [Mon Aug 31 12:46:12 2026] GET /load-balancer/v2.0/lbaas/pools?name=k8s-clusterapi-cluster-magnum-system-kube-csrm4-kubeapi-6443 => generated 947 bytes in 56 msecs (HTTP/1.1 200) 4 headers in 157 bytes (1 switches on core 0)
Aug 31 12:46:12.708267 np0000191612 devstack@o-api.service[119939]: [pid: 119939|app: 0|req: 10/37] 172.18.0.2 () {54 vars in 1443 bytes} [Mon Aug 31 12:46:12 2026] GET /load-balancer/v2.0/lbaas/pools/ac61638e-1488-44f0-b73b-1c2c311ffefb/members?name=k8s-clusterapi-cluster-magnum-system-kube-csrm4-kubeapi-6443-kube-csrm4-9d5hm-72fvr => generated 620 bytes in 60 msecs (HTTP/1.1 200) 4 headers in 157 bytes (1 switches on core 0)
Aug 31 12:46:13.482188 np0000191612 devstack@o-api.service[119937]: [pid: 119937|app: 0|req: 10/38] 172.18.0.2 () {54 vars in 1084 bytes} [Mon Aug 31 12:46:13 2026] GET /load-balancer/ => generated 4745 bytes in 5 msecs (HTTP/1.1 200) 4 headers in 158 bytes (1 switches on core 0)
Aug 31 12:46:13.570728 np0000191612 devstack@o-api.service[119940]: [pid: 119940|app: 0|req: 10/39] 172.18.0.2 () {54 vars in 1262 bytes} [Mon Aug 31 12:46:13 2026] GET /load-balancer/v2.0/lbaas/pools?name=k8s-clusterapi-cluster-magnum-system-kube-csrm4-kubeapi-6443 => generated 947 bytes in 76 msecs (HTTP/1.1 200) 4 headers in 157 bytes (1 switches on core 0)
Aug 31 12:46:13.626296 np0000191612 devstack@o-api.service[119938]: [pid: 119938|app: 0|req: 10/40] 172.18.0.2 () {54 vars in 1443 bytes} [Mon Aug 31 12:46:13 2026] GET /load-balancer/v2.0/lbaas/pools/ac61638e-1488-44f0-b73b-1c2c311ffefb/members?name=k8s-clusterapi-cluster-magnum-system-kube-csrm4-kubeapi-6443-kube-csrm4-9d5hm-72fvr => generated 620 bytes in 53 msecs (HTTP/1.1 200) 4 headers in 157 bytes (1 switches on core 0)
Aug 31 12:46:13.934137 np0000191612 devstack@o-api.service[119939]: [pid: 119939|app: 0|req: 11/41] 172.18.0.2 () {54 vars in 1084 bytes} [Mon Aug 31 12:46:13 2026] GET /load-balancer/ => generated 4745 bytes in 4 msecs (HTTP/1.1 200) 4 headers in 158 bytes (1 switches on core 0)
Aug 31 12:46:14.008208 np0000191612 devstack@o-api.service[119937]: [pid: 119937|app: 0|req: 11/42] 172.18.0.2 () {54 vars in 1262 bytes} [Mon Aug 31 12:46:13 2026] GET /load-balancer/v2.0/lbaas/pools?name=k8s-clusterapi-cluster-magnum-system-kube-csrm4-kubeapi-6443 => generated 947 bytes in 59 msecs (HTTP/1.1 200) 4 headers in 157 bytes (1 switches on core 0)
Aug 31 12:46:14.059607 np0000191612 devstack@o-api.service[119940]: [pid: 119940|app: 0|req: 11/43] 172.18.0.2 () {54 vars in 1443 bytes} [Mon Aug 31 12:46:14 2026] GET /load-balancer/v2.0/lbaas/pools/ac61638e-1488-44f0-b73b-1c2c311ffefb/members?name=k8s-clusterapi-cluster-magnum-system-kube-csrm4-kubeapi-6443-kube-csrm4-9d5hm-72fvr => generated 620 bytes in 49 msecs (HTTP/1.1 200) 4 headers in 157 bytes (1 switches on core 0)
Aug 31 12:46:14.519723 np0000191612 devstack@o-api.service[119938]: [pid: 119938|app: 0|req: 11/44] 172.18.0.2 () {54 vars in 1084 bytes} [Mon Aug 31 12:46:14 2026] GET /load-balancer/ => generated 4745 bytes in 5 msecs (HTTP/1.1 200) 4 headers in 158 bytes (1 switches on core 0)
Aug 31 12:46:14.682284 np0000191612 devstack@o-api.service[119939]: [pid: 119939|app: 0|req: 12/45] 172.18.0.2 () {54 vars in 1262 bytes} [Mon Aug 31 12:46:14 2026] GET /load-balancer/v2.0/lbaas/pools?name=k8s-clusterapi-cluster-magnum-system-kube-csrm4-kubeapi-6443 => generated 947 bytes in 149 msecs (HTTP/1.1 200) 4 headers in 157 bytes (1 switches on core 0)
Aug 31 12:46:14.737865 np0000191612 devstack@o-api.service[119937]: [pid: 119937|app: 0|req: 12/46] 172.18.0.2 () {54 vars in 1443 bytes} [Mon Aug 31 12:46:14 2026] GET /load-balancer/v2.0/lbaas/pools/ac61638e-1488-44f0-b73b-1c2c311ffefb/members?name=k8s-clusterapi-cluster-magnum-system-kube-csrm4-kubeapi-6443-kube-csrm4-9d5hm-72fvr => generated 620 bytes in 53 msecs (HTTP/1.1 200) 4 headers in 157 bytes (1 switches on core 0)
Aug 31 12:46:15.028559 np0000191612 devstack@o-api.service[119940]: [pid: 119940|app: 0|req: 12/47] 172.18.0.2 () {54 vars in 1084 bytes} [Mon Aug 31 12:46:15 2026] GET /load-balancer/ => generated 4745 bytes in 4 msecs (HTTP/1.1 200) 4 headers in 158 bytes (1 switches on core 0)
Aug 31 12:46:15.093508 np0000191612 devstack@o-api.service[119938]: [pid: 119938|app: 0|req: 12/48] 172.18.0.2 () {54 vars in 1262 bytes} [Mon Aug 31 12:46:15 2026] GET /load-balancer/v2.0/lbaas/pools?name=k8s-clusterapi-cluster-magnum-system-kube-csrm4-kubeapi-6443 => generated 947 bytes in 49 msecs (HTTP/1.1 200) 4 headers in 157 bytes (1 switches on core 0)
Aug 31 12:46:15.131696 np0000191612 devstack@o-api.service[119939]: [pid: 119939|app: 0|req: 13/49] 172.18.0.2 () {54 vars in 1443 bytes} [Mon Aug 31 12:46:15 2026] GET /load-balancer/v2.0/lbaas/pools/ac61638e-1488-44f0-b73b-1c2c311ffefb/members?name=k8s-clusterapi-cluster-magnum-system-kube-csrm4-kubeapi-6443-kube-csrm4-9d5hm-72fvr => generated 620 bytes in 36 msecs (HTTP/1.1 200) 4 headers in 157 bytes (1 switches on core 0)
Aug 31 12:48:43.975231 np0000191612 devstack@o-api.service[119937]: [pid: 119937|app: 0|req: 13/50] 172.18.0.2 () {54 vars in 1084 bytes} [Mon Aug 31 12:48:43 2026] GET /load-balancer/ => generated 4745 bytes in 6 msecs (HTTP/1.1 200) 4 headers in 158 bytes (1 switches on core 0)
Aug 31 12:48:44.037591 np0000191612 devstack@o-api.service[119940]: [pid: 119940|app: 0|req: 13/51] 172.18.0.2 () {54 vars in 1262 bytes} [Mon Aug 31 12:48:43 2026] GET /load-balancer/v2.0/lbaas/pools?name=k8s-clusterapi-cluster-magnum-system-kube-csrm4-kubeapi-6443 => generated 947 bytes in 50 msecs (HTTP/1.1 200) 4 headers in 157 bytes (1 switches on core 0)
Aug 31 12:48:44.080804 np0000191612 devstack@o-api.service[119938]: [pid: 119938|app: 0|req: 13/52] 172.18.0.2 () {54 vars in 1443 bytes} [Mon Aug 31 12:48:44 2026] GET /load-balancer/v2.0/lbaas/pools/ac61638e-1488-44f0-b73b-1c2c311ffefb/members?name=k8s-clusterapi-cluster-magnum-system-kube-csrm4-kubeapi-6443-kube-csrm4-9d5hm-72fvr => generated 620 bytes in 41 msecs (HTTP/1.1 200) 4 headers in 157 bytes (1 switches on core 0)
Aug 31 12:48:44.331996 np0000191612 devstack@o-api.service[119939]: [pid: 119939|app: 0|req: 14/53] 172.18.0.2 () {54 vars in 1084 bytes} [Mon Aug 31 12:48:44 2026] GET /load-balancer/ => generated 4745 bytes in 4 msecs (HTTP/1.1 200) 4 headers in 158 bytes (1 switches on core 0)
Aug 31 12:48:44.404781 np0000191612 devstack@o-api.service[119937]: [pid: 119937|app: 0|req: 14/54] 172.18.0.2 () {54 vars in 1262 bytes} [Mon Aug 31 12:48:44 2026] GET /load-balancer/v2.0/lbaas/pools?name=k8s-clusterapi-cluster-magnum-system-kube-csrm4-kubeapi-6443 => generated 947 bytes in 58 msecs (HTTP/1.1 200) 4 headers in 157 bytes (1 switches on core 0)
Aug 31 12:48:44.542302 np0000191612 devstack@o-api.service[119940]: [pid: 119940|app: 0|req: 14/55] 172.18.0.2 () {54 vars in 1443 bytes} [Mon Aug 31 12:48:44 2026] GET /load-balancer/v2.0/lbaas/pools/ac61638e-1488-44f0-b73b-1c2c311ffefb/members?name=k8s-clusterapi-cluster-magnum-system-kube-csrm4-kubeapi-6443-kube-csrm4-9d5hm-72fvr => generated 620 bytes in 132 msecs (HTTP/1.1 200) 4 headers in 157 bytes (1 switches on core 0)
Aug 31 12:48:45.005429 np0000191612 devstack@o-api.service[119938]: [pid: 119938|app: 0|req: 14/56] 172.18.0.2 () {54 vars in 1084 bytes} [Mon Aug 31 12:48:45 2026] GET /load-balancer/ => generated 4745 bytes in 2 msecs (HTTP/1.1 200) 4 headers in 158 bytes (1 switches on core 0)
Aug 31 12:48:45.079032 np0000191612 devstack@o-api.service[119939]: [pid: 119939|app: 0|req: 15/57] 172.18.0.2 () {54 vars in 1262 bytes} [Mon Aug 31 12:48:45 2026] GET /load-balancer/v2.0/lbaas/pools?name=k8s-clusterapi-cluster-magnum-system-kube-csrm4-kubeapi-6443 => generated 947 bytes in 62 msecs (HTTP/1.1 200) 4 headers in 157 bytes (1 switches on core 0)
Aug 31 12:48:45.122762 np0000191612 devstack@o-api.service[119937]: [pid: 119937|app: 0|req: 15/58] 172.18.0.2 () {54 vars in 1443 bytes} [Mon Aug 31 12:48:45 2026] GET /load-balancer/v2.0/lbaas/pools/ac61638e-1488-44f0-b73b-1c2c311ffefb/members?name=k8s-clusterapi-cluster-magnum-system-kube-csrm4-kubeapi-6443-kube-csrm4-9d5hm-72fvr => generated 620 bytes in 41 msecs (HTTP/1.1 200) 4 headers in 157 bytes (1 switches on core 0)
Aug 31 12:48:45.963434 np0000191612 devstack@o-api.service[119940]: [pid: 119940|app: 0|req: 15/59] 172.18.0.2 () {54 vars in 1084 bytes} [Mon Aug 31 12:48:45 2026] GET /load-balancer/ => generated 4745 bytes in 4 msecs (HTTP/1.1 200) 4 headers in 158 bytes (1 switches on core 0)
Aug 31 12:48:46.006936 np0000191612 devstack@o-api.service[119938]: [pid: 119938|app: 0|req: 15/60] 172.18.0.2 () {54 vars in 1262 bytes} [Mon Aug 31 12:48:45 2026] GET /load-balancer/v2.0/lbaas/pools?name=k8s-clusterapi-cluster-magnum-system-kube-csrm4-kubeapi-6443 => generated 947 bytes in 32 msecs (HTTP/1.1 200) 4 headers in 157 bytes (1 switches on core 0)
Aug 31 12:48:46.032803 np0000191612 devstack@o-api.service[119939]: [pid: 119939|app: 0|req: 16/61] 172.18.0.2 () {54 vars in 1443 bytes} [Mon Aug 31 12:48:46 2026] GET /load-balancer/v2.0/lbaas/pools/ac61638e-1488-44f0-b73b-1c2c311ffefb/members?name=k8s-clusterapi-cluster-magnum-system-kube-csrm4-kubeapi-6443-kube-csrm4-9d5hm-72fvr => generated 620 bytes in 22 msecs (HTTP/1.1 200) 4 headers in 157 bytes (1 switches on core 0)
Aug 31 12:49:30.467545 np0000191612 devstack@o-api.service[119937]: [pid: 119937|app: 0|req: 16/62] 172.24.5.69 () {54 vars in 1088 bytes} [Mon Aug 31 12:49:30 2026] GET /load-balancer/ => generated 4745 bytes in 166 msecs (HTTP/1.1 200) 4 headers in 158 bytes (1 switches on core 0)
Aug 31 12:49:32.613793 np0000191612 devstack@o-api.service[119940]: [pid: 119940|app: 0|req: 16/63] 172.18.0.2 () {54 vars in 1084 bytes} [Mon Aug 31 12:49:32 2026] GET /load-balancer/ => generated 4745 bytes in 4 msecs (HTTP/1.1 200) 4 headers in 158 bytes (1 switches on core 0)
Aug 31 12:49:32.650761 np0000191612 devstack@o-api.service[119938]: [pid: 119938|app: 0|req: 16/64] 172.18.0.2 () {54 vars in 1262 bytes} [Mon Aug 31 12:49:32 2026] GET /load-balancer/v2.0/lbaas/pools?name=k8s-clusterapi-cluster-magnum-system-kube-csrm4-kubeapi-6443 => generated 947 bytes in 28 msecs (HTTP/1.1 200) 4 headers in 157 bytes (1 switches on core 0)
Aug 31 12:49:32.677947 np0000191612 devstack@o-api.service[119939]: [pid: 119939|app: 0|req: 17/65] 172.18.0.2 () {54 vars in 1443 bytes} [Mon Aug 31 12:49:32 2026] GET /load-balancer/v2.0/lbaas/pools/ac61638e-1488-44f0-b73b-1c2c311ffefb/members?name=k8s-clusterapi-cluster-magnum-system-kube-csrm4-kubeapi-6443-kube-csrm4-9d5hm-72fvr => generated 620 bytes in 25 msecs (HTTP/1.1 200) 4 headers in 157 bytes (1 switches on core 0)
Aug 31 12:49:32.940533 np0000191612 devstack@o-api.service[119937]: [pid: 119937|app: 0|req: 17/66] 172.18.0.2 () {54 vars in 1084 bytes} [Mon Aug 31 12:49:32 2026] GET /load-balancer/ => generated 4745 bytes in 3 msecs (HTTP/1.1 200) 4 headers in 158 bytes (1 switches on core 0)
Aug 31 12:49:33.004549 np0000191612 devstack@o-api.service[119940]: [pid: 119940|app: 0|req: 17/67] 172.18.0.2 () {54 vars in 1262 bytes} [Mon Aug 31 12:49:32 2026] GET /load-balancer/v2.0/lbaas/pools?name=k8s-clusterapi-cluster-magnum-system-kube-csrm4-kubeapi-6443 => generated 947 bytes in 52 msecs (HTTP/1.1 200) 4 headers in 157 bytes (1 switches on core 0)
Aug 31 12:49:33.031010 np0000191612 devstack@o-api.service[119938]: [pid: 119938|app: 0|req: 17/68] 172.18.0.2 () {54 vars in 1443 bytes} [Mon Aug 31 12:49:33 2026] GET /load-balancer/v2.0/lbaas/pools/ac61638e-1488-44f0-b73b-1c2c311ffefb/members?name=k8s-clusterapi-cluster-magnum-system-kube-csrm4-kubeapi-6443-kube-csrm4-9d5hm-72fvr => generated 620 bytes in 24 msecs (HTTP/1.1 200) 4 headers in 157 bytes (1 switches on core 0)
Aug 31 12:49:33.558012 np0000191612 devstack@o-api.service[119939]: [pid: 119939|app: 0|req: 18/69] 172.18.0.2 () {54 vars in 1084 bytes} [Mon Aug 31 12:49:33 2026] GET /load-balancer/ => generated 4745 bytes in 4 msecs (HTTP/1.1 200) 4 headers in 158 bytes (1 switches on core 0)
Aug 31 12:49:33.610913 np0000191612 devstack@o-api.service[119937]: [pid: 119937|app: 0|req: 18/70] 172.18.0.2 () {54 vars in 1262 bytes} [Mon Aug 31 12:49:33 2026] GET /load-balancer/v2.0/lbaas/pools?name=k8s-clusterapi-cluster-magnum-system-kube-csrm4-kubeapi-6443 => generated 947 bytes in 42 msecs (HTTP/1.1 200) 4 headers in 157 bytes (1 switches on core 0)
Aug 31 12:49:33.645335 np0000191612 devstack@o-api.service[119940]: [pid: 119940|app: 0|req: 18/71] 172.18.0.2 () {54 vars in 1443 bytes} [Mon Aug 31 12:49:33 2026] GET /load-balancer/v2.0/lbaas/pools/ac61638e-1488-44f0-b73b-1c2c311ffefb/members?name=k8s-clusterapi-cluster-magnum-system-kube-csrm4-kubeapi-6443-kube-csrm4-9d5hm-72fvr => generated 620 bytes in 32 msecs (HTTP/1.1 200) 4 headers in 157 bytes (1 switches on core 0)
Aug 31 12:49:33.916902 np0000191612 devstack@o-api.service[119938]: [pid: 119938|app: 0|req: 18/72] 172.18.0.2 () {54 vars in 1084 bytes} [Mon Aug 31 12:49:33 2026] GET /load-balancer/ => generated 4745 bytes in 5 msecs (HTTP/1.1 200) 4 headers in 158 bytes (1 switches on core 0)
Aug 31 12:49:33.997665 np0000191612 devstack@o-api.service[119939]: [pid: 119939|app: 0|req: 19/73] 172.18.0.2 () {54 vars in 1262 bytes} [Mon Aug 31 12:49:33 2026] GET /load-balancer/v2.0/lbaas/pools?name=k8s-clusterapi-cluster-magnum-system-kube-csrm4-kubeapi-6443 => generated 947 bytes in 68 msecs (HTTP/1.1 200) 4 headers in 157 bytes (1 switches on core 0)
Aug 31 12:49:34.030969 np0000191612 devstack@o-api.service[119937]: [pid: 119937|app: 0|req: 19/74] 172.18.0.2 () {54 vars in 1443 bytes} [Mon Aug 31 12:49:33 2026] GET /load-balancer/v2.0/lbaas/pools/ac61638e-1488-44f0-b73b-1c2c311ffefb/members?name=k8s-clusterapi-cluster-magnum-system-kube-csrm4-kubeapi-6443-kube-csrm4-9d5hm-72fvr => generated 620 bytes in 31 msecs (HTTP/1.1 200) 4 headers in 157 bytes (1 switches on core 0)
Aug 31 12:49:47.644798 np0000191612 devstack@o-api.service[119940]: [pid: 119940|app: 0|req: 19/75] 172.18.0.2 () {54 vars in 1084 bytes} [Mon Aug 31 12:49:47 2026] GET /load-balancer/ => generated 4745 bytes in 4 msecs (HTTP/1.1 200) 4 headers in 158 bytes (2 switches on core 0)
Aug 31 12:49:47.685684 np0000191612 devstack@o-api.service[119938]: [pid: 119938|app: 0|req: 19/76] 172.18.0.2 () {54 vars in 1262 bytes} [Mon Aug 31 12:49:47 2026] GET /load-balancer/v2.0/lbaas/pools?name=k8s-clusterapi-cluster-magnum-system-kube-csrm4-kubeapi-6443 => generated 947 bytes in 30 msecs (HTTP/1.1 200) 4 headers in 157 bytes (1 switches on core 0)
Aug 31 12:49:47.705529 np0000191612 devstack@o-api.service[119939]: [pid: 119939|app: 0|req: 20/77] 172.18.0.2 () {54 vars in 1443 bytes} [Mon Aug 31 12:49:47 2026] GET /load-balancer/v2.0/lbaas/pools/ac61638e-1488-44f0-b73b-1c2c311ffefb/members?name=k8s-clusterapi-cluster-magnum-system-kube-csrm4-kubeapi-6443-kube-csrm4-9d5hm-72fvr => generated 620 bytes in 19 msecs (HTTP/1.1 200) 4 headers in 157 bytes (1 switches on core 0)
Aug 31 12:51:36.426837 np0000191612 devstack@o-api.service[119937]: [pid: 119937|app: 0|req: 20/78] 172.18.0.2 () {54 vars in 1084 bytes} [Mon Aug 31 12:51:36 2026] GET /load-balancer/ => generated 4745 bytes in 3 msecs (HTTP/1.1 200) 4 headers in 158 bytes (1 switches on core 0)
Aug 31 12:51:36.463417 np0000191612 devstack@o-api.service[119940]: [pid: 119940|app: 0|req: 20/79] 172.18.0.2 () {54 vars in 1262 bytes} [Mon Aug 31 12:51:36 2026] GET /load-balancer/v2.0/lbaas/pools?name=k8s-clusterapi-cluster-magnum-system-kube-csrm4-kubeapi-6443 => generated 947 bytes in 27 msecs (HTTP/1.1 200) 4 headers in 157 bytes (1 switches on core 0)
Aug 31 12:51:36.492607 np0000191612 devstack@o-api.service[119938]: [pid: 119938|app: 0|req: 20/80] 172.18.0.2 () {54 vars in 1443 bytes} [Mon Aug 31 12:51:36 2026] GET /load-balancer/v2.0/lbaas/pools/ac61638e-1488-44f0-b73b-1c2c311ffefb/members?name=k8s-clusterapi-cluster-magnum-system-kube-csrm4-kubeapi-6443-kube-csrm4-9d5hm-72fvr => generated 620 bytes in 27 msecs (HTTP/1.1 200) 4 headers in 157 bytes (1 switches on core 0)
