Jul 14 18:36:17.322676 np0000185259 systemd[1]: Starting devstack@n-api-meta.service - Devstack devstack@n-api-meta.service...
Jul 14 18:36:17.330191 np0000185259 devstack@n-api-meta.service[107204]: [uWSGI] getting INI configuration from /etc/nova/nova-metadata-uwsgi.ini
Jul 14 18:36:17.333281 np0000185259 devstack@n-api-meta.service[107204]: *** Starting uWSGI 2.0.24-debian (64bit) on [Tue Jul 14 18:36:17 2026] ***
Jul 14 18:36:17.333281 np0000185259 devstack@n-api-meta.service[107204]: compiled with version: 13.2.0 on 17 April 2024 16:23:48
Jul 14 18:36:17.333281 np0000185259 devstack@n-api-meta.service[107204]: os: Linux-6.8.0-134-generic #134-Ubuntu SMP PREEMPT_DYNAMIC Fri Jun 26 18:43:11 UTC 2026
Jul 14 18:36:17.333281 np0000185259 devstack@n-api-meta.service[107204]: nodename: np0000185259
Jul 14 18:36:17.333281 np0000185259 devstack@n-api-meta.service[107204]: machine: x86_64
Jul 14 18:36:17.333281 np0000185259 devstack@n-api-meta.service[107204]: clock source: unix
Jul 14 18:36:17.333281 np0000185259 devstack@n-api-meta.service[107204]: pcre jit disabled
Jul 14 18:36:17.333281 np0000185259 devstack@n-api-meta.service[107204]: detected number of CPU cores: 16
Jul 14 18:36:17.333281 np0000185259 devstack@n-api-meta.service[107204]: current working directory: /
Jul 14 18:36:17.333281 np0000185259 devstack@n-api-meta.service[107204]: detected binary path: /usr/bin/uwsgi-core
Jul 14 18:36:17.333281 np0000185259 devstack@n-api-meta.service[107204]: your processes number limit is 256916
Jul 14 18:36:17.333281 np0000185259 devstack@n-api-meta.service[107204]: your memory page size is 4096 bytes
Jul 14 18:36:17.333281 np0000185259 devstack@n-api-meta.service[107204]: detected max file descriptor number: 2048
Jul 14 18:36:17.333281 np0000185259 devstack@n-api-meta.service[107204]: lock engine: pthread robust mutexes
Jul 14 18:36:17.334064 np0000185259 devstack@n-api-meta.service[107204]: thunder lock: enabled
Jul 14 18:36:17.334064 np0000185259 devstack@n-api-meta.service[107204]: uWSGI http bound on 0.0.0.0:8775 fd 5
Jul 14 18:36:17.334064 np0000185259 devstack@n-api-meta.service[107204]: uwsgi socket 0 bound to TCP address 127.0.0.1:41947 (port auto-assigned) fd 4
Jul 14 18:36:17.334064 np0000185259 devstack@n-api-meta.service[107204]: Python version: 3.12.3 (main, Jun 19 2026, 12:46:00) [GCC 13.3.0]
Jul 14 18:36:17.334064 np0000185259 devstack@n-api-meta.service[107204]: PEP 405 virtualenv detected: /opt/stack/data/venv
Jul 14 18:36:17.334064 np0000185259 devstack@n-api-meta.service[107204]: Set PythonHome to /opt/stack/data/venv
Jul 14 18:36:17.368895 np0000185259 devstack@n-api-meta.service[107204]: Python main interpreter initialized at 0x719fc5ca4668
Jul 14 18:36:17.368895 np0000185259 devstack@n-api-meta.service[107204]: python threads support enabled
Jul 14 18:36:17.368895 np0000185259 devstack@n-api-meta.service[107204]: your server socket listen backlog is limited to 100 connections
Jul 14 18:36:17.368895 np0000185259 devstack@n-api-meta.service[107204]: your mercy for graceful operations on workers is 80 seconds
Jul 14 18:36:17.369440 np0000185259 devstack@n-api-meta.service[107204]: mapped 671795 bytes (656 KB) for 4 cores
Jul 14 18:36:17.369505 np0000185259 devstack@n-api-meta.service[107204]: *** Operational MODE: preforking ***
Jul 14 18:36:17.369651 np0000185259 devstack@n-api-meta.service[107204]: *** uWSGI is running in multiple interpreter mode ***
Jul 14 18:36:17.369651 np0000185259 devstack@n-api-meta.service[107204]: spawned uWSGI master process (pid: 107204)
Jul 14 18:36:17.369887 np0000185259 systemd[1]: Started devstack@n-api-meta.service - Devstack devstack@n-api-meta.service.
Jul 14 18:36:17.370315 np0000185259 devstack@n-api-meta.service[107204]: spawned uWSGI worker 1 (pid: 107205, cores: 1)
Jul 14 18:36:17.370934 np0000185259 devstack@n-api-meta.service[107204]: spawned uWSGI worker 2 (pid: 107206, cores: 1)
Jul 14 18:36:17.371594 np0000185259 devstack@n-api-meta.service[107204]: spawned uWSGI worker 3 (pid: 107207, cores: 1)
Jul 14 18:36:17.372175 np0000185259 devstack@n-api-meta.service[107204]: spawned uWSGI worker 4 (pid: 107208, cores: 1)
Jul 14 18:36:17.372939 np0000185259 devstack@n-api-meta.service[107204]: spawned uWSGI http 1 (pid: 107209)
Jul 14 18:36:17.372939 np0000185259 devstack@n-api-meta.service[107204]: running "unix_signal:15 gracefully_kill_them_all" (master-start)...
Jul 14 18:36:19.050354 np0000185259 devstack@n-api-meta.service[107207]: INFO dbcounter [None req-c2be506c-97a7-4768-aef2-c7996159d525 None None] Registered counter for database nova_api
Jul 14 18:36:19.099535 np0000185259 devstack@n-api-meta.service[107208]: INFO dbcounter [None req-5cdf1307-ddd0-4aeb-af2e-287d162fce23 None None] Registered counter for database nova_api
Jul 14 18:36:19.105775 np0000185259 devstack@n-api-meta.service[107207]: DEBUG oslo_db.sqlalchemy.engines [None req-c2be506c-97a7-4768-aef2-c7996159d525 None None] MySQL server mode set to STRICT_TRANS_TABLES,STRICT_ALL_TABLES,NO_ZERO_IN_DATE,NO_ZERO_DATE,ERROR_FOR_DIVISION_BY_ZERO,TRADITIONAL,NO_ENGINE_SUBSTITUTION {{(pid=107207) _check_effective_sql_mode /opt/stack/data/venv/lib/python3.12/site-packages/oslo_db/sqlalchemy/engines.py:325}}
Jul 14 18:36:19.131359 np0000185259 devstack@n-api-meta.service[107206]: INFO dbcounter [None req-8c324f39-8d3d-4092-838d-acd02595ba92 None None] Registered counter for database nova_api
Jul 14 18:36:19.145413 np0000185259 devstack@n-api-meta.service[107208]: DEBUG oslo_db.sqlalchemy.engines [None req-5cdf1307-ddd0-4aeb-af2e-287d162fce23 None None] MySQL server mode set to STRICT_TRANS_TABLES,STRICT_ALL_TABLES,NO_ZERO_IN_DATE,NO_ZERO_DATE,ERROR_FOR_DIVISION_BY_ZERO,TRADITIONAL,NO_ENGINE_SUBSTITUTION {{(pid=107208) _check_effective_sql_mode /opt/stack/data/venv/lib/python3.12/site-packages/oslo_db/sqlalchemy/engines.py:325}}
Jul 14 18:36:19.147503 np0000185259 devstack@n-api-meta.service[107207]: DEBUG dbcounter [-] [107207] Writer thread running {{(pid=107207) stat_writer /opt/stack/data/venv/lib/python3.12/site-packages/dbcounter.py:102}}
Jul 14 18:36:19.149797 np0000185259 devstack@n-api-meta.service[107207]: DEBUG nova.context [None req-c2be506c-97a7-4768-aef2-c7996159d525 None None] Found 2 cells: 00000000-0000-0000-0000-000000000000(cell0),9e783686-5343-4431-b88d-c4ebc1da2e62(cell1) {{(pid=107207) load_cells /opt/stack/nova/nova/context.py:509}}
Jul 14 18:36:19.150247 np0000185259 devstack@n-api-meta.service[107207]: INFO nova.utils [None req-c2be506c-97a7-4768-aef2-c7996159d525 None None] The cell worker thread pool MainProcess.cell_worker is initialized
Jul 14 18:36:19.151817 np0000185259 devstack@n-api-meta.service[107207]: DEBUG oslo_concurrency.lockutils [None req-c2be506c-97a7-4768-aef2-c7996159d525 None None] Acquiring lock "00000000-0000-0000-0000-000000000000" by "nova.context.set_target_cell..get_or_set_cached_cell_and_set_connections" {{(pid=107207) inner /opt/stack/data/venv/lib/python3.12/site-packages/oslo_concurrency/lockutils.py:511}}
Jul 14 18:36:19.152237 np0000185259 devstack@n-api-meta.service[107207]: DEBUG oslo_concurrency.lockutils [None req-c2be506c-97a7-4768-aef2-c7996159d525 None None] Lock "00000000-0000-0000-0000-000000000000" acquired by "nova.context.set_target_cell..get_or_set_cached_cell_and_set_connections" :: waited 0.000s {{(pid=107207) inner /opt/stack/data/venv/lib/python3.12/site-packages/oslo_concurrency/lockutils.py:524}}
Jul 14 18:36:19.152362 np0000185259 devstack@n-api-meta.service[107207]: DEBUG oslo_concurrency.lockutils [None req-c2be506c-97a7-4768-aef2-c7996159d525 None None] Lock "00000000-0000-0000-0000-000000000000" "released" by "nova.context.set_target_cell..get_or_set_cached_cell_and_set_connections" :: held 0.000s {{(pid=107207) inner /opt/stack/data/venv/lib/python3.12/site-packages/oslo_concurrency/lockutils.py:543}}
Jul 14 18:36:19.153259 np0000185259 devstack@n-api-meta.service[107207]: DEBUG oslo_concurrency.lockutils [None req-c2be506c-97a7-4768-aef2-c7996159d525 None None] Acquiring lock "9e783686-5343-4431-b88d-c4ebc1da2e62" by "nova.context.set_target_cell..get_or_set_cached_cell_and_set_connections" {{(pid=107207) inner /opt/stack/data/venv/lib/python3.12/site-packages/oslo_concurrency/lockutils.py:511}}
Jul 14 18:36:19.153404 np0000185259 devstack@n-api-meta.service[107207]: DEBUG oslo_concurrency.lockutils [None req-c2be506c-97a7-4768-aef2-c7996159d525 None None] Lock "9e783686-5343-4431-b88d-c4ebc1da2e62" acquired by "nova.context.set_target_cell..get_or_set_cached_cell_and_set_connections" :: waited 0.000s {{(pid=107207) inner /opt/stack/data/venv/lib/python3.12/site-packages/oslo_concurrency/lockutils.py:524}}
Jul 14 18:36:19.154561 np0000185259 devstack@n-api-meta.service[107207]: DEBUG oslo_concurrency.lockutils [None req-c2be506c-97a7-4768-aef2-c7996159d525 None None] Lock "9e783686-5343-4431-b88d-c4ebc1da2e62" "released" by "nova.context.set_target_cell..get_or_set_cached_cell_and_set_connections" :: held 0.001s {{(pid=107207) inner /opt/stack/data/venv/lib/python3.12/site-packages/oslo_concurrency/lockutils.py:543}}
Jul 14 18:36:19.157527 np0000185259 devstack@n-api-meta.service[107205]: INFO dbcounter [None req-12a05955-4c19-4fa3-93c1-8f8d277a65a8 None None] Registered counter for database nova_api
Jul 14 18:36:19.158135 np0000185259 devstack@n-api-meta.service[107207]: INFO dbcounter [None req-c2be506c-97a7-4768-aef2-c7996159d525 None None] Registered counter for database nova_cell0
Jul 14 18:36:19.164268 np0000185259 devstack@n-api-meta.service[107207]: INFO dbcounter [None req-c2be506c-97a7-4768-aef2-c7996159d525 None None] Registered counter for database nova_cell1
Jul 14 18:36:19.178079 np0000185259 devstack@n-api-meta.service[107206]: DEBUG oslo_db.sqlalchemy.engines [None req-8c324f39-8d3d-4092-838d-acd02595ba92 None None] MySQL server mode set to STRICT_TRANS_TABLES,STRICT_ALL_TABLES,NO_ZERO_IN_DATE,NO_ZERO_DATE,ERROR_FOR_DIVISION_BY_ZERO,TRADITIONAL,NO_ENGINE_SUBSTITUTION {{(pid=107206) _check_effective_sql_mode /opt/stack/data/venv/lib/python3.12/site-packages/oslo_db/sqlalchemy/engines.py:325}}
Jul 14 18:36:19.180263 np0000185259 devstack@n-api-meta.service[107208]: DEBUG dbcounter [-] [107208] Writer thread running {{(pid=107208) stat_writer /opt/stack/data/venv/lib/python3.12/site-packages/dbcounter.py:102}}
Jul 14 18:36:19.183833 np0000185259 devstack@n-api-meta.service[107208]: DEBUG nova.context [None req-5cdf1307-ddd0-4aeb-af2e-287d162fce23 None None] Found 2 cells: 00000000-0000-0000-0000-000000000000(cell0),9e783686-5343-4431-b88d-c4ebc1da2e62(cell1) {{(pid=107208) load_cells /opt/stack/nova/nova/context.py:509}}
Jul 14 18:36:19.184085 np0000185259 devstack@n-api-meta.service[107208]: INFO nova.utils [None req-5cdf1307-ddd0-4aeb-af2e-287d162fce23 None None] The cell worker thread pool MainProcess.cell_worker is initialized
Jul 14 18:36:19.186404 np0000185259 devstack@n-api-meta.service[107208]: DEBUG oslo_concurrency.lockutils [None req-5cdf1307-ddd0-4aeb-af2e-287d162fce23 None None] Acquiring lock "00000000-0000-0000-0000-000000000000" by "nova.context.set_target_cell..get_or_set_cached_cell_and_set_connections" {{(pid=107208) inner /opt/stack/data/venv/lib/python3.12/site-packages/oslo_concurrency/lockutils.py:511}}
Jul 14 18:36:19.186652 np0000185259 devstack@n-api-meta.service[107208]: DEBUG oslo_concurrency.lockutils [None req-5cdf1307-ddd0-4aeb-af2e-287d162fce23 None None] Lock "00000000-0000-0000-0000-000000000000" acquired by "nova.context.set_target_cell..get_or_set_cached_cell_and_set_connections" :: waited 0.000s {{(pid=107208) inner /opt/stack/data/venv/lib/python3.12/site-packages/oslo_concurrency/lockutils.py:524}}
Jul 14 18:36:19.187165 np0000185259 devstack@n-api-meta.service[107208]: DEBUG oslo_concurrency.lockutils [None req-5cdf1307-ddd0-4aeb-af2e-287d162fce23 None None] Lock "00000000-0000-0000-0000-000000000000" "released" by "nova.context.set_target_cell..get_or_set_cached_cell_and_set_connections" :: held 0.000s {{(pid=107208) inner /opt/stack/data/venv/lib/python3.12/site-packages/oslo_concurrency/lockutils.py:543}}
Jul 14 18:36:19.187981 np0000185259 devstack@n-api-meta.service[107208]: DEBUG oslo_concurrency.lockutils [None req-5cdf1307-ddd0-4aeb-af2e-287d162fce23 None None] Acquiring lock "9e783686-5343-4431-b88d-c4ebc1da2e62" by "nova.context.set_target_cell..get_or_set_cached_cell_and_set_connections" {{(pid=107208) inner /opt/stack/data/venv/lib/python3.12/site-packages/oslo_concurrency/lockutils.py:511}}
Jul 14 18:36:19.188201 np0000185259 devstack@n-api-meta.service[107208]: DEBUG oslo_concurrency.lockutils [None req-5cdf1307-ddd0-4aeb-af2e-287d162fce23 None None] Lock "9e783686-5343-4431-b88d-c4ebc1da2e62" acquired by "nova.context.set_target_cell..get_or_set_cached_cell_and_set_connections" :: waited 0.000s {{(pid=107208) inner /opt/stack/data/venv/lib/python3.12/site-packages/oslo_concurrency/lockutils.py:524}}
Jul 14 18:36:19.189382 np0000185259 devstack@n-api-meta.service[107208]: DEBUG oslo_concurrency.lockutils [None req-5cdf1307-ddd0-4aeb-af2e-287d162fce23 None None] Lock "9e783686-5343-4431-b88d-c4ebc1da2e62" "released" by "nova.context.set_target_cell..get_or_set_cached_cell_and_set_connections" :: held 0.001s {{(pid=107208) inner /opt/stack/data/venv/lib/python3.12/site-packages/oslo_concurrency/lockutils.py:543}}
Jul 14 18:36:19.192401 np0000185259 devstack@n-api-meta.service[107208]: INFO dbcounter [None req-5cdf1307-ddd0-4aeb-af2e-287d162fce23 None None] Registered counter for database nova_cell0
Jul 14 18:36:19.197292 np0000185259 devstack@n-api-meta.service[107208]: INFO dbcounter [None req-5cdf1307-ddd0-4aeb-af2e-287d162fce23 None None] Registered counter for database nova_cell1
Jul 14 18:36:19.202359 np0000185259 devstack@n-api-meta.service[107205]: DEBUG oslo_db.sqlalchemy.engines [None req-12a05955-4c19-4fa3-93c1-8f8d277a65a8 None None] MySQL server mode set to STRICT_TRANS_TABLES,STRICT_ALL_TABLES,NO_ZERO_IN_DATE,NO_ZERO_DATE,ERROR_FOR_DIVISION_BY_ZERO,TRADITIONAL,NO_ENGINE_SUBSTITUTION {{(pid=107205) _check_effective_sql_mode /opt/stack/data/venv/lib/python3.12/site-packages/oslo_db/sqlalchemy/engines.py:325}}
Jul 14 18:36:19.217321 np0000185259 devstack@n-api-meta.service[107206]: DEBUG dbcounter [-] [107206] Writer thread running {{(pid=107206) stat_writer /opt/stack/data/venv/lib/python3.12/site-packages/dbcounter.py:102}}
Jul 14 18:36:19.219578 np0000185259 devstack@n-api-meta.service[107206]: DEBUG nova.context [None req-8c324f39-8d3d-4092-838d-acd02595ba92 None None] Found 2 cells: 00000000-0000-0000-0000-000000000000(cell0),9e783686-5343-4431-b88d-c4ebc1da2e62(cell1) {{(pid=107206) load_cells /opt/stack/nova/nova/context.py:509}}
Jul 14 18:36:19.219820 np0000185259 devstack@n-api-meta.service[107206]: INFO nova.utils [None req-8c324f39-8d3d-4092-838d-acd02595ba92 None None] The cell worker thread pool MainProcess.cell_worker is initialized
Jul 14 18:36:19.221576 np0000185259 devstack@n-api-meta.service[107206]: DEBUG oslo_concurrency.lockutils [None req-8c324f39-8d3d-4092-838d-acd02595ba92 None None] Acquiring lock "00000000-0000-0000-0000-000000000000" by "nova.context.set_target_cell..get_or_set_cached_cell_and_set_connections" {{(pid=107206) inner /opt/stack/data/venv/lib/python3.12/site-packages/oslo_concurrency/lockutils.py:511}}
Jul 14 18:36:19.222213 np0000185259 devstack@n-api-meta.service[107206]: DEBUG oslo_concurrency.lockutils [None req-8c324f39-8d3d-4092-838d-acd02595ba92 None None] Lock "00000000-0000-0000-0000-000000000000" acquired by "nova.context.set_target_cell..get_or_set_cached_cell_and_set_connections" :: waited 0.000s {{(pid=107206) inner /opt/stack/data/venv/lib/python3.12/site-packages/oslo_concurrency/lockutils.py:524}}
Jul 14 18:36:19.222213 np0000185259 devstack@n-api-meta.service[107206]: DEBUG oslo_concurrency.lockutils [None req-8c324f39-8d3d-4092-838d-acd02595ba92 None None] Lock "00000000-0000-0000-0000-000000000000" "released" by "nova.context.set_target_cell..get_or_set_cached_cell_and_set_connections" :: held 0.000s {{(pid=107206) inner /opt/stack/data/venv/lib/python3.12/site-packages/oslo_concurrency/lockutils.py:543}}
Jul 14 18:36:19.222956 np0000185259 devstack@n-api-meta.service[107206]: DEBUG oslo_concurrency.lockutils [None req-8c324f39-8d3d-4092-838d-acd02595ba92 None None] Acquiring lock "9e783686-5343-4431-b88d-c4ebc1da2e62" by "nova.context.set_target_cell..get_or_set_cached_cell_and_set_connections" {{(pid=107206) inner /opt/stack/data/venv/lib/python3.12/site-packages/oslo_concurrency/lockutils.py:511}}
Jul 14 18:36:19.223086 np0000185259 devstack@n-api-meta.service[107206]: DEBUG oslo_concurrency.lockutils [None req-8c324f39-8d3d-4092-838d-acd02595ba92 None None] Lock "9e783686-5343-4431-b88d-c4ebc1da2e62" acquired by "nova.context.set_target_cell..get_or_set_cached_cell_and_set_connections" :: waited 0.000s {{(pid=107206) inner /opt/stack/data/venv/lib/python3.12/site-packages/oslo_concurrency/lockutils.py:524}}
Jul 14 18:36:19.223962 np0000185259 devstack@n-api-meta.service[107206]: DEBUG oslo_concurrency.lockutils [None req-8c324f39-8d3d-4092-838d-acd02595ba92 None None] Lock "9e783686-5343-4431-b88d-c4ebc1da2e62" "released" by "nova.context.set_target_cell..get_or_set_cached_cell_and_set_connections" :: held 0.001s {{(pid=107206) inner /opt/stack/data/venv/lib/python3.12/site-packages/oslo_concurrency/lockutils.py:543}}
Jul 14 18:36:19.227196 np0000185259 devstack@n-api-meta.service[107206]: INFO dbcounter [None req-8c324f39-8d3d-4092-838d-acd02595ba92 None None] Registered counter for database nova_cell0
Jul 14 18:36:19.229496 np0000185259 devstack@n-api-meta.service[107207]: DEBUG oslo_db.sqlalchemy.engines [None req-c2be506c-97a7-4768-aef2-c7996159d525 None None] MySQL server mode set to STRICT_TRANS_TABLES,STRICT_ALL_TABLES,NO_ZERO_IN_DATE,NO_ZERO_DATE,ERROR_FOR_DIVISION_BY_ZERO,TRADITIONAL,NO_ENGINE_SUBSTITUTION {{(pid=107207) _check_effective_sql_mode /opt/stack/data/venv/lib/python3.12/site-packages/oslo_db/sqlalchemy/engines.py:325}}
Jul 14 18:36:19.235182 np0000185259 devstack@n-api-meta.service[107205]: DEBUG dbcounter [-] [107205] Writer thread running {{(pid=107205) stat_writer /opt/stack/data/venv/lib/python3.12/site-packages/dbcounter.py:102}}
Jul 14 18:36:19.235290 np0000185259 devstack@n-api-meta.service[107206]: INFO dbcounter [None req-8c324f39-8d3d-4092-838d-acd02595ba92 None None] Registered counter for database nova_cell1
Jul 14 18:36:19.237263 np0000185259 devstack@n-api-meta.service[107205]: DEBUG nova.context [None req-12a05955-4c19-4fa3-93c1-8f8d277a65a8 None None] Found 2 cells: 00000000-0000-0000-0000-000000000000(cell0),9e783686-5343-4431-b88d-c4ebc1da2e62(cell1) {{(pid=107205) load_cells /opt/stack/nova/nova/context.py:509}}
Jul 14 18:36:19.237612 np0000185259 devstack@n-api-meta.service[107205]: INFO nova.utils [None req-12a05955-4c19-4fa3-93c1-8f8d277a65a8 None None] The cell worker thread pool MainProcess.cell_worker is initialized
Jul 14 18:36:19.240385 np0000185259 devstack@n-api-meta.service[107205]: DEBUG oslo_concurrency.lockutils [None req-12a05955-4c19-4fa3-93c1-8f8d277a65a8 None None] Acquiring lock "00000000-0000-0000-0000-000000000000" by "nova.context.set_target_cell..get_or_set_cached_cell_and_set_connections" {{(pid=107205) inner /opt/stack/data/venv/lib/python3.12/site-packages/oslo_concurrency/lockutils.py:511}}
Jul 14 18:36:19.240631 np0000185259 devstack@n-api-meta.service[107205]: DEBUG oslo_concurrency.lockutils [None req-12a05955-4c19-4fa3-93c1-8f8d277a65a8 None None] Lock "00000000-0000-0000-0000-000000000000" acquired by "nova.context.set_target_cell..get_or_set_cached_cell_and_set_connections" :: waited 0.000s {{(pid=107205) inner /opt/stack/data/venv/lib/python3.12/site-packages/oslo_concurrency/lockutils.py:524}}
Jul 14 18:36:19.241194 np0000185259 devstack@n-api-meta.service[107205]: DEBUG oslo_concurrency.lockutils [None req-12a05955-4c19-4fa3-93c1-8f8d277a65a8 None None] Lock "00000000-0000-0000-0000-000000000000" "released" by "nova.context.set_target_cell..get_or_set_cached_cell_and_set_connections" :: held 0.001s {{(pid=107205) inner /opt/stack/data/venv/lib/python3.12/site-packages/oslo_concurrency/lockutils.py:543}}
Jul 14 18:36:19.242120 np0000185259 devstack@n-api-meta.service[107205]: DEBUG oslo_concurrency.lockutils [None req-12a05955-4c19-4fa3-93c1-8f8d277a65a8 None None] Acquiring lock "9e783686-5343-4431-b88d-c4ebc1da2e62" by "nova.context.set_target_cell..get_or_set_cached_cell_and_set_connections" {{(pid=107205) inner /opt/stack/data/venv/lib/python3.12/site-packages/oslo_concurrency/lockutils.py:511}}
Jul 14 18:36:19.242350 np0000185259 devstack@n-api-meta.service[107205]: DEBUG oslo_concurrency.lockutils [None req-12a05955-4c19-4fa3-93c1-8f8d277a65a8 None None] Lock "9e783686-5343-4431-b88d-c4ebc1da2e62" acquired by "nova.context.set_target_cell..get_or_set_cached_cell_and_set_connections" :: waited 0.000s {{(pid=107205) inner /opt/stack/data/venv/lib/python3.12/site-packages/oslo_concurrency/lockutils.py:524}}
Jul 14 18:36:19.242689 np0000185259 devstack@n-api-meta.service[107207]: DEBUG oslo_db.sqlalchemy.engines [None req-c2be506c-97a7-4768-aef2-c7996159d525 None None] MySQL server mode set to STRICT_TRANS_TABLES,STRICT_ALL_TABLES,NO_ZERO_IN_DATE,NO_ZERO_DATE,ERROR_FOR_DIVISION_BY_ZERO,TRADITIONAL,NO_ENGINE_SUBSTITUTION {{(pid=107207) _check_effective_sql_mode /opt/stack/data/venv/lib/python3.12/site-packages/oslo_db/sqlalchemy/engines.py:325}}
Jul 14 18:36:19.243388 np0000185259 devstack@n-api-meta.service[107205]: DEBUG oslo_concurrency.lockutils [None req-12a05955-4c19-4fa3-93c1-8f8d277a65a8 None None] Lock "9e783686-5343-4431-b88d-c4ebc1da2e62" "released" by "nova.context.set_target_cell..get_or_set_cached_cell_and_set_connections" :: held 0.001s {{(pid=107205) inner /opt/stack/data/venv/lib/python3.12/site-packages/oslo_concurrency/lockutils.py:543}}
Jul 14 18:36:19.245607 np0000185259 devstack@n-api-meta.service[107205]: INFO dbcounter [None req-12a05955-4c19-4fa3-93c1-8f8d277a65a8 None None] Registered counter for database nova_cell0
Jul 14 18:36:19.250455 np0000185259 devstack@n-api-meta.service[107205]: INFO dbcounter [None req-12a05955-4c19-4fa3-93c1-8f8d277a65a8 None None] Registered counter for database nova_cell1
Jul 14 18:36:19.253744 np0000185259 devstack@n-api-meta.service[107208]: DEBUG oslo_db.sqlalchemy.engines [None req-5cdf1307-ddd0-4aeb-af2e-287d162fce23 None None] MySQL server mode set to STRICT_TRANS_TABLES,STRICT_ALL_TABLES,NO_ZERO_IN_DATE,NO_ZERO_DATE,ERROR_FOR_DIVISION_BY_ZERO,TRADITIONAL,NO_ENGINE_SUBSTITUTION {{(pid=107208) _check_effective_sql_mode /opt/stack/data/venv/lib/python3.12/site-packages/oslo_db/sqlalchemy/engines.py:325}}
Jul 14 18:36:19.298516 np0000185259 devstack@n-api-meta.service[107206]: DEBUG oslo_db.sqlalchemy.engines [None req-8c324f39-8d3d-4092-838d-acd02595ba92 None None] MySQL server mode set to STRICT_TRANS_TABLES,STRICT_ALL_TABLES,NO_ZERO_IN_DATE,NO_ZERO_DATE,ERROR_FOR_DIVISION_BY_ZERO,TRADITIONAL,NO_ENGINE_SUBSTITUTION {{(pid=107206) _check_effective_sql_mode /opt/stack/data/venv/lib/python3.12/site-packages/oslo_db/sqlalchemy/engines.py:325}}
Jul 14 18:36:19.304738 np0000185259 devstack@n-api-meta.service[107206]: DEBUG oslo_db.sqlalchemy.engines [None req-8c324f39-8d3d-4092-838d-acd02595ba92 None None] MySQL server mode set to STRICT_TRANS_TABLES,STRICT_ALL_TABLES,NO_ZERO_IN_DATE,NO_ZERO_DATE,ERROR_FOR_DIVISION_BY_ZERO,TRADITIONAL,NO_ENGINE_SUBSTITUTION {{(pid=107206) _check_effective_sql_mode /opt/stack/data/venv/lib/python3.12/site-packages/oslo_db/sqlalchemy/engines.py:325}}
Jul 14 18:36:19.315174 np0000185259 devstack@n-api-meta.service[107205]: DEBUG oslo_db.sqlalchemy.engines [None req-12a05955-4c19-4fa3-93c1-8f8d277a65a8 None None] MySQL server mode set to STRICT_TRANS_TABLES,STRICT_ALL_TABLES,NO_ZERO_IN_DATE,NO_ZERO_DATE,ERROR_FOR_DIVISION_BY_ZERO,TRADITIONAL,NO_ENGINE_SUBSTITUTION {{(pid=107205) _check_effective_sql_mode /opt/stack/data/venv/lib/python3.12/site-packages/oslo_db/sqlalchemy/engines.py:325}}
Jul 14 18:36:19.316002 np0000185259 devstack@n-api-meta.service[107205]: DEBUG oslo_db.sqlalchemy.engines [None req-12a05955-4c19-4fa3-93c1-8f8d277a65a8 None None] MySQL server mode set to STRICT_TRANS_TABLES,STRICT_ALL_TABLES,NO_ZERO_IN_DATE,NO_ZERO_DATE,ERROR_FOR_DIVISION_BY_ZERO,TRADITIONAL,NO_ENGINE_SUBSTITUTION {{(pid=107205) _check_effective_sql_mode /opt/stack/data/venv/lib/python3.12/site-packages/oslo_db/sqlalchemy/engines.py:325}}
Jul 14 18:36:19.322529 np0000185259 devstack@n-api-meta.service[107207]: DEBUG dbcounter [-] [107207] Writer thread running {{(pid=107207) stat_writer /opt/stack/data/venv/lib/python3.12/site-packages/dbcounter.py:102}}
Jul 14 18:36:19.327975 np0000185259 devstack@n-api-meta.service[107207]: DEBUG dbcounter [-] [107207] Writer thread running {{(pid=107207) stat_writer /opt/stack/data/venv/lib/python3.12/site-packages/dbcounter.py:102}}
Jul 14 18:36:19.329874 np0000185259 devstack@n-api-meta.service[107208]: DEBUG oslo_db.sqlalchemy.engines [None req-5cdf1307-ddd0-4aeb-af2e-287d162fce23 None None] MySQL server mode set to STRICT_TRANS_TABLES,STRICT_ALL_TABLES,NO_ZERO_IN_DATE,NO_ZERO_DATE,ERROR_FOR_DIVISION_BY_ZERO,TRADITIONAL,NO_ENGINE_SUBSTITUTION {{(pid=107208) _check_effective_sql_mode /opt/stack/data/venv/lib/python3.12/site-packages/oslo_db/sqlalchemy/engines.py:325}}
Jul 14 18:36:19.330921 np0000185259 devstack@n-api-meta.service[107207]: INFO dbcounter [None req-c2be506c-97a7-4768-aef2-c7996159d525 None None] Registered counter for database nova_cell0
Jul 14 18:36:19.352746 np0000185259 devstack@n-api-meta.service[107208]: DEBUG dbcounter [-] [107208] Writer thread running {{(pid=107208) stat_writer /opt/stack/data/venv/lib/python3.12/site-packages/dbcounter.py:102}}
Jul 14 18:36:19.353353 np0000185259 devstack@n-api-meta.service[107208]: DEBUG dbcounter [-] [107208] Writer thread running {{(pid=107208) stat_writer /opt/stack/data/venv/lib/python3.12/site-packages/dbcounter.py:102}}
Jul 14 18:36:19.373968 np0000185259 devstack@n-api-meta.service[107208]: INFO dbcounter [None req-5cdf1307-ddd0-4aeb-af2e-287d162fce23 None None] Registered counter for database nova_cell0
Jul 14 18:36:19.386179 np0000185259 devstack@n-api-meta.service[107207]: DEBUG oslo_db.sqlalchemy.engines [None req-c2be506c-97a7-4768-aef2-c7996159d525 None None] MySQL server mode set to STRICT_TRANS_TABLES,STRICT_ALL_TABLES,NO_ZERO_IN_DATE,NO_ZERO_DATE,ERROR_FOR_DIVISION_BY_ZERO,TRADITIONAL,NO_ENGINE_SUBSTITUTION {{(pid=107207) _check_effective_sql_mode /opt/stack/data/venv/lib/python3.12/site-packages/oslo_db/sqlalchemy/engines.py:325}}
Jul 14 18:36:19.394022 np0000185259 devstack@n-api-meta.service[107207]: DEBUG dbcounter [-] [107207] Writer thread running {{(pid=107207) stat_writer /opt/stack/data/venv/lib/python3.12/site-packages/dbcounter.py:102}}
Jul 14 18:36:19.401906 np0000185259 devstack@n-api-meta.service[107206]: DEBUG dbcounter [-] [107206] Writer thread running {{(pid=107206) stat_writer /opt/stack/data/venv/lib/python3.12/site-packages/dbcounter.py:102}}
Jul 14 18:36:19.402461 np0000185259 devstack@n-api-meta.service[107206]: DEBUG dbcounter [-] [107206] Writer thread running {{(pid=107206) stat_writer /opt/stack/data/venv/lib/python3.12/site-packages/dbcounter.py:102}}
Jul 14 18:36:19.410474 np0000185259 devstack@n-api-meta.service[107206]: INFO dbcounter [None req-8c324f39-8d3d-4092-838d-acd02595ba92 None None] Registered counter for database nova_cell0
Jul 14 18:36:19.421632 np0000185259 devstack@n-api-meta.service[107205]: DEBUG dbcounter [-] [107205] Writer thread running {{(pid=107205) stat_writer /opt/stack/data/venv/lib/python3.12/site-packages/dbcounter.py:102}}
Jul 14 18:36:19.422769 np0000185259 devstack@n-api-meta.service[107205]: DEBUG dbcounter [-] [107205] Writer thread running {{(pid=107205) stat_writer /opt/stack/data/venv/lib/python3.12/site-packages/dbcounter.py:102}}
Jul 14 18:36:19.430567 np0000185259 devstack@n-api-meta.service[107208]: DEBUG oslo_db.sqlalchemy.engines [None req-5cdf1307-ddd0-4aeb-af2e-287d162fce23 None None] MySQL server mode set to STRICT_TRANS_TABLES,STRICT_ALL_TABLES,NO_ZERO_IN_DATE,NO_ZERO_DATE,ERROR_FOR_DIVISION_BY_ZERO,TRADITIONAL,NO_ENGINE_SUBSTITUTION {{(pid=107208) _check_effective_sql_mode /opt/stack/data/venv/lib/python3.12/site-packages/oslo_db/sqlalchemy/engines.py:325}}
Jul 14 18:36:19.438087 np0000185259 devstack@n-api-meta.service[107208]: DEBUG dbcounter [-] [107208] Writer thread running {{(pid=107208) stat_writer /opt/stack/data/venv/lib/python3.12/site-packages/dbcounter.py:102}}
Jul 14 18:36:19.455036 np0000185259 devstack@n-api-meta.service[107206]: DEBUG oslo_db.sqlalchemy.engines [None req-8c324f39-8d3d-4092-838d-acd02595ba92 None None] MySQL server mode set to STRICT_TRANS_TABLES,STRICT_ALL_TABLES,NO_ZERO_IN_DATE,NO_ZERO_DATE,ERROR_FOR_DIVISION_BY_ZERO,TRADITIONAL,NO_ENGINE_SUBSTITUTION {{(pid=107206) _check_effective_sql_mode /opt/stack/data/venv/lib/python3.12/site-packages/oslo_db/sqlalchemy/engines.py:325}}
Jul 14 18:36:19.460769 np0000185259 devstack@n-api-meta.service[107206]: DEBUG dbcounter [-] [107206] Writer thread running {{(pid=107206) stat_writer /opt/stack/data/venv/lib/python3.12/site-packages/dbcounter.py:102}}
Jul 14 18:36:19.479415 np0000185259 devstack@n-api-meta.service[107205]: INFO dbcounter [None req-12a05955-4c19-4fa3-93c1-8f8d277a65a8 None None] Registered counter for database nova_cell0
Jul 14 18:36:19.521248 np0000185259 devstack@n-api-meta.service[107205]: DEBUG oslo_db.sqlalchemy.engines [None req-12a05955-4c19-4fa3-93c1-8f8d277a65a8 None None] MySQL server mode set to STRICT_TRANS_TABLES,STRICT_ALL_TABLES,NO_ZERO_IN_DATE,NO_ZERO_DATE,ERROR_FOR_DIVISION_BY_ZERO,TRADITIONAL,NO_ENGINE_SUBSTITUTION {{(pid=107205) _check_effective_sql_mode /opt/stack/data/venv/lib/python3.12/site-packages/oslo_db/sqlalchemy/engines.py:325}}
Jul 14 18:36:19.529653 np0000185259 devstack@n-api-meta.service[107205]: DEBUG dbcounter [-] [107205] Writer thread running {{(pid=107205) stat_writer /opt/stack/data/venv/lib/python3.12/site-packages/dbcounter.py:102}}
Jul 14 18:36:19.543903 np0000185259 devstack@n-api-meta.service[107207]: WARNING nova.api.metadata.handler [None req-c2be506c-97a7-4768-aef2-c7996159d525 None None] metadata_proxy_shared_secret is not configured, the metadata information returned by the proxy cannot be trusted
Jul 14 18:36:19.546189 np0000185259 devstack@n-api-meta.service[107207]: DEBUG nova.api.openstack.wsgi_app [None req-c2be506c-97a7-4768-aef2-c7996159d525 None None] ******************************************************************************** {{(pid=107207) log_opt_values /opt/stack/data/venv/lib/python3.12/site-packages/oslo_config/cfg.py:3226}}
Jul 14 18:36:19.546325 np0000185259 devstack@n-api-meta.service[107207]: DEBUG nova.api.openstack.wsgi_app [None req-c2be506c-97a7-4768-aef2-c7996159d525 None None] Configuration options gathered from: {{(pid=107207) log_opt_values /opt/stack/data/venv/lib/python3.12/site-packages/oslo_config/cfg.py:3227}}
Jul 14 18:36:19.546467 np0000185259 devstack@n-api-meta.service[107207]: DEBUG nova.api.openstack.wsgi_app [None req-c2be506c-97a7-4768-aef2-c7996159d525 None None] command line args: [] {{(pid=107207) log_opt_values /opt/stack/data/venv/lib/python3.12/site-packages/oslo_config/cfg.py:3228}}
Jul 14 18:36:19.546669 np0000185259 devstack@n-api-meta.service[107207]: DEBUG nova.api.openstack.wsgi_app [None req-c2be506c-97a7-4768-aef2-c7996159d525 None None] config files: ['/etc/nova/api-paste.ini', '/etc/nova/nova.conf'] {{(pid=107207) log_opt_values /opt/stack/data/venv/lib/python3.12/site-packages/oslo_config/cfg.py:3229}}
Jul 14 18:36:19.546816 np0000185259 devstack@n-api-meta.service[107207]: DEBUG nova.api.openstack.wsgi_app [None req-c2be506c-97a7-4768-aef2-c7996159d525 None None] ================================================================================ {{(pid=107207) log_opt_values /opt/stack/data/venv/lib/python3.12/site-packages/oslo_config/cfg.py:3234}}
Jul 14 18:36:19.547017 np0000185259 devstack@n-api-meta.service[107207]: DEBUG nova.api.openstack.wsgi_app [None req-c2be506c-97a7-4768-aef2-c7996159d525 None None] allow_resize_to_same_host = True {{(pid=107207) log_opt_values /opt/stack/data/venv/lib/python3.12/site-packages/oslo_config/cfg.py:3242}}
Jul 14 18:36:19.547330 np0000185259 devstack@n-api-meta.service[107207]: DEBUG nova.api.openstack.wsgi_app [None req-c2be506c-97a7-4768-aef2-c7996159d525 None None] arq_binding_timeout = 300 {{(pid=107207) log_opt_values /opt/stack/data/venv/lib/python3.12/site-packages/oslo_config/cfg.py:3242}}
Jul 14 18:36:19.547530 np0000185259 devstack@n-api-meta.service[107207]: DEBUG nova.api.openstack.wsgi_app [None req-c2be506c-97a7-4768-aef2-c7996159d525 None None] block_device_allocate_retries = 60 {{(pid=107207) log_opt_values /opt/stack/data/venv/lib/python3.12/site-packages/oslo_config/cfg.py:3242}}
Jul 14 18:36:19.547671 np0000185259 devstack@n-api-meta.service[107207]: DEBUG nova.api.openstack.wsgi_app [None req-c2be506c-97a7-4768-aef2-c7996159d525 None None] block_device_allocate_retries_interval = 3 {{(pid=107207) log_opt_values /opt/stack/data/venv/lib/python3.12/site-packages/oslo_config/cfg.py:3242}}
Jul 14 18:36:19.547851 np0000185259 devstack@n-api-meta.service[107207]: DEBUG nova.api.openstack.wsgi_app [None req-c2be506c-97a7-4768-aef2-c7996159d525 None None] cell_worker_thread_pool_size = 5 {{(pid=107207) log_opt_values /opt/stack/data/venv/lib/python3.12/site-packages/oslo_config/cfg.py:3242}}
Jul 14 18:36:19.548048 np0000185259 devstack@n-api-meta.service[107207]: DEBUG nova.api.openstack.wsgi_app [None req-c2be506c-97a7-4768-aef2-c7996159d525 None None] cert = self.pem {{(pid=107207) log_opt_values /opt/stack/data/venv/lib/python3.12/site-packages/oslo_config/cfg.py:3242}}
Jul 14 18:36:19.548233 np0000185259 devstack@n-api-meta.service[107207]: DEBUG nova.api.openstack.wsgi_app [None req-c2be506c-97a7-4768-aef2-c7996159d525 None None] compute_driver = libvirt.LibvirtDriver {{(pid=107207) log_opt_values /opt/stack/data/venv/lib/python3.12/site-packages/oslo_config/cfg.py:3242}}
Jul 14 18:36:19.548378 np0000185259 devstack@n-api-meta.service[107207]: DEBUG nova.api.openstack.wsgi_app [None req-c2be506c-97a7-4768-aef2-c7996159d525 None None] compute_monitors = [] {{(pid=107207) log_opt_values /opt/stack/data/venv/lib/python3.12/site-packages/oslo_config/cfg.py:3242}}
Jul 14 18:36:19.548514 np0000185259 devstack@n-api-meta.service[107207]: DEBUG nova.api.openstack.wsgi_app [None req-c2be506c-97a7-4768-aef2-c7996159d525 None None] concurrency_backend = auto {{(pid=107207) log_opt_values /opt/stack/data/venv/lib/python3.12/site-packages/oslo_config/cfg.py:3242}}
Jul 14 18:36:19.548650 np0000185259 devstack@n-api-meta.service[107207]: DEBUG nova.api.openstack.wsgi_app [None req-c2be506c-97a7-4768-aef2-c7996159d525 None None] config_dir = [] {{(pid=107207) log_opt_values /opt/stack/data/venv/lib/python3.12/site-packages/oslo_config/cfg.py:3242}}
Jul 14 18:36:19.548792 np0000185259 devstack@n-api-meta.service[107207]: DEBUG nova.api.openstack.wsgi_app [None req-c2be506c-97a7-4768-aef2-c7996159d525 None None] config_drive_format = iso9660 {{(pid=107207) log_opt_values /opt/stack/data/venv/lib/python3.12/site-packages/oslo_config/cfg.py:3242}}
Jul 14 18:36:19.548898 np0000185259 devstack@n-api-meta.service[107207]: DEBUG nova.api.openstack.wsgi_app [None req-c2be506c-97a7-4768-aef2-c7996159d525 None None] config_file = ['/etc/nova/api-paste.ini', '/etc/nova/nova.conf'] {{(pid=107207) log_opt_values /opt/stack/data/venv/lib/python3.12/site-packages/oslo_config/cfg.py:3242}}
Jul 14 18:36:19.549036 np0000185259 devstack@n-api-meta.service[107207]: DEBUG nova.api.openstack.wsgi_app [None req-c2be506c-97a7-4768-aef2-c7996159d525 None None] config_source = [] {{(pid=107207) log_opt_values /opt/stack/data/venv/lib/python3.12/site-packages/oslo_config/cfg.py:3242}}
Jul 14 18:36:19.549195 np0000185259 devstack@n-api-meta.service[107207]: DEBUG nova.api.openstack.wsgi_app [None req-c2be506c-97a7-4768-aef2-c7996159d525 None None] console_host = np0000185259 {{(pid=107207) log_opt_values /opt/stack/data/venv/lib/python3.12/site-packages/oslo_config/cfg.py:3242}}
Jul 14 18:36:19.549332 np0000185259 devstack@n-api-meta.service[107207]: DEBUG nova.api.openstack.wsgi_app [None req-c2be506c-97a7-4768-aef2-c7996159d525 None None] control_exchange = nova {{(pid=107207) log_opt_values /opt/stack/data/venv/lib/python3.12/site-packages/oslo_config/cfg.py:3242}}
Jul 14 18:36:19.549459 np0000185259 devstack@n-api-meta.service[107207]: DEBUG nova.api.openstack.wsgi_app [None req-c2be506c-97a7-4768-aef2-c7996159d525 None None] cpu_allocation_ratio = None {{(pid=107207) log_opt_values /opt/stack/data/venv/lib/python3.12/site-packages/oslo_config/cfg.py:3242}}
Jul 14 18:36:19.549585 np0000185259 devstack@n-api-meta.service[107207]: DEBUG nova.api.openstack.wsgi_app [None req-c2be506c-97a7-4768-aef2-c7996159d525 None None] daemon = False {{(pid=107207) log_opt_values /opt/stack/data/venv/lib/python3.12/site-packages/oslo_config/cfg.py:3242}}
Jul 14 18:36:19.549723 np0000185259 devstack@n-api-meta.service[107207]: DEBUG nova.api.openstack.wsgi_app [None req-c2be506c-97a7-4768-aef2-c7996159d525 None None] debug = True {{(pid=107207) log_opt_values /opt/stack/data/venv/lib/python3.12/site-packages/oslo_config/cfg.py:3242}}
Jul 14 18:36:19.549854 np0000185259 devstack@n-api-meta.service[107207]: DEBUG nova.api.openstack.wsgi_app [None req-c2be506c-97a7-4768-aef2-c7996159d525 None None] default_access_ip_network_name = None {{(pid=107207) log_opt_values /opt/stack/data/venv/lib/python3.12/site-packages/oslo_config/cfg.py:3242}}
Jul 14 18:36:19.550013 np0000185259 devstack@n-api-meta.service[107207]: DEBUG nova.api.openstack.wsgi_app [None req-c2be506c-97a7-4768-aef2-c7996159d525 None None] default_availability_zone = nova {{(pid=107207) log_opt_values /opt/stack/data/venv/lib/python3.12/site-packages/oslo_config/cfg.py:3242}}
Jul 14 18:36:19.550216 np0000185259 devstack@n-api-meta.service[107207]: DEBUG nova.api.openstack.wsgi_app [None req-c2be506c-97a7-4768-aef2-c7996159d525 None None] default_ephemeral_format = ext4 {{(pid=107207) log_opt_values /opt/stack/data/venv/lib/python3.12/site-packages/oslo_config/cfg.py:3242}}
Jul 14 18:36:19.550667 np0000185259 devstack@n-api-meta.service[107207]: DEBUG nova.api.openstack.wsgi_app [None req-c2be506c-97a7-4768-aef2-c7996159d525 None None] default_green_pool_size = 1000 {{(pid=107207) log_opt_values /opt/stack/data/venv/lib/python3.12/site-packages/oslo_config/cfg.py:3242}}
Jul 14 18:36:19.550880 np0000185259 devstack@n-api-meta.service[107207]: DEBUG nova.api.openstack.wsgi_app [None req-c2be506c-97a7-4768-aef2-c7996159d525 None None] default_log_levels = ['amqp=WARN', 'boto=WARN', 'sqlalchemy=WARN', 'suds=INFO', 'oslo.messaging=INFO', 'oslo_messaging=INFO', 'iso8601=WARN', 'requests.packages.urllib3.connectionpool=WARN', 'urllib3.connectionpool=WARN', 'websocket=WARN', 'requests.packages.urllib3.util.retry=WARN', 'urllib3.util.retry=WARN', 'keystonemiddleware=WARN', 'routes.middleware=WARN', 'stevedore=WARN', 'taskflow=WARN', 'keystoneauth=WARN', 'oslo.cache=INFO', 'oslo_policy=INFO', 'dogpile.core.dogpile=INFO', 'glanceclient=WARN', 'oslo.privsep.daemon=INFO'] {{(pid=107207) log_opt_values /opt/stack/data/venv/lib/python3.12/site-packages/oslo_config/cfg.py:3242}}
Jul 14 18:36:19.551005 np0000185259 devstack@n-api-meta.service[107207]: DEBUG nova.api.openstack.wsgi_app [None req-c2be506c-97a7-4768-aef2-c7996159d525 None None] default_schedule_zone = None {{(pid=107207) log_opt_values /opt/stack/data/venv/lib/python3.12/site-packages/oslo_config/cfg.py:3242}}
Jul 14 18:36:19.551139 np0000185259 devstack@n-api-meta.service[107207]: DEBUG nova.api.openstack.wsgi_app [None req-c2be506c-97a7-4768-aef2-c7996159d525 None None] default_thread_pool_size = 10 {{(pid=107207) log_opt_values /opt/stack/data/venv/lib/python3.12/site-packages/oslo_config/cfg.py:3242}}
Jul 14 18:36:19.551294 np0000185259 devstack@n-api-meta.service[107207]: DEBUG nova.api.openstack.wsgi_app [None req-c2be506c-97a7-4768-aef2-c7996159d525 None None] disk_allocation_ratio = None {{(pid=107207) log_opt_values /opt/stack/data/venv/lib/python3.12/site-packages/oslo_config/cfg.py:3242}}
Jul 14 18:36:19.551413 np0000185259 devstack@n-api-meta.service[107207]: DEBUG nova.api.openstack.wsgi_app [None req-c2be506c-97a7-4768-aef2-c7996159d525 None None] enable_new_services = True {{(pid=107207) log_opt_values /opt/stack/data/venv/lib/python3.12/site-packages/oslo_config/cfg.py:3242}}
Jul 14 18:36:19.551549 np0000185259 devstack@n-api-meta.service[107207]: DEBUG nova.api.openstack.wsgi_app [None req-c2be506c-97a7-4768-aef2-c7996159d525 None None] flat_injected = False {{(pid=107207) log_opt_values /opt/stack/data/venv/lib/python3.12/site-packages/oslo_config/cfg.py:3242}}
Jul 14 18:36:19.551668 np0000185259 devstack@n-api-meta.service[107207]: DEBUG nova.api.openstack.wsgi_app [None req-c2be506c-97a7-4768-aef2-c7996159d525 None None] force_config_drive = False {{(pid=107207) log_opt_values /opt/stack/data/venv/lib/python3.12/site-packages/oslo_config/cfg.py:3242}}
Jul 14 18:36:19.551800 np0000185259 devstack@n-api-meta.service[107207]: DEBUG nova.api.openstack.wsgi_app [None req-c2be506c-97a7-4768-aef2-c7996159d525 None None] force_raw_images = True {{(pid=107207) log_opt_values /opt/stack/data/venv/lib/python3.12/site-packages/oslo_config/cfg.py:3242}}
Jul 14 18:36:19.551936 np0000185259 devstack@n-api-meta.service[107207]: DEBUG nova.api.openstack.wsgi_app [None req-c2be506c-97a7-4768-aef2-c7996159d525 None None] graceful_shutdown_timeout = 5 {{(pid=107207) log_opt_values /opt/stack/data/venv/lib/python3.12/site-packages/oslo_config/cfg.py:3242}}
Jul 14 18:36:19.552067 np0000185259 devstack@n-api-meta.service[107207]: DEBUG nova.api.openstack.wsgi_app [None req-c2be506c-97a7-4768-aef2-c7996159d525 None None] heal_instance_info_cache_interval = -1 {{(pid=107207) log_opt_values /opt/stack/data/venv/lib/python3.12/site-packages/oslo_config/cfg.py:3242}}
Jul 14 18:36:19.552293 np0000185259 devstack@n-api-meta.service[107207]: DEBUG nova.api.openstack.wsgi_app [None req-c2be506c-97a7-4768-aef2-c7996159d525 None None] host = np0000185259 {{(pid=107207) log_opt_values /opt/stack/data/venv/lib/python3.12/site-packages/oslo_config/cfg.py:3242}}
Jul 14 18:36:19.552451 np0000185259 devstack@n-api-meta.service[107207]: DEBUG nova.api.openstack.wsgi_app [None req-c2be506c-97a7-4768-aef2-c7996159d525 None None] initial_cpu_allocation_ratio = 4.0 {{(pid=107207) log_opt_values /opt/stack/data/venv/lib/python3.12/site-packages/oslo_config/cfg.py:3242}}
Jul 14 18:36:19.552699 np0000185259 devstack@n-api-meta.service[107207]: DEBUG nova.api.openstack.wsgi_app [None req-c2be506c-97a7-4768-aef2-c7996159d525 None None] initial_disk_allocation_ratio = 1.0 {{(pid=107207) log_opt_values /opt/stack/data/venv/lib/python3.12/site-packages/oslo_config/cfg.py:3242}}
Jul 14 18:36:19.552835 np0000185259 devstack@n-api-meta.service[107207]: DEBUG nova.api.openstack.wsgi_app [None req-c2be506c-97a7-4768-aef2-c7996159d525 None None] initial_ram_allocation_ratio = 1.0 {{(pid=107207) log_opt_values /opt/stack/data/venv/lib/python3.12/site-packages/oslo_config/cfg.py:3242}}
Jul 14 18:36:19.553010 np0000185259 devstack@n-api-meta.service[107207]: DEBUG nova.api.openstack.wsgi_app [None req-c2be506c-97a7-4768-aef2-c7996159d525 None None] injected_network_template = /opt/stack/nova/nova/virt/interfaces.template {{(pid=107207) log_opt_values /opt/stack/data/venv/lib/python3.12/site-packages/oslo_config/cfg.py:3242}}
Jul 14 18:36:19.553143 np0000185259 devstack@n-api-meta.service[107207]: DEBUG nova.api.openstack.wsgi_app [None req-c2be506c-97a7-4768-aef2-c7996159d525 None None] instance_build_timeout = 0 {{(pid=107207) log_opt_values /opt/stack/data/venv/lib/python3.12/site-packages/oslo_config/cfg.py:3242}}
Jul 14 18:36:19.553290 np0000185259 devstack@n-api-meta.service[107207]: DEBUG nova.api.openstack.wsgi_app [None req-c2be506c-97a7-4768-aef2-c7996159d525 None None] instance_delete_interval = 300 {{(pid=107207) log_opt_values /opt/stack/data/venv/lib/python3.12/site-packages/oslo_config/cfg.py:3242}}
Jul 14 18:36:19.553425 np0000185259 devstack@n-api-meta.service[107207]: DEBUG nova.api.openstack.wsgi_app [None req-c2be506c-97a7-4768-aef2-c7996159d525 None None] instance_format = [instance: %(uuid)s] {{(pid=107207) log_opt_values /opt/stack/data/venv/lib/python3.12/site-packages/oslo_config/cfg.py:3242}}
Jul 14 18:36:19.553560 np0000185259 devstack@n-api-meta.service[107207]: DEBUG nova.api.openstack.wsgi_app [None req-c2be506c-97a7-4768-aef2-c7996159d525 None None] instance_name_template = instance-%08x {{(pid=107207) log_opt_values /opt/stack/data/venv/lib/python3.12/site-packages/oslo_config/cfg.py:3242}}
Jul 14 18:36:19.553688 np0000185259 devstack@n-api-meta.service[107207]: DEBUG nova.api.openstack.wsgi_app [None req-c2be506c-97a7-4768-aef2-c7996159d525 None None] instance_usage_audit = False {{(pid=107207) log_opt_values /opt/stack/data/venv/lib/python3.12/site-packages/oslo_config/cfg.py:3242}}
Jul 14 18:36:19.553826 np0000185259 devstack@n-api-meta.service[107207]: DEBUG nova.api.openstack.wsgi_app [None req-c2be506c-97a7-4768-aef2-c7996159d525 None None] instance_usage_audit_period = month {{(pid=107207) log_opt_values /opt/stack/data/venv/lib/python3.12/site-packages/oslo_config/cfg.py:3242}}
Jul 14 18:36:19.553990 np0000185259 devstack@n-api-meta.service[107207]: DEBUG nova.api.openstack.wsgi_app [None req-c2be506c-97a7-4768-aef2-c7996159d525 None None] instance_uuid_format = [instance: %(uuid)s] {{(pid=107207) log_opt_values /opt/stack/data/venv/lib/python3.12/site-packages/oslo_config/cfg.py:3242}}
Jul 14 18:36:19.554130 np0000185259 devstack@n-api-meta.service[107207]: DEBUG nova.api.openstack.wsgi_app [None req-c2be506c-97a7-4768-aef2-c7996159d525 None None] instances_path = /opt/stack/data/nova/instances {{(pid=107207) log_opt_values /opt/stack/data/venv/lib/python3.12/site-packages/oslo_config/cfg.py:3242}}
Jul 14 18:36:19.554306 np0000185259 devstack@n-api-meta.service[107207]: DEBUG nova.api.openstack.wsgi_app [None req-c2be506c-97a7-4768-aef2-c7996159d525 None None] internal_service_availability_zone = internal {{(pid=107207) log_opt_values /opt/stack/data/venv/lib/python3.12/site-packages/oslo_config/cfg.py:3242}}
Jul 14 18:36:19.554441 np0000185259 devstack@n-api-meta.service[107207]: DEBUG nova.api.openstack.wsgi_app [None req-c2be506c-97a7-4768-aef2-c7996159d525 None None] key = None {{(pid=107207) log_opt_values /opt/stack/data/venv/lib/python3.12/site-packages/oslo_config/cfg.py:3242}}
Jul 14 18:36:19.554572 np0000185259 devstack@n-api-meta.service[107207]: DEBUG nova.api.openstack.wsgi_app [None req-c2be506c-97a7-4768-aef2-c7996159d525 None None] live_migration_retry_count = 30 {{(pid=107207) log_opt_values /opt/stack/data/venv/lib/python3.12/site-packages/oslo_config/cfg.py:3242}}
Jul 14 18:36:19.554707 np0000185259 devstack@n-api-meta.service[107207]: DEBUG nova.api.openstack.wsgi_app [None req-c2be506c-97a7-4768-aef2-c7996159d525 None None] log_color = False {{(pid=107207) log_opt_values /opt/stack/data/venv/lib/python3.12/site-packages/oslo_config/cfg.py:3242}}
Jul 14 18:36:19.554840 np0000185259 devstack@n-api-meta.service[107207]: DEBUG nova.api.openstack.wsgi_app [None req-c2be506c-97a7-4768-aef2-c7996159d525 None None] log_config_append = None {{(pid=107207) log_opt_values /opt/stack/data/venv/lib/python3.12/site-packages/oslo_config/cfg.py:3242}}
Jul 14 18:36:19.554975 np0000185259 devstack@n-api-meta.service[107207]: DEBUG nova.api.openstack.wsgi_app [None req-c2be506c-97a7-4768-aef2-c7996159d525 None None] log_date_format = %Y-%m-%d %H:%M:%S {{(pid=107207) log_opt_values /opt/stack/data/venv/lib/python3.12/site-packages/oslo_config/cfg.py:3242}}
Jul 14 18:36:19.555106 np0000185259 devstack@n-api-meta.service[107207]: DEBUG nova.api.openstack.wsgi_app [None req-c2be506c-97a7-4768-aef2-c7996159d525 None None] log_dir = None {{(pid=107207) log_opt_values /opt/stack/data/venv/lib/python3.12/site-packages/oslo_config/cfg.py:3242}}
Jul 14 18:36:19.555258 np0000185259 devstack@n-api-meta.service[107207]: DEBUG nova.api.openstack.wsgi_app [None req-c2be506c-97a7-4768-aef2-c7996159d525 None None] log_file = None {{(pid=107207) log_opt_values /opt/stack/data/venv/lib/python3.12/site-packages/oslo_config/cfg.py:3242}}
Jul 14 18:36:19.555400 np0000185259 devstack@n-api-meta.service[107207]: DEBUG nova.api.openstack.wsgi_app [None req-c2be506c-97a7-4768-aef2-c7996159d525 None None] log_options = True {{(pid=107207) log_opt_values /opt/stack/data/venv/lib/python3.12/site-packages/oslo_config/cfg.py:3242}}
Jul 14 18:36:19.555532 np0000185259 devstack@n-api-meta.service[107207]: DEBUG nova.api.openstack.wsgi_app [None req-c2be506c-97a7-4768-aef2-c7996159d525 None None] log_rotate_interval = 1 {{(pid=107207) log_opt_values /opt/stack/data/venv/lib/python3.12/site-packages/oslo_config/cfg.py:3242}}
Jul 14 18:36:19.555666 np0000185259 devstack@n-api-meta.service[107207]: DEBUG nova.api.openstack.wsgi_app [None req-c2be506c-97a7-4768-aef2-c7996159d525 None None] log_rotate_interval_type = days {{(pid=107207) log_opt_values /opt/stack/data/venv/lib/python3.12/site-packages/oslo_config/cfg.py:3242}}
Jul 14 18:36:19.555805 np0000185259 devstack@n-api-meta.service[107207]: DEBUG nova.api.openstack.wsgi_app [None req-c2be506c-97a7-4768-aef2-c7996159d525 None None] log_rotation_type = none {{(pid=107207) log_opt_values /opt/stack/data/venv/lib/python3.12/site-packages/oslo_config/cfg.py:3242}}
