Sep 08 00:07:07.184367 np0000192181 devstack@neutron-api.service[102712]: DEBUG neutron_lib.callbacks.manager [None req-d35d0f85-590e-493c-af38-72e1589a022c None None] Subscribe: > floatingip after_delete 55550000, False {{(pid=102712) subscribe /opt/stack/data/venv/lib/python3.12/site-packages/neutron_lib/callbacks/manager.py:52}}
Sep 08 00:07:07.184427 np0000192181 devstack@neutron-api.service[102710]: INFO neutron.api.extensions [None req-5f6f8168-fa67-44f3-9cc2-a48667fe0de7 None None] Loaded extension: quota-check-limit-default
Sep 08 00:07:07.184501 np0000192181 devstack@neutron-api.service[102712]: DEBUG neutron_lib.callbacks.manager [None req-d35d0f85-590e-493c-af38-72e1589a022c None None] Subscribe: > floatingip after_status_update 55550000, False {{(pid=102712) subscribe /opt/stack/data/venv/lib/python3.12/site-packages/neutron_lib/callbacks/manager.py:52}}
Sep 08 00:07:07.184556 np0000192181 devstack@neutron-api.service[102710]: DEBUG neutron.api.extensions [None req-5f6f8168-fa67-44f3-9cc2-a48667fe0de7 None None] Loading extension file: quotasv2.py {{(pid=102710) _load_all_extensions_from_path /opt/stack/neutron/neutron/api/extensions.py:449}}
Sep 08 00:07:07.184609 np0000192181 devstack@neutron-api.service[102712]: DEBUG neutron_lib.callbacks.manager [None req-d35d0f85-590e-493c-af38-72e1589a022c None None] Subscribe: > floatingip after_update 55550000, False {{(pid=102712) subscribe /opt/stack/data/venv/lib/python3.12/site-packages/neutron_lib/callbacks/manager.py:52}}
Sep 08 00:07:07.184706 np0000192181 devstack@neutron-api.service[102713]: INFO neutron.quota [None req-1a8d4fec-91a7-4358-b7a2-8b85fa8d5e1d None None] Loaded quota_driver: .
Sep 08 00:07:07.184769 np0000192181 devstack@neutron-api.service[102712]: DEBUG neutron_lib.callbacks.manager [None req-d35d0f85-590e-493c-af38-72e1589a022c None None] Subscribe: > port_forwarding after_create 55550000, False {{(pid=102712) subscribe /opt/stack/data/venv/lib/python3.12/site-packages/neutron_lib/callbacks/manager.py:52}}
Sep 08 00:07:07.184769 np0000192181 devstack@neutron-api.service[102712]: DEBUG neutron_lib.callbacks.manager [None req-d35d0f85-590e-493c-af38-72e1589a022c None None] Subscribe: > router_interface after_delete 55550000, False {{(pid=102712) subscribe /opt/stack/data/venv/lib/python3.12/site-packages/neutron_lib/callbacks/manager.py:52}}
Sep 08 00:07:07.184839 np0000192181 devstack@neutron-api.service[102713]: INFO neutron.plugins.ml2.plugin [None req-1a8d4fec-91a7-4358-b7a2-8b85fa8d5e1d None None] Modular L2 Plugin initialization complete
Sep 08 00:07:07.184893 np0000192181 devstack@neutron-api.service[102712]: DEBUG neutron_lib.callbacks.manager [None req-d35d0f85-590e-493c-af38-72e1589a022c None None] Subscribe: > router after_create 55550000, False {{(pid=102712) subscribe /opt/stack/data/venv/lib/python3.12/site-packages/neutron_lib/callbacks/manager.py:52}}
Sep 08 00:07:07.184893 np0000192181 devstack@neutron-api.service[102712]: DEBUG neutron_lib.callbacks.manager [None req-d35d0f85-590e-493c-af38-72e1589a022c None None] Subscribe: > router precommit_create 55550000, False {{(pid=102712) subscribe /opt/stack/data/venv/lib/python3.12/site-packages/neutron_lib/callbacks/manager.py:52}}
Sep 08 00:07:07.184968 np0000192181 devstack@neutron-api.service[102713]: DEBUG neutron.manager [None req-1a8d4fec-91a7-4358-b7a2-8b85fa8d5e1d None None] Loading services supported by the core plugin {{(pid=102713) _load_services_from_core_plugin /opt/stack/neutron/neutron/manager.py:167}}
Sep 08 00:07:07.185017 np0000192181 devstack@neutron-api.service[102712]: DEBUG neutron_lib.callbacks.manager [None req-d35d0f85-590e-493c-af38-72e1589a022c None None] Subscribe: > router after_delete 55550000, False {{(pid=102712) subscribe /opt/stack/data/venv/lib/python3.12/site-packages/neutron_lib/callbacks/manager.py:52}}
Sep 08 00:07:07.185066 np0000192181 devstack@neutron-api.service[102710]: DEBUG neutron.api.extensions [None req-5f6f8168-fa67-44f3-9cc2-a48667fe0de7 None None] Ext name="Quota management support" alias="quotas" description="Expose functions for quotas management per project" updated="2012-07-29T10:00:00-00:00" {{(pid=102710) _check_extension /opt/stack/neutron/neutron/api/extensions.py:415}}
Sep 08 00:07:07.185119 np0000192181 devstack@neutron-api.service[102712]: DEBUG neutron_lib.callbacks.manager [None req-d35d0f85-590e-493c-af38-72e1589a022c None None] Subscribe: > router after_update 55550000, False {{(pid=102712) subscribe /opt/stack/data/venv/lib/python3.12/site-packages/neutron_lib/callbacks/manager.py:52}}
Sep 08 00:07:07.185204 np0000192181 devstack@neutron-api.service[102713]: INFO neutron.plugins.ml2.managers [None req-1a8d4fec-91a7-4358-b7a2-8b85fa8d5e1d None None] Got port-security extension from driver 'port_security'
Sep 08 00:07:07.185255 np0000192181 devstack@neutron-api.service[102710]: INFO neutron.api.extensions [None req-5f6f8168-fa67-44f3-9cc2-a48667fe0de7 None None] Loaded extension: quotas
Sep 08 00:07:07.185306 np0000192181 devstack@neutron-api.service[102712]: DEBUG neutron.services.service_base [None req-d35d0f85-590e-493c-af38-72e1589a022c None None] Loaded 'neutron.services.ovn_l3.service_providers.ovn.OvnDriver' provider for service L3_ROUTER_NAT {{(pid=102712) load_drivers /opt/stack/neutron/neutron/services/service_base.py:49}}
Sep 08 00:07:07.185376 np0000192181 devstack@neutron-api.service[102710]: DEBUG neutron.api.extensions [None req-5f6f8168-fa67-44f3-9cc2-a48667fe0de7 None None] Loading extension file: quotasv2_detail.py {{(pid=102710) _load_all_extensions_from_path /opt/stack/neutron/neutron/api/extensions.py:449}}
Sep 08 00:07:07.185428 np0000192181 devstack@neutron-api.service[102712]: DEBUG neutron_lib.callbacks.manager [None req-d35d0f85-590e-493c-af38-72e1589a022c None None] Subscribe: > process after_init 55550001, True {{(pid=102712) subscribe /opt/stack/data/venv/lib/python3.12/site-packages/neutron_lib/callbacks/manager.py:52}}
Sep 08 00:07:07.185428 np0000192181 devstack@neutron-api.service[102712]: DEBUG neutron.manager [None req-d35d0f85-590e-493c-af38-72e1589a022c None None] Successfully loaded L3_ROUTER_NAT plugin. Description: L3 Router Service Plugin for basic L3 forwarding using OVN {{(pid=102712) _create_and_add_service_plugin /opt/stack/neutron/neutron/manager.py:236}}
Sep 08 00:07:07.185428 np0000192181 devstack@neutron-api.service[102712]: INFO neutron.manager [None req-d35d0f85-590e-493c-af38-72e1589a022c None None] Loading Plugin: auto_allocate
Sep 08 00:07:07.185517 np0000192181 devstack@neutron-api.service[102713]: DEBUG neutron.manager [None req-1a8d4fec-91a7-4358-b7a2-8b85fa8d5e1d None None] Loading service plugins: ['ovn-router', 'auto_allocate', 'tag', 'timestamp', 'network_ip_availability', 'flavors', 'revisions'] {{(pid=102713) _load_service_plugins /opt/stack/neutron/neutron/manager.py:192}}
Sep 08 00:07:07.185591 np0000192181 devstack@neutron-api.service[102710]: DEBUG neutron.api.extensions [None req-5f6f8168-fa67-44f3-9cc2-a48667fe0de7 None None] Ext name="Quota details management support" alias="quota_details" description="Expose functions for quotas usage statistics per project" updated="2017-02-10T10:00:00-00:00" {{(pid=102710) _check_extension /opt/stack/neutron/neutron/api/extensions.py:415}}
Sep 08 00:07:07.185591 np0000192181 devstack@neutron-api.service[102710]: INFO neutron.api.extensions [None req-5f6f8168-fa67-44f3-9cc2-a48667fe0de7 None None] Loaded extension: quota_details
Sep 08 00:07:07.185667 np0000192181 devstack@neutron-api.service[102713]: INFO neutron.manager [None req-1a8d4fec-91a7-4358-b7a2-8b85fa8d5e1d None None] Loading Plugin: ovn-router
Sep 08 00:07:07.185730 np0000192181 devstack@neutron-api.service[102710]: DEBUG neutron.api.extensions [None req-5f6f8168-fa67-44f3-9cc2-a48667fe0de7 None None] Loading extension file: rbac.py {{(pid=102710) _load_all_extensions_from_path /opt/stack/neutron/neutron/api/extensions.py:449}}
Sep 08 00:07:07.185794 np0000192181 devstack@neutron-api.service[102712]: DEBUG neutron_lib.callbacks.manager [None req-d35d0f85-590e-493c-af38-72e1589a022c None None] Subscribe: network precommit_update 55550000, False {{(pid=102712) subscribe /opt/stack/data/venv/lib/python3.12/site-packages/neutron_lib/callbacks/manager.py:52}}
Sep 08 00:07:07.185895 np0000192181 devstack@neutron-api.service[102712]: DEBUG neutron_lib.callbacks.manager [None req-d35d0f85-590e-493c-af38-72e1589a022c None None] Subscribe: network precommit_create 55550000, False {{(pid=102712) subscribe /opt/stack/data/venv/lib/python3.12/site-packages/neutron_lib/callbacks/manager.py:52}}
Sep 08 00:07:07.186136 np0000192181 devstack@neutron-api.service[102712]: DEBUG neutron.manager [None req-d35d0f85-590e-493c-af38-72e1589a022c None None] Successfully loaded auto-allocated-topology plugin. Description: Auto Allocated Topology - aka get me a network. {{(pid=102712) _create_and_add_service_plugin /opt/stack/neutron/neutron/manager.py:236}}
Sep 08 00:07:07.186227 np0000192181 devstack@neutron-api.service[102712]: INFO neutron.manager [None req-d35d0f85-590e-493c-af38-72e1589a022c None None] Loading Plugin: tag
Sep 08 00:07:07.186546 np0000192181 devstack@neutron-api.service[102710]: DEBUG neutron.api.extensions [None req-5f6f8168-fa67-44f3-9cc2-a48667fe0de7 None None] Ext name="RBAC Policies" alias="rbac-policies" description="Allows creation and modification of policies that control project access to resources." updated="2015-06-17T12:15:12-00:00" {{(pid=102710) _check_extension /opt/stack/neutron/neutron/api/extensions.py:415}}
Sep 08 00:07:07.186685 np0000192181 devstack@neutron-api.service[102710]: INFO neutron.api.extensions [None req-5f6f8168-fa67-44f3-9cc2-a48667fe0de7 None None] Loaded extension: rbac-policies
Sep 08 00:07:07.186685 np0000192181 devstack@neutron-api.service[102710]: DEBUG neutron.api.extensions [None req-5f6f8168-fa67-44f3-9cc2-a48667fe0de7 None None] Loading extension file: rbac_address_group.py {{(pid=102710) _load_all_extensions_from_path /opt/stack/neutron/neutron/api/extensions.py:449}}
Sep 08 00:07:07.187008 np0000192181 devstack@neutron-api.service[102710]: DEBUG neutron.api.extensions [None req-5f6f8168-fa67-44f3-9cc2-a48667fe0de7 None None] Ext name="Add address_group type to RBAC" alias="rbac-address-group" description="Add address_group type to network RBAC" updated="2021-01-20T00:00:00-00:00" {{(pid=102710) _check_extension /opt/stack/neutron/neutron/api/extensions.py:415}}
Sep 08 00:07:07.187264 np0000192181 devstack@neutron-api.service[102710]: INFO neutron.api.extensions [None req-5f6f8168-fa67-44f3-9cc2-a48667fe0de7 None None] Extension rbac-address-group not supported by any of loaded plugins
Sep 08 00:07:07.187264 np0000192181 devstack@neutron-api.service[102710]: DEBUG neutron.api.extensions [None req-5f6f8168-fa67-44f3-9cc2-a48667fe0de7 None None] Loading extension file: rbac_address_scope.py {{(pid=102710) _load_all_extensions_from_path /opt/stack/neutron/neutron/api/extensions.py:449}}
Sep 08 00:07:07.187510 np0000192181 devstack@neutron-api.service[102710]: DEBUG neutron.api.extensions [None req-5f6f8168-fa67-44f3-9cc2-a48667fe0de7 None None] Ext name="Add address_scope type to RBAC" alias="rbac-address-scope" description="Add address_scope type to RBAC" updated="2020-02-12T00:00:00-00:00" {{(pid=102710) _check_extension /opt/stack/neutron/neutron/api/extensions.py:415}}
Sep 08 00:07:07.187710 np0000192181 devstack@neutron-api.service[102710]: INFO neutron.api.extensions [None req-5f6f8168-fa67-44f3-9cc2-a48667fe0de7 None None] Loaded extension: rbac-address-scope
Sep 08 00:07:07.187766 np0000192181 devstack@neutron-api.service[102710]: DEBUG neutron.api.extensions [None req-5f6f8168-fa67-44f3-9cc2-a48667fe0de7 None None] Loading extension file: rbac_security_groups.py {{(pid=102710) _load_all_extensions_from_path /opt/stack/neutron/neutron/api/extensions.py:449}}
Sep 08 00:07:07.187969 np0000192181 devstack@neutron-api.service[102710]: DEBUG neutron.api.extensions [None req-5f6f8168-fa67-44f3-9cc2-a48667fe0de7 None None] Ext name="Add security_group type to network RBAC" alias="rbac-security-groups" description="Add security_group type to network RBAC" updated="2019-02-14T00:00:00-00:00" {{(pid=102710) _check_extension /opt/stack/neutron/neutron/api/extensions.py:415}}
Sep 08 00:07:07.188144 np0000192181 devstack@neutron-api.service[102710]: INFO neutron.api.extensions [None req-5f6f8168-fa67-44f3-9cc2-a48667fe0de7 None None] Loaded extension: rbac-security-groups
Sep 08 00:07:07.188270 np0000192181 devstack@neutron-api.service[102710]: DEBUG neutron.api.extensions [None req-5f6f8168-fa67-44f3-9cc2-a48667fe0de7 None None] Loading extension file: rbac_subnetpool.py {{(pid=102710) _load_all_extensions_from_path /opt/stack/neutron/neutron/api/extensions.py:449}}
Sep 08 00:07:07.188451 np0000192181 devstack@neutron-api.service[102710]: DEBUG neutron.api.extensions [None req-5f6f8168-fa67-44f3-9cc2-a48667fe0de7 None None] Ext name="Add subnetpool type to RBAC" alias="rbac-subnetpool" description="Add subnetpool type to RBAC" updated="2020-02-05T00:00:00-00:00" {{(pid=102710) _check_extension /opt/stack/neutron/neutron/api/extensions.py:415}}
Sep 08 00:07:07.188650 np0000192181 devstack@neutron-api.service[102710]: INFO neutron.api.extensions [None req-5f6f8168-fa67-44f3-9cc2-a48667fe0de7 None None] Extension rbac-subnetpool not supported by any of loaded plugins
Sep 08 00:07:07.188650 np0000192181 devstack@neutron-api.service[102710]: DEBUG neutron.api.extensions [None req-5f6f8168-fa67-44f3-9cc2-a48667fe0de7 None None] Loading extension file: revisionifmatch.py {{(pid=102710) _load_all_extensions_from_path /opt/stack/neutron/neutron/api/extensions.py:449}}
Sep 08 00:07:07.188914 np0000192181 devstack@neutron-api.service[102710]: DEBUG neutron.api.extensions [None req-5f6f8168-fa67-44f3-9cc2-a48667fe0de7 None None] Ext name="If-Match constraints based on revision_number" alias="revision-if-match" description="Extension indicating that If-Match based on revision_number is supported." updated="2016-12-11T00:00:00-00:00" {{(pid=102710) _check_extension /opt/stack/neutron/neutron/api/extensions.py:415}}
Sep 08 00:07:07.189078 np0000192181 devstack@neutron-api.service[102710]: INFO neutron.api.extensions [None req-5f6f8168-fa67-44f3-9cc2-a48667fe0de7 None None] Loaded extension: revision-if-match
Sep 08 00:07:07.189181 np0000192181 devstack@neutron-api.service[102710]: DEBUG neutron.api.extensions [None req-5f6f8168-fa67-44f3-9cc2-a48667fe0de7 None None] Loading extension file: revisions.py {{(pid=102710) _load_all_extensions_from_path /opt/stack/neutron/neutron/api/extensions.py:449}}
Sep 08 00:07:07.189314 np0000192181 devstack@neutron-api.service[102712]: DEBUG neutron.manager [None req-d35d0f85-590e-493c-af38-72e1589a022c None None] Successfully loaded TAG plugin. Description: Tag support {{(pid=102712) _create_and_add_service_plugin /opt/stack/neutron/neutron/manager.py:236}}
Sep 08 00:07:07.189314 np0000192181 devstack@neutron-api.service[102712]: INFO neutron.manager [None req-d35d0f85-590e-493c-af38-72e1589a022c None None] Loading Plugin: timestamp
Sep 08 00:07:07.189452 np0000192181 devstack@neutron-api.service[102710]: DEBUG neutron.api.extensions [None req-5f6f8168-fa67-44f3-9cc2-a48667fe0de7 None None] Ext name="Resource revision numbers" alias="standard-attr-revisions" description="This extension will display the revision number of neutron resources." updated="2016-04-11T10:00:00-00:00" {{(pid=102710) _check_extension /opt/stack/neutron/neutron/api/extensions.py:415}}
Sep 08 00:07:07.189566 np0000192181 devstack@neutron-api.service[102710]: INFO neutron.api.extensions [None req-5f6f8168-fa67-44f3-9cc2-a48667fe0de7 None None] Loaded extension: standard-attr-revisions
Sep 08 00:07:07.189679 np0000192181 devstack@neutron-api.service[102710]: DEBUG neutron.api.extensions [None req-5f6f8168-fa67-44f3-9cc2-a48667fe0de7 None None] Loading extension file: router_availability_zone.py {{(pid=102710) _load_all_extensions_from_path /opt/stack/neutron/neutron/api/extensions.py:449}}
Sep 08 00:07:07.190023 np0000192181 devstack@neutron-api.service[102710]: DEBUG neutron.api.extensions [None req-5f6f8168-fa67-44f3-9cc2-a48667fe0de7 None None] Ext name="Router Availability Zone" alias="router_availability_zone" description="Availability zone support for router." updated="2015-01-01T10:00:00-00:00" {{(pid=102710) _check_extension /opt/stack/neutron/neutron/api/extensions.py:415}}
Sep 08 00:07:07.190156 np0000192181 devstack@neutron-api.service[102710]: INFO neutron.api.extensions [None req-5f6f8168-fa67-44f3-9cc2-a48667fe0de7 None None] Loaded extension: router_availability_zone
Sep 08 00:07:07.190156 np0000192181 devstack@neutron-api.service[102710]: DEBUG neutron.api.extensions [None req-5f6f8168-fa67-44f3-9cc2-a48667fe0de7 None None] Loading extension file: router_enable_snat.py {{(pid=102710) _load_all_extensions_from_path /opt/stack/neutron/neutron/api/extensions.py:449}}
Sep 08 00:07:07.190445 np0000192181 devstack@neutron-api.service[102710]: DEBUG neutron.api.extensions [None req-5f6f8168-fa67-44f3-9cc2-a48667fe0de7 None None] Ext name="Exposes the router "enable_snat" read-only configuration flag" alias="router-enable-snat" description="Exposes the router "enable_snat" read-only configuration flag" updated="2025-09-18T18:00:00-00:00" {{(pid=102710) _check_extension /opt/stack/neutron/neutron/api/extensions.py:415}}
Sep 08 00:07:07.190594 np0000192181 devstack@neutron-api.service[102712]: DEBUG neutron.manager [None req-d35d0f85-590e-493c-af38-72e1589a022c None None] Successfully loaded timestamp plugin. Description: Adds timestamps to Neutron resources with standard attributes {{(pid=102712) _create_and_add_service_plugin /opt/stack/neutron/neutron/manager.py:236}}
Sep 08 00:07:07.190760 np0000192181 devstack@neutron-api.service[102710]: INFO neutron.api.extensions [None req-5f6f8168-fa67-44f3-9cc2-a48667fe0de7 None None] Loaded extension: router-enable-snat
Sep 08 00:07:07.190879 np0000192181 devstack@neutron-api.service[102712]: INFO neutron.manager [None req-d35d0f85-590e-493c-af38-72e1589a022c None None] Loading Plugin: network_ip_availability
Sep 08 00:07:07.190996 np0000192181 devstack@neutron-api.service[102710]: DEBUG neutron.api.extensions [None req-5f6f8168-fa67-44f3-9cc2-a48667fe0de7 None None] Loading extension file: routerservicetype.py {{(pid=102710) _load_all_extensions_from_path /opt/stack/neutron/neutron/api/extensions.py:449}}
Sep 08 00:07:07.190996 np0000192181 devstack@neutron-api.service[102710]: DEBUG neutron.api.extensions [None req-5f6f8168-fa67-44f3-9cc2-a48667fe0de7 None None] Ext name="Router Service Type" alias="router-service-type" description="Provides router service type" updated="2013-01-29T00:00:00-00:00" {{(pid=102710) _check_extension /opt/stack/neutron/neutron/api/extensions.py:415}}
Sep 08 00:07:07.190996 np0000192181 devstack@neutron-api.service[102710]: INFO neutron.api.extensions [None req-5f6f8168-fa67-44f3-9cc2-a48667fe0de7 None None] Extension router-service-type not supported by any of loaded plugins
Sep 08 00:07:07.191213 np0000192181 devstack@neutron-api.service[102710]: DEBUG neutron.api.extensions [None req-5f6f8168-fa67-44f3-9cc2-a48667fe0de7 None None] Loading extension file: security_groups_default_rules.py {{(pid=102710) _load_all_extensions_from_path /opt/stack/neutron/neutron/api/extensions.py:449}}
Sep 08 00:07:07.191640 np0000192181 devstack@neutron-api.service[102710]: DEBUG neutron.api.extensions [None req-5f6f8168-fa67-44f3-9cc2-a48667fe0de7 None None] Ext name="Default rules for security groups" alias="security-groups-default-rules" description="Configure set of security group rules used as default rules for every new security group" updated="2022-12-19T10:00:00-00:00" {{(pid=102710) _check_extension /opt/stack/neutron/neutron/api/extensions.py:415}}
Sep 08 00:07:07.191787 np0000192181 devstack@neutron-api.service[102710]: INFO neutron.api.extensions [None req-5f6f8168-fa67-44f3-9cc2-a48667fe0de7 None None] Loaded extension: security-groups-default-rules
Sep 08 00:07:07.191877 np0000192181 devstack@neutron-api.service[102710]: DEBUG neutron.api.extensions [None req-5f6f8168-fa67-44f3-9cc2-a48667fe0de7 None None] Loading extension file: security_groups_default_statefulness.py {{(pid=102710) _load_all_extensions_from_path /opt/stack/neutron/neutron/api/extensions.py:449}}
Sep 08 00:07:07.192115 np0000192181 devstack@neutron-api.service[102710]: DEBUG neutron.api.extensions [None req-5f6f8168-fa67-44f3-9cc2-a48667fe0de7 None None] Ext name="Security Groups Default Statefulness" alias="security-groups-default-statefulness" description="Allows configuring the default value of the 'stateful' attribute for new security groups, on a per-project or system-wide basis" updated="2026-04-13T00:00:00-00:00" {{(pid=102710) _check_extension /opt/stack/neutron/neutron/api/extensions.py:415}}
Sep 08 00:07:07.192274 np0000192181 devstack@neutron-api.service[102710]: INFO neutron.api.extensions [None req-5f6f8168-fa67-44f3-9cc2-a48667fe0de7 None None] Loaded extension: security-groups-default-statefulness
Sep 08 00:07:07.192333 np0000192181 devstack@neutron-api.service[102712]: DEBUG neutron.manager [None req-d35d0f85-590e-493c-af38-72e1589a022c None None] Successfully loaded network-ip-availability plugin. Description: Provides IP availability data for each network and subnet. {{(pid=102712) _create_and_add_service_plugin /opt/stack/neutron/neutron/manager.py:236}}
Sep 08 00:07:07.192404 np0000192181 devstack@neutron-api.service[102710]: DEBUG neutron.api.extensions [None req-5f6f8168-fa67-44f3-9cc2-a48667fe0de7 None None] Loading extension file: security_groups_normalized_cidr.py {{(pid=102710) _load_all_extensions_from_path /opt/stack/neutron/neutron/api/extensions.py:449}}
Sep 08 00:07:07.192464 np0000192181 devstack@neutron-api.service[102712]: INFO neutron.manager [None req-d35d0f85-590e-493c-af38-72e1589a022c None None] Loading Plugin: flavors
Sep 08 00:07:07.192612 np0000192181 devstack@neutron-api.service[102710]: DEBUG neutron.api.extensions [None req-5f6f8168-fa67-44f3-9cc2-a48667fe0de7 None None] Ext name="Normalized CIDR field for security group rules" alias="security-groups-normalized-cidr" description="Add new field with normalized remote_ip_prefix cidr in SG rule" updated="2020-07-28T10:00:00-00:00" {{(pid=102710) _check_extension /opt/stack/neutron/neutron/api/extensions.py:415}}
Sep 08 00:07:07.192769 np0000192181 devstack@neutron-api.service[102710]: INFO neutron.api.extensions [None req-5f6f8168-fa67-44f3-9cc2-a48667fe0de7 None None] Loaded extension: security-groups-normalized-cidr
Sep 08 00:07:07.192846 np0000192181 devstack@neutron-api.service[102710]: DEBUG neutron.api.extensions [None req-5f6f8168-fa67-44f3-9cc2-a48667fe0de7 None None] Loading extension file: security_groups_port_filtering.py {{(pid=102710) _load_all_extensions_from_path /opt/stack/neutron/neutron/api/extensions.py:449}}
Sep 08 00:07:07.193090 np0000192181 devstack@neutron-api.service[102710]: DEBUG neutron.api.extensions [None req-5f6f8168-fa67-44f3-9cc2-a48667fe0de7 None None] Ext name="Port filtering on security groups" alias="port-security-groups-filtering" description="Provides security groups filtering when listing ports" updated="2018-01-09T09:00:00-00:00" {{(pid=102710) _check_extension /opt/stack/neutron/neutron/api/extensions.py:415}}
Sep 08 00:07:07.193699 np0000192181 devstack@neutron-api.service[102712]: DEBUG neutron.manager [None req-d35d0f85-590e-493c-af38-72e1589a022c None None] Successfully loaded FLAVORS plugin. Description: Neutron Flavors and Service Profiles manager plugin {{(pid=102712) _create_and_add_service_plugin /opt/stack/neutron/neutron/manager.py:236}}
Sep 08 00:07:07.193764 np0000192181 devstack@neutron-api.service[102710]: INFO neutron.api.extensions [None req-5f6f8168-fa67-44f3-9cc2-a48667fe0de7 None None] Extension port-security-groups-filtering not supported by any of loaded plugins
Sep 08 00:07:07.194005 np0000192181 devstack@neutron-api.service[102712]: INFO neutron.manager [None req-d35d0f85-590e-493c-af38-72e1589a022c None None] Loading Plugin: revisions
Sep 08 00:07:07.194072 np0000192181 devstack@neutron-api.service[102710]: DEBUG neutron.api.extensions [None req-5f6f8168-fa67-44f3-9cc2-a48667fe0de7 None None] Loading extension file: security_groups_remote_address_group.py {{(pid=102710) _load_all_extensions_from_path /opt/stack/neutron/neutron/api/extensions.py:449}}
Sep 08 00:07:07.194072 np0000192181 devstack@neutron-api.service[102710]: DEBUG neutron.api.extensions [None req-5f6f8168-fa67-44f3-9cc2-a48667fe0de7 None None] Ext name="Remote address group id field for security group rules" alias="security-groups-remote-address-group" description="Add new field of remote address group id in SG rules" updated="2020-08-25T10:00:00-00:00" {{(pid=102710) _check_extension /opt/stack/neutron/neutron/api/extensions.py:415}}
Sep 08 00:07:07.194072 np0000192181 devstack@neutron-api.service[102710]: INFO neutron.api.extensions [None req-5f6f8168-fa67-44f3-9cc2-a48667fe0de7 None None] Loaded extension: security-groups-remote-address-group
Sep 08 00:07:07.194072 np0000192181 devstack@neutron-api.service[102710]: DEBUG neutron.api.extensions [None req-5f6f8168-fa67-44f3-9cc2-a48667fe0de7 None None] Loading extension file: security_groups_rules_belongs_to_default_sg.py {{(pid=102710) _load_all_extensions_from_path /opt/stack/neutron/neutron/api/extensions.py:449}}
Sep 08 00:07:07.194072 np0000192181 devstack@neutron-api.service[102710]: DEBUG neutron.api.extensions [None req-5f6f8168-fa67-44f3-9cc2-a48667fe0de7 None None] Ext name="Security group rule belongs to the project's default security group" alias="security-groups-rules-belongs-to-default-sg" description="Flag to determine if the security group rule belongs to the project's default security group" updated="2023-05-23T10:00:00-00:00" {{(pid=102710) _check_extension /opt/stack/neutron/neutron/api/extensions.py:415}}
Sep 08 00:07:07.194246 np0000192181 devstack@neutron-api.service[102710]: INFO neutron.api.extensions [None req-5f6f8168-fa67-44f3-9cc2-a48667fe0de7 None None] Loaded extension: security-groups-rules-belongs-to-default-sg
Sep 08 00:07:07.194517 np0000192181 devstack@neutron-api.service[102710]: DEBUG neutron.api.extensions [None req-5f6f8168-fa67-44f3-9cc2-a48667fe0de7 None None] Loading extension file: security_groups_shared_filtering.py {{(pid=102710) _load_all_extensions_from_path /opt/stack/neutron/neutron/api/extensions.py:449}}
Sep 08 00:07:07.194818 np0000192181 devstack@neutron-api.service[102712]: DEBUG neutron.manager [None req-d35d0f85-590e-493c-af38-72e1589a022c None None] Successfully loaded revision_plugin plugin. Description: Adds revision numbers to resources. {{(pid=102712) _create_and_add_service_plugin /opt/stack/neutron/neutron/manager.py:236}}
Sep 08 00:07:07.195011 np0000192181 devstack@neutron-api.service[102710]: DEBUG neutron.api.extensions [None req-5f6f8168-fa67-44f3-9cc2-a48667fe0de7 None None] Ext name="Security group filtering on the shared field" alias="security-groups-shared-filtering" description="Support filtering security groups on the shared field" updated="2021-10-05T09:00:00-00:00" {{(pid=102710) _check_extension /opt/stack/neutron/neutron/api/extensions.py:415}}
Sep 08 00:07:07.195074 np0000192181 devstack@neutron-api.service[102712]: DEBUG oslo_concurrency.lockutils [None req-d35d0f85-590e-493c-af38-72e1589a022c None None] Lock "manager" "released" by "neutron.manager.NeutronManager._create_instance" :: held 5.202s {{(pid=102712) inner /opt/stack/data/venv/lib/python3.12/site-packages/oslo_concurrency/lockutils.py:544}}
Sep 08 00:07:07.195331 np0000192181 devstack@neutron-api.service[102710]: INFO neutron.api.extensions [None req-5f6f8168-fa67-44f3-9cc2-a48667fe0de7 None None] Loaded extension: security-groups-shared-filtering
Sep 08 00:07:07.195331 np0000192181 devstack@neutron-api.service[102710]: DEBUG neutron.api.extensions [None req-5f6f8168-fa67-44f3-9cc2-a48667fe0de7 None None] Loading extension file: securitygroup.py {{(pid=102710) _load_all_extensions_from_path /opt/stack/neutron/neutron/api/extensions.py:449}}
Sep 08 00:07:07.195682 np0000192181 devstack@neutron-api.service[102712]: DEBUG neutron.api.extensions [None req-d35d0f85-590e-493c-af38-72e1589a022c None None] get_extension_paths = OrderedDict({'/opt/stack/neutron/neutron/extensions': 1}) {{(pid=102712) get_extensions_path /opt/stack/neutron/neutron/api/extensions.py:640}}
Sep 08 00:07:07.195682 np0000192181 devstack@neutron-api.service[102712]: INFO neutron.api.extensions [None req-d35d0f85-590e-493c-af38-72e1589a022c None None] Initializing extension manager.
Sep 08 00:07:07.195682 np0000192181 devstack@neutron-api.service[102712]: DEBUG neutron.api.extensions [None req-d35d0f85-590e-493c-af38-72e1589a022c None None] Loading extension file: __init__.py {{(pid=102712) _load_all_extensions_from_path /opt/stack/neutron/neutron/api/extensions.py:449}}
Sep 08 00:07:07.195682 np0000192181 devstack@neutron-api.service[102712]: DEBUG neutron.api.extensions [None req-d35d0f85-590e-493c-af38-72e1589a022c None None] Loading extension file: __pycache__ {{(pid=102712) _load_all_extensions_from_path /opt/stack/neutron/neutron/api/extensions.py:449}}
Sep 08 00:07:07.195682 np0000192181 devstack@neutron-api.service[102712]: DEBUG neutron.api.extensions [None req-d35d0f85-590e-493c-af38-72e1589a022c None None] Loading extension file: aap_reject_multicast.py {{(pid=102712) _load_all_extensions_from_path /opt/stack/neutron/neutron/api/extensions.py:449}}
Sep 08 00:07:07.195682 np0000192181 devstack@neutron-api.service[102712]: DEBUG neutron.api.extensions [None req-d35d0f85-590e-493c-af38-72e1589a022c None None] Ext name="Allowed address pairs reject multicast extension" alias="aap-reject-multicast" description="Reject multicast addresses in Allowed Address Pairs" updated="2026-04-01T00:00:00-00:00" {{(pid=102712) _check_extension /opt/stack/neutron/neutron/api/extensions.py:415}}
Sep 08 00:07:07.196315 np0000192181 devstack@neutron-api.service[102712]: INFO neutron.api.extensions [None req-d35d0f85-590e-493c-af38-72e1589a022c None None] Extension aap-reject-multicast not supported by any of loaded plugins
Sep 08 00:07:07.196315 np0000192181 devstack@neutron-api.service[102712]: DEBUG neutron.api.extensions [None req-d35d0f85-590e-493c-af38-72e1589a022c None None] Loading extension file: address_group.py {{(pid=102712) _load_all_extensions_from_path /opt/stack/neutron/neutron/api/extensions.py:449}}
Sep 08 00:07:07.196715 np0000192181 devstack@neutron-api.service[102710]: DEBUG neutron.api.extensions [None req-5f6f8168-fa67-44f3-9cc2-a48667fe0de7 None None] Ext name="security-group" alias="security-group" description="The security groups extension." updated="2012-10-05T10:00:00-00:00" {{(pid=102710) _check_extension /opt/stack/neutron/neutron/api/extensions.py:415}}
Sep 08 00:07:07.197002 np0000192181 devstack@neutron-api.service[102712]: DEBUG neutron.api.extensions [None req-d35d0f85-590e-493c-af38-72e1589a022c None None] Ext name="Address group" alias="address-group" description="Support address group" updated="2020-07-15T10:00:00-00:00" {{(pid=102712) _check_extension /opt/stack/neutron/neutron/api/extensions.py:415}}
Sep 08 00:07:07.197301 np0000192181 devstack@neutron-api.service[102710]: INFO neutron.api.extensions [None req-5f6f8168-fa67-44f3-9cc2-a48667fe0de7 None None] Loaded extension: security-group
Sep 08 00:07:07.197596 np0000192181 devstack@neutron-api.service[102712]: INFO neutron.api.extensions [None req-d35d0f85-590e-493c-af38-72e1589a022c None None] Loaded extension: address-group
Sep 08 00:07:07.197893 np0000192181 devstack@neutron-api.service[102710]: DEBUG neutron.api.extensions [None req-5f6f8168-fa67-44f3-9cc2-a48667fe0de7 None None] Loading extension file: segment.py {{(pid=102710) _load_all_extensions_from_path /opt/stack/neutron/neutron/api/extensions.py:449}}
Sep 08 00:07:07.198159 np0000192181 devstack@neutron-api.service[102712]: DEBUG neutron.api.extensions [None req-d35d0f85-590e-493c-af38-72e1589a022c None None] Loading extension file: address_scope.py {{(pid=102712) _load_all_extensions_from_path /opt/stack/neutron/neutron/api/extensions.py:449}}
Sep 08 00:07:07.198159 np0000192181 devstack@neutron-api.service[102712]: DEBUG neutron.api.extensions [None req-d35d0f85-590e-493c-af38-72e1589a022c None None] Ext name="Address scope" alias="address-scope" description="Address scopes extension." updated="2015-07-26T10:00:00-00:00" {{(pid=102712) _check_extension /opt/stack/neutron/neutron/api/extensions.py:415}}
Sep 08 00:07:07.198509 np0000192181 devstack@neutron-api.service[102710]: DEBUG neutron.api.extensions [None req-5f6f8168-fa67-44f3-9cc2-a48667fe0de7 None None] Ext name="Segment" alias="segment" description="Segments extension." updated="2016-02-24T17:00:00-00:00" {{(pid=102710) _check_extension /opt/stack/neutron/neutron/api/extensions.py:415}}
Sep 08 00:07:07.198810 np0000192181 devstack@neutron-api.service[102712]: INFO neutron.api.extensions [None req-d35d0f85-590e-493c-af38-72e1589a022c None None] Loaded extension: address-scope
Sep 08 00:07:07.199092 np0000192181 devstack@neutron-api.service[102710]: INFO neutron.api.extensions [None req-5f6f8168-fa67-44f3-9cc2-a48667fe0de7 None None] Extension segment not supported by any of loaded plugins
Sep 08 00:07:07.199424 np0000192181 devstack@neutron-api.service[102712]: DEBUG neutron.api.extensions [None req-d35d0f85-590e-493c-af38-72e1589a022c None None] Loading extension file: admin_state_down_before_update.py {{(pid=102712) _load_all_extensions_from_path /opt/stack/neutron/neutron/api/extensions.py:449}}
Sep 08 00:07:07.199726 np0000192181 devstack@neutron-api.service[102710]: DEBUG neutron.api.extensions [None req-5f6f8168-fa67-44f3-9cc2-a48667fe0de7 None None] Loading extension file: segments_peer_subnet_host_routes.py {{(pid=102710) _load_all_extensions_from_path /opt/stack/neutron/neutron/api/extensions.py:449}}
Sep 08 00:07:07.200009 np0000192181 devstack@neutron-api.service[102712]: DEBUG neutron.api.extensions [None req-d35d0f85-590e-493c-af38-72e1589a022c None None] Ext name="Enforce Router's Admin State Down Before Update Extension" alias="router-admin-state-down-before-update" description="Ensure that the admin state of a router is DOWN (admin_state_up=False) before updating the distributed attribute" updated="2019-07-02T15:56:00" {{(pid=102712) _check_extension /opt/stack/neutron/neutron/api/extensions.py:415}}
Sep 08 00:07:07.200332 np0000192181 devstack@neutron-api.service[102710]: DEBUG neutron.api.extensions [None req-5f6f8168-fa67-44f3-9cc2-a48667fe0de7 None None] Ext name="Segments peer-subnet host routes" alias="segments-peer-subnet-host-routes" description="Add host routes to subnets on a routed network (segments)" updated="2018-06-12T10:00:00-00:00" {{(pid=102710) _check_extension /opt/stack/neutron/neutron/api/extensions.py:415}}
Sep 08 00:07:07.200588 np0000192181 devstack@neutron-api.service[102712]: INFO neutron.api.extensions [None req-d35d0f85-590e-493c-af38-72e1589a022c None None] Extension router-admin-state-down-before-update not supported by any of loaded plugins
Sep 08 00:07:07.201047 np0000192181 devstack@neutron-api.service[102710]: INFO neutron.api.extensions [None req-5f6f8168-fa67-44f3-9cc2-a48667fe0de7 None None] Extension segments-peer-subnet-host-routes not supported by any of loaded plugins
Sep 08 00:07:07.201195 np0000192181 devstack@neutron-api.service[102712]: DEBUG neutron.api.extensions [None req-d35d0f85-590e-493c-af38-72e1589a022c None None] Loading extension file: agent.py {{(pid=102712) _load_all_extensions_from_path /opt/stack/neutron/neutron/api/extensions.py:449}}
Sep 08 00:07:07.201302 np0000192181 devstack@neutron-api.service[102710]: DEBUG neutron.api.extensions [None req-5f6f8168-fa67-44f3-9cc2-a48667fe0de7 None None] Loading extension file: servicetype.py {{(pid=102710) _load_all_extensions_from_path /opt/stack/neutron/neutron/api/extensions.py:449}}
Sep 08 00:07:07.201437 np0000192181 devstack@neutron-api.service[102713]: DEBUG neutron_lib.callbacks.manager [None req-1a8d4fec-91a7-4358-b7a2-8b85fa8d5e1d None None] Subscribe: > router before_delete 55550000, False {{(pid=102713) subscribe /opt/stack/data/venv/lib/python3.12/site-packages/neutron_lib/callbacks/manager.py:52}}
Sep 08 00:07:07.201551 np0000192181 devstack@neutron-api.service[102710]: DEBUG neutron.api.extensions [None req-5f6f8168-fa67-44f3-9cc2-a48667fe0de7 None None] Ext name="Neutron Service Type Management" alias="service-type" description="API for retrieving service providers for Neutron advanced services" updated="2013-01-20T00:00:00-00:00" {{(pid=102710) _check_extension /opt/stack/neutron/neutron/api/extensions.py:415}}
Sep 08 00:07:07.201705 np0000192181 devstack@neutron-api.service[102712]: DEBUG neutron.api.extensions [None req-d35d0f85-590e-493c-af38-72e1589a022c None None] Ext name="agent" alias="agent" description="The agent management extension." updated="2013-02-03T10:00:00-00:00" {{(pid=102712) _check_extension /opt/stack/neutron/neutron/api/extensions.py:415}}
Sep 08 00:07:07.201813 np0000192181 devstack@neutron-api.service[102713]: DEBUG neutron_lib.callbacks.manager [None req-1a8d4fec-91a7-4358-b7a2-8b85fa8d5e1d None None] Subscribe: port before_update 55550000, False {{(pid=102713) subscribe /opt/stack/data/venv/lib/python3.12/site-packages/neutron_lib/callbacks/manager.py:52}}
Sep 08 00:07:07.201813 np0000192181 devstack@neutron-api.service[102713]: DEBUG neutron_lib.callbacks.manager [None req-1a8d4fec-91a7-4358-b7a2-8b85fa8d5e1d None None] Subscribe: port after_update 55550000, False {{(pid=102713) subscribe /opt/stack/data/venv/lib/python3.12/site-packages/neutron_lib/callbacks/manager.py:52}}
Sep 08 00:07:07.201927 np0000192181 devstack@neutron-api.service[102710]: INFO neutron.api.extensions [None req-5f6f8168-fa67-44f3-9cc2-a48667fe0de7 None None] Loaded extension: service-type
Sep 08 00:07:07.202042 np0000192181 devstack@neutron-api.service[102712]: INFO neutron.api.extensions [None req-d35d0f85-590e-493c-af38-72e1589a022c None None] Loaded extension: agent
Sep 08 00:07:07.202180 np0000192181 devstack@neutron-api.service[102713]: DEBUG neutron_lib.callbacks.manager [None req-1a8d4fec-91a7-4358-b7a2-8b85fa8d5e1d None None] Subscribe: > port precommit_delete 55550000, False {{(pid=102713) subscribe /opt/stack/data/venv/lib/python3.12/site-packages/neutron_lib/callbacks/manager.py:52}}
Sep 08 00:07:07.202288 np0000192181 devstack@neutron-api.service[102710]: DEBUG neutron.api.extensions [None req-5f6f8168-fa67-44f3-9cc2-a48667fe0de7 None None] Loading extension file: sorting.py {{(pid=102710) _load_all_extensions_from_path /opt/stack/neutron/neutron/api/extensions.py:449}}
Sep 08 00:07:07.202483 np0000192181 devstack@neutron-api.service[102712]: DEBUG neutron.api.extensions [None req-d35d0f85-590e-493c-af38-72e1589a022c None None] Loading extension file: agent_resources_synced.py {{(pid=102712) _load_all_extensions_from_path /opt/stack/neutron/neutron/api/extensions.py:449}}
Sep 08 00:07:07.202587 np0000192181 devstack@neutron-api.service[102713]: DEBUG neutron_lib.callbacks.manager [None req-1a8d4fec-91a7-4358-b7a2-8b85fa8d5e1d None None] Subscribe: port before_update 55550000, False {{(pid=102713) subscribe /opt/stack/data/venv/lib/python3.12/site-packages/neutron_lib/callbacks/manager.py:52}}
Sep 08 00:07:07.202587 np0000192181 devstack@neutron-api.service[102713]: DEBUG neutron_lib.callbacks.manager [None req-1a8d4fec-91a7-4358-b7a2-8b85fa8d5e1d None None] Subscribe: port before_delete 55550000, False {{(pid=102713) subscribe /opt/stack/data/venv/lib/python3.12/site-packages/neutron_lib/callbacks/manager.py:52}}
Sep 08 00:07:07.202735 np0000192181 devstack@neutron-api.service[102712]: DEBUG neutron.api.extensions [None req-d35d0f85-590e-493c-af38-72e1589a022c None None] Ext name="Agent's Resource View Synced to Placement" alias="agent-resources-synced" description="Stores success/failure of last sync to Placement" updated="2018-12-19T00:00:00-00:00" {{(pid=102712) _check_extension /opt/stack/neutron/neutron/api/extensions.py:415}}
Sep 08 00:07:07.202831 np0000192181 devstack@neutron-api.service[102710]: DEBUG neutron.api.extensions [None req-5f6f8168-fa67-44f3-9cc2-a48667fe0de7 None None] Ext name="Sorting support" alias="sorting" description="Extension that indicates that sorting is enabled." updated="2016-06-12T00:00:00-00:00" {{(pid=102710) _check_extension /opt/stack/neutron/neutron/api/extensions.py:415}}
Sep 08 00:07:07.202937 np0000192181 devstack@neutron-api.service[102713]: DEBUG neutron_lib.callbacks.manager [None req-1a8d4fec-91a7-4358-b7a2-8b85fa8d5e1d None None] Subscribe: > router precommit_create 55550000, False {{(pid=102713) subscribe /opt/stack/data/venv/lib/python3.12/site-packages/neutron_lib/callbacks/manager.py:52}}
Sep 08 00:07:07.203046 np0000192181 devstack@neutron-api.service[102710]: INFO neutron.api.extensions [None req-5f6f8168-fa67-44f3-9cc2-a48667fe0de7 None None] Loaded extension: sorting
Sep 08 00:07:07.203160 np0000192181 devstack@neutron-api.service[102712]: INFO neutron.api.extensions [None req-d35d0f85-590e-493c-af38-72e1589a022c None None] Extension agent-resources-synced not supported by any of loaded plugins
Sep 08 00:07:07.203293 np0000192181 devstack@neutron-api.service[102713]: DEBUG neutron_lib.callbacks.manager [None req-1a8d4fec-91a7-4358-b7a2-8b85fa8d5e1d None None] Subscribe: > router precommit_create 55550000, False {{(pid=102713) subscribe /opt/stack/data/venv/lib/python3.12/site-packages/neutron_lib/callbacks/manager.py:52}}
Sep 08 00:07:07.203423 np0000192181 devstack@neutron-api.service[102710]: DEBUG neutron.api.extensions [None req-5f6f8168-fa67-44f3-9cc2-a48667fe0de7 None None] Loading extension file: standard_attr_segment.py {{(pid=102710) _load_all_extensions_from_path /opt/stack/neutron/neutron/api/extensions.py:449}}
Sep 08 00:07:07.203525 np0000192181 devstack@neutron-api.service[102712]: DEBUG neutron.api.extensions [None req-d35d0f85-590e-493c-af38-72e1589a022c None None] Loading extension file: agent_sort_key.py {{(pid=102712) _load_all_extensions_from_path /opt/stack/neutron/neutron/api/extensions.py:449}}
Sep 08 00:07:07.203619 np0000192181 devstack@neutron-api.service[102713]: DEBUG neutron_lib.callbacks.manager [None req-1a8d4fec-91a7-4358-b7a2-8b85fa8d5e1d None None] Subscribe: > router precommit_update 55550000, False {{(pid=102713) subscribe /opt/stack/data/venv/lib/python3.12/site-packages/neutron_lib/callbacks/manager.py:52}}
Sep 08 00:07:07.203619 np0000192181 devstack@neutron-api.service[102713]: DEBUG neutron_lib.callbacks.manager [None req-1a8d4fec-91a7-4358-b7a2-8b85fa8d5e1d None None] Subscribe: subnet after_update 55550000, False {{(pid=102713) subscribe /opt/stack/data/venv/lib/python3.12/site-packages/neutron_lib/callbacks/manager.py:52}}
Sep 08 00:07:07.203756 np0000192181 devstack@neutron-api.service[102710]: DEBUG neutron.api.extensions [None req-5f6f8168-fa67-44f3-9cc2-a48667fe0de7 None None] Ext name="Standard Attribute Segment Extension" alias="standard-attr-segment" description="Add standard attributes to Segment resource" updated="2018-04-09T10:00:00-00:00" {{(pid=102710) _check_extension /opt/stack/neutron/neutron/api/extensions.py:415}}
Sep 08 00:07:07.203860 np0000192181 devstack@neutron-api.service[102712]: DEBUG neutron.api.extensions [None req-d35d0f85-590e-493c-af38-72e1589a022c None None] Ext name="Agents Sort Key" alias="agent_sort_key" description="Enabling the keyword sort_key for sorting in agents." updated="2013-02-03T10:00:00-00:00" {{(pid=102712) _check_extension /opt/stack/neutron/neutron/api/extensions.py:415}}
Sep 08 00:07:07.203954 np0000192181 devstack@neutron-api.service[102713]: DEBUG neutron.quota.resource_registry [None req-1a8d4fec-91a7-4358-b7a2-8b85fa8d5e1d None None] Tracking information for resource: router configured {{(pid=102713) set_tracked_resource /opt/stack/neutron/neutron/quota/resource_registry.py:203}}
Sep 08 00:07:07.204064 np0000192181 devstack@neutron-api.service[102710]: INFO neutron.api.extensions [None req-5f6f8168-fa67-44f3-9cc2-a48667fe0de7 None None] Extension standard-attr-segment not supported by any of loaded plugins
Sep 08 00:07:07.204182 np0000192181 devstack@neutron-api.service[102712]: INFO neutron.api.extensions [None req-d35d0f85-590e-493c-af38-72e1589a022c None None] Extension agent_sort_key not supported by any of loaded plugins
Sep 08 00:07:07.204284 np0000192181 devstack@neutron-api.service[102710]: DEBUG neutron.api.extensions [None req-5f6f8168-fa67-44f3-9cc2-a48667fe0de7 None None] Loading extension file: standardattrdescription.py {{(pid=102710) _load_all_extensions_from_path /opt/stack/neutron/neutron/api/extensions.py:449}}
Sep 08 00:07:07.204396 np0000192181 devstack@neutron-api.service[102713]: DEBUG neutron.quota.resource_registry [None req-1a8d4fec-91a7-4358-b7a2-8b85fa8d5e1d None None] Tracking information for resource: floatingip configured {{(pid=102713) set_tracked_resource /opt/stack/neutron/neutron/quota/resource_registry.py:203}}
Sep 08 00:07:07.204510 np0000192181 devstack@neutron-api.service[102712]: DEBUG neutron.api.extensions [None req-d35d0f85-590e-493c-af38-72e1589a022c None None] Loading extension file: allowedaddresspairs.py {{(pid=102712) _load_all_extensions_from_path /opt/stack/neutron/neutron/api/extensions.py:449}}
Sep 08 00:07:07.204622 np0000192181 devstack@neutron-api.service[102713]: INFO neutron.services.ovn_l3.plugin [None req-1a8d4fec-91a7-4358-b7a2-8b85fa8d5e1d None None] Starting OVNL3RouterPlugin
Sep 08 00:07:07.204747 np0000192181 devstack@neutron-api.service[102710]: DEBUG neutron.api.extensions [None req-5f6f8168-fa67-44f3-9cc2-a48667fe0de7 None None] Ext name="standard-attr-description" alias="standard-attr-description" description="Extension to add descriptions to standard attributes" updated="2016-02-10T10:00:00-00:00" {{(pid=102710) _check_extension /opt/stack/neutron/neutron/api/extensions.py:415}}
Sep 08 00:07:07.204844 np0000192181 devstack@neutron-api.service[102713]: DEBUG neutron_lib.callbacks.manager [None req-1a8d4fec-91a7-4358-b7a2-8b85fa8d5e1d None None] Subscribe: > port_forwarding_plugin after_init 55550000, False {{(pid=102713) subscribe /opt/stack/data/venv/lib/python3.12/site-packages/neutron_lib/callbacks/manager.py:52}}
Sep 08 00:07:07.204943 np0000192181 devstack@neutron-api.service[102710]: INFO neutron.api.extensions [None req-5f6f8168-fa67-44f3-9cc2-a48667fe0de7 None None] Loaded extension: standard-attr-description
Sep 08 00:07:07.204943 np0000192181 devstack@neutron-api.service[102710]: DEBUG neutron.api.extensions [None req-5f6f8168-fa67-44f3-9cc2-a48667fe0de7 None None] Loading extension file: stateful_security_group.py {{(pid=102710) _load_all_extensions_from_path /opt/stack/neutron/neutron/api/extensions.py:449}}
Sep 08 00:07:07.205075 np0000192181 devstack@neutron-api.service[102713]: DEBUG neutron_lib.callbacks.manager [None req-1a8d4fec-91a7-4358-b7a2-8b85fa8d5e1d None None] Subscribe: > router before_create 55550100, False {{(pid=102713) subscribe /opt/stack/data/venv/lib/python3.12/site-packages/neutron_lib/callbacks/manager.py:52}}
Sep 08 00:07:07.205075 np0000192181 devstack@neutron-api.service[102713]: DEBUG neutron_lib.callbacks.manager [None req-1a8d4fec-91a7-4358-b7a2-8b85fa8d5e1d None None] Subscribe: > router precommit_delete 55550100, False {{(pid=102713) subscribe /opt/stack/data/venv/lib/python3.12/site-packages/neutron_lib/callbacks/manager.py:52}}
Sep 08 00:07:07.205210 np0000192181 devstack@neutron-api.service[102712]: DEBUG neutron.api.extensions [None req-d35d0f85-590e-493c-af38-72e1589a022c None None] Ext name="Allowed Address Pairs" alias="allowed-address-pairs" description="Provides allowed address pairs" updated="2013-07-23T10:00:00-00:00" {{(pid=102712) _check_extension /opt/stack/neutron/neutron/api/extensions.py:415}}
Sep 08 00:07:07.205315 np0000192181 devstack@neutron-api.service[102713]: DEBUG neutron_lib.callbacks.manager [None req-1a8d4fec-91a7-4358-b7a2-8b85fa8d5e1d None None] Subscribe: > router precommit_create 55550100, False {{(pid=102713) subscribe /opt/stack/data/venv/lib/python3.12/site-packages/neutron_lib/callbacks/manager.py:52}}
Sep 08 00:07:07.205315 np0000192181 devstack@neutron-api.service[102713]: DEBUG neutron_lib.callbacks.manager [None req-1a8d4fec-91a7-4358-b7a2-8b85fa8d5e1d None None] Subscribe: > router precommit_update 55550100, False {{(pid=102713) subscribe /opt/stack/data/venv/lib/python3.12/site-packages/neutron_lib/callbacks/manager.py:52}}
Sep 08 00:07:07.205460 np0000192181 devstack@neutron-api.service[102710]: DEBUG neutron.api.extensions [None req-5f6f8168-fa67-44f3-9cc2-a48667fe0de7 None None] Ext name="Stateful security group" alias="stateful-security-group" description="Indicates if the security group is stateful or not" updated="2019-11-26T09:00:00-00:00" {{(pid=102710) _check_extension /opt/stack/neutron/neutron/api/extensions.py:415}}
Sep 08 00:07:07.205568 np0000192181 devstack@neutron-api.service[102712]: INFO neutron.api.extensions [None req-d35d0f85-590e-493c-af38-72e1589a022c None None] Loaded extension: allowed-address-pairs
Sep 08 00:07:07.205568 np0000192181 devstack@neutron-api.service[102712]: DEBUG neutron.api.extensions [None req-d35d0f85-590e-493c-af38-72e1589a022c None None] Loading extension file: auto_allocated_topology.py {{(pid=102712) _load_all_extensions_from_path /opt/stack/neutron/neutron/api/extensions.py:449}}
Sep 08 00:07:07.205709 np0000192181 devstack@neutron-api.service[102710]: INFO neutron.api.extensions [None req-5f6f8168-fa67-44f3-9cc2-a48667fe0de7 None None] Loaded extension: stateful-security-group
