Jul 13 15:07:12.855858 np0000185006 nova-conductor[109504]: DEBUG cotyledon.oslo_config_glue [-] vendordata_dynamic_auth.insecure = False {{(pid=109504) log_opt_values /opt/stack/data/venv/lib/python3.12/site-packages/oslo_config/cfg.py:3253}}
Jul 13 15:07:12.855858 np0000185006 nova-conductor[109504]: DEBUG cotyledon.oslo_config_glue [-] vendordata_dynamic_auth.keyfile = None {{(pid=109504) log_opt_values /opt/stack/data/venv/lib/python3.12/site-packages/oslo_config/cfg.py:3253}}
Jul 13 15:07:12.856153 np0000185006 nova-conductor[109504]: DEBUG cotyledon.oslo_config_glue [-] vendordata_dynamic_auth.split_loggers = False {{(pid=109504) log_opt_values /opt/stack/data/venv/lib/python3.12/site-packages/oslo_config/cfg.py:3253}}
Jul 13 15:07:12.856153 np0000185006 nova-conductor[109504]: DEBUG cotyledon.oslo_config_glue [-] vendordata_dynamic_auth.timeout = None {{(pid=109504) log_opt_values /opt/stack/data/venv/lib/python3.12/site-packages/oslo_config/cfg.py:3253}}
Jul 13 15:07:12.856252 np0000185006 nova-conductor[109483]: DEBUG oslo_db.sqlalchemy.engines [None req-6a5f9930-b06d-40f8-9aba-8432c7da1c44 None None] MySQL server mode set to STRICT_TRANS_TABLES,STRICT_ALL_TABLES,NO_ZERO_IN_DATE,NO_ZERO_DATE,ERROR_FOR_DIVISION_BY_ZERO,TRADITIONAL,NO_ENGINE_SUBSTITUTION {{(pid=109483) _check_effective_sql_mode /opt/stack/data/venv/lib/python3.12/site-packages/oslo_db/sqlalchemy/engines.py:325}}
Jul 13 15:07:12.856337 np0000185006 nova-conductor[109504]: DEBUG cotyledon.oslo_config_glue [-] vmware.api_retry_count = 10 {{(pid=109504) log_opt_values /opt/stack/data/venv/lib/python3.12/site-packages/oslo_config/cfg.py:3253}}
Jul 13 15:07:12.856337 np0000185006 nova-conductor[109504]: DEBUG cotyledon.oslo_config_glue [-] vmware.ca_file = None {{(pid=109504) log_opt_values /opt/stack/data/venv/lib/python3.12/site-packages/oslo_config/cfg.py:3253}}
Jul 13 15:07:12.856337 np0000185006 nova-conductor[109504]: DEBUG cotyledon.oslo_config_glue [-] vmware.cache_prefix = None {{(pid=109504) log_opt_values /opt/stack/data/venv/lib/python3.12/site-packages/oslo_config/cfg.py:3253}}
Jul 13 15:07:12.856337 np0000185006 nova-conductor[109504]: DEBUG cotyledon.oslo_config_glue [-] vmware.cluster_name = None {{(pid=109504) log_opt_values /opt/stack/data/venv/lib/python3.12/site-packages/oslo_config/cfg.py:3253}}
Jul 13 15:07:12.856337 np0000185006 nova-conductor[109504]: DEBUG cotyledon.oslo_config_glue [-] vmware.connection_pool_size = 10 {{(pid=109504) log_opt_values /opt/stack/data/venv/lib/python3.12/site-packages/oslo_config/cfg.py:3253}}
Jul 13 15:07:12.856337 np0000185006 nova-conductor[109504]: DEBUG cotyledon.oslo_config_glue [-] vmware.console_delay_seconds = None {{(pid=109504) log_opt_values /opt/stack/data/venv/lib/python3.12/site-packages/oslo_config/cfg.py:3253}}
Jul 13 15:07:12.856337 np0000185006 nova-conductor[109504]: DEBUG cotyledon.oslo_config_glue [-] vmware.datastore_regex = None {{(pid=109504) log_opt_values /opt/stack/data/venv/lib/python3.12/site-packages/oslo_config/cfg.py:3253}}
Jul 13 15:07:12.856337 np0000185006 nova-conductor[109504]: DEBUG cotyledon.oslo_config_glue [-] vmware.host_ip = None {{(pid=109504) log_opt_values /opt/stack/data/venv/lib/python3.12/site-packages/oslo_config/cfg.py:3253}}
Jul 13 15:07:12.856337 np0000185006 nova-conductor[109504]: DEBUG cotyledon.oslo_config_glue [-] vmware.host_password = **** {{(pid=109504) log_opt_values /opt/stack/data/venv/lib/python3.12/site-packages/oslo_config/cfg.py:3253}}
Jul 13 15:07:12.856603 np0000185006 nova-conductor[109504]: DEBUG cotyledon.oslo_config_glue [-] vmware.host_port = 443 {{(pid=109504) log_opt_values /opt/stack/data/venv/lib/python3.12/site-packages/oslo_config/cfg.py:3253}}
Jul 13 15:07:12.856603 np0000185006 nova-conductor[109504]: DEBUG cotyledon.oslo_config_glue [-] vmware.host_username = None {{(pid=109504) log_opt_values /opt/stack/data/venv/lib/python3.12/site-packages/oslo_config/cfg.py:3253}}
Jul 13 15:07:12.856603 np0000185006 nova-conductor[109504]: DEBUG cotyledon.oslo_config_glue [-] vmware.insecure = False {{(pid=109504) log_opt_values /opt/stack/data/venv/lib/python3.12/site-packages/oslo_config/cfg.py:3253}}
Jul 13 15:07:12.856603 np0000185006 nova-conductor[109504]: DEBUG cotyledon.oslo_config_glue [-] vmware.integration_bridge = None {{(pid=109504) log_opt_values /opt/stack/data/venv/lib/python3.12/site-packages/oslo_config/cfg.py:3253}}
Jul 13 15:07:12.856603 np0000185006 nova-conductor[109504]: DEBUG cotyledon.oslo_config_glue [-] vmware.maximum_objects = 100 {{(pid=109504) log_opt_values /opt/stack/data/venv/lib/python3.12/site-packages/oslo_config/cfg.py:3253}}
Jul 13 15:07:12.856603 np0000185006 nova-conductor[109504]: DEBUG cotyledon.oslo_config_glue [-] vmware.pbm_default_policy = None {{(pid=109504) log_opt_values /opt/stack/data/venv/lib/python3.12/site-packages/oslo_config/cfg.py:3253}}
Jul 13 15:07:12.856603 np0000185006 nova-conductor[109504]: DEBUG cotyledon.oslo_config_glue [-] vmware.pbm_enabled = False {{(pid=109504) log_opt_values /opt/stack/data/venv/lib/python3.12/site-packages/oslo_config/cfg.py:3253}}
Jul 13 15:07:12.856603 np0000185006 nova-conductor[109504]: DEBUG cotyledon.oslo_config_glue [-] vmware.pbm_wsdl_location = None {{(pid=109504) log_opt_values /opt/stack/data/venv/lib/python3.12/site-packages/oslo_config/cfg.py:3253}}
Jul 13 15:07:12.856603 np0000185006 nova-conductor[109504]: DEBUG cotyledon.oslo_config_glue [-] vmware.serial_log_dir = /opt/vmware/vspc {{(pid=109504) log_opt_values /opt/stack/data/venv/lib/python3.12/site-packages/oslo_config/cfg.py:3253}}
Jul 13 15:07:12.856817 np0000185006 nova-conductor[109504]: DEBUG cotyledon.oslo_config_glue [-] vmware.serial_port_proxy_uri = None {{(pid=109504) log_opt_values /opt/stack/data/venv/lib/python3.12/site-packages/oslo_config/cfg.py:3253}}
Jul 13 15:07:12.856817 np0000185006 nova-conductor[109504]: DEBUG cotyledon.oslo_config_glue [-] vmware.serial_port_service_uri = None {{(pid=109504) log_opt_values /opt/stack/data/venv/lib/python3.12/site-packages/oslo_config/cfg.py:3253}}
Jul 13 15:07:12.856817 np0000185006 nova-conductor[109504]: DEBUG cotyledon.oslo_config_glue [-] vmware.task_poll_interval = 0.5 {{(pid=109504) log_opt_values /opt/stack/data/venv/lib/python3.12/site-packages/oslo_config/cfg.py:3253}}
Jul 13 15:07:12.856817 np0000185006 nova-conductor[109504]: DEBUG cotyledon.oslo_config_glue [-] vmware.use_linked_clone = True {{(pid=109504) log_opt_values /opt/stack/data/venv/lib/python3.12/site-packages/oslo_config/cfg.py:3253}}
Jul 13 15:07:12.856817 np0000185006 nova-conductor[109504]: DEBUG cotyledon.oslo_config_glue [-] vmware.vnc_keymap = en-us {{(pid=109504) log_opt_values /opt/stack/data/venv/lib/python3.12/site-packages/oslo_config/cfg.py:3253}}
Jul 13 15:07:12.856817 np0000185006 nova-conductor[109504]: DEBUG cotyledon.oslo_config_glue [-] vmware.vnc_port = 5900 {{(pid=109504) log_opt_values /opt/stack/data/venv/lib/python3.12/site-packages/oslo_config/cfg.py:3253}}
Jul 13 15:07:12.856817 np0000185006 nova-conductor[109504]: DEBUG cotyledon.oslo_config_glue [-] vmware.vnc_port_total = 10000 {{(pid=109504) log_opt_values /opt/stack/data/venv/lib/python3.12/site-packages/oslo_config/cfg.py:3253}}
Jul 13 15:07:12.856817 np0000185006 nova-conductor[109504]: DEBUG cotyledon.oslo_config_glue [-] vnc.auth_schemes = ['none'] {{(pid=109504) log_opt_values /opt/stack/data/venv/lib/python3.12/site-packages/oslo_config/cfg.py:3253}}
Jul 13 15:07:12.856817 np0000185006 nova-conductor[109504]: DEBUG cotyledon.oslo_config_glue [-] vnc.enabled = True {{(pid=109504) log_opt_values /opt/stack/data/venv/lib/python3.12/site-packages/oslo_config/cfg.py:3253}}
Jul 13 15:07:12.857026 np0000185006 nova-conductor[109504]: DEBUG cotyledon.oslo_config_glue [-] vnc.novncproxy_base_url = http://127.0.0.1:6080/vnc_auto.html {{(pid=109504) log_opt_values /opt/stack/data/venv/lib/python3.12/site-packages/oslo_config/cfg.py:3253}}
Jul 13 15:07:12.857026 np0000185006 nova-conductor[109504]: DEBUG cotyledon.oslo_config_glue [-] vnc.novncproxy_host = 0.0.0.0 {{(pid=109504) log_opt_values /opt/stack/data/venv/lib/python3.12/site-packages/oslo_config/cfg.py:3253}}
Jul 13 15:07:12.857026 np0000185006 nova-conductor[109504]: DEBUG cotyledon.oslo_config_glue [-] vnc.novncproxy_port = 6080 {{(pid=109504) log_opt_values /opt/stack/data/venv/lib/python3.12/site-packages/oslo_config/cfg.py:3253}}
Jul 13 15:07:12.857026 np0000185006 nova-conductor[109504]: DEBUG cotyledon.oslo_config_glue [-] vnc.server_listen = 127.0.0.1 {{(pid=109504) log_opt_values /opt/stack/data/venv/lib/python3.12/site-packages/oslo_config/cfg.py:3253}}
Jul 13 15:07:12.857026 np0000185006 nova-conductor[109504]: DEBUG cotyledon.oslo_config_glue [-] vnc.server_proxyclient_address = 127.0.0.1 {{(pid=109504) log_opt_values /opt/stack/data/venv/lib/python3.12/site-packages/oslo_config/cfg.py:3253}}
Jul 13 15:07:12.857026 np0000185006 nova-conductor[109504]: DEBUG cotyledon.oslo_config_glue [-] vnc.vencrypt_ca_certs = None {{(pid=109504) log_opt_values /opt/stack/data/venv/lib/python3.12/site-packages/oslo_config/cfg.py:3253}}
Jul 13 15:07:12.857026 np0000185006 nova-conductor[109504]: DEBUG cotyledon.oslo_config_glue [-] vnc.vencrypt_client_cert = None {{(pid=109504) log_opt_values /opt/stack/data/venv/lib/python3.12/site-packages/oslo_config/cfg.py:3253}}
Jul 13 15:07:12.857026 np0000185006 nova-conductor[109504]: DEBUG cotyledon.oslo_config_glue [-] vnc.vencrypt_client_key = None {{(pid=109504) log_opt_values /opt/stack/data/venv/lib/python3.12/site-packages/oslo_config/cfg.py:3253}}
Jul 13 15:07:12.857026 np0000185006 nova-conductor[109504]: DEBUG cotyledon.oslo_config_glue [-] workarounds.disable_compute_service_check_for_ffu = False {{(pid=109504) log_opt_values /opt/stack/data/venv/lib/python3.12/site-packages/oslo_config/cfg.py:3253}}
Jul 13 15:07:12.857266 np0000185006 nova-conductor[109504]: DEBUG cotyledon.oslo_config_glue [-] workarounds.disable_deep_image_inspection = False {{(pid=109504) log_opt_values /opt/stack/data/venv/lib/python3.12/site-packages/oslo_config/cfg.py:3253}}
Jul 13 15:07:12.857266 np0000185006 nova-conductor[109504]: DEBUG cotyledon.oslo_config_glue [-] workarounds.disable_fallback_pcpu_query = False {{(pid=109504) log_opt_values /opt/stack/data/venv/lib/python3.12/site-packages/oslo_config/cfg.py:3253}}
Jul 13 15:07:12.857266 np0000185006 nova-conductor[109504]: DEBUG cotyledon.oslo_config_glue [-] workarounds.disable_group_policy_check_upcall = False {{(pid=109504) log_opt_values /opt/stack/data/venv/lib/python3.12/site-packages/oslo_config/cfg.py:3253}}
Jul 13 15:07:12.857266 np0000185006 nova-conductor[109504]: DEBUG cotyledon.oslo_config_glue [-] workarounds.disable_libvirt_livesnapshot = False {{(pid=109504) log_opt_values /opt/stack/data/venv/lib/python3.12/site-packages/oslo_config/cfg.py:3253}}
Jul 13 15:07:12.857266 np0000185006 nova-conductor[109504]: DEBUG cotyledon.oslo_config_glue [-] workarounds.disable_rootwrap = False {{(pid=109504) log_opt_values /opt/stack/data/venv/lib/python3.12/site-packages/oslo_config/cfg.py:3253}}
Jul 13 15:07:12.857266 np0000185006 nova-conductor[109504]: DEBUG cotyledon.oslo_config_glue [-] workarounds.enable_numa_live_migration = False {{(pid=109504) log_opt_values /opt/stack/data/venv/lib/python3.12/site-packages/oslo_config/cfg.py:3253}}
Jul 13 15:07:12.857266 np0000185006 nova-conductor[109504]: DEBUG cotyledon.oslo_config_glue [-] workarounds.enable_qemu_monitor_announce_self = False {{(pid=109504) log_opt_values /opt/stack/data/venv/lib/python3.12/site-packages/oslo_config/cfg.py:3253}}
Jul 13 15:07:12.857266 np0000185006 nova-conductor[109504]: DEBUG cotyledon.oslo_config_glue [-] workarounds.ensure_libvirt_rbd_instance_dir_cleanup = False {{(pid=109504) log_opt_values /opt/stack/data/venv/lib/python3.12/site-packages/oslo_config/cfg.py:3253}}
Jul 13 15:07:12.857266 np0000185006 nova-conductor[109504]: DEBUG cotyledon.oslo_config_glue [-] workarounds.handle_virt_lifecycle_events = True {{(pid=109504) log_opt_values /opt/stack/data/venv/lib/python3.12/site-packages/oslo_config/cfg.py:3253}}
Jul 13 15:07:12.857483 np0000185006 nova-conductor[109504]: DEBUG cotyledon.oslo_config_glue [-] workarounds.libvirt_disable_apic = False {{(pid=109504) log_opt_values /opt/stack/data/venv/lib/python3.12/site-packages/oslo_config/cfg.py:3253}}
Jul 13 15:07:12.857483 np0000185006 nova-conductor[109504]: DEBUG cotyledon.oslo_config_glue [-] workarounds.never_download_image_if_on_rbd = False {{(pid=109504) log_opt_values /opt/stack/data/venv/lib/python3.12/site-packages/oslo_config/cfg.py:3253}}
Jul 13 15:07:12.857483 np0000185006 nova-conductor[109504]: DEBUG cotyledon.oslo_config_glue [-] workarounds.qemu_monitor_announce_self_count = 3 {{(pid=109504) log_opt_values /opt/stack/data/venv/lib/python3.12/site-packages/oslo_config/cfg.py:3253}}
Jul 13 15:07:12.857483 np0000185006 nova-conductor[109504]: DEBUG cotyledon.oslo_config_glue [-] workarounds.qemu_monitor_announce_self_interval = 1 {{(pid=109504) log_opt_values /opt/stack/data/venv/lib/python3.12/site-packages/oslo_config/cfg.py:3253}}
Jul 13 15:07:12.857483 np0000185006 nova-conductor[109504]: DEBUG cotyledon.oslo_config_glue [-] workarounds.reserve_disk_resource_for_image_cache = False {{(pid=109504) log_opt_values /opt/stack/data/venv/lib/python3.12/site-packages/oslo_config/cfg.py:3253}}
Jul 13 15:07:12.857483 np0000185006 nova-conductor[109504]: DEBUG cotyledon.oslo_config_glue [-] workarounds.skip_cpu_compare_at_startup = False {{(pid=109504) log_opt_values /opt/stack/data/venv/lib/python3.12/site-packages/oslo_config/cfg.py:3253}}
Jul 13 15:07:12.857483 np0000185006 nova-conductor[109504]: DEBUG cotyledon.oslo_config_glue [-] workarounds.skip_cpu_compare_on_dest = False {{(pid=109504) log_opt_values /opt/stack/data/venv/lib/python3.12/site-packages/oslo_config/cfg.py:3253}}
Jul 13 15:07:12.857483 np0000185006 nova-conductor[109504]: DEBUG cotyledon.oslo_config_glue [-] workarounds.skip_hypervisor_version_check_on_lm = False {{(pid=109504) log_opt_values /opt/stack/data/venv/lib/python3.12/site-packages/oslo_config/cfg.py:3253}}
Jul 13 15:07:12.857483 np0000185006 nova-conductor[109504]: DEBUG cotyledon.oslo_config_glue [-] workarounds.skip_reserve_in_use_ironic_nodes = False {{(pid=109504) log_opt_values /opt/stack/data/venv/lib/python3.12/site-packages/oslo_config/cfg.py:3253}}
Jul 13 15:07:12.857696 np0000185006 nova-conductor[109504]: DEBUG cotyledon.oslo_config_glue [-] workarounds.unified_limits_count_pcpu_as_vcpu = False {{(pid=109504) log_opt_values /opt/stack/data/venv/lib/python3.12/site-packages/oslo_config/cfg.py:3253}}
Jul 13 15:07:12.857696 np0000185006 nova-conductor[109504]: DEBUG cotyledon.oslo_config_glue [-] workarounds.wait_for_vif_plugged_event_during_hard_reboot = [] {{(pid=109504) log_opt_values /opt/stack/data/venv/lib/python3.12/site-packages/oslo_config/cfg.py:3253}}
Jul 13 15:07:12.857696 np0000185006 nova-conductor[109504]: DEBUG cotyledon.oslo_config_glue [-] wsgi.api_paste_config = /etc/nova/api-paste.ini {{(pid=109504) log_opt_values /opt/stack/data/venv/lib/python3.12/site-packages/oslo_config/cfg.py:3253}}
Jul 13 15:07:12.857696 np0000185006 nova-conductor[109504]: DEBUG cotyledon.oslo_config_glue [-] wsgi.secure_proxy_ssl_header = None {{(pid=109504) log_opt_values /opt/stack/data/venv/lib/python3.12/site-packages/oslo_config/cfg.py:3253}}
Jul 13 15:07:12.857696 np0000185006 nova-conductor[109504]: DEBUG cotyledon.oslo_config_glue [-] zvm.ca_file = None {{(pid=109504) log_opt_values /opt/stack/data/venv/lib/python3.12/site-packages/oslo_config/cfg.py:3253}}
Jul 13 15:07:12.857696 np0000185006 nova-conductor[109504]: DEBUG cotyledon.oslo_config_glue [-] zvm.cloud_connector_url = None {{(pid=109504) log_opt_values /opt/stack/data/venv/lib/python3.12/site-packages/oslo_config/cfg.py:3253}}
Jul 13 15:07:12.857696 np0000185006 nova-conductor[109504]: DEBUG cotyledon.oslo_config_glue [-] zvm.image_tmp_path = /opt/stack/data/nova/images {{(pid=109504) log_opt_values /opt/stack/data/venv/lib/python3.12/site-packages/oslo_config/cfg.py:3253}}
Jul 13 15:07:12.857696 np0000185006 nova-conductor[109504]: DEBUG cotyledon.oslo_config_glue [-] zvm.reachable_timeout = 300 {{(pid=109504) log_opt_values /opt/stack/data/venv/lib/python3.12/site-packages/oslo_config/cfg.py:3253}}
Jul 13 15:07:12.857696 np0000185006 nova-conductor[109504]: DEBUG cotyledon.oslo_config_glue [-] oslo_versionedobjects.fatal_exception_format_errors = False {{(pid=109504) log_opt_values /opt/stack/data/venv/lib/python3.12/site-packages/oslo_config/cfg.py:3253}}
Jul 13 15:07:12.857903 np0000185006 nova-conductor[109504]: DEBUG cotyledon.oslo_config_glue [-] oslo_middleware.http_basic_auth_user_file = /etc/htpasswd {{(pid=109504) log_opt_values /opt/stack/data/venv/lib/python3.12/site-packages/oslo_config/cfg.py:3253}}
Jul 13 15:07:12.857903 np0000185006 nova-conductor[109504]: DEBUG cotyledon.oslo_config_glue [-] profiler.connection_string = messaging:// {{(pid=109504) log_opt_values /opt/stack/data/venv/lib/python3.12/site-packages/oslo_config/cfg.py:3253}}
Jul 13 15:07:12.857903 np0000185006 nova-conductor[109504]: DEBUG cotyledon.oslo_config_glue [-] profiler.enabled = False {{(pid=109504) log_opt_values /opt/stack/data/venv/lib/python3.12/site-packages/oslo_config/cfg.py:3253}}
Jul 13 15:07:12.857903 np0000185006 nova-conductor[109504]: DEBUG cotyledon.oslo_config_glue [-] profiler.es_doc_type = notification {{(pid=109504) log_opt_values /opt/stack/data/venv/lib/python3.12/site-packages/oslo_config/cfg.py:3253}}
Jul 13 15:07:12.857903 np0000185006 nova-conductor[109504]: DEBUG cotyledon.oslo_config_glue [-] profiler.es_scroll_size = 10000 {{(pid=109504) log_opt_values /opt/stack/data/venv/lib/python3.12/site-packages/oslo_config/cfg.py:3253}}
Jul 13 15:07:12.857903 np0000185006 nova-conductor[109504]: DEBUG cotyledon.oslo_config_glue [-] profiler.es_scroll_time = 2m {{(pid=109504) log_opt_values /opt/stack/data/venv/lib/python3.12/site-packages/oslo_config/cfg.py:3253}}
Jul 13 15:07:12.857903 np0000185006 nova-conductor[109504]: DEBUG cotyledon.oslo_config_glue [-] profiler.filter_error_trace = False {{(pid=109504) log_opt_values /opt/stack/data/venv/lib/python3.12/site-packages/oslo_config/cfg.py:3253}}
Jul 13 15:07:12.857903 np0000185006 nova-conductor[109504]: DEBUG cotyledon.oslo_config_glue [-] profiler.hmac_keys = **** {{(pid=109504) log_opt_values /opt/stack/data/venv/lib/python3.12/site-packages/oslo_config/cfg.py:3253}}
Jul 13 15:07:12.857903 np0000185006 nova-conductor[109504]: DEBUG cotyledon.oslo_config_glue [-] profiler.sentinel_service_name = mymaster {{(pid=109504) log_opt_values /opt/stack/data/venv/lib/python3.12/site-packages/oslo_config/cfg.py:3253}}
Jul 13 15:07:12.858111 np0000185006 nova-conductor[109504]: DEBUG cotyledon.oslo_config_glue [-] profiler.socket_timeout = 0.1 {{(pid=109504) log_opt_values /opt/stack/data/venv/lib/python3.12/site-packages/oslo_config/cfg.py:3253}}
Jul 13 15:07:12.858111 np0000185006 nova-conductor[109504]: DEBUG cotyledon.oslo_config_glue [-] profiler.trace_requests = False {{(pid=109504) log_opt_values /opt/stack/data/venv/lib/python3.12/site-packages/oslo_config/cfg.py:3253}}
Jul 13 15:07:12.858111 np0000185006 nova-conductor[109504]: DEBUG cotyledon.oslo_config_glue [-] profiler.trace_sqlalchemy = False {{(pid=109504) log_opt_values /opt/stack/data/venv/lib/python3.12/site-packages/oslo_config/cfg.py:3253}}
Jul 13 15:07:12.858111 np0000185006 nova-conductor[109504]: DEBUG cotyledon.oslo_config_glue [-] profiler_jaeger.process_tags = {} {{(pid=109504) log_opt_values /opt/stack/data/venv/lib/python3.12/site-packages/oslo_config/cfg.py:3253}}
Jul 13 15:07:12.858111 np0000185006 nova-conductor[109504]: DEBUG cotyledon.oslo_config_glue [-] profiler_jaeger.service_name_prefix = None {{(pid=109504) log_opt_values /opt/stack/data/venv/lib/python3.12/site-packages/oslo_config/cfg.py:3253}}
Jul 13 15:07:12.858111 np0000185006 nova-conductor[109504]: DEBUG cotyledon.oslo_config_glue [-] profiler_otlp.service_name_prefix = None {{(pid=109504) log_opt_values /opt/stack/data/venv/lib/python3.12/site-packages/oslo_config/cfg.py:3253}}
Jul 13 15:07:12.858111 np0000185006 nova-conductor[109504]: DEBUG cotyledon.oslo_config_glue [-] oslo_messaging_rabbit.amqp_auto_delete = False {{(pid=109504) log_opt_values /opt/stack/data/venv/lib/python3.12/site-packages/oslo_config/cfg.py:3253}}
Jul 13 15:07:12.858111 np0000185006 nova-conductor[109504]: DEBUG cotyledon.oslo_config_glue [-] oslo_messaging_rabbit.amqp_durable_queues = False {{(pid=109504) log_opt_values /opt/stack/data/venv/lib/python3.12/site-packages/oslo_config/cfg.py:3253}}
Jul 13 15:07:12.858111 np0000185006 nova-conductor[109504]: DEBUG cotyledon.oslo_config_glue [-] oslo_messaging_rabbit.conn_pool_min_size = 2 {{(pid=109504) log_opt_values /opt/stack/data/venv/lib/python3.12/site-packages/oslo_config/cfg.py:3253}}
Jul 13 15:07:12.858326 np0000185006 nova-conductor[109504]: DEBUG cotyledon.oslo_config_glue [-] oslo_messaging_rabbit.conn_pool_ttl = 1200 {{(pid=109504) log_opt_values /opt/stack/data/venv/lib/python3.12/site-packages/oslo_config/cfg.py:3253}}
Jul 13 15:07:12.858326 np0000185006 nova-conductor[109504]: DEBUG cotyledon.oslo_config_glue [-] oslo_messaging_rabbit.direct_mandatory_flag = True {{(pid=109504) log_opt_values /opt/stack/data/venv/lib/python3.12/site-packages/oslo_config/cfg.py:3253}}
Jul 13 15:07:12.858326 np0000185006 nova-conductor[109504]: DEBUG cotyledon.oslo_config_glue [-] oslo_messaging_rabbit.enable_cancel_on_failover = False {{(pid=109504) log_opt_values /opt/stack/data/venv/lib/python3.12/site-packages/oslo_config/cfg.py:3253}}
Jul 13 15:07:12.858326 np0000185006 nova-conductor[109504]: DEBUG cotyledon.oslo_config_glue [-] oslo_messaging_rabbit.heartbeat_rate = 3 {{(pid=109504) log_opt_values /opt/stack/data/venv/lib/python3.12/site-packages/oslo_config/cfg.py:3253}}
Jul 13 15:07:12.858326 np0000185006 nova-conductor[109504]: DEBUG cotyledon.oslo_config_glue [-] oslo_messaging_rabbit.heartbeat_timeout_threshold = 60 {{(pid=109504) log_opt_values /opt/stack/data/venv/lib/python3.12/site-packages/oslo_config/cfg.py:3253}}
Jul 13 15:07:12.858326 np0000185006 nova-conductor[109504]: DEBUG cotyledon.oslo_config_glue [-] oslo_messaging_rabbit.hostname = np0000185006 {{(pid=109504) log_opt_values /opt/stack/data/venv/lib/python3.12/site-packages/oslo_config/cfg.py:3253}}
Jul 13 15:07:12.858326 np0000185006 nova-conductor[109504]: DEBUG cotyledon.oslo_config_glue [-] oslo_messaging_rabbit.kombu_compression = None {{(pid=109504) log_opt_values /opt/stack/data/venv/lib/python3.12/site-packages/oslo_config/cfg.py:3253}}
Jul 13 15:07:12.858326 np0000185006 nova-conductor[109504]: DEBUG cotyledon.oslo_config_glue [-] oslo_messaging_rabbit.kombu_failover_strategy = round-robin {{(pid=109504) log_opt_values /opt/stack/data/venv/lib/python3.12/site-packages/oslo_config/cfg.py:3253}}
Jul 13 15:07:12.858520 np0000185006 nova-conductor[109504]: DEBUG cotyledon.oslo_config_glue [-] oslo_messaging_rabbit.kombu_missing_consumer_retry_timeout = 60 {{(pid=109504) log_opt_values /opt/stack/data/venv/lib/python3.12/site-packages/oslo_config/cfg.py:3253}}
Jul 13 15:07:12.858520 np0000185006 nova-conductor[109504]: DEBUG cotyledon.oslo_config_glue [-] oslo_messaging_rabbit.kombu_reconnect_delay = 1.0 {{(pid=109504) log_opt_values /opt/stack/data/venv/lib/python3.12/site-packages/oslo_config/cfg.py:3253}}
Jul 13 15:07:12.858520 np0000185006 nova-conductor[109504]: DEBUG cotyledon.oslo_config_glue [-] oslo_messaging_rabbit.kombu_reconnect_splay = 0.0 {{(pid=109504) log_opt_values /opt/stack/data/venv/lib/python3.12/site-packages/oslo_config/cfg.py:3253}}
Jul 13 15:07:12.858520 np0000185006 nova-conductor[109504]: DEBUG cotyledon.oslo_config_glue [-] oslo_messaging_rabbit.processname = nova-conductor {{(pid=109504) log_opt_values /opt/stack/data/venv/lib/python3.12/site-packages/oslo_config/cfg.py:3253}}
Jul 13 15:07:12.858520 np0000185006 nova-conductor[109504]: DEBUG cotyledon.oslo_config_glue [-] oslo_messaging_rabbit.rabbit_ha_queues = False {{(pid=109504) log_opt_values /opt/stack/data/venv/lib/python3.12/site-packages/oslo_config/cfg.py:3253}}
Jul 13 15:07:12.858520 np0000185006 nova-conductor[109504]: DEBUG cotyledon.oslo_config_glue [-] oslo_messaging_rabbit.rabbit_interval_max = 30 {{(pid=109504) log_opt_values /opt/stack/data/venv/lib/python3.12/site-packages/oslo_config/cfg.py:3253}}
Jul 13 15:07:12.858520 np0000185006 nova-conductor[109504]: DEBUG cotyledon.oslo_config_glue [-] oslo_messaging_rabbit.rabbit_login_method = AMQPLAIN {{(pid=109504) log_opt_values /opt/stack/data/venv/lib/python3.12/site-packages/oslo_config/cfg.py:3253}}
Jul 13 15:07:12.858520 np0000185006 nova-conductor[109504]: DEBUG cotyledon.oslo_config_glue [-] oslo_messaging_rabbit.rabbit_qos_prefetch_count = 0 {{(pid=109504) log_opt_values /opt/stack/data/venv/lib/python3.12/site-packages/oslo_config/cfg.py:3253}}
Jul 13 15:07:12.858762 np0000185006 nova-conductor[109504]: DEBUG cotyledon.oslo_config_glue [-] oslo_messaging_rabbit.rabbit_quorum_delivery_limit = 0 {{(pid=109504) log_opt_values /opt/stack/data/venv/lib/python3.12/site-packages/oslo_config/cfg.py:3253}}
Jul 13 15:07:12.858762 np0000185006 nova-conductor[109504]: DEBUG cotyledon.oslo_config_glue [-] oslo_messaging_rabbit.rabbit_quorum_max_memory_bytes = 0 {{(pid=109504) log_opt_values /opt/stack/data/venv/lib/python3.12/site-packages/oslo_config/cfg.py:3253}}
Jul 13 15:07:12.858762 np0000185006 nova-conductor[109504]: DEBUG cotyledon.oslo_config_glue [-] oslo_messaging_rabbit.rabbit_quorum_max_memory_length = 0 {{(pid=109504) log_opt_values /opt/stack/data/venv/lib/python3.12/site-packages/oslo_config/cfg.py:3253}}
Jul 13 15:07:12.858762 np0000185006 nova-conductor[109504]: DEBUG cotyledon.oslo_config_glue [-] oslo_messaging_rabbit.rabbit_quorum_queue = False {{(pid=109504) log_opt_values /opt/stack/data/venv/lib/python3.12/site-packages/oslo_config/cfg.py:3253}}
Jul 13 15:07:12.858762 np0000185006 nova-conductor[109504]: DEBUG cotyledon.oslo_config_glue [-] oslo_messaging_rabbit.rabbit_retry_backoff = 2 {{(pid=109504) log_opt_values /opt/stack/data/venv/lib/python3.12/site-packages/oslo_config/cfg.py:3253}}
Jul 13 15:07:12.858762 np0000185006 nova-conductor[109504]: DEBUG cotyledon.oslo_config_glue [-] oslo_messaging_rabbit.rabbit_retry_interval = 1 {{(pid=109504) log_opt_values /opt/stack/data/venv/lib/python3.12/site-packages/oslo_config/cfg.py:3253}}
Jul 13 15:07:12.858762 np0000185006 nova-conductor[109504]: DEBUG cotyledon.oslo_config_glue [-] oslo_messaging_rabbit.rabbit_stream_fanout = False {{(pid=109504) log_opt_values /opt/stack/data/venv/lib/python3.12/site-packages/oslo_config/cfg.py:3253}}
Jul 13 15:07:12.858762 np0000185006 nova-conductor[109504]: DEBUG cotyledon.oslo_config_glue [-] oslo_messaging_rabbit.rabbit_transient_queues_ttl = 1800 {{(pid=109504) log_opt_values /opt/stack/data/venv/lib/python3.12/site-packages/oslo_config/cfg.py:3253}}
Jul 13 15:07:12.858951 np0000185006 nova-conductor[109504]: DEBUG cotyledon.oslo_config_glue [-] oslo_messaging_rabbit.rabbit_transient_quorum_queue = False {{(pid=109504) log_opt_values /opt/stack/data/venv/lib/python3.12/site-packages/oslo_config/cfg.py:3253}}
Jul 13 15:07:12.858951 np0000185006 nova-conductor[109504]: DEBUG cotyledon.oslo_config_glue [-] oslo_messaging_rabbit.rpc_conn_pool_size = 30 {{(pid=109504) log_opt_values /opt/stack/data/venv/lib/python3.12/site-packages/oslo_config/cfg.py:3253}}
Jul 13 15:07:12.858951 np0000185006 nova-conductor[109504]: DEBUG cotyledon.oslo_config_glue [-] oslo_messaging_rabbit.ssl = False {{(pid=109504) log_opt_values /opt/stack/data/venv/lib/python3.12/site-packages/oslo_config/cfg.py:3253}}
Jul 13 15:07:12.858951 np0000185006 nova-conductor[109504]: DEBUG cotyledon.oslo_config_glue [-] oslo_messaging_rabbit.ssl_ca_file = {{(pid=109504) log_opt_values /opt/stack/data/venv/lib/python3.12/site-packages/oslo_config/cfg.py:3253}}
Jul 13 15:07:12.858951 np0000185006 nova-conductor[109504]: DEBUG cotyledon.oslo_config_glue [-] oslo_messaging_rabbit.ssl_cert_file = {{(pid=109504) log_opt_values /opt/stack/data/venv/lib/python3.12/site-packages/oslo_config/cfg.py:3253}}
Jul 13 15:07:12.858951 np0000185006 nova-conductor[109504]: DEBUG cotyledon.oslo_config_glue [-] oslo_messaging_rabbit.ssl_enforce_fips_mode = False {{(pid=109504) log_opt_values /opt/stack/data/venv/lib/python3.12/site-packages/oslo_config/cfg.py:3253}}
Jul 13 15:07:12.858951 np0000185006 nova-conductor[109504]: DEBUG cotyledon.oslo_config_glue [-] oslo_messaging_rabbit.ssl_enforce_hostname_verification = True {{(pid=109504) log_opt_values /opt/stack/data/venv/lib/python3.12/site-packages/oslo_config/cfg.py:3253}}
Jul 13 15:07:12.858951 np0000185006 nova-conductor[109504]: DEBUG cotyledon.oslo_config_glue [-] oslo_messaging_rabbit.ssl_key_file = {{(pid=109504) log_opt_values /opt/stack/data/venv/lib/python3.12/site-packages/oslo_config/cfg.py:3253}}
Jul 13 15:07:12.858951 np0000185006 nova-conductor[109504]: DEBUG cotyledon.oslo_config_glue [-] oslo_messaging_rabbit.ssl_version = {{(pid=109504) log_opt_values /opt/stack/data/venv/lib/python3.12/site-packages/oslo_config/cfg.py:3253}}
Jul 13 15:07:12.859180 np0000185006 nova-conductor[109504]: DEBUG cotyledon.oslo_config_glue [-] oslo_messaging_rabbit.use_queue_manager = False {{(pid=109504) log_opt_values /opt/stack/data/venv/lib/python3.12/site-packages/oslo_config/cfg.py:3253}}
Jul 13 15:07:12.859180 np0000185006 nova-conductor[109504]: DEBUG cotyledon.oslo_config_glue [-] oslo_messaging_notifications.driver = ['messagingv2'] {{(pid=109504) log_opt_values /opt/stack/data/venv/lib/python3.12/site-packages/oslo_config/cfg.py:3253}}
Jul 13 15:07:12.859180 np0000185006 nova-conductor[109504]: DEBUG cotyledon.oslo_config_glue [-] oslo_messaging_notifications.retry = -1 {{(pid=109504) log_opt_values /opt/stack/data/venv/lib/python3.12/site-packages/oslo_config/cfg.py:3253}}
Jul 13 15:07:12.859180 np0000185006 nova-conductor[109504]: DEBUG cotyledon.oslo_config_glue [-] oslo_messaging_notifications.topics = ['notifications'] {{(pid=109504) log_opt_values /opt/stack/data/venv/lib/python3.12/site-packages/oslo_config/cfg.py:3253}}
Jul 13 15:07:12.859180 np0000185006 nova-conductor[109504]: DEBUG cotyledon.oslo_config_glue [-] oslo_messaging_notifications.transport_url = **** {{(pid=109504) log_opt_values /opt/stack/data/venv/lib/python3.12/site-packages/oslo_config/cfg.py:3253}}
Jul 13 15:07:12.859180 np0000185006 nova-conductor[109504]: DEBUG cotyledon.oslo_config_glue [-] oslo_limit.auth_section = None {{(pid=109504) log_opt_values /opt/stack/data/venv/lib/python3.12/site-packages/oslo_config/cfg.py:3253}}
Jul 13 15:07:12.859180 np0000185006 nova-conductor[109504]: DEBUG cotyledon.oslo_config_glue [-] oslo_limit.auth_type = None {{(pid=109504) log_opt_values /opt/stack/data/venv/lib/python3.12/site-packages/oslo_config/cfg.py:3253}}
Jul 13 15:07:12.859180 np0000185006 nova-conductor[109504]: DEBUG cotyledon.oslo_config_glue [-] oslo_limit.cafile = None {{(pid=109504) log_opt_values /opt/stack/data/venv/lib/python3.12/site-packages/oslo_config/cfg.py:3253}}
Jul 13 15:07:12.859180 np0000185006 nova-conductor[109504]: DEBUG cotyledon.oslo_config_glue [-] oslo_limit.certfile = None {{(pid=109504) log_opt_values /opt/stack/data/venv/lib/python3.12/site-packages/oslo_config/cfg.py:3253}}
Jul 13 15:07:12.859405 np0000185006 nova-conductor[109504]: DEBUG cotyledon.oslo_config_glue [-] oslo_limit.collect_timing = False {{(pid=109504) log_opt_values /opt/stack/data/venv/lib/python3.12/site-packages/oslo_config/cfg.py:3253}}
Jul 13 15:07:12.859405 np0000185006 nova-conductor[109504]: DEBUG cotyledon.oslo_config_glue [-] oslo_limit.connect_retries = None {{(pid=109504) log_opt_values /opt/stack/data/venv/lib/python3.12/site-packages/oslo_config/cfg.py:3253}}
Jul 13 15:07:12.859405 np0000185006 nova-conductor[109504]: DEBUG cotyledon.oslo_config_glue [-] oslo_limit.connect_retry_delay = None {{(pid=109504) log_opt_values /opt/stack/data/venv/lib/python3.12/site-packages/oslo_config/cfg.py:3253}}
Jul 13 15:07:12.859405 np0000185006 nova-conductor[109504]: DEBUG cotyledon.oslo_config_glue [-] oslo_limit.endpoint_id = None {{(pid=109504) log_opt_values /opt/stack/data/venv/lib/python3.12/site-packages/oslo_config/cfg.py:3253}}
Jul 13 15:07:12.859405 np0000185006 nova-conductor[109504]: DEBUG cotyledon.oslo_config_glue [-] oslo_limit.endpoint_interface = public {{(pid=109504) log_opt_values /opt/stack/data/venv/lib/python3.12/site-packages/oslo_config/cfg.py:3253}}
Jul 13 15:07:12.859405 np0000185006 nova-conductor[109504]: DEBUG cotyledon.oslo_config_glue [-] oslo_limit.endpoint_override = None {{(pid=109504) log_opt_values /opt/stack/data/venv/lib/python3.12/site-packages/oslo_config/cfg.py:3253}}
Jul 13 15:07:12.859405 np0000185006 nova-conductor[109504]: DEBUG cotyledon.oslo_config_glue [-] oslo_limit.endpoint_region_name = None {{(pid=109504) log_opt_values /opt/stack/data/venv/lib/python3.12/site-packages/oslo_config/cfg.py:3253}}
Jul 13 15:07:12.859405 np0000185006 nova-conductor[109504]: DEBUG cotyledon.oslo_config_glue [-] oslo_limit.endpoint_service_name = None {{(pid=109504) log_opt_values /opt/stack/data/venv/lib/python3.12/site-packages/oslo_config/cfg.py:3253}}
Jul 13 15:07:12.859405 np0000185006 nova-conductor[109504]: DEBUG cotyledon.oslo_config_glue [-] oslo_limit.endpoint_service_type = None {{(pid=109504) log_opt_values /opt/stack/data/venv/lib/python3.12/site-packages/oslo_config/cfg.py:3253}}
Jul 13 15:07:12.859672 np0000185006 nova-conductor[109504]: DEBUG cotyledon.oslo_config_glue [-] oslo_limit.insecure = False {{(pid=109504) log_opt_values /opt/stack/data/venv/lib/python3.12/site-packages/oslo_config/cfg.py:3253}}
Jul 13 15:07:12.859672 np0000185006 nova-conductor[109504]: DEBUG cotyledon.oslo_config_glue [-] oslo_limit.keyfile = None {{(pid=109504) log_opt_values /opt/stack/data/venv/lib/python3.12/site-packages/oslo_config/cfg.py:3253}}
Jul 13 15:07:12.859672 np0000185006 nova-conductor[109504]: DEBUG cotyledon.oslo_config_glue [-] oslo_limit.max_version = None {{(pid=109504) log_opt_values /opt/stack/data/venv/lib/python3.12/site-packages/oslo_config/cfg.py:3253}}
Jul 13 15:07:12.859672 np0000185006 nova-conductor[109504]: DEBUG cotyledon.oslo_config_glue [-] oslo_limit.min_version = None {{(pid=109504) log_opt_values /opt/stack/data/venv/lib/python3.12/site-packages/oslo_config/cfg.py:3253}}
Jul 13 15:07:12.859672 np0000185006 nova-conductor[109504]: DEBUG cotyledon.oslo_config_glue [-] oslo_limit.region_name = None {{(pid=109504) log_opt_values /opt/stack/data/venv/lib/python3.12/site-packages/oslo_config/cfg.py:3253}}
Jul 13 15:07:12.859672 np0000185006 nova-conductor[109504]: DEBUG cotyledon.oslo_config_glue [-] oslo_limit.retriable_status_codes = None {{(pid=109504) log_opt_values /opt/stack/data/venv/lib/python3.12/site-packages/oslo_config/cfg.py:3253}}
Jul 13 15:07:12.859672 np0000185006 nova-conductor[109504]: DEBUG cotyledon.oslo_config_glue [-] oslo_limit.service_name = None {{(pid=109504) log_opt_values /opt/stack/data/venv/lib/python3.12/site-packages/oslo_config/cfg.py:3253}}
Jul 13 15:07:12.859672 np0000185006 nova-conductor[109504]: DEBUG cotyledon.oslo_config_glue [-] oslo_limit.service_type = None {{(pid=109504) log_opt_values /opt/stack/data/venv/lib/python3.12/site-packages/oslo_config/cfg.py:3253}}
Jul 13 15:07:12.859672 np0000185006 nova-conductor[109504]: DEBUG cotyledon.oslo_config_glue [-] oslo_limit.split_loggers = False {{(pid=109504) log_opt_values /opt/stack/data/venv/lib/python3.12/site-packages/oslo_config/cfg.py:3253}}
Jul 13 15:07:12.859924 np0000185006 nova-conductor[109504]: DEBUG cotyledon.oslo_config_glue [-] oslo_limit.status_code_retries = None {{(pid=109504) log_opt_values /opt/stack/data/venv/lib/python3.12/site-packages/oslo_config/cfg.py:3253}}
Jul 13 15:07:12.859924 np0000185006 nova-conductor[109504]: DEBUG cotyledon.oslo_config_glue [-] oslo_limit.status_code_retry_delay = None {{(pid=109504) log_opt_values /opt/stack/data/venv/lib/python3.12/site-packages/oslo_config/cfg.py:3253}}
Jul 13 15:07:12.859924 np0000185006 nova-conductor[109504]: DEBUG cotyledon.oslo_config_glue [-] oslo_limit.timeout = None {{(pid=109504) log_opt_values /opt/stack/data/venv/lib/python3.12/site-packages/oslo_config/cfg.py:3253}}
Jul 13 15:07:12.859924 np0000185006 nova-conductor[109504]: DEBUG cotyledon.oslo_config_glue [-] oslo_limit.valid_interfaces = None {{(pid=109504) log_opt_values /opt/stack/data/venv/lib/python3.12/site-packages/oslo_config/cfg.py:3253}}
Jul 13 15:07:12.859924 np0000185006 nova-conductor[109504]: DEBUG cotyledon.oslo_config_glue [-] oslo_limit.version = None {{(pid=109504) log_opt_values /opt/stack/data/venv/lib/python3.12/site-packages/oslo_config/cfg.py:3253}}
Jul 13 15:07:12.859924 np0000185006 nova-conductor[109504]: DEBUG cotyledon.oslo_config_glue [-] oslo_reports.file_event_handler = None {{(pid=109504) log_opt_values /opt/stack/data/venv/lib/python3.12/site-packages/oslo_config/cfg.py:3253}}
Jul 13 15:07:12.859924 np0000185006 nova-conductor[109504]: DEBUG cotyledon.oslo_config_glue [-] oslo_reports.file_event_handler_interval = 1 {{(pid=109504) log_opt_values /opt/stack/data/venv/lib/python3.12/site-packages/oslo_config/cfg.py:3253}}
Jul 13 15:07:12.859924 np0000185006 nova-conductor[109504]: DEBUG cotyledon.oslo_config_glue [-] oslo_reports.log_dir = None {{(pid=109504) log_opt_values /opt/stack/data/venv/lib/python3.12/site-packages/oslo_config/cfg.py:3253}}
Jul 13 15:07:12.859924 np0000185006 nova-conductor[109504]: DEBUG cotyledon.oslo_config_glue [-] ******************************************************************************** {{(pid=109504) log_opt_values /opt/stack/data/venv/lib/python3.12/site-packages/oslo_config/cfg.py:3260}}
Jul 13 15:07:12.860130 np0000185006 nova-conductor[109504]: DEBUG cotyledon._service_worker [-] Run service ServiceWrapper(3) [109504] {{(pid=109504) wait_forever /opt/stack/data/venv/lib/python3.12/site-packages/cotyledon/_service_worker.py:218}}
Jul 13 15:07:12.860130 np0000185006 nova-conductor[109504]: INFO nova.service [-] Starting conductor node (version 33.1.0)
Jul 13 15:07:12.860192 np0000185006 nova-conductor[109483]: DEBUG dbcounter [-] [109483] Writer thread running {{(pid=109483) stat_writer /opt/stack/data/venv/lib/python3.12/site-packages/dbcounter.py:102}}
Jul 13 15:07:12.860227 np0000185006 nova-conductor[109504]: INFO dbcounter [None req-1690c0cd-667b-426c-891d-46f9801d32d4 None None] Registered counter for database nova_cell0
Jul 13 15:07:12.860254 np0000185006 nova-conductor[109492]: DEBUG oslo_db.sqlalchemy.engines [None req-a50ee027-c39b-40bf-a005-e819a08bc536 None None] MySQL server mode set to STRICT_TRANS_TABLES,STRICT_ALL_TABLES,NO_ZERO_IN_DATE,NO_ZERO_DATE,ERROR_FOR_DIVISION_BY_ZERO,TRADITIONAL,NO_ENGINE_SUBSTITUTION {{(pid=109492) _check_effective_sql_mode /opt/stack/data/venv/lib/python3.12/site-packages/oslo_db/sqlalchemy/engines.py:325}}
Jul 13 15:07:12.860289 np0000185006 nova-conductor[109497]: DEBUG oslo_db.sqlalchemy.engines [None req-72c3b1b6-f4c2-4c6c-86f6-d4fdb926b5a7 None None] MySQL server mode set to STRICT_TRANS_TABLES,STRICT_ALL_TABLES,NO_ZERO_IN_DATE,NO_ZERO_DATE,ERROR_FOR_DIVISION_BY_ZERO,TRADITIONAL,NO_ENGINE_SUBSTITUTION {{(pid=109497) _check_effective_sql_mode /opt/stack/data/venv/lib/python3.12/site-packages/oslo_db/sqlalchemy/engines.py:325}}
Jul 13 15:07:12.865748 np0000185006 nova-conductor[109492]: DEBUG dbcounter [-] [109492] Writer thread running {{(pid=109492) stat_writer /opt/stack/data/venv/lib/python3.12/site-packages/dbcounter.py:102}}
Jul 13 15:07:12.872446 np0000185006 nova-conductor[109497]: DEBUG dbcounter [-] [109497] Writer thread running {{(pid=109497) stat_writer /opt/stack/data/venv/lib/python3.12/site-packages/dbcounter.py:102}}
Jul 13 15:07:12.877947 np0000185006 nova-conductor[109483]: DEBUG nova.service [None req-6a5f9930-b06d-40f8-9aba-8432c7da1c44 None None] Creating RPC server for service: nova-conductor on topic: conductor {{(pid=109483) start /opt/stack/nova/nova/service.py:196}}
Jul 13 15:07:12.884195 np0000185006 nova-conductor[109504]: DEBUG oslo_db.sqlalchemy.engines [None req-1690c0cd-667b-426c-891d-46f9801d32d4 None None] MySQL server mode set to STRICT_TRANS_TABLES,STRICT_ALL_TABLES,NO_ZERO_IN_DATE,NO_ZERO_DATE,ERROR_FOR_DIVISION_BY_ZERO,TRADITIONAL,NO_ENGINE_SUBSTITUTION {{(pid=109504) _check_effective_sql_mode /opt/stack/data/venv/lib/python3.12/site-packages/oslo_db/sqlalchemy/engines.py:325}}
Jul 13 15:07:12.889809 np0000185006 nova-conductor[109492]: DEBUG nova.service [None req-a50ee027-c39b-40bf-a005-e819a08bc536 None None] Creating RPC server for service: nova-conductor on topic: conductor {{(pid=109492) start /opt/stack/nova/nova/service.py:196}}
Jul 13 15:07:12.897849 np0000185006 nova-conductor[109504]: DEBUG dbcounter [-] [109504] Writer thread running {{(pid=109504) stat_writer /opt/stack/data/venv/lib/python3.12/site-packages/dbcounter.py:102}}
Jul 13 15:07:12.900742 np0000185006 nova-conductor[109504]: DEBUG nova.service [None req-1690c0cd-667b-426c-891d-46f9801d32d4 None None] Creating RPC server for service: nova-conductor on topic: conductor {{(pid=109504) start /opt/stack/nova/nova/service.py:196}}
Jul 13 15:07:12.902330 np0000185006 nova-conductor[109497]: DEBUG nova.service [None req-72c3b1b6-f4c2-4c6c-86f6-d4fdb926b5a7 None None] Creating RPC server for service: nova-conductor on topic: conductor {{(pid=109497) start /opt/stack/nova/nova/service.py:196}}
Jul 13 15:07:12.919651 np0000185006 nova-conductor[109483]: DEBUG nova.service [None req-6a5f9930-b06d-40f8-9aba-8432c7da1c44 None None] Join ServiceGroup membership for this service conductor {{(pid=109483) start /opt/stack/nova/nova/service.py:222}}
Jul 13 15:07:12.919854 np0000185006 nova-conductor[109492]: DEBUG nova.service [None req-a50ee027-c39b-40bf-a005-e819a08bc536 None None] Join ServiceGroup membership for this service conductor {{(pid=109492) start /opt/stack/nova/nova/service.py:222}}
Jul 13 15:07:12.919957 np0000185006 nova-conductor[109483]: DEBUG nova.servicegroup.drivers.db [None req-6a5f9930-b06d-40f8-9aba-8432c7da1c44 None None] DB_Driver: join new ServiceGroup member np0000185006 to the conductor group, service = {{(pid=109483) join /opt/stack/nova/nova/servicegroup/drivers/db.py:44}}
Jul 13 15:07:12.920054 np0000185006 nova-conductor[109492]: DEBUG nova.servicegroup.drivers.db [None req-a50ee027-c39b-40bf-a005-e819a08bc536 None None] DB_Driver: join new ServiceGroup member np0000185006 to the conductor group, service = {{(pid=109492) join /opt/stack/nova/nova/servicegroup/drivers/db.py:44}}
Jul 13 15:07:12.926837 np0000185006 nova-conductor[109504]: DEBUG nova.service [None req-1690c0cd-667b-426c-891d-46f9801d32d4 None None] Join ServiceGroup membership for this service conductor {{(pid=109504) start /opt/stack/nova/nova/service.py:222}}
Jul 13 15:07:12.927162 np0000185006 nova-conductor[109504]: DEBUG nova.servicegroup.drivers.db [None req-1690c0cd-667b-426c-891d-46f9801d32d4 None None] DB_Driver: join new ServiceGroup member np0000185006 to the conductor group, service = {{(pid=109504) join /opt/stack/nova/nova/servicegroup/drivers/db.py:44}}
Jul 13 15:07:12.929430 np0000185006 nova-conductor[109497]: DEBUG nova.service [None req-72c3b1b6-f4c2-4c6c-86f6-d4fdb926b5a7 None None] Join ServiceGroup membership for this service conductor {{(pid=109497) start /opt/stack/nova/nova/service.py:222}}
Jul 13 15:07:12.929907 np0000185006 nova-conductor[109497]: DEBUG nova.servicegroup.drivers.db [None req-72c3b1b6-f4c2-4c6c-86f6-d4fdb926b5a7 None None] DB_Driver: join new ServiceGroup member np0000185006 to the conductor group, service = {{(pid=109497) join /opt/stack/nova/nova/servicegroup/drivers/db.py:44}}
Jul 13 15:07:17.942033 np0000185006 nova-conductor[109492]: DEBUG oslo.service.backend._threading.loopingcall [-] Fixed interval looping call 'nova.servicegroup.drivers.db.DbDriver._report_state' sleeping for 119.98 seconds {{(pid=109492) _run_loop /opt/stack/data/venv/lib/python3.12/site-packages/oslo_service/backend/_threading/loopingcall.py:125}}
Jul 13 15:07:17.942685 np0000185006 nova-conductor[109483]: DEBUG oslo.service.backend._threading.loopingcall [-] Fixed interval looping call 'nova.servicegroup.drivers.db.DbDriver._report_state' sleeping for 119.98 seconds {{(pid=109483) _run_loop /opt/stack/data/venv/lib/python3.12/site-packages/oslo_service/backend/_threading/loopingcall.py:125}}
Jul 13 15:07:17.943688 np0000185006 nova-conductor[109497]: DEBUG oslo.service.backend._threading.loopingcall [-] Fixed interval looping call 'nova.servicegroup.drivers.db.DbDriver._report_state' sleeping for 119.99 seconds {{(pid=109497) _run_loop /opt/stack/data/venv/lib/python3.12/site-packages/oslo_service/backend/_threading/loopingcall.py:125}}
Jul 13 15:07:17.947009 np0000185006 nova-conductor[109504]: DEBUG oslo.service.backend._threading.loopingcall [-] Fixed interval looping call 'nova.servicegroup.drivers.db.DbDriver._report_state' sleeping for 119.98 seconds {{(pid=109504) _run_loop /opt/stack/data/venv/lib/python3.12/site-packages/oslo_service/backend/_threading/loopingcall.py:125}}
Jul 13 15:07:21.392206 np0000185006 nova-conductor[108677]: DEBUG dbcounter [-] [108677] Writing DB stats nova_api:SELECT=1 {{(pid=108677) stat_writer /opt/stack/data/venv/lib/python3.12/site-packages/dbcounter.py:115}}
Jul 13 15:07:21.567043 np0000185006 nova-conductor[108677]: DEBUG dbcounter [-] [108677] Writing DB stats nova_cell0:SELECT=1 {{(pid=108677) stat_writer /opt/stack/data/venv/lib/python3.12/site-packages/dbcounter.py:115}}
Jul 13 15:07:21.573384 np0000185006 nova-conductor[108677]: DEBUG dbcounter [-] [108677] Writing DB stats nova_cell1:SELECT=1 {{(pid=108677) stat_writer /opt/stack/data/venv/lib/python3.12/site-packages/dbcounter.py:115}}
Jul 13 15:07:27.948873 np0000185006 nova-conductor[109483]: DEBUG dbcounter [-] [109483] Writing DB stats nova_cell0:SELECT=4,nova_cell0:INSERT=1,nova_cell0:UPDATE=1 {{(pid=109483) stat_writer /opt/stack/data/venv/lib/python3.12/site-packages/dbcounter.py:115}}
Jul 13 15:07:27.949443 np0000185006 nova-conductor[109492]: DEBUG dbcounter [-] [109492] Writing DB stats nova_cell0:SELECT=5,nova_cell0:INSERT=1,nova_cell0:UPDATE=1 {{(pid=109492) stat_writer /opt/stack/data/venv/lib/python3.12/site-packages/dbcounter.py:115}}
Jul 13 15:07:27.950661 np0000185006 nova-conductor[109497]: DEBUG dbcounter [-] [109497] Writing DB stats nova_cell0:SELECT=4,nova_cell0:INSERT=1,nova_cell0:UPDATE=1 {{(pid=109497) stat_writer /opt/stack/data/venv/lib/python3.12/site-packages/dbcounter.py:115}}
Jul 13 15:07:27.951643 np0000185006 nova-conductor[109504]: DEBUG dbcounter [-] [109504] Writing DB stats nova_cell0:SELECT=3,nova_cell0:UPDATE=1 {{(pid=109504) stat_writer /opt/stack/data/venv/lib/python3.12/site-packages/dbcounter.py:115}}
Jul 13 15:07:35.933401 np0000185006 nova-conductor[109497]: DEBUG oslo.service.backend._threading.loopingcall [None req-20c34a55-673e-4bb6-9a9d-b461293da4ed None None] Dynamic interval looping call 'nova.service.Service.periodic_tasks' sleeping for 60.00 seconds {{(pid=109497) _run_loop /opt/stack/data/venv/lib/python3.12/site-packages/oslo_service/backend/_threading/loopingcall.py:125}}
Jul 13 15:07:46.924290 np0000185006 nova-conductor[109483]: DEBUG oslo.service.backend._threading.loopingcall [None req-88c34167-513f-4456-9732-826c501a700d None None] Dynamic interval looping call 'nova.service.Service.periodic_tasks' sleeping for 60.00 seconds {{(pid=109483) _run_loop /opt/stack/data/venv/lib/python3.12/site-packages/oslo_service/backend/_threading/loopingcall.py:125}}
Jul 13 15:07:52.929827 np0000185006 nova-conductor[109504]: DEBUG oslo.service.backend._threading.loopingcall [None req-9d1c349e-7126-429d-9a2d-11fa03bcf7ac None None] Dynamic interval looping call 'nova.service.Service.periodic_tasks' sleeping for 60.00 seconds {{(pid=109504) _run_loop /opt/stack/data/venv/lib/python3.12/site-packages/oslo_service/backend/_threading/loopingcall.py:125}}
Jul 13 15:08:05.923096 np0000185006 nova-conductor[109492]: DEBUG oslo.service.backend._threading.loopingcall [None req-16884676-3617-4f1f-ae56-2eb591625aa6 None None] Dynamic interval looping call 'nova.service.Service.periodic_tasks' sleeping for 60.00 seconds {{(pid=109492) _run_loop /opt/stack/data/venv/lib/python3.12/site-packages/oslo_service/backend/_threading/loopingcall.py:125}}
Jul 13 15:08:35.934109 np0000185006 nova-conductor[109497]: DEBUG oslo.service.backend._threading.loopingcall [None req-20c34a55-673e-4bb6-9a9d-b461293da4ed None None] Dynamic interval looping call 'nova.service.Service.periodic_tasks' sleeping for 60.00 seconds {{(pid=109497) _run_loop /opt/stack/data/venv/lib/python3.12/site-packages/oslo_service/backend/_threading/loopingcall.py:125}}
Jul 13 15:08:46.924919 np0000185006 nova-conductor[109483]: DEBUG oslo.service.backend._threading.loopingcall [None req-88c34167-513f-4456-9732-826c501a700d None None] Dynamic interval looping call 'nova.service.Service.periodic_tasks' sleeping for 60.00 seconds {{(pid=109483) _run_loop /opt/stack/data/venv/lib/python3.12/site-packages/oslo_service/backend/_threading/loopingcall.py:125}}
Jul 13 15:08:52.930864 np0000185006 nova-conductor[109504]: DEBUG oslo.service.backend._threading.loopingcall [None req-9d1c349e-7126-429d-9a2d-11fa03bcf7ac None None] Dynamic interval looping call 'nova.service.Service.periodic_tasks' sleeping for 60.00 seconds {{(pid=109504) _run_loop /opt/stack/data/venv/lib/python3.12/site-packages/oslo_service/backend/_threading/loopingcall.py:125}}
