Sep 23 05:11:21.583493 np0000193757 systemd[1]: Starting devstack@n-api-meta.service - Devstack devstack@n-api-meta.service...
Sep 23 05:11:21.595212 np0000193757 devstack@n-api-meta.service[107154]: [uWSGI] getting INI configuration from /etc/nova/nova-metadata-uwsgi.ini
Sep 23 05:11:21.599976 np0000193757 devstack@n-api-meta.service[107154]: *** Starting uWSGI 2.0.24-debian (64bit) on [Wed Sep 23 05:11:21 2026] ***
Sep 23 05:11:21.599976 np0000193757 devstack@n-api-meta.service[107154]: compiled with version: 13.2.0 on 17 April 2024 16:23:48
Sep 23 05:11:21.599976 np0000193757 devstack@n-api-meta.service[107154]: os: Linux-6.8.0-139-generic #139-Ubuntu SMP PREEMPT_DYNAMIC Sat Aug 1 03:52:05 UTC 2026
Sep 23 05:11:21.599976 np0000193757 devstack@n-api-meta.service[107154]: nodename: np0000193757
Sep 23 05:11:21.599976 np0000193757 devstack@n-api-meta.service[107154]: machine: x86_64
Sep 23 05:11:21.599976 np0000193757 devstack@n-api-meta.service[107154]: clock source: unix
Sep 23 05:11:21.599976 np0000193757 devstack@n-api-meta.service[107154]: pcre jit disabled
Sep 23 05:11:21.599976 np0000193757 devstack@n-api-meta.service[107154]: detected number of CPU cores: 16
Sep 23 05:11:21.599976 np0000193757 devstack@n-api-meta.service[107154]: current working directory: /
Sep 23 05:11:21.599976 np0000193757 devstack@n-api-meta.service[107154]: detected binary path: /usr/bin/uwsgi-core
Sep 23 05:11:21.599976 np0000193757 devstack@n-api-meta.service[107154]: your processes number limit is 256916
Sep 23 05:11:21.599976 np0000193757 devstack@n-api-meta.service[107154]: your memory page size is 4096 bytes
Sep 23 05:11:21.600264 np0000193757 devstack@n-api-meta.service[107154]: detected max file descriptor number: 2048
Sep 23 05:11:21.600264 np0000193757 devstack@n-api-meta.service[107154]: lock engine: pthread robust mutexes
Sep 23 05:11:21.600455 np0000193757 devstack@n-api-meta.service[107154]: thunder lock: enabled
Sep 23 05:11:21.600865 np0000193757 devstack@n-api-meta.service[107154]: uWSGI http bound on 0.0.0.0:8775 fd 5
Sep 23 05:11:21.600904 np0000193757 devstack@n-api-meta.service[107154]: uwsgi socket 0 bound to TCP address 127.0.0.1:38025 (port auto-assigned) fd 4
Sep 23 05:11:21.600997 np0000193757 devstack@n-api-meta.service[107154]: Python version: 3.12.3 (main, Aug 31 2026, 10:18:26) [GCC 13.3.0]
Sep 23 05:11:21.600997 np0000193757 devstack@n-api-meta.service[107154]: PEP 405 virtualenv detected: /opt/stack/data/venv
Sep 23 05:11:21.600997 np0000193757 devstack@n-api-meta.service[107154]: Set PythonHome to /opt/stack/data/venv
Sep 23 05:11:21.656234 np0000193757 devstack@n-api-meta.service[107154]: Python main interpreter initialized at 0x77032f4a4668
Sep 23 05:11:21.656234 np0000193757 devstack@n-api-meta.service[107154]: python threads support enabled
Sep 23 05:11:21.656234 np0000193757 devstack@n-api-meta.service[107154]: your server socket listen backlog is limited to 100 connections
Sep 23 05:11:21.656234 np0000193757 devstack@n-api-meta.service[107154]: your mercy for graceful operations on workers is 80 seconds
Sep 23 05:11:21.656835 np0000193757 devstack@n-api-meta.service[107154]: mapped 671795 bytes (656 KB) for 4 cores
Sep 23 05:11:21.656980 np0000193757 devstack@n-api-meta.service[107154]: *** Operational MODE: preforking ***
Sep 23 05:11:21.657314 np0000193757 devstack@n-api-meta.service[107154]: *** uWSGI is running in multiple interpreter mode ***
Sep 23 05:11:21.657314 np0000193757 devstack@n-api-meta.service[107154]: spawned uWSGI master process (pid: 107154)
Sep 23 05:11:21.657457 np0000193757 systemd[1]: Started devstack@n-api-meta.service - Devstack devstack@n-api-meta.service.
Sep 23 05:11:21.658315 np0000193757 devstack@n-api-meta.service[107154]: spawned uWSGI worker 1 (pid: 107160, cores: 1)
Sep 23 05:11:21.658899 np0000193757 devstack@n-api-meta.service[107154]: spawned uWSGI worker 2 (pid: 107161, cores: 1)
Sep 23 05:11:21.659469 np0000193757 devstack@n-api-meta.service[107154]: spawned uWSGI worker 3 (pid: 107162, cores: 1)
Sep 23 05:11:21.660214 np0000193757 devstack@n-api-meta.service[107154]: spawned uWSGI worker 4 (pid: 107163, cores: 1)
Sep 23 05:11:21.660674 np0000193757 devstack@n-api-meta.service[107154]: spawned uWSGI http 1 (pid: 107164)
Sep 23 05:11:21.660674 np0000193757 devstack@n-api-meta.service[107154]: running "unix_signal:15 gracefully_kill_them_all" (master-start)...
Sep 23 05:11:23.301060 np0000193757 devstack@n-api-meta.service[107163]: INFO dbcounter [None req-deaf8100-149d-400a-91fb-7036397ebc63 None None] Registered counter for database nova_api
Sep 23 05:11:23.310755 np0000193757 devstack@n-api-meta.service[107160]: INFO dbcounter [None req-9c799bd9-d9a2-4ffa-9061-c1fbc28e000b None None] Registered counter for database nova_api
Sep 23 05:11:23.348343 np0000193757 devstack@n-api-meta.service[107163]: DEBUG oslo_db.sqlalchemy.engines [None req-deaf8100-149d-400a-91fb-7036397ebc63 None None] MySQL server mode set to STRICT_TRANS_TABLES,STRICT_ALL_TABLES,NO_ZERO_IN_DATE,NO_ZERO_DATE,ERROR_FOR_DIVISION_BY_ZERO,TRADITIONAL,NO_ENGINE_SUBSTITUTION {{(pid=107163) _check_effective_sql_mode /opt/stack/data/venv/lib/python3.12/site-packages/oslo_db/sqlalchemy/engines.py:325}}
Sep 23 05:11:23.364541 np0000193757 devstack@n-api-meta.service[107161]: INFO dbcounter [None req-b5b83ec2-4c86-4439-b271-b5852f6759a8 None None] Registered counter for database nova_api
Sep 23 05:11:23.377714 np0000193757 devstack@n-api-meta.service[107163]: DEBUG dbcounter [-] [107163] Writer thread running {{(pid=107163) stat_writer /opt/stack/data/venv/lib/python3.12/site-packages/dbcounter.py:102}}
Sep 23 05:11:23.380233 np0000193757 devstack@n-api-meta.service[107163]: DEBUG nova.context [None req-deaf8100-149d-400a-91fb-7036397ebc63 None None] Found 2 cells: 00000000-0000-0000-0000-000000000000(cell0),a97f5f2f-f3ce-4604-a11c-bd22a38019f5(cell1) {{(pid=107163) load_cells /opt/stack/nova/nova/context.py:532}}
Sep 23 05:11:23.382116 np0000193757 devstack@n-api-meta.service[107163]: DEBUG oslo_concurrency.lockutils [None req-deaf8100-149d-400a-91fb-7036397ebc63 None None] Acquiring lock "00000000-0000-0000-0000-000000000000" by "nova.context.set_target_cell..get_or_set_cached_cell_and_set_connections" {{(pid=107163) inner /opt/stack/data/venv/lib/python3.12/site-packages/oslo_concurrency/lockutils.py:512}}
Sep 23 05:11:23.382193 np0000193757 devstack@n-api-meta.service[107160]: DEBUG oslo_db.sqlalchemy.engines [None req-9c799bd9-d9a2-4ffa-9061-c1fbc28e000b None None] MySQL server mode set to STRICT_TRANS_TABLES,STRICT_ALL_TABLES,NO_ZERO_IN_DATE,NO_ZERO_DATE,ERROR_FOR_DIVISION_BY_ZERO,TRADITIONAL,NO_ENGINE_SUBSTITUTION {{(pid=107160) _check_effective_sql_mode /opt/stack/data/venv/lib/python3.12/site-packages/oslo_db/sqlalchemy/engines.py:325}}
Sep 23 05:11:23.382279 np0000193757 devstack@n-api-meta.service[107163]: DEBUG oslo_concurrency.lockutils [None req-deaf8100-149d-400a-91fb-7036397ebc63 None None] Lock "00000000-0000-0000-0000-000000000000" acquired by "nova.context.set_target_cell..get_or_set_cached_cell_and_set_connections" :: waited 0.000s {{(pid=107163) inner /opt/stack/data/venv/lib/python3.12/site-packages/oslo_concurrency/lockutils.py:525}}
Sep 23 05:11:23.382657 np0000193757 devstack@n-api-meta.service[107163]: DEBUG oslo_concurrency.lockutils [None req-deaf8100-149d-400a-91fb-7036397ebc63 None None] Lock "00000000-0000-0000-0000-000000000000" "released" by "nova.context.set_target_cell..get_or_set_cached_cell_and_set_connections" :: held 0.000s {{(pid=107163) inner /opt/stack/data/venv/lib/python3.12/site-packages/oslo_concurrency/lockutils.py:544}}
Sep 23 05:11:23.382888 np0000193757 devstack@n-api-meta.service[107163]: INFO nova.thread_pool_factory [None req-deaf8100-149d-400a-91fb-7036397ebc63 None None] The cell_worker thread pool MainProcess.cell_worker is initialized
Sep 23 05:11:23.383689 np0000193757 devstack@n-api-meta.service[107163]: DEBUG oslo_concurrency.lockutils [None req-deaf8100-149d-400a-91fb-7036397ebc63 None None] Acquiring lock "a97f5f2f-f3ce-4604-a11c-bd22a38019f5" by "nova.context.set_target_cell..get_or_set_cached_cell_and_set_connections" {{(pid=107163) inner /opt/stack/data/venv/lib/python3.12/site-packages/oslo_concurrency/lockutils.py:512}}
Sep 23 05:11:23.383806 np0000193757 devstack@n-api-meta.service[107163]: DEBUG oslo_concurrency.lockutils [None req-deaf8100-149d-400a-91fb-7036397ebc63 None None] Lock "a97f5f2f-f3ce-4604-a11c-bd22a38019f5" acquired by "nova.context.set_target_cell..get_or_set_cached_cell_and_set_connections" :: waited 0.000s {{(pid=107163) inner /opt/stack/data/venv/lib/python3.12/site-packages/oslo_concurrency/lockutils.py:525}}
Sep 23 05:11:23.384651 np0000193757 devstack@n-api-meta.service[107163]: DEBUG oslo_concurrency.lockutils [None req-deaf8100-149d-400a-91fb-7036397ebc63 None None] Lock "a97f5f2f-f3ce-4604-a11c-bd22a38019f5" "released" by "nova.context.set_target_cell..get_or_set_cached_cell_and_set_connections" :: held 0.001s {{(pid=107163) inner /opt/stack/data/venv/lib/python3.12/site-packages/oslo_concurrency/lockutils.py:544}}
Sep 23 05:11:23.388912 np0000193757 devstack@n-api-meta.service[107163]: INFO dbcounter [None req-deaf8100-149d-400a-91fb-7036397ebc63 None None] Registered counter for database nova_cell0
Sep 23 05:11:23.393398 np0000193757 devstack@n-api-meta.service[107163]: INFO dbcounter [None req-deaf8100-149d-400a-91fb-7036397ebc63 None None] Registered counter for database nova_cell1
Sep 23 05:11:23.412546 np0000193757 devstack@n-api-meta.service[107161]: DEBUG oslo_db.sqlalchemy.engines [None req-b5b83ec2-4c86-4439-b271-b5852f6759a8 None None] MySQL server mode set to STRICT_TRANS_TABLES,STRICT_ALL_TABLES,NO_ZERO_IN_DATE,NO_ZERO_DATE,ERROR_FOR_DIVISION_BY_ZERO,TRADITIONAL,NO_ENGINE_SUBSTITUTION {{(pid=107161) _check_effective_sql_mode /opt/stack/data/venv/lib/python3.12/site-packages/oslo_db/sqlalchemy/engines.py:325}}
Sep 23 05:11:23.416983 np0000193757 devstack@n-api-meta.service[107162]: INFO dbcounter [None req-6e503619-0b7f-48c3-ac7a-e1af037d05a9 None None] Registered counter for database nova_api
Sep 23 05:11:23.427902 np0000193757 devstack@n-api-meta.service[107160]: DEBUG dbcounter [-] [107160] Writer thread running {{(pid=107160) stat_writer /opt/stack/data/venv/lib/python3.12/site-packages/dbcounter.py:102}}
Sep 23 05:11:23.432257 np0000193757 devstack@n-api-meta.service[107160]: DEBUG nova.context [None req-9c799bd9-d9a2-4ffa-9061-c1fbc28e000b None None] Found 2 cells: 00000000-0000-0000-0000-000000000000(cell0),a97f5f2f-f3ce-4604-a11c-bd22a38019f5(cell1) {{(pid=107160) load_cells /opt/stack/nova/nova/context.py:532}}
Sep 23 05:11:23.432992 np0000193757 devstack@n-api-meta.service[107160]: DEBUG oslo_concurrency.lockutils [None req-9c799bd9-d9a2-4ffa-9061-c1fbc28e000b None None] Acquiring lock "00000000-0000-0000-0000-000000000000" by "nova.context.set_target_cell..get_or_set_cached_cell_and_set_connections" {{(pid=107160) inner /opt/stack/data/venv/lib/python3.12/site-packages/oslo_concurrency/lockutils.py:512}}
Sep 23 05:11:23.433175 np0000193757 devstack@n-api-meta.service[107160]: DEBUG oslo_concurrency.lockutils [None req-9c799bd9-d9a2-4ffa-9061-c1fbc28e000b None None] Lock "00000000-0000-0000-0000-000000000000" acquired by "nova.context.set_target_cell..get_or_set_cached_cell_and_set_connections" :: waited 0.000s {{(pid=107160) inner /opt/stack/data/venv/lib/python3.12/site-packages/oslo_concurrency/lockutils.py:525}}
Sep 23 05:11:23.433564 np0000193757 devstack@n-api-meta.service[107160]: DEBUG oslo_concurrency.lockutils [None req-9c799bd9-d9a2-4ffa-9061-c1fbc28e000b None None] Lock "00000000-0000-0000-0000-000000000000" "released" by "nova.context.set_target_cell..get_or_set_cached_cell_and_set_connections" :: held 0.000s {{(pid=107160) inner /opt/stack/data/venv/lib/python3.12/site-packages/oslo_concurrency/lockutils.py:544}}
Sep 23 05:11:23.433838 np0000193757 devstack@n-api-meta.service[107160]: INFO nova.thread_pool_factory [None req-9c799bd9-d9a2-4ffa-9061-c1fbc28e000b None None] The cell_worker thread pool MainProcess.cell_worker is initialized
Sep 23 05:11:23.434715 np0000193757 devstack@n-api-meta.service[107160]: DEBUG oslo_concurrency.lockutils [None req-9c799bd9-d9a2-4ffa-9061-c1fbc28e000b None None] Acquiring lock "a97f5f2f-f3ce-4604-a11c-bd22a38019f5" by "nova.context.set_target_cell..get_or_set_cached_cell_and_set_connections" {{(pid=107160) inner /opt/stack/data/venv/lib/python3.12/site-packages/oslo_concurrency/lockutils.py:512}}
Sep 23 05:11:23.434854 np0000193757 devstack@n-api-meta.service[107160]: DEBUG oslo_concurrency.lockutils [None req-9c799bd9-d9a2-4ffa-9061-c1fbc28e000b None None] Lock "a97f5f2f-f3ce-4604-a11c-bd22a38019f5" acquired by "nova.context.set_target_cell..get_or_set_cached_cell_and_set_connections" :: waited 0.000s {{(pid=107160) inner /opt/stack/data/venv/lib/python3.12/site-packages/oslo_concurrency/lockutils.py:525}}
Sep 23 05:11:23.435843 np0000193757 devstack@n-api-meta.service[107160]: DEBUG oslo_concurrency.lockutils [None req-9c799bd9-d9a2-4ffa-9061-c1fbc28e000b None None] Lock "a97f5f2f-f3ce-4604-a11c-bd22a38019f5" "released" by "nova.context.set_target_cell..get_or_set_cached_cell_and_set_connections" :: held 0.001s {{(pid=107160) inner /opt/stack/data/venv/lib/python3.12/site-packages/oslo_concurrency/lockutils.py:544}}
Sep 23 05:11:23.439708 np0000193757 devstack@n-api-meta.service[107160]: INFO dbcounter [None req-9c799bd9-d9a2-4ffa-9061-c1fbc28e000b None None] Registered counter for database nova_cell0
Sep 23 05:11:23.442067 np0000193757 devstack@n-api-meta.service[107161]: DEBUG dbcounter [-] [107161] Writer thread running {{(pid=107161) stat_writer /opt/stack/data/venv/lib/python3.12/site-packages/dbcounter.py:102}}
Sep 23 05:11:23.445858 np0000193757 devstack@n-api-meta.service[107161]: DEBUG nova.context [None req-b5b83ec2-4c86-4439-b271-b5852f6759a8 None None] Found 2 cells: 00000000-0000-0000-0000-000000000000(cell0),a97f5f2f-f3ce-4604-a11c-bd22a38019f5(cell1) {{(pid=107161) load_cells /opt/stack/nova/nova/context.py:532}}
Sep 23 05:11:23.446423 np0000193757 devstack@n-api-meta.service[107160]: INFO dbcounter [None req-9c799bd9-d9a2-4ffa-9061-c1fbc28e000b None None] Registered counter for database nova_cell1
Sep 23 05:11:23.446509 np0000193757 devstack@n-api-meta.service[107161]: DEBUG oslo_concurrency.lockutils [None req-b5b83ec2-4c86-4439-b271-b5852f6759a8 None None] Acquiring lock "00000000-0000-0000-0000-000000000000" by "nova.context.set_target_cell..get_or_set_cached_cell_and_set_connections" {{(pid=107161) inner /opt/stack/data/venv/lib/python3.12/site-packages/oslo_concurrency/lockutils.py:512}}
Sep 23 05:11:23.446509 np0000193757 devstack@n-api-meta.service[107161]: DEBUG oslo_concurrency.lockutils [None req-b5b83ec2-4c86-4439-b271-b5852f6759a8 None None] Lock "00000000-0000-0000-0000-000000000000" acquired by "nova.context.set_target_cell..get_or_set_cached_cell_and_set_connections" :: waited 0.000s {{(pid=107161) inner /opt/stack/data/venv/lib/python3.12/site-packages/oslo_concurrency/lockutils.py:525}}
Sep 23 05:11:23.446901 np0000193757 devstack@n-api-meta.service[107161]: DEBUG oslo_concurrency.lockutils [None req-b5b83ec2-4c86-4439-b271-b5852f6759a8 None None] Lock "00000000-0000-0000-0000-000000000000" "released" by "nova.context.set_target_cell..get_or_set_cached_cell_and_set_connections" :: held 0.000s {{(pid=107161) inner /opt/stack/data/venv/lib/python3.12/site-packages/oslo_concurrency/lockutils.py:544}}
Sep 23 05:11:23.447138 np0000193757 devstack@n-api-meta.service[107161]: INFO nova.thread_pool_factory [None req-b5b83ec2-4c86-4439-b271-b5852f6759a8 None None] The cell_worker thread pool MainProcess.cell_worker is initialized
Sep 23 05:11:23.447880 np0000193757 devstack@n-api-meta.service[107161]: DEBUG oslo_concurrency.lockutils [None req-b5b83ec2-4c86-4439-b271-b5852f6759a8 None None] Acquiring lock "a97f5f2f-f3ce-4604-a11c-bd22a38019f5" by "nova.context.set_target_cell..get_or_set_cached_cell_and_set_connections" {{(pid=107161) inner /opt/stack/data/venv/lib/python3.12/site-packages/oslo_concurrency/lockutils.py:512}}
Sep 23 05:11:23.448014 np0000193757 devstack@n-api-meta.service[107161]: DEBUG oslo_concurrency.lockutils [None req-b5b83ec2-4c86-4439-b271-b5852f6759a8 None None] Lock "a97f5f2f-f3ce-4604-a11c-bd22a38019f5" acquired by "nova.context.set_target_cell..get_or_set_cached_cell_and_set_connections" :: waited 0.000s {{(pid=107161) inner /opt/stack/data/venv/lib/python3.12/site-packages/oslo_concurrency/lockutils.py:525}}
Sep 23 05:11:23.448875 np0000193757 devstack@n-api-meta.service[107161]: DEBUG oslo_concurrency.lockutils [None req-b5b83ec2-4c86-4439-b271-b5852f6759a8 None None] Lock "a97f5f2f-f3ce-4604-a11c-bd22a38019f5" "released" by "nova.context.set_target_cell..get_or_set_cached_cell_and_set_connections" :: held 0.001s {{(pid=107161) inner /opt/stack/data/venv/lib/python3.12/site-packages/oslo_concurrency/lockutils.py:544}}
Sep 23 05:11:23.454021 np0000193757 devstack@n-api-meta.service[107161]: INFO dbcounter [None req-b5b83ec2-4c86-4439-b271-b5852f6759a8 None None] Registered counter for database nova_cell0
Sep 23 05:11:23.460118 np0000193757 devstack@n-api-meta.service[107161]: INFO dbcounter [None req-b5b83ec2-4c86-4439-b271-b5852f6759a8 None None] Registered counter for database nova_cell1
Sep 23 05:11:23.465585 np0000193757 devstack@n-api-meta.service[107162]: DEBUG oslo_db.sqlalchemy.engines [None req-6e503619-0b7f-48c3-ac7a-e1af037d05a9 None None] MySQL server mode set to STRICT_TRANS_TABLES,STRICT_ALL_TABLES,NO_ZERO_IN_DATE,NO_ZERO_DATE,ERROR_FOR_DIVISION_BY_ZERO,TRADITIONAL,NO_ENGINE_SUBSTITUTION {{(pid=107162) _check_effective_sql_mode /opt/stack/data/venv/lib/python3.12/site-packages/oslo_db/sqlalchemy/engines.py:325}}
Sep 23 05:11:23.482002 np0000193757 devstack@n-api-meta.service[107163]: DEBUG oslo_db.sqlalchemy.engines [None req-deaf8100-149d-400a-91fb-7036397ebc63 None None] MySQL server mode set to STRICT_TRANS_TABLES,STRICT_ALL_TABLES,NO_ZERO_IN_DATE,NO_ZERO_DATE,ERROR_FOR_DIVISION_BY_ZERO,TRADITIONAL,NO_ENGINE_SUBSTITUTION {{(pid=107163) _check_effective_sql_mode /opt/stack/data/venv/lib/python3.12/site-packages/oslo_db/sqlalchemy/engines.py:325}}
Sep 23 05:11:23.487893 np0000193757 devstack@n-api-meta.service[107163]: DEBUG oslo_db.sqlalchemy.engines [None req-deaf8100-149d-400a-91fb-7036397ebc63 None None] MySQL server mode set to STRICT_TRANS_TABLES,STRICT_ALL_TABLES,NO_ZERO_IN_DATE,NO_ZERO_DATE,ERROR_FOR_DIVISION_BY_ZERO,TRADITIONAL,NO_ENGINE_SUBSTITUTION {{(pid=107163) _check_effective_sql_mode /opt/stack/data/venv/lib/python3.12/site-packages/oslo_db/sqlalchemy/engines.py:325}}
Sep 23 05:11:23.496823 np0000193757 devstack@n-api-meta.service[107162]: DEBUG dbcounter [-] [107162] Writer thread running {{(pid=107162) stat_writer /opt/stack/data/venv/lib/python3.12/site-packages/dbcounter.py:102}}
Sep 23 05:11:23.499393 np0000193757 devstack@n-api-meta.service[107162]: DEBUG nova.context [None req-6e503619-0b7f-48c3-ac7a-e1af037d05a9 None None] Found 2 cells: 00000000-0000-0000-0000-000000000000(cell0),a97f5f2f-f3ce-4604-a11c-bd22a38019f5(cell1) {{(pid=107162) load_cells /opt/stack/nova/nova/context.py:532}}
Sep 23 05:11:23.501267 np0000193757 devstack@n-api-meta.service[107162]: DEBUG oslo_concurrency.lockutils [None req-6e503619-0b7f-48c3-ac7a-e1af037d05a9 None None] Acquiring lock "00000000-0000-0000-0000-000000000000" by "nova.context.set_target_cell..get_or_set_cached_cell_and_set_connections" {{(pid=107162) inner /opt/stack/data/venv/lib/python3.12/site-packages/oslo_concurrency/lockutils.py:512}}
Sep 23 05:11:23.501420 np0000193757 devstack@n-api-meta.service[107162]: DEBUG oslo_concurrency.lockutils [None req-6e503619-0b7f-48c3-ac7a-e1af037d05a9 None None] Lock "00000000-0000-0000-0000-000000000000" acquired by "nova.context.set_target_cell..get_or_set_cached_cell_and_set_connections" :: waited 0.000s {{(pid=107162) inner /opt/stack/data/venv/lib/python3.12/site-packages/oslo_concurrency/lockutils.py:525}}
Sep 23 05:11:23.501821 np0000193757 devstack@n-api-meta.service[107162]: DEBUG oslo_concurrency.lockutils [None req-6e503619-0b7f-48c3-ac7a-e1af037d05a9 None None] Lock "00000000-0000-0000-0000-000000000000" "released" by "nova.context.set_target_cell..get_or_set_cached_cell_and_set_connections" :: held 0.000s {{(pid=107162) inner /opt/stack/data/venv/lib/python3.12/site-packages/oslo_concurrency/lockutils.py:544}}
Sep 23 05:11:23.502083 np0000193757 devstack@n-api-meta.service[107162]: INFO nova.thread_pool_factory [None req-6e503619-0b7f-48c3-ac7a-e1af037d05a9 None None] The cell_worker thread pool MainProcess.cell_worker is initialized
Sep 23 05:11:23.502789 np0000193757 devstack@n-api-meta.service[107162]: DEBUG oslo_concurrency.lockutils [None req-6e503619-0b7f-48c3-ac7a-e1af037d05a9 None None] Acquiring lock "a97f5f2f-f3ce-4604-a11c-bd22a38019f5" by "nova.context.set_target_cell..get_or_set_cached_cell_and_set_connections" {{(pid=107162) inner /opt/stack/data/venv/lib/python3.12/site-packages/oslo_concurrency/lockutils.py:512}}
Sep 23 05:11:23.502926 np0000193757 devstack@n-api-meta.service[107162]: DEBUG oslo_concurrency.lockutils [None req-6e503619-0b7f-48c3-ac7a-e1af037d05a9 None None] Lock "a97f5f2f-f3ce-4604-a11c-bd22a38019f5" acquired by "nova.context.set_target_cell..get_or_set_cached_cell_and_set_connections" :: waited 0.000s {{(pid=107162) inner /opt/stack/data/venv/lib/python3.12/site-packages/oslo_concurrency/lockutils.py:525}}
Sep 23 05:11:23.503787 np0000193757 devstack@n-api-meta.service[107162]: DEBUG oslo_concurrency.lockutils [None req-6e503619-0b7f-48c3-ac7a-e1af037d05a9 None None] Lock "a97f5f2f-f3ce-4604-a11c-bd22a38019f5" "released" by "nova.context.set_target_cell..get_or_set_cached_cell_and_set_connections" :: held 0.001s {{(pid=107162) inner /opt/stack/data/venv/lib/python3.12/site-packages/oslo_concurrency/lockutils.py:544}}
Sep 23 05:11:23.507146 np0000193757 devstack@n-api-meta.service[107162]: INFO dbcounter [None req-6e503619-0b7f-48c3-ac7a-e1af037d05a9 None None] Registered counter for database nova_cell0
Sep 23 05:11:23.512976 np0000193757 devstack@n-api-meta.service[107162]: INFO dbcounter [None req-6e503619-0b7f-48c3-ac7a-e1af037d05a9 None None] Registered counter for database nova_cell1
Sep 23 05:11:23.523045 np0000193757 devstack@n-api-meta.service[107160]: DEBUG oslo_db.sqlalchemy.engines [None req-9c799bd9-d9a2-4ffa-9061-c1fbc28e000b None None] MySQL server mode set to STRICT_TRANS_TABLES,STRICT_ALL_TABLES,NO_ZERO_IN_DATE,NO_ZERO_DATE,ERROR_FOR_DIVISION_BY_ZERO,TRADITIONAL,NO_ENGINE_SUBSTITUTION {{(pid=107160) _check_effective_sql_mode /opt/stack/data/venv/lib/python3.12/site-packages/oslo_db/sqlalchemy/engines.py:325}}
Sep 23 05:11:23.534012 np0000193757 devstack@n-api-meta.service[107160]: DEBUG oslo_db.sqlalchemy.engines [None req-9c799bd9-d9a2-4ffa-9061-c1fbc28e000b None None] MySQL server mode set to STRICT_TRANS_TABLES,STRICT_ALL_TABLES,NO_ZERO_IN_DATE,NO_ZERO_DATE,ERROR_FOR_DIVISION_BY_ZERO,TRADITIONAL,NO_ENGINE_SUBSTITUTION {{(pid=107160) _check_effective_sql_mode /opt/stack/data/venv/lib/python3.12/site-packages/oslo_db/sqlalchemy/engines.py:325}}
Sep 23 05:11:23.545418 np0000193757 devstack@n-api-meta.service[107161]: DEBUG oslo_db.sqlalchemy.engines [None req-b5b83ec2-4c86-4439-b271-b5852f6759a8 None None] MySQL server mode set to STRICT_TRANS_TABLES,STRICT_ALL_TABLES,NO_ZERO_IN_DATE,NO_ZERO_DATE,ERROR_FOR_DIVISION_BY_ZERO,TRADITIONAL,NO_ENGINE_SUBSTITUTION {{(pid=107161) _check_effective_sql_mode /opt/stack/data/venv/lib/python3.12/site-packages/oslo_db/sqlalchemy/engines.py:325}}
Sep 23 05:11:23.556702 np0000193757 devstack@n-api-meta.service[107161]: DEBUG oslo_db.sqlalchemy.engines [None req-b5b83ec2-4c86-4439-b271-b5852f6759a8 None None] MySQL server mode set to STRICT_TRANS_TABLES,STRICT_ALL_TABLES,NO_ZERO_IN_DATE,NO_ZERO_DATE,ERROR_FOR_DIVISION_BY_ZERO,TRADITIONAL,NO_ENGINE_SUBSTITUTION {{(pid=107161) _check_effective_sql_mode /opt/stack/data/venv/lib/python3.12/site-packages/oslo_db/sqlalchemy/engines.py:325}}
Sep 23 05:11:23.571150 np0000193757 devstack@n-api-meta.service[107163]: DEBUG dbcounter [-] [107163] Writer thread running {{(pid=107163) stat_writer /opt/stack/data/venv/lib/python3.12/site-packages/dbcounter.py:102}}
Sep 23 05:11:23.578139 np0000193757 devstack@n-api-meta.service[107163]: DEBUG dbcounter [-] [107163] Writer thread running {{(pid=107163) stat_writer /opt/stack/data/venv/lib/python3.12/site-packages/dbcounter.py:102}}
Sep 23 05:11:23.584662 np0000193757 devstack@n-api-meta.service[107163]: INFO dbcounter [None req-deaf8100-149d-400a-91fb-7036397ebc63 None None] Registered counter for database nova_cell0
Sep 23 05:11:23.590929 np0000193757 devstack@n-api-meta.service[107162]: DEBUG oslo_db.sqlalchemy.engines [None req-6e503619-0b7f-48c3-ac7a-e1af037d05a9 None None] MySQL server mode set to STRICT_TRANS_TABLES,STRICT_ALL_TABLES,NO_ZERO_IN_DATE,NO_ZERO_DATE,ERROR_FOR_DIVISION_BY_ZERO,TRADITIONAL,NO_ENGINE_SUBSTITUTION {{(pid=107162) _check_effective_sql_mode /opt/stack/data/venv/lib/python3.12/site-packages/oslo_db/sqlalchemy/engines.py:325}}
Sep 23 05:11:23.607200 np0000193757 devstack@n-api-meta.service[107160]: DEBUG dbcounter [-] [107160] Writer thread running {{(pid=107160) stat_writer /opt/stack/data/venv/lib/python3.12/site-packages/dbcounter.py:102}}
Sep 23 05:11:23.607313 np0000193757 devstack@n-api-meta.service[107162]: DEBUG oslo_db.sqlalchemy.engines [None req-6e503619-0b7f-48c3-ac7a-e1af037d05a9 None None] MySQL server mode set to STRICT_TRANS_TABLES,STRICT_ALL_TABLES,NO_ZERO_IN_DATE,NO_ZERO_DATE,ERROR_FOR_DIVISION_BY_ZERO,TRADITIONAL,NO_ENGINE_SUBSTITUTION {{(pid=107162) _check_effective_sql_mode /opt/stack/data/venv/lib/python3.12/site-packages/oslo_db/sqlalchemy/engines.py:325}}
Sep 23 05:11:23.619047 np0000193757 devstack@n-api-meta.service[107160]: DEBUG dbcounter [-] [107160] Writer thread running {{(pid=107160) stat_writer /opt/stack/data/venv/lib/python3.12/site-packages/dbcounter.py:102}}
Sep 23 05:11:23.625711 np0000193757 devstack@n-api-meta.service[107160]: INFO dbcounter [None req-9c799bd9-d9a2-4ffa-9061-c1fbc28e000b None None] Registered counter for database nova_cell0
Sep 23 05:11:23.635861 np0000193757 devstack@n-api-meta.service[107161]: DEBUG dbcounter [-] [107161] Writer thread running {{(pid=107161) stat_writer /opt/stack/data/venv/lib/python3.12/site-packages/dbcounter.py:102}}
Sep 23 05:11:23.642888 np0000193757 devstack@n-api-meta.service[107161]: DEBUG dbcounter [-] [107161] Writer thread running {{(pid=107161) stat_writer /opt/stack/data/venv/lib/python3.12/site-packages/dbcounter.py:102}}
Sep 23 05:11:23.657509 np0000193757 devstack@n-api-meta.service[107163]: DEBUG oslo_db.sqlalchemy.engines [None req-deaf8100-149d-400a-91fb-7036397ebc63 None None] MySQL server mode set to STRICT_TRANS_TABLES,STRICT_ALL_TABLES,NO_ZERO_IN_DATE,NO_ZERO_DATE,ERROR_FOR_DIVISION_BY_ZERO,TRADITIONAL,NO_ENGINE_SUBSTITUTION {{(pid=107163) _check_effective_sql_mode /opt/stack/data/venv/lib/python3.12/site-packages/oslo_db/sqlalchemy/engines.py:325}}
Sep 23 05:11:23.658144 np0000193757 devstack@n-api-meta.service[107161]: INFO dbcounter [None req-b5b83ec2-4c86-4439-b271-b5852f6759a8 None None] Registered counter for database nova_cell0
Sep 23 05:11:23.672391 np0000193757 devstack@n-api-meta.service[107163]: DEBUG dbcounter [-] [107163] Writer thread running {{(pid=107163) stat_writer /opt/stack/data/venv/lib/python3.12/site-packages/dbcounter.py:102}}
Sep 23 05:11:23.685377 np0000193757 devstack@n-api-meta.service[107162]: DEBUG dbcounter [-] [107162] Writer thread running {{(pid=107162) stat_writer /opt/stack/data/venv/lib/python3.12/site-packages/dbcounter.py:102}}
Sep 23 05:11:23.694641 np0000193757 devstack@n-api-meta.service[107160]: DEBUG oslo_db.sqlalchemy.engines [None req-9c799bd9-d9a2-4ffa-9061-c1fbc28e000b None None] MySQL server mode set to STRICT_TRANS_TABLES,STRICT_ALL_TABLES,NO_ZERO_IN_DATE,NO_ZERO_DATE,ERROR_FOR_DIVISION_BY_ZERO,TRADITIONAL,NO_ENGINE_SUBSTITUTION {{(pid=107160) _check_effective_sql_mode /opt/stack/data/venv/lib/python3.12/site-packages/oslo_db/sqlalchemy/engines.py:325}}
Sep 23 05:11:23.699700 np0000193757 devstack@n-api-meta.service[107162]: DEBUG dbcounter [-] [107162] Writer thread running {{(pid=107162) stat_writer /opt/stack/data/venv/lib/python3.12/site-packages/dbcounter.py:102}}
Sep 23 05:11:23.705360 np0000193757 devstack@n-api-meta.service[107162]: INFO dbcounter [None req-6e503619-0b7f-48c3-ac7a-e1af037d05a9 None None] Registered counter for database nova_cell0
Sep 23 05:11:23.708055 np0000193757 devstack@n-api-meta.service[107160]: DEBUG dbcounter [-] [107160] Writer thread running {{(pid=107160) stat_writer /opt/stack/data/venv/lib/python3.12/site-packages/dbcounter.py:102}}
Sep 23 05:11:23.737186 np0000193757 devstack@n-api-meta.service[107161]: DEBUG oslo_db.sqlalchemy.engines [None req-b5b83ec2-4c86-4439-b271-b5852f6759a8 None None] MySQL server mode set to STRICT_TRANS_TABLES,STRICT_ALL_TABLES,NO_ZERO_IN_DATE,NO_ZERO_DATE,ERROR_FOR_DIVISION_BY_ZERO,TRADITIONAL,NO_ENGINE_SUBSTITUTION {{(pid=107161) _check_effective_sql_mode /opt/stack/data/venv/lib/python3.12/site-packages/oslo_db/sqlalchemy/engines.py:325}}
Sep 23 05:11:23.740604 np0000193757 devstack@n-api-meta.service[107163]: WARNING nova.api.metadata.handler [None req-deaf8100-149d-400a-91fb-7036397ebc63 None None] metadata_proxy_shared_secret is not configured, the metadata information returned by the proxy cannot be trusted
Sep 23 05:11:23.743110 np0000193757 devstack@n-api-meta.service[107163]: DEBUG nova.api.openstack.wsgi_app [None req-deaf8100-149d-400a-91fb-7036397ebc63 None None] ******************************************************************************** {{(pid=107163) log_opt_values /opt/stack/data/venv/lib/python3.12/site-packages/oslo_config/cfg.py:3533}}
Sep 23 05:11:23.743239 np0000193757 devstack@n-api-meta.service[107163]: DEBUG nova.api.openstack.wsgi_app [None req-deaf8100-149d-400a-91fb-7036397ebc63 None None] Configuration options gathered from: {{(pid=107163) log_opt_values /opt/stack/data/venv/lib/python3.12/site-packages/oslo_config/cfg.py:3534}}
Sep 23 05:11:23.743335 np0000193757 devstack@n-api-meta.service[107163]: DEBUG nova.api.openstack.wsgi_app [None req-deaf8100-149d-400a-91fb-7036397ebc63 None None] command line args: [] {{(pid=107163) log_opt_values /opt/stack/data/venv/lib/python3.12/site-packages/oslo_config/cfg.py:3535}}
Sep 23 05:11:23.743462 np0000193757 devstack@n-api-meta.service[107163]: DEBUG nova.api.openstack.wsgi_app [None req-deaf8100-149d-400a-91fb-7036397ebc63 None None] config files: ['/etc/nova/api-paste.ini', '/etc/nova/nova.conf'] {{(pid=107163) log_opt_values /opt/stack/data/venv/lib/python3.12/site-packages/oslo_config/cfg.py:3536}}
Sep 23 05:11:23.743543 np0000193757 devstack@n-api-meta.service[107163]: DEBUG nova.api.openstack.wsgi_app [None req-deaf8100-149d-400a-91fb-7036397ebc63 None None] ================================================================================ {{(pid=107163) log_opt_values /opt/stack/data/venv/lib/python3.12/site-packages/oslo_config/cfg.py:3541}}
Sep 23 05:11:23.743760 np0000193757 devstack@n-api-meta.service[107163]: DEBUG nova.api.openstack.wsgi_app [None req-deaf8100-149d-400a-91fb-7036397ebc63 None None] allow_resize_to_same_host = True {{(pid=107163) log_opt_values /opt/stack/data/venv/lib/python3.12/site-packages/oslo_config/cfg.py:3549}}
Sep 23 05:11:23.743872 np0000193757 devstack@n-api-meta.service[107163]: DEBUG nova.api.openstack.wsgi_app [None req-deaf8100-149d-400a-91fb-7036397ebc63 None None] arq_binding_timeout = 300 {{(pid=107163) log_opt_values /opt/stack/data/venv/lib/python3.12/site-packages/oslo_config/cfg.py:3549}}
Sep 23 05:11:23.744032 np0000193757 devstack@n-api-meta.service[107163]: DEBUG nova.api.openstack.wsgi_app [None req-deaf8100-149d-400a-91fb-7036397ebc63 None None] block_device_allocate_retries = 60 {{(pid=107163) log_opt_values /opt/stack/data/venv/lib/python3.12/site-packages/oslo_config/cfg.py:3549}}
Sep 23 05:11:23.744637 np0000193757 devstack@n-api-meta.service[107163]: DEBUG nova.api.openstack.wsgi_app [None req-deaf8100-149d-400a-91fb-7036397ebc63 None None] block_device_allocate_retries_interval = 3 {{(pid=107163) log_opt_values /opt/stack/data/venv/lib/python3.12/site-packages/oslo_config/cfg.py:3549}}
Sep 23 05:11:23.744637 np0000193757 devstack@n-api-meta.service[107163]: DEBUG nova.api.openstack.wsgi_app [None req-deaf8100-149d-400a-91fb-7036397ebc63 None None] cell_worker_thread_pool_size = 5 {{(pid=107163) log_opt_values /opt/stack/data/venv/lib/python3.12/site-packages/oslo_config/cfg.py:3549}}
Sep 23 05:11:23.744637 np0000193757 devstack@n-api-meta.service[107163]: DEBUG nova.api.openstack.wsgi_app [None req-deaf8100-149d-400a-91fb-7036397ebc63 None None] cert = self.pem {{(pid=107163) log_opt_values /opt/stack/data/venv/lib/python3.12/site-packages/oslo_config/cfg.py:3549}}
Sep 23 05:11:23.744637 np0000193757 devstack@n-api-meta.service[107163]: DEBUG nova.api.openstack.wsgi_app [None req-deaf8100-149d-400a-91fb-7036397ebc63 None None] compute_driver = libvirt.LibvirtDriver {{(pid=107163) log_opt_values /opt/stack/data/venv/lib/python3.12/site-packages/oslo_config/cfg.py:3549}}
Sep 23 05:11:23.744894 np0000193757 devstack@n-api-meta.service[107163]: DEBUG nova.api.openstack.wsgi_app [None req-deaf8100-149d-400a-91fb-7036397ebc63 None None] compute_monitors = [] {{(pid=107163) log_opt_values /opt/stack/data/venv/lib/python3.12/site-packages/oslo_config/cfg.py:3549}}
Sep 23 05:11:23.744894 np0000193757 devstack@n-api-meta.service[107163]: DEBUG nova.api.openstack.wsgi_app [None req-deaf8100-149d-400a-91fb-7036397ebc63 None None] concurrency_backend = auto {{(pid=107163) log_opt_values /opt/stack/data/venv/lib/python3.12/site-packages/oslo_config/cfg.py:3549}}
Sep 23 05:11:23.745029 np0000193757 devstack@n-api-meta.service[107163]: DEBUG nova.api.openstack.wsgi_app [None req-deaf8100-149d-400a-91fb-7036397ebc63 None None] config_dir = [] {{(pid=107163) log_opt_values /opt/stack/data/venv/lib/python3.12/site-packages/oslo_config/cfg.py:3549}}
Sep 23 05:11:23.745111 np0000193757 devstack@n-api-meta.service[107163]: DEBUG nova.api.openstack.wsgi_app [None req-deaf8100-149d-400a-91fb-7036397ebc63 None None] config_drive_format = iso9660 {{(pid=107163) log_opt_values /opt/stack/data/venv/lib/python3.12/site-packages/oslo_config/cfg.py:3549}}
Sep 23 05:11:23.745223 np0000193757 devstack@n-api-meta.service[107163]: DEBUG nova.api.openstack.wsgi_app [None req-deaf8100-149d-400a-91fb-7036397ebc63 None None] config_file = ['/etc/nova/api-paste.ini', '/etc/nova/nova.conf'] {{(pid=107163) log_opt_values /opt/stack/data/venv/lib/python3.12/site-packages/oslo_config/cfg.py:3549}}
Sep 23 05:11:23.745345 np0000193757 devstack@n-api-meta.service[107163]: DEBUG nova.api.openstack.wsgi_app [None req-deaf8100-149d-400a-91fb-7036397ebc63 None None] config_source = [] {{(pid=107163) log_opt_values /opt/stack/data/venv/lib/python3.12/site-packages/oslo_config/cfg.py:3549}}
Sep 23 05:11:23.745473 np0000193757 devstack@n-api-meta.service[107163]: DEBUG nova.api.openstack.wsgi_app [None req-deaf8100-149d-400a-91fb-7036397ebc63 None None] console_host = np0000193757 {{(pid=107163) log_opt_values /opt/stack/data/venv/lib/python3.12/site-packages/oslo_config/cfg.py:3549}}
Sep 23 05:11:23.745602 np0000193757 devstack@n-api-meta.service[107163]: DEBUG nova.api.openstack.wsgi_app [None req-deaf8100-149d-400a-91fb-7036397ebc63 None None] control_exchange = nova {{(pid=107163) log_opt_values /opt/stack/data/venv/lib/python3.12/site-packages/oslo_config/cfg.py:3549}}
Sep 23 05:11:23.745743 np0000193757 devstack@n-api-meta.service[107163]: DEBUG nova.api.openstack.wsgi_app [None req-deaf8100-149d-400a-91fb-7036397ebc63 None None] cpu_allocation_ratio = None {{(pid=107163) log_opt_values /opt/stack/data/venv/lib/python3.12/site-packages/oslo_config/cfg.py:3549}}
Sep 23 05:11:23.745864 np0000193757 devstack@n-api-meta.service[107163]: DEBUG nova.api.openstack.wsgi_app [None req-deaf8100-149d-400a-91fb-7036397ebc63 None None] daemon = False {{(pid=107163) log_opt_values /opt/stack/data/venv/lib/python3.12/site-packages/oslo_config/cfg.py:3549}}
Sep 23 05:11:23.746007 np0000193757 devstack@n-api-meta.service[107163]: DEBUG nova.api.openstack.wsgi_app [None req-deaf8100-149d-400a-91fb-7036397ebc63 None None] debug = True {{(pid=107163) log_opt_values /opt/stack/data/venv/lib/python3.12/site-packages/oslo_config/cfg.py:3549}}
Sep 23 05:11:23.746125 np0000193757 devstack@n-api-meta.service[107163]: DEBUG nova.api.openstack.wsgi_app [None req-deaf8100-149d-400a-91fb-7036397ebc63 None None] default_access_ip_network_name = None {{(pid=107163) log_opt_values /opt/stack/data/venv/lib/python3.12/site-packages/oslo_config/cfg.py:3549}}
Sep 23 05:11:23.746270 np0000193757 devstack@n-api-meta.service[107163]: DEBUG nova.api.openstack.wsgi_app [None req-deaf8100-149d-400a-91fb-7036397ebc63 None None] default_availability_zone = nova {{(pid=107163) log_opt_values /opt/stack/data/venv/lib/python3.12/site-packages/oslo_config/cfg.py:3549}}
Sep 23 05:11:23.746480 np0000193757 devstack@n-api-meta.service[107163]: DEBUG nova.api.openstack.wsgi_app [None req-deaf8100-149d-400a-91fb-7036397ebc63 None None] default_ephemeral_format = ext4 {{(pid=107163) log_opt_values /opt/stack/data/venv/lib/python3.12/site-packages/oslo_config/cfg.py:3549}}
Sep 23 05:11:23.746480 np0000193757 devstack@n-api-meta.service[107163]: DEBUG nova.api.openstack.wsgi_app [None req-deaf8100-149d-400a-91fb-7036397ebc63 None None] default_green_pool_size = 1000 {{(pid=107163) log_opt_values /opt/stack/data/venv/lib/python3.12/site-packages/oslo_config/cfg.py:3549}}
Sep 23 05:11:23.746751 np0000193757 devstack@n-api-meta.service[107163]: DEBUG nova.api.openstack.wsgi_app [None req-deaf8100-149d-400a-91fb-7036397ebc63 None None] default_log_levels = ['amqp=WARN', 'boto=WARN', 'sqlalchemy=WARN', 'suds=INFO', 'oslo.messaging=INFO', 'oslo_messaging=INFO', 'iso8601=WARN', 'requests.packages.urllib3.connectionpool=WARN', 'urllib3.connectionpool=WARN', 'websocket=WARN', 'requests.packages.urllib3.util.retry=WARN', 'urllib3.util.retry=WARN', 'keystonemiddleware=WARN', 'routes.middleware=WARN', 'stevedore=WARN', 'taskflow=WARN', 'keystoneauth=WARN', 'oslo.cache=INFO', 'oslo_policy=INFO', 'dogpile.core.dogpile=INFO', 'glanceclient=WARN', 'oslo.privsep.daemon=INFO'] {{(pid=107163) log_opt_values /opt/stack/data/venv/lib/python3.12/site-packages/oslo_config/cfg.py:3549}}
Sep 23 05:11:23.746901 np0000193757 devstack@n-api-meta.service[107163]: DEBUG nova.api.openstack.wsgi_app [None req-deaf8100-149d-400a-91fb-7036397ebc63 None None] default_schedule_zone = None {{(pid=107163) log_opt_values /opt/stack/data/venv/lib/python3.12/site-packages/oslo_config/cfg.py:3549}}
Sep 23 05:11:23.747010 np0000193757 devstack@n-api-meta.service[107163]: DEBUG nova.api.openstack.wsgi_app [None req-deaf8100-149d-400a-91fb-7036397ebc63 None None] default_thread_pool_size = 10 {{(pid=107163) log_opt_values /opt/stack/data/venv/lib/python3.12/site-packages/oslo_config/cfg.py:3549}}
Sep 23 05:11:23.747086 np0000193757 devstack@n-api-meta.service[107163]: DEBUG nova.api.openstack.wsgi_app [None req-deaf8100-149d-400a-91fb-7036397ebc63 None None] disk_allocation_ratio = None {{(pid=107163) log_opt_values /opt/stack/data/venv/lib/python3.12/site-packages/oslo_config/cfg.py:3549}}
Sep 23 05:11:23.747219 np0000193757 devstack@n-api-meta.service[107163]: DEBUG nova.api.openstack.wsgi_app [None req-deaf8100-149d-400a-91fb-7036397ebc63 None None] enable_new_services = True {{(pid=107163) log_opt_values /opt/stack/data/venv/lib/python3.12/site-packages/oslo_config/cfg.py:3549}}
Sep 23 05:11:23.747344 np0000193757 devstack@n-api-meta.service[107163]: DEBUG nova.api.openstack.wsgi_app [None req-deaf8100-149d-400a-91fb-7036397ebc63 None None] flat_injected = False {{(pid=107163) log_opt_values /opt/stack/data/venv/lib/python3.12/site-packages/oslo_config/cfg.py:3549}}
Sep 23 05:11:23.747463 np0000193757 devstack@n-api-meta.service[107163]: DEBUG nova.api.openstack.wsgi_app [None req-deaf8100-149d-400a-91fb-7036397ebc63 None None] force_config_drive = False {{(pid=107163) log_opt_values /opt/stack/data/venv/lib/python3.12/site-packages/oslo_config/cfg.py:3549}}
Sep 23 05:11:23.747582 np0000193757 devstack@n-api-meta.service[107163]: DEBUG nova.api.openstack.wsgi_app [None req-deaf8100-149d-400a-91fb-7036397ebc63 None None] force_raw_images = True {{(pid=107163) log_opt_values /opt/stack/data/venv/lib/python3.12/site-packages/oslo_config/cfg.py:3549}}
Sep 23 05:11:23.747731 np0000193757 devstack@n-api-meta.service[107163]: DEBUG nova.api.openstack.wsgi_app [None req-deaf8100-149d-400a-91fb-7036397ebc63 None None] graceful_shutdown_timeout = 5 {{(pid=107163) log_opt_values /opt/stack/data/venv/lib/python3.12/site-packages/oslo_config/cfg.py:3549}}
Sep 23 05:11:23.747855 np0000193757 devstack@n-api-meta.service[107163]: DEBUG nova.api.openstack.wsgi_app [None req-deaf8100-149d-400a-91fb-7036397ebc63 None None] heal_instance_info_cache_interval = -1 {{(pid=107163) log_opt_values /opt/stack/data/venv/lib/python3.12/site-packages/oslo_config/cfg.py:3549}}
Sep 23 05:11:23.748051 np0000193757 devstack@n-api-meta.service[107163]: DEBUG nova.api.openstack.wsgi_app [None req-deaf8100-149d-400a-91fb-7036397ebc63 None None] host = np0000193757 {{(pid=107163) log_opt_values /opt/stack/data/venv/lib/python3.12/site-packages/oslo_config/cfg.py:3549}}
Sep 23 05:11:23.748180 np0000193757 devstack@n-api-meta.service[107163]: DEBUG nova.api.openstack.wsgi_app [None req-deaf8100-149d-400a-91fb-7036397ebc63 None None] initial_cpu_allocation_ratio = 4.0 {{(pid=107163) log_opt_values /opt/stack/data/venv/lib/python3.12/site-packages/oslo_config/cfg.py:3549}}
Sep 23 05:11:23.748302 np0000193757 devstack@n-api-meta.service[107163]: DEBUG nova.api.openstack.wsgi_app [None req-deaf8100-149d-400a-91fb-7036397ebc63 None None] initial_disk_allocation_ratio = 1.0 {{(pid=107163) log_opt_values /opt/stack/data/venv/lib/python3.12/site-packages/oslo_config/cfg.py:3549}}
Sep 23 05:11:23.748423 np0000193757 devstack@n-api-meta.service[107163]: DEBUG nova.api.openstack.wsgi_app [None req-deaf8100-149d-400a-91fb-7036397ebc63 None None] initial_ram_allocation_ratio = 1.0 {{(pid=107163) log_opt_values /opt/stack/data/venv/lib/python3.12/site-packages/oslo_config/cfg.py:3549}}
Sep 23 05:11:23.748588 np0000193757 devstack@n-api-meta.service[107163]: DEBUG nova.api.openstack.wsgi_app [None req-deaf8100-149d-400a-91fb-7036397ebc63 None None] injected_network_template = /opt/stack/nova/nova/virt/interfaces.template {{(pid=107163) log_opt_values /opt/stack/data/venv/lib/python3.12/site-packages/oslo_config/cfg.py:3549}}
Sep 23 05:11:23.748725 np0000193757 devstack@n-api-meta.service[107163]: DEBUG nova.api.openstack.wsgi_app [None req-deaf8100-149d-400a-91fb-7036397ebc63 None None] instance_build_timeout = 0 {{(pid=107163) log_opt_values /opt/stack/data/venv/lib/python3.12/site-packages/oslo_config/cfg.py:3549}}
Sep 23 05:11:23.748855 np0000193757 devstack@n-api-meta.service[107163]: DEBUG nova.api.openstack.wsgi_app [None req-deaf8100-149d-400a-91fb-7036397ebc63 None None] instance_delete_interval = 300 {{(pid=107163) log_opt_values /opt/stack/data/venv/lib/python3.12/site-packages/oslo_config/cfg.py:3549}}
Sep 23 05:11:23.748989 np0000193757 devstack@n-api-meta.service[107163]: DEBUG nova.api.openstack.wsgi_app [None req-deaf8100-149d-400a-91fb-7036397ebc63 None None] instance_format = [instance: %(uuid)s] {{(pid=107163) log_opt_values /opt/stack/data/venv/lib/python3.12/site-packages/oslo_config/cfg.py:3549}}
Sep 23 05:11:23.749118 np0000193757 devstack@n-api-meta.service[107163]: DEBUG nova.api.openstack.wsgi_app [None req-deaf8100-149d-400a-91fb-7036397ebc63 None None] instance_name_template = instance-%08x {{(pid=107163) log_opt_values /opt/stack/data/venv/lib/python3.12/site-packages/oslo_config/cfg.py:3549}}
Sep 23 05:11:23.749221 np0000193757 devstack@n-api-meta.service[107161]: DEBUG dbcounter [-] [107161] Writer thread running {{(pid=107161) stat_writer /opt/stack/data/venv/lib/python3.12/site-packages/dbcounter.py:102}}
Sep 23 05:11:23.749288 np0000193757 devstack@n-api-meta.service[107163]: DEBUG nova.api.openstack.wsgi_app [None req-deaf8100-149d-400a-91fb-7036397ebc63 None None] instance_usage_audit = False {{(pid=107163) log_opt_values /opt/stack/data/venv/lib/python3.12/site-packages/oslo_config/cfg.py:3549}}
Sep 23 05:11:23.749347 np0000193757 devstack@n-api-meta.service[107160]: WARNING nova.api.metadata.handler [None req-9c799bd9-d9a2-4ffa-9061-c1fbc28e000b None None] metadata_proxy_shared_secret is not configured, the metadata information returned by the proxy cannot be trusted
Sep 23 05:11:23.749406 np0000193757 devstack@n-api-meta.service[107163]: DEBUG nova.api.openstack.wsgi_app [None req-deaf8100-149d-400a-91fb-7036397ebc63 None None] instance_usage_audit_period = month {{(pid=107163) log_opt_values /opt/stack/data/venv/lib/python3.12/site-packages/oslo_config/cfg.py:3549}}
Sep 23 05:11:23.751700 np0000193757 devstack@n-api-meta.service[107163]: DEBUG nova.api.openstack.wsgi_app [None req-deaf8100-149d-400a-91fb-7036397ebc63 None None] instance_uuid_format = [instance: %(uuid)s] {{(pid=107163) log_opt_values /opt/stack/data/venv/lib/python3.12/site-packages/oslo_config/cfg.py:3549}}
Sep 23 05:11:23.751700 np0000193757 devstack@n-api-meta.service[107163]: DEBUG nova.api.openstack.wsgi_app [None req-deaf8100-149d-400a-91fb-7036397ebc63 None None] instances_path = /opt/stack/data/nova/instances {{(pid=107163) log_opt_values /opt/stack/data/venv/lib/python3.12/site-packages/oslo_config/cfg.py:3549}}
Sep 23 05:11:23.751700 np0000193757 devstack@n-api-meta.service[107163]: DEBUG nova.api.openstack.wsgi_app [None req-deaf8100-149d-400a-91fb-7036397ebc63 None None] internal_service_availability_zone = internal {{(pid=107163) log_opt_values /opt/stack/data/venv/lib/python3.12/site-packages/oslo_config/cfg.py:3549}}
Sep 23 05:11:23.751700 np0000193757 devstack@n-api-meta.service[107163]: DEBUG nova.api.openstack.wsgi_app [None req-deaf8100-149d-400a-91fb-7036397ebc63 None None] key = None {{(pid=107163) log_opt_values /opt/stack/data/venv/lib/python3.12/site-packages/oslo_config/cfg.py:3549}}
Sep 23 05:11:23.751700 np0000193757 devstack@n-api-meta.service[107163]: DEBUG nova.api.openstack.wsgi_app [None req-deaf8100-149d-400a-91fb-7036397ebc63 None None] live_migration_retry_count = 30 {{(pid=107163) log_opt_values /opt/stack/data/venv/lib/python3.12/site-packages/oslo_config/cfg.py:3549}}
Sep 23 05:11:23.751700 np0000193757 devstack@n-api-meta.service[107163]: DEBUG nova.api.openstack.wsgi_app [None req-deaf8100-149d-400a-91fb-7036397ebc63 None None] log_color = False {{(pid=107163) log_opt_values /opt/stack/data/venv/lib/python3.12/site-packages/oslo_config/cfg.py:3549}}
Sep 23 05:11:23.751700 np0000193757 devstack@n-api-meta.service[107163]: DEBUG nova.api.openstack.wsgi_app [None req-deaf8100-149d-400a-91fb-7036397ebc63 None None] log_config_append = None {{(pid=107163) log_opt_values /opt/stack/data/venv/lib/python3.12/site-packages/oslo_config/cfg.py:3549}}
Sep 23 05:11:23.752179 np0000193757 devstack@n-api-meta.service[107163]: DEBUG nova.api.openstack.wsgi_app [None req-deaf8100-149d-400a-91fb-7036397ebc63 None None] log_date_format = %Y-%m-%d %H:%M:%S {{(pid=107163) log_opt_values /opt/stack/data/venv/lib/python3.12/site-packages/oslo_config/cfg.py:3549}}
Sep 23 05:11:23.752179 np0000193757 devstack@n-api-meta.service[107163]: DEBUG nova.api.openstack.wsgi_app [None req-deaf8100-149d-400a-91fb-7036397ebc63 None None] log_dir = None {{(pid=107163) log_opt_values /opt/stack/data/venv/lib/python3.12/site-packages/oslo_config/cfg.py:3549}}
Sep 23 05:11:23.752179 np0000193757 devstack@n-api-meta.service[107163]: DEBUG nova.api.openstack.wsgi_app [None req-deaf8100-149d-400a-91fb-7036397ebc63 None None] log_file = None {{(pid=107163) log_opt_values /opt/stack/data/venv/lib/python3.12/site-packages/oslo_config/cfg.py:3549}}
Sep 23 05:11:23.752179 np0000193757 devstack@n-api-meta.service[107163]: DEBUG nova.api.openstack.wsgi_app [None req-deaf8100-149d-400a-91fb-7036397ebc63 None None] log_options = True {{(pid=107163) log_opt_values /opt/stack/data/venv/lib/python3.12/site-packages/oslo_config/cfg.py:3549}}
Sep 23 05:11:23.752179 np0000193757 devstack@n-api-meta.service[107163]: DEBUG nova.api.openstack.wsgi_app [None req-deaf8100-149d-400a-91fb-7036397ebc63 None None] log_rotate_interval = 1 {{(pid=107163) log_opt_values /opt/stack/data/venv/lib/python3.12/site-packages/oslo_config/cfg.py:3549}}
Sep 23 05:11:23.752179 np0000193757 devstack@n-api-meta.service[107163]: DEBUG nova.api.openstack.wsgi_app [None req-deaf8100-149d-400a-91fb-7036397ebc63 None None] log_rotate_interval_type = days {{(pid=107163) log_opt_values /opt/stack/data/venv/lib/python3.12/site-packages/oslo_config/cfg.py:3549}}
Sep 23 05:11:23.752179 np0000193757 devstack@n-api-meta.service[107163]: DEBUG nova.api.openstack.wsgi_app [None req-deaf8100-149d-400a-91fb-7036397ebc63 None None] log_rotation_type = none {{(pid=107163) log_opt_values /opt/stack/data/venv/lib/python3.12/site-packages/oslo_config/cfg.py:3549}}
Sep 23 05:11:23.752549 np0000193757 devstack@n-api-meta.service[107163]: DEBUG nova.api.openstack.wsgi_app [None req-deaf8100-149d-400a-91fb-7036397ebc63 None None] logging_context_format_string = %(color)s%(levelname)s %(name)s [%(global_request_id)s %(request_id)s %(project_name)s %(user_name)s%(color)s] %(instance)s%(color)s%(message)s {{(pid=107163) log_opt_values /opt/stack/data/venv/lib/python3.12/site-packages/oslo_config/cfg.py:3549}}
