Sep 23 05:10:47.909057 np0000193757 devstack@neutron-api.service[101985]: DEBUG neutron.plugins.ml2.drivers.ovn.mech_driver.ovsdb.ovsdb_monitor [None req-8792d8bb-8830-445f-8a48-72ec1d6912f4 None None] Hash Ring: Node 3cd299c2e3fe595fa92f0c93d6e1f31a (host: np0000193757) handling event "create" for row 8e36ed9e-bd9d-45aa-9938-1b753ed49bb4 (table: Connection) {{(pid=101985) notify /opt/stack/neutron/neutron/plugins/ml2/drivers/ovn/mech_driver/ovsdb/ovsdb_monitor.py:1099}}
Sep 23 05:10:47.910024 np0000193757 devstack@neutron-api.service[101985]: INFO neutron.plugins.ml2.drivers.ovn.mech_driver.ovsdb.impl_idl_ovn [None req-8792d8bb-8830-445f-8a48-72ec1d6912f4 None None] Getting OvsdbSbOvnIdl for WorkerService with retry
Sep 23 05:10:47.914496 np0000193757 devstack@neutron-api.service[101987]: DEBUG neutron.common.ovn.hash_ring_manager [None req-48475891-c3bd-46dc-8573-777535d2a008 None None] Allow caching, nodes 4>=4 {{(pid=101987) _wait_startup_before_caching /opt/stack/neutron/neutron/common/ovn/hash_ring_manager.py:71}}
Sep 23 05:10:47.914904 np0000193757 devstack@neutron-api.service[101986]: DEBUG neutron.common.ovn.hash_ring_manager [None req-46aa828b-eb21-4fa0-8972-ba49e2e90658 None None] Allow caching, nodes 4>=4 {{(pid=101986) _wait_startup_before_caching /opt/stack/neutron/neutron/common/ovn/hash_ring_manager.py:71}}
Sep 23 05:10:47.918396 np0000193757 devstack@neutron-api.service[101987]: DEBUG neutron.common.ovn.hash_ring_manager [None req-48475891-c3bd-46dc-8573-777535d2a008 None None] Hash Ring loaded. 4 active nodes. 0 offline nodes {{(pid=101987) _load_hash_ring /opt/stack/neutron/neutron/common/ovn/hash_ring_manager.py:110}}
Sep 23 05:10:47.919297 np0000193757 devstack@neutron-api.service[101986]: DEBUG neutron.common.ovn.hash_ring_manager [None req-46aa828b-eb21-4fa0-8972-ba49e2e90658 None None] Hash Ring loaded. 4 active nodes. 0 offline nodes {{(pid=101986) _load_hash_ring /opt/stack/neutron/neutron/common/ovn/hash_ring_manager.py:110}}
Sep 23 05:10:47.919510 np0000193757 devstack@neutron-api.service[101986]: DEBUG neutron.plugins.ml2.drivers.ovn.mech_driver.ovsdb.ovsdb_monitor [None req-46aa828b-eb21-4fa0-8972-ba49e2e90658 None None] Hash Ring: Node 121ae9e57c755af09025053232888b6e (host: np0000193757) handling event "create" for row 3ed90c1f-a1fa-4b92-9bde-72952ac77791 (table: Chassis) {{(pid=101986) notify /opt/stack/neutron/neutron/plugins/ml2/drivers/ovn/mech_driver/ovsdb/ovsdb_monitor.py:1099}}
Sep 23 05:10:47.920253 np0000193757 devstack@neutron-api.service[101986]: DEBUG ovsdbapp.backend.ovs_idl.event [None req-46aa828b-eb21-4fa0-8972-ba49e2e90658 None None] Matched CREATE: ChassisBandwidthConfigEvent(events=('create', 'update'), table='Chassis', conditions=None, old_conditions=None), priority=20 to row=Chassis(uuid=3ed90c1f-a1fa-4b92-9bde-72952ac77791, encaps=[f4a460d7-cb0e-470d-a598-b3f82a093e15], external_ids={}, hostname='np0000193757', name='ff41a147-0a9a-4e6a-8913-f550402a96d2', nb_cfg=0, other_config={'ct-commit-nat-v2': 'true', 'ct-commit-to-zone': 'true', 'ct-next-zone': 'true', 'ct-no-masked-label': 'true', 'ct-state-save': 'true', 'datapath-type': 'system', 'fdb-timestamp': 'true', 'iface-types': 'afxdp,afxdp-nonpmd,bareudp,erspan,geneve,gre,gtpu,internal,ip6erspan,ip6gre,lisp,patch,srv6,stt,system,tap,vxlan', 'is-interconn': 'false', 'ls-dpg-column': 'true', 'mac-binding-timestamp': 'true', 'ovn-bridge-mappings': 'public:br-ex', 'ovn-chassis-mac-mappings': '', 'ovn-cms-options': 'enable-chassis-as-gw', 'ovn-ct-lb-related': 'true', 'ovn-enable-lflow-cache': 'true', 'ovn-limit-lflow-cache': '', 'ovn-memlimit-lflow-cache-kb': '', 'ovn-monitor-all': 'false', 'ovn-trim-limit-lflow-cache': '', 'ovn-trim-timeout-ms': '', 'ovn-trim-wmark-perc-lflow-cache': '', 'port-up-notif': 'true'}, transport_zones=[], vtep_logical_switches=[]) old= {{(pid=101986) matches /opt/stack/data/venv/lib/python3.12/site-packages/ovsdbapp/backend/ovs_idl/event.py:55}}
Sep 23 05:10:47.920462 np0000193757 devstack@neutron-api.service[101987]: DEBUG ovsdbapp.backend.ovs_idl.event [None req-48475891-c3bd-46dc-8573-777535d2a008 None None] Matched CREATE: ChassisOVNAgentWriteEvent(events=('create', 'update'), table='Chassis_Private', conditions=None, old_conditions=None), priority=20 to row=Chassis_Private(uuid=f7d6c482-2e53-49e4-ab72-d181b5f86339, chassis=3ed90c1f-a1fa-4b92-9bde-72952ac77791, external_ids={'neutron:ovn-bridge': 'br-int', 'neutron:ovn-neutron-agent-id': '0073fcda-a520-592e-b2ed-b51e9b7e677d', 'neutron:ovn-neutron-agent-sb-cfg': '0'}, name='ff41a147-0a9a-4e6a-8913-f550402a96d2', nb_cfg=0, nb_cfg_timestamp=0) old= {{(pid=101987) matches /opt/stack/data/venv/lib/python3.12/site-packages/ovsdbapp/backend/ovs_idl/event.py:55}}
Sep 23 05:10:47.920807 np0000193757 devstack@neutron-api.service[101987]: DEBUG ovsdbapp.backend.ovs_idl.event [None req-48475891-c3bd-46dc-8573-777535d2a008 None None] Matched CREATE: ChassisAgentWriteEvent(events=('create', 'update'), table='Chassis_Private', conditions=None, old_conditions=None), priority=20 to row=Chassis_Private(uuid=f7d6c482-2e53-49e4-ab72-d181b5f86339, chassis=3ed90c1f-a1fa-4b92-9bde-72952ac77791, external_ids={'neutron:ovn-bridge': 'br-int', 'neutron:ovn-neutron-agent-id': '0073fcda-a520-592e-b2ed-b51e9b7e677d', 'neutron:ovn-neutron-agent-sb-cfg': '0'}, name='ff41a147-0a9a-4e6a-8913-f550402a96d2', nb_cfg=0, nb_cfg_timestamp=0) old= {{(pid=101987) matches /opt/stack/data/venv/lib/python3.12/site-packages/ovsdbapp/backend/ovs_idl/event.py:55}}
Sep 23 05:10:47.920973 np0000193757 devstack@neutron-api.service[101986]: DEBUG ovsdbapp.backend.ovs_idl.event [None req-46aa828b-eb21-4fa0-8972-ba49e2e90658 None None] Matched CREATE: ChassisAgentWriteEvent(events=('create', 'update'), table='Chassis_Private', conditions=None, old_conditions=None), priority=20 to row=Chassis_Private(uuid=f7d6c482-2e53-49e4-ab72-d181b5f86339, chassis=3ed90c1f-a1fa-4b92-9bde-72952ac77791, external_ids={'neutron:ovn-bridge': 'br-int', 'neutron:ovn-neutron-agent-id': '0073fcda-a520-592e-b2ed-b51e9b7e677d', 'neutron:ovn-neutron-agent-sb-cfg': '0'}, name='ff41a147-0a9a-4e6a-8913-f550402a96d2', nb_cfg=0, nb_cfg_timestamp=0) old= {{(pid=101986) matches /opt/stack/data/venv/lib/python3.12/site-packages/ovsdbapp/backend/ovs_idl/event.py:55}}
Sep 23 05:10:47.921602 np0000193757 devstack@neutron-api.service[101987]: DEBUG neutron.plugins.ml2.drivers.ovn.mech_driver.ovsdb.ovsdb_monitor [None req-48475891-c3bd-46dc-8573-777535d2a008 None None] Hash Ring: Node ee034939ab5d556c99d0286c58ee8e1b (host: np0000193757) handling event "create" for row f7d6c482-2e53-49e4-ab72-d181b5f86339 (table: Chassis_Private) {{(pid=101987) notify /opt/stack/neutron/neutron/plugins/ml2/drivers/ovn/mech_driver/ovsdb/ovsdb_monitor.py:1099}}
Sep 23 05:10:47.921860 np0000193757 devstack@neutron-api.service[101986]: DEBUG ovsdbapp.backend.ovs_idl.event [None req-46aa828b-eb21-4fa0-8972-ba49e2e90658 None None] Matched CREATE: ChassisOVNAgentWriteEvent(events=('create', 'update'), table='Chassis_Private', conditions=None, old_conditions=None), priority=20 to row=Chassis_Private(uuid=f7d6c482-2e53-49e4-ab72-d181b5f86339, chassis=3ed90c1f-a1fa-4b92-9bde-72952ac77791, external_ids={'neutron:ovn-bridge': 'br-int', 'neutron:ovn-neutron-agent-id': '0073fcda-a520-592e-b2ed-b51e9b7e677d', 'neutron:ovn-neutron-agent-sb-cfg': '0'}, name='ff41a147-0a9a-4e6a-8913-f550402a96d2', nb_cfg=0, nb_cfg_timestamp=0) old= {{(pid=101986) matches /opt/stack/data/venv/lib/python3.12/site-packages/ovsdbapp/backend/ovs_idl/event.py:55}}
Sep 23 05:10:47.921860 np0000193757 devstack@neutron-api.service[101986]: DEBUG neutron.plugins.ml2.drivers.ovn.mech_driver.ovsdb.ovsdb_monitor [None req-46aa828b-eb21-4fa0-8972-ba49e2e90658 None None] Hash Ring: Node 121ae9e57c755af09025053232888b6e (host: np0000193757) handling event "create" for row f4a460d7-cb0e-470d-a598-b3f82a093e15 (table: Encap) {{(pid=101986) notify /opt/stack/neutron/neutron/plugins/ml2/drivers/ovn/mech_driver/ovsdb/ovsdb_monitor.py:1099}}
Sep 23 05:10:47.922553 np0000193757 devstack@neutron-api.service[101987]: INFO neutron.plugins.ml2.drivers.ovn.mech_driver.mech_driver [None req-48475891-c3bd-46dc-8573-777535d2a008 None None] WorkerService process has finished the post initialization
Sep 23 05:10:47.922803 np0000193757 devstack@neutron-api.service[101986]: INFO neutron.plugins.ml2.drivers.ovn.mech_driver.mech_driver [None req-46aa828b-eb21-4fa0-8972-ba49e2e90658 None None] WorkerService process has finished the post initialization
Sep 23 05:10:47.923689 np0000193757 devstack@neutron-api.service[101987]: WSGI app 0 (mountpoint='') ready in 7 seconds on interpreter 0x7fc5ed6a4668 pid: 101987 (default app)
Sep 23 05:10:47.924079 np0000193757 devstack@neutron-api.service[101986]: INFO neutron.plugins.ml2.drivers.ovn.mech_driver.ovsdb.extensions.qos [-] Starting OVNClientQosExtension
Sep 23 05:10:47.924508 np0000193757 devstack@neutron-api.service[101986]: INFO neutron.plugins.ml2.drivers.ovn.mech_driver.ovsdb.extensions.placement [-] Starting OVNClientPlacementExtension
Sep 23 05:10:47.928906 np0000193757 devstack@neutron-api.service[101986]: WSGI app 0 (mountpoint='') ready in 7 seconds on interpreter 0x7fc5ed6a4668 pid: 101986 (default app)
Sep 23 05:10:47.937402 np0000193757 devstack@neutron-api.service[101985]: DEBUG ovsdbapp.backend.ovs_idl [None req-8792d8bb-8830-445f-8a48-72ec1d6912f4 None None] Created lookup_table index Chassis.name {{(pid=101985) autocreate_indices /opt/stack/data/venv/lib/python3.12/site-packages/ovsdbapp/backend/ovs_idl/__init__.py:87}}
Sep 23 05:10:47.937500 np0000193757 devstack@neutron-api.service[101985]: DEBUG ovsdbapp.backend.ovs_idl [None req-8792d8bb-8830-445f-8a48-72ec1d6912f4 None None] Created lookup_table index Port_Binding.logical_port {{(pid=101985) autocreate_indices /opt/stack/data/venv/lib/python3.12/site-packages/ovsdbapp/backend/ovs_idl/__init__.py:87}}
Sep 23 05:10:47.937565 np0000193757 devstack@neutron-api.service[101985]: DEBUG ovsdbapp.backend.ovs_idl [None req-8792d8bb-8830-445f-8a48-72ec1d6912f4 None None] Created schema index Chassis_Private.name {{(pid=101985) autocreate_indices /opt/stack/data/venv/lib/python3.12/site-packages/ovsdbapp/backend/ovs_idl/__init__.py:106}}
Sep 23 05:10:47.937641 np0000193757 devstack@neutron-api.service[101985]: DEBUG ovsdbapp.backend.ovs_idl [None req-8792d8bb-8830-445f-8a48-72ec1d6912f4 None None] Created schema index Datapath_Binding.tunnel_key {{(pid=101985) autocreate_indices /opt/stack/data/venv/lib/python3.12/site-packages/ovsdbapp/backend/ovs_idl/__init__.py:106}}
Sep 23 05:10:47.939460 np0000193757 devstack@neutron-api.service[101985]: INFO ovsdbapp.backend.ovs_idl.vlog [None req-8792d8bb-8830-445f-8a48-72ec1d6912f4 None None] ssl:162.253.55.156:6642: connecting...
Sep 23 05:10:47.944833 np0000193757 devstack@neutron-api.service[101985]: INFO ovsdbapp.backend.ovs_idl.vlog [None req-8792d8bb-8830-445f-8a48-72ec1d6912f4 None None] ssl:162.253.55.156:6642: connected
Sep 23 05:10:47.970057 np0000193757 devstack@neutron-api.service[101985]: DEBUG neutron.common.ovn.hash_ring_manager [None req-8792d8bb-8830-445f-8a48-72ec1d6912f4 None None] Allow caching, nodes 4>=4 {{(pid=101985) _wait_startup_before_caching /opt/stack/neutron/neutron/common/ovn/hash_ring_manager.py:71}}
Sep 23 05:10:47.973774 np0000193757 devstack@neutron-api.service[101985]: DEBUG neutron.common.ovn.hash_ring_manager [None req-8792d8bb-8830-445f-8a48-72ec1d6912f4 None None] Hash Ring loaded. 4 active nodes. 0 offline nodes {{(pid=101985) _load_hash_ring /opt/stack/neutron/neutron/common/ovn/hash_ring_manager.py:110}}
Sep 23 05:10:47.974298 np0000193757 devstack@neutron-api.service[101985]: DEBUG ovsdbapp.backend.ovs_idl.event [None req-8792d8bb-8830-445f-8a48-72ec1d6912f4 None None] Matched CREATE: ChassisOVNAgentWriteEvent(events=('create', 'update'), table='Chassis_Private', conditions=None, old_conditions=None), priority=20 to row=Chassis_Private(uuid=f7d6c482-2e53-49e4-ab72-d181b5f86339, chassis=3ed90c1f-a1fa-4b92-9bde-72952ac77791, external_ids={'neutron:ovn-bridge': 'br-int', 'neutron:ovn-neutron-agent-id': '0073fcda-a520-592e-b2ed-b51e9b7e677d', 'neutron:ovn-neutron-agent-sb-cfg': '0'}, name='ff41a147-0a9a-4e6a-8913-f550402a96d2', nb_cfg=0, nb_cfg_timestamp=0) old= {{(pid=101985) matches /opt/stack/data/venv/lib/python3.12/site-packages/ovsdbapp/backend/ovs_idl/event.py:55}}
Sep 23 05:10:47.974604 np0000193757 devstack@neutron-api.service[101985]: DEBUG ovsdbapp.backend.ovs_idl.event [None req-8792d8bb-8830-445f-8a48-72ec1d6912f4 None None] Matched CREATE: ChassisAgentWriteEvent(events=('create', 'update'), table='Chassis_Private', conditions=None, old_conditions=None), priority=20 to row=Chassis_Private(uuid=f7d6c482-2e53-49e4-ab72-d181b5f86339, chassis=3ed90c1f-a1fa-4b92-9bde-72952ac77791, external_ids={'neutron:ovn-bridge': 'br-int', 'neutron:ovn-neutron-agent-id': '0073fcda-a520-592e-b2ed-b51e9b7e677d', 'neutron:ovn-neutron-agent-sb-cfg': '0'}, name='ff41a147-0a9a-4e6a-8913-f550402a96d2', nb_cfg=0, nb_cfg_timestamp=0) old= {{(pid=101985) matches /opt/stack/data/venv/lib/python3.12/site-packages/ovsdbapp/backend/ovs_idl/event.py:55}}
Sep 23 05:10:47.976632 np0000193757 devstack@neutron-api.service[101985]: INFO neutron.plugins.ml2.drivers.ovn.mech_driver.mech_driver [None req-8792d8bb-8830-445f-8a48-72ec1d6912f4 None None] WorkerService process has finished the post initialization
Sep 23 05:10:47.977695 np0000193757 devstack@neutron-api.service[101985]: WSGI app 0 (mountpoint='') ready in 7 seconds on interpreter 0x7fc5ed6a4668 pid: 101985 (default app)
Sep 23 05:10:48.735858 np0000193757 devstack@neutron-api.service[101985]: DEBUG neutron.plugins.ml2.drivers.ovn.mech_driver.ovsdb.ovsdb_monitor [-] Hash Ring: Node 3cd299c2e3fe595fa92f0c93d6e1f31a (host: np0000193757) handling event "update" for row 8e36ed9e-bd9d-45aa-9938-1b753ed49bb4 (table: Connection) {{(pid=101985) notify /opt/stack/neutron/neutron/plugins/ml2/drivers/ovn/mech_driver/ovsdb/ovsdb_monitor.py:1099}}
Sep 23 05:10:48.738795 np0000193757 devstack@neutron-api.service[101988]: DEBUG neutron.common.ovn.hash_ring_manager [-] Allow caching, nodes 4>=4 {{(pid=101988) _wait_startup_before_caching /opt/stack/neutron/neutron/common/ovn/hash_ring_manager.py:71}}
Sep 23 05:10:48.739234 np0000193757 devstack@neutron-api.service[101988]: DEBUG neutron.plugins.ml2.drivers.ovn.mech_driver.ovsdb.ovsdb_monitor [-] Hash Ring: Node 3c7c02e334795b3c92d3808ac9d5855a (host: np0000193757) handling event "update" for row 8e36ed9e-bd9d-45aa-9938-1b753ed49bb4 (table: Connection) {{(pid=101988) notify /opt/stack/neutron/neutron/plugins/ml2/drivers/ovn/mech_driver/ovsdb/ovsdb_monitor.py:1099}}
Sep 23 05:10:51.232180 np0000193757 devstack@neutron-api.service[101988]: DEBUG neutron.plugins.ml2.drivers.ovn.mech_driver.ovsdb.ovsdb_monitor [-] Hash Ring: Node 3c7c02e334795b3c92d3808ac9d5855a (host: np0000193757) handling event "update" for row 8e36ed9e-bd9d-45aa-9938-1b753ed49bb4 (table: Connection) {{(pid=101988) notify /opt/stack/neutron/neutron/plugins/ml2/drivers/ovn/mech_driver/ovsdb/ovsdb_monitor.py:1099}}
Sep 23 05:10:51.234466 np0000193757 devstack@neutron-api.service[101985]: DEBUG neutron.plugins.ml2.drivers.ovn.mech_driver.ovsdb.ovsdb_monitor [-] Hash Ring: Node 3cd299c2e3fe595fa92f0c93d6e1f31a (host: np0000193757) handling event "update" for row 8e36ed9e-bd9d-45aa-9938-1b753ed49bb4 (table: Connection) {{(pid=101985) notify /opt/stack/neutron/neutron/plugins/ml2/drivers/ovn/mech_driver/ovsdb/ovsdb_monitor.py:1099}}
Sep 23 05:10:54.447288 np0000193757 devstack@neutron-api.service[101988]: DEBUG neutron.api.wsgi [None req-cf345129-6197-4070-9acb-da2ca2940730 admin admin] Missing Content-Type {{(pid=101988) get_content_type /opt/stack/neutron/neutron/api/wsgi.py:80}}
Sep 23 05:10:54.448015 np0000193757 devstack@neutron-api.service[101988]: DEBUG neutron.api.wsgi [None req-cf345129-6197-4070-9acb-da2ca2940730 admin admin] https://162.253.55.156/networking/v2.0/extensions returned with HTTP 200 {{(pid=101988) __call__ /opt/stack/neutron/neutron/api/wsgi.py:540}}
Sep 23 05:10:54.448015 np0000193757 devstack@neutron-api.service[101988]: [pid: 101988|app: 0|req: 2/2] 162.253.55.156 () {64 vars in 1323 bytes} [Wed Sep 23 05:10:53 2026] GET /networking/v2.0/extensions => generated 16955 bytes in 511 msecs (HTTP/1.1 200) 4 headers in 159 bytes (1 switches on core 0)
Sep 23 05:10:54.980474 np0000193757 devstack@neutron-api.service[101987]: DEBUG neutron.api.v2.base [None req-f24fef5f-74bb-4058-936d-d624c654f2ef admin admin] Request body: {'subnetpool': {'name': 'shared-default-subnetpool-v4', 'default_prefixlen': 26, 'shared': True, 'prefixes': ['10.1.0.0/20'], 'is_default': True}} {{(pid=101987) prepare_request_body /opt/stack/neutron/neutron/api/v2/base.py:727}}
Sep 23 05:10:55.171674 np0000193757 devstack@neutron-api.service[101987]: DEBUG neutron.policy [None req-f24fef5f-74bb-4058-936d-d624c654f2ef admin admin] Loaded default policies from ['neutron'] under neutron.policies entry points {{(pid=101987) register_rules /opt/stack/neutron/neutron/policy.py:65}}
Sep 23 05:10:55.316466 np0000193757 devstack@neutron-api.service[101987]: DEBUG neutron_lib.callbacks.manager [None req-f24fef5f-74bb-4058-936d-d624c654f2ef admin admin] Publish callbacks ['neutron.objects.securitygroup.RbacNeutronDbObjectMixin.validate_rbac_policy_change-2113512960376', 'neutron.objects.address_group.RbacNeutronDbObjectMixin.validate_rbac_policy_change-2113513051619', 'neutron.objects.network.RbacNeutronDbObjectMixin.validate_rbac_policy_change-2113513191892', 'neutron.objects.qos.policy.RbacNeutronDbObjectMixin.validate_rbac_policy_change-2113513190540', 'neutron.objects.subnetpool.RbacNeutronDbObjectMixin.validate_rbac_policy_change-2113513150043', 'neutron.objects.address_scope.RbacNeutronDbObjectMixin.validate_rbac_policy_change-2113513149899', 'neutron.plugins.ml2.plugin.External_net_db_mixin._process_ext_policy_create-14902039', 'neutron.plugins.ml2.plugin.NeutronDbPluginV2.validate_network_rbac_policy_change-14908207'] for rbac-policy (None), before_create {{(pid=101987) _notify_loop /opt/stack/data/venv/lib/python3.12/site-packages/neutron_lib/callbacks/manager.py:184}}
Sep 23 05:10:55.358905 np0000193757 devstack@neutron-api.service[101987]: DEBUG neutron_lib.callbacks.manager [None req-f24fef5f-74bb-4058-936d-d624c654f2ef admin admin] Publish callbacks [] for subnetpool (None), before_response {{(pid=101987) _notify_loop /opt/stack/data/venv/lib/python3.12/site-packages/neutron_lib/callbacks/manager.py:184}}
Sep 23 05:10:55.359380 np0000193757 devstack@neutron-api.service[101987]: [pid: 101987|app: 0|req: 1/3] 162.253.55.156 () {68 vars in 1367 bytes} [Wed Sep 23 05:10:54 2026] POST /networking/v2.0/subnetpools => generated 533 bytes in 519 msecs (HTTP/1.1 201) 4 headers in 162 bytes (1 switches on core 0)
Sep 23 05:10:55.764066 np0000193757 devstack@neutron-api.service[101986]: DEBUG neutron.api.v2.base [None req-537cf326-441d-41c0-b366-daf431637ab0 admin admin] Request body: {'subnetpool': {'name': 'shared-default-subnetpool-v6', 'default_prefixlen': 64, 'shared': True, 'prefixes': ['fd8e:0f22:1048::/56'], 'is_default': True}} {{(pid=101986) prepare_request_body /opt/stack/neutron/neutron/api/v2/base.py:727}}
Sep 23 05:10:55.923624 np0000193757 devstack@neutron-api.service[101986]: DEBUG neutron.policy [None req-537cf326-441d-41c0-b366-daf431637ab0 admin admin] Loaded default policies from ['neutron'] under neutron.policies entry points {{(pid=101986) register_rules /opt/stack/neutron/neutron/policy.py:65}}
Sep 23 05:10:56.063428 np0000193757 devstack@neutron-api.service[101986]: DEBUG neutron_lib.callbacks.manager [None req-537cf326-441d-41c0-b366-daf431637ab0 admin admin] Publish callbacks ['neutron.objects.securitygroup.RbacNeutronDbObjectMixin.validate_rbac_policy_change-2113512967610', 'neutron.objects.address_group.RbacNeutronDbObjectMixin.validate_rbac_policy_change-2113513005105', 'neutron.objects.network.RbacNeutronDbObjectMixin.validate_rbac_policy_change-2113513130536', 'neutron.objects.qos.policy.RbacNeutronDbObjectMixin.validate_rbac_policy_change-2113513129356', 'neutron.objects.subnetpool.RbacNeutronDbObjectMixin.validate_rbac_policy_change-2113513168140', 'neutron.objects.address_scope.RbacNeutronDbObjectMixin.validate_rbac_policy_change-2113513165528', 'neutron.plugins.ml2.plugin.External_net_db_mixin._process_ext_policy_create-1881872', 'neutron.plugins.ml2.plugin.NeutronDbPluginV2.validate_network_rbac_policy_change-1875756'] for rbac-policy (None), before_create {{(pid=101986) _notify_loop /opt/stack/data/venv/lib/python3.12/site-packages/neutron_lib/callbacks/manager.py:184}}
Sep 23 05:10:56.104760 np0000193757 devstack@neutron-api.service[101986]: DEBUG neutron_lib.callbacks.manager [None req-537cf326-441d-41c0-b366-daf431637ab0 admin admin] Publish callbacks [] for subnetpool (None), before_response {{(pid=101986) _notify_loop /opt/stack/data/venv/lib/python3.12/site-packages/neutron_lib/callbacks/manager.py:184}}
Sep 23 05:10:56.105535 np0000193757 devstack@neutron-api.service[101986]: [pid: 101986|app: 0|req: 1/4] 162.253.55.156 () {68 vars in 1367 bytes} [Wed Sep 23 05:10:55 2026] POST /networking/v2.0/subnetpools => generated 542 bytes in 476 msecs (HTTP/1.1 201) 4 headers in 162 bytes (1 switches on core 0)
Sep 23 05:10:56.602004 np0000193757 devstack@neutron-api.service[101985]: DEBUG neutron.api.v2.base [None req-c2381d3f-c4ec-4b90-a70c-cad38af9c2fa admin admin] Request body: {'network': {'admin_state_up': True, 'name': 'private'}} {{(pid=101985) prepare_request_body /opt/stack/neutron/neutron/api/v2/base.py:727}}
Sep 23 05:10:56.633988 np0000193757 devstack@neutron-api.service[101985]: DEBUG neutron.pecan_wsgi.hooks.quota_enforcement [None req-c2381d3f-c4ec-4b90-a70c-cad38af9c2fa admin admin] Made reservation on behalf of 98f9fa32512e44898cb4359e5d9ded30 for: {'network': 1} {{(pid=101985) before /opt/stack/neutron/neutron/pecan_wsgi/hooks/quota_enforcement.py:66}}
Sep 23 05:10:56.788016 np0000193757 devstack@neutron-api.service[101985]: DEBUG neutron.policy [None req-c2381d3f-c4ec-4b90-a70c-cad38af9c2fa admin admin] Loaded default policies from ['neutron'] under neutron.policies entry points {{(pid=101985) register_rules /opt/stack/neutron/neutron/policy.py:65}}
Sep 23 05:10:56.889925 np0000193757 devstack@neutron-api.service[101985]: DEBUG neutron_lib.callbacks.manager [None req-c2381d3f-c4ec-4b90-a70c-cad38af9c2fa admin admin] Publish callbacks ['neutron.plugins.ml2.plugin.SecurityGroupDbMixin._ensure_default_security_group_handler-74073'] for network (None), before_create {{(pid=101985) _notify_loop /opt/stack/data/venv/lib/python3.12/site-packages/neutron_lib/callbacks/manager.py:184}}
Sep 23 05:10:56.911852 np0000193757 devstack@neutron-api.service[101985]: DEBUG neutron_lib.callbacks.manager [None req-c2381d3f-c4ec-4b90-a70c-cad38af9c2fa admin admin] Publish callbacks [] for security_group (None), before_create {{(pid=101985) _notify_loop /opt/stack/data/venv/lib/python3.12/site-packages/neutron_lib/callbacks/manager.py:184}}
Sep 23 05:10:56.999211 np0000193757 devstack@neutron-api.service[101985]: DEBUG neutron_lib.callbacks.manager [None req-c2381d3f-c4ec-4b90-a70c-cad38af9c2fa admin admin] Publish callbacks ['neutron.plugins.ml2.drivers.ovn.mech_driver.mech_driver.OVNMechanismDriver._create_security_group_precommit-185009'] for security_group (885eba7e-4c6c-4838-aeae-046b3bbf561c), precommit_create {{(pid=101985) _notify_loop /opt/stack/data/venv/lib/python3.12/site-packages/neutron_lib/callbacks/manager.py:184}}
Sep 23 05:10:56.999324 np0000193757 devstack@neutron-api.service[101985]: DEBUG neutron.db.ovn_revision_numbers_db [None req-c2381d3f-c4ec-4b90-a70c-cad38af9c2fa admin admin] create_initial_revision uuid=885eba7e-4c6c-4838-aeae-046b3bbf561c, type=security_groups, rev=-1 {{(pid=101985) create_initial_revision /opt/stack/neutron/neutron/db/ovn_revision_numbers_db.py:98}}
Sep 23 05:10:57.001500 np0000193757 devstack@neutron-api.service[101985]: DEBUG neutron.db.ovn_revision_numbers_db [None req-c2381d3f-c4ec-4b90-a70c-cad38af9c2fa admin admin] create_initial_revision uuid=0433a877-9707-4b7b-b34c-bed65b48a780, type=security_group_rules, rev=-1 {{(pid=101985) create_initial_revision /opt/stack/neutron/neutron/db/ovn_revision_numbers_db.py:98}}
Sep 23 05:10:57.002607 np0000193757 devstack@neutron-api.service[101985]: DEBUG neutron.db.ovn_revision_numbers_db [None req-c2381d3f-c4ec-4b90-a70c-cad38af9c2fa admin admin] create_initial_revision uuid=a2086550-a676-4474-ad58-48ca8ff9366a, type=security_group_rules, rev=-1 {{(pid=101985) create_initial_revision /opt/stack/neutron/neutron/db/ovn_revision_numbers_db.py:98}}
Sep 23 05:10:57.003630 np0000193757 devstack@neutron-api.service[101985]: DEBUG neutron.db.ovn_revision_numbers_db [None req-c2381d3f-c4ec-4b90-a70c-cad38af9c2fa admin admin] create_initial_revision uuid=a4cce920-3fb6-4126-a531-2519715db287, type=security_group_rules, rev=-1 {{(pid=101985) create_initial_revision /opt/stack/neutron/neutron/db/ovn_revision_numbers_db.py:98}}
Sep 23 05:10:57.004720 np0000193757 devstack@neutron-api.service[101985]: DEBUG neutron.db.ovn_revision_numbers_db [None req-c2381d3f-c4ec-4b90-a70c-cad38af9c2fa admin admin] create_initial_revision uuid=b47fb385-e4c1-49d1-932d-b1848972fb0b, type=security_group_rules, rev=-1 {{(pid=101985) create_initial_revision /opt/stack/neutron/neutron/db/ovn_revision_numbers_db.py:98}}
Sep 23 05:10:57.012874 np0000193757 devstack@neutron-api.service[101985]: DEBUG neutron_lib.callbacks.manager [None req-c2381d3f-c4ec-4b90-a70c-cad38af9c2fa admin admin] Publish callbacks ['neutron.plugins.ml2.drivers.ovn.mech_driver.mech_driver.OVNMechanismDriver._create_security_group-185007', 'neutron.plugins.ml2.ovo_rpc._ObjectChangeHandler.handle_event-3046162'] for security_group (885eba7e-4c6c-4838-aeae-046b3bbf561c), after_create {{(pid=101985) _notify_loop /opt/stack/data/venv/lib/python3.12/site-packages/neutron_lib/callbacks/manager.py:184}}
Sep 23 05:10:57.013074 np0000193757 devstack@neutron-api.service[101985]: INFO neutron.plugins.ml2.drivers.ovn.mech_driver.ovsdb.extensions.qos [None req-c2381d3f-c4ec-4b90-a70c-cad38af9c2fa admin admin] Starting OVNClientQosExtension
Sep 23 05:10:57.013074 np0000193757 devstack@neutron-api.service[101985]: INFO neutron.plugins.ml2.drivers.ovn.mech_driver.ovsdb.extensions.placement [None req-c2381d3f-c4ec-4b90-a70c-cad38af9c2fa admin admin] Starting OVNClientPlacementExtension
Sep 23 05:10:57.014320 np0000193757 devstack@neutron-api.service[101985]: DEBUG ovsdbapp.backend.ovs_idl.transaction [-] Running txn 016c2291 n=1 command(idx=0): PgAddCommand(_result=None, name=pg_885eba7e_4c6c_4838_aeae_046b3bbf561c, may_exist=False, columns={'acls': [], 'external_ids': {'neutron:security_group_id': '885eba7e-4c6c-4838-aeae-046b3bbf561c'}}) {{(pid=101985) do_commit /opt/stack/data/venv/lib/python3.12/site-packages/ovsdbapp/backend/ovs_idl/transaction.py:91}}
Sep 23 05:10:57.016364 np0000193757 devstack@neutron-api.service[101985]: DEBUG ovsdbapp.backend.ovs_idl.transaction [-] Running txn 016c2291 n=1 command(idx=1): PgAclAddCommand(_result=None, entity=pg_885eba7e_4c6c_4838_aeae_046b3bbf561c, direction=from-lport, priority=1002, match=inport == @pg_885eba7e_4c6c_4838_aeae_046b3bbf561c && ip4, action=allow-related, log=False, may_exist=True, severity=[], name=[], meter=[], external_ids={'neutron:security_group_rule_id': '0433a877-9707-4b7b-b34c-bed65b48a780'}) {{(pid=101985) do_commit /opt/stack/data/venv/lib/python3.12/site-packages/ovsdbapp/backend/ovs_idl/transaction.py:91}}
Sep 23 05:10:57.017013 np0000193757 devstack@neutron-api.service[101985]: DEBUG ovsdbapp.backend.ovs_idl.transaction [-] Running txn 016c2291 n=1 command(idx=2): PgAclAddCommand(_result=None, entity=pg_885eba7e_4c6c_4838_aeae_046b3bbf561c, direction=to-lport, priority=1002, match=outport == @pg_885eba7e_4c6c_4838_aeae_046b3bbf561c && ip6 && ip6.src == $pg_885eba7e_4c6c_4838_aeae_046b3bbf561c_ip6, action=allow-related, log=False, may_exist=True, severity=[], name=[], meter=[], external_ids={'neutron:security_group_rule_id': 'a2086550-a676-4474-ad58-48ca8ff9366a'}) {{(pid=101985) do_commit /opt/stack/data/venv/lib/python3.12/site-packages/ovsdbapp/backend/ovs_idl/transaction.py:91}}
Sep 23 05:10:57.017535 np0000193757 devstack@neutron-api.service[101985]: DEBUG ovsdbapp.backend.ovs_idl.transaction [-] Running txn 016c2291 n=1 command(idx=3): PgAclAddCommand(_result=None, entity=pg_885eba7e_4c6c_4838_aeae_046b3bbf561c, direction=from-lport, priority=1002, match=inport == @pg_885eba7e_4c6c_4838_aeae_046b3bbf561c && ip6, action=allow-related, log=False, may_exist=True, severity=[], name=[], meter=[], external_ids={'neutron:security_group_rule_id': 'a4cce920-3fb6-4126-a531-2519715db287'}) {{(pid=101985) do_commit /opt/stack/data/venv/lib/python3.12/site-packages/ovsdbapp/backend/ovs_idl/transaction.py:91}}
Sep 23 05:10:57.018067 np0000193757 devstack@neutron-api.service[101985]: DEBUG ovsdbapp.backend.ovs_idl.transaction [-] Running txn 016c2291 n=1 command(idx=4): PgAclAddCommand(_result=None, entity=pg_885eba7e_4c6c_4838_aeae_046b3bbf561c, direction=to-lport, priority=1002, match=outport == @pg_885eba7e_4c6c_4838_aeae_046b3bbf561c && ip4 && ip4.src == $pg_885eba7e_4c6c_4838_aeae_046b3bbf561c_ip4, action=allow-related, log=False, may_exist=True, severity=[], name=[], meter=[], external_ids={'neutron:security_group_rule_id': 'b47fb385-e4c1-49d1-932d-b1848972fb0b'}) {{(pid=101985) do_commit /opt/stack/data/venv/lib/python3.12/site-packages/ovsdbapp/backend/ovs_idl/transaction.py:91}}
Sep 23 05:10:57.029481 np0000193757 devstack@neutron-api.service[101988]: DEBUG neutron.plugins.ml2.drivers.ovn.mech_driver.ovsdb.ovsdb_monitor [-] Hash Ring: Node 3c7c02e334795b3c92d3808ac9d5855a (host: np0000193757) handling event "create" for row 42d3b35d-0d5a-4011-a220-1ca620e71c70 (table: ACL) {{(pid=101988) notify /opt/stack/neutron/neutron/plugins/ml2/drivers/ovn/mech_driver/ovsdb/ovsdb_monitor.py:1099}}
Sep 23 05:10:57.030232 np0000193757 devstack@neutron-api.service[101988]: DEBUG neutron.plugins.ml2.drivers.ovn.mech_driver.ovsdb.ovsdb_monitor [-] Hash Ring: Node 3c7c02e334795b3c92d3808ac9d5855a (host: np0000193757) handling event "create" for row a168a644-55e8-4711-a087-885581a548e9 (table: ACL) {{(pid=101988) notify /opt/stack/neutron/neutron/plugins/ml2/drivers/ovn/mech_driver/ovsdb/ovsdb_monitor.py:1099}}
Sep 23 05:10:57.030343 np0000193757 devstack@neutron-api.service[101988]: DEBUG neutron.plugins.ml2.drivers.ovn.mech_driver.ovsdb.ovsdb_monitor [-] Hash Ring: Node 3c7c02e334795b3c92d3808ac9d5855a (host: np0000193757) handling event "create" for row c8cd1051-c995-441e-88f2-9dea1cc65a66 (table: ACL) {{(pid=101988) notify /opt/stack/neutron/neutron/plugins/ml2/drivers/ovn/mech_driver/ovsdb/ovsdb_monitor.py:1099}}
Sep 23 05:10:57.030653 np0000193757 devstack@neutron-api.service[101988]: DEBUG neutron.plugins.ml2.drivers.ovn.mech_driver.ovsdb.ovsdb_monitor [-] Hash Ring: Node 3c7c02e334795b3c92d3808ac9d5855a (host: np0000193757) handling event "create" for row d2d36926-6ea9-4f2e-907b-092368a72053 (table: ACL) {{(pid=101988) notify /opt/stack/neutron/neutron/plugins/ml2/drivers/ovn/mech_driver/ovsdb/ovsdb_monitor.py:1099}}
Sep 23 05:10:57.030871 np0000193757 devstack@neutron-api.service[101985]: DEBUG neutron.plugins.ml2.drivers.ovn.mech_driver.ovsdb.ovsdb_monitor [-] Hash Ring: Node 3cd299c2e3fe595fa92f0c93d6e1f31a (host: np0000193757) handling event "create" for row 874be211-60da-4146-b13a-2a3f47c419bc (table: Port_Group) {{(pid=101985) notify /opt/stack/neutron/neutron/plugins/ml2/drivers/ovn/mech_driver/ovsdb/ovsdb_monitor.py:1099}}
Sep 23 05:10:57.031050 np0000193757 devstack@neutron-api.service[101988]: DEBUG neutron.plugins.ml2.drivers.ovn.mech_driver.ovsdb.ovsdb_monitor [-] Hash Ring: Node 3c7c02e334795b3c92d3808ac9d5855a (host: np0000193757) handling event "create" for row 874be211-60da-4146-b13a-2a3f47c419bc (table: Port_Group) {{(pid=101988) notify /opt/stack/neutron/neutron/plugins/ml2/drivers/ovn/mech_driver/ovsdb/ovsdb_monitor.py:1099}}
Sep 23 05:10:57.032656 np0000193757 devstack@neutron-api.service[101985]: DEBUG ovsdbapp.backend.ovs_idl.transaction [-] txn 016c2291 succeeded {{(pid=101985) do_commit /opt/stack/data/venv/lib/python3.12/site-packages/ovsdbapp/backend/ovs_idl/transaction.py:137}}
Sep 23 05:10:57.033725 np0000193757 devstack@neutron-api.service[101987]: DEBUG neutron.plugins.ml2.drivers.ovn.mech_driver.ovsdb.ovsdb_monitor [-] Hash Ring: Node ee034939ab5d556c99d0286c58ee8e1b (host: np0000193757) handling event "create" for row a168a644-55e8-4711-a087-885581a548e9 (table: ACL) {{(pid=101987) notify /opt/stack/neutron/neutron/plugins/ml2/drivers/ovn/mech_driver/ovsdb/ovsdb_monitor.py:1099}}
Sep 23 05:10:57.058499 np0000193757 devstack@neutron-api.service[101985]: INFO neutron.db.ovn_revision_numbers_db [None req-c2381d3f-c4ec-4b90-a70c-cad38af9c2fa admin admin] Successfully bumped revision number for resource 885eba7e-4c6c-4838-aeae-046b3bbf561c (type: security_groups) to 1
Sep 23 05:10:57.073162 np0000193757 devstack@neutron-api.service[101985]: INFO neutron.db.ovn_revision_numbers_db [None req-c2381d3f-c4ec-4b90-a70c-cad38af9c2fa admin admin] Successfully bumped revision number for resource 0433a877-9707-4b7b-b34c-bed65b48a780 (type: security_group_rules) to 0
Sep 23 05:10:57.084462 np0000193757 devstack@neutron-api.service[101985]: INFO neutron.db.ovn_revision_numbers_db [None req-c2381d3f-c4ec-4b90-a70c-cad38af9c2fa admin admin] Successfully bumped revision number for resource a2086550-a676-4474-ad58-48ca8ff9366a (type: security_group_rules) to 0
Sep 23 05:10:57.096140 np0000193757 devstack@neutron-api.service[101985]: INFO neutron.db.ovn_revision_numbers_db [None req-c2381d3f-c4ec-4b90-a70c-cad38af9c2fa admin admin] Successfully bumped revision number for resource a4cce920-3fb6-4126-a531-2519715db287 (type: security_group_rules) to 0
Sep 23 05:10:57.107738 np0000193757 devstack@neutron-api.service[101985]: INFO neutron.db.ovn_revision_numbers_db [None req-c2381d3f-c4ec-4b90-a70c-cad38af9c2fa admin admin] Successfully bumped revision number for resource b47fb385-e4c1-49d1-932d-b1848972fb0b (type: security_group_rules) to 0
Sep 23 05:10:57.128022 np0000193757 devstack@neutron-api.service[101985]: DEBUG neutron.api.rpc.handlers.resources_rpc [None req-c2381d3f-c4ec-4b90-a70c-cad38af9c2fa admin admin] Pushing event updated for resources: {'SecurityGroup': ['ID=885eba7e-4c6c-4838-aeae-046b3bbf561c,revision_number=1']} {{(pid=101985) push /opt/stack/neutron/neutron/api/rpc/handlers/resources_rpc.py:237}}
Sep 23 05:10:57.134082 np0000193757 devstack@neutron-api.service[101985]: DEBUG ovsdbapp.backend.ovs_idl.transaction [-] Running txn 2517407a n=1 command(idx=0): CheckLivenessCommand(_result=None) {{(pid=101985) do_commit /opt/stack/data/venv/lib/python3.12/site-packages/ovsdbapp/backend/ovs_idl/transaction.py:91}}
Sep 23 05:10:57.137702 np0000193757 devstack@neutron-api.service[101985]: DEBUG ovsdbapp.backend.ovs_idl.transaction [-] txn 2517407a succeeded {{(pid=101985) do_commit /opt/stack/data/venv/lib/python3.12/site-packages/ovsdbapp/backend/ovs_idl/transaction.py:137}}
Sep 23 05:10:57.138015 np0000193757 devstack@neutron-api.service[101988]: DEBUG neutron.plugins.ml2.drivers.ovn.mech_driver.ovsdb.ovsdb_monitor [-] Hash Ring: Node 3c7c02e334795b3c92d3808ac9d5855a (host: np0000193757) handling event "update" for row 6d043cad-9756-4596-866e-7bbc0b03bd0c (table: NB_Global) {{(pid=101988) notify /opt/stack/neutron/neutron/plugins/ml2/drivers/ovn/mech_driver/ovsdb/ovsdb_monitor.py:1099}}
Sep 23 05:10:57.140906 np0000193757 devstack@neutron-api.service[101985]: DEBUG neutron.api.rpc.callbacks.version_manager [None req-c2381d3f-c4ec-4b90-a70c-cad38af9c2fa admin admin] Tracked resource versions report:
Sep 23 05:10:57.140906 np0000193757 devstack@neutron-api.service[101985]: pushed versions:
Sep 23 05:10:57.140906 np0000193757 devstack@neutron-api.service[101985]: { 'AddressGroup': {'1.2'},
Sep 23 05:10:57.140906 np0000193757 devstack@neutron-api.service[101985]: 'Agent': {'1.1'},
Sep 23 05:10:57.140906 np0000193757 devstack@neutron-api.service[101985]: 'ConntrackHelper': {'1.0'},
Sep 23 05:10:57.140906 np0000193757 devstack@neutron-api.service[101985]: 'LocalIPAssociation': {'1.0'},
Sep 23 05:10:57.140906 np0000193757 devstack@neutron-api.service[101985]: 'Log': {'1.0'},
Sep 23 05:10:57.140906 np0000193757 devstack@neutron-api.service[101985]: 'NDPProxy': {'1.0'},
Sep 23 05:10:57.140906 np0000193757 devstack@neutron-api.service[101985]: 'Network': {'1.3'},
Sep 23 05:10:57.140906 np0000193757 devstack@neutron-api.service[101985]: 'Port': {'1.11'},
Sep 23 05:10:57.140906 np0000193757 devstack@neutron-api.service[101985]: 'PortForwarding': {'1.3'},
Sep 23 05:10:57.140906 np0000193757 devstack@neutron-api.service[101985]: 'QosPolicy': {'1.10'},
Sep 23 05:10:57.140906 np0000193757 devstack@neutron-api.service[101985]: 'SecurityGroup': {'1.6'},
Sep 23 05:10:57.140906 np0000193757 devstack@neutron-api.service[101985]: 'SecurityGroupRule': {'1.3'},
Sep 23 05:10:57.140906 np0000193757 devstack@neutron-api.service[101985]: 'SubPort': {'1.0'},
Sep 23 05:10:57.140906 np0000193757 devstack@neutron-api.service[101985]: 'Subnet': {'1.2'},
Sep 23 05:10:57.140906 np0000193757 devstack@neutron-api.service[101985]: 'Trunk': {'1.1'}}
Sep 23 05:10:57.140906 np0000193757 devstack@neutron-api.service[101985]: consumer versions:
Sep 23 05:10:57.140906 np0000193757 devstack@neutron-api.service[101985]: {}
Sep 23 05:10:57.140906 np0000193757 devstack@neutron-api.service[101985]: {{(pid=101985) report /opt/stack/neutron/neutron/api/rpc/callbacks/version_manager.py:183}}
Sep 23 05:10:57.142377 np0000193757 devstack@neutron-api.service[101988]: DEBUG neutron.plugins.ml2.drivers.ovn.mech_driver.ovsdb.ovsdb_monitor [-] Hash Ring: Node 3c7c02e334795b3c92d3808ac9d5855a (host: np0000193757) handling event "update" for row 6d043cad-9756-4596-866e-7bbc0b03bd0c (table: NB_Global) {{(pid=101988) notify /opt/stack/neutron/neutron/plugins/ml2/drivers/ovn/mech_driver/ovsdb/ovsdb_monitor.py:1099}}
Sep 23 05:10:57.143734 np0000193757 devstack@neutron-api.service[101986]: DEBUG ovsdbapp.backend.ovs_idl.event [-] Matched UPDATE: ChassisAgentWriteEvent(events=('create', 'update'), table='Chassis_Private', conditions=None, old_conditions=None), priority=20 to row=Chassis_Private(uuid=f7d6c482-2e53-49e4-ab72-d181b5f86339, chassis=3ed90c1f-a1fa-4b92-9bde-72952ac77791, external_ids={'neutron:ovn-bridge': 'br-int', 'neutron:ovn-neutron-agent-id': '0073fcda-a520-592e-b2ed-b51e9b7e677d', 'neutron:ovn-neutron-agent-sb-cfg': '0'}, name='ff41a147-0a9a-4e6a-8913-f550402a96d2', nb_cfg=1, nb_cfg_timestamp=1790140257137) old=Chassis_Private(uuid=f7d6c482-2e53-49e4-ab72-d181b5f86339, nb_cfg=0, nb_cfg_timestamp=0) {{(pid=101986) matches /opt/stack/data/venv/lib/python3.12/site-packages/ovsdbapp/backend/ovs_idl/event.py:55}}
Sep 23 05:10:57.145683 np0000193757 devstack@neutron-api.service[101988]: DEBUG ovsdbapp.backend.ovs_idl.event [-] Matched UPDATE: ChassisAgentWriteEvent(events=('create', 'update'), table='Chassis_Private', conditions=None, old_conditions=None), priority=20 to row=Chassis_Private(uuid=f7d6c482-2e53-49e4-ab72-d181b5f86339, chassis=3ed90c1f-a1fa-4b92-9bde-72952ac77791, external_ids={'neutron:ovn-bridge': 'br-int', 'neutron:ovn-neutron-agent-id': '0073fcda-a520-592e-b2ed-b51e9b7e677d', 'neutron:ovn-neutron-agent-sb-cfg': '0'}, name='ff41a147-0a9a-4e6a-8913-f550402a96d2', nb_cfg=1, nb_cfg_timestamp=1790140257137) old=Chassis_Private(uuid=f7d6c482-2e53-49e4-ab72-d181b5f86339, nb_cfg=0, nb_cfg_timestamp=0) {{(pid=101988) matches /opt/stack/data/venv/lib/python3.12/site-packages/ovsdbapp/backend/ovs_idl/event.py:55}}
Sep 23 05:10:57.146136 np0000193757 devstack@neutron-api.service[101987]: DEBUG ovsdbapp.backend.ovs_idl.event [-] Matched UPDATE: ChassisAgentWriteEvent(events=('create', 'update'), table='Chassis_Private', conditions=None, old_conditions=None), priority=20 to row=Chassis_Private(uuid=f7d6c482-2e53-49e4-ab72-d181b5f86339, chassis=3ed90c1f-a1fa-4b92-9bde-72952ac77791, external_ids={'neutron:ovn-bridge': 'br-int', 'neutron:ovn-neutron-agent-id': '0073fcda-a520-592e-b2ed-b51e9b7e677d', 'neutron:ovn-neutron-agent-sb-cfg': '0'}, name='ff41a147-0a9a-4e6a-8913-f550402a96d2', nb_cfg=1, nb_cfg_timestamp=1790140257137) old=Chassis_Private(uuid=f7d6c482-2e53-49e4-ab72-d181b5f86339, nb_cfg=0, nb_cfg_timestamp=0) {{(pid=101987) matches /opt/stack/data/venv/lib/python3.12/site-packages/ovsdbapp/backend/ovs_idl/event.py:55}}
Sep 23 05:10:57.147660 np0000193757 devstack@neutron-api.service[101987]: DEBUG neutron.plugins.ml2.drivers.ovn.mech_driver.ovsdb.ovsdb_monitor [-] Hash Ring: Node ee034939ab5d556c99d0286c58ee8e1b (host: np0000193757) handling event "update" for row f7d6c482-2e53-49e4-ab72-d181b5f86339 (table: Chassis_Private) {{(pid=101987) notify /opt/stack/neutron/neutron/plugins/ml2/drivers/ovn/mech_driver/ovsdb/ovsdb_monitor.py:1099}}
Sep 23 05:10:57.149631 np0000193757 devstack@neutron-api.service[101988]: DEBUG neutron.plugins.ml2.drivers.ovn.mech_driver.ovsdb.ovsdb_monitor [-] Hash Ring: Node 3c7c02e334795b3c92d3808ac9d5855a (host: np0000193757) handling event "update" for row 6d043cad-9756-4596-866e-7bbc0b03bd0c (table: NB_Global) {{(pid=101988) notify /opt/stack/neutron/neutron/plugins/ml2/drivers/ovn/mech_driver/ovsdb/ovsdb_monitor.py:1099}}
Sep 23 05:10:57.150668 np0000193757 devstack@neutron-api.service[101986]: DEBUG ovsdbapp.backend.ovs_idl.event [-] Matched UPDATE: ChassisOVNAgentWriteEvent(events=('create', 'update'), table='Chassis_Private', conditions=None, old_conditions=None), priority=20 to row=Chassis_Private(uuid=f7d6c482-2e53-49e4-ab72-d181b5f86339, chassis=3ed90c1f-a1fa-4b92-9bde-72952ac77791, external_ids={'neutron:ovn-bridge': 'br-int', 'neutron:ovn-neutron-agent-id': '0073fcda-a520-592e-b2ed-b51e9b7e677d', 'neutron:ovn-neutron-agent-sb-cfg': '1'}, name='ff41a147-0a9a-4e6a-8913-f550402a96d2', nb_cfg=1, nb_cfg_timestamp=1790140257137) old=Chassis_Private(uuid=f7d6c482-2e53-49e4-ab72-d181b5f86339, external_ids={'neutron:ovn-bridge': 'br-int', 'neutron:ovn-neutron-agent-id': '0073fcda-a520-592e-b2ed-b51e9b7e677d', 'neutron:ovn-neutron-agent-sb-cfg': '0'}) {{(pid=101986) matches /opt/stack/data/venv/lib/python3.12/site-packages/ovsdbapp/backend/ovs_idl/event.py:55}}
Sep 23 05:10:57.151132 np0000193757 devstack@neutron-api.service[101988]: DEBUG neutron.plugins.ml2.drivers.ovn.mech_driver.ovsdb.ovsdb_monitor [-] Hash Ring: Node 3c7c02e334795b3c92d3808ac9d5855a (host: np0000193757) handling event "update" for row 6d043cad-9756-4596-866e-7bbc0b03bd0c (table: NB_Global) {{(pid=101988) notify /opt/stack/neutron/neutron/plugins/ml2/drivers/ovn/mech_driver/ovsdb/ovsdb_monitor.py:1099}}
Sep 23 05:10:57.151854 np0000193757 devstack@neutron-api.service[101987]: DEBUG ovsdbapp.backend.ovs_idl.event [-] Matched UPDATE: ChassisOVNAgentWriteEvent(events=('create', 'update'), table='Chassis_Private', conditions=None, old_conditions=None), priority=20 to row=Chassis_Private(uuid=f7d6c482-2e53-49e4-ab72-d181b5f86339, chassis=3ed90c1f-a1fa-4b92-9bde-72952ac77791, external_ids={'neutron:ovn-bridge': 'br-int', 'neutron:ovn-neutron-agent-id': '0073fcda-a520-592e-b2ed-b51e9b7e677d', 'neutron:ovn-neutron-agent-sb-cfg': '1'}, name='ff41a147-0a9a-4e6a-8913-f550402a96d2', nb_cfg=1, nb_cfg_timestamp=1790140257137) old=Chassis_Private(uuid=f7d6c482-2e53-49e4-ab72-d181b5f86339, external_ids={'neutron:ovn-bridge': 'br-int', 'neutron:ovn-neutron-agent-id': '0073fcda-a520-592e-b2ed-b51e9b7e677d', 'neutron:ovn-neutron-agent-sb-cfg': '0'}) {{(pid=101987) matches /opt/stack/data/venv/lib/python3.12/site-packages/ovsdbapp/backend/ovs_idl/event.py:55}}
Sep 23 05:10:57.152775 np0000193757 devstack@neutron-api.service[101987]: DEBUG neutron.plugins.ml2.drivers.ovn.mech_driver.ovsdb.ovsdb_monitor [-] Hash Ring: Node ee034939ab5d556c99d0286c58ee8e1b (host: np0000193757) handling event "update" for row f7d6c482-2e53-49e4-ab72-d181b5f86339 (table: Chassis_Private) {{(pid=101987) notify /opt/stack/neutron/neutron/plugins/ml2/drivers/ovn/mech_driver/ovsdb/ovsdb_monitor.py:1099}}
Sep 23 05:10:57.154070 np0000193757 devstack@neutron-api.service[101988]: DEBUG neutron.common.ovn.hash_ring_manager [-] Allow caching, nodes 4>=4 {{(pid=101988) _wait_startup_before_caching /opt/stack/neutron/neutron/common/ovn/hash_ring_manager.py:71}}
Sep 23 05:10:57.154410 np0000193757 devstack@neutron-api.service[101988]: DEBUG neutron.plugins.ml2.drivers.ovn.mech_driver.ovsdb.ovsdb_monitor [-] Hash Ring: Node 3c7c02e334795b3c92d3808ac9d5855a (host: np0000193757) handling event "update" for row f7d6c482-2e53-49e4-ab72-d181b5f86339 (table: Chassis_Private) {{(pid=101988) notify /opt/stack/neutron/neutron/plugins/ml2/drivers/ovn/mech_driver/ovsdb/ovsdb_monitor.py:1099}}
Sep 23 05:10:57.155212 np0000193757 devstack@neutron-api.service[101985]: DEBUG ovsdbapp.backend.ovs_idl.event [-] Matched UPDATE: ChassisAgentWriteEvent(events=('create', 'update'), table='Chassis_Private', conditions=None, old_conditions=None), priority=20 to row=Chassis_Private(uuid=f7d6c482-2e53-49e4-ab72-d181b5f86339, chassis=3ed90c1f-a1fa-4b92-9bde-72952ac77791, external_ids={'neutron:ovn-bridge': 'br-int', 'neutron:ovn-neutron-agent-id': '0073fcda-a520-592e-b2ed-b51e9b7e677d', 'neutron:ovn-neutron-agent-sb-cfg': '0'}, name='ff41a147-0a9a-4e6a-8913-f550402a96d2', nb_cfg=1, nb_cfg_timestamp=1790140257137) old=Chassis_Private(uuid=f7d6c482-2e53-49e4-ab72-d181b5f86339, nb_cfg=0, nb_cfg_timestamp=0) {{(pid=101985) matches /opt/stack/data/venv/lib/python3.12/site-packages/ovsdbapp/backend/ovs_idl/event.py:55}}
Sep 23 05:10:57.157357 np0000193757 devstack@neutron-api.service[101988]: DEBUG ovsdbapp.backend.ovs_idl.event [-] Matched UPDATE: ChassisOVNAgentWriteEvent(events=('create', 'update'), table='Chassis_Private', conditions=None, old_conditions=None), priority=20 to row=Chassis_Private(uuid=f7d6c482-2e53-49e4-ab72-d181b5f86339, chassis=3ed90c1f-a1fa-4b92-9bde-72952ac77791, external_ids={'neutron:ovn-bridge': 'br-int', 'neutron:ovn-neutron-agent-id': '0073fcda-a520-592e-b2ed-b51e9b7e677d', 'neutron:ovn-neutron-agent-sb-cfg': '1'}, name='ff41a147-0a9a-4e6a-8913-f550402a96d2', nb_cfg=1, nb_cfg_timestamp=1790140257137) old=Chassis_Private(uuid=f7d6c482-2e53-49e4-ab72-d181b5f86339, external_ids={'neutron:ovn-bridge': 'br-int', 'neutron:ovn-neutron-agent-id': '0073fcda-a520-592e-b2ed-b51e9b7e677d', 'neutron:ovn-neutron-agent-sb-cfg': '0'}) {{(pid=101988) matches /opt/stack/data/venv/lib/python3.12/site-packages/ovsdbapp/backend/ovs_idl/event.py:55}}
Sep 23 05:10:57.158092 np0000193757 devstack@neutron-api.service[101988]: DEBUG neutron.plugins.ml2.drivers.ovn.mech_driver.ovsdb.ovsdb_monitor [-] Hash Ring: Node 3c7c02e334795b3c92d3808ac9d5855a (host: np0000193757) handling event "update" for row f7d6c482-2e53-49e4-ab72-d181b5f86339 (table: Chassis_Private) {{(pid=101988) notify /opt/stack/neutron/neutron/plugins/ml2/drivers/ovn/mech_driver/ovsdb/ovsdb_monitor.py:1099}}
Sep 23 05:10:57.158957 np0000193757 devstack@neutron-api.service[101985]: DEBUG ovsdbapp.backend.ovs_idl.event [-] Matched UPDATE: ChassisOVNAgentWriteEvent(events=('create', 'update'), table='Chassis_Private', conditions=None, old_conditions=None), priority=20 to row=Chassis_Private(uuid=f7d6c482-2e53-49e4-ab72-d181b5f86339, chassis=3ed90c1f-a1fa-4b92-9bde-72952ac77791, external_ids={'neutron:ovn-bridge': 'br-int', 'neutron:ovn-neutron-agent-id': '0073fcda-a520-592e-b2ed-b51e9b7e677d', 'neutron:ovn-neutron-agent-sb-cfg': '1'}, name='ff41a147-0a9a-4e6a-8913-f550402a96d2', nb_cfg=1, nb_cfg_timestamp=1790140257137) old=Chassis_Private(uuid=f7d6c482-2e53-49e4-ab72-d181b5f86339, external_ids={'neutron:ovn-bridge': 'br-int', 'neutron:ovn-neutron-agent-id': '0073fcda-a520-592e-b2ed-b51e9b7e677d', 'neutron:ovn-neutron-agent-sb-cfg': '0'}) {{(pid=101985) matches /opt/stack/data/venv/lib/python3.12/site-packages/ovsdbapp/backend/ovs_idl/event.py:55}}
Sep 23 05:10:57.223156 np0000193757 devstack@neutron-api.service[101985]: DEBUG neutron.plugins.ml2.drivers.helpers [None req-c2381d3f-c4ec-4b90-a70c-cad38af9c2fa admin admin] geneve segment allocate from pool success with {'geneve_vni': 45533} {{(pid=101985) allocate_partially_specified_segment /opt/stack/neutron/neutron/plugins/ml2/drivers/helpers.py:142}}
Sep 23 05:10:57.235282 np0000193757 devstack@neutron-api.service[101985]: DEBUG neutron_lib.callbacks.manager [None req-c2381d3f-c4ec-4b90-a70c-cad38af9c2fa admin admin] Publish callbacks ['neutron.services.segments.db._add_segment_host_mapping_for_segment-8780496980622', 'neutron.plugins.ml2.plugin.Ml2Plugin._handle_segment_change-183641', 'neutron.plugins.ml2.drivers.ovn.mech_driver.mech_driver.OVNMechanismDriver._create_segment_revision_precommit-94429'] for segment (77a6cffa-c2e6-4830-9656-b8d585e69190), precommit_create {{(pid=101985) _notify_loop /opt/stack/data/venv/lib/python3.12/site-packages/neutron_lib/callbacks/manager.py:184}}
Sep 23 05:10:57.235456 np0000193757 devstack@neutron-api.service[101985]: INFO neutron.db.segments_db [None req-c2381d3f-c4ec-4b90-a70c-cad38af9c2fa admin admin] Added segment 77a6cffa-c2e6-4830-9656-b8d585e69190 of type geneve for network 9bb3b0ca-07cf-4885-96ce-7b07f19b9119
Sep 23 05:10:57.288416 np0000193757 devstack@neutron-api.service[101985]: DEBUG neutron_lib.callbacks.manager [None req-c2381d3f-c4ec-4b90-a70c-cad38af9c2fa admin admin] Publish callbacks ['neutron.services.auto_allocate.db._ensure_external_network_default_value_callback-8780494985880'] for network (9bb3b0ca-07cf-4885-96ce-7b07f19b9119), precommit_create {{(pid=101985) _notify_loop /opt/stack/data/venv/lib/python3.12/site-packages/neutron_lib/callbacks/manager.py:184}}
