Sep 20 17:46:22.901049 np0000193570 systemd[1]: Starting devstack@n-api-meta.service - Devstack devstack@n-api-meta.service...
Sep 20 17:46:22.915247 np0000193570 devstack@n-api-meta.service[107021]: [uWSGI] getting INI configuration from /etc/nova/nova-metadata-uwsgi.ini
Sep 20 17:46:22.919727 np0000193570 devstack@n-api-meta.service[107021]: *** Starting uWSGI 2.0.24-debian (64bit) on [Sun Sep 20 17:46:22 2026] ***
Sep 20 17:46:22.919727 np0000193570 devstack@n-api-meta.service[107021]: compiled with version: 13.2.0 on 17 April 2024 16:23:48
Sep 20 17:46:22.919727 np0000193570 devstack@n-api-meta.service[107021]: os: Linux-6.8.0-139-generic #139-Ubuntu SMP PREEMPT_DYNAMIC Sat Aug 1 03:52:05 UTC 2026
Sep 20 17:46:22.919727 np0000193570 devstack@n-api-meta.service[107021]: nodename: np0000193570
Sep 20 17:46:22.919727 np0000193570 devstack@n-api-meta.service[107021]: machine: x86_64
Sep 20 17:46:22.919727 np0000193570 devstack@n-api-meta.service[107021]: clock source: unix
Sep 20 17:46:22.919727 np0000193570 devstack@n-api-meta.service[107021]: pcre jit disabled
Sep 20 17:46:22.919727 np0000193570 devstack@n-api-meta.service[107021]: detected number of CPU cores: 16
Sep 20 17:46:22.919727 np0000193570 devstack@n-api-meta.service[107021]: current working directory: /
Sep 20 17:46:22.919727 np0000193570 devstack@n-api-meta.service[107021]: detected binary path: /usr/bin/uwsgi-core
Sep 20 17:46:22.919727 np0000193570 devstack@n-api-meta.service[107021]: your processes number limit is 256916
Sep 20 17:46:22.919727 np0000193570 devstack@n-api-meta.service[107021]: your memory page size is 4096 bytes
Sep 20 17:46:22.919727 np0000193570 devstack@n-api-meta.service[107021]: detected max file descriptor number: 2048
Sep 20 17:46:22.919727 np0000193570 devstack@n-api-meta.service[107021]: lock engine: pthread robust mutexes
Sep 20 17:46:22.920517 np0000193570 devstack@n-api-meta.service[107021]: thunder lock: enabled
Sep 20 17:46:22.920643 np0000193570 devstack@n-api-meta.service[107021]: uWSGI http bound on 0.0.0.0:8775 fd 5
Sep 20 17:46:22.920643 np0000193570 devstack@n-api-meta.service[107021]: uwsgi socket 0 bound to TCP address 127.0.0.1:44407 (port auto-assigned) fd 4
Sep 20 17:46:22.920778 np0000193570 devstack@n-api-meta.service[107021]: Python version: 3.12.3 (main, Aug 31 2026, 10:18:26) [GCC 13.3.0]
Sep 20 17:46:22.920778 np0000193570 devstack@n-api-meta.service[107021]: PEP 405 virtualenv detected: /opt/stack/data/venv
Sep 20 17:46:22.920778 np0000193570 devstack@n-api-meta.service[107021]: Set PythonHome to /opt/stack/data/venv
Sep 20 17:46:22.969700 np0000193570 devstack@n-api-meta.service[107021]: Python main interpreter initialized at 0x73ae3a6a4668
Sep 20 17:46:22.969700 np0000193570 devstack@n-api-meta.service[107021]: python threads support enabled
Sep 20 17:46:22.969700 np0000193570 devstack@n-api-meta.service[107021]: your server socket listen backlog is limited to 100 connections
Sep 20 17:46:22.969700 np0000193570 devstack@n-api-meta.service[107021]: your mercy for graceful operations on workers is 80 seconds
Sep 20 17:46:22.970220 np0000193570 devstack@n-api-meta.service[107021]: mapped 671795 bytes (656 KB) for 4 cores
Sep 20 17:46:22.970343 np0000193570 devstack@n-api-meta.service[107021]: *** Operational MODE: preforking ***
Sep 20 17:46:22.970502 np0000193570 devstack@n-api-meta.service[107021]: *** uWSGI is running in multiple interpreter mode ***
Sep 20 17:46:22.970502 np0000193570 devstack@n-api-meta.service[107021]: spawned uWSGI master process (pid: 107021)
Sep 20 17:46:22.970637 np0000193570 systemd[1]: Started devstack@n-api-meta.service - Devstack devstack@n-api-meta.service.
Sep 20 17:46:22.971241 np0000193570 devstack@n-api-meta.service[107021]: spawned uWSGI worker 1 (pid: 107022, cores: 1)
Sep 20 17:46:22.971775 np0000193570 devstack@n-api-meta.service[107021]: spawned uWSGI worker 2 (pid: 107023, cores: 1)
Sep 20 17:46:22.972635 np0000193570 devstack@n-api-meta.service[107021]: spawned uWSGI worker 3 (pid: 107024, cores: 1)
Sep 20 17:46:22.973001 np0000193570 devstack@n-api-meta.service[107021]: spawned uWSGI worker 4 (pid: 107025, cores: 1)
Sep 20 17:46:22.973494 np0000193570 devstack@n-api-meta.service[107021]: spawned uWSGI http 1 (pid: 107026)
Sep 20 17:46:22.973494 np0000193570 devstack@n-api-meta.service[107021]: running "unix_signal:15 gracefully_kill_them_all" (master-start)...
Sep 20 17:46:24.606630 np0000193570 devstack@n-api-meta.service[107022]: INFO dbcounter [None req-b42fcc32-345a-4120-9a1a-c74e37ffab27 None None] Registered counter for database nova_api
Sep 20 17:46:24.654177 np0000193570 devstack@n-api-meta.service[107022]: DEBUG oslo_db.sqlalchemy.engines [None req-b42fcc32-345a-4120-9a1a-c74e37ffab27 None None] MySQL server mode set to STRICT_TRANS_TABLES,STRICT_ALL_TABLES,NO_ZERO_IN_DATE,NO_ZERO_DATE,ERROR_FOR_DIVISION_BY_ZERO,TRADITIONAL,NO_ENGINE_SUBSTITUTION {{(pid=107022) _check_effective_sql_mode /opt/stack/data/venv/lib/python3.12/site-packages/oslo_db/sqlalchemy/engines.py:325}}
Sep 20 17:46:24.684337 np0000193570 devstack@n-api-meta.service[107023]: INFO dbcounter [None req-31ca0cf5-743d-4d83-a6e8-dde6670c5100 None None] Registered counter for database nova_api
Sep 20 17:46:24.685659 np0000193570 devstack@n-api-meta.service[107022]: DEBUG dbcounter [-] [107022] Writer thread running {{(pid=107022) stat_writer /opt/stack/data/venv/lib/python3.12/site-packages/dbcounter.py:102}}
Sep 20 17:46:24.688048 np0000193570 devstack@n-api-meta.service[107022]: DEBUG nova.context [None req-b42fcc32-345a-4120-9a1a-c74e37ffab27 None None] Found 2 cells: 00000000-0000-0000-0000-000000000000(cell0),575ce315-9f4a-4dee-b954-1befbbe04c34(cell1) {{(pid=107022) load_cells /opt/stack/nova/nova/context.py:532}}
Sep 20 17:46:24.689758 np0000193570 devstack@n-api-meta.service[107022]: DEBUG oslo_concurrency.lockutils [None req-b42fcc32-345a-4120-9a1a-c74e37ffab27 None None] Acquiring lock "00000000-0000-0000-0000-000000000000" by "nova.context.set_target_cell..get_or_set_cached_cell_and_set_connections" {{(pid=107022) inner /opt/stack/data/venv/lib/python3.12/site-packages/oslo_concurrency/lockutils.py:512}}
Sep 20 17:46:24.689943 np0000193570 devstack@n-api-meta.service[107022]: DEBUG oslo_concurrency.lockutils [None req-b42fcc32-345a-4120-9a1a-c74e37ffab27 None None] Lock "00000000-0000-0000-0000-000000000000" acquired by "nova.context.set_target_cell..get_or_set_cached_cell_and_set_connections" :: waited 0.000s {{(pid=107022) inner /opt/stack/data/venv/lib/python3.12/site-packages/oslo_concurrency/lockutils.py:525}}
Sep 20 17:46:24.690305 np0000193570 devstack@n-api-meta.service[107022]: DEBUG oslo_concurrency.lockutils [None req-b42fcc32-345a-4120-9a1a-c74e37ffab27 None None] Lock "00000000-0000-0000-0000-000000000000" "released" by "nova.context.set_target_cell..get_or_set_cached_cell_and_set_connections" :: held 0.000s {{(pid=107022) inner /opt/stack/data/venv/lib/python3.12/site-packages/oslo_concurrency/lockutils.py:544}}
Sep 20 17:46:24.690530 np0000193570 devstack@n-api-meta.service[107022]: INFO nova.thread_pool_factory [None req-b42fcc32-345a-4120-9a1a-c74e37ffab27 None None] The cell_worker thread pool MainProcess.cell_worker is initialized
Sep 20 17:46:24.691237 np0000193570 devstack@n-api-meta.service[107022]: DEBUG oslo_concurrency.lockutils [None req-b42fcc32-345a-4120-9a1a-c74e37ffab27 None None] Acquiring lock "575ce315-9f4a-4dee-b954-1befbbe04c34" by "nova.context.set_target_cell..get_or_set_cached_cell_and_set_connections" {{(pid=107022) inner /opt/stack/data/venv/lib/python3.12/site-packages/oslo_concurrency/lockutils.py:512}}
Sep 20 17:46:24.693944 np0000193570 devstack@n-api-meta.service[107022]: DEBUG oslo_concurrency.lockutils [None req-b42fcc32-345a-4120-9a1a-c74e37ffab27 None None] Lock "575ce315-9f4a-4dee-b954-1befbbe04c34" acquired by "nova.context.set_target_cell..get_or_set_cached_cell_and_set_connections" :: waited 0.000s {{(pid=107022) inner /opt/stack/data/venv/lib/python3.12/site-packages/oslo_concurrency/lockutils.py:525}}
Sep 20 17:46:24.695445 np0000193570 devstack@n-api-meta.service[107022]: INFO dbcounter [None req-b42fcc32-345a-4120-9a1a-c74e37ffab27 None None] Registered counter for database nova_cell0
Sep 20 17:46:24.698405 np0000193570 devstack@n-api-meta.service[107022]: DEBUG oslo_concurrency.lockutils [None req-b42fcc32-345a-4120-9a1a-c74e37ffab27 None None] Lock "575ce315-9f4a-4dee-b954-1befbbe04c34" "released" by "nova.context.set_target_cell..get_or_set_cached_cell_and_set_connections" :: held 0.004s {{(pid=107022) inner /opt/stack/data/venv/lib/python3.12/site-packages/oslo_concurrency/lockutils.py:544}}
Sep 20 17:46:24.701872 np0000193570 devstack@n-api-meta.service[107022]: INFO dbcounter [None req-b42fcc32-345a-4120-9a1a-c74e37ffab27 None None] Registered counter for database nova_cell1
Sep 20 17:46:24.714684 np0000193570 devstack@n-api-meta.service[107024]: INFO dbcounter [None req-ef1289a2-b041-4cc4-9018-15a4467ea003 None None] Registered counter for database nova_api
Sep 20 17:46:24.737576 np0000193570 devstack@n-api-meta.service[107023]: DEBUG oslo_db.sqlalchemy.engines [None req-31ca0cf5-743d-4d83-a6e8-dde6670c5100 None None] MySQL server mode set to STRICT_TRANS_TABLES,STRICT_ALL_TABLES,NO_ZERO_IN_DATE,NO_ZERO_DATE,ERROR_FOR_DIVISION_BY_ZERO,TRADITIONAL,NO_ENGINE_SUBSTITUTION {{(pid=107023) _check_effective_sql_mode /opt/stack/data/venv/lib/python3.12/site-packages/oslo_db/sqlalchemy/engines.py:325}}
Sep 20 17:46:24.762484 np0000193570 devstack@n-api-meta.service[107024]: DEBUG oslo_db.sqlalchemy.engines [None req-ef1289a2-b041-4cc4-9018-15a4467ea003 None None] MySQL server mode set to STRICT_TRANS_TABLES,STRICT_ALL_TABLES,NO_ZERO_IN_DATE,NO_ZERO_DATE,ERROR_FOR_DIVISION_BY_ZERO,TRADITIONAL,NO_ENGINE_SUBSTITUTION {{(pid=107024) _check_effective_sql_mode /opt/stack/data/venv/lib/python3.12/site-packages/oslo_db/sqlalchemy/engines.py:325}}
Sep 20 17:46:24.765707 np0000193570 devstack@n-api-meta.service[107023]: DEBUG dbcounter [-] [107023] Writer thread running {{(pid=107023) stat_writer /opt/stack/data/venv/lib/python3.12/site-packages/dbcounter.py:102}}
Sep 20 17:46:24.768081 np0000193570 devstack@n-api-meta.service[107023]: DEBUG nova.context [None req-31ca0cf5-743d-4d83-a6e8-dde6670c5100 None None] Found 2 cells: 00000000-0000-0000-0000-000000000000(cell0),575ce315-9f4a-4dee-b954-1befbbe04c34(cell1) {{(pid=107023) load_cells /opt/stack/nova/nova/context.py:532}}
Sep 20 17:46:24.770012 np0000193570 devstack@n-api-meta.service[107023]: DEBUG oslo_concurrency.lockutils [None req-31ca0cf5-743d-4d83-a6e8-dde6670c5100 None None] Acquiring lock "00000000-0000-0000-0000-000000000000" by "nova.context.set_target_cell..get_or_set_cached_cell_and_set_connections" {{(pid=107023) inner /opt/stack/data/venv/lib/python3.12/site-packages/oslo_concurrency/lockutils.py:512}}
Sep 20 17:46:24.770195 np0000193570 devstack@n-api-meta.service[107023]: DEBUG oslo_concurrency.lockutils [None req-31ca0cf5-743d-4d83-a6e8-dde6670c5100 None None] Lock "00000000-0000-0000-0000-000000000000" acquired by "nova.context.set_target_cell..get_or_set_cached_cell_and_set_connections" :: waited 0.000s {{(pid=107023) inner /opt/stack/data/venv/lib/python3.12/site-packages/oslo_concurrency/lockutils.py:525}}
Sep 20 17:46:24.770566 np0000193570 devstack@n-api-meta.service[107023]: DEBUG oslo_concurrency.lockutils [None req-31ca0cf5-743d-4d83-a6e8-dde6670c5100 None None] Lock "00000000-0000-0000-0000-000000000000" "released" by "nova.context.set_target_cell..get_or_set_cached_cell_and_set_connections" :: held 0.000s {{(pid=107023) inner /opt/stack/data/venv/lib/python3.12/site-packages/oslo_concurrency/lockutils.py:544}}
Sep 20 17:46:24.770833 np0000193570 devstack@n-api-meta.service[107023]: INFO nova.thread_pool_factory [None req-31ca0cf5-743d-4d83-a6e8-dde6670c5100 None None] The cell_worker thread pool MainProcess.cell_worker is initialized
Sep 20 17:46:24.771966 np0000193570 devstack@n-api-meta.service[107023]: DEBUG oslo_concurrency.lockutils [None req-31ca0cf5-743d-4d83-a6e8-dde6670c5100 None None] Acquiring lock "575ce315-9f4a-4dee-b954-1befbbe04c34" by "nova.context.set_target_cell..get_or_set_cached_cell_and_set_connections" {{(pid=107023) inner /opt/stack/data/venv/lib/python3.12/site-packages/oslo_concurrency/lockutils.py:512}}
Sep 20 17:46:24.772132 np0000193570 devstack@n-api-meta.service[107023]: DEBUG oslo_concurrency.lockutils [None req-31ca0cf5-743d-4d83-a6e8-dde6670c5100 None None] Lock "575ce315-9f4a-4dee-b954-1befbbe04c34" acquired by "nova.context.set_target_cell..get_or_set_cached_cell_and_set_connections" :: waited 0.000s {{(pid=107023) inner /opt/stack/data/venv/lib/python3.12/site-packages/oslo_concurrency/lockutils.py:525}}
Sep 20 17:46:24.772931 np0000193570 devstack@n-api-meta.service[107023]: DEBUG oslo_concurrency.lockutils [None req-31ca0cf5-743d-4d83-a6e8-dde6670c5100 None None] Lock "575ce315-9f4a-4dee-b954-1befbbe04c34" "released" by "nova.context.set_target_cell..get_or_set_cached_cell_and_set_connections" :: held 0.001s {{(pid=107023) inner /opt/stack/data/venv/lib/python3.12/site-packages/oslo_concurrency/lockutils.py:544}}
Sep 20 17:46:24.777136 np0000193570 devstack@n-api-meta.service[107023]: INFO dbcounter [None req-31ca0cf5-743d-4d83-a6e8-dde6670c5100 None None] Registered counter for database nova_cell0
Sep 20 17:46:24.779836 np0000193570 devstack@n-api-meta.service[107022]: DEBUG oslo_db.sqlalchemy.engines [None req-b42fcc32-345a-4120-9a1a-c74e37ffab27 None None] MySQL server mode set to STRICT_TRANS_TABLES,STRICT_ALL_TABLES,NO_ZERO_IN_DATE,NO_ZERO_DATE,ERROR_FOR_DIVISION_BY_ZERO,TRADITIONAL,NO_ENGINE_SUBSTITUTION {{(pid=107022) _check_effective_sql_mode /opt/stack/data/venv/lib/python3.12/site-packages/oslo_db/sqlalchemy/engines.py:325}}
Sep 20 17:46:24.781794 np0000193570 devstack@n-api-meta.service[107025]: INFO dbcounter [None req-0d045cad-a711-4d68-8904-b894be69dd25 None None] Registered counter for database nova_api
Sep 20 17:46:24.784144 np0000193570 devstack@n-api-meta.service[107023]: INFO dbcounter [None req-31ca0cf5-743d-4d83-a6e8-dde6670c5100 None None] Registered counter for database nova_cell1
Sep 20 17:46:24.794624 np0000193570 devstack@n-api-meta.service[107024]: DEBUG dbcounter [-] [107024] Writer thread running {{(pid=107024) stat_writer /opt/stack/data/venv/lib/python3.12/site-packages/dbcounter.py:102}}
Sep 20 17:46:24.797497 np0000193570 devstack@n-api-meta.service[107024]: DEBUG nova.context [None req-ef1289a2-b041-4cc4-9018-15a4467ea003 None None] Found 2 cells: 00000000-0000-0000-0000-000000000000(cell0),575ce315-9f4a-4dee-b954-1befbbe04c34(cell1) {{(pid=107024) load_cells /opt/stack/nova/nova/context.py:532}}
Sep 20 17:46:24.797549 np0000193570 devstack@n-api-meta.service[107022]: DEBUG oslo_db.sqlalchemy.engines [None req-b42fcc32-345a-4120-9a1a-c74e37ffab27 None None] MySQL server mode set to STRICT_TRANS_TABLES,STRICT_ALL_TABLES,NO_ZERO_IN_DATE,NO_ZERO_DATE,ERROR_FOR_DIVISION_BY_ZERO,TRADITIONAL,NO_ENGINE_SUBSTITUTION {{(pid=107022) _check_effective_sql_mode /opt/stack/data/venv/lib/python3.12/site-packages/oslo_db/sqlalchemy/engines.py:325}}
Sep 20 17:46:24.798887 np0000193570 devstack@n-api-meta.service[107024]: DEBUG oslo_concurrency.lockutils [None req-ef1289a2-b041-4cc4-9018-15a4467ea003 None None] Acquiring lock "00000000-0000-0000-0000-000000000000" by "nova.context.set_target_cell..get_or_set_cached_cell_and_set_connections" {{(pid=107024) inner /opt/stack/data/venv/lib/python3.12/site-packages/oslo_concurrency/lockutils.py:512}}
Sep 20 17:46:24.799051 np0000193570 devstack@n-api-meta.service[107024]: DEBUG oslo_concurrency.lockutils [None req-ef1289a2-b041-4cc4-9018-15a4467ea003 None None] Lock "00000000-0000-0000-0000-000000000000" acquired by "nova.context.set_target_cell..get_or_set_cached_cell_and_set_connections" :: waited 0.000s {{(pid=107024) inner /opt/stack/data/venv/lib/python3.12/site-packages/oslo_concurrency/lockutils.py:525}}
Sep 20 17:46:24.799451 np0000193570 devstack@n-api-meta.service[107024]: DEBUG oslo_concurrency.lockutils [None req-ef1289a2-b041-4cc4-9018-15a4467ea003 None None] Lock "00000000-0000-0000-0000-000000000000" "released" by "nova.context.set_target_cell..get_or_set_cached_cell_and_set_connections" :: held 0.000s {{(pid=107024) inner /opt/stack/data/venv/lib/python3.12/site-packages/oslo_concurrency/lockutils.py:544}}
Sep 20 17:46:24.799716 np0000193570 devstack@n-api-meta.service[107024]: INFO nova.thread_pool_factory [None req-ef1289a2-b041-4cc4-9018-15a4467ea003 None None] The cell_worker thread pool MainProcess.cell_worker is initialized
Sep 20 17:46:24.800523 np0000193570 devstack@n-api-meta.service[107024]: DEBUG oslo_concurrency.lockutils [None req-ef1289a2-b041-4cc4-9018-15a4467ea003 None None] Acquiring lock "575ce315-9f4a-4dee-b954-1befbbe04c34" by "nova.context.set_target_cell..get_or_set_cached_cell_and_set_connections" {{(pid=107024) inner /opt/stack/data/venv/lib/python3.12/site-packages/oslo_concurrency/lockutils.py:512}}
Sep 20 17:46:24.800738 np0000193570 devstack@n-api-meta.service[107024]: DEBUG oslo_concurrency.lockutils [None req-ef1289a2-b041-4cc4-9018-15a4467ea003 None None] Lock "575ce315-9f4a-4dee-b954-1befbbe04c34" acquired by "nova.context.set_target_cell..get_or_set_cached_cell_and_set_connections" :: waited 0.000s {{(pid=107024) inner /opt/stack/data/venv/lib/python3.12/site-packages/oslo_concurrency/lockutils.py:525}}
Sep 20 17:46:24.801702 np0000193570 devstack@n-api-meta.service[107024]: DEBUG oslo_concurrency.lockutils [None req-ef1289a2-b041-4cc4-9018-15a4467ea003 None None] Lock "575ce315-9f4a-4dee-b954-1befbbe04c34" "released" by "nova.context.set_target_cell..get_or_set_cached_cell_and_set_connections" :: held 0.001s {{(pid=107024) inner /opt/stack/data/venv/lib/python3.12/site-packages/oslo_concurrency/lockutils.py:544}}
Sep 20 17:46:24.803652 np0000193570 devstack@n-api-meta.service[107024]: INFO dbcounter [None req-ef1289a2-b041-4cc4-9018-15a4467ea003 None None] Registered counter for database nova_cell0
Sep 20 17:46:24.807257 np0000193570 devstack@n-api-meta.service[107024]: INFO dbcounter [None req-ef1289a2-b041-4cc4-9018-15a4467ea003 None None] Registered counter for database nova_cell1
Sep 20 17:46:24.839004 np0000193570 devstack@n-api-meta.service[107025]: DEBUG oslo_db.sqlalchemy.engines [None req-0d045cad-a711-4d68-8904-b894be69dd25 None None] MySQL server mode set to STRICT_TRANS_TABLES,STRICT_ALL_TABLES,NO_ZERO_IN_DATE,NO_ZERO_DATE,ERROR_FOR_DIVISION_BY_ZERO,TRADITIONAL,NO_ENGINE_SUBSTITUTION {{(pid=107025) _check_effective_sql_mode /opt/stack/data/venv/lib/python3.12/site-packages/oslo_db/sqlalchemy/engines.py:325}}
Sep 20 17:46:24.866920 np0000193570 devstack@n-api-meta.service[107024]: DEBUG oslo_db.sqlalchemy.engines [None req-ef1289a2-b041-4cc4-9018-15a4467ea003 None None] MySQL server mode set to STRICT_TRANS_TABLES,STRICT_ALL_TABLES,NO_ZERO_IN_DATE,NO_ZERO_DATE,ERROR_FOR_DIVISION_BY_ZERO,TRADITIONAL,NO_ENGINE_SUBSTITUTION {{(pid=107024) _check_effective_sql_mode /opt/stack/data/venv/lib/python3.12/site-packages/oslo_db/sqlalchemy/engines.py:325}}
Sep 20 17:46:24.870908 np0000193570 devstack@n-api-meta.service[107022]: DEBUG dbcounter [-] [107022] Writer thread running {{(pid=107022) stat_writer /opt/stack/data/venv/lib/python3.12/site-packages/dbcounter.py:102}}
Sep 20 17:46:24.872571 np0000193570 devstack@n-api-meta.service[107023]: DEBUG oslo_db.sqlalchemy.engines [None req-31ca0cf5-743d-4d83-a6e8-dde6670c5100 None None] MySQL server mode set to STRICT_TRANS_TABLES,STRICT_ALL_TABLES,NO_ZERO_IN_DATE,NO_ZERO_DATE,ERROR_FOR_DIVISION_BY_ZERO,TRADITIONAL,NO_ENGINE_SUBSTITUTION {{(pid=107023) _check_effective_sql_mode /opt/stack/data/venv/lib/python3.12/site-packages/oslo_db/sqlalchemy/engines.py:325}}
Sep 20 17:46:24.874394 np0000193570 devstack@n-api-meta.service[107025]: DEBUG dbcounter [-] [107025] Writer thread running {{(pid=107025) stat_writer /opt/stack/data/venv/lib/python3.12/site-packages/dbcounter.py:102}}
Sep 20 17:46:24.876859 np0000193570 devstack@n-api-meta.service[107025]: DEBUG nova.context [None req-0d045cad-a711-4d68-8904-b894be69dd25 None None] Found 2 cells: 00000000-0000-0000-0000-000000000000(cell0),575ce315-9f4a-4dee-b954-1befbbe04c34(cell1) {{(pid=107025) load_cells /opt/stack/nova/nova/context.py:532}}
Sep 20 17:46:24.878657 np0000193570 devstack@n-api-meta.service[107025]: DEBUG oslo_concurrency.lockutils [None req-0d045cad-a711-4d68-8904-b894be69dd25 None None] Acquiring lock "00000000-0000-0000-0000-000000000000" by "nova.context.set_target_cell..get_or_set_cached_cell_and_set_connections" {{(pid=107025) inner /opt/stack/data/venv/lib/python3.12/site-packages/oslo_concurrency/lockutils.py:512}}
Sep 20 17:46:24.878828 np0000193570 devstack@n-api-meta.service[107025]: DEBUG oslo_concurrency.lockutils [None req-0d045cad-a711-4d68-8904-b894be69dd25 None None] Lock "00000000-0000-0000-0000-000000000000" acquired by "nova.context.set_target_cell..get_or_set_cached_cell_and_set_connections" :: waited 0.000s {{(pid=107025) inner /opt/stack/data/venv/lib/python3.12/site-packages/oslo_concurrency/lockutils.py:525}}
Sep 20 17:46:24.879216 np0000193570 devstack@n-api-meta.service[107025]: DEBUG oslo_concurrency.lockutils [None req-0d045cad-a711-4d68-8904-b894be69dd25 None None] Lock "00000000-0000-0000-0000-000000000000" "released" by "nova.context.set_target_cell..get_or_set_cached_cell_and_set_connections" :: held 0.000s {{(pid=107025) inner /opt/stack/data/venv/lib/python3.12/site-packages/oslo_concurrency/lockutils.py:544}}
Sep 20 17:46:24.879450 np0000193570 devstack@n-api-meta.service[107025]: INFO nova.thread_pool_factory [None req-0d045cad-a711-4d68-8904-b894be69dd25 None None] The cell_worker thread pool MainProcess.cell_worker is initialized
Sep 20 17:46:24.880712 np0000193570 devstack@n-api-meta.service[107025]: DEBUG oslo_concurrency.lockutils [None req-0d045cad-a711-4d68-8904-b894be69dd25 None None] Acquiring lock "575ce315-9f4a-4dee-b954-1befbbe04c34" by "nova.context.set_target_cell..get_or_set_cached_cell_and_set_connections" {{(pid=107025) inner /opt/stack/data/venv/lib/python3.12/site-packages/oslo_concurrency/lockutils.py:512}}
Sep 20 17:46:24.880712 np0000193570 devstack@n-api-meta.service[107025]: DEBUG oslo_concurrency.lockutils [None req-0d045cad-a711-4d68-8904-b894be69dd25 None None] Lock "575ce315-9f4a-4dee-b954-1befbbe04c34" acquired by "nova.context.set_target_cell..get_or_set_cached_cell_and_set_connections" :: waited 0.000s {{(pid=107025) inner /opt/stack/data/venv/lib/python3.12/site-packages/oslo_concurrency/lockutils.py:525}}
Sep 20 17:46:24.880836 np0000193570 devstack@n-api-meta.service[107022]: DEBUG dbcounter [-] [107022] Writer thread running {{(pid=107022) stat_writer /opt/stack/data/venv/lib/python3.12/site-packages/dbcounter.py:102}}
Sep 20 17:46:24.881205 np0000193570 devstack@n-api-meta.service[107025]: DEBUG oslo_concurrency.lockutils [None req-0d045cad-a711-4d68-8904-b894be69dd25 None None] Lock "575ce315-9f4a-4dee-b954-1befbbe04c34" "released" by "nova.context.set_target_cell..get_or_set_cached_cell_and_set_connections" :: held 0.001s {{(pid=107025) inner /opt/stack/data/venv/lib/python3.12/site-packages/oslo_concurrency/lockutils.py:544}}
Sep 20 17:46:24.884532 np0000193570 devstack@n-api-meta.service[107025]: INFO dbcounter [None req-0d045cad-a711-4d68-8904-b894be69dd25 None None] Registered counter for database nova_cell0
Sep 20 17:46:24.886714 np0000193570 devstack@n-api-meta.service[107022]: INFO dbcounter [None req-b42fcc32-345a-4120-9a1a-c74e37ffab27 None None] Registered counter for database nova_cell0
Sep 20 17:46:24.889918 np0000193570 devstack@n-api-meta.service[107025]: INFO dbcounter [None req-0d045cad-a711-4d68-8904-b894be69dd25 None None] Registered counter for database nova_cell1
Sep 20 17:46:24.930054 np0000193570 devstack@n-api-meta.service[107024]: DEBUG oslo_db.sqlalchemy.engines [None req-ef1289a2-b041-4cc4-9018-15a4467ea003 None None] MySQL server mode set to STRICT_TRANS_TABLES,STRICT_ALL_TABLES,NO_ZERO_IN_DATE,NO_ZERO_DATE,ERROR_FOR_DIVISION_BY_ZERO,TRADITIONAL,NO_ENGINE_SUBSTITUTION {{(pid=107024) _check_effective_sql_mode /opt/stack/data/venv/lib/python3.12/site-packages/oslo_db/sqlalchemy/engines.py:325}}
Sep 20 17:46:24.958226 np0000193570 devstack@n-api-meta.service[107022]: DEBUG oslo_db.sqlalchemy.engines [None req-b42fcc32-345a-4120-9a1a-c74e37ffab27 None None] MySQL server mode set to STRICT_TRANS_TABLES,STRICT_ALL_TABLES,NO_ZERO_IN_DATE,NO_ZERO_DATE,ERROR_FOR_DIVISION_BY_ZERO,TRADITIONAL,NO_ENGINE_SUBSTITUTION {{(pid=107022) _check_effective_sql_mode /opt/stack/data/venv/lib/python3.12/site-packages/oslo_db/sqlalchemy/engines.py:325}}
Sep 20 17:46:24.963495 np0000193570 devstack@n-api-meta.service[107024]: DEBUG dbcounter [-] [107024] Writer thread running {{(pid=107024) stat_writer /opt/stack/data/venv/lib/python3.12/site-packages/dbcounter.py:102}}
Sep 20 17:46:24.964040 np0000193570 devstack@n-api-meta.service[107025]: DEBUG oslo_db.sqlalchemy.engines [None req-0d045cad-a711-4d68-8904-b894be69dd25 None None] MySQL server mode set to STRICT_TRANS_TABLES,STRICT_ALL_TABLES,NO_ZERO_IN_DATE,NO_ZERO_DATE,ERROR_FOR_DIVISION_BY_ZERO,TRADITIONAL,NO_ENGINE_SUBSTITUTION {{(pid=107025) _check_effective_sql_mode /opt/stack/data/venv/lib/python3.12/site-packages/oslo_db/sqlalchemy/engines.py:325}}
Sep 20 17:46:24.967621 np0000193570 devstack@n-api-meta.service[107022]: DEBUG dbcounter [-] [107022] Writer thread running {{(pid=107022) stat_writer /opt/stack/data/venv/lib/python3.12/site-packages/dbcounter.py:102}}
Sep 20 17:46:24.968313 np0000193570 devstack@n-api-meta.service[107023]: DEBUG dbcounter [-] [107023] Writer thread running {{(pid=107023) stat_writer /opt/stack/data/venv/lib/python3.12/site-packages/dbcounter.py:102}}
Sep 20 17:46:24.970549 np0000193570 devstack@n-api-meta.service[107024]: DEBUG dbcounter [-] [107024] Writer thread running {{(pid=107024) stat_writer /opt/stack/data/venv/lib/python3.12/site-packages/dbcounter.py:102}}
Sep 20 17:46:24.973960 np0000193570 devstack@n-api-meta.service[107024]: INFO dbcounter [None req-ef1289a2-b041-4cc4-9018-15a4467ea003 None None] Registered counter for database nova_cell0
Sep 20 17:46:24.975351 np0000193570 devstack@n-api-meta.service[107023]: DEBUG oslo_db.sqlalchemy.engines [None req-31ca0cf5-743d-4d83-a6e8-dde6670c5100 None None] MySQL server mode set to STRICT_TRANS_TABLES,STRICT_ALL_TABLES,NO_ZERO_IN_DATE,NO_ZERO_DATE,ERROR_FOR_DIVISION_BY_ZERO,TRADITIONAL,NO_ENGINE_SUBSTITUTION {{(pid=107023) _check_effective_sql_mode /opt/stack/data/venv/lib/python3.12/site-packages/oslo_db/sqlalchemy/engines.py:325}}
Sep 20 17:46:24.983998 np0000193570 devstack@n-api-meta.service[107025]: DEBUG oslo_db.sqlalchemy.engines [None req-0d045cad-a711-4d68-8904-b894be69dd25 None None] MySQL server mode set to STRICT_TRANS_TABLES,STRICT_ALL_TABLES,NO_ZERO_IN_DATE,NO_ZERO_DATE,ERROR_FOR_DIVISION_BY_ZERO,TRADITIONAL,NO_ENGINE_SUBSTITUTION {{(pid=107025) _check_effective_sql_mode /opt/stack/data/venv/lib/python3.12/site-packages/oslo_db/sqlalchemy/engines.py:325}}
Sep 20 17:46:24.984075 np0000193570 devstack@n-api-meta.service[107023]: DEBUG dbcounter [-] [107023] Writer thread running {{(pid=107023) stat_writer /opt/stack/data/venv/lib/python3.12/site-packages/dbcounter.py:102}}
Sep 20 17:46:24.988285 np0000193570 devstack@n-api-meta.service[107023]: INFO dbcounter [None req-31ca0cf5-743d-4d83-a6e8-dde6670c5100 None None] Registered counter for database nova_cell0
Sep 20 17:46:25.006959 np0000193570 devstack@n-api-meta.service[107022]: WARNING nova.api.metadata.handler [None req-b42fcc32-345a-4120-9a1a-c74e37ffab27 None None] metadata_proxy_shared_secret is not configured, the metadata information returned by the proxy cannot be trusted
Sep 20 17:46:25.009399 np0000193570 devstack@n-api-meta.service[107022]: DEBUG nova.api.openstack.wsgi_app [None req-b42fcc32-345a-4120-9a1a-c74e37ffab27 None None] ******************************************************************************** {{(pid=107022) log_opt_values /opt/stack/data/venv/lib/python3.12/site-packages/oslo_config/cfg.py:3533}}
Sep 20 17:46:25.009932 np0000193570 devstack@n-api-meta.service[107022]: DEBUG nova.api.openstack.wsgi_app [None req-b42fcc32-345a-4120-9a1a-c74e37ffab27 None None] Configuration options gathered from: {{(pid=107022) log_opt_values /opt/stack/data/venv/lib/python3.12/site-packages/oslo_config/cfg.py:3534}}
Sep 20 17:46:25.009932 np0000193570 devstack@n-api-meta.service[107022]: DEBUG nova.api.openstack.wsgi_app [None req-b42fcc32-345a-4120-9a1a-c74e37ffab27 None None] command line args: [] {{(pid=107022) log_opt_values /opt/stack/data/venv/lib/python3.12/site-packages/oslo_config/cfg.py:3535}}
Sep 20 17:46:25.009932 np0000193570 devstack@n-api-meta.service[107022]: DEBUG nova.api.openstack.wsgi_app [None req-b42fcc32-345a-4120-9a1a-c74e37ffab27 None None] config files: ['/etc/nova/api-paste.ini', '/etc/nova/nova.conf'] {{(pid=107022) log_opt_values /opt/stack/data/venv/lib/python3.12/site-packages/oslo_config/cfg.py:3536}}
Sep 20 17:46:25.009932 np0000193570 devstack@n-api-meta.service[107022]: DEBUG nova.api.openstack.wsgi_app [None req-b42fcc32-345a-4120-9a1a-c74e37ffab27 None None] ================================================================================ {{(pid=107022) log_opt_values /opt/stack/data/venv/lib/python3.12/site-packages/oslo_config/cfg.py:3541}}
Sep 20 17:46:25.010084 np0000193570 devstack@n-api-meta.service[107022]: DEBUG nova.api.openstack.wsgi_app [None req-b42fcc32-345a-4120-9a1a-c74e37ffab27 None None] allow_resize_to_same_host = True {{(pid=107022) log_opt_values /opt/stack/data/venv/lib/python3.12/site-packages/oslo_config/cfg.py:3549}}
Sep 20 17:46:25.010174 np0000193570 devstack@n-api-meta.service[107022]: DEBUG nova.api.openstack.wsgi_app [None req-b42fcc32-345a-4120-9a1a-c74e37ffab27 None None] arq_binding_timeout = 300 {{(pid=107022) log_opt_values /opt/stack/data/venv/lib/python3.12/site-packages/oslo_config/cfg.py:3549}}
Sep 20 17:46:25.010293 np0000193570 devstack@n-api-meta.service[107022]: DEBUG nova.api.openstack.wsgi_app [None req-b42fcc32-345a-4120-9a1a-c74e37ffab27 None None] block_device_allocate_retries = 60 {{(pid=107022) log_opt_values /opt/stack/data/venv/lib/python3.12/site-packages/oslo_config/cfg.py:3549}}
Sep 20 17:46:25.010805 np0000193570 devstack@n-api-meta.service[107022]: DEBUG nova.api.openstack.wsgi_app [None req-b42fcc32-345a-4120-9a1a-c74e37ffab27 None None] block_device_allocate_retries_interval = 3 {{(pid=107022) log_opt_values /opt/stack/data/venv/lib/python3.12/site-packages/oslo_config/cfg.py:3549}}
Sep 20 17:46:25.010805 np0000193570 devstack@n-api-meta.service[107022]: DEBUG nova.api.openstack.wsgi_app [None req-b42fcc32-345a-4120-9a1a-c74e37ffab27 None None] cell_worker_thread_pool_size = 5 {{(pid=107022) log_opt_values /opt/stack/data/venv/lib/python3.12/site-packages/oslo_config/cfg.py:3549}}
Sep 20 17:46:25.010805 np0000193570 devstack@n-api-meta.service[107022]: DEBUG nova.api.openstack.wsgi_app [None req-b42fcc32-345a-4120-9a1a-c74e37ffab27 None None] cert = self.pem {{(pid=107022) log_opt_values /opt/stack/data/venv/lib/python3.12/site-packages/oslo_config/cfg.py:3549}}
Sep 20 17:46:25.010805 np0000193570 devstack@n-api-meta.service[107022]: DEBUG nova.api.openstack.wsgi_app [None req-b42fcc32-345a-4120-9a1a-c74e37ffab27 None None] compute_driver = libvirt.LibvirtDriver {{(pid=107022) log_opt_values /opt/stack/data/venv/lib/python3.12/site-packages/oslo_config/cfg.py:3549}}
Sep 20 17:46:25.011018 np0000193570 devstack@n-api-meta.service[107022]: DEBUG nova.api.openstack.wsgi_app [None req-b42fcc32-345a-4120-9a1a-c74e37ffab27 None None] compute_monitors = [] {{(pid=107022) log_opt_values /opt/stack/data/venv/lib/python3.12/site-packages/oslo_config/cfg.py:3549}}
Sep 20 17:46:25.011057 np0000193570 devstack@n-api-meta.service[107022]: DEBUG nova.api.openstack.wsgi_app [None req-b42fcc32-345a-4120-9a1a-c74e37ffab27 None None] concurrency_backend = auto {{(pid=107022) log_opt_values /opt/stack/data/venv/lib/python3.12/site-packages/oslo_config/cfg.py:3549}}
Sep 20 17:46:25.011183 np0000193570 devstack@n-api-meta.service[107022]: DEBUG nova.api.openstack.wsgi_app [None req-b42fcc32-345a-4120-9a1a-c74e37ffab27 None None] config_dir = [] {{(pid=107022) log_opt_values /opt/stack/data/venv/lib/python3.12/site-packages/oslo_config/cfg.py:3549}}
Sep 20 17:46:25.011310 np0000193570 devstack@n-api-meta.service[107022]: DEBUG nova.api.openstack.wsgi_app [None req-b42fcc32-345a-4120-9a1a-c74e37ffab27 None None] config_drive_format = iso9660 {{(pid=107022) log_opt_values /opt/stack/data/venv/lib/python3.12/site-packages/oslo_config/cfg.py:3549}}
Sep 20 17:46:25.011423 np0000193570 devstack@n-api-meta.service[107022]: DEBUG nova.api.openstack.wsgi_app [None req-b42fcc32-345a-4120-9a1a-c74e37ffab27 None None] config_file = ['/etc/nova/api-paste.ini', '/etc/nova/nova.conf'] {{(pid=107022) log_opt_values /opt/stack/data/venv/lib/python3.12/site-packages/oslo_config/cfg.py:3549}}
Sep 20 17:46:25.011542 np0000193570 devstack@n-api-meta.service[107022]: DEBUG nova.api.openstack.wsgi_app [None req-b42fcc32-345a-4120-9a1a-c74e37ffab27 None None] config_source = [] {{(pid=107022) log_opt_values /opt/stack/data/venv/lib/python3.12/site-packages/oslo_config/cfg.py:3549}}
Sep 20 17:46:25.011666 np0000193570 devstack@n-api-meta.service[107022]: DEBUG nova.api.openstack.wsgi_app [None req-b42fcc32-345a-4120-9a1a-c74e37ffab27 None None] console_host = np0000193570 {{(pid=107022) log_opt_values /opt/stack/data/venv/lib/python3.12/site-packages/oslo_config/cfg.py:3549}}
Sep 20 17:46:25.011841 np0000193570 devstack@n-api-meta.service[107022]: DEBUG nova.api.openstack.wsgi_app [None req-b42fcc32-345a-4120-9a1a-c74e37ffab27 None None] control_exchange = nova {{(pid=107022) log_opt_values /opt/stack/data/venv/lib/python3.12/site-packages/oslo_config/cfg.py:3549}}
Sep 20 17:46:25.011938 np0000193570 devstack@n-api-meta.service[107022]: DEBUG nova.api.openstack.wsgi_app [None req-b42fcc32-345a-4120-9a1a-c74e37ffab27 None None] cpu_allocation_ratio = None {{(pid=107022) log_opt_values /opt/stack/data/venv/lib/python3.12/site-packages/oslo_config/cfg.py:3549}}
Sep 20 17:46:25.012051 np0000193570 devstack@n-api-meta.service[107022]: DEBUG nova.api.openstack.wsgi_app [None req-b42fcc32-345a-4120-9a1a-c74e37ffab27 None None] daemon = False {{(pid=107022) log_opt_values /opt/stack/data/venv/lib/python3.12/site-packages/oslo_config/cfg.py:3549}}
Sep 20 17:46:25.012194 np0000193570 devstack@n-api-meta.service[107022]: DEBUG nova.api.openstack.wsgi_app [None req-b42fcc32-345a-4120-9a1a-c74e37ffab27 None None] debug = True {{(pid=107022) log_opt_values /opt/stack/data/venv/lib/python3.12/site-packages/oslo_config/cfg.py:3549}}
Sep 20 17:46:25.012311 np0000193570 devstack@n-api-meta.service[107022]: DEBUG nova.api.openstack.wsgi_app [None req-b42fcc32-345a-4120-9a1a-c74e37ffab27 None None] default_access_ip_network_name = None {{(pid=107022) log_opt_values /opt/stack/data/venv/lib/python3.12/site-packages/oslo_config/cfg.py:3549}}
Sep 20 17:46:25.012434 np0000193570 devstack@n-api-meta.service[107022]: DEBUG nova.api.openstack.wsgi_app [None req-b42fcc32-345a-4120-9a1a-c74e37ffab27 None None] default_availability_zone = nova {{(pid=107022) log_opt_values /opt/stack/data/venv/lib/python3.12/site-packages/oslo_config/cfg.py:3549}}
Sep 20 17:46:25.012591 np0000193570 devstack@n-api-meta.service[107022]: DEBUG nova.api.openstack.wsgi_app [None req-b42fcc32-345a-4120-9a1a-c74e37ffab27 None None] default_ephemeral_format = ext4 {{(pid=107022) log_opt_values /opt/stack/data/venv/lib/python3.12/site-packages/oslo_config/cfg.py:3549}}
Sep 20 17:46:25.012720 np0000193570 devstack@n-api-meta.service[107022]: DEBUG nova.api.openstack.wsgi_app [None req-b42fcc32-345a-4120-9a1a-c74e37ffab27 None None] default_green_pool_size = 1000 {{(pid=107022) log_opt_values /opt/stack/data/venv/lib/python3.12/site-packages/oslo_config/cfg.py:3549}}
Sep 20 17:46:25.012936 np0000193570 devstack@n-api-meta.service[107022]: DEBUG nova.api.openstack.wsgi_app [None req-b42fcc32-345a-4120-9a1a-c74e37ffab27 None None] default_log_levels = ['amqp=WARN', 'boto=WARN', 'sqlalchemy=WARN', 'suds=INFO', 'oslo.messaging=INFO', 'oslo_messaging=INFO', 'iso8601=WARN', 'requests.packages.urllib3.connectionpool=WARN', 'urllib3.connectionpool=WARN', 'websocket=WARN', 'requests.packages.urllib3.util.retry=WARN', 'urllib3.util.retry=WARN', 'keystonemiddleware=WARN', 'routes.middleware=WARN', 'stevedore=WARN', 'taskflow=WARN', 'keystoneauth=WARN', 'oslo.cache=INFO', 'oslo_policy=INFO', 'dogpile.core.dogpile=INFO', 'glanceclient=WARN', 'oslo.privsep.daemon=INFO'] {{(pid=107022) log_opt_values /opt/stack/data/venv/lib/python3.12/site-packages/oslo_config/cfg.py:3549}}
Sep 20 17:46:25.013047 np0000193570 devstack@n-api-meta.service[107022]: DEBUG nova.api.openstack.wsgi_app [None req-b42fcc32-345a-4120-9a1a-c74e37ffab27 None None] default_schedule_zone = None {{(pid=107022) log_opt_values /opt/stack/data/venv/lib/python3.12/site-packages/oslo_config/cfg.py:3549}}
Sep 20 17:46:25.013186 np0000193570 devstack@n-api-meta.service[107022]: DEBUG nova.api.openstack.wsgi_app [None req-b42fcc32-345a-4120-9a1a-c74e37ffab27 None None] default_thread_pool_size = 10 {{(pid=107022) log_opt_values /opt/stack/data/venv/lib/python3.12/site-packages/oslo_config/cfg.py:3549}}
Sep 20 17:46:25.013304 np0000193570 devstack@n-api-meta.service[107022]: DEBUG nova.api.openstack.wsgi_app [None req-b42fcc32-345a-4120-9a1a-c74e37ffab27 None None] disk_allocation_ratio = None {{(pid=107022) log_opt_values /opt/stack/data/venv/lib/python3.12/site-packages/oslo_config/cfg.py:3549}}
Sep 20 17:46:25.013428 np0000193570 devstack@n-api-meta.service[107022]: DEBUG nova.api.openstack.wsgi_app [None req-b42fcc32-345a-4120-9a1a-c74e37ffab27 None None] enable_new_services = True {{(pid=107022) log_opt_values /opt/stack/data/venv/lib/python3.12/site-packages/oslo_config/cfg.py:3549}}
Sep 20 17:46:25.013548 np0000193570 devstack@n-api-meta.service[107022]: DEBUG nova.api.openstack.wsgi_app [None req-b42fcc32-345a-4120-9a1a-c74e37ffab27 None None] flat_injected = False {{(pid=107022) log_opt_values /opt/stack/data/venv/lib/python3.12/site-packages/oslo_config/cfg.py:3549}}
Sep 20 17:46:25.013664 np0000193570 devstack@n-api-meta.service[107022]: DEBUG nova.api.openstack.wsgi_app [None req-b42fcc32-345a-4120-9a1a-c74e37ffab27 None None] force_config_drive = False {{(pid=107022) log_opt_values /opt/stack/data/venv/lib/python3.12/site-packages/oslo_config/cfg.py:3549}}
Sep 20 17:46:25.013795 np0000193570 devstack@n-api-meta.service[107022]: DEBUG nova.api.openstack.wsgi_app [None req-b42fcc32-345a-4120-9a1a-c74e37ffab27 None None] force_raw_images = True {{(pid=107022) log_opt_values /opt/stack/data/venv/lib/python3.12/site-packages/oslo_config/cfg.py:3549}}
Sep 20 17:46:25.013926 np0000193570 devstack@n-api-meta.service[107022]: DEBUG nova.api.openstack.wsgi_app [None req-b42fcc32-345a-4120-9a1a-c74e37ffab27 None None] graceful_shutdown_timeout = 5 {{(pid=107022) log_opt_values /opt/stack/data/venv/lib/python3.12/site-packages/oslo_config/cfg.py:3549}}
Sep 20 17:46:25.014048 np0000193570 devstack@n-api-meta.service[107022]: DEBUG nova.api.openstack.wsgi_app [None req-b42fcc32-345a-4120-9a1a-c74e37ffab27 None None] heal_instance_info_cache_interval = -1 {{(pid=107022) log_opt_values /opt/stack/data/venv/lib/python3.12/site-packages/oslo_config/cfg.py:3549}}
Sep 20 17:46:25.014242 np0000193570 devstack@n-api-meta.service[107022]: DEBUG nova.api.openstack.wsgi_app [None req-b42fcc32-345a-4120-9a1a-c74e37ffab27 None None] host = np0000193570 {{(pid=107022) log_opt_values /opt/stack/data/venv/lib/python3.12/site-packages/oslo_config/cfg.py:3549}}
Sep 20 17:46:25.014412 np0000193570 devstack@n-api-meta.service[107022]: DEBUG nova.api.openstack.wsgi_app [None req-b42fcc32-345a-4120-9a1a-c74e37ffab27 None None] initial_cpu_allocation_ratio = 4.0 {{(pid=107022) log_opt_values /opt/stack/data/venv/lib/python3.12/site-packages/oslo_config/cfg.py:3549}}
Sep 20 17:46:25.014532 np0000193570 devstack@n-api-meta.service[107022]: DEBUG nova.api.openstack.wsgi_app [None req-b42fcc32-345a-4120-9a1a-c74e37ffab27 None None] initial_disk_allocation_ratio = 1.0 {{(pid=107022) log_opt_values /opt/stack/data/venv/lib/python3.12/site-packages/oslo_config/cfg.py:3549}}
Sep 20 17:46:25.014652 np0000193570 devstack@n-api-meta.service[107022]: DEBUG nova.api.openstack.wsgi_app [None req-b42fcc32-345a-4120-9a1a-c74e37ffab27 None None] initial_ram_allocation_ratio = 1.0 {{(pid=107022) log_opt_values /opt/stack/data/venv/lib/python3.12/site-packages/oslo_config/cfg.py:3549}}
Sep 20 17:46:25.014878 np0000193570 devstack@n-api-meta.service[107022]: DEBUG nova.api.openstack.wsgi_app [None req-b42fcc32-345a-4120-9a1a-c74e37ffab27 None None] injected_network_template = /opt/stack/nova/nova/virt/interfaces.template {{(pid=107022) log_opt_values /opt/stack/data/venv/lib/python3.12/site-packages/oslo_config/cfg.py:3549}}
Sep 20 17:46:25.015001 np0000193570 devstack@n-api-meta.service[107022]: DEBUG nova.api.openstack.wsgi_app [None req-b42fcc32-345a-4120-9a1a-c74e37ffab27 None None] instance_build_timeout = 0 {{(pid=107022) log_opt_values /opt/stack/data/venv/lib/python3.12/site-packages/oslo_config/cfg.py:3549}}
Sep 20 17:46:25.015134 np0000193570 devstack@n-api-meta.service[107022]: DEBUG nova.api.openstack.wsgi_app [None req-b42fcc32-345a-4120-9a1a-c74e37ffab27 None None] instance_delete_interval = 300 {{(pid=107022) log_opt_values /opt/stack/data/venv/lib/python3.12/site-packages/oslo_config/cfg.py:3549}}
Sep 20 17:46:25.015264 np0000193570 devstack@n-api-meta.service[107022]: DEBUG nova.api.openstack.wsgi_app [None req-b42fcc32-345a-4120-9a1a-c74e37ffab27 None None] instance_format = [instance: %(uuid)s] {{(pid=107022) log_opt_values /opt/stack/data/venv/lib/python3.12/site-packages/oslo_config/cfg.py:3549}}
Sep 20 17:46:25.015431 np0000193570 devstack@n-api-meta.service[107022]: DEBUG nova.api.openstack.wsgi_app [None req-b42fcc32-345a-4120-9a1a-c74e37ffab27 None None] instance_name_template = instance-%08x {{(pid=107022) log_opt_values /opt/stack/data/venv/lib/python3.12/site-packages/oslo_config/cfg.py:3549}}
Sep 20 17:46:25.015504 np0000193570 devstack@n-api-meta.service[107022]: DEBUG nova.api.openstack.wsgi_app [None req-b42fcc32-345a-4120-9a1a-c74e37ffab27 None None] instance_usage_audit = False {{(pid=107022) log_opt_values /opt/stack/data/venv/lib/python3.12/site-packages/oslo_config/cfg.py:3549}}
Sep 20 17:46:25.015631 np0000193570 devstack@n-api-meta.service[107022]: DEBUG nova.api.openstack.wsgi_app [None req-b42fcc32-345a-4120-9a1a-c74e37ffab27 None None] instance_usage_audit_period = month {{(pid=107022) log_opt_values /opt/stack/data/venv/lib/python3.12/site-packages/oslo_config/cfg.py:3549}}
Sep 20 17:46:25.015756 np0000193570 devstack@n-api-meta.service[107022]: DEBUG nova.api.openstack.wsgi_app [None req-b42fcc32-345a-4120-9a1a-c74e37ffab27 None None] instance_uuid_format = [instance: %(uuid)s] {{(pid=107022) log_opt_values /opt/stack/data/venv/lib/python3.12/site-packages/oslo_config/cfg.py:3549}}
Sep 20 17:46:25.015923 np0000193570 devstack@n-api-meta.service[107022]: DEBUG nova.api.openstack.wsgi_app [None req-b42fcc32-345a-4120-9a1a-c74e37ffab27 None None] instances_path = /opt/stack/data/nova/instances {{(pid=107022) log_opt_values /opt/stack/data/venv/lib/python3.12/site-packages/oslo_config/cfg.py:3549}}
Sep 20 17:46:25.016046 np0000193570 devstack@n-api-meta.service[107022]: DEBUG nova.api.openstack.wsgi_app [None req-b42fcc32-345a-4120-9a1a-c74e37ffab27 None None] internal_service_availability_zone = internal {{(pid=107022) log_opt_values /opt/stack/data/venv/lib/python3.12/site-packages/oslo_config/cfg.py:3549}}
Sep 20 17:46:25.016221 np0000193570 devstack@n-api-meta.service[107022]: DEBUG nova.api.openstack.wsgi_app [None req-b42fcc32-345a-4120-9a1a-c74e37ffab27 None None] key = None {{(pid=107022) log_opt_values /opt/stack/data/venv/lib/python3.12/site-packages/oslo_config/cfg.py:3549}}
Sep 20 17:46:25.016341 np0000193570 devstack@n-api-meta.service[107022]: DEBUG nova.api.openstack.wsgi_app [None req-b42fcc32-345a-4120-9a1a-c74e37ffab27 None None] live_migration_retry_count = 30 {{(pid=107022) log_opt_values /opt/stack/data/venv/lib/python3.12/site-packages/oslo_config/cfg.py:3549}}
Sep 20 17:46:25.016465 np0000193570 devstack@n-api-meta.service[107022]: DEBUG nova.api.openstack.wsgi_app [None req-b42fcc32-345a-4120-9a1a-c74e37ffab27 None None] log_color = False {{(pid=107022) log_opt_values /opt/stack/data/venv/lib/python3.12/site-packages/oslo_config/cfg.py:3549}}
Sep 20 17:46:25.016586 np0000193570 devstack@n-api-meta.service[107022]: DEBUG nova.api.openstack.wsgi_app [None req-b42fcc32-345a-4120-9a1a-c74e37ffab27 None None] log_config_append = None {{(pid=107022) log_opt_values /opt/stack/data/venv/lib/python3.12/site-packages/oslo_config/cfg.py:3549}}
Sep 20 17:46:25.016719 np0000193570 devstack@n-api-meta.service[107022]: DEBUG nova.api.openstack.wsgi_app [None req-b42fcc32-345a-4120-9a1a-c74e37ffab27 None None] log_date_format = %Y-%m-%d %H:%M:%S {{(pid=107022) log_opt_values /opt/stack/data/venv/lib/python3.12/site-packages/oslo_config/cfg.py:3549}}
Sep 20 17:46:25.016857 np0000193570 devstack@n-api-meta.service[107022]: DEBUG nova.api.openstack.wsgi_app [None req-b42fcc32-345a-4120-9a1a-c74e37ffab27 None None] log_dir = None {{(pid=107022) log_opt_values /opt/stack/data/venv/lib/python3.12/site-packages/oslo_config/cfg.py:3549}}
Sep 20 17:46:25.016975 np0000193570 devstack@n-api-meta.service[107022]: DEBUG nova.api.openstack.wsgi_app [None req-b42fcc32-345a-4120-9a1a-c74e37ffab27 None None] log_file = None {{(pid=107022) log_opt_values /opt/stack/data/venv/lib/python3.12/site-packages/oslo_config/cfg.py:3549}}
Sep 20 17:46:25.017068 np0000193570 devstack@n-api-meta.service[107022]: DEBUG nova.api.openstack.wsgi_app [None req-b42fcc32-345a-4120-9a1a-c74e37ffab27 None None] log_options = True {{(pid=107022) log_opt_values /opt/stack/data/venv/lib/python3.12/site-packages/oslo_config/cfg.py:3549}}
Sep 20 17:46:25.017200 np0000193570 devstack@n-api-meta.service[107022]: DEBUG nova.api.openstack.wsgi_app [None req-b42fcc32-345a-4120-9a1a-c74e37ffab27 None None] log_rotate_interval = 1 {{(pid=107022) log_opt_values /opt/stack/data/venv/lib/python3.12/site-packages/oslo_config/cfg.py:3549}}
Sep 20 17:46:25.017325 np0000193570 devstack@n-api-meta.service[107022]: DEBUG nova.api.openstack.wsgi_app [None req-b42fcc32-345a-4120-9a1a-c74e37ffab27 None None] log_rotate_interval_type = days {{(pid=107022) log_opt_values /opt/stack/data/venv/lib/python3.12/site-packages/oslo_config/cfg.py:3549}}
Sep 20 17:46:25.017448 np0000193570 devstack@n-api-meta.service[107022]: DEBUG nova.api.openstack.wsgi_app [None req-b42fcc32-345a-4120-9a1a-c74e37ffab27 None None] log_rotation_type = none {{(pid=107022) log_opt_values /opt/stack/data/venv/lib/python3.12/site-packages/oslo_config/cfg.py:3549}}
Sep 20 17:46:25.017545 np0000193570 devstack@n-api-meta.service[107022]: DEBUG nova.api.openstack.wsgi_app [None req-b42fcc32-345a-4120-9a1a-c74e37ffab27 None None] logging_context_format_string = %(color)s%(levelname)s %(name)s [%(global_request_id)s %(request_id)s %(project_name)s %(user_name)s%(color)s] %(instance)s%(color)s%(message)s {{(pid=107022) log_opt_values /opt/stack/data/venv/lib/python3.12/site-packages/oslo_config/cfg.py:3549}}
Sep 20 17:46:25.017638 np0000193570 devstack@n-api-meta.service[107022]: DEBUG nova.api.openstack.wsgi_app [None req-b42fcc32-345a-4120-9a1a-c74e37ffab27 None None] logging_debug_format_suffix = {{(pid=%(process)d) %(funcName)s %(pathname)s:%(lineno)d}} {{(pid=107022) log_opt_values /opt/stack/data/venv/lib/python3.12/site-packages/oslo_config/cfg.py:3549}}
Sep 20 17:46:25.017761 np0000193570 devstack@n-api-meta.service[107022]: DEBUG nova.api.openstack.wsgi_app [None req-b42fcc32-345a-4120-9a1a-c74e37ffab27 None None] logging_default_format_string = %(color)s%(levelname)s %(name)s [-%(color)s] %(instance)s%(color)s%(message)s {{(pid=107022) log_opt_values /opt/stack/data/venv/lib/python3.12/site-packages/oslo_config/cfg.py:3549}}
Sep 20 17:46:25.017900 np0000193570 devstack@n-api-meta.service[107022]: DEBUG nova.api.openstack.wsgi_app [None req-b42fcc32-345a-4120-9a1a-c74e37ffab27 None None] logging_exception_prefix = ERROR %(name)s %(instance)s {{(pid=107022) log_opt_values /opt/stack/data/venv/lib/python3.12/site-packages/oslo_config/cfg.py:3549}}
Sep 20 17:46:25.017996 np0000193570 devstack@n-api-meta.service[107022]: DEBUG nova.api.openstack.wsgi_app [None req-b42fcc32-345a-4120-9a1a-c74e37ffab27 None None] logging_user_identity_format = %(user)s %(project)s %(domain)s %(system_scope)s %(user_domain)s %(project_domain)s {{(pid=107022) log_opt_values /opt/stack/data/venv/lib/python3.12/site-packages/oslo_config/cfg.py:3549}}
Sep 20 17:46:25.018115 np0000193570 devstack@n-api-meta.service[107022]: DEBUG nova.api.openstack.wsgi_app [None req-b42fcc32-345a-4120-9a1a-c74e37ffab27 None None] long_rpc_timeout = 1800 {{(pid=107022) log_opt_values /opt/stack/data/venv/lib/python3.12/site-packages/oslo_config/cfg.py:3549}}
Sep 20 17:46:25.018247 np0000193570 devstack@n-api-meta.service[107022]: DEBUG nova.api.openstack.wsgi_app [None req-b42fcc32-345a-4120-9a1a-c74e37ffab27 None None] manager_shutdown_timeout = 160 {{(pid=107022) log_opt_values /opt/stack/data/venv/lib/python3.12/site-packages/oslo_config/cfg.py:3549}}
Sep 20 17:46:25.018365 np0000193570 devstack@n-api-meta.service[107022]: DEBUG nova.api.openstack.wsgi_app [None req-b42fcc32-345a-4120-9a1a-c74e37ffab27 None None] max_concurrent_builds = 10 {{(pid=107022) log_opt_values /opt/stack/data/venv/lib/python3.12/site-packages/oslo_config/cfg.py:3549}}
