2026-07-14 00:36:39.243 7 INFO placement.requestlog [None req-ebd8b2f2-ba43-4704-ba87-a2bf192ccf23 863fecdefe7c470da8ad17c369a1bad8 cb90c29b2cd840ea895a2b08b3010254 - - 85018bd709d14f2fba0614ce5e657fa3 85018bd709d14f2fba0614ce5e657fa3] 10.0.0.193 "GET /resource_providers/d59d29d9-b343-4404-b547-40cd9db05afd/aggregates" status: 404 len: 235 microversion: 1.1 [pid: 7|app: 0|req: 426/849] 10.0.0.193 () {32 vars in 815 bytes} [Tue Jul 14 00:36:39 2026] GET /resource_providers/d59d29d9-b343-4404-b547-40cd9db05afd/aggregates => generated 235 bytes in 11 msecs (HTTP/1.1 404) 5 headers in 202 bytes (1 switches on core 0)
2026-07-14 00:36:39.265 8 INFO placement.requestlog [None req-400c7f4f-2275-4df7-879e-7f685ff05eeb 863fecdefe7c470da8ad17c369a1bad8 cb90c29b2cd840ea895a2b08b3010254 - - 85018bd709d14f2fba0614ce5e657fa3 85018bd709d14f2fba0614ce5e657fa3] 10.0.0.193 "DELETE /resource_providers/d59d29d9-b343-4404-b547-40cd9db05afd" status: 404 len: 246 microversion: 1.1 [pid: 8|app: 0|req: 424/850] 10.0.0.193 () {34 vars in 815 bytes} [Tue Jul 14 00:36:39 2026] DELETE /resource_providers/d59d29d9-b343-4404-b547-40cd9db05afd => generated 246 bytes in 13 msecs (HTTP/1.1 404) 6 headers in 231 bytes (1 switches on core 0)
2026-07-14 00:36:39.266 7 INFO placement.requestlog [None req-c5ce1a1c-1cbf-4733-a051-a269de3cf5e5 863fecdefe7c470da8ad17c369a1bad8 cb90c29b2cd840ea895a2b08b3010254 - - 85018bd709d14f2fba0614ce5e657fa3 85018bd709d14f2fba0614ce5e657fa3] 10.0.0.193 "DELETE /resource_providers/d59d29d9-b343-4404-b547-40cd9db05afd" status: 404 len: 246 microversion: 1.1 [pid: 7|app: 0|req: 427/851] 10.0.0.193 () {34 vars in 815 bytes} [Tue Jul 14 00:36:39 2026] DELETE /resource_providers/d59d29d9-b343-4404-b547-40cd9db05afd => generated 246 bytes in 13 msecs (HTTP/1.1 404) 6 headers in 231 bytes (1 switches on core 0)
2026-07-14 00:36:39.671 7 INFO placement.requestlog [None req-c2b78a35-7d2a-45eb-818f-19ddfc13de24 863fecdefe7c470da8ad17c369a1bad8 cb90c29b2cd840ea895a2b08b3010254 - - 85018bd709d14f2fba0614ce5e657fa3 85018bd709d14f2fba0614ce5e657fa3] 10.0.0.193 "GET /resource_providers/90c22702-c9fe-4994-b004-e4df62334b3b/aggregates" status: 404 len: 235 microversion: 1.1 [pid: 7|app: 0|req: 428/852] 10.0.0.193 () {32 vars in 815 bytes} [Tue Jul 14 00:36:39 2026] GET /resource_providers/90c22702-c9fe-4994-b004-e4df62334b3b/aggregates => generated 235 bytes in 8 msecs (HTTP/1.1 404) 5 headers in 202 bytes (1 switches on core 0)
2026-07-14 00:36:39.672 8 INFO placement.requestlog [None req-19083e30-e05e-46f4-9940-cef55fccc795 863fecdefe7c470da8ad17c369a1bad8 cb90c29b2cd840ea895a2b08b3010254 - - 85018bd709d14f2fba0614ce5e657fa3 85018bd709d14f2fba0614ce5e657fa3] 10.0.0.193 "GET /resource_providers/90c22702-c9fe-4994-b004-e4df62334b3b/aggregates" status: 404 len: 235 microversion: 1.1 [pid: 8|app: 0|req: 425/853] 10.0.0.193 () {32 vars in 815 bytes} [Tue Jul 14 00:36:39 2026] GET /resource_providers/90c22702-c9fe-4994-b004-e4df62334b3b/aggregates => generated 235 bytes in 9 msecs (HTTP/1.1 404) 5 headers in 202 bytes (1 switches on core 0)
2026-07-14 00:36:39.694 8 INFO placement.requestlog [None req-ff4d1e28-c1ba-4b30-9bfd-c9afdee512cd 863fecdefe7c470da8ad17c369a1bad8 cb90c29b2cd840ea895a2b08b3010254 - - 85018bd709d14f2fba0614ce5e657fa3 85018bd709d14f2fba0614ce5e657fa3] 10.0.0.193 "DELETE /resource_providers/90c22702-c9fe-4994-b004-e4df62334b3b" status: 404 len: 246 microversion: 1.1 [pid: 8|app: 0|req: 426/854] 10.0.0.193 () {34 vars in 815 bytes} [Tue Jul 14 00:36:39 2026] DELETE /resource_providers/90c22702-c9fe-4994-b004-e4df62334b3b => generated 246 bytes in 7 msecs (HTTP/1.1 404) 6 headers in 231 bytes (1 switches on core 0)
2026-07-14 00:36:39.696 7 INFO placement.requestlog [None req-ecffdf26-035b-40d9-bce9-4b8b92f132b6 863fecdefe7c470da8ad17c369a1bad8 cb90c29b2cd840ea895a2b08b3010254 - - 85018bd709d14f2fba0614ce5e657fa3 85018bd709d14f2fba0614ce5e657fa3] 10.0.0.193 "DELETE /resource_providers/90c22702-c9fe-4994-b004-e4df62334b3b" status: 404 len: 246 microversion: 1.1 [pid: 7|app: 0|req: 429/855] 10.0.0.193 () {34 vars in 815 bytes} [Tue Jul 14 00:36:39 2026] DELETE /resource_providers/90c22702-c9fe-4994-b004-e4df62334b3b => generated 246 bytes in 10 msecs (HTTP/1.1 404) 6 headers in 231 bytes (1 switches on core 0)
2026-07-14 00:36:41.725 7 INFO placement.requestlog [None req-93398cd1-e167-4f92-8dd8-dcf43b56b63a 863fecdefe7c470da8ad17c369a1bad8 cb90c29b2cd840ea895a2b08b3010254 - - 85018bd709d14f2fba0614ce5e657fa3 85018bd709d14f2fba0614ce5e657fa3] 10.0.0.193 "GET /resource_providers/4dc15f1b-3ece-44d2-9540-e8c69252c2df/aggregates" status: 404 len: 235 microversion: 1.1 [pid: 7|app: 0|req: 430/856] 10.0.0.193 () {32 vars in 815 bytes} [Tue Jul 14 00:36:41 2026] GET /resource_providers/4dc15f1b-3ece-44d2-9540-e8c69252c2df/aggregates => generated 235 bytes in 11 msecs (HTTP/1.1 404) 5 headers in 202 bytes (1 switches on core 0)
2026-07-14 00:36:41.727 8 INFO placement.requestlog [None req-ccc07e37-d1eb-459a-b7ef-1f7c6ae0ec5d 863fecdefe7c470da8ad17c369a1bad8 cb90c29b2cd840ea895a2b08b3010254 - - 85018bd709d14f2fba0614ce5e657fa3 85018bd709d14f2fba0614ce5e657fa3] 10.0.0.193 "GET /resource_providers/4dc15f1b-3ece-44d2-9540-e8c69252c2df/aggregates" status: 404 len: 235 microversion: 1.1 [pid: 8|app: 0|req: 427/857] 10.0.0.193 () {32 vars in 815 bytes} [Tue Jul 14 00:36:41 2026] GET /resource_providers/4dc15f1b-3ece-44d2-9540-e8c69252c2df/aggregates => generated 235 bytes in 13 msecs (HTTP/1.1 404) 5 headers in 202 bytes (1 switches on core 0)
2026-07-14 00:36:41.749 7 INFO placement.requestlog [None req-32d31f86-cb32-4354-a241-a2f5eeef2e80 863fecdefe7c470da8ad17c369a1bad8 cb90c29b2cd840ea895a2b08b3010254 - - 85018bd709d14f2fba0614ce5e657fa3 85018bd709d14f2fba0614ce5e657fa3] 10.0.0.193 "DELETE /resource_providers/4dc15f1b-3ece-44d2-9540-e8c69252c2df" status: 404 len: 246 microversion: 1.1 [pid: 7|app: 0|req: 431/858] 10.0.0.193 () {34 vars in 815 bytes} [Tue Jul 14 00:36:41 2026] DELETE /resource_providers/4dc15f1b-3ece-44d2-9540-e8c69252c2df => generated 246 bytes in 10 msecs (HTTP/1.1 404) 6 headers in 231 bytes (1 switches on core 0)
2026-07-14 00:36:41.750 7 INFO placement.requestlog [None req-00d71c52-bbbc-4fe4-9a65-bb797215d4f1 - - - - - -] 10.0.0.124 "GET /" status: 200 len: 136 microversion: 1.0
2026-07-14 00:36:41.751 7 INFO placement.requestlog [None req-8105fdb9-f0d5-4961-af09-09e0ccf52087 - - - - - -] 10.0.0.124 "GET /" status: 200 len: 136 microversion: 1.0
2026-07-14 00:36:41.752 8 INFO placement.requestlog [None req-88b14edb-1c45-4840-9a9e-4566307b86de 863fecdefe7c470da8ad17c369a1bad8 cb90c29b2cd840ea895a2b08b3010254 - - 85018bd709d14f2fba0614ce5e657fa3 85018bd709d14f2fba0614ce5e657fa3] 10.0.0.193 "DELETE /resource_providers/4dc15f1b-3ece-44d2-9540-e8c69252c2df" status: 404 len: 246 microversion: 1.1 [pid: 8|app: 0|req: 428/861] 10.0.0.193 () {34 vars in 815 bytes} [Tue Jul 14 00:36:41 2026] DELETE /resource_providers/4dc15f1b-3ece-44d2-9540-e8c69252c2df => generated 246 bytes in 11 msecs (HTTP/1.1 404) 6 headers in 231 bytes (1 switches on core 0)
2026-07-14 00:36:41.767 7 INFO placement.requestlog [None req-5f742f11-f79b-4a76-8f86-50153cda5986 863fecdefe7c470da8ad17c369a1bad8 cb90c29b2cd840ea895a2b08b3010254 - - 85018bd709d14f2fba0614ce5e657fa3 85018bd709d14f2fba0614ce5e657fa3] 10.0.0.193 "GET /resource_providers/57554ad6-2c6d-4869-a96d-533b56d1e7ad/aggregates" status: 404 len: 235 microversion: 1.1 [pid: 7|app: 0|req: 434/862] 10.0.0.193 () {32 vars in 815 bytes} [Tue Jul 14 00:36:41 2026] GET /resource_providers/57554ad6-2c6d-4869-a96d-533b56d1e7ad/aggregates => generated 235 bytes in 7 msecs (HTTP/1.1 404) 5 headers in 202 bytes (1 switches on core 0)
2026-07-14 00:36:41.781 8 INFO placement.requestlog [None req-58e99613-a7ab-4a8d-9967-7c432df21c32 863fecdefe7c470da8ad17c369a1bad8 cb90c29b2cd840ea895a2b08b3010254 - - 85018bd709d14f2fba0614ce5e657fa3 85018bd709d14f2fba0614ce5e657fa3] 10.0.0.193 "GET /resource_providers/57554ad6-2c6d-4869-a96d-533b56d1e7ad/aggregates" status: 404 len: 235 microversion: 1.1 [pid: 8|app: 0|req: 429/863] 10.0.0.193 () {32 vars in 815 bytes} [Tue Jul 14 00:36:41 2026] GET /resource_providers/57554ad6-2c6d-4869-a96d-533b56d1e7ad/aggregates => generated 235 bytes in 10 msecs (HTTP/1.1 404) 5 headers in 202 bytes (1 switches on core 0)
2026-07-14 00:36:41.792 7 INFO placement.requestlog [None req-daf8f507-d998-4fd7-af1b-070fb3770cb7 863fecdefe7c470da8ad17c369a1bad8 cb90c29b2cd840ea895a2b08b3010254 - - 85018bd709d14f2fba0614ce5e657fa3 85018bd709d14f2fba0614ce5e657fa3] 10.0.0.193 "DELETE /resource_providers/57554ad6-2c6d-4869-a96d-533b56d1e7ad" status: 404 len: 246 microversion: 1.1 [pid: 7|app: 0|req: 435/864] 10.0.0.193 () {34 vars in 815 bytes} [Tue Jul 14 00:36:41 2026] DELETE /resource_providers/57554ad6-2c6d-4869-a96d-533b56d1e7ad => generated 246 bytes in 12 msecs (HTTP/1.1 404) 6 headers in 231 bytes (1 switches on core 0)
2026-07-14 00:36:41.800 8 INFO placement.requestlog [None req-cc82edcb-bbeb-470b-875c-f2d4efdbc565 863fecdefe7c470da8ad17c369a1bad8 cb90c29b2cd840ea895a2b08b3010254 - - 85018bd709d14f2fba0614ce5e657fa3 85018bd709d14f2fba0614ce5e657fa3] 10.0.0.193 "DELETE /resource_providers/57554ad6-2c6d-4869-a96d-533b56d1e7ad" status: 404 len: 246 microversion: 1.1 [pid: 8|app: 0|req: 430/865] 10.0.0.193 () {34 vars in 815 bytes} [Tue Jul 14 00:36:41 2026] DELETE /resource_providers/57554ad6-2c6d-4869-a96d-533b56d1e7ad => generated 246 bytes in 8 msecs (HTTP/1.1 404) 6 headers in 231 bytes (1 switches on core 0)
2026-07-14 00:36:41.815 8 INFO placement.requestlog [None req-2e537c3a-e832-40a2-b833-4c830001d9f4 863fecdefe7c470da8ad17c369a1bad8 cb90c29b2cd840ea895a2b08b3010254 - - 85018bd709d14f2fba0614ce5e657fa3 85018bd709d14f2fba0614ce5e657fa3] 10.0.0.193 "GET /resource_providers/799bbcb3-c334-4581-9a30-45983131e01d/aggregates" status: 404 len: 235 microversion: 1.1 [pid: 8|app: 0|req: 431/866] 10.0.0.193 () {32 vars in 815 bytes} [Tue Jul 14 00:36:41 2026] GET /resource_providers/799bbcb3-c334-4581-9a30-45983131e01d/aggregates => generated 235 bytes in 9 msecs (HTTP/1.1 404) 5 headers in 202 bytes (1 switches on core 0)
2026-07-14 00:36:41.817 7 INFO placement.requestlog [None req-5aab384c-0eaa-4133-aac3-09702553374e 863fecdefe7c470da8ad17c369a1bad8 cb90c29b2cd840ea895a2b08b3010254 - - 85018bd709d14f2fba0614ce5e657fa3 85018bd709d14f2fba0614ce5e657fa3] 10.0.0.193 "GET /resource_providers/799bbcb3-c334-4581-9a30-45983131e01d/aggregates" status: 404 len: 235 microversion: 1.1 [pid: 7|app: 0|req: 436/867] 10.0.0.193 () {32 vars in 815 bytes} [Tue Jul 14 00:36:41 2026] GET /resource_providers/799bbcb3-c334-4581-9a30-45983131e01d/aggregates => generated 235 bytes in 12 msecs (HTTP/1.1 404) 5 headers in 202 bytes (1 switches on core 0)
2026-07-14 00:36:41.837 8 INFO placement.requestlog [None req-9812782e-04af-46f3-bbf7-53d2d07a66c5 863fecdefe7c470da8ad17c369a1bad8 cb90c29b2cd840ea895a2b08b3010254 - - 85018bd709d14f2fba0614ce5e657fa3 85018bd709d14f2fba0614ce5e657fa3] 10.0.0.193 "DELETE /resource_providers/799bbcb3-c334-4581-9a30-45983131e01d" status: 404 len: 246 microversion: 1.1 [pid: 8|app: 0|req: 432/868] 10.0.0.193 () {34 vars in 815 bytes} [Tue Jul 14 00:36:41 2026] DELETE /resource_providers/799bbcb3-c334-4581-9a30-45983131e01d => generated 246 bytes in 10 msecs (HTTP/1.1 404) 6 headers in 231 bytes (1 switches on core 0)
2026-07-14 00:36:41.845 7 INFO placement.requestlog [None req-f94c75cf-0988-4809-b6df-3b3db13ae1a9 863fecdefe7c470da8ad17c369a1bad8 cb90c29b2cd840ea895a2b08b3010254 - - 85018bd709d14f2fba0614ce5e657fa3 85018bd709d14f2fba0614ce5e657fa3] 10.0.0.193 "DELETE /resource_providers/799bbcb3-c334-4581-9a30-45983131e01d" status: 404 len: 246 microversion: 1.1 [pid: 7|app: 0|req: 437/869] 10.0.0.193 () {34 vars in 815 bytes} [Tue Jul 14 00:36:41 2026] DELETE /resource_providers/799bbcb3-c334-4581-9a30-45983131e01d => generated 246 bytes in 10 msecs (HTTP/1.1 404) 6 headers in 231 bytes (1 switches on core 0)
2026-07-14 00:36:51.748 8 INFO placement.requestlog [None req-43916513-eb08-4619-a8d1-e210bbcd64f6 - - - - - -] 10.0.0.124 "GET /" status: 200 len: 136 microversion: 1.0
2026-07-14 00:36:51.751 7 INFO placement.requestlog [None req-982d45b6-8da6-4ca5-aaac-5de0da3e09ae - - - - - -] 10.0.0.124 "GET /" status: 200 len: 136 microversion: 1.0
2026-07-14 00:36:59.396 8 INFO placement.requestlog [req-3a7c6e97-9cc3-4da5-bb29-b1f1be5e3eec req-e6774660-ea20-418e-9d85-7d50b6930b87 e71faf8b6fd5435c832cafdeff7f2669 cb90c29b2cd840ea895a2b08b3010254 - - 85018bd709d14f2fba0614ce5e657fa3 85018bd709d14f2fba0614ce5e657fa3] 199.204.45.109 "GET /resource_providers/402d4b47-c19b-498e-94d6-bec15f136ec0/allocations" status: 200 len: 152 microversion: 1.0 [pid: 8|app: 0|req: 434/872] 199.204.45.109 () {32 vars in 856 bytes} [Tue Jul 14 00:36:59 2026] GET /resource_providers/402d4b47-c19b-498e-94d6-bec15f136ec0/allocations => generated 152 bytes in 16 msecs (HTTP/1.1 200) 6 headers in 224 bytes (1 switches on core 0)
2026-07-14 00:36:59.433 7 INFO placement.requestlog [req-3a7c6e97-9cc3-4da5-bb29-b1f1be5e3eec req-765e82e8-8001-4d13-9158-142569fad0b3 e71faf8b6fd5435c832cafdeff7f2669 cb90c29b2cd840ea895a2b08b3010254 - - 85018bd709d14f2fba0614ce5e657fa3 85018bd709d14f2fba0614ce5e657fa3] 199.204.45.109 "GET /resource_providers/402d4b47-c19b-498e-94d6-bec15f136ec0/allocations" status: 200 len: 152 microversion: 1.0 [pid: 7|app: 0|req: 439/873] 199.204.45.109 () {32 vars in 856 bytes} [Tue Jul 14 00:36:59 2026] GET /resource_providers/402d4b47-c19b-498e-94d6-bec15f136ec0/allocations => generated 152 bytes in 29 msecs (HTTP/1.1 200) 6 headers in 224 bytes (1 switches on core 0)
2026-07-14 00:36:59.453 8 INFO placement.requestlog [req-3a7c6e97-9cc3-4da5-bb29-b1f1be5e3eec req-946212ea-ddb4-4819-94f2-2308d09a14df e71faf8b6fd5435c832cafdeff7f2669 cb90c29b2cd840ea895a2b08b3010254 - - 85018bd709d14f2fba0614ce5e657fa3 85018bd709d14f2fba0614ce5e657fa3] 199.204.45.109 "GET /allocations/b5443cd5-7ded-4a28-82c1-bfc5072202f6" status: 200 len: 257 microversion: 1.28 [pid: 8|app: 0|req: 435/874] 199.204.45.109 () {34 vars in 862 bytes} [Tue Jul 14 00:36:59 2026] GET /allocations/b5443cd5-7ded-4a28-82c1-bfc5072202f6 => generated 257 bytes in 13 msecs (HTTP/1.1 200) 8 headers in 296 bytes (1 switches on core 0)
2026-07-14 00:36:59.525 7 INFO placement.requestlog [None req-f9ddc8cb-52ad-4eb6-a4ac-0d9865fded66 863fecdefe7c470da8ad17c369a1bad8 cb90c29b2cd840ea895a2b08b3010254 - - 85018bd709d14f2fba0614ce5e657fa3 85018bd709d14f2fba0614ce5e657fa3] 10.0.0.193 "GET /resource_providers/cb96c662-33d1-49ee-9d53-7de563dfe193/aggregates" status: 404 len: 235 microversion: 1.1 [pid: 7|app: 0|req: 440/875] 10.0.0.193 () {32 vars in 815 bytes} [Tue Jul 14 00:36:59 2026] GET /resource_providers/cb96c662-33d1-49ee-9d53-7de563dfe193/aggregates => generated 235 bytes in 8 msecs (HTTP/1.1 404) 5 headers in 202 bytes (1 switches on core 0)
2026-07-14 00:36:59.527 8 INFO placement.requestlog [None req-76b3079d-bb12-4358-a0d6-3ee238099512 863fecdefe7c470da8ad17c369a1bad8 cb90c29b2cd840ea895a2b08b3010254 - - 85018bd709d14f2fba0614ce5e657fa3 85018bd709d14f2fba0614ce5e657fa3] 10.0.0.193 "GET /resource_providers/cb96c662-33d1-49ee-9d53-7de563dfe193/aggregates" status: 404 len: 235 microversion: 1.1 [pid: 8|app: 0|req: 436/876] 10.0.0.193 () {32 vars in 815 bytes} [Tue Jul 14 00:36:59 2026] GET /resource_providers/cb96c662-33d1-49ee-9d53-7de563dfe193/aggregates => generated 235 bytes in 10 msecs (HTTP/1.1 404) 5 headers in 202 bytes (1 switches on core 0)
2026-07-14 00:36:59.550 8 INFO placement.requestlog [None req-02e4973c-a703-4fad-ae88-fd3b83e200af 863fecdefe7c470da8ad17c369a1bad8 cb90c29b2cd840ea895a2b08b3010254 - - 85018bd709d14f2fba0614ce5e657fa3 85018bd709d14f2fba0614ce5e657fa3] 10.0.0.193 "DELETE /resource_providers/cb96c662-33d1-49ee-9d53-7de563dfe193" status: 404 len: 246 microversion: 1.1 [pid: 8|app: 0|req: 437/877] 10.0.0.193 () {34 vars in 815 bytes} [Tue Jul 14 00:36:59 2026] DELETE /resource_providers/cb96c662-33d1-49ee-9d53-7de563dfe193 => generated 246 bytes in 10 msecs (HTTP/1.1 404) 6 headers in 231 bytes (1 switches on core 0)
2026-07-14 00:36:59.553 7 INFO placement.requestlog [None req-0404a647-f910-44e9-9eaa-4e6baca7d599 863fecdefe7c470da8ad17c369a1bad8 cb90c29b2cd840ea895a2b08b3010254 - - 85018bd709d14f2fba0614ce5e657fa3 85018bd709d14f2fba0614ce5e657fa3] 10.0.0.193 "DELETE /resource_providers/cb96c662-33d1-49ee-9d53-7de563dfe193" status: 404 len: 246 microversion: 1.1 [pid: 7|app: 0|req: 441/878] 10.0.0.193 () {34 vars in 815 bytes} [Tue Jul 14 00:36:59 2026] DELETE /resource_providers/cb96c662-33d1-49ee-9d53-7de563dfe193 => generated 246 bytes in 13 msecs (HTTP/1.1 404) 6 headers in 231 bytes (1 switches on core 0)
2026-07-14 00:37:01.749 8 INFO placement.requestlog [None req-5579fd01-d48c-4ebe-9a06-dbc2a66fed37 - - - - - -] 10.0.0.124 "GET /" status: 200 len: 136 microversion: 1.0
2026-07-14 00:37:01.751 7 INFO placement.requestlog [None req-80e0be15-b162-4d58-abe3-7ac3178ce458 - - - - - -] 10.0.0.124 "GET /" status: 200 len: 136 microversion: 1.0
2026-07-14 00:37:04.146 8 INFO placement.requestlog [None req-0ac44b2d-bb4f-4b9c-8dc4-cc4a62ed96d5 863fecdefe7c470da8ad17c369a1bad8 cb90c29b2cd840ea895a2b08b3010254 - - 85018bd709d14f2fba0614ce5e657fa3 85018bd709d14f2fba0614ce5e657fa3] 10.0.0.193 "GET /resource_providers/5131bae0-9967-4cad-b4c4-fdb504636cab/aggregates" status: 404 len: 235 microversion: 1.1 [pid: 8|app: 0|req: 439/881] 10.0.0.193 () {32 vars in 815 bytes} [Tue Jul 14 00:37:04 2026] GET /resource_providers/5131bae0-9967-4cad-b4c4-fdb504636cab/aggregates => generated 235 bytes in 11 msecs (HTTP/1.1 404) 5 headers in 202 bytes (1 switches on core 0)
2026-07-14 00:37:04.149 7 INFO placement.requestlog [None req-092a7daa-8800-4f38-8efc-d173327f4572 863fecdefe7c470da8ad17c369a1bad8 cb90c29b2cd840ea895a2b08b3010254 - - 85018bd709d14f2fba0614ce5e657fa3 85018bd709d14f2fba0614ce5e657fa3] 10.0.0.193 "GET /resource_providers/5131bae0-9967-4cad-b4c4-fdb504636cab/aggregates" status: 404 len: 235 microversion: 1.1 [pid: 7|app: 0|req: 443/882] 10.0.0.193 () {32 vars in 815 bytes} [Tue Jul 14 00:37:04 2026] GET /resource_providers/5131bae0-9967-4cad-b4c4-fdb504636cab/aggregates => generated 235 bytes in 14 msecs (HTTP/1.1 404) 5 headers in 202 bytes (1 switches on core 0)
2026-07-14 00:37:04.169 8 INFO placement.requestlog [None req-29b1f58a-6b38-4f74-bb91-b92613455f74 863fecdefe7c470da8ad17c369a1bad8 cb90c29b2cd840ea895a2b08b3010254 - - 85018bd709d14f2fba0614ce5e657fa3 85018bd709d14f2fba0614ce5e657fa3] 10.0.0.193 "DELETE /resource_providers/5131bae0-9967-4cad-b4c4-fdb504636cab" status: 404 len: 246 microversion: 1.1 [pid: 8|app: 0|req: 440/883] 10.0.0.193 () {34 vars in 815 bytes} [Tue Jul 14 00:37:04 2026] DELETE /resource_providers/5131bae0-9967-4cad-b4c4-fdb504636cab => generated 246 bytes in 9 msecs (HTTP/1.1 404) 6 headers in 231 bytes (1 switches on core 0)
2026-07-14 00:37:04.178 7 INFO placement.requestlog [None req-45e90db9-a507-4b9b-a5ba-d6e7a9558681 863fecdefe7c470da8ad17c369a1bad8 cb90c29b2cd840ea895a2b08b3010254 - - 85018bd709d14f2fba0614ce5e657fa3 85018bd709d14f2fba0614ce5e657fa3] 10.0.0.193 "DELETE /resource_providers/5131bae0-9967-4cad-b4c4-fdb504636cab" status: 404 len: 246 microversion: 1.1 [pid: 7|app: 0|req: 444/884] 10.0.0.193 () {34 vars in 815 bytes} [Tue Jul 14 00:37:04 2026] DELETE /resource_providers/5131bae0-9967-4cad-b4c4-fdb504636cab => generated 246 bytes in 11 msecs (HTTP/1.1 404) 6 headers in 231 bytes (1 switches on core 0)
2026-07-14 00:37:06.113 8 INFO placement.requestlog [req-208f5596-6b5f-4f3b-bfe2-e29062e886aa req-e48520d5-35d1-43da-9a82-752608d57e77 e71faf8b6fd5435c832cafdeff7f2669 cb90c29b2cd840ea895a2b08b3010254 - - 85018bd709d14f2fba0614ce5e657fa3 85018bd709d14f2fba0614ce5e657fa3] 199.204.45.109 "GET /resource_providers/402d4b47-c19b-498e-94d6-bec15f136ec0/allocations" status: 200 len: 152 microversion: 1.0 [pid: 8|app: 0|req: 441/885] 199.204.45.109 () {32 vars in 856 bytes} [Tue Jul 14 00:37:06 2026] GET /resource_providers/402d4b47-c19b-498e-94d6-bec15f136ec0/allocations => generated 152 bytes in 24 msecs (HTTP/1.1 200) 6 headers in 224 bytes (1 switches on core 0)
2026-07-14 00:37:06.145 7 INFO placement.requestlog [req-208f5596-6b5f-4f3b-bfe2-e29062e886aa req-d618acea-810d-40ef-a023-f922dbba3eec e71faf8b6fd5435c832cafdeff7f2669 cb90c29b2cd840ea895a2b08b3010254 - - 85018bd709d14f2fba0614ce5e657fa3 85018bd709d14f2fba0614ce5e657fa3] 199.204.45.109 "GET /allocations/b5443cd5-7ded-4a28-82c1-bfc5072202f6" status: 200 len: 257 microversion: 1.28 [pid: 7|app: 0|req: 445/886] 199.204.45.109 () {34 vars in 862 bytes} [Tue Jul 14 00:37:06 2026] GET /allocations/b5443cd5-7ded-4a28-82c1-bfc5072202f6 => generated 257 bytes in 19 msecs (HTTP/1.1 200) 8 headers in 296 bytes (1 switches on core 0)
2026-07-14 00:37:07.191 8 INFO placement.requestlog [req-208f5596-6b5f-4f3b-bfe2-e29062e886aa req-e193551c-97fb-4266-b6af-4e774604ddc8 e71faf8b6fd5435c832cafdeff7f2669 cb90c29b2cd840ea895a2b08b3010254 - - 85018bd709d14f2fba0614ce5e657fa3 85018bd709d14f2fba0614ce5e657fa3] 199.204.45.109 "DELETE /allocations/b5443cd5-7ded-4a28-82c1-bfc5072202f6" status: 204 len: 0 microversion: 1.0 [pid: 8|app: 0|req: 442/887] 199.204.45.109 () {34 vars in 840 bytes} [Tue Jul 14 00:37:07 2026] DELETE /allocations/b5443cd5-7ded-4a28-82c1-bfc5072202f6 => generated 0 bytes in 24 msecs (HTTP/1.1 204) 5 headers in 198 bytes (1 switches on core 0)
2026-07-14 00:37:07.344 8 INFO placement.requestlog [None req-1973df8d-8a1e-4a38-91fd-afb54ee89d92 863fecdefe7c470da8ad17c369a1bad8 cb90c29b2cd840ea895a2b08b3010254 - - 85018bd709d14f2fba0614ce5e657fa3 85018bd709d14f2fba0614ce5e657fa3] 10.0.0.193 "GET /resource_providers/99933e17-db04-44b8-bbb8-84c9e773f796/aggregates" status: 404 len: 235 microversion: 1.1
2026-07-14 00:37:07.344 7 INFO placement.requestlog [None req-5c471094-c641-4b2d-8ba1-61809c46bee7 863fecdefe7c470da8ad17c369a1bad8 cb90c29b2cd840ea895a2b08b3010254 - - 85018bd709d14f2fba0614ce5e657fa3 85018bd709d14f2fba0614ce5e657fa3] 10.0.0.193 "GET /resource_providers/99933e17-db04-44b8-bbb8-84c9e773f796/aggregates" status: 404 len: 235 microversion: 1.1 [pid: 8|app: 0|req: 443/888] 10.0.0.193 () {32 vars in 815 bytes} [Tue Jul 14 00:37:07 2026] GET /resource_providers/99933e17-db04-44b8-bbb8-84c9e773f796/aggregates => generated 235 bytes in 10 msecs (HTTP/1.1 404) 5 headers in 202 bytes (1 switches on core 0) [pid: 7|app: 0|req: 446/889] 10.0.0.193 () {32 vars in 815 bytes} [Tue Jul 14 00:37:07 2026] GET /resource_providers/99933e17-db04-44b8-bbb8-84c9e773f796/aggregates => generated 235 bytes in 11 msecs (HTTP/1.1 404) 5 headers in 202 bytes (1 switches on core 0)
2026-07-14 00:37:07.373 8 INFO placement.requestlog [None req-8693c540-34bb-4bad-b543-81115b8e2276 863fecdefe7c470da8ad17c369a1bad8 cb90c29b2cd840ea895a2b08b3010254 - - 85018bd709d14f2fba0614ce5e657fa3 85018bd709d14f2fba0614ce5e657fa3] 10.0.0.193 "DELETE /resource_providers/99933e17-db04-44b8-bbb8-84c9e773f796" status: 404 len: 246 microversion: 1.1 [pid: 8|app: 0|req: 444/890] 10.0.0.193 () {34 vars in 815 bytes} [Tue Jul 14 00:37:07 2026] DELETE /resource_providers/99933e17-db04-44b8-bbb8-84c9e773f796 => generated 246 bytes in 10 msecs (HTTP/1.1 404) 6 headers in 231 bytes (1 switches on core 0)
2026-07-14 00:37:07.383 7 INFO placement.requestlog [None req-d806e953-9f2a-42b3-9f7d-6b91bc5357a4 863fecdefe7c470da8ad17c369a1bad8 cb90c29b2cd840ea895a2b08b3010254 - - 85018bd709d14f2fba0614ce5e657fa3 85018bd709d14f2fba0614ce5e657fa3] 10.0.0.193 "DELETE /resource_providers/99933e17-db04-44b8-bbb8-84c9e773f796" status: 404 len: 246 microversion: 1.1 [pid: 7|app: 0|req: 447/891] 10.0.0.193 () {34 vars in 815 bytes} [Tue Jul 14 00:37:07 2026] DELETE /resource_providers/99933e17-db04-44b8-bbb8-84c9e773f796 => generated 246 bytes in 12 msecs (HTTP/1.1 404) 6 headers in 231 bytes (1 switches on core 0)
2026-07-14 00:37:11.370 8 INFO placement.requestlog [None req-8afa47d7-97db-450c-bcbd-ea0fe950ac3a 863fecdefe7c470da8ad17c369a1bad8 cb90c29b2cd840ea895a2b08b3010254 - - 85018bd709d14f2fba0614ce5e657fa3 85018bd709d14f2fba0614ce5e657fa3] 10.0.0.193 "GET /resource_providers/f3090b34-32b1-4f93-8556-a2dfd4f6d4ea/aggregates" status: 404 len: 235 microversion: 1.1 [pid: 8|app: 0|req: 445/892] 10.0.0.193 () {32 vars in 815 bytes} [Tue Jul 14 00:37:11 2026] GET /resource_providers/f3090b34-32b1-4f93-8556-a2dfd4f6d4ea/aggregates => generated 235 bytes in 11 msecs (HTTP/1.1 404) 5 headers in 202 bytes (1 switches on core 0)
2026-07-14 00:37:11.373 7 INFO placement.requestlog [None req-0f16856a-beca-49ad-9718-ae0884e12db0 863fecdefe7c470da8ad17c369a1bad8 cb90c29b2cd840ea895a2b08b3010254 - - 85018bd709d14f2fba0614ce5e657fa3 85018bd709d14f2fba0614ce5e657fa3] 10.0.0.193 "GET /resource_providers/f3090b34-32b1-4f93-8556-a2dfd4f6d4ea/aggregates" status: 404 len: 235 microversion: 1.1 [pid: 7|app: 0|req: 448/893] 10.0.0.193 () {32 vars in 815 bytes} [Tue Jul 14 00:37:11 2026] GET /resource_providers/f3090b34-32b1-4f93-8556-a2dfd4f6d4ea/aggregates => generated 235 bytes in 12 msecs (HTTP/1.1 404) 5 headers in 202 bytes (1 switches on core 0)
2026-07-14 00:37:11.390 8 INFO placement.requestlog [None req-3c5eb474-b001-4006-ad4d-72c981b2a6d6 863fecdefe7c470da8ad17c369a1bad8 cb90c29b2cd840ea895a2b08b3010254 - - 85018bd709d14f2fba0614ce5e657fa3 85018bd709d14f2fba0614ce5e657fa3] 10.0.0.193 "DELETE /resource_providers/f3090b34-32b1-4f93-8556-a2dfd4f6d4ea" status: 404 len: 246 microversion: 1.1 [pid: 8|app: 0|req: 446/894] 10.0.0.193 () {34 vars in 815 bytes} [Tue Jul 14 00:37:11 2026] DELETE /resource_providers/f3090b34-32b1-4f93-8556-a2dfd4f6d4ea => generated 246 bytes in 6 msecs (HTTP/1.1 404) 6 headers in 231 bytes (1 switches on core 0)
2026-07-14 00:37:11.401 7 INFO placement.requestlog [None req-4b8395ed-8696-4cb7-9c9b-2ca6c2a15ddf 863fecdefe7c470da8ad17c369a1bad8 cb90c29b2cd840ea895a2b08b3010254 - - 85018bd709d14f2fba0614ce5e657fa3 85018bd709d14f2fba0614ce5e657fa3] 10.0.0.193 "DELETE /resource_providers/f3090b34-32b1-4f93-8556-a2dfd4f6d4ea" status: 404 len: 246 microversion: 1.1 [pid: 7|app: 0|req: 449/895] 10.0.0.193 () {34 vars in 815 bytes} [Tue Jul 14 00:37:11 2026] DELETE /resource_providers/f3090b34-32b1-4f93-8556-a2dfd4f6d4ea => generated 246 bytes in 13 msecs (HTTP/1.1 404) 6 headers in 231 bytes (1 switches on core 0)
2026-07-14 00:37:11.749 7 INFO placement.requestlog [None req-3ba85f5a-9b47-45c5-a6ea-5605bf85c921 - - - - - -] 10.0.0.124 "GET /" status: 200 len: 136 microversion: 1.0
2026-07-14 00:37:11.750 8 INFO placement.requestlog [None req-507c32e9-0179-48b6-8bb1-dbe2982805a3 - - - - - -] 10.0.0.124 "GET /" status: 200 len: 136 microversion: 1.0
2026-07-14 00:37:13.413 7 INFO placement.requestlog [None req-7a65dfbd-29dd-4db4-b295-278dc67cb15d 863fecdefe7c470da8ad17c369a1bad8 cb90c29b2cd840ea895a2b08b3010254 - - 85018bd709d14f2fba0614ce5e657fa3 85018bd709d14f2fba0614ce5e657fa3] 10.0.0.193 "GET /resource_providers/12ecbc23-b9f0-44eb-b057-a8b6719a3586/aggregates" status: 404 len: 235 microversion: 1.1 [pid: 7|app: 0|req: 451/898] 10.0.0.193 () {32 vars in 815 bytes} [Tue Jul 14 00:37:13 2026] GET /resource_providers/12ecbc23-b9f0-44eb-b057-a8b6719a3586/aggregates => generated 235 bytes in 12 msecs (HTTP/1.1 404) 5 headers in 202 bytes (1 switches on core 0)
2026-07-14 00:37:13.419 8 INFO placement.requestlog [None req-5ae9ff81-c7a9-46da-822a-84aa5d322ef5 863fecdefe7c470da8ad17c369a1bad8 cb90c29b2cd840ea895a2b08b3010254 - - 85018bd709d14f2fba0614ce5e657fa3 85018bd709d14f2fba0614ce5e657fa3] 10.0.0.193 "GET /resource_providers/12ecbc23-b9f0-44eb-b057-a8b6719a3586/aggregates" status: 404 len: 235 microversion: 1.1 [pid: 8|app: 0|req: 448/899] 10.0.0.193 () {32 vars in 815 bytes} [Tue Jul 14 00:37:13 2026] GET /resource_providers/12ecbc23-b9f0-44eb-b057-a8b6719a3586/aggregates => generated 235 bytes in 9 msecs (HTTP/1.1 404) 5 headers in 202 bytes (1 switches on core 0)
2026-07-14 00:37:13.436 7 INFO placement.requestlog [None req-8d2e686c-4851-4ebe-9c60-d107866eefad 863fecdefe7c470da8ad17c369a1bad8 cb90c29b2cd840ea895a2b08b3010254 - - 85018bd709d14f2fba0614ce5e657fa3 85018bd709d14f2fba0614ce5e657fa3] 10.0.0.193 "DELETE /resource_providers/12ecbc23-b9f0-44eb-b057-a8b6719a3586" status: 404 len: 246 microversion: 1.1
2026-07-14 00:37:13.436 8 INFO placement.requestlog [None req-0a1121d3-1db4-41da-ad32-9faeae3f5ae5 863fecdefe7c470da8ad17c369a1bad8 cb90c29b2cd840ea895a2b08b3010254 - - 85018bd709d14f2fba0614ce5e657fa3 85018bd709d14f2fba0614ce5e657fa3] 10.0.0.193 "DELETE /resource_providers/12ecbc23-b9f0-44eb-b057-a8b6719a3586" status: 404 len: 246 microversion: 1.1 [pid: 7|app: 0|req: 452/900] 10.0.0.193 () {34 vars in 815 bytes} [Tue Jul 14 00:37:13 2026] DELETE /resource_providers/12ecbc23-b9f0-44eb-b057-a8b6719a3586 => generated 246 bytes in 10 msecs (HTTP/1.1 404) 6 headers in 231 bytes (1 switches on core 0) [pid: 8|app: 0|req: 449/901] 10.0.0.193 () {34 vars in 815 bytes} [Tue Jul 14 00:37:13 2026] DELETE /resource_providers/12ecbc23-b9f0-44eb-b057-a8b6719a3586 => generated 246 bytes in 9 msecs (HTTP/1.1 404) 6 headers in 231 bytes (1 switches on core 0)
2026-07-14 00:37:15.619 7 INFO placement.requestlog [None req-0f6c8067-49ee-4b1a-a43f-08f382b87fef 863fecdefe7c470da8ad17c369a1bad8 cb90c29b2cd840ea895a2b08b3010254 - - 85018bd709d14f2fba0614ce5e657fa3 85018bd709d14f2fba0614ce5e657fa3] 10.0.0.193 "GET /resource_providers/79163adf-611c-46ee-9f23-10b0c4cd03a7/aggregates" status: 404 len: 235 microversion: 1.1 [pid: 7|app: 0|req: 453/902] 10.0.0.193 () {32 vars in 815 bytes} [Tue Jul 14 00:37:15 2026] GET /resource_providers/79163adf-611c-46ee-9f23-10b0c4cd03a7/aggregates => generated 235 bytes in 11 msecs (HTTP/1.1 404) 5 headers in 202 bytes (1 switches on core 0)
2026-07-14 00:37:15.622 8 INFO placement.requestlog [None req-6299eb7f-ead4-47d0-aacf-e6d141b8161a 863fecdefe7c470da8ad17c369a1bad8 cb90c29b2cd840ea895a2b08b3010254 - - 85018bd709d14f2fba0614ce5e657fa3 85018bd709d14f2fba0614ce5e657fa3] 10.0.0.193 "GET /resource_providers/79163adf-611c-46ee-9f23-10b0c4cd03a7/aggregates" status: 404 len: 235 microversion: 1.1 [pid: 8|app: 0|req: 450/903] 10.0.0.193 () {32 vars in 815 bytes} [Tue Jul 14 00:37:15 2026] GET /resource_providers/79163adf-611c-46ee-9f23-10b0c4cd03a7/aggregates => generated 235 bytes in 11 msecs (HTTP/1.1 404) 5 headers in 202 bytes (1 switches on core 0)
2026-07-14 00:37:15.646 7 INFO placement.requestlog [None req-ee5aed64-2738-411c-9ec6-f7edd12e1abd 863fecdefe7c470da8ad17c369a1bad8 cb90c29b2cd840ea895a2b08b3010254 - - 85018bd709d14f2fba0614ce5e657fa3 85018bd709d14f2fba0614ce5e657fa3] 10.0.0.193 "DELETE /resource_providers/79163adf-611c-46ee-9f23-10b0c4cd03a7" status: 404 len: 246 microversion: 1.1 [pid: 7|app: 0|req: 454/904] 10.0.0.193 () {34 vars in 815 bytes} [Tue Jul 14 00:37:15 2026] DELETE /resource_providers/79163adf-611c-46ee-9f23-10b0c4cd03a7 => generated 246 bytes in 9 msecs (HTTP/1.1 404) 6 headers in 231 bytes (1 switches on core 0)
2026-07-14 00:37:15.649 8 INFO placement.requestlog [None req-7a420adb-daa0-4c69-85b2-a37f927ccf36 863fecdefe7c470da8ad17c369a1bad8 cb90c29b2cd840ea895a2b08b3010254 - - 85018bd709d14f2fba0614ce5e657fa3 85018bd709d14f2fba0614ce5e657fa3] 10.0.0.193 "DELETE /resource_providers/79163adf-611c-46ee-9f23-10b0c4cd03a7" status: 404 len: 246 microversion: 1.1 [pid: 8|app: 0|req: 451/905] 10.0.0.193 () {34 vars in 815 bytes} [Tue Jul 14 00:37:15 2026] DELETE /resource_providers/79163adf-611c-46ee-9f23-10b0c4cd03a7 => generated 246 bytes in 10 msecs (HTTP/1.1 404) 6 headers in 231 bytes (1 switches on core 0)
2026-07-14 00:37:19.132 7 INFO placement.requestlog [None req-7209421c-a891-4b49-8a2e-48b84ab9058c 863fecdefe7c470da8ad17c369a1bad8 cb90c29b2cd840ea895a2b08b3010254 - - 85018bd709d14f2fba0614ce5e657fa3 85018bd709d14f2fba0614ce5e657fa3] 10.0.0.193 "GET /resource_providers/782d32a2-e84a-4586-9738-61512e43b11b/aggregates" status: 404 len: 235 microversion: 1.1 [pid: 7|app: 0|req: 455/906] 10.0.0.193 () {32 vars in 815 bytes} [Tue Jul 14 00:37:19 2026] GET /resource_providers/782d32a2-e84a-4586-9738-61512e43b11b/aggregates => generated 235 bytes in 15 msecs (HTTP/1.1 404) 5 headers in 202 bytes (1 switches on core 0)
2026-07-14 00:37:19.141 8 INFO placement.requestlog [None req-402dafae-e70d-4756-8ad1-30d2a86dd53a 863fecdefe7c470da8ad17c369a1bad8 cb90c29b2cd840ea895a2b08b3010254 - - 85018bd709d14f2fba0614ce5e657fa3 85018bd709d14f2fba0614ce5e657fa3] 10.0.0.193 "GET /resource_providers/782d32a2-e84a-4586-9738-61512e43b11b/aggregates" status: 404 len: 235 microversion: 1.1 [pid: 8|app: 0|req: 452/907] 10.0.0.193 () {32 vars in 815 bytes} [Tue Jul 14 00:37:19 2026] GET /resource_providers/782d32a2-e84a-4586-9738-61512e43b11b/aggregates => generated 235 bytes in 22 msecs (HTTP/1.1 404) 5 headers in 202 bytes (1 switches on core 0)
2026-07-14 00:37:19.159 8 INFO placement.requestlog [None req-2d9ada69-bb64-4dd7-9370-b99ad003e0e4 863fecdefe7c470da8ad17c369a1bad8 cb90c29b2cd840ea895a2b08b3010254 - - 85018bd709d14f2fba0614ce5e657fa3 85018bd709d14f2fba0614ce5e657fa3] 10.0.0.193 "DELETE /resource_providers/782d32a2-e84a-4586-9738-61512e43b11b" status: 404 len: 246 microversion: 1.1
2026-07-14 00:37:19.159 7 INFO placement.requestlog [None req-346740e2-3431-49ce-a375-2ea0d110eb30 863fecdefe7c470da8ad17c369a1bad8 cb90c29b2cd840ea895a2b08b3010254 - - 85018bd709d14f2fba0614ce5e657fa3 85018bd709d14f2fba0614ce5e657fa3] 10.0.0.193 "DELETE /resource_providers/782d32a2-e84a-4586-9738-61512e43b11b" status: 404 len: 246 microversion: 1.1 [pid: 8|app: 0|req: 453/908] 10.0.0.193 () {34 vars in 815 bytes} [Tue Jul 14 00:37:19 2026] DELETE /resource_providers/782d32a2-e84a-4586-9738-61512e43b11b => generated 246 bytes in 10 msecs (HTTP/1.1 404) 6 headers in 231 bytes (1 switches on core 0) [pid: 7|app: 0|req: 456/909] 10.0.0.193 () {34 vars in 815 bytes} [Tue Jul 14 00:37:19 2026] DELETE /resource_providers/782d32a2-e84a-4586-9738-61512e43b11b => generated 246 bytes in 11 msecs (HTTP/1.1 404) 6 headers in 231 bytes (1 switches on core 0)
2026-07-14 00:37:20.611 8 INFO placement.requestlog [req-d203d413-af3f-4415-b2ca-5af84030e96f req-ff4122ca-1918-4737-b39c-684b868e4fa2 e71faf8b6fd5435c832cafdeff7f2669 cb90c29b2cd840ea895a2b08b3010254 - - 85018bd709d14f2fba0614ce5e657fa3 85018bd709d14f2fba0614ce5e657fa3] 10.0.0.243 "GET /allocation_candidates?limit=1000&resources=DISK_GB%3A1%2CMEMORY_MB%3A512%2CVCPU%3A1&root_required=%21COMPUTE_STATUS_DISABLED" status: 200 len: 2640 microversion: 1.36 [pid: 8|app: 0|req: 454/910] 10.0.0.243 () {34 vars in 1011 bytes} [Tue Jul 14 00:37:20 2026] GET /allocation_candidates?limit=1000&resources=DISK_GB%3A1%2CMEMORY_MB%3A512%2CVCPU%3A1&root_required=%21COMPUTE_STATUS_DISABLED => generated 2640 bytes in 54 msecs (HTTP/1.1 200) 8 headers in 297 bytes (1 switches on core 0)
2026-07-14 00:37:20.636 7 INFO placement.requestlog [req-d203d413-af3f-4415-b2ca-5af84030e96f req-c20b1557-292c-40da-afbc-42f6d179eb61 e71faf8b6fd5435c832cafdeff7f2669 cb90c29b2cd840ea895a2b08b3010254 - - 85018bd709d14f2fba0614ce5e657fa3 85018bd709d14f2fba0614ce5e657fa3] 10.0.0.243 "GET /allocations/a1ea661a-a070-4f0b-933d-bb1a54abcb35" status: 200 len: 19 microversion: 1.28 [pid: 7|app: 0|req: 457/911] 10.0.0.243 () {34 vars in 860 bytes} [Tue Jul 14 00:37:20 2026] GET /allocations/a1ea661a-a070-4f0b-933d-bb1a54abcb35 => generated 19 bytes in 9 msecs (HTTP/1.1 200) 8 headers in 295 bytes (1 switches on core 0)
2026-07-14 00:37:20.697 8 INFO placement.requestlog [req-d203d413-af3f-4415-b2ca-5af84030e96f req-3e8e5ae3-ce4e-4710-a6c9-dc9cb75caddc e71faf8b6fd5435c832cafdeff7f2669 cb90c29b2cd840ea895a2b08b3010254 - - 85018bd709d14f2fba0614ce5e657fa3 85018bd709d14f2fba0614ce5e657fa3] 10.0.0.243 "PUT /allocations/a1ea661a-a070-4f0b-933d-bb1a54abcb35" status: 204 len: 0 microversion: 1.36 [pid: 8|app: 0|req: 455/912] 10.0.0.243 () {38 vars in 913 bytes} [Tue Jul 14 00:37:20 2026] PUT /allocations/a1ea661a-a070-4f0b-933d-bb1a54abcb35 => generated 0 bytes in 56 msecs (HTTP/1.1 204) 5 headers in 199 bytes (1 switches on core 0)
2026-07-14 00:37:21.748 7 INFO placement.requestlog [None req-5617c889-3a4c-40aa-9bac-e663878b4b9c - - - - - -] 10.0.0.124 "GET /" status: 200 len: 136 microversion: 1.0
2026-07-14 00:37:21.749 8 INFO placement.requestlog [None req-d26d0cce-2b2f-4c70-abd3-3d89e63d8537 - - - - - -] 10.0.0.124 "GET /" status: 200 len: 136 microversion: 1.0
2026-07-14 00:37:22.096 8 INFO placement.requestlog [None req-0f2fdebf-af4b-4177-92df-ddef91a940a9 863fecdefe7c470da8ad17c369a1bad8 cb90c29b2cd840ea895a2b08b3010254 - - 85018bd709d14f2fba0614ce5e657fa3 85018bd709d14f2fba0614ce5e657fa3] 10.0.0.193 "GET /resource_providers/4c74f9f8-82b1-43e9-b422-bb5adc7f20cf/aggregates" status: 404 len: 235 microversion: 1.1 [pid: 8|app: 0|req: 457/915] 10.0.0.193 () {32 vars in 815 bytes} [Tue Jul 14 00:37:22 2026] GET /resource_providers/4c74f9f8-82b1-43e9-b422-bb5adc7f20cf/aggregates => generated 235 bytes in 8 msecs (HTTP/1.1 404) 5 headers in 202 bytes (1 switches on core 0)
2026-07-14 00:37:22.097 7 INFO placement.requestlog [None req-943a1753-8c57-4bb6-8002-63ea4a5c6e53 863fecdefe7c470da8ad17c369a1bad8 cb90c29b2cd840ea895a2b08b3010254 - - 85018bd709d14f2fba0614ce5e657fa3 85018bd709d14f2fba0614ce5e657fa3] 10.0.0.193 "GET /resource_providers/4c74f9f8-82b1-43e9-b422-bb5adc7f20cf/aggregates" status: 404 len: 235 microversion: 1.1 [pid: 7|app: 0|req: 459/916] 10.0.0.193 () {32 vars in 815 bytes} [Tue Jul 14 00:37:22 2026] GET /resource_providers/4c74f9f8-82b1-43e9-b422-bb5adc7f20cf/aggregates => generated 235 bytes in 10 msecs (HTTP/1.1 404) 5 headers in 202 bytes (1 switches on core 0)
2026-07-14 00:37:22.126 7 INFO placement.requestlog [None req-000d4c41-ce52-483e-8ff0-fe169041df01 863fecdefe7c470da8ad17c369a1bad8 cb90c29b2cd840ea895a2b08b3010254 - - 85018bd709d14f2fba0614ce5e657fa3 85018bd709d14f2fba0614ce5e657fa3] 10.0.0.193 "DELETE /resource_providers/4c74f9f8-82b1-43e9-b422-bb5adc7f20cf" status: 404 len: 246 microversion: 1.1 [pid: 7|app: 0|req: 460/917] 10.0.0.193 () {34 vars in 815 bytes} [Tue Jul 14 00:37:22 2026] DELETE /resource_providers/4c74f9f8-82b1-43e9-b422-bb5adc7f20cf => generated 246 bytes in 11 msecs (HTTP/1.1 404) 6 headers in 231 bytes (1 switches on core 0)
2026-07-14 00:37:22.133 8 INFO placement.requestlog [None req-2f30b0c7-dc8c-43f2-b764-850f1ba12850 863fecdefe7c470da8ad17c369a1bad8 cb90c29b2cd840ea895a2b08b3010254 - - 85018bd709d14f2fba0614ce5e657fa3 85018bd709d14f2fba0614ce5e657fa3] 10.0.0.193 "DELETE /resource_providers/4c74f9f8-82b1-43e9-b422-bb5adc7f20cf" status: 404 len: 246 microversion: 1.1 [pid: 8|app: 0|req: 458/918] 10.0.0.193 () {34 vars in 815 bytes} [Tue Jul 14 00:37:22 2026] DELETE /resource_providers/4c74f9f8-82b1-43e9-b422-bb5adc7f20cf => generated 246 bytes in 19 msecs (HTTP/1.1 404) 6 headers in 231 bytes (1 switches on core 0)
2026-07-14 00:37:22.215 7 INFO placement.requestlog [req-d203d413-af3f-4415-b2ca-5af84030e96f req-5062597e-9cc3-43be-af9b-d699409802e8 e71faf8b6fd5435c832cafdeff7f2669 cb90c29b2cd840ea895a2b08b3010254 - - 85018bd709d14f2fba0614ce5e657fa3 85018bd709d14f2fba0614ce5e657fa3] 199.204.45.109 "GET /allocations/a1ea661a-a070-4f0b-933d-bb1a54abcb35" status: 200 len: 258 microversion: 1.28 [pid: 7|app: 0|req: 461/919] 199.204.45.109 () {34 vars in 862 bytes} [Tue Jul 14 00:37:22 2026] GET /allocations/a1ea661a-a070-4f0b-933d-bb1a54abcb35 => generated 258 bytes in 17 msecs (HTTP/1.1 200) 8 headers in 296 bytes (1 switches on core 0)
2026-07-14 00:37:23.254 8 INFO placement.requestlog [req-d203d413-af3f-4415-b2ca-5af84030e96f req-929b9a1f-1fb4-4a62-ab46-ac2042028d99 e71faf8b6fd5435c832cafdeff7f2669 cb90c29b2cd840ea895a2b08b3010254 - - 85018bd709d14f2fba0614ce5e657fa3 85018bd709d14f2fba0614ce5e657fa3] 199.204.45.109 "GET /resource_providers/402d4b47-c19b-498e-94d6-bec15f136ec0/allocations" status: 200 len: 153 microversion: 1.0 [pid: 8|app: 0|req: 459/920] 199.204.45.109 () {32 vars in 856 bytes} [Tue Jul 14 00:37:23 2026] GET /resource_providers/402d4b47-c19b-498e-94d6-bec15f136ec0/allocations => generated 153 bytes in 17 msecs (HTTP/1.1 200) 6 headers in 224 bytes (1 switches on core 0)
2026-07-14 00:37:23.273 7 INFO placement.requestlog [req-d203d413-af3f-4415-b2ca-5af84030e96f req-0c577e56-6c90-4376-a0ac-9e36e706c0fc e71faf8b6fd5435c832cafdeff7f2669 cb90c29b2cd840ea895a2b08b3010254 - - 85018bd709d14f2fba0614ce5e657fa3 85018bd709d14f2fba0614ce5e657fa3] 199.204.45.109 "GET /allocations/a1ea661a-a070-4f0b-933d-bb1a54abcb35" status: 200 len: 258 microversion: 1.28 [pid: 7|app: 0|req: 462/921] 199.204.45.109 () {34 vars in 862 bytes} [Tue Jul 14 00:37:23 2026] GET /allocations/a1ea661a-a070-4f0b-933d-bb1a54abcb35 => generated 258 bytes in 9 msecs (HTTP/1.1 200) 8 headers in 296 bytes (1 switches on core 0)
2026-07-14 00:37:25.287 8 INFO placement.requestlog [None req-1199a207-d91c-4ec5-83bc-1b9f43d5c391 863fecdefe7c470da8ad17c369a1bad8 cb90c29b2cd840ea895a2b08b3010254 - - 85018bd709d14f2fba0614ce5e657fa3 85018bd709d14f2fba0614ce5e657fa3] 10.0.0.193 "GET /resource_providers/b85031de-b23e-46b1-8d2c-b55f07834806/aggregates" status: 404 len: 235 microversion: 1.1 [pid: 8|app: 0|req: 460/922] 10.0.0.193 () {32 vars in 815 bytes} [Tue Jul 14 00:37:25 2026] GET /resource_providers/b85031de-b23e-46b1-8d2c-b55f07834806/aggregates => generated 235 bytes in 8 msecs (HTTP/1.1 404) 5 headers in 202 bytes (1 switches on core 0)
2026-07-14 00:37:25.290 7 INFO placement.requestlog [None req-9a37f9c8-50bf-40b4-a12c-ece6ccd4337a 863fecdefe7c470da8ad17c369a1bad8 cb90c29b2cd840ea895a2b08b3010254 - - 85018bd709d14f2fba0614ce5e657fa3 85018bd709d14f2fba0614ce5e657fa3] 10.0.0.193 "GET /resource_providers/b85031de-b23e-46b1-8d2c-b55f07834806/aggregates" status: 404 len: 235 microversion: 1.1 [pid: 7|app: 0|req: 463/923] 10.0.0.193 () {32 vars in 815 bytes} [Tue Jul 14 00:37:25 2026] GET /resource_providers/b85031de-b23e-46b1-8d2c-b55f07834806/aggregates => generated 235 bytes in 11 msecs (HTTP/1.1 404) 5 headers in 202 bytes (1 switches on core 0)
2026-07-14 00:37:25.309 8 INFO placement.requestlog [None req-dd7c1cf5-0982-4e01-9552-6bf4333ef0b4 863fecdefe7c470da8ad17c369a1bad8 cb90c29b2cd840ea895a2b08b3010254 - - 85018bd709d14f2fba0614ce5e657fa3 85018bd709d14f2fba0614ce5e657fa3] 10.0.0.193 "DELETE /resource_providers/b85031de-b23e-46b1-8d2c-b55f07834806" status: 404 len: 246 microversion: 1.1 [pid: 8|app: 0|req: 461/924] 10.0.0.193 () {34 vars in 815 bytes} [Tue Jul 14 00:37:25 2026] DELETE /resource_providers/b85031de-b23e-46b1-8d2c-b55f07834806 => generated 246 bytes in 11 msecs (HTTP/1.1 404) 6 headers in 231 bytes (1 switches on core 0)
2026-07-14 00:37:25.322 7 INFO placement.requestlog [None req-4d01ddce-c9a1-4cae-b8aa-579045b63ad7 863fecdefe7c470da8ad17c369a1bad8 cb90c29b2cd840ea895a2b08b3010254 - - 85018bd709d14f2fba0614ce5e657fa3 85018bd709d14f2fba0614ce5e657fa3] 10.0.0.193 "DELETE /resource_providers/b85031de-b23e-46b1-8d2c-b55f07834806" status: 404 len: 246 microversion: 1.1 [pid: 7|app: 0|req: 464/925] 10.0.0.193 () {34 vars in 815 bytes} [Tue Jul 14 00:37:25 2026] DELETE /resource_providers/b85031de-b23e-46b1-8d2c-b55f07834806 => generated 246 bytes in 19 msecs (HTTP/1.1 404) 6 headers in 231 bytes (1 switches on core 0)
2026-07-14 00:37:27.722 8 INFO placement.requestlog [None req-7ee2804c-44ee-4463-9402-6dd199b948c6 863fecdefe7c470da8ad17c369a1bad8 cb90c29b2cd840ea895a2b08b3010254 - - 85018bd709d14f2fba0614ce5e657fa3 85018bd709d14f2fba0614ce5e657fa3] 10.0.0.193 "GET /resource_providers/98f20623-b09e-4f20-b764-4681bf910980/aggregates" status: 404 len: 235 microversion: 1.1 [pid: 8|app: 0|req: 462/926] 10.0.0.193 () {32 vars in 815 bytes} [Tue Jul 14 00:37:27 2026] GET /resource_providers/98f20623-b09e-4f20-b764-4681bf910980/aggregates => generated 235 bytes in 9 msecs (HTTP/1.1 404) 5 headers in 202 bytes (1 switches on core 0)
2026-07-14 00:37:27.729 7 INFO placement.requestlog [None req-b61dffcc-f7fa-4853-b61c-49b45bd0a1b2 863fecdefe7c470da8ad17c369a1bad8 cb90c29b2cd840ea895a2b08b3010254 - - 85018bd709d14f2fba0614ce5e657fa3 85018bd709d14f2fba0614ce5e657fa3] 10.0.0.193 "GET /resource_providers/98f20623-b09e-4f20-b764-4681bf910980/aggregates" status: 404 len: 235 microversion: 1.1 [pid: 7|app: 0|req: 465/927] 10.0.0.193 () {32 vars in 815 bytes} [Tue Jul 14 00:37:27 2026] GET /resource_providers/98f20623-b09e-4f20-b764-4681bf910980/aggregates => generated 235 bytes in 10 msecs (HTTP/1.1 404) 5 headers in 202 bytes (1 switches on core 0)
2026-07-14 00:37:27.751 8 INFO placement.requestlog [None req-3196cf4e-9d2b-4e25-a10c-d1b9b9471951 863fecdefe7c470da8ad17c369a1bad8 cb90c29b2cd840ea895a2b08b3010254 - - 85018bd709d14f2fba0614ce5e657fa3 85018bd709d14f2fba0614ce5e657fa3] 10.0.0.193 "DELETE /resource_providers/98f20623-b09e-4f20-b764-4681bf910980" status: 404 len: 246 microversion: 1.1 [pid: 8|app: 0|req: 463/928] 10.0.0.193 () {34 vars in 815 bytes} [Tue Jul 14 00:37:27 2026] DELETE /resource_providers/98f20623-b09e-4f20-b764-4681bf910980 => generated 246 bytes in 11 msecs (HTTP/1.1 404) 6 headers in 231 bytes (1 switches on core 0)
2026-07-14 00:37:27.752 7 INFO placement.requestlog [None req-f48adad5-5ea2-4afb-b012-ce8d25531a26 863fecdefe7c470da8ad17c369a1bad8 cb90c29b2cd840ea895a2b08b3010254 - - 85018bd709d14f2fba0614ce5e657fa3 85018bd709d14f2fba0614ce5e657fa3] 10.0.0.193 "DELETE /resource_providers/98f20623-b09e-4f20-b764-4681bf910980" status: 404 len: 246 microversion: 1.1 [pid: 7|app: 0|req: 466/929] 10.0.0.193 () {34 vars in 815 bytes} [Tue Jul 14 00:37:27 2026] DELETE /resource_providers/98f20623-b09e-4f20-b764-4681bf910980 => generated 246 bytes in 10 msecs (HTTP/1.1 404) 6 headers in 231 bytes (1 switches on core 0)
2026-07-14 00:37:28.416 7 INFO placement.requestlog [None req-b08b46eb-b9a9-4884-bb81-25fa03041418 863fecdefe7c470da8ad17c369a1bad8 cb90c29b2cd840ea895a2b08b3010254 - - 85018bd709d14f2fba0614ce5e657fa3 85018bd709d14f2fba0614ce5e657fa3] 10.0.0.193 "GET /resource_providers/7038f9c2-2dd7-4ec6-a487-71e1ce61d80b/aggregates" status: 404 len: 235 microversion: 1.1
2026-07-14 00:37:28.416 8 INFO placement.requestlog [None req-d67dd654-287e-43b1-8099-bb5457121a49 863fecdefe7c470da8ad17c369a1bad8 cb90c29b2cd840ea895a2b08b3010254 - - 85018bd709d14f2fba0614ce5e657fa3 85018bd709d14f2fba0614ce5e657fa3] 10.0.0.193 "GET /resource_providers/7038f9c2-2dd7-4ec6-a487-71e1ce61d80b/aggregates" status: 404 len: 235 microversion: 1.1 [pid: 7|app: 0|req: 467/930] 10.0.0.193 () {32 vars in 815 bytes} [Tue Jul 14 00:37:28 2026] GET /resource_providers/7038f9c2-2dd7-4ec6-a487-71e1ce61d80b/aggregates => generated 235 bytes in 8 msecs (HTTP/1.1 404) 5 headers in 202 bytes (1 switches on core 0) [pid: 8|app: 0|req: 464/931] 10.0.0.193 () {32 vars in 815 bytes} [Tue Jul 14 00:37:28 2026] GET /resource_providers/7038f9c2-2dd7-4ec6-a487-71e1ce61d80b/aggregates => generated 235 bytes in 13 msecs (HTTP/1.1 404) 5 headers in 202 bytes (1 switches on core 0)
2026-07-14 00:37:28.442 7 INFO placement.requestlog [None req-a68cf93e-897f-49ae-8f70-fadd35ba8f31 863fecdefe7c470da8ad17c369a1bad8 cb90c29b2cd840ea895a2b08b3010254 - - 85018bd709d14f2fba0614ce5e657fa3 85018bd709d14f2fba0614ce5e657fa3] 10.0.0.193 "DELETE /resource_providers/7038f9c2-2dd7-4ec6-a487-71e1ce61d80b" status: 404 len: 246 microversion: 1.1
2026-07-14 00:37:28.442 8 INFO placement.requestlog [None req-75958670-3604-4dc5-8582-5b11c1aead1a 863fecdefe7c470da8ad17c369a1bad8 cb90c29b2cd840ea895a2b08b3010254 - - 85018bd709d14f2fba0614ce5e657fa3 85018bd709d14f2fba0614ce5e657fa3] 10.0.0.193 "DELETE /resource_providers/7038f9c2-2dd7-4ec6-a487-71e1ce61d80b" status: 404 len: 246 microversion: 1.1 [pid: 7|app: 0|req: 468/932] 10.0.0.193 () {34 vars in 815 bytes} [Tue Jul 14 00:37:28 2026] DELETE /resource_providers/7038f9c2-2dd7-4ec6-a487-71e1ce61d80b => generated 246 bytes in 11 msecs (HTTP/1.1 404) 6 headers in 231 bytes (1 switches on core 0) [pid: 8|app: 0|req: 465/933] 10.0.0.193 () {34 vars in 815 bytes} [Tue Jul 14 00:37:28 2026] DELETE /resource_providers/7038f9c2-2dd7-4ec6-a487-71e1ce61d80b => generated 246 bytes in 8 msecs (HTTP/1.1 404) 6 headers in 231 bytes (1 switches on core 0)
2026-07-14 00:37:29.797 7 INFO placement.requestlog [None req-886dd57e-618d-4075-9293-c78303abc982 863fecdefe7c470da8ad17c369a1bad8 cb90c29b2cd840ea895a2b08b3010254 - - 85018bd709d14f2fba0614ce5e657fa3 85018bd709d14f2fba0614ce5e657fa3] 10.0.0.193 "GET /resource_providers/a4abb70a-5d02-4851-9a7f-856e797c653f/aggregates" status: 404 len: 235 microversion: 1.1
2026-07-14 00:37:29.797 8 INFO placement.requestlog [None req-f399b970-64ae-43ae-8f32-218864985776 863fecdefe7c470da8ad17c369a1bad8 cb90c29b2cd840ea895a2b08b3010254 - - 85018bd709d14f2fba0614ce5e657fa3 85018bd709d14f2fba0614ce5e657fa3] 10.0.0.193 "GET /resource_providers/a4abb70a-5d02-4851-9a7f-856e797c653f/aggregates" status: 404 len: 235 microversion: 1.1 [pid: 7|app: 0|req: 469/934] 10.0.0.193 () {32 vars in 815 bytes} [Tue Jul 14 00:37:29 2026] GET /resource_providers/a4abb70a-5d02-4851-9a7f-856e797c653f/aggregates => generated 235 bytes in 10 msecs (HTTP/1.1 404) 5 headers in 202 bytes (1 switches on core 0) [pid: 8|app: 0|req: 466/935] 10.0.0.193 () {32 vars in 815 bytes} [Tue Jul 14 00:37:29 2026] GET /resource_providers/a4abb70a-5d02-4851-9a7f-856e797c653f/aggregates => generated 235 bytes in 9 msecs (HTTP/1.1 404) 5 headers in 202 bytes (1 switches on core 0)
2026-07-14 00:37:29.819 7 INFO placement.requestlog [None req-e50fa03f-711b-4360-99a5-3c689fbf91d6 863fecdefe7c470da8ad17c369a1bad8 cb90c29b2cd840ea895a2b08b3010254 - - 85018bd709d14f2fba0614ce5e657fa3 85018bd709d14f2fba0614ce5e657fa3] 10.0.0.193 "DELETE /resource_providers/a4abb70a-5d02-4851-9a7f-856e797c653f" status: 404 len: 246 microversion: 1.1 [pid: 7|app: 0|req: 470/936] 10.0.0.193 () {34 vars in 815 bytes} [Tue Jul 14 00:37:29 2026] DELETE /resource_providers/a4abb70a-5d02-4851-9a7f-856e797c653f => generated 246 bytes in 9 msecs (HTTP/1.1 404) 6 headers in 231 bytes (1 switches on core 0)
