2026-07-14 00:37:29.826 8 INFO placement.requestlog [None req-f2c6a57a-8195-4eaf-a633-836458fdbf01 863fecdefe7c470da8ad17c369a1bad8 cb90c29b2cd840ea895a2b08b3010254 - - 85018bd709d14f2fba0614ce5e657fa3 85018bd709d14f2fba0614ce5e657fa3] 10.0.0.193 "DELETE /resource_providers/a4abb70a-5d02-4851-9a7f-856e797c653f" status: 404 len: 246 microversion: 1.1 [pid: 8|app: 0|req: 467/937] 10.0.0.193 () {34 vars in 815 bytes} [Tue Jul 14 00:37:29 2026] DELETE /resource_providers/a4abb70a-5d02-4851-9a7f-856e797c653f => generated 246 bytes in 11 msecs (HTTP/1.1 404) 6 headers in 231 bytes (1 switches on core 0)
2026-07-14 00:37:31.749 8 INFO placement.requestlog [None req-5cee0204-aa3b-4237-9255-7409df589a09 - - - - - -] 10.0.0.124 "GET /" status: 200 len: 136 microversion: 1.0
2026-07-14 00:37:31.749 7 INFO placement.requestlog [None req-c6576ece-f3a5-4a81-a21a-3cfe2e4b0829 - - - - - -] 10.0.0.124 "GET /" status: 200 len: 136 microversion: 1.0
2026-07-14 00:37:33.016 7 INFO placement.requestlog [None req-a08b784d-0a9f-49f1-82d9-dfe3e41e16c0 863fecdefe7c470da8ad17c369a1bad8 cb90c29b2cd840ea895a2b08b3010254 - - 85018bd709d14f2fba0614ce5e657fa3 85018bd709d14f2fba0614ce5e657fa3] 10.0.0.193 "GET /resource_providers/9ce76cfc-00b0-4a19-aba9-f13628d28251/aggregates" status: 404 len: 235 microversion: 1.1
2026-07-14 00:37:33.016 8 INFO placement.requestlog [None req-46cd73d3-5f04-43f6-bbbb-54298fbd59ec 863fecdefe7c470da8ad17c369a1bad8 cb90c29b2cd840ea895a2b08b3010254 - - 85018bd709d14f2fba0614ce5e657fa3 85018bd709d14f2fba0614ce5e657fa3] 10.0.0.193 "GET /resource_providers/9ce76cfc-00b0-4a19-aba9-f13628d28251/aggregates" status: 404 len: 235 microversion: 1.1 [pid: 7|app: 0|req: 472/941] 10.0.0.193 () {32 vars in 815 bytes} [Tue Jul 14 00:37:33 2026] GET /resource_providers/9ce76cfc-00b0-4a19-aba9-f13628d28251/aggregates => generated 235 bytes in 7 msecs (HTTP/1.1 404) 5 headers in 202 bytes (1 switches on core 0) [pid: 8|app: 0|req: 469/941] 10.0.0.193 () {32 vars in 815 bytes} [Tue Jul 14 00:37:33 2026] GET /resource_providers/9ce76cfc-00b0-4a19-aba9-f13628d28251/aggregates => generated 235 bytes in 9 msecs (HTTP/1.1 404) 5 headers in 202 bytes (1 switches on core 0)
2026-07-14 00:37:33.043 7 INFO placement.requestlog [None req-dce0e292-a8e7-4763-a42c-bc621930ce32 863fecdefe7c470da8ad17c369a1bad8 cb90c29b2cd840ea895a2b08b3010254 - - 85018bd709d14f2fba0614ce5e657fa3 85018bd709d14f2fba0614ce5e657fa3] 10.0.0.193 "DELETE /resource_providers/9ce76cfc-00b0-4a19-aba9-f13628d28251" status: 404 len: 246 microversion: 1.1 [pid: 7|app: 0|req: 473/942] 10.0.0.193 () {34 vars in 815 bytes} [Tue Jul 14 00:37:33 2026] DELETE /resource_providers/9ce76cfc-00b0-4a19-aba9-f13628d28251 => generated 246 bytes in 9 msecs (HTTP/1.1 404) 6 headers in 231 bytes (1 switches on core 0)
2026-07-14 00:37:33.044 8 INFO placement.requestlog [None req-7fcf8bde-cd30-4ccf-b077-b799efc9e915 863fecdefe7c470da8ad17c369a1bad8 cb90c29b2cd840ea895a2b08b3010254 - - 85018bd709d14f2fba0614ce5e657fa3 85018bd709d14f2fba0614ce5e657fa3] 10.0.0.193 "DELETE /resource_providers/9ce76cfc-00b0-4a19-aba9-f13628d28251" status: 404 len: 246 microversion: 1.1 [pid: 8|app: 0|req: 470/943] 10.0.0.193 () {34 vars in 815 bytes} [Tue Jul 14 00:37:33 2026] DELETE /resource_providers/9ce76cfc-00b0-4a19-aba9-f13628d28251 => generated 246 bytes in 8 msecs (HTTP/1.1 404) 6 headers in 231 bytes (1 switches on core 0)
2026-07-14 00:37:41.749 7 INFO placement.requestlog [None req-a2c91a11-ea3e-4b5d-8482-e4cde6b3570d - - - - - -] 10.0.0.124 "GET /" status: 200 len: 136 microversion: 1.0
2026-07-14 00:37:41.749 8 INFO placement.requestlog [None req-45e10ab9-34a7-4582-9fe4-8157df403b1b - - - - - -] 10.0.0.124 "GET /" status: 200 len: 136 microversion: 1.0
2026-07-14 00:37:46.212 8 INFO placement.requestlog [req-68fd2ac6-dee0-4f15-9bd6-4e164bc9177b req-0ac5b065-e47b-473a-9b74-7be44a0f8d52 e71faf8b6fd5435c832cafdeff7f2669 cb90c29b2cd840ea895a2b08b3010254 - - 85018bd709d14f2fba0614ce5e657fa3 85018bd709d14f2fba0614ce5e657fa3] 10.0.0.243 "GET /allocation_candidates?limit=1000&resources=DISK_GB%3A1%2CMEMORY_MB%3A512%2CVCPU%3A1&root_required=%21COMPUTE_STATUS_DISABLED" status: 200 len: 2642 microversion: 1.36 [pid: 8|app: 0|req: 472/946] 10.0.0.243 () {34 vars in 1011 bytes} [Tue Jul 14 00:37:46 2026] GET /allocation_candidates?limit=1000&resources=DISK_GB%3A1%2CMEMORY_MB%3A512%2CVCPU%3A1&root_required=%21COMPUTE_STATUS_DISABLED => generated 2642 bytes in 57 msecs (HTTP/1.1 200) 8 headers in 297 bytes (1 switches on core 0)
2026-07-14 00:37:46.254 7 INFO placement.requestlog [req-68fd2ac6-dee0-4f15-9bd6-4e164bc9177b req-030bb8bb-e789-4041-a215-fed310983c19 e71faf8b6fd5435c832cafdeff7f2669 cb90c29b2cd840ea895a2b08b3010254 - - 85018bd709d14f2fba0614ce5e657fa3 85018bd709d14f2fba0614ce5e657fa3] 10.0.0.243 "GET /allocations/d3c96fc7-435f-44c4-b9ed-50d65fbcc407" status: 200 len: 19 microversion: 1.28 [pid: 7|app: 0|req: 475/947] 10.0.0.243 () {34 vars in 860 bytes} [Tue Jul 14 00:37:46 2026] GET /allocations/d3c96fc7-435f-44c4-b9ed-50d65fbcc407 => generated 19 bytes in 12 msecs (HTTP/1.1 200) 8 headers in 295 bytes (1 switches on core 0)
2026-07-14 00:37:46.342 8 INFO placement.requestlog [req-68fd2ac6-dee0-4f15-9bd6-4e164bc9177b req-69509f37-e040-4e53-94f7-7a73ff81bb1b e71faf8b6fd5435c832cafdeff7f2669 cb90c29b2cd840ea895a2b08b3010254 - - 85018bd709d14f2fba0614ce5e657fa3 85018bd709d14f2fba0614ce5e657fa3] 10.0.0.243 "PUT /allocations/d3c96fc7-435f-44c4-b9ed-50d65fbcc407" status: 204 len: 0 microversion: 1.36 [pid: 8|app: 0|req: 473/948] 10.0.0.243 () {38 vars in 913 bytes} [Tue Jul 14 00:37:46 2026] PUT /allocations/d3c96fc7-435f-44c4-b9ed-50d65fbcc407 => generated 0 bytes in 81 msecs (HTTP/1.1 204) 5 headers in 199 bytes (1 switches on core 0)
2026-07-14 00:37:47.826 7 INFO placement.requestlog [req-68fd2ac6-dee0-4f15-9bd6-4e164bc9177b req-f05cd741-6e15-45fc-ae13-88fe5e538bf2 e71faf8b6fd5435c832cafdeff7f2669 cb90c29b2cd840ea895a2b08b3010254 - - 85018bd709d14f2fba0614ce5e657fa3 85018bd709d14f2fba0614ce5e657fa3] 199.204.45.109 "GET /allocations/d3c96fc7-435f-44c4-b9ed-50d65fbcc407" status: 200 len: 258 microversion: 1.28 [pid: 7|app: 0|req: 476/949] 199.204.45.109 () {34 vars in 862 bytes} [Tue Jul 14 00:37:47 2026] GET /allocations/d3c96fc7-435f-44c4-b9ed-50d65fbcc407 => generated 258 bytes in 12 msecs (HTTP/1.1 200) 8 headers in 296 bytes (1 switches on core 0)
2026-07-14 00:37:48.870 8 INFO placement.requestlog [req-68fd2ac6-dee0-4f15-9bd6-4e164bc9177b req-39b48352-0a23-4eb4-a856-06abb34f80f3 e71faf8b6fd5435c832cafdeff7f2669 cb90c29b2cd840ea895a2b08b3010254 - - 85018bd709d14f2fba0614ce5e657fa3 85018bd709d14f2fba0614ce5e657fa3] 199.204.45.109 "GET /resource_providers/402d4b47-c19b-498e-94d6-bec15f136ec0/allocations" status: 200 len: 253 microversion: 1.0 [pid: 8|app: 0|req: 474/950] 199.204.45.109 () {32 vars in 856 bytes} [Tue Jul 14 00:37:48 2026] GET /resource_providers/402d4b47-c19b-498e-94d6-bec15f136ec0/allocations => generated 253 bytes in 18 msecs (HTTP/1.1 200) 6 headers in 224 bytes (1 switches on core 0)
2026-07-14 00:37:48.896 7 INFO placement.requestlog [req-68fd2ac6-dee0-4f15-9bd6-4e164bc9177b req-630cf132-035c-4f4f-a64a-72a6300394a3 e71faf8b6fd5435c832cafdeff7f2669 cb90c29b2cd840ea895a2b08b3010254 - - 85018bd709d14f2fba0614ce5e657fa3 85018bd709d14f2fba0614ce5e657fa3] 199.204.45.109 "GET /allocations/d3c96fc7-435f-44c4-b9ed-50d65fbcc407" status: 200 len: 258 microversion: 1.28 [pid: 7|app: 0|req: 477/951] 199.204.45.109 () {34 vars in 862 bytes} [Tue Jul 14 00:37:48 2026] GET /allocations/d3c96fc7-435f-44c4-b9ed-50d65fbcc407 => generated 258 bytes in 18 msecs (HTTP/1.1 200) 8 headers in 296 bytes (1 switches on core 0)
2026-07-14 00:37:48.922 8 INFO placement.requestlog [req-68fd2ac6-dee0-4f15-9bd6-4e164bc9177b req-f5d3476e-6ce5-40d2-b60c-447c49f96e2d e71faf8b6fd5435c832cafdeff7f2669 cb90c29b2cd840ea895a2b08b3010254 - - 85018bd709d14f2fba0614ce5e657fa3 85018bd709d14f2fba0614ce5e657fa3] 199.204.45.109 "GET /allocations/a1ea661a-a070-4f0b-933d-bb1a54abcb35" status: 200 len: 258 microversion: 1.28 [pid: 8|app: 0|req: 475/952] 199.204.45.109 () {34 vars in 862 bytes} [Tue Jul 14 00:37:48 2026] GET /allocations/a1ea661a-a070-4f0b-933d-bb1a54abcb35 => generated 258 bytes in 19 msecs (HTTP/1.1 200) 8 headers in 296 bytes (1 switches on core 0)
2026-07-14 00:37:51.749 7 INFO placement.requestlog [None req-b1f8786b-a161-4cf1-9fae-2318a78bef61 - - - - - -] 10.0.0.124 "GET /" status: 200 len: 136 microversion: 1.0
2026-07-14 00:37:51.749 8 INFO placement.requestlog [None req-ab5cf526-b1c1-42be-add1-4e3f780b901b - - - - - -] 10.0.0.124 "GET /" status: 200 len: 136 microversion: 1.0
2026-07-14 00:37:51.870 8 INFO placement.requestlog [req-0368d1f7-c00d-434b-aba3-e6580aee59be req-3bef1b07-1115-49ce-8451-f8ce1e0bb2ce e71faf8b6fd5435c832cafdeff7f2669 cb90c29b2cd840ea895a2b08b3010254 - - 85018bd709d14f2fba0614ce5e657fa3 85018bd709d14f2fba0614ce5e657fa3] 10.0.0.243 "GET /allocation_candidates?limit=1000&resources=DISK_GB%3A1%2CMEMORY_MB%3A512%2CVCPU%3A1&root_required=%21COMPUTE_STATUS_DISABLED" status: 200 len: 2643 microversion: 1.36 [pid: 8|app: 0|req: 477/955] 10.0.0.243 () {34 vars in 1011 bytes} [Tue Jul 14 00:37:51 2026] GET /allocation_candidates?limit=1000&resources=DISK_GB%3A1%2CMEMORY_MB%3A512%2CVCPU%3A1&root_required=%21COMPUTE_STATUS_DISABLED => generated 2643 bytes in 58 msecs (HTTP/1.1 200) 8 headers in 297 bytes (1 switches on core 0)
2026-07-14 00:37:51.903 7 INFO placement.requestlog [req-0368d1f7-c00d-434b-aba3-e6580aee59be req-1095666a-8e65-47ba-9daf-6b757081ebce e71faf8b6fd5435c832cafdeff7f2669 cb90c29b2cd840ea895a2b08b3010254 - - 85018bd709d14f2fba0614ce5e657fa3 85018bd709d14f2fba0614ce5e657fa3] 10.0.0.243 "GET /allocations/6da50403-dc1e-43ec-84d5-9a2ae522c36e" status: 200 len: 19 microversion: 1.28 [pid: 7|app: 0|req: 479/956] 10.0.0.243 () {34 vars in 860 bytes} [Tue Jul 14 00:37:51 2026] GET /allocations/6da50403-dc1e-43ec-84d5-9a2ae522c36e => generated 19 bytes in 14 msecs (HTTP/1.1 200) 8 headers in 295 bytes (1 switches on core 0)
2026-07-14 00:37:51.968 8 INFO placement.requestlog [req-0368d1f7-c00d-434b-aba3-e6580aee59be req-a2955f45-330b-4274-b9a4-bdbd2435492e e71faf8b6fd5435c832cafdeff7f2669 cb90c29b2cd840ea895a2b08b3010254 - - 85018bd709d14f2fba0614ce5e657fa3 85018bd709d14f2fba0614ce5e657fa3] 10.0.0.243 "PUT /allocations/6da50403-dc1e-43ec-84d5-9a2ae522c36e" status: 204 len: 0 microversion: 1.36 [pid: 8|app: 0|req: 478/957] 10.0.0.243 () {38 vars in 913 bytes} [Tue Jul 14 00:37:51 2026] PUT /allocations/6da50403-dc1e-43ec-84d5-9a2ae522c36e => generated 0 bytes in 57 msecs (HTTP/1.1 204) 5 headers in 199 bytes (1 switches on core 0)
2026-07-14 00:37:53.492 7 INFO placement.requestlog [req-0368d1f7-c00d-434b-aba3-e6580aee59be req-e515fb77-748f-402d-8abd-86a1c473b044 e71faf8b6fd5435c832cafdeff7f2669 cb90c29b2cd840ea895a2b08b3010254 - - 85018bd709d14f2fba0614ce5e657fa3 85018bd709d14f2fba0614ce5e657fa3] 199.204.45.109 "GET /allocations/6da50403-dc1e-43ec-84d5-9a2ae522c36e" status: 200 len: 258 microversion: 1.28 [pid: 7|app: 0|req: 480/958] 199.204.45.109 () {34 vars in 862 bytes} [Tue Jul 14 00:37:53 2026] GET /allocations/6da50403-dc1e-43ec-84d5-9a2ae522c36e => generated 258 bytes in 19 msecs (HTTP/1.1 200) 8 headers in 296 bytes (1 switches on core 0)
2026-07-14 00:37:54.541 8 INFO placement.requestlog [req-0368d1f7-c00d-434b-aba3-e6580aee59be req-fe1be8c6-b165-49bc-8404-bea3f39d126d e71faf8b6fd5435c832cafdeff7f2669 cb90c29b2cd840ea895a2b08b3010254 - - 85018bd709d14f2fba0614ce5e657fa3 85018bd709d14f2fba0614ce5e657fa3] 199.204.45.109 "GET /resource_providers/402d4b47-c19b-498e-94d6-bec15f136ec0/allocations" status: 200 len: 353 microversion: 1.0 [pid: 8|app: 0|req: 479/959] 199.204.45.109 () {32 vars in 856 bytes} [Tue Jul 14 00:37:54 2026] GET /resource_providers/402d4b47-c19b-498e-94d6-bec15f136ec0/allocations => generated 353 bytes in 22 msecs (HTTP/1.1 200) 6 headers in 224 bytes (1 switches on core 0)
2026-07-14 00:37:54.564 7 INFO placement.requestlog [req-0368d1f7-c00d-434b-aba3-e6580aee59be req-ed893ec6-e07a-43f8-bdc4-08d34a5da22f e71faf8b6fd5435c832cafdeff7f2669 cb90c29b2cd840ea895a2b08b3010254 - - 85018bd709d14f2fba0614ce5e657fa3 85018bd709d14f2fba0614ce5e657fa3] 199.204.45.109 "GET /allocations/d3c96fc7-435f-44c4-b9ed-50d65fbcc407" status: 200 len: 258 microversion: 1.28 [pid: 7|app: 0|req: 481/960] 199.204.45.109 () {34 vars in 862 bytes} [Tue Jul 14 00:37:54 2026] GET /allocations/d3c96fc7-435f-44c4-b9ed-50d65fbcc407 => generated 258 bytes in 15 msecs (HTTP/1.1 200) 8 headers in 296 bytes (1 switches on core 0)
2026-07-14 00:37:54.592 8 INFO placement.requestlog [req-0368d1f7-c00d-434b-aba3-e6580aee59be req-8cc3fc3c-525e-44c5-bef3-eb8c8673e822 e71faf8b6fd5435c832cafdeff7f2669 cb90c29b2cd840ea895a2b08b3010254 - - 85018bd709d14f2fba0614ce5e657fa3 85018bd709d14f2fba0614ce5e657fa3] 199.204.45.109 "GET /allocations/6da50403-dc1e-43ec-84d5-9a2ae522c36e" status: 200 len: 258 microversion: 1.28 [pid: 8|app: 0|req: 480/961] 199.204.45.109 () {34 vars in 862 bytes} [Tue Jul 14 00:37:54 2026] GET /allocations/6da50403-dc1e-43ec-84d5-9a2ae522c36e => generated 258 bytes in 20 msecs (HTTP/1.1 200) 8 headers in 296 bytes (1 switches on core 0)
2026-07-14 00:37:54.629 7 INFO placement.requestlog [req-0368d1f7-c00d-434b-aba3-e6580aee59be req-5a12c700-6e5b-4bb0-bdbc-2642aae682ec e71faf8b6fd5435c832cafdeff7f2669 cb90c29b2cd840ea895a2b08b3010254 - - 85018bd709d14f2fba0614ce5e657fa3 85018bd709d14f2fba0614ce5e657fa3] 199.204.45.109 "GET /allocations/a1ea661a-a070-4f0b-933d-bb1a54abcb35" status: 200 len: 258 microversion: 1.28 [pid: 7|app: 0|req: 482/962] 199.204.45.109 () {34 vars in 862 bytes} [Tue Jul 14 00:37:54 2026] GET /allocations/a1ea661a-a070-4f0b-933d-bb1a54abcb35 => generated 258 bytes in 28 msecs (HTTP/1.1 200) 8 headers in 296 bytes (1 switches on core 0)
2026-07-14 00:38:00.734 8 INFO placement.requestlog [req-859f8867-9ef7-4f97-b501-b4ef827d2b55 req-dd33edee-0a36-4d47-923a-e8f446cd9c41 e71faf8b6fd5435c832cafdeff7f2669 cb90c29b2cd840ea895a2b08b3010254 - - 85018bd709d14f2fba0614ce5e657fa3 85018bd709d14f2fba0614ce5e657fa3] 199.204.45.109 "GET /resource_providers/402d4b47-c19b-498e-94d6-bec15f136ec0/allocations" status: 200 len: 353 microversion: 1.0 [pid: 8|app: 0|req: 481/963] 199.204.45.109 () {32 vars in 856 bytes} [Tue Jul 14 00:38:00 2026] GET /resource_providers/402d4b47-c19b-498e-94d6-bec15f136ec0/allocations => generated 353 bytes in 31 msecs (HTTP/1.1 200) 6 headers in 224 bytes (1 switches on core 0)
2026-07-14 00:38:00.761 7 INFO placement.requestlog [req-859f8867-9ef7-4f97-b501-b4ef827d2b55 req-2442690b-2c41-45c3-88f6-1c57440e93e3 e71faf8b6fd5435c832cafdeff7f2669 cb90c29b2cd840ea895a2b08b3010254 - - 85018bd709d14f2fba0614ce5e657fa3 85018bd709d14f2fba0614ce5e657fa3] 199.204.45.109 "GET /resource_providers/402d4b47-c19b-498e-94d6-bec15f136ec0/allocations" status: 200 len: 353 microversion: 1.0 [pid: 7|app: 0|req: 483/964] 199.204.45.109 () {32 vars in 856 bytes} [Tue Jul 14 00:38:00 2026] GET /resource_providers/402d4b47-c19b-498e-94d6-bec15f136ec0/allocations => generated 353 bytes in 15 msecs (HTTP/1.1 200) 6 headers in 224 bytes (1 switches on core 0)
2026-07-14 00:38:00.788 8 INFO placement.requestlog [req-859f8867-9ef7-4f97-b501-b4ef827d2b55 req-ea4ce912-b575-4bfb-9897-9a118c6eadb2 e71faf8b6fd5435c832cafdeff7f2669 cb90c29b2cd840ea895a2b08b3010254 - - 85018bd709d14f2fba0614ce5e657fa3 85018bd709d14f2fba0614ce5e657fa3] 199.204.45.109 "GET /allocations/d3c96fc7-435f-44c4-b9ed-50d65fbcc407" status: 200 len: 258 microversion: 1.28 [pid: 8|app: 0|req: 482/965] 199.204.45.109 () {34 vars in 862 bytes} [Tue Jul 14 00:38:00 2026] GET /allocations/d3c96fc7-435f-44c4-b9ed-50d65fbcc407 => generated 258 bytes in 18 msecs (HTTP/1.1 200) 8 headers in 296 bytes (1 switches on core 0)
2026-07-14 00:38:00.809 7 INFO placement.requestlog [req-859f8867-9ef7-4f97-b501-b4ef827d2b55 req-748751f0-2779-4d47-a079-493766154fbe e71faf8b6fd5435c832cafdeff7f2669 cb90c29b2cd840ea895a2b08b3010254 - - 85018bd709d14f2fba0614ce5e657fa3 85018bd709d14f2fba0614ce5e657fa3] 199.204.45.109 "GET /allocations/6da50403-dc1e-43ec-84d5-9a2ae522c36e" status: 200 len: 258 microversion: 1.28 [pid: 7|app: 0|req: 484/966] 199.204.45.109 () {34 vars in 862 bytes} [Tue Jul 14 00:38:00 2026] GET /allocations/6da50403-dc1e-43ec-84d5-9a2ae522c36e => generated 258 bytes in 14 msecs (HTTP/1.1 200) 8 headers in 296 bytes (1 switches on core 0)
2026-07-14 00:38:00.826 8 INFO placement.requestlog [req-859f8867-9ef7-4f97-b501-b4ef827d2b55 req-6755f3dc-00db-40e6-9102-22c585d78c0e e71faf8b6fd5435c832cafdeff7f2669 cb90c29b2cd840ea895a2b08b3010254 - - 85018bd709d14f2fba0614ce5e657fa3 85018bd709d14f2fba0614ce5e657fa3] 199.204.45.109 "GET /allocations/a1ea661a-a070-4f0b-933d-bb1a54abcb35" status: 200 len: 258 microversion: 1.28 [pid: 8|app: 0|req: 483/967] 199.204.45.109 () {34 vars in 862 bytes} [Tue Jul 14 00:38:00 2026] GET /allocations/a1ea661a-a070-4f0b-933d-bb1a54abcb35 => generated 258 bytes in 11 msecs (HTTP/1.1 200) 8 headers in 296 bytes (1 switches on core 0)
2026-07-14 00:38:01.749 8 INFO placement.requestlog [None req-320735f4-e503-4797-9870-2b3610bbc12c - - - - - -] 10.0.0.124 "GET /" status: 200 len: 136 microversion: 1.0
2026-07-14 00:38:01.749 7 INFO placement.requestlog [None req-9d8e5627-a90b-424c-b7da-7bc0089f5477 - - - - - -] 10.0.0.124 "GET /" status: 200 len: 136 microversion: 1.0
2026-07-14 00:38:04.678 8 INFO placement.requestlog [req-b2566ebd-6e1e-460b-84c1-3e494c03c1cc req-46242850-1908-4808-a97e-827fd887df9a e71faf8b6fd5435c832cafdeff7f2669 cb90c29b2cd840ea895a2b08b3010254 - - 85018bd709d14f2fba0614ce5e657fa3 85018bd709d14f2fba0614ce5e657fa3] 199.204.45.109 "GET /resource_providers/402d4b47-c19b-498e-94d6-bec15f136ec0/allocations" status: 200 len: 353 microversion: 1.0 [pid: 8|app: 0|req: 485/970] 199.204.45.109 () {32 vars in 856 bytes} [Tue Jul 14 00:38:04 2026] GET /resource_providers/402d4b47-c19b-498e-94d6-bec15f136ec0/allocations => generated 353 bytes in 16 msecs (HTTP/1.1 200) 6 headers in 224 bytes (1 switches on core 0)
2026-07-14 00:38:04.698 7 INFO placement.requestlog [req-b2566ebd-6e1e-460b-84c1-3e494c03c1cc req-b0d15a6a-8976-4913-95e0-72a8a2a16756 e71faf8b6fd5435c832cafdeff7f2669 cb90c29b2cd840ea895a2b08b3010254 - - 85018bd709d14f2fba0614ce5e657fa3 85018bd709d14f2fba0614ce5e657fa3] 199.204.45.109 "GET /allocations/d3c96fc7-435f-44c4-b9ed-50d65fbcc407" status: 200 len: 258 microversion: 1.28 [pid: 7|app: 0|req: 486/971] 199.204.45.109 () {34 vars in 862 bytes} [Tue Jul 14 00:38:04 2026] GET /allocations/d3c96fc7-435f-44c4-b9ed-50d65fbcc407 => generated 258 bytes in 13 msecs (HTTP/1.1 200) 8 headers in 296 bytes (1 switches on core 0)
2026-07-14 00:38:04.717 8 INFO placement.requestlog [req-b2566ebd-6e1e-460b-84c1-3e494c03c1cc req-6a412b12-9331-43df-b69c-5341011fc9eb e71faf8b6fd5435c832cafdeff7f2669 cb90c29b2cd840ea895a2b08b3010254 - - 85018bd709d14f2fba0614ce5e657fa3 85018bd709d14f2fba0614ce5e657fa3] 199.204.45.109 "GET /allocations/6da50403-dc1e-43ec-84d5-9a2ae522c36e" status: 200 len: 258 microversion: 1.28 [pid: 8|app: 0|req: 486/972] 199.204.45.109 () {34 vars in 862 bytes} [Tue Jul 14 00:38:04 2026] GET /allocations/6da50403-dc1e-43ec-84d5-9a2ae522c36e => generated 258 bytes in 14 msecs (HTTP/1.1 200) 8 headers in 296 bytes (1 switches on core 0)
2026-07-14 00:38:04.732 7 INFO placement.requestlog [req-b2566ebd-6e1e-460b-84c1-3e494c03c1cc req-9ff8da72-0409-48f2-a273-d54eb6c2edd6 e71faf8b6fd5435c832cafdeff7f2669 cb90c29b2cd840ea895a2b08b3010254 - - 85018bd709d14f2fba0614ce5e657fa3 85018bd709d14f2fba0614ce5e657fa3] 199.204.45.109 "GET /allocations/a1ea661a-a070-4f0b-933d-bb1a54abcb35" status: 200 len: 258 microversion: 1.28 [pid: 7|app: 0|req: 487/973] 199.204.45.109 () {34 vars in 862 bytes} [Tue Jul 14 00:38:04 2026] GET /allocations/a1ea661a-a070-4f0b-933d-bb1a54abcb35 => generated 258 bytes in 9 msecs (HTTP/1.1 200) 8 headers in 296 bytes (1 switches on core 0)
2026-07-14 00:38:05.784 8 INFO placement.requestlog [req-b2566ebd-6e1e-460b-84c1-3e494c03c1cc req-4bf56262-522a-490a-a39f-681ed339ad65 e71faf8b6fd5435c832cafdeff7f2669 cb90c29b2cd840ea895a2b08b3010254 - - 85018bd709d14f2fba0614ce5e657fa3 85018bd709d14f2fba0614ce5e657fa3] 199.204.45.109 "DELETE /allocations/d3c96fc7-435f-44c4-b9ed-50d65fbcc407" status: 204 len: 0 microversion: 1.0 [pid: 8|app: 0|req: 487/974] 199.204.45.109 () {34 vars in 840 bytes} [Tue Jul 14 00:38:05 2026] DELETE /allocations/d3c96fc7-435f-44c4-b9ed-50d65fbcc407 => generated 0 bytes in 21 msecs (HTTP/1.1 204) 5 headers in 198 bytes (1 switches on core 0)
2026-07-14 00:38:10.852 7 INFO placement.requestlog [None req-f12f888d-33eb-484a-8424-62e593ffc5bd 863fecdefe7c470da8ad17c369a1bad8 cb90c29b2cd840ea895a2b08b3010254 - - 85018bd709d14f2fba0614ce5e657fa3 85018bd709d14f2fba0614ce5e657fa3] 10.0.0.193 "GET /resource_providers/c86c0318-3a62-4fad-9687-19eabc51b330/aggregates" status: 404 len: 235 microversion: 1.1 [pid: 7|app: 0|req: 488/975] 10.0.0.193 () {32 vars in 815 bytes} [Tue Jul 14 00:38:10 2026] GET /resource_providers/c86c0318-3a62-4fad-9687-19eabc51b330/aggregates => generated 235 bytes in 10 msecs (HTTP/1.1 404) 5 headers in 202 bytes (1 switches on core 0)
2026-07-14 00:38:10.857 8 INFO placement.requestlog [None req-1cc9f074-d302-4ac7-9b01-28878f3396f9 863fecdefe7c470da8ad17c369a1bad8 cb90c29b2cd840ea895a2b08b3010254 - - 85018bd709d14f2fba0614ce5e657fa3 85018bd709d14f2fba0614ce5e657fa3] 10.0.0.193 "GET /resource_providers/c86c0318-3a62-4fad-9687-19eabc51b330/aggregates" status: 404 len: 235 microversion: 1.1 [pid: 8|app: 0|req: 488/976] 10.0.0.193 () {32 vars in 815 bytes} [Tue Jul 14 00:38:10 2026] GET /resource_providers/c86c0318-3a62-4fad-9687-19eabc51b330/aggregates => generated 235 bytes in 11 msecs (HTTP/1.1 404) 5 headers in 202 bytes (1 switches on core 0)
2026-07-14 00:38:10.875 7 INFO placement.requestlog [None req-2eb56eae-1655-4950-9edb-9ed56ce712ff 863fecdefe7c470da8ad17c369a1bad8 cb90c29b2cd840ea895a2b08b3010254 - - 85018bd709d14f2fba0614ce5e657fa3 85018bd709d14f2fba0614ce5e657fa3] 10.0.0.193 "DELETE /resource_providers/c86c0318-3a62-4fad-9687-19eabc51b330" status: 404 len: 246 microversion: 1.1 [pid: 7|app: 0|req: 489/977] 10.0.0.193 () {34 vars in 815 bytes} [Tue Jul 14 00:38:10 2026] DELETE /resource_providers/c86c0318-3a62-4fad-9687-19eabc51b330 => generated 246 bytes in 12 msecs (HTTP/1.1 404) 6 headers in 231 bytes (1 switches on core 0)
2026-07-14 00:38:10.877 8 INFO placement.requestlog [None req-7b9ecf35-b45d-4cb1-83a0-d4279d5c36a6 863fecdefe7c470da8ad17c369a1bad8 cb90c29b2cd840ea895a2b08b3010254 - - 85018bd709d14f2fba0614ce5e657fa3 85018bd709d14f2fba0614ce5e657fa3] 10.0.0.193 "DELETE /resource_providers/c86c0318-3a62-4fad-9687-19eabc51b330" status: 404 len: 246 microversion: 1.1 [pid: 8|app: 0|req: 489/978] 10.0.0.193 () {34 vars in 815 bytes} [Tue Jul 14 00:38:10 2026] DELETE /resource_providers/c86c0318-3a62-4fad-9687-19eabc51b330 => generated 246 bytes in 9 msecs (HTTP/1.1 404) 6 headers in 231 bytes (1 switches on core 0)
2026-07-14 00:38:11.750 7 INFO placement.requestlog [None req-7162973e-8e84-46a7-8c1a-bcb8be049853 - - - - - -] 10.0.0.124 "GET /" status: 200 len: 136 microversion: 1.0
2026-07-14 00:38:11.752 8 INFO placement.requestlog [None req-826f974b-914b-458e-9e2a-825f46378cd0 - - - - - -] 10.0.0.124 "GET /" status: 200 len: 136 microversion: 1.0
2026-07-14 00:38:21.749 8 INFO placement.requestlog [None req-e48559df-30ec-4d42-8cd3-6591932fab90 - - - - - -] 10.0.0.124 "GET /" status: 200 len: 136 microversion: 1.0
2026-07-14 00:38:21.749 7 INFO placement.requestlog [None req-d303ec17-0e68-410e-85c9-016f3a1cd86b - - - - - -] 10.0.0.124 "GET /" status: 200 len: 136 microversion: 1.0
2026-07-14 00:38:26.295 8 INFO placement.requestlog [req-dfa116e9-b70d-4812-aaff-6570558b49e2 req-ef016bec-3710-4870-b45e-c4aefcb8c812 e71faf8b6fd5435c832cafdeff7f2669 cb90c29b2cd840ea895a2b08b3010254 - - 85018bd709d14f2fba0614ce5e657fa3 85018bd709d14f2fba0614ce5e657fa3] 199.204.45.109 "GET /resource_providers/402d4b47-c19b-498e-94d6-bec15f136ec0/allocations" status: 200 len: 253 microversion: 1.0 [pid: 8|app: 0|req: 492/983] 199.204.45.109 () {32 vars in 856 bytes} [Tue Jul 14 00:38:26 2026] GET /resource_providers/402d4b47-c19b-498e-94d6-bec15f136ec0/allocations => generated 253 bytes in 18 msecs (HTTP/1.1 200) 6 headers in 224 bytes (1 switches on core 0)
2026-07-14 00:38:26.315 7 INFO placement.requestlog [req-dfa116e9-b70d-4812-aaff-6570558b49e2 req-272cc0f1-86ba-4824-bbd5-0d127a196722 e71faf8b6fd5435c832cafdeff7f2669 cb90c29b2cd840ea895a2b08b3010254 - - 85018bd709d14f2fba0614ce5e657fa3 85018bd709d14f2fba0614ce5e657fa3] 199.204.45.109 "GET /allocations/6da50403-dc1e-43ec-84d5-9a2ae522c36e" status: 200 len: 258 microversion: 1.28 [pid: 7|app: 0|req: 492/984] 199.204.45.109 () {34 vars in 862 bytes} [Tue Jul 14 00:38:26 2026] GET /allocations/6da50403-dc1e-43ec-84d5-9a2ae522c36e => generated 258 bytes in 13 msecs (HTTP/1.1 200) 8 headers in 296 bytes (1 switches on core 0)
2026-07-14 00:38:26.334 8 INFO placement.requestlog [req-dfa116e9-b70d-4812-aaff-6570558b49e2 req-d25b65d4-8f9c-4994-a8b1-2e4c8eaebde0 e71faf8b6fd5435c832cafdeff7f2669 cb90c29b2cd840ea895a2b08b3010254 - - 85018bd709d14f2fba0614ce5e657fa3 85018bd709d14f2fba0614ce5e657fa3] 199.204.45.109 "GET /allocations/a1ea661a-a070-4f0b-933d-bb1a54abcb35" status: 200 len: 258 microversion: 1.28 [pid: 8|app: 0|req: 493/985] 199.204.45.109 () {34 vars in 862 bytes} [Tue Jul 14 00:38:26 2026] GET /allocations/a1ea661a-a070-4f0b-933d-bb1a54abcb35 => generated 258 bytes in 12 msecs (HTTP/1.1 200) 8 headers in 296 bytes (1 switches on core 0)
2026-07-14 00:38:27.411 7 INFO placement.requestlog [req-dfa116e9-b70d-4812-aaff-6570558b49e2 req-5e1d52e3-28ba-4430-bfca-19b37a9b5ff6 e71faf8b6fd5435c832cafdeff7f2669 cb90c29b2cd840ea895a2b08b3010254 - - 85018bd709d14f2fba0614ce5e657fa3 85018bd709d14f2fba0614ce5e657fa3] 199.204.45.109 "DELETE /allocations/6da50403-dc1e-43ec-84d5-9a2ae522c36e" status: 204 len: 0 microversion: 1.0 [pid: 7|app: 0|req: 493/986] 199.204.45.109 () {34 vars in 840 bytes} [Tue Jul 14 00:38:27 2026] DELETE /allocations/6da50403-dc1e-43ec-84d5-9a2ae522c36e => generated 0 bytes in 51 msecs (HTTP/1.1 204) 5 headers in 198 bytes (1 switches on core 0)
2026-07-14 00:38:31.748 8 INFO placement.requestlog [None req-7cb9a360-f5d4-442f-9269-ac675741a207 - - - - - -] 10.0.0.124 "GET /" status: 200 len: 136 microversion: 1.0
2026-07-14 00:38:31.749 7 INFO placement.requestlog [None req-ad73f8e2-d959-4010-8b57-56627e3cf2d0 - - - - - -] 10.0.0.124 "GET /" status: 200 len: 136 microversion: 1.0
2026-07-14 00:38:33.673 8 INFO placement.requestlog [req-be19a25e-79c8-4380-820e-68aee1fdb04a req-41a2cbc5-197d-48d6-97bb-1075238e73cc e71faf8b6fd5435c832cafdeff7f2669 cb90c29b2cd840ea895a2b08b3010254 - - 85018bd709d14f2fba0614ce5e657fa3 85018bd709d14f2fba0614ce5e657fa3] 199.204.45.109 "GET /resource_providers/402d4b47-c19b-498e-94d6-bec15f136ec0/allocations" status: 200 len: 153 microversion: 1.0 [pid: 8|app: 0|req: 495/989] 199.204.45.109 () {32 vars in 856 bytes} [Tue Jul 14 00:38:33 2026] GET /resource_providers/402d4b47-c19b-498e-94d6-bec15f136ec0/allocations => generated 153 bytes in 20 msecs (HTTP/1.1 200) 6 headers in 224 bytes (1 switches on core 0)
2026-07-14 00:38:33.698 7 INFO placement.requestlog [req-be19a25e-79c8-4380-820e-68aee1fdb04a req-0a95480c-75d1-4708-87bf-62d8e480c9ae e71faf8b6fd5435c832cafdeff7f2669 cb90c29b2cd840ea895a2b08b3010254 - - 85018bd709d14f2fba0614ce5e657fa3 85018bd709d14f2fba0614ce5e657fa3] 199.204.45.109 "GET /allocations/a1ea661a-a070-4f0b-933d-bb1a54abcb35" status: 200 len: 258 microversion: 1.28 [pid: 7|app: 0|req: 495/990] 199.204.45.109 () {34 vars in 862 bytes} [Tue Jul 14 00:38:33 2026] GET /allocations/a1ea661a-a070-4f0b-933d-bb1a54abcb35 => generated 258 bytes in 15 msecs (HTTP/1.1 200) 8 headers in 296 bytes (1 switches on core 0)
2026-07-14 00:38:34.754 8 INFO placement.requestlog [req-be19a25e-79c8-4380-820e-68aee1fdb04a req-80460c43-bbaf-4407-b16c-1e4f0ba55390 e71faf8b6fd5435c832cafdeff7f2669 cb90c29b2cd840ea895a2b08b3010254 - - 85018bd709d14f2fba0614ce5e657fa3 85018bd709d14f2fba0614ce5e657fa3] 199.204.45.109 "DELETE /allocations/a1ea661a-a070-4f0b-933d-bb1a54abcb35" status: 204 len: 0 microversion: 1.0 [pid: 8|app: 0|req: 496/991] 199.204.45.109 () {34 vars in 840 bytes} [Tue Jul 14 00:38:34 2026] DELETE /allocations/a1ea661a-a070-4f0b-933d-bb1a54abcb35 => generated 0 bytes in 27 msecs (HTTP/1.1 204) 5 headers in 198 bytes (1 switches on core 0)
2026-07-14 00:38:37.360 7 INFO placement.requestlog [None req-2c23c88e-b257-445b-b773-1c9baf6cf598 863fecdefe7c470da8ad17c369a1bad8 cb90c29b2cd840ea895a2b08b3010254 - - 85018bd709d14f2fba0614ce5e657fa3 85018bd709d14f2fba0614ce5e657fa3] 10.0.0.193 "GET /resource_providers/419233a2-c83f-499d-a995-8dcbe890037c/aggregates" status: 404 len: 235 microversion: 1.1 [pid: 7|app: 0|req: 496/992] 10.0.0.193 () {32 vars in 815 bytes} [Tue Jul 14 00:38:37 2026] GET /resource_providers/419233a2-c83f-499d-a995-8dcbe890037c/aggregates => generated 235 bytes in 8 msecs (HTTP/1.1 404) 5 headers in 202 bytes (1 switches on core 0)
2026-07-14 00:38:37.361 8 INFO placement.requestlog [None req-3bcaf60a-2f04-4429-94e3-74c73f6c80c6 863fecdefe7c470da8ad17c369a1bad8 cb90c29b2cd840ea895a2b08b3010254 - - 85018bd709d14f2fba0614ce5e657fa3 85018bd709d14f2fba0614ce5e657fa3] 10.0.0.193 "GET /resource_providers/419233a2-c83f-499d-a995-8dcbe890037c/aggregates" status: 404 len: 235 microversion: 1.1 [pid: 8|app: 0|req: 497/993] 10.0.0.193 () {32 vars in 815 bytes} [Tue Jul 14 00:38:37 2026] GET /resource_providers/419233a2-c83f-499d-a995-8dcbe890037c/aggregates => generated 235 bytes in 9 msecs (HTTP/1.1 404) 5 headers in 202 bytes (1 switches on core 0)
2026-07-14 00:38:37.386 7 INFO placement.requestlog [None req-73a8441c-fa75-4312-afc0-67fe69184451 863fecdefe7c470da8ad17c369a1bad8 cb90c29b2cd840ea895a2b08b3010254 - - 85018bd709d14f2fba0614ce5e657fa3 85018bd709d14f2fba0614ce5e657fa3] 10.0.0.193 "DELETE /resource_providers/419233a2-c83f-499d-a995-8dcbe890037c" status: 404 len: 246 microversion: 1.1 [pid: 7|app: 0|req: 497/994] 10.0.0.193 () {34 vars in 815 bytes} [Tue Jul 14 00:38:37 2026] DELETE /resource_providers/419233a2-c83f-499d-a995-8dcbe890037c => generated 246 bytes in 10 msecs (HTTP/1.1 404) 6 headers in 231 bytes (1 switches on core 0)
2026-07-14 00:38:37.390 8 INFO placement.requestlog [None req-8b95ce39-d0b8-4430-a995-d646e2d90cde 863fecdefe7c470da8ad17c369a1bad8 cb90c29b2cd840ea895a2b08b3010254 - - 85018bd709d14f2fba0614ce5e657fa3 85018bd709d14f2fba0614ce5e657fa3] 10.0.0.193 "DELETE /resource_providers/419233a2-c83f-499d-a995-8dcbe890037c" status: 404 len: 246 microversion: 1.1 [pid: 8|app: 0|req: 498/995] 10.0.0.193 () {34 vars in 815 bytes} [Tue Jul 14 00:38:37 2026] DELETE /resource_providers/419233a2-c83f-499d-a995-8dcbe890037c => generated 246 bytes in 13 msecs (HTTP/1.1 404) 6 headers in 231 bytes (1 switches on core 0)
2026-07-14 00:38:38.616 7 INFO placement.requestlog [None req-38b36269-b287-4b34-bcec-de53ea6b2550 863fecdefe7c470da8ad17c369a1bad8 cb90c29b2cd840ea895a2b08b3010254 - - 85018bd709d14f2fba0614ce5e657fa3 85018bd709d14f2fba0614ce5e657fa3] 10.0.0.193 "GET /resource_providers/2bc8c02c-8e9c-411d-8f4e-0aec793b69be/aggregates" status: 404 len: 235 microversion: 1.1 [pid: 7|app: 0|req: 498/996] 10.0.0.193 () {32 vars in 815 bytes} [Tue Jul 14 00:38:38 2026] GET /resource_providers/2bc8c02c-8e9c-411d-8f4e-0aec793b69be/aggregates => generated 235 bytes in 9 msecs (HTTP/1.1 404) 5 headers in 202 bytes (1 switches on core 0)
2026-07-14 00:38:38.617 8 INFO placement.requestlog [None req-6c98bfa0-7742-4b3a-a73d-7a9ff74e0e7a 863fecdefe7c470da8ad17c369a1bad8 cb90c29b2cd840ea895a2b08b3010254 - - 85018bd709d14f2fba0614ce5e657fa3 85018bd709d14f2fba0614ce5e657fa3] 10.0.0.193 "GET /resource_providers/2bc8c02c-8e9c-411d-8f4e-0aec793b69be/aggregates" status: 404 len: 235 microversion: 1.1 [pid: 8|app: 0|req: 499/997] 10.0.0.193 () {32 vars in 815 bytes} [Tue Jul 14 00:38:38 2026] GET /resource_providers/2bc8c02c-8e9c-411d-8f4e-0aec793b69be/aggregates => generated 235 bytes in 10 msecs (HTTP/1.1 404) 5 headers in 202 bytes (1 switches on core 0)
2026-07-14 00:38:38.645 8 INFO placement.requestlog [None req-32bae26a-f859-4348-b762-2a7f2dc65309 863fecdefe7c470da8ad17c369a1bad8 cb90c29b2cd840ea895a2b08b3010254 - - 85018bd709d14f2fba0614ce5e657fa3 85018bd709d14f2fba0614ce5e657fa3] 10.0.0.193 "DELETE /resource_providers/2bc8c02c-8e9c-411d-8f4e-0aec793b69be" status: 404 len: 246 microversion: 1.1 [pid: 8|app: 0|req: 500/998] 10.0.0.193 () {34 vars in 815 bytes} [Tue Jul 14 00:38:38 2026] DELETE /resource_providers/2bc8c02c-8e9c-411d-8f4e-0aec793b69be => generated 246 bytes in 14 msecs (HTTP/1.1 404) 6 headers in 231 bytes (1 switches on core 0)
2026-07-14 00:38:38.646 7 INFO placement.requestlog [None req-a0ce4b32-17a1-4f94-85cb-e8534ab87107 863fecdefe7c470da8ad17c369a1bad8 cb90c29b2cd840ea895a2b08b3010254 - - 85018bd709d14f2fba0614ce5e657fa3 85018bd709d14f2fba0614ce5e657fa3] 10.0.0.193 "DELETE /resource_providers/2bc8c02c-8e9c-411d-8f4e-0aec793b69be" status: 404 len: 246 microversion: 1.1 [pid: 7|app: 0|req: 499/999] 10.0.0.193 () {34 vars in 815 bytes} [Tue Jul 14 00:38:38 2026] DELETE /resource_providers/2bc8c02c-8e9c-411d-8f4e-0aec793b69be => generated 246 bytes in 16 msecs (HTTP/1.1 404) 6 headers in 231 bytes (1 switches on core 0)
2026-07-14 00:38:41.750 8 INFO placement.requestlog [None req-7e76a677-ea5e-4127-b9d5-c9dee80e520c - - - - - -] 10.0.0.124 "GET /" status: 200 len: 136 microversion: 1.0
2026-07-14 00:38:41.753 7 INFO placement.requestlog [None req-8ddb20ea-b2e4-4df0-bbd7-6ec8db97c7f3 - - - - - -] 10.0.0.124 "GET /" status: 200 len: 136 microversion: 1.0
2026-07-14 00:38:51.749 8 INFO placement.requestlog [None req-7335d58f-3c35-4c61-82cb-f7d8a298cd60 - - - - - -] 10.0.0.124 "GET /" status: 200 len: 136 microversion: 1.0
2026-07-14 00:38:51.749 7 INFO placement.requestlog [None req-2f80f745-4137-4604-a280-e34471e6faab - - - - - -] 10.0.0.124 "GET /" status: 200 len: 136 microversion: 1.0
2026-07-14 00:38:55.755 8 INFO placement.requestlog [None req-d8cac79f-6292-4604-ac26-63b1d030cc3f 863fecdefe7c470da8ad17c369a1bad8 cb90c29b2cd840ea895a2b08b3010254 - - 85018bd709d14f2fba0614ce5e657fa3 85018bd709d14f2fba0614ce5e657fa3] 10.0.0.193 "GET /resource_providers/b55caece-4b3a-49e9-9d9f-b85931202ce7/aggregates" status: 404 len: 235 microversion: 1.1 [pid: 8|app: 0|req: 503/1004] 10.0.0.193 () {32 vars in 815 bytes} [Tue Jul 14 00:38:55 2026] GET /resource_providers/b55caece-4b3a-49e9-9d9f-b85931202ce7/aggregates => generated 235 bytes in 10 msecs (HTTP/1.1 404) 5 headers in 202 bytes (1 switches on core 0)
2026-07-14 00:38:55.759 7 INFO placement.requestlog [None req-baea4153-4fa4-4053-9a2b-6d0341973496 863fecdefe7c470da8ad17c369a1bad8 cb90c29b2cd840ea895a2b08b3010254 - - 85018bd709d14f2fba0614ce5e657fa3 85018bd709d14f2fba0614ce5e657fa3] 10.0.0.193 "GET /resource_providers/b55caece-4b3a-49e9-9d9f-b85931202ce7/aggregates" status: 404 len: 235 microversion: 1.1 [pid: 7|app: 0|req: 502/1005] 10.0.0.193 () {32 vars in 815 bytes} [Tue Jul 14 00:38:55 2026] GET /resource_providers/b55caece-4b3a-49e9-9d9f-b85931202ce7/aggregates => generated 235 bytes in 11 msecs (HTTP/1.1 404) 5 headers in 202 bytes (1 switches on core 0)
2026-07-14 00:38:55.785 8 INFO placement.requestlog [None req-48a772b7-4391-493d-b39a-4fe75d9556f0 863fecdefe7c470da8ad17c369a1bad8 cb90c29b2cd840ea895a2b08b3010254 - - 85018bd709d14f2fba0614ce5e657fa3 85018bd709d14f2fba0614ce5e657fa3] 10.0.0.193 "DELETE /resource_providers/b55caece-4b3a-49e9-9d9f-b85931202ce7" status: 404 len: 246 microversion: 1.1 [pid: 8|app: 0|req: 504/1006] 10.0.0.193 () {34 vars in 815 bytes} [Tue Jul 14 00:38:55 2026] DELETE /resource_providers/b55caece-4b3a-49e9-9d9f-b85931202ce7 => generated 246 bytes in 16 msecs (HTTP/1.1 404) 6 headers in 231 bytes (1 switches on core 0)
2026-07-14 00:38:55.785 7 INFO placement.requestlog [None req-d546e7dd-2257-49f0-9d69-9c909935c8fb 863fecdefe7c470da8ad17c369a1bad8 cb90c29b2cd840ea895a2b08b3010254 - - 85018bd709d14f2fba0614ce5e657fa3 85018bd709d14f2fba0614ce5e657fa3] 10.0.0.193 "DELETE /resource_providers/b55caece-4b3a-49e9-9d9f-b85931202ce7" status: 404 len: 246 microversion: 1.1 [pid: 7|app: 0|req: 503/1007] 10.0.0.193 () {34 vars in 815 bytes} [Tue Jul 14 00:38:55 2026] DELETE /resource_providers/b55caece-4b3a-49e9-9d9f-b85931202ce7 => generated 246 bytes in 16 msecs (HTTP/1.1 404) 6 headers in 231 bytes (1 switches on core 0)
2026-07-14 00:38:58.011 7 INFO placement.requestlog [None req-350f7667-4327-4fa8-a33d-2e4e64c36159 863fecdefe7c470da8ad17c369a1bad8 cb90c29b2cd840ea895a2b08b3010254 - - 85018bd709d14f2fba0614ce5e657fa3 85018bd709d14f2fba0614ce5e657fa3] 10.0.0.193 "GET /resource_providers/8bf4b6f2-f14e-40c0-abbf-d327faa515bc/aggregates" status: 404 len: 235 microversion: 1.1 [pid: 7|app: 0|req: 504/1008] 10.0.0.193 () {32 vars in 815 bytes} [Tue Jul 14 00:38:57 2026] GET /resource_providers/8bf4b6f2-f14e-40c0-abbf-d327faa515bc/aggregates => generated 235 bytes in 232 msecs (HTTP/1.1 404) 5 headers in 202 bytes (1 switches on core 0)
2026-07-14 00:38:58.012 8 INFO placement.requestlog [None req-b5b1da22-89b9-4621-aa96-e4d331ab6782 863fecdefe7c470da8ad17c369a1bad8 cb90c29b2cd840ea895a2b08b3010254 - - 85018bd709d14f2fba0614ce5e657fa3 85018bd709d14f2fba0614ce5e657fa3] 10.0.0.193 "GET /resource_providers/8bf4b6f2-f14e-40c0-abbf-d327faa515bc/aggregates" status: 404 len: 235 microversion: 1.1 [pid: 8|app: 0|req: 505/1009] 10.0.0.193 () {32 vars in 815 bytes} [Tue Jul 14 00:38:57 2026] GET /resource_providers/8bf4b6f2-f14e-40c0-abbf-d327faa515bc/aggregates => generated 235 bytes in 239 msecs (HTTP/1.1 404) 5 headers in 202 bytes (1 switches on core 0)
2026-07-14 00:38:58.028 7 INFO placement.requestlog [None req-9175827e-7d2a-4bbc-9964-802f8dac7e60 863fecdefe7c470da8ad17c369a1bad8 cb90c29b2cd840ea895a2b08b3010254 - - 85018bd709d14f2fba0614ce5e657fa3 85018bd709d14f2fba0614ce5e657fa3] 10.0.0.193 "DELETE /resource_providers/8bf4b6f2-f14e-40c0-abbf-d327faa515bc" status: 404 len: 246 microversion: 1.1 [pid: 7|app: 0|req: 505/1010] 10.0.0.193 () {34 vars in 815 bytes} [Tue Jul 14 00:38:58 2026] DELETE /resource_providers/8bf4b6f2-f14e-40c0-abbf-d327faa515bc => generated 246 bytes in 7 msecs (HTTP/1.1 404) 6 headers in 231 bytes (1 switches on core 0)
2026-07-14 00:38:58.040 8 INFO placement.requestlog [None req-b5a7d801-9f03-478f-8d16-676dbb0f7af9 863fecdefe7c470da8ad17c369a1bad8 cb90c29b2cd840ea895a2b08b3010254 - - 85018bd709d14f2fba0614ce5e657fa3 85018bd709d14f2fba0614ce5e657fa3] 10.0.0.193 "DELETE /resource_providers/8bf4b6f2-f14e-40c0-abbf-d327faa515bc" status: 404 len: 246 microversion: 1.1 [pid: 8|app: 0|req: 506/1011] 10.0.0.193 () {34 vars in 815 bytes} [Tue Jul 14 00:38:58 2026] DELETE /resource_providers/8bf4b6f2-f14e-40c0-abbf-d327faa515bc => generated 246 bytes in 9 msecs (HTTP/1.1 404) 6 headers in 231 bytes (1 switches on core 0)
2026-07-14 00:39:00.049 7 INFO placement.requestlog [None req-207278a4-c094-4be8-a260-bf1447c3a431 863fecdefe7c470da8ad17c369a1bad8 cb90c29b2cd840ea895a2b08b3010254 - - 85018bd709d14f2fba0614ce5e657fa3 85018bd709d14f2fba0614ce5e657fa3] 10.0.0.193 "GET /resource_providers/1153c490-6571-448b-b010-fe829c9c7e18/aggregates" status: 404 len: 235 microversion: 1.1 [pid: 7|app: 0|req: 506/1012] 10.0.0.193 () {32 vars in 815 bytes} [Tue Jul 14 00:39:00 2026] GET /resource_providers/1153c490-6571-448b-b010-fe829c9c7e18/aggregates => generated 235 bytes in 11 msecs (HTTP/1.1 404) 5 headers in 202 bytes (1 switches on core 0)
2026-07-14 00:39:00.071 8 INFO placement.requestlog [None req-a725650d-94ab-4b52-9651-93b47a3b6a2d 863fecdefe7c470da8ad17c369a1bad8 cb90c29b2cd840ea895a2b08b3010254 - - 85018bd709d14f2fba0614ce5e657fa3 85018bd709d14f2fba0614ce5e657fa3] 10.0.0.193 "GET /resource_providers/1153c490-6571-448b-b010-fe829c9c7e18/aggregates" status: 404 len: 235 microversion: 1.1 [pid: 8|app: 0|req: 507/1013] 10.0.0.193 () {32 vars in 815 bytes} [Tue Jul 14 00:39:00 2026] GET /resource_providers/1153c490-6571-448b-b010-fe829c9c7e18/aggregates => generated 235 bytes in 14 msecs (HTTP/1.1 404) 5 headers in 202 bytes (1 switches on core 0)
2026-07-14 00:39:00.074 7 INFO placement.requestlog [None req-6130b6b0-a060-492a-be32-2ce01517bee8 863fecdefe7c470da8ad17c369a1bad8 cb90c29b2cd840ea895a2b08b3010254 - - 85018bd709d14f2fba0614ce5e657fa3 85018bd709d14f2fba0614ce5e657fa3] 10.0.0.193 "DELETE /resource_providers/1153c490-6571-448b-b010-fe829c9c7e18" status: 404 len: 246 microversion: 1.1 [pid: 7|app: 0|req: 507/1014] 10.0.0.193 () {34 vars in 815 bytes} [Tue Jul 14 00:39:00 2026] DELETE /resource_providers/1153c490-6571-448b-b010-fe829c9c7e18 => generated 246 bytes in 15 msecs (HTTP/1.1 404) 6 headers in 231 bytes (1 switches on core 0)
2026-07-14 00:39:00.100 8 INFO placement.requestlog [None req-f727e5a7-8f23-4a1b-b1bb-56b827dcf53f 863fecdefe7c470da8ad17c369a1bad8 cb90c29b2cd840ea895a2b08b3010254 - - 85018bd709d14f2fba0614ce5e657fa3 85018bd709d14f2fba0614ce5e657fa3] 10.0.0.193 "DELETE /resource_providers/1153c490-6571-448b-b010-fe829c9c7e18" status: 404 len: 246 microversion: 1.1 [pid: 8|app: 0|req: 508/1015] 10.0.0.193 () {34 vars in 815 bytes} [Tue Jul 14 00:39:00 2026] DELETE /resource_providers/1153c490-6571-448b-b010-fe829c9c7e18 => generated 246 bytes in 10 msecs (HTTP/1.1 404) 6 headers in 231 bytes (1 switches on core 0)
2026-07-14 00:39:00.103 7 INFO placement.requestlog [None req-ea99b49c-9ac9-4895-acae-cc2b660a4cfd 863fecdefe7c470da8ad17c369a1bad8 cb90c29b2cd840ea895a2b08b3010254 - - 85018bd709d14f2fba0614ce5e657fa3 85018bd709d14f2fba0614ce5e657fa3] 10.0.0.193 "GET /resource_providers/ae01b2eb-a322-4a10-b0c1-3050f3e4efca/aggregates" status: 404 len: 235 microversion: 1.1 [pid: 7|app: 0|req: 508/1016] 10.0.0.193 () {32 vars in 815 bytes} [Tue Jul 14 00:39:00 2026] GET /resource_providers/ae01b2eb-a322-4a10-b0c1-3050f3e4efca/aggregates => generated 235 bytes in 12 msecs (HTTP/1.1 404) 5 headers in 202 bytes (1 switches on core 0)
2026-07-14 00:39:00.123 7 INFO placement.requestlog [None req-b47b1558-b2e0-4c2a-b0a0-626c1602bb65 863fecdefe7c470da8ad17c369a1bad8 cb90c29b2cd840ea895a2b08b3010254 - - 85018bd709d14f2fba0614ce5e657fa3 85018bd709d14f2fba0614ce5e657fa3] 10.0.0.193 "GET /resource_providers/ae01b2eb-a322-4a10-b0c1-3050f3e4efca/aggregates" status: 404 len: 235 microversion: 1.1 [pid: 7|app: 0|req: 509/1017] 10.0.0.193 () {32 vars in 815 bytes} [Tue Jul 14 00:39:00 2026] GET /resource_providers/ae01b2eb-a322-4a10-b0c1-3050f3e4efca/aggregates => generated 235 bytes in 13 msecs (HTTP/1.1 404) 5 headers in 202 bytes (1 switches on core 0)
2026-07-14 00:39:00.136 7 INFO placement.requestlog [None req-b2390bca-cbae-4203-aa7d-c2021b3a8f08 863fecdefe7c470da8ad17c369a1bad8 cb90c29b2cd840ea895a2b08b3010254 - - 85018bd709d14f2fba0614ce5e657fa3 85018bd709d14f2fba0614ce5e657fa3] 10.0.0.193 "DELETE /resource_providers/ae01b2eb-a322-4a10-b0c1-3050f3e4efca" status: 404 len: 246 microversion: 1.1 [pid: 7|app: 0|req: 510/1018] 10.0.0.193 () {34 vars in 815 bytes} [Tue Jul 14 00:39:00 2026] DELETE /resource_providers/ae01b2eb-a322-4a10-b0c1-3050f3e4efca => generated 246 bytes in 10 msecs (HTTP/1.1 404) 6 headers in 231 bytes (1 switches on core 0)
2026-07-14 00:39:00.148 7 INFO placement.requestlog [None req-bbf0de38-928a-4d3c-8320-8021a6376461 863fecdefe7c470da8ad17c369a1bad8 cb90c29b2cd840ea895a2b08b3010254 - - 85018bd709d14f2fba0614ce5e657fa3 85018bd709d14f2fba0614ce5e657fa3] 10.0.0.193 "DELETE /resource_providers/ae01b2eb-a322-4a10-b0c1-3050f3e4efca" status: 404 len: 246 microversion: 1.1 [pid: 7|app: 0|req: 511/1019] 10.0.0.193 () {34 vars in 815 bytes} [Tue Jul 14 00:39:00 2026] DELETE /resource_providers/ae01b2eb-a322-4a10-b0c1-3050f3e4efca => generated 246 bytes in 11 msecs (HTTP/1.1 404) 6 headers in 231 bytes (1 switches on core 0)
2026-07-14 00:39:00.168 7 INFO placement.requestlog [None req-33dd10fe-ee46-4c37-918e-c4d9ba13d70a 863fecdefe7c470da8ad17c369a1bad8 cb90c29b2cd840ea895a2b08b3010254 - - 85018bd709d14f2fba0614ce5e657fa3 85018bd709d14f2fba0614ce5e657fa3] 10.0.0.193 "GET /resource_providers/b34ef68e-f845-45c3-ae33-54c3a3accaea/aggregates" status: 404 len: 235 microversion: 1.1 [pid: 7|app: 0|req: 512/1020] 10.0.0.193 () {32 vars in 815 bytes} [Tue Jul 14 00:39:00 2026] GET /resource_providers/b34ef68e-f845-45c3-ae33-54c3a3accaea/aggregates => generated 235 bytes in 11 msecs (HTTP/1.1 404) 5 headers in 202 bytes (1 switches on core 0)
2026-07-14 00:39:00.176 7 INFO placement.requestlog [None req-ebcb39d8-88bc-4425-99a5-f6d3fdb493e9 863fecdefe7c470da8ad17c369a1bad8 cb90c29b2cd840ea895a2b08b3010254 - - 85018bd709d14f2fba0614ce5e657fa3 85018bd709d14f2fba0614ce5e657fa3] 10.0.0.193 "GET /resource_providers/b34ef68e-f845-45c3-ae33-54c3a3accaea/aggregates" status: 404 len: 235 microversion: 1.1 [pid: 7|app: 0|req: 513/1021] 10.0.0.193 () {32 vars in 815 bytes} [Tue Jul 14 00:39:00 2026] GET /resource_providers/b34ef68e-f845-45c3-ae33-54c3a3accaea/aggregates => generated 235 bytes in 8 msecs (HTTP/1.1 404) 5 headers in 202 bytes (1 switches on core 0)
2026-07-14 00:39:00.201 7 INFO placement.requestlog [None req-9d6647af-c10b-4a3a-90b4-411f3993605c 863fecdefe7c470da8ad17c369a1bad8 cb90c29b2cd840ea895a2b08b3010254 - - 85018bd709d14f2fba0614ce5e657fa3 85018bd709d14f2fba0614ce5e657fa3] 10.0.0.193 "DELETE /resource_providers/b34ef68e-f845-45c3-ae33-54c3a3accaea" status: 404 len: 246 microversion: 1.1 [pid: 7|app: 0|req: 514/1022] 10.0.0.193 () {34 vars in 815 bytes} [Tue Jul 14 00:39:00 2026] DELETE /resource_providers/b34ef68e-f845-45c3-ae33-54c3a3accaea => generated 246 bytes in 14 msecs (HTTP/1.1 404) 6 headers in 231 bytes (1 switches on core 0)
2026-07-14 00:39:00.209 7 INFO placement.requestlog [None req-eee729eb-0a4e-4032-be99-1f0747e9a22f 863fecdefe7c470da8ad17c369a1bad8 cb90c29b2cd840ea895a2b08b3010254 - - 85018bd709d14f2fba0614ce5e657fa3 85018bd709d14f2fba0614ce5e657fa3] 10.0.0.193 "DELETE /resource_providers/b34ef68e-f845-45c3-ae33-54c3a3accaea" status: 404 len: 246 microversion: 1.1 [pid: 7|app: 0|req: 515/1023] 10.0.0.193 () {34 vars in 815 bytes} [Tue Jul 14 00:39:00 2026] DELETE /resource_providers/b34ef68e-f845-45c3-ae33-54c3a3accaea => generated 246 bytes in 7 msecs (HTTP/1.1 404) 6 headers in 231 bytes (1 switches on core 0)
2026-07-14 00:39:00.232 7 INFO placement.requestlog [None req-0a3b5d83-1581-4afc-8b21-4b70296c9977 863fecdefe7c470da8ad17c369a1bad8 cb90c29b2cd840ea895a2b08b3010254 - - 85018bd709d14f2fba0614ce5e657fa3 85018bd709d14f2fba0614ce5e657fa3] 10.0.0.193 "GET /resource_providers/f801ea20-e70f-49fa-ad5f-5aa3cc40b097/aggregates" status: 404 len: 235 microversion: 1.1 [pid: 7|app: 0|req: 516/1024] 10.0.0.193 () {32 vars in 815 bytes} [Tue Jul 14 00:39:00 2026] GET /resource_providers/f801ea20-e70f-49fa-ad5f-5aa3cc40b097/aggregates => generated 235 bytes in 12 msecs (HTTP/1.1 404) 5 headers in 202 bytes (1 switches on core 0)
2026-07-14 00:39:00.239 7 INFO placement.requestlog [None req-0ac97dd4-f959-4973-98ac-89dc303c7034 863fecdefe7c470da8ad17c369a1bad8 cb90c29b2cd840ea895a2b08b3010254 - - 85018bd709d14f2fba0614ce5e657fa3 85018bd709d14f2fba0614ce5e657fa3] 10.0.0.193 "GET /resource_providers/f801ea20-e70f-49fa-ad5f-5aa3cc40b097/aggregates" status: 404 len: 235 microversion: 1.1 [pid: 7|app: 0|req: 517/1025] 10.0.0.193 () {32 vars in 815 bytes} [Tue Jul 14 00:39:00 2026] GET /resource_providers/f801ea20-e70f-49fa-ad5f-5aa3cc40b097/aggregates => generated 235 bytes in 5 msecs (HTTP/1.1 404) 5 headers in 202 bytes (1 switches on core 0)
2026-07-14 00:39:00.258 7 INFO placement.requestlog [None req-ca8d9b50-8ad5-4cd2-93f0-9280870e5f2a 863fecdefe7c470da8ad17c369a1bad8 cb90c29b2cd840ea895a2b08b3010254 - - 85018bd709d14f2fba0614ce5e657fa3 85018bd709d14f2fba0614ce5e657fa3] 10.0.0.193 "DELETE /resource_providers/f801ea20-e70f-49fa-ad5f-5aa3cc40b097" status: 404 len: 246 microversion: 1.1 [pid: 7|app: 0|req: 518/1026] 10.0.0.193 () {34 vars in 815 bytes} [Tue Jul 14 00:39:00 2026] DELETE /resource_providers/f801ea20-e70f-49fa-ad5f-5aa3cc40b097 => generated 246 bytes in 9 msecs (HTTP/1.1 404) 6 headers in 231 bytes (1 switches on core 0)
2026-07-14 00:39:00.265 7 INFO placement.requestlog [None req-07d0e260-fa9a-4cf4-b4e3-dd672e78b3ab 863fecdefe7c470da8ad17c369a1bad8 cb90c29b2cd840ea895a2b08b3010254 - - 85018bd709d14f2fba0614ce5e657fa3 85018bd709d14f2fba0614ce5e657fa3] 10.0.0.193 "DELETE /resource_providers/f801ea20-e70f-49fa-ad5f-5aa3cc40b097" status: 404 len: 246 microversion: 1.1 [pid: 7|app: 0|req: 519/1027] 10.0.0.193 () {34 vars in 815 bytes} [Tue Jul 14 00:39:00 2026] DELETE /resource_providers/f801ea20-e70f-49fa-ad5f-5aa3cc40b097 => generated 246 bytes in 7 msecs (HTTP/1.1 404) 6 headers in 231 bytes (1 switches on core 0)
2026-07-14 00:39:00.314 8 INFO placement.requestlog [req-b14364bd-43fa-4a1e-a74b-3b5b08420fc1 req-5c88375d-5b52-444b-b58b-4612a12152a9 e71faf8b6fd5435c832cafdeff7f2669 cb90c29b2cd840ea895a2b08b3010254 - - 85018bd709d14f2fba0614ce5e657fa3 85018bd709d14f2fba0614ce5e657fa3] 199.204.45.109 "GET /resource_providers/402d4b47-c19b-498e-94d6-bec15f136ec0/allocations" status: 200 len: 55 microversion: 1.0 [pid: 8|app: 0|req: 509/1028] 199.204.45.109 () {32 vars in 856 bytes} [Tue Jul 14 00:39:00 2026] GET /resource_providers/402d4b47-c19b-498e-94d6-bec15f136ec0/allocations => generated 55 bytes in 213 msecs (HTTP/1.1 200) 6 headers in 223 bytes (1 switches on core 0)
