2026-07-16 07:59:59.231 8 INFO cinder.api.openstack.wsgi [None req-1ee96cca-687c-43e7-bd93-cebcbac14b05 377bf99f1d2f4051b73c2912883f52e2 7cda502ad9f84fe18b9999282626e0bc - - default default] http://10.0.0.80:8776/ returned with HTTP 300 /var/lib/openstack/lib/python3.10/site-packages/pycadf/identifier.py:71: UserWarning: Invalid uuid: cinderv3. To ensure interoperability, identifiers should be a valid uuid. warnings.warn(('Invalid uuid: %s. To ensure interoperability, '
2026-07-16 07:59:59.320 7 INFO cinder.api.openstack.wsgi [None req-b9b5e02c-a528-41e9-bb17-876de868f556 377bf99f1d2f4051b73c2912883f52e2 7cda502ad9f84fe18b9999282626e0bc - - default default] GET http://cinder-api.openstack.svc.cluster.local:8776/v3/7cda502ad9f84fe18b9999282626e0bc/volumes/5e3049a1-dd08-4ce4-8a12-3480c72ed933
2026-07-16 07:59:59.328 7 INFO cinder.api.openstack.wsgi [None req-b9b5e02c-a528-41e9-bb17-876de868f556 377bf99f1d2f4051b73c2912883f52e2 7cda502ad9f84fe18b9999282626e0bc - - default default] http://cinder-api.openstack.svc.cluster.local:8776/v3/7cda502ad9f84fe18b9999282626e0bc/volumes/5e3049a1-dd08-4ce4-8a12-3480c72ed933 returned with HTTP 404 [pid: 7|app: 0|req: 415/837] 10.0.0.193 () {32 vars in 775 bytes} [Thu Jul 16 07:59:59 2026] GET /v3/7cda502ad9f84fe18b9999282626e0bc/volumes/5e3049a1-dd08-4ce4-8a12-3480c72ed933 => generated 109 bytes in 16 msecs (HTTP/1.1 404) 7 headers in 292 bytes (1 switches on core 0) /var/lib/openstack/lib/python3.10/site-packages/pycadf/identifier.py:71: UserWarning: Invalid uuid: cinderv3. To ensure interoperability, identifiers should be a valid uuid. warnings.warn(('Invalid uuid: %s. To ensure interoperability, '
2026-07-16 08:00:08.322 8 INFO cinder.api.openstack.wsgi [None req-935ec2e2-bf73-435c-b808-fab24e28cf48 7efb3c1539a747e4aea0142c6c45c75f 99f26d810d1345dca803ba972d48f9d7 - - default default] GET http://cinder-api.openstack.svc.cluster.local:8776/v3/99f26d810d1345dca803ba972d48f9d7/os-quota-sets/0ad8b5986be542f6a878a0d85f75af6e?usage=true
2026-07-16 08:00:08.367 8 INFO cinder.api.openstack.wsgi [None req-935ec2e2-bf73-435c-b808-fab24e28cf48 7efb3c1539a747e4aea0142c6c45c75f 99f26d810d1345dca803ba972d48f9d7 - - default default] http://cinder-api.openstack.svc.cluster.local:8776/v3/99f26d810d1345dca803ba972d48f9d7/os-quota-sets/0ad8b5986be542f6a878a0d85f75af6e?usage=true returned with HTTP 200 [pid: 8|app: 0|req: 423/838] 10.0.0.33 () {28 vars in 735 bytes} [Thu Jul 16 08:00:08 2026] GET /v3/99f26d810d1345dca803ba972d48f9d7/os-quota-sets/0ad8b5986be542f6a878a0d85f75af6e?usage=true => generated 845 bytes in 209 msecs (HTTP/1.1 200) 7 headers in 285 bytes (1 switches on core 0)
2026-07-16 08:00:08.378 7 INFO cinder.api.openstack.wsgi [None req-1f1b9d42-01c1-4890-a3fb-3540e054d4a8 7efb3c1539a747e4aea0142c6c45c75f 99f26d810d1345dca803ba972d48f9d7 - - default default] GET http://cinder-api.openstack.svc.cluster.local:8776/v3/99f26d810d1345dca803ba972d48f9d7/os-quota-sets/15d4d8a757204a2bbb65b6ecaff9998b?usage=true
2026-07-16 08:00:08.421 7 INFO cinder.api.openstack.wsgi [None req-1f1b9d42-01c1-4890-a3fb-3540e054d4a8 7efb3c1539a747e4aea0142c6c45c75f 99f26d810d1345dca803ba972d48f9d7 - - default default] http://cinder-api.openstack.svc.cluster.local:8776/v3/99f26d810d1345dca803ba972d48f9d7/os-quota-sets/15d4d8a757204a2bbb65b6ecaff9998b?usage=true returned with HTTP 200 [pid: 7|app: 0|req: 416/839] 10.0.0.33 () {28 vars in 735 bytes} [Thu Jul 16 08:00:08 2026] GET /v3/99f26d810d1345dca803ba972d48f9d7/os-quota-sets/15d4d8a757204a2bbb65b6ecaff9998b?usage=true => generated 847 bytes in 49 msecs (HTTP/1.1 200) 7 headers in 285 bytes (1 switches on core 0)
2026-07-16 08:00:08.442 8 INFO cinder.api.openstack.wsgi [None req-50363888-5fc9-4c13-b3a1-a79078b466a5 7efb3c1539a747e4aea0142c6c45c75f 99f26d810d1345dca803ba972d48f9d7 - - default default] GET http://cinder-api.openstack.svc.cluster.local:8776/v3/99f26d810d1345dca803ba972d48f9d7/os-quota-sets/6f0d25a148104f959c92d815c80df5da?usage=true
2026-07-16 08:00:08.472 8 INFO cinder.api.openstack.wsgi [None req-50363888-5fc9-4c13-b3a1-a79078b466a5 7efb3c1539a747e4aea0142c6c45c75f 99f26d810d1345dca803ba972d48f9d7 - - default default] http://cinder-api.openstack.svc.cluster.local:8776/v3/99f26d810d1345dca803ba972d48f9d7/os-quota-sets/6f0d25a148104f959c92d815c80df5da?usage=true returned with HTTP 200 [pid: 8|app: 0|req: 424/840] 10.0.0.33 () {28 vars in 735 bytes} [Thu Jul 16 08:00:08 2026] GET /v3/99f26d810d1345dca803ba972d48f9d7/os-quota-sets/6f0d25a148104f959c92d815c80df5da?usage=true => generated 847 bytes in 50 msecs (HTTP/1.1 200) 7 headers in 285 bytes (1 switches on core 0)
2026-07-16 08:00:08.489 7 INFO cinder.api.openstack.wsgi [None req-91a6a9ed-6cc8-46bb-b129-037c72b772f3 7efb3c1539a747e4aea0142c6c45c75f 99f26d810d1345dca803ba972d48f9d7 - - default default] GET http://cinder-api.openstack.svc.cluster.local:8776/v3/99f26d810d1345dca803ba972d48f9d7/os-quota-sets/8b8784bf8b284cd48f92c6d06feb3b8d?usage=true
2026-07-16 08:00:08.509 7 INFO cinder.api.openstack.wsgi [None req-91a6a9ed-6cc8-46bb-b129-037c72b772f3 7efb3c1539a747e4aea0142c6c45c75f 99f26d810d1345dca803ba972d48f9d7 - - default default] http://cinder-api.openstack.svc.cluster.local:8776/v3/99f26d810d1345dca803ba972d48f9d7/os-quota-sets/8b8784bf8b284cd48f92c6d06feb3b8d?usage=true returned with HTTP 200 [pid: 7|app: 0|req: 417/841] 10.0.0.33 () {28 vars in 735 bytes} [Thu Jul 16 08:00:08 2026] GET /v3/99f26d810d1345dca803ba972d48f9d7/os-quota-sets/8b8784bf8b284cd48f92c6d06feb3b8d?usage=true => generated 847 bytes in 30 msecs (HTTP/1.1 200) 7 headers in 285 bytes (1 switches on core 0)
2026-07-16 08:00:08.526 8 INFO cinder.api.openstack.wsgi [None req-0969a692-112b-4d5e-a1f2-f0937d5b8d1a 7efb3c1539a747e4aea0142c6c45c75f 99f26d810d1345dca803ba972d48f9d7 - - default default] GET http://cinder-api.openstack.svc.cluster.local:8776/v3/99f26d810d1345dca803ba972d48f9d7/os-quota-sets/99f26d810d1345dca803ba972d48f9d7?usage=true
2026-07-16 08:00:08.575 8 INFO cinder.api.openstack.wsgi [None req-0969a692-112b-4d5e-a1f2-f0937d5b8d1a 7efb3c1539a747e4aea0142c6c45c75f 99f26d810d1345dca803ba972d48f9d7 - - default default] http://cinder-api.openstack.svc.cluster.local:8776/v3/99f26d810d1345dca803ba972d48f9d7/os-quota-sets/99f26d810d1345dca803ba972d48f9d7?usage=true returned with HTTP 200 [pid: 8|app: 0|req: 425/842] 10.0.0.33 () {28 vars in 735 bytes} [Thu Jul 16 08:00:08 2026] GET /v3/99f26d810d1345dca803ba972d48f9d7/os-quota-sets/99f26d810d1345dca803ba972d48f9d7?usage=true => generated 845 bytes in 62 msecs (HTTP/1.1 200) 7 headers in 285 bytes (1 switches on core 0)
2026-07-16 08:00:08.599 7 INFO cinder.api.openstack.wsgi [None req-f1b6855e-01d3-4eb7-9b7c-cd850af26aa6 7efb3c1539a747e4aea0142c6c45c75f 99f26d810d1345dca803ba972d48f9d7 - - default default] GET http://cinder-api.openstack.svc.cluster.local:8776/v3/99f26d810d1345dca803ba972d48f9d7/os-quota-sets/ba0129c414af42e6a859c73153c7e4d1?usage=true
2026-07-16 08:00:08.621 7 INFO cinder.api.openstack.wsgi [None req-f1b6855e-01d3-4eb7-9b7c-cd850af26aa6 7efb3c1539a747e4aea0142c6c45c75f 99f26d810d1345dca803ba972d48f9d7 - - default default] http://cinder-api.openstack.svc.cluster.local:8776/v3/99f26d810d1345dca803ba972d48f9d7/os-quota-sets/ba0129c414af42e6a859c73153c7e4d1?usage=true returned with HTTP 200 [pid: 7|app: 0|req: 418/843] 10.0.0.33 () {28 vars in 735 bytes} [Thu Jul 16 08:00:08 2026] GET /v3/99f26d810d1345dca803ba972d48f9d7/os-quota-sets/ba0129c414af42e6a859c73153c7e4d1?usage=true => generated 847 bytes in 36 msecs (HTTP/1.1 200) 7 headers in 285 bytes (1 switches on core 0)
2026-07-16 08:00:08.640 8 INFO cinder.api.openstack.wsgi [None req-b69370e7-96fa-44e2-8b32-3aacad3cc39a 7efb3c1539a747e4aea0142c6c45c75f 99f26d810d1345dca803ba972d48f9d7 - - default default] GET http://cinder-api.openstack.svc.cluster.local:8776/v3/99f26d810d1345dca803ba972d48f9d7/snapshots?all_tenants=true
2026-07-16 08:00:08.649 8 INFO cinder.volume.api [None req-b69370e7-96fa-44e2-8b32-3aacad3cc39a 7efb3c1539a747e4aea0142c6c45c75f 99f26d810d1345dca803ba972d48f9d7 - - default default] Get all snapshots completed successfully.
2026-07-16 08:00:08.650 8 INFO cinder.api.openstack.wsgi [None req-b69370e7-96fa-44e2-8b32-3aacad3cc39a 7efb3c1539a747e4aea0142c6c45c75f 99f26d810d1345dca803ba972d48f9d7 - - default default] http://cinder-api.openstack.svc.cluster.local:8776/v3/99f26d810d1345dca803ba972d48f9d7/snapshots?all_tenants=true returned with HTTP 200 [pid: 8|app: 0|req: 426/844] 10.0.0.33 () {28 vars in 673 bytes} [Thu Jul 16 08:00:08 2026] GET /v3/99f26d810d1345dca803ba972d48f9d7/snapshots?all_tenants=true => generated 17 bytes in 23 msecs (HTTP/1.1 200) 7 headers in 284 bytes (1 switches on core 0)
2026-07-16 08:00:08.665 7 INFO cinder.api.openstack.wsgi [None req-ef8d381f-e91d-4603-aff9-9a8ef6727124 7efb3c1539a747e4aea0142c6c45c75f 99f26d810d1345dca803ba972d48f9d7 - - default default] GET http://cinder-api.openstack.svc.cluster.local:8776/v3/99f26d810d1345dca803ba972d48f9d7/scheduler-stats/get_pools?detail=true
2026-07-16 08:00:08.692 7 INFO cinder.api.openstack.wsgi [None req-ef8d381f-e91d-4603-aff9-9a8ef6727124 7efb3c1539a747e4aea0142c6c45c75f 99f26d810d1345dca803ba972d48f9d7 - - default default] http://cinder-api.openstack.svc.cluster.local:8776/v3/99f26d810d1345dca803ba972d48f9d7/scheduler-stats/get_pools?detail=true returned with HTTP 200 [pid: 7|app: 0|req: 419/845] 10.0.0.33 () {28 vars in 695 bytes} [Thu Jul 16 08:00:08 2026] GET /v3/99f26d810d1345dca803ba972d48f9d7/scheduler-stats/get_pools?detail=true => generated 670 bytes in 37 msecs (HTTP/1.1 200) 7 headers in 285 bytes (1 switches on core 0)
2026-07-16 08:00:08.706 8 INFO cinder.api.openstack.wsgi [None req-286eb74e-94e4-4b55-a331-cd531c30c348 7efb3c1539a747e4aea0142c6c45c75f 99f26d810d1345dca803ba972d48f9d7 - - default default] GET http://cinder-api.openstack.svc.cluster.local:8776/v3/99f26d810d1345dca803ba972d48f9d7/volumes/detail?all_tenants=true
2026-07-16 08:00:08.724 8 INFO cinder.volume.api [None req-286eb74e-94e4-4b55-a331-cd531c30c348 7efb3c1539a747e4aea0142c6c45c75f 99f26d810d1345dca803ba972d48f9d7 - - default default] Get all volumes completed successfully.
2026-07-16 08:00:08.729 8 INFO cinder.api.openstack.wsgi [None req-286eb74e-94e4-4b55-a331-cd531c30c348 7efb3c1539a747e4aea0142c6c45c75f 99f26d810d1345dca803ba972d48f9d7 - - default default] http://cinder-api.openstack.svc.cluster.local:8776/v3/99f26d810d1345dca803ba972d48f9d7/volumes/detail?all_tenants=true returned with HTTP 200 [pid: 8|app: 0|req: 427/846] 10.0.0.33 () {28 vars in 683 bytes} [Thu Jul 16 08:00:08 2026] GET /v3/99f26d810d1345dca803ba972d48f9d7/volumes/detail?all_tenants=true => generated 15 bytes in 33 msecs (HTTP/1.1 200) 7 headers in 284 bytes (1 switches on core 0)
2026-07-16 08:00:08.748 7 INFO cinder.api.openstack.wsgi [None req-6db796cd-59e3-4173-9661-41be9a64fc11 7efb3c1539a747e4aea0142c6c45c75f 99f26d810d1345dca803ba972d48f9d7 - - default default] GET http://cinder-api.openstack.svc.cluster.local:8776/v3/99f26d810d1345dca803ba972d48f9d7/os-services
2026-07-16 08:00:08.754 7 INFO cinder.api.openstack.wsgi [None req-6db796cd-59e3-4173-9661-41be9a64fc11 7efb3c1539a747e4aea0142c6c45c75f 99f26d810d1345dca803ba972d48f9d7 - - default default] http://cinder-api.openstack.svc.cluster.local:8776/v3/99f26d810d1345dca803ba972d48f9d7/os-services returned with HTTP 200 [pid: 7|app: 0|req: 420/847] 10.0.0.33 () {28 vars in 644 bytes} [Thu Jul 16 08:00:08 2026] GET /v3/99f26d810d1345dca803ba972d48f9d7/os-services => generated 646 bytes in 18 msecs (HTTP/1.1 200) 7 headers in 285 bytes (1 switches on core 0)
2026-07-16 08:00:08.768 8 INFO cinder.api.openstack.wsgi [None req-95a2dec2-dd05-49b0-a171-a0a0d23811c7 7efb3c1539a747e4aea0142c6c45c75f 99f26d810d1345dca803ba972d48f9d7 - - default default] GET http://cinder-api.openstack.svc.cluster.local:8776/v3/99f26d810d1345dca803ba972d48f9d7/volumes/detail?all_tenants=true
2026-07-16 08:00:08.783 8 INFO cinder.volume.api [None req-95a2dec2-dd05-49b0-a171-a0a0d23811c7 7efb3c1539a747e4aea0142c6c45c75f 99f26d810d1345dca803ba972d48f9d7 - - default default] Get all volumes completed successfully.
2026-07-16 08:00:08.786 8 INFO cinder.api.openstack.wsgi [None req-95a2dec2-dd05-49b0-a171-a0a0d23811c7 7efb3c1539a747e4aea0142c6c45c75f 99f26d810d1345dca803ba972d48f9d7 - - default default] http://cinder-api.openstack.svc.cluster.local:8776/v3/99f26d810d1345dca803ba972d48f9d7/volumes/detail?all_tenants=true returned with HTTP 200 [pid: 8|app: 0|req: 428/848] 10.0.0.33 () {28 vars in 683 bytes} [Thu Jul 16 08:00:08 2026] GET /v3/99f26d810d1345dca803ba972d48f9d7/volumes/detail?all_tenants=true => generated 15 bytes in 25 msecs (HTTP/1.1 200) 7 headers in 284 bytes (1 switches on core 0)
2026-07-16 08:00:09.229 7 INFO cinder.api.openstack.wsgi [None req-6db796cd-59e3-4173-9661-41be9a64fc11 7efb3c1539a747e4aea0142c6c45c75f 99f26d810d1345dca803ba972d48f9d7 - - default default] GET http://10.0.0.80:8776/
2026-07-16 08:00:09.229 8 INFO cinder.api.openstack.wsgi [None req-95a2dec2-dd05-49b0-a171-a0a0d23811c7 7efb3c1539a747e4aea0142c6c45c75f 99f26d810d1345dca803ba972d48f9d7 - - default default] GET http://10.0.0.80:8776/
2026-07-16 08:00:09.230 7 INFO cinder.api.openstack.wsgi [None req-6db796cd-59e3-4173-9661-41be9a64fc11 7efb3c1539a747e4aea0142c6c45c75f 99f26d810d1345dca803ba972d48f9d7 - - default default] http://10.0.0.80:8776/ returned with HTTP 300
2026-07-16 08:00:09.230 8 INFO cinder.api.openstack.wsgi [None req-95a2dec2-dd05-49b0-a171-a0a0d23811c7 7efb3c1539a747e4aea0142c6c45c75f 99f26d810d1345dca803ba972d48f9d7 - - default default] http://10.0.0.80:8776/ returned with HTTP 300
2026-07-16 08:00:19.229 7 INFO cinder.api.openstack.wsgi [None req-6db796cd-59e3-4173-9661-41be9a64fc11 7efb3c1539a747e4aea0142c6c45c75f 99f26d810d1345dca803ba972d48f9d7 - - default default] GET http://10.0.0.80:8776/
2026-07-16 08:00:19.229 8 INFO cinder.api.openstack.wsgi [None req-95a2dec2-dd05-49b0-a171-a0a0d23811c7 7efb3c1539a747e4aea0142c6c45c75f 99f26d810d1345dca803ba972d48f9d7 - - default default] GET http://10.0.0.80:8776/
2026-07-16 08:00:19.230 7 INFO cinder.api.openstack.wsgi [None req-6db796cd-59e3-4173-9661-41be9a64fc11 7efb3c1539a747e4aea0142c6c45c75f 99f26d810d1345dca803ba972d48f9d7 - - default default] http://10.0.0.80:8776/ returned with HTTP 300
2026-07-16 08:00:19.230 8 INFO cinder.api.openstack.wsgi [None req-95a2dec2-dd05-49b0-a171-a0a0d23811c7 7efb3c1539a747e4aea0142c6c45c75f 99f26d810d1345dca803ba972d48f9d7 - - default default] http://10.0.0.80:8776/ returned with HTTP 300
2026-07-16 08:00:29.229 8 INFO cinder.api.openstack.wsgi [None req-95a2dec2-dd05-49b0-a171-a0a0d23811c7 7efb3c1539a747e4aea0142c6c45c75f 99f26d810d1345dca803ba972d48f9d7 - - default default] GET http://10.0.0.80:8776/
2026-07-16 08:00:29.229 7 INFO cinder.api.openstack.wsgi [None req-6db796cd-59e3-4173-9661-41be9a64fc11 7efb3c1539a747e4aea0142c6c45c75f 99f26d810d1345dca803ba972d48f9d7 - - default default] GET http://10.0.0.80:8776/
2026-07-16 08:00:29.230 8 INFO cinder.api.openstack.wsgi [None req-95a2dec2-dd05-49b0-a171-a0a0d23811c7 7efb3c1539a747e4aea0142c6c45c75f 99f26d810d1345dca803ba972d48f9d7 - - default default] http://10.0.0.80:8776/ returned with HTTP 300
2026-07-16 08:00:29.231 7 INFO cinder.api.openstack.wsgi [None req-6db796cd-59e3-4173-9661-41be9a64fc11 7efb3c1539a747e4aea0142c6c45c75f 99f26d810d1345dca803ba972d48f9d7 - - default default] http://10.0.0.80:8776/ returned with HTTP 300
2026-07-16 08:00:39.230 8 INFO cinder.api.openstack.wsgi [None req-95a2dec2-dd05-49b0-a171-a0a0d23811c7 7efb3c1539a747e4aea0142c6c45c75f 99f26d810d1345dca803ba972d48f9d7 - - default default] GET http://10.0.0.80:8776/
2026-07-16 08:00:39.230 7 INFO cinder.api.openstack.wsgi [None req-6db796cd-59e3-4173-9661-41be9a64fc11 7efb3c1539a747e4aea0142c6c45c75f 99f26d810d1345dca803ba972d48f9d7 - - default default] GET http://10.0.0.80:8776/
2026-07-16 08:00:39.232 8 INFO cinder.api.openstack.wsgi [None req-95a2dec2-dd05-49b0-a171-a0a0d23811c7 7efb3c1539a747e4aea0142c6c45c75f 99f26d810d1345dca803ba972d48f9d7 - - default default] http://10.0.0.80:8776/ returned with HTTP 300
2026-07-16 08:00:39.232 7 INFO cinder.api.openstack.wsgi [None req-6db796cd-59e3-4173-9661-41be9a64fc11 7efb3c1539a747e4aea0142c6c45c75f 99f26d810d1345dca803ba972d48f9d7 - - default default] http://10.0.0.80:8776/ returned with HTTP 300
2026-07-16 08:00:49.230 8 INFO cinder.api.openstack.wsgi [None req-95a2dec2-dd05-49b0-a171-a0a0d23811c7 7efb3c1539a747e4aea0142c6c45c75f 99f26d810d1345dca803ba972d48f9d7 - - default default] GET http://10.0.0.80:8776/
2026-07-16 08:00:49.231 8 INFO cinder.api.openstack.wsgi [None req-95a2dec2-dd05-49b0-a171-a0a0d23811c7 7efb3c1539a747e4aea0142c6c45c75f 99f26d810d1345dca803ba972d48f9d7 - - default default] http://10.0.0.80:8776/ returned with HTTP 300
2026-07-16 08:00:49.234 7 INFO cinder.api.openstack.wsgi [None req-6db796cd-59e3-4173-9661-41be9a64fc11 7efb3c1539a747e4aea0142c6c45c75f 99f26d810d1345dca803ba972d48f9d7 - - default default] GET http://10.0.0.80:8776/
2026-07-16 08:00:49.236 7 INFO cinder.api.openstack.wsgi [None req-6db796cd-59e3-4173-9661-41be9a64fc11 7efb3c1539a747e4aea0142c6c45c75f 99f26d810d1345dca803ba972d48f9d7 - - default default] http://10.0.0.80:8776/ returned with HTTP 300
2026-07-16 08:00:59.231 7 INFO cinder.api.openstack.wsgi [None req-6db796cd-59e3-4173-9661-41be9a64fc11 7efb3c1539a747e4aea0142c6c45c75f 99f26d810d1345dca803ba972d48f9d7 - - default default] GET http://10.0.0.80:8776/
2026-07-16 08:00:59.231 8 INFO cinder.api.openstack.wsgi [None req-95a2dec2-dd05-49b0-a171-a0a0d23811c7 7efb3c1539a747e4aea0142c6c45c75f 99f26d810d1345dca803ba972d48f9d7 - - default default] GET http://10.0.0.80:8776/
2026-07-16 08:00:59.234 7 INFO cinder.api.openstack.wsgi [None req-6db796cd-59e3-4173-9661-41be9a64fc11 7efb3c1539a747e4aea0142c6c45c75f 99f26d810d1345dca803ba972d48f9d7 - - default default] http://10.0.0.80:8776/ returned with HTTP 300
2026-07-16 08:00:59.234 8 INFO cinder.api.openstack.wsgi [None req-95a2dec2-dd05-49b0-a171-a0a0d23811c7 7efb3c1539a747e4aea0142c6c45c75f 99f26d810d1345dca803ba972d48f9d7 - - default default] http://10.0.0.80:8776/ returned with HTTP 300
2026-07-16 08:01:08.219 8 INFO cinder.api.openstack.wsgi [None req-4f1c4cae-222f-4100-ad1a-b039244805ee 7efb3c1539a747e4aea0142c6c45c75f 99f26d810d1345dca803ba972d48f9d7 - - default default] GET http://cinder-api.openstack.svc.cluster.local:8776/v3/99f26d810d1345dca803ba972d48f9d7/snapshots?all_tenants=true
2026-07-16 08:01:08.238 8 INFO cinder.volume.api [None req-4f1c4cae-222f-4100-ad1a-b039244805ee 7efb3c1539a747e4aea0142c6c45c75f 99f26d810d1345dca803ba972d48f9d7 - - default default] Get all snapshots completed successfully.
2026-07-16 08:01:08.239 8 INFO cinder.api.openstack.wsgi [None req-4f1c4cae-222f-4100-ad1a-b039244805ee 7efb3c1539a747e4aea0142c6c45c75f 99f26d810d1345dca803ba972d48f9d7 - - default default] http://cinder-api.openstack.svc.cluster.local:8776/v3/99f26d810d1345dca803ba972d48f9d7/snapshots?all_tenants=true returned with HTTP 200 [pid: 8|app: 0|req: 435/861] 10.0.0.33 () {28 vars in 673 bytes} [Thu Jul 16 08:01:08 2026] GET /v3/99f26d810d1345dca803ba972d48f9d7/snapshots?all_tenants=true => generated 17 bytes in 159 msecs (HTTP/1.1 200) 7 headers in 284 bytes (1 switches on core 0)
2026-07-16 08:01:08.250 7 INFO cinder.api.openstack.wsgi [None req-68456e12-c32e-4567-9dac-8d00183ea78a 7efb3c1539a747e4aea0142c6c45c75f 99f26d810d1345dca803ba972d48f9d7 - - default default] GET http://cinder-api.openstack.svc.cluster.local:8776/v3/99f26d810d1345dca803ba972d48f9d7/scheduler-stats/get_pools?detail=true
2026-07-16 08:01:08.267 7 INFO cinder.api.openstack.wsgi [None req-68456e12-c32e-4567-9dac-8d00183ea78a 7efb3c1539a747e4aea0142c6c45c75f 99f26d810d1345dca803ba972d48f9d7 - - default default] http://cinder-api.openstack.svc.cluster.local:8776/v3/99f26d810d1345dca803ba972d48f9d7/scheduler-stats/get_pools?detail=true returned with HTTP 200 [pid: 7|app: 0|req: 427/862] 10.0.0.33 () {28 vars in 695 bytes} [Thu Jul 16 08:01:08 2026] GET /v3/99f26d810d1345dca803ba972d48f9d7/scheduler-stats/get_pools?detail=true => generated 670 bytes in 25 msecs (HTTP/1.1 200) 7 headers in 285 bytes (1 switches on core 0)
2026-07-16 08:01:08.281 8 INFO cinder.api.openstack.wsgi [None req-19a21eb6-c881-457d-bfbd-4184d6dbedcf 7efb3c1539a747e4aea0142c6c45c75f 99f26d810d1345dca803ba972d48f9d7 - - default default] GET http://cinder-api.openstack.svc.cluster.local:8776/v3/99f26d810d1345dca803ba972d48f9d7/volumes/detail?all_tenants=true
2026-07-16 08:01:08.291 8 INFO cinder.volume.api [None req-19a21eb6-c881-457d-bfbd-4184d6dbedcf 7efb3c1539a747e4aea0142c6c45c75f 99f26d810d1345dca803ba972d48f9d7 - - default default] Get all volumes completed successfully.
2026-07-16 08:01:08.293 8 INFO cinder.api.openstack.wsgi [None req-19a21eb6-c881-457d-bfbd-4184d6dbedcf 7efb3c1539a747e4aea0142c6c45c75f 99f26d810d1345dca803ba972d48f9d7 - - default default] http://cinder-api.openstack.svc.cluster.local:8776/v3/99f26d810d1345dca803ba972d48f9d7/volumes/detail?all_tenants=true returned with HTTP 200 [pid: 8|app: 0|req: 436/863] 10.0.0.33 () {28 vars in 683 bytes} [Thu Jul 16 08:01:08 2026] GET /v3/99f26d810d1345dca803ba972d48f9d7/volumes/detail?all_tenants=true => generated 15 bytes in 21 msecs (HTTP/1.1 200) 7 headers in 284 bytes (1 switches on core 0)
2026-07-16 08:01:08.303 7 INFO cinder.api.openstack.wsgi [None req-97230a10-900a-46ce-b664-efe71ebbc0eb 7efb3c1539a747e4aea0142c6c45c75f 99f26d810d1345dca803ba972d48f9d7 - - default default] GET http://cinder-api.openstack.svc.cluster.local:8776/v3/99f26d810d1345dca803ba972d48f9d7/os-services
2026-07-16 08:01:08.320 7 INFO cinder.api.openstack.wsgi [None req-97230a10-900a-46ce-b664-efe71ebbc0eb 7efb3c1539a747e4aea0142c6c45c75f 99f26d810d1345dca803ba972d48f9d7 - - default default] http://cinder-api.openstack.svc.cluster.local:8776/v3/99f26d810d1345dca803ba972d48f9d7/os-services returned with HTTP 200 [pid: 7|app: 0|req: 428/864] 10.0.0.33 () {28 vars in 644 bytes} [Thu Jul 16 08:01:08 2026] GET /v3/99f26d810d1345dca803ba972d48f9d7/os-services => generated 646 bytes in 25 msecs (HTTP/1.1 200) 7 headers in 285 bytes (1 switches on core 0)
2026-07-16 08:01:08.373 8 INFO cinder.api.openstack.wsgi [None req-8b27f392-c722-44e4-b79c-9087fed32f67 7efb3c1539a747e4aea0142c6c45c75f 99f26d810d1345dca803ba972d48f9d7 - - default default] GET http://cinder-api.openstack.svc.cluster.local:8776/v3/99f26d810d1345dca803ba972d48f9d7/os-quota-sets/0ad8b5986be542f6a878a0d85f75af6e?usage=true
2026-07-16 08:01:08.398 8 INFO cinder.api.openstack.wsgi [None req-8b27f392-c722-44e4-b79c-9087fed32f67 7efb3c1539a747e4aea0142c6c45c75f 99f26d810d1345dca803ba972d48f9d7 - - default default] http://cinder-api.openstack.svc.cluster.local:8776/v3/99f26d810d1345dca803ba972d48f9d7/os-quota-sets/0ad8b5986be542f6a878a0d85f75af6e?usage=true returned with HTTP 200 [pid: 8|app: 0|req: 437/865] 10.0.0.33 () {28 vars in 735 bytes} [Thu Jul 16 08:01:08 2026] GET /v3/99f26d810d1345dca803ba972d48f9d7/os-quota-sets/0ad8b5986be542f6a878a0d85f75af6e?usage=true => generated 845 bytes in 32 msecs (HTTP/1.1 200) 7 headers in 285 bytes (1 switches on core 0)
2026-07-16 08:01:08.413 7 INFO cinder.api.openstack.wsgi [None req-2df7dc59-3c01-474a-bf1a-ea4880306c6a 7efb3c1539a747e4aea0142c6c45c75f 99f26d810d1345dca803ba972d48f9d7 - - default default] GET http://cinder-api.openstack.svc.cluster.local:8776/v3/99f26d810d1345dca803ba972d48f9d7/os-quota-sets/15d4d8a757204a2bbb65b6ecaff9998b?usage=true
2026-07-16 08:01:08.446 7 INFO cinder.api.openstack.wsgi [None req-2df7dc59-3c01-474a-bf1a-ea4880306c6a 7efb3c1539a747e4aea0142c6c45c75f 99f26d810d1345dca803ba972d48f9d7 - - default default] http://cinder-api.openstack.svc.cluster.local:8776/v3/99f26d810d1345dca803ba972d48f9d7/os-quota-sets/15d4d8a757204a2bbb65b6ecaff9998b?usage=true returned with HTTP 200 [pid: 7|app: 0|req: 429/866] 10.0.0.33 () {28 vars in 735 bytes} [Thu Jul 16 08:01:08 2026] GET /v3/99f26d810d1345dca803ba972d48f9d7/os-quota-sets/15d4d8a757204a2bbb65b6ecaff9998b?usage=true => generated 847 bytes in 45 msecs (HTTP/1.1 200) 7 headers in 285 bytes (1 switches on core 0)
2026-07-16 08:01:08.458 8 INFO cinder.api.openstack.wsgi [None req-181ba3f8-e264-45f0-84e5-eb4f650fd624 7efb3c1539a747e4aea0142c6c45c75f 99f26d810d1345dca803ba972d48f9d7 - - default default] GET http://cinder-api.openstack.svc.cluster.local:8776/v3/99f26d810d1345dca803ba972d48f9d7/os-quota-sets/2f15f9e41a5e4d33bab33987fada6df7?usage=true
2026-07-16 08:01:08.479 8 INFO cinder.api.openstack.wsgi [None req-181ba3f8-e264-45f0-84e5-eb4f650fd624 7efb3c1539a747e4aea0142c6c45c75f 99f26d810d1345dca803ba972d48f9d7 - - default default] http://cinder-api.openstack.svc.cluster.local:8776/v3/99f26d810d1345dca803ba972d48f9d7/os-quota-sets/2f15f9e41a5e4d33bab33987fada6df7?usage=true returned with HTTP 200 [pid: 8|app: 0|req: 438/867] 10.0.0.33 () {28 vars in 735 bytes} [Thu Jul 16 08:01:08 2026] GET /v3/99f26d810d1345dca803ba972d48f9d7/os-quota-sets/2f15f9e41a5e4d33bab33987fada6df7?usage=true => generated 847 bytes in 28 msecs (HTTP/1.1 200) 7 headers in 285 bytes (1 switches on core 0)
2026-07-16 08:01:08.493 7 INFO cinder.api.openstack.wsgi [None req-c92587a2-9dc5-4650-8c8d-2aca52051119 7efb3c1539a747e4aea0142c6c45c75f 99f26d810d1345dca803ba972d48f9d7 - - default default] GET http://cinder-api.openstack.svc.cluster.local:8776/v3/99f26d810d1345dca803ba972d48f9d7/os-quota-sets/46e05dfaaa6344b2b250443c04f22ac8?usage=true
2026-07-16 08:01:08.523 7 INFO cinder.api.openstack.wsgi [None req-c92587a2-9dc5-4650-8c8d-2aca52051119 7efb3c1539a747e4aea0142c6c45c75f 99f26d810d1345dca803ba972d48f9d7 - - default default] http://cinder-api.openstack.svc.cluster.local:8776/v3/99f26d810d1345dca803ba972d48f9d7/os-quota-sets/46e05dfaaa6344b2b250443c04f22ac8?usage=true returned with HTTP 200 [pid: 7|app: 0|req: 430/868] 10.0.0.33 () {28 vars in 735 bytes} [Thu Jul 16 08:01:08 2026] GET /v3/99f26d810d1345dca803ba972d48f9d7/os-quota-sets/46e05dfaaa6344b2b250443c04f22ac8?usage=true => generated 847 bytes in 39 msecs (HTTP/1.1 200) 7 headers in 285 bytes (1 switches on core 0)
2026-07-16 08:01:08.538 8 INFO cinder.api.openstack.wsgi [None req-bfe3d89e-bd93-4c21-af4a-8a67b409088d 7efb3c1539a747e4aea0142c6c45c75f 99f26d810d1345dca803ba972d48f9d7 - - default default] GET http://cinder-api.openstack.svc.cluster.local:8776/v3/99f26d810d1345dca803ba972d48f9d7/os-quota-sets/4f3c6b3bc1e744b5abf51795aedcf1d8?usage=true
2026-07-16 08:01:08.564 8 INFO cinder.api.openstack.wsgi [None req-bfe3d89e-bd93-4c21-af4a-8a67b409088d 7efb3c1539a747e4aea0142c6c45c75f 99f26d810d1345dca803ba972d48f9d7 - - default default] http://cinder-api.openstack.svc.cluster.local:8776/v3/99f26d810d1345dca803ba972d48f9d7/os-quota-sets/4f3c6b3bc1e744b5abf51795aedcf1d8?usage=true returned with HTTP 200 [pid: 8|app: 0|req: 439/869] 10.0.0.33 () {28 vars in 735 bytes} [Thu Jul 16 08:01:08 2026] GET /v3/99f26d810d1345dca803ba972d48f9d7/os-quota-sets/4f3c6b3bc1e744b5abf51795aedcf1d8?usage=true => generated 847 bytes in 38 msecs (HTTP/1.1 200) 7 headers in 285 bytes (1 switches on core 0)
2026-07-16 08:01:08.580 7 INFO cinder.api.openstack.wsgi [None req-6f05a386-20df-4b00-bdce-d25474fe2ad4 7efb3c1539a747e4aea0142c6c45c75f 99f26d810d1345dca803ba972d48f9d7 - - default default] GET http://cinder-api.openstack.svc.cluster.local:8776/v3/99f26d810d1345dca803ba972d48f9d7/os-quota-sets/6f0d25a148104f959c92d815c80df5da?usage=true
2026-07-16 08:01:08.606 7 INFO cinder.api.openstack.wsgi [None req-6f05a386-20df-4b00-bdce-d25474fe2ad4 7efb3c1539a747e4aea0142c6c45c75f 99f26d810d1345dca803ba972d48f9d7 - - default default] http://cinder-api.openstack.svc.cluster.local:8776/v3/99f26d810d1345dca803ba972d48f9d7/os-quota-sets/6f0d25a148104f959c92d815c80df5da?usage=true returned with HTTP 200 [pid: 7|app: 0|req: 431/870] 10.0.0.33 () {28 vars in 735 bytes} [Thu Jul 16 08:01:08 2026] GET /v3/99f26d810d1345dca803ba972d48f9d7/os-quota-sets/6f0d25a148104f959c92d815c80df5da?usage=true => generated 847 bytes in 38 msecs (HTTP/1.1 200) 7 headers in 285 bytes (1 switches on core 0)
2026-07-16 08:01:08.620 8 INFO cinder.api.openstack.wsgi [None req-d074a977-4964-4e80-9c61-da73d4170eed 7efb3c1539a747e4aea0142c6c45c75f 99f26d810d1345dca803ba972d48f9d7 - - default default] GET http://cinder-api.openstack.svc.cluster.local:8776/v3/99f26d810d1345dca803ba972d48f9d7/os-quota-sets/8b8784bf8b284cd48f92c6d06feb3b8d?usage=true
2026-07-16 08:01:08.641 8 INFO cinder.api.openstack.wsgi [None req-d074a977-4964-4e80-9c61-da73d4170eed 7efb3c1539a747e4aea0142c6c45c75f 99f26d810d1345dca803ba972d48f9d7 - - default default] http://cinder-api.openstack.svc.cluster.local:8776/v3/99f26d810d1345dca803ba972d48f9d7/os-quota-sets/8b8784bf8b284cd48f92c6d06feb3b8d?usage=true returned with HTTP 200 [pid: 8|app: 0|req: 440/871] 10.0.0.33 () {28 vars in 735 bytes} [Thu Jul 16 08:01:08 2026] GET /v3/99f26d810d1345dca803ba972d48f9d7/os-quota-sets/8b8784bf8b284cd48f92c6d06feb3b8d?usage=true => generated 847 bytes in 31 msecs (HTTP/1.1 200) 7 headers in 285 bytes (1 switches on core 0)
2026-07-16 08:01:08.654 7 INFO cinder.api.openstack.wsgi [None req-e67a30ab-ad93-4033-8a3d-d82037834d55 7efb3c1539a747e4aea0142c6c45c75f 99f26d810d1345dca803ba972d48f9d7 - - default default] GET http://cinder-api.openstack.svc.cluster.local:8776/v3/99f26d810d1345dca803ba972d48f9d7/os-quota-sets/90cc58d410dc494cafd80ffaef0ce4a3?usage=true
2026-07-16 08:01:08.679 7 INFO cinder.api.openstack.wsgi [None req-e67a30ab-ad93-4033-8a3d-d82037834d55 7efb3c1539a747e4aea0142c6c45c75f 99f26d810d1345dca803ba972d48f9d7 - - default default] http://cinder-api.openstack.svc.cluster.local:8776/v3/99f26d810d1345dca803ba972d48f9d7/os-quota-sets/90cc58d410dc494cafd80ffaef0ce4a3?usage=true returned with HTTP 200 [pid: 7|app: 0|req: 432/872] 10.0.0.33 () {28 vars in 735 bytes} [Thu Jul 16 08:01:08 2026] GET /v3/99f26d810d1345dca803ba972d48f9d7/os-quota-sets/90cc58d410dc494cafd80ffaef0ce4a3?usage=true => generated 847 bytes in 34 msecs (HTTP/1.1 200) 7 headers in 285 bytes (1 switches on core 0)
2026-07-16 08:01:08.693 8 INFO cinder.api.openstack.wsgi [None req-5c112119-0763-496d-bed1-476e9290e104 7efb3c1539a747e4aea0142c6c45c75f 99f26d810d1345dca803ba972d48f9d7 - - default default] GET http://cinder-api.openstack.svc.cluster.local:8776/v3/99f26d810d1345dca803ba972d48f9d7/os-quota-sets/99f26d810d1345dca803ba972d48f9d7?usage=true
2026-07-16 08:01:08.711 8 INFO cinder.api.openstack.wsgi [None req-5c112119-0763-496d-bed1-476e9290e104 7efb3c1539a747e4aea0142c6c45c75f 99f26d810d1345dca803ba972d48f9d7 - - default default] http://cinder-api.openstack.svc.cluster.local:8776/v3/99f26d810d1345dca803ba972d48f9d7/os-quota-sets/99f26d810d1345dca803ba972d48f9d7?usage=true returned with HTTP 200 [pid: 8|app: 0|req: 441/873] 10.0.0.33 () {28 vars in 735 bytes} [Thu Jul 16 08:01:08 2026] GET /v3/99f26d810d1345dca803ba972d48f9d7/os-quota-sets/99f26d810d1345dca803ba972d48f9d7?usage=true => generated 845 bytes in 29 msecs (HTTP/1.1 200) 7 headers in 285 bytes (1 switches on core 0)
2026-07-16 08:01:08.725 7 INFO cinder.api.openstack.wsgi [None req-127e5734-f895-4abd-a7cc-21deddb0c697 7efb3c1539a747e4aea0142c6c45c75f 99f26d810d1345dca803ba972d48f9d7 - - default default] GET http://cinder-api.openstack.svc.cluster.local:8776/v3/99f26d810d1345dca803ba972d48f9d7/os-quota-sets/b6b0d4ba322e4b50a1651d4b640bb462?usage=true
2026-07-16 08:01:08.751 7 INFO cinder.api.openstack.wsgi [None req-127e5734-f895-4abd-a7cc-21deddb0c697 7efb3c1539a747e4aea0142c6c45c75f 99f26d810d1345dca803ba972d48f9d7 - - default default] http://cinder-api.openstack.svc.cluster.local:8776/v3/99f26d810d1345dca803ba972d48f9d7/os-quota-sets/b6b0d4ba322e4b50a1651d4b640bb462?usage=true returned with HTTP 200 [pid: 7|app: 0|req: 433/874] 10.0.0.33 () {28 vars in 735 bytes} [Thu Jul 16 08:01:08 2026] GET /v3/99f26d810d1345dca803ba972d48f9d7/os-quota-sets/b6b0d4ba322e4b50a1651d4b640bb462?usage=true => generated 847 bytes in 36 msecs (HTTP/1.1 200) 7 headers in 285 bytes (1 switches on core 0)
2026-07-16 08:01:08.762 8 INFO cinder.api.openstack.wsgi [None req-743f3cbc-e972-4381-8db5-0228803b7639 7efb3c1539a747e4aea0142c6c45c75f 99f26d810d1345dca803ba972d48f9d7 - - default default] GET http://cinder-api.openstack.svc.cluster.local:8776/v3/99f26d810d1345dca803ba972d48f9d7/os-quota-sets/d03c4c0018044afeb11c0e35b7a5bdb3?usage=true
2026-07-16 08:01:08.781 8 INFO cinder.api.openstack.wsgi [None req-743f3cbc-e972-4381-8db5-0228803b7639 7efb3c1539a747e4aea0142c6c45c75f 99f26d810d1345dca803ba972d48f9d7 - - default default] http://cinder-api.openstack.svc.cluster.local:8776/v3/99f26d810d1345dca803ba972d48f9d7/os-quota-sets/d03c4c0018044afeb11c0e35b7a5bdb3?usage=true returned with HTTP 200 [pid: 8|app: 0|req: 442/875] 10.0.0.33 () {28 vars in 735 bytes} [Thu Jul 16 08:01:08 2026] GET /v3/99f26d810d1345dca803ba972d48f9d7/os-quota-sets/d03c4c0018044afeb11c0e35b7a5bdb3?usage=true => generated 847 bytes in 25 msecs (HTTP/1.1 200) 7 headers in 285 bytes (1 switches on core 0)
2026-07-16 08:01:08.790 7 INFO cinder.api.openstack.wsgi [None req-54eaaf20-d899-4a42-b554-54182216a012 7efb3c1539a747e4aea0142c6c45c75f 99f26d810d1345dca803ba972d48f9d7 - - default default] GET http://cinder-api.openstack.svc.cluster.local:8776/v3/99f26d810d1345dca803ba972d48f9d7/os-quota-sets/dc5f886c6d084812aa3e53544c227fef?usage=true
2026-07-16 08:01:08.816 7 INFO cinder.api.openstack.wsgi [None req-54eaaf20-d899-4a42-b554-54182216a012 7efb3c1539a747e4aea0142c6c45c75f 99f26d810d1345dca803ba972d48f9d7 - - default default] http://cinder-api.openstack.svc.cluster.local:8776/v3/99f26d810d1345dca803ba972d48f9d7/os-quota-sets/dc5f886c6d084812aa3e53544c227fef?usage=true returned with HTTP 200 [pid: 7|app: 0|req: 434/876] 10.0.0.33 () {28 vars in 735 bytes} [Thu Jul 16 08:01:08 2026] GET /v3/99f26d810d1345dca803ba972d48f9d7/os-quota-sets/dc5f886c6d084812aa3e53544c227fef?usage=true => generated 847 bytes in 33 msecs (HTTP/1.1 200) 7 headers in 285 bytes (1 switches on core 0)
2026-07-16 08:01:08.827 8 INFO cinder.api.openstack.wsgi [None req-3589e625-cd51-4798-adb7-c3fdd7073740 7efb3c1539a747e4aea0142c6c45c75f 99f26d810d1345dca803ba972d48f9d7 - - default default] GET http://cinder-api.openstack.svc.cluster.local:8776/v3/99f26d810d1345dca803ba972d48f9d7/os-quota-sets/fd6d0e331b2849d2b28dd2f76d39af16?usage=true
2026-07-16 08:01:08.852 8 INFO cinder.api.openstack.wsgi [None req-3589e625-cd51-4798-adb7-c3fdd7073740 7efb3c1539a747e4aea0142c6c45c75f 99f26d810d1345dca803ba972d48f9d7 - - default default] http://cinder-api.openstack.svc.cluster.local:8776/v3/99f26d810d1345dca803ba972d48f9d7/os-quota-sets/fd6d0e331b2849d2b28dd2f76d39af16?usage=true returned with HTTP 200 [pid: 8|app: 0|req: 443/877] 10.0.0.33 () {28 vars in 735 bytes} [Thu Jul 16 08:01:08 2026] GET /v3/99f26d810d1345dca803ba972d48f9d7/os-quota-sets/fd6d0e331b2849d2b28dd2f76d39af16?usage=true => generated 847 bytes in 31 msecs (HTTP/1.1 200) 7 headers in 285 bytes (1 switches on core 0)
2026-07-16 08:01:08.862 7 INFO cinder.api.openstack.wsgi [None req-4ffda8ab-4a9d-4f46-bfef-539608c287a5 7efb3c1539a747e4aea0142c6c45c75f 99f26d810d1345dca803ba972d48f9d7 - - default default] GET http://cinder-api.openstack.svc.cluster.local:8776/v3/99f26d810d1345dca803ba972d48f9d7/volumes/detail?all_tenants=true
2026-07-16 08:01:08.873 7 INFO cinder.volume.api [None req-4ffda8ab-4a9d-4f46-bfef-539608c287a5 7efb3c1539a747e4aea0142c6c45c75f 99f26d810d1345dca803ba972d48f9d7 - - default default] Get all volumes completed successfully.
2026-07-16 08:01:08.875 7 INFO cinder.api.openstack.wsgi [None req-4ffda8ab-4a9d-4f46-bfef-539608c287a5 7efb3c1539a747e4aea0142c6c45c75f 99f26d810d1345dca803ba972d48f9d7 - - default default] http://cinder-api.openstack.svc.cluster.local:8776/v3/99f26d810d1345dca803ba972d48f9d7/volumes/detail?all_tenants=true returned with HTTP 200 [pid: 7|app: 0|req: 435/878] 10.0.0.33 () {28 vars in 683 bytes} [Thu Jul 16 08:01:08 2026] GET /v3/99f26d810d1345dca803ba972d48f9d7/volumes/detail?all_tenants=true => generated 15 bytes in 20 msecs (HTTP/1.1 200) 7 headers in 284 bytes (1 switches on core 0)
2026-07-16 08:01:09.230 7 INFO cinder.api.openstack.wsgi [None req-4ffda8ab-4a9d-4f46-bfef-539608c287a5 7efb3c1539a747e4aea0142c6c45c75f 99f26d810d1345dca803ba972d48f9d7 - - default default] GET http://10.0.0.80:8776/
2026-07-16 08:01:09.230 8 INFO cinder.api.openstack.wsgi [None req-3589e625-cd51-4798-adb7-c3fdd7073740 7efb3c1539a747e4aea0142c6c45c75f 99f26d810d1345dca803ba972d48f9d7 - - default default] GET http://10.0.0.80:8776/
2026-07-16 08:01:09.231 7 INFO cinder.api.openstack.wsgi [None req-4ffda8ab-4a9d-4f46-bfef-539608c287a5 7efb3c1539a747e4aea0142c6c45c75f 99f26d810d1345dca803ba972d48f9d7 - - default default] http://10.0.0.80:8776/ returned with HTTP 300
2026-07-16 08:01:09.231 8 INFO cinder.api.openstack.wsgi [None req-3589e625-cd51-4798-adb7-c3fdd7073740 7efb3c1539a747e4aea0142c6c45c75f 99f26d810d1345dca803ba972d48f9d7 - - default default] http://10.0.0.80:8776/ returned with HTTP 300
2026-07-16 08:01:19.230 8 INFO cinder.api.openstack.wsgi [None req-3589e625-cd51-4798-adb7-c3fdd7073740 7efb3c1539a747e4aea0142c6c45c75f 99f26d810d1345dca803ba972d48f9d7 - - default default] GET http://10.0.0.80:8776/
2026-07-16 08:01:19.230 7 INFO cinder.api.openstack.wsgi [None req-4ffda8ab-4a9d-4f46-bfef-539608c287a5 7efb3c1539a747e4aea0142c6c45c75f 99f26d810d1345dca803ba972d48f9d7 - - default default] GET http://10.0.0.80:8776/
2026-07-16 08:01:19.231 8 INFO cinder.api.openstack.wsgi [None req-3589e625-cd51-4798-adb7-c3fdd7073740 7efb3c1539a747e4aea0142c6c45c75f 99f26d810d1345dca803ba972d48f9d7 - - default default] http://10.0.0.80:8776/ returned with HTTP 300
2026-07-16 08:01:19.232 7 INFO cinder.api.openstack.wsgi [None req-4ffda8ab-4a9d-4f46-bfef-539608c287a5 7efb3c1539a747e4aea0142c6c45c75f 99f26d810d1345dca803ba972d48f9d7 - - default default] http://10.0.0.80:8776/ returned with HTTP 300
2026-07-16 08:01:29.229 7 INFO cinder.api.openstack.wsgi [None req-4ffda8ab-4a9d-4f46-bfef-539608c287a5 7efb3c1539a747e4aea0142c6c45c75f 99f26d810d1345dca803ba972d48f9d7 - - default default] GET http://10.0.0.80:8776/
2026-07-16 08:01:29.229 8 INFO cinder.api.openstack.wsgi [None req-3589e625-cd51-4798-adb7-c3fdd7073740 7efb3c1539a747e4aea0142c6c45c75f 99f26d810d1345dca803ba972d48f9d7 - - default default] GET http://10.0.0.80:8776/
2026-07-16 08:01:29.230 7 INFO cinder.api.openstack.wsgi [None req-4ffda8ab-4a9d-4f46-bfef-539608c287a5 7efb3c1539a747e4aea0142c6c45c75f 99f26d810d1345dca803ba972d48f9d7 - - default default] http://10.0.0.80:8776/ returned with HTTP 300
2026-07-16 08:01:29.231 8 INFO cinder.api.openstack.wsgi [None req-3589e625-cd51-4798-adb7-c3fdd7073740 7efb3c1539a747e4aea0142c6c45c75f 99f26d810d1345dca803ba972d48f9d7 - - default default] http://10.0.0.80:8776/ returned with HTTP 300
2026-07-16 08:01:38.837 7 INFO cinder.api.openstack.wsgi [None req-dddd7162-64be-44ad-902a-88f834d1c657 7efb3c1539a747e4aea0142c6c45c75f 99f26d810d1345dca803ba972d48f9d7 - - default default] POST http://cinder-api.openstack.svc.cluster.local:8776/v3/99f26d810d1345dca803ba972d48f9d7/volumes
2026-07-16 08:01:38.949 7 INFO cinder.api.v3.volumes [None req-dddd7162-64be-44ad-902a-88f834d1c657 7efb3c1539a747e4aea0142c6c45c75f 99f26d810d1345dca803ba972d48f9d7 - - default default] Create volume of 16 GB
2026-07-16 08:01:38.956 7 INFO cinder.volume.api [None req-dddd7162-64be-44ad-902a-88f834d1c657 7efb3c1539a747e4aea0142c6c45c75f 99f26d810d1345dca803ba972d48f9d7 - - default default] Availability Zones retrieved successfully.
2026-07-16 08:01:39.176 7 INFO cinder.volume.api [None req-dddd7162-64be-44ad-902a-88f834d1c657 7efb3c1539a747e4aea0142c6c45c75f 99f26d810d1345dca803ba972d48f9d7 - - default default] Create volume request issued successfully.
2026-07-16 08:01:39.178 7 INFO cinder.api.openstack.wsgi [None req-dddd7162-64be-44ad-902a-88f834d1c657 7efb3c1539a747e4aea0142c6c45c75f 99f26d810d1345dca803ba972d48f9d7 - - default default] http://cinder-api.openstack.svc.cluster.local:8776/v3/99f26d810d1345dca803ba972d48f9d7/volumes returned with HTTP 202 [pid: 7|app: 0|req: 439/885] 199.204.45.153 () {34 vars in 734 bytes} [Thu Jul 16 08:01:38 2026] POST /v3/99f26d810d1345dca803ba972d48f9d7/volumes => generated 846 bytes in 443 msecs (HTTP/1.1 202) 7 headers in 291 bytes (1 switches on core 0)
2026-07-16 08:01:39.195 8 INFO cinder.api.openstack.wsgi [req-dddd7162-64be-44ad-902a-88f834d1c657 req-0d3468b8-d936-4800-9397-77a89a289cec 7efb3c1539a747e4aea0142c6c45c75f 99f26d810d1345dca803ba972d48f9d7 - - default default] GET http://cinder-api.openstack.svc.cluster.local:8776/v3/99f26d810d1345dca803ba972d48f9d7/volumes/a87b84c6-de33-4280-88b6-825c5ba383d5 /var/lib/openstack/lib/python3.10/site-packages/oslo_context/context.py:100: DeprecationWarning: Policy enforcement is depending on the value of is_admin. This key is deprecated. Please update your policy file to use the standard policy values. warnings.warn('Policy enforcement is depending on the value of '
2026-07-16 08:01:39.230 7 INFO cinder.api.openstack.wsgi [None req-dddd7162-64be-44ad-902a-88f834d1c657 7efb3c1539a747e4aea0142c6c45c75f 99f26d810d1345dca803ba972d48f9d7 - - default default] GET http://10.0.0.80:8776/
2026-07-16 08:01:39.231 7 INFO cinder.api.openstack.wsgi [None req-dddd7162-64be-44ad-902a-88f834d1c657 7efb3c1539a747e4aea0142c6c45c75f 99f26d810d1345dca803ba972d48f9d7 - - default default] http://10.0.0.80:8776/ returned with HTTP 300
2026-07-16 08:01:39.232 8 INFO cinder.volume.api [req-dddd7162-64be-44ad-902a-88f834d1c657 req-0d3468b8-d936-4800-9397-77a89a289cec 7efb3c1539a747e4aea0142c6c45c75f 99f26d810d1345dca803ba972d48f9d7 - - default default] Volume info retrieved successfully.
2026-07-16 08:01:39.233 7 INFO cinder.api.openstack.wsgi [None req-dddd7162-64be-44ad-902a-88f834d1c657 7efb3c1539a747e4aea0142c6c45c75f 99f26d810d1345dca803ba972d48f9d7 - - default default] GET http://10.0.0.80:8776/
2026-07-16 08:01:39.234 7 INFO cinder.api.openstack.wsgi [None req-dddd7162-64be-44ad-902a-88f834d1c657 7efb3c1539a747e4aea0142c6c45c75f 99f26d810d1345dca803ba972d48f9d7 - - default default] http://10.0.0.80:8776/ returned with HTTP 300
2026-07-16 08:01:39.237 8 INFO cinder.api.openstack.wsgi [req-dddd7162-64be-44ad-902a-88f834d1c657 req-0d3468b8-d936-4800-9397-77a89a289cec 7efb3c1539a747e4aea0142c6c45c75f 99f26d810d1345dca803ba972d48f9d7 - - default default] http://cinder-api.openstack.svc.cluster.local:8776/v3/99f26d810d1345dca803ba972d48f9d7/volumes/a87b84c6-de33-4280-88b6-825c5ba383d5 returned with HTTP 200 [pid: 8|app: 0|req: 447/888] 199.204.45.153 () {32 vars in 825 bytes} [Thu Jul 16 08:01:39 2026] GET /v3/99f26d810d1345dca803ba972d48f9d7/volumes/a87b84c6-de33-4280-88b6-825c5ba383d5 => generated 1025 bytes in 49 msecs (HTTP/1.1 200) 7 headers in 286 bytes (1 switches on core 0) /var/lib/openstack/lib/python3.10/site-packages/pycadf/identifier.py:71: UserWarning: Invalid uuid: cinderv3. To ensure interoperability, identifiers should be a valid uuid. warnings.warn(('Invalid uuid: %s. To ensure interoperability, '
2026-07-16 08:01:44.252 7 INFO cinder.api.openstack.wsgi [req-dddd7162-64be-44ad-902a-88f834d1c657 req-2cedef3c-ee18-4362-95c3-11a54a422f69 7efb3c1539a747e4aea0142c6c45c75f 99f26d810d1345dca803ba972d48f9d7 - - default default] GET http://cinder-api.openstack.svc.cluster.local:8776/v3/99f26d810d1345dca803ba972d48f9d7/volumes/a87b84c6-de33-4280-88b6-825c5ba383d5 /var/lib/openstack/lib/python3.10/site-packages/oslo_context/context.py:100: DeprecationWarning: Policy enforcement is depending on the value of is_admin. This key is deprecated. Please update your policy file to use the standard policy values. warnings.warn('Policy enforcement is depending on the value of '
2026-07-16 08:01:44.267 7 INFO cinder.volume.api [req-dddd7162-64be-44ad-902a-88f834d1c657 req-2cedef3c-ee18-4362-95c3-11a54a422f69 7efb3c1539a747e4aea0142c6c45c75f 99f26d810d1345dca803ba972d48f9d7 - - default default] Volume info retrieved successfully.
2026-07-16 08:01:44.273 7 INFO cinder.api.openstack.wsgi [req-dddd7162-64be-44ad-902a-88f834d1c657 req-2cedef3c-ee18-4362-95c3-11a54a422f69 7efb3c1539a747e4aea0142c6c45c75f 99f26d810d1345dca803ba972d48f9d7 - - default default] http://cinder-api.openstack.svc.cluster.local:8776/v3/99f26d810d1345dca803ba972d48f9d7/volumes/a87b84c6-de33-4280-88b6-825c5ba383d5 returned with HTTP 200 [pid: 7|app: 0|req: 442/889] 199.204.45.153 () {32 vars in 825 bytes} [Thu Jul 16 08:01:44 2026] GET /v3/99f26d810d1345dca803ba972d48f9d7/volumes/a87b84c6-de33-4280-88b6-825c5ba383d5 => generated 1675 bytes in 27 msecs (HTTP/1.1 200) 7 headers in 286 bytes (1 switches on core 0) /var/lib/openstack/lib/python3.10/site-packages/pycadf/identifier.py:71: UserWarning: Invalid uuid: cinderv3. To ensure interoperability, identifiers should be a valid uuid. warnings.warn(('Invalid uuid: %s. To ensure interoperability, '
2026-07-16 08:01:44.776 8 INFO cinder.api.openstack.wsgi [req-51fea3ee-4ea3-4c65-ba3a-c6770c56ffc6 req-217f7df3-a146-4941-a2c2-2913615cf75e 7efb3c1539a747e4aea0142c6c45c75f 99f26d810d1345dca803ba972d48f9d7 - - default default] GET http://cinder-api.openstack.svc.cluster.local:8776/v3/99f26d810d1345dca803ba972d48f9d7/volumes/a87b84c6-de33-4280-88b6-825c5ba383d5 /var/lib/openstack/lib/python3.10/site-packages/oslo_context/context.py:100: DeprecationWarning: Policy enforcement is depending on the value of is_admin. This key is deprecated. Please update your policy file to use the standard policy values. warnings.warn('Policy enforcement is depending on the value of '
2026-07-16 08:01:44.789 8 INFO cinder.volume.api [req-51fea3ee-4ea3-4c65-ba3a-c6770c56ffc6 req-217f7df3-a146-4941-a2c2-2913615cf75e 7efb3c1539a747e4aea0142c6c45c75f 99f26d810d1345dca803ba972d48f9d7 - - default default] Volume info retrieved successfully.
2026-07-16 08:01:44.794 8 INFO cinder.api.openstack.wsgi [req-51fea3ee-4ea3-4c65-ba3a-c6770c56ffc6 req-217f7df3-a146-4941-a2c2-2913615cf75e 7efb3c1539a747e4aea0142c6c45c75f 99f26d810d1345dca803ba972d48f9d7 - - default default] http://cinder-api.openstack.svc.cluster.local:8776/v3/99f26d810d1345dca803ba972d48f9d7/volumes/a87b84c6-de33-4280-88b6-825c5ba383d5 returned with HTTP 200 [pid: 8|app: 0|req: 448/890] 10.0.0.190 () {34 vars in 1028 bytes} [Thu Jul 16 08:01:44 2026] GET /v3/99f26d810d1345dca803ba972d48f9d7/volumes/a87b84c6-de33-4280-88b6-825c5ba383d5 => generated 1675 bytes in 26 msecs (HTTP/1.1 200) 7 headers in 286 bytes (1 switches on core 0) /var/lib/openstack/lib/python3.10/site-packages/pycadf/identifier.py:71: UserWarning: Invalid uuid: cinderv3. To ensure interoperability, identifiers should be a valid uuid. warnings.warn(('Invalid uuid: %s. To ensure interoperability, '
2026-07-16 08:01:45.314 7 INFO cinder.api.openstack.wsgi [req-51fea3ee-4ea3-4c65-ba3a-c6770c56ffc6 req-110eb660-8025-403c-8e7d-09c1148ebd5c 7efb3c1539a747e4aea0142c6c45c75f 99f26d810d1345dca803ba972d48f9d7 - - default default] GET http://cinder-api.openstack.svc.cluster.local:8776/v3/99f26d810d1345dca803ba972d48f9d7/volumes/a87b84c6-de33-4280-88b6-825c5ba383d5 /var/lib/openstack/lib/python3.10/site-packages/oslo_context/context.py:100: DeprecationWarning: Policy enforcement is depending on the value of is_admin. This key is deprecated. Please update your policy file to use the standard policy values. warnings.warn('Policy enforcement is depending on the value of '
2026-07-16 08:01:45.331 7 INFO cinder.volume.api [req-51fea3ee-4ea3-4c65-ba3a-c6770c56ffc6 req-110eb660-8025-403c-8e7d-09c1148ebd5c 7efb3c1539a747e4aea0142c6c45c75f 99f26d810d1345dca803ba972d48f9d7 - - default default] Volume info retrieved successfully.
2026-07-16 08:01:45.336 7 INFO cinder.api.openstack.wsgi [req-51fea3ee-4ea3-4c65-ba3a-c6770c56ffc6 req-110eb660-8025-403c-8e7d-09c1148ebd5c 7efb3c1539a747e4aea0142c6c45c75f 99f26d810d1345dca803ba972d48f9d7 - - default default] http://cinder-api.openstack.svc.cluster.local:8776/v3/99f26d810d1345dca803ba972d48f9d7/volumes/a87b84c6-de33-4280-88b6-825c5ba383d5 returned with HTTP 200 [pid: 7|app: 0|req: 443/891] 10.0.0.190 () {34 vars in 1028 bytes} [Thu Jul 16 08:01:45 2026] GET /v3/99f26d810d1345dca803ba972d48f9d7/volumes/a87b84c6-de33-4280-88b6-825c5ba383d5 => generated 1675 bytes in 29 msecs (HTTP/1.1 200) 7 headers in 286 bytes (1 switches on core 0)
2026-07-16 08:01:45.346 8 INFO cinder.api.openstack.wsgi [req-51fea3ee-4ea3-4c65-ba3a-c6770c56ffc6 req-217f7df3-a146-4941-a2c2-2913615cf75e 7efb3c1539a747e4aea0142c6c45c75f 99f26d810d1345dca803ba972d48f9d7 - - default default] GET http://cinder-api.openstack.svc.cluster.local:8776/
2026-07-16 08:01:45.347 8 INFO cinder.api.openstack.wsgi [req-51fea3ee-4ea3-4c65-ba3a-c6770c56ffc6 req-217f7df3-a146-4941-a2c2-2913615cf75e 7efb3c1539a747e4aea0142c6c45c75f 99f26d810d1345dca803ba972d48f9d7 - - default default] http://cinder-api.openstack.svc.cluster.local:8776/ returned with HTTP 300 [pid: 8|app: 0|req: 449/892] 10.0.0.190 () {32 vars in 829 bytes} [Thu Jul 16 08:01:45 2026] GET / => generated 411 bytes in 2 msecs (HTTP/1.1 300) 5 headers in 169 bytes (1 switches on core 0) /var/lib/openstack/lib/python3.10/site-packages/pycadf/identifier.py:71: UserWarning: Invalid uuid: cinderv3. To ensure interoperability, identifiers should be a valid uuid. warnings.warn(('Invalid uuid: %s. To ensure interoperability, '
