2026-07-15 00:21:05.060 7 INFO placement.requestlog [None req-795c2a69-6620-436e-929e-b8f363a96aeb d9f0e60b24a745cc996a0daf83cd76c7 f59ce5b07983421ba839e0e889dbc74f - - aa3d89ac90d947ad89b42f07e580824b aa3d89ac90d947ad89b42f07e580824b] 10.0.0.178 "GET /resource_providers/eec15752-b599-4ab2-8fcc-b150c5206893/aggregates" status: 404 len: 235 microversion: 1.1 [pid: 7|app: 0|req: 387/781] 10.0.0.178 () {32 vars in 825 bytes} [Wed Jul 15 00:21:05 2026] GET /resource_providers/eec15752-b599-4ab2-8fcc-b150c5206893/aggregates => generated 235 bytes in 18 msecs (HTTP/1.1 404) 5 headers in 202 bytes (1 switches on core 0)
2026-07-15 00:21:05.069 8 INFO placement.requestlog [None req-7ae952cf-4906-4838-bde1-fe7a1502729f d9f0e60b24a745cc996a0daf83cd76c7 f59ce5b07983421ba839e0e889dbc74f - - aa3d89ac90d947ad89b42f07e580824b aa3d89ac90d947ad89b42f07e580824b] 10.0.0.178 "DELETE /resource_providers/eec15752-b599-4ab2-8fcc-b150c5206893" status: 404 len: 246 microversion: 1.1 [pid: 8|app: 0|req: 395/782] 10.0.0.178 () {34 vars in 825 bytes} [Wed Jul 15 00:21:05 2026] DELETE /resource_providers/eec15752-b599-4ab2-8fcc-b150c5206893 => generated 246 bytes in 10 msecs (HTTP/1.1 404) 6 headers in 231 bytes (1 switches on core 0)
2026-07-15 00:21:05.092 7 INFO placement.requestlog [None req-b85f3279-a0ce-4d5c-a71f-92382349d099 d9f0e60b24a745cc996a0daf83cd76c7 f59ce5b07983421ba839e0e889dbc74f - - aa3d89ac90d947ad89b42f07e580824b aa3d89ac90d947ad89b42f07e580824b] 10.0.0.178 "DELETE /resource_providers/eec15752-b599-4ab2-8fcc-b150c5206893" status: 404 len: 246 microversion: 1.1 [pid: 7|app: 0|req: 388/783] 10.0.0.178 () {34 vars in 825 bytes} [Wed Jul 15 00:21:05 2026] DELETE /resource_providers/eec15752-b599-4ab2-8fcc-b150c5206893 => generated 246 bytes in 13 msecs (HTTP/1.1 404) 6 headers in 231 bytes (1 switches on core 0)
2026-07-15 00:21:06.797 8 INFO placement.requestlog [None req-49909e7f-89d7-4600-a4a0-ec2ef224fa57 - - - - - -] 10.0.0.180 "GET /" status: 200 len: 136 microversion: 1.0
2026-07-15 00:21:06.797 7 INFO placement.requestlog [None req-a26c6ab9-1317-4768-b144-45bf77e57e9f - - - - - -] 10.0.0.180 "GET /" status: 200 len: 136 microversion: 1.0
2026-07-15 00:21:10.533 7 INFO placement.requestlog [None req-d686ee9f-069c-4f19-babd-2179d7faa0f4 d9f0e60b24a745cc996a0daf83cd76c7 f59ce5b07983421ba839e0e889dbc74f - - aa3d89ac90d947ad89b42f07e580824b aa3d89ac90d947ad89b42f07e580824b] 10.0.0.178 "GET /resource_providers/f3cf57f6-6f88-48ea-b514-3d679f45663a/aggregates" status: 404 len: 235 microversion: 1.1
2026-07-15 00:21:10.533 8 INFO placement.requestlog [None req-53ca1e1c-2a44-46ce-b99f-d3d0f1ff4cbb d9f0e60b24a745cc996a0daf83cd76c7 f59ce5b07983421ba839e0e889dbc74f - - aa3d89ac90d947ad89b42f07e580824b aa3d89ac90d947ad89b42f07e580824b] 10.0.0.178 "GET /resource_providers/f3cf57f6-6f88-48ea-b514-3d679f45663a/aggregates" status: 404 len: 235 microversion: 1.1 [pid: 8|app: 0|req: 397/786] 10.0.0.178 () {32 vars in 825 bytes} [Wed Jul 15 00:21:10 2026] GET /resource_providers/f3cf57f6-6f88-48ea-b514-3d679f45663a/aggregates => generated 235 bytes in 12 msecs (HTTP/1.1 404) 5 headers in 202 bytes (1 switches on core 0) [pid: 7|app: 0|req: 390/787] 10.0.0.178 () {32 vars in 825 bytes} [Wed Jul 15 00:21:10 2026] GET /resource_providers/f3cf57f6-6f88-48ea-b514-3d679f45663a/aggregates => generated 235 bytes in 12 msecs (HTTP/1.1 404) 5 headers in 202 bytes (1 switches on core 0)
2026-07-15 00:21:10.545 8 INFO placement.requestlog [None req-e0af4def-5f58-4e9f-9122-def51a10e7b0 d9f0e60b24a745cc996a0daf83cd76c7 f59ce5b07983421ba839e0e889dbc74f - - aa3d89ac90d947ad89b42f07e580824b aa3d89ac90d947ad89b42f07e580824b] 10.0.0.178 "DELETE /resource_providers/f3cf57f6-6f88-48ea-b514-3d679f45663a" status: 404 len: 246 microversion: 1.1 [pid: 8|app: 0|req: 398/788] 10.0.0.178 () {34 vars in 825 bytes} [Wed Jul 15 00:21:10 2026] DELETE /resource_providers/f3cf57f6-6f88-48ea-b514-3d679f45663a => generated 246 bytes in 7 msecs (HTTP/1.1 404) 6 headers in 231 bytes (1 switches on core 0)
2026-07-15 00:21:10.555 7 INFO placement.requestlog [None req-55f0fd95-3af5-4acd-a302-bd92ef1a4f0e d9f0e60b24a745cc996a0daf83cd76c7 f59ce5b07983421ba839e0e889dbc74f - - aa3d89ac90d947ad89b42f07e580824b aa3d89ac90d947ad89b42f07e580824b] 10.0.0.178 "DELETE /resource_providers/f3cf57f6-6f88-48ea-b514-3d679f45663a" status: 404 len: 246 microversion: 1.1 [pid: 7|app: 0|req: 391/789] 10.0.0.178 () {34 vars in 825 bytes} [Wed Jul 15 00:21:10 2026] DELETE /resource_providers/f3cf57f6-6f88-48ea-b514-3d679f45663a => generated 246 bytes in 7 msecs (HTTP/1.1 404) 6 headers in 231 bytes (1 switches on core 0)
2026-07-15 00:21:11.744 8 INFO placement.requestlog [None req-9118ecd4-dbfd-42fe-8dc0-f5ed607b6909 d9f0e60b24a745cc996a0daf83cd76c7 f59ce5b07983421ba839e0e889dbc74f - - aa3d89ac90d947ad89b42f07e580824b aa3d89ac90d947ad89b42f07e580824b] 10.0.0.178 "GET /resource_providers/39b02112-57ad-4290-8e15-196c692c599e/aggregates" status: 404 len: 235 microversion: 1.1 [pid: 8|app: 0|req: 399/790] 10.0.0.178 () {32 vars in 825 bytes} [Wed Jul 15 00:21:11 2026] GET /resource_providers/39b02112-57ad-4290-8e15-196c692c599e/aggregates => generated 235 bytes in 11 msecs (HTTP/1.1 404) 5 headers in 202 bytes (1 switches on core 0)
2026-07-15 00:21:11.759 7 INFO placement.requestlog [None req-b007db25-8889-4611-a816-bc671fe9cc31 d9f0e60b24a745cc996a0daf83cd76c7 f59ce5b07983421ba839e0e889dbc74f - - aa3d89ac90d947ad89b42f07e580824b aa3d89ac90d947ad89b42f07e580824b] 10.0.0.178 "GET /resource_providers/39b02112-57ad-4290-8e15-196c692c599e/aggregates" status: 404 len: 235 microversion: 1.1 [pid: 7|app: 0|req: 392/791] 10.0.0.178 () {32 vars in 825 bytes} [Wed Jul 15 00:21:11 2026] GET /resource_providers/39b02112-57ad-4290-8e15-196c692c599e/aggregates => generated 235 bytes in 19 msecs (HTTP/1.1 404) 5 headers in 202 bytes (1 switches on core 0)
2026-07-15 00:21:11.762 8 INFO placement.requestlog [None req-86447de8-2f06-4bb6-bcab-a20de460d756 d9f0e60b24a745cc996a0daf83cd76c7 f59ce5b07983421ba839e0e889dbc74f - - aa3d89ac90d947ad89b42f07e580824b aa3d89ac90d947ad89b42f07e580824b] 10.0.0.178 "DELETE /resource_providers/39b02112-57ad-4290-8e15-196c692c599e" status: 404 len: 246 microversion: 1.1 [pid: 8|app: 0|req: 400/792] 10.0.0.178 () {34 vars in 825 bytes} [Wed Jul 15 00:21:11 2026] DELETE /resource_providers/39b02112-57ad-4290-8e15-196c692c599e => generated 246 bytes in 9 msecs (HTTP/1.1 404) 6 headers in 231 bytes (1 switches on core 0)
2026-07-15 00:21:11.791 7 INFO placement.requestlog [None req-fbe447b1-d8af-4d2a-9dd3-4fdfc74c889a d9f0e60b24a745cc996a0daf83cd76c7 f59ce5b07983421ba839e0e889dbc74f - - aa3d89ac90d947ad89b42f07e580824b aa3d89ac90d947ad89b42f07e580824b] 10.0.0.178 "DELETE /resource_providers/39b02112-57ad-4290-8e15-196c692c599e" status: 404 len: 246 microversion: 1.1 [pid: 7|app: 0|req: 393/793] 10.0.0.178 () {34 vars in 825 bytes} [Wed Jul 15 00:21:11 2026] DELETE /resource_providers/39b02112-57ad-4290-8e15-196c692c599e => generated 246 bytes in 11 msecs (HTTP/1.1 404) 6 headers in 231 bytes (1 switches on core 0)
2026-07-15 00:21:16.796 8 INFO placement.requestlog [None req-04f1fbbb-dd1b-493e-8c82-6b9fc0cf3248 - - - - - -] 10.0.0.180 "GET /" status: 200 len: 136 microversion: 1.0
2026-07-15 00:21:16.797 7 INFO placement.requestlog [None req-187b041f-9c2a-4374-b394-3293d6eed89b - - - - - -] 10.0.0.180 "GET /" status: 200 len: 136 microversion: 1.0
2026-07-15 00:21:18.634 8 INFO placement.requestlog [None req-f6453679-5eb8-45f3-a0bc-4b4e3b40318e d9f0e60b24a745cc996a0daf83cd76c7 f59ce5b07983421ba839e0e889dbc74f - - aa3d89ac90d947ad89b42f07e580824b aa3d89ac90d947ad89b42f07e580824b] 10.0.0.178 "GET /resource_providers/715a815a-45f6-4277-95c1-b9a6df197f3e/aggregates" status: 404 len: 235 microversion: 1.1 [pid: 8|app: 0|req: 402/796] 10.0.0.178 () {32 vars in 825 bytes} [Wed Jul 15 00:21:18 2026] GET /resource_providers/715a815a-45f6-4277-95c1-b9a6df197f3e/aggregates => generated 235 bytes in 12 msecs (HTTP/1.1 404) 5 headers in 202 bytes (1 switches on core 0)
2026-07-15 00:21:18.638 7 INFO placement.requestlog [None req-c94bce2a-7549-434e-ad30-9ebf23ce9233 d9f0e60b24a745cc996a0daf83cd76c7 f59ce5b07983421ba839e0e889dbc74f - - aa3d89ac90d947ad89b42f07e580824b aa3d89ac90d947ad89b42f07e580824b] 10.0.0.178 "GET /resource_providers/715a815a-45f6-4277-95c1-b9a6df197f3e/aggregates" status: 404 len: 235 microversion: 1.1 [pid: 7|app: 0|req: 395/797] 10.0.0.178 () {32 vars in 825 bytes} [Wed Jul 15 00:21:18 2026] GET /resource_providers/715a815a-45f6-4277-95c1-b9a6df197f3e/aggregates => generated 235 bytes in 17 msecs (HTTP/1.1 404) 5 headers in 202 bytes (1 switches on core 0)
2026-07-15 00:21:18.675 8 INFO placement.requestlog [None req-35e3ffec-bc01-48c1-a31b-213b5e3a857a d9f0e60b24a745cc996a0daf83cd76c7 f59ce5b07983421ba839e0e889dbc74f - - aa3d89ac90d947ad89b42f07e580824b aa3d89ac90d947ad89b42f07e580824b] 10.0.0.178 "DELETE /resource_providers/715a815a-45f6-4277-95c1-b9a6df197f3e" status: 404 len: 246 microversion: 1.1 [pid: 8|app: 0|req: 403/798] 10.0.0.178 () {34 vars in 825 bytes} [Wed Jul 15 00:21:18 2026] DELETE /resource_providers/715a815a-45f6-4277-95c1-b9a6df197f3e => generated 246 bytes in 14 msecs (HTTP/1.1 404) 6 headers in 231 bytes (1 switches on core 0)
2026-07-15 00:21:18.676 7 INFO placement.requestlog [None req-14a1c470-6261-4b39-b19f-7b091e73f445 d9f0e60b24a745cc996a0daf83cd76c7 f59ce5b07983421ba839e0e889dbc74f - - aa3d89ac90d947ad89b42f07e580824b aa3d89ac90d947ad89b42f07e580824b] 10.0.0.178 "DELETE /resource_providers/715a815a-45f6-4277-95c1-b9a6df197f3e" status: 404 len: 246 microversion: 1.1 [pid: 7|app: 0|req: 396/799] 10.0.0.178 () {34 vars in 825 bytes} [Wed Jul 15 00:21:18 2026] DELETE /resource_providers/715a815a-45f6-4277-95c1-b9a6df197f3e => generated 246 bytes in 16 msecs (HTTP/1.1 404) 6 headers in 231 bytes (1 switches on core 0)
2026-07-15 00:21:21.814 8 INFO placement.requestlog [None req-52fa9a37-8f35-4466-8602-0c236f15c77e d9f0e60b24a745cc996a0daf83cd76c7 f59ce5b07983421ba839e0e889dbc74f - - aa3d89ac90d947ad89b42f07e580824b aa3d89ac90d947ad89b42f07e580824b] 10.0.0.178 "GET /resource_providers/3f5b0ef0-bcaf-4c53-a098-3015ca36b2b0/aggregates" status: 404 len: 235 microversion: 1.1 [pid: 8|app: 0|req: 404/800] 10.0.0.178 () {32 vars in 825 bytes} [Wed Jul 15 00:21:21 2026] GET /resource_providers/3f5b0ef0-bcaf-4c53-a098-3015ca36b2b0/aggregates => generated 235 bytes in 13 msecs (HTTP/1.1 404) 5 headers in 202 bytes (1 switches on core 0)
2026-07-15 00:21:21.840 8 INFO placement.requestlog [None req-fde5cbec-5296-47d0-a908-875dd845383e d9f0e60b24a745cc996a0daf83cd76c7 f59ce5b07983421ba839e0e889dbc74f - - aa3d89ac90d947ad89b42f07e580824b aa3d89ac90d947ad89b42f07e580824b] 10.0.0.178 "DELETE /resource_providers/3f5b0ef0-bcaf-4c53-a098-3015ca36b2b0" status: 404 len: 246 microversion: 1.1 [pid: 8|app: 0|req: 405/801] 10.0.0.178 () {34 vars in 825 bytes} [Wed Jul 15 00:21:21 2026] DELETE /resource_providers/3f5b0ef0-bcaf-4c53-a098-3015ca36b2b0 => generated 246 bytes in 16 msecs (HTTP/1.1 404) 6 headers in 231 bytes (1 switches on core 0)
2026-07-15 00:21:21.871 7 INFO placement.requestlog [None req-b1edef27-588b-4dbb-aeb8-c38a32d6e160 d9f0e60b24a745cc996a0daf83cd76c7 f59ce5b07983421ba839e0e889dbc74f - - aa3d89ac90d947ad89b42f07e580824b aa3d89ac90d947ad89b42f07e580824b] 10.0.0.178 "GET /resource_providers/3f5b0ef0-bcaf-4c53-a098-3015ca36b2b0/aggregates" status: 404 len: 235 microversion: 1.1 [pid: 7|app: 0|req: 397/802] 10.0.0.178 () {32 vars in 825 bytes} [Wed Jul 15 00:21:21 2026] GET /resource_providers/3f5b0ef0-bcaf-4c53-a098-3015ca36b2b0/aggregates => generated 235 bytes in 69 msecs (HTTP/1.1 404) 5 headers in 202 bytes (1 switches on core 0)
2026-07-15 00:21:21.910 8 INFO placement.requestlog [None req-be1950ea-795e-42ca-9090-84657130c4b3 d9f0e60b24a745cc996a0daf83cd76c7 f59ce5b07983421ba839e0e889dbc74f - - aa3d89ac90d947ad89b42f07e580824b aa3d89ac90d947ad89b42f07e580824b] 10.0.0.178 "DELETE /resource_providers/3f5b0ef0-bcaf-4c53-a098-3015ca36b2b0" status: 404 len: 246 microversion: 1.1 [pid: 8|app: 0|req: 406/803] 10.0.0.178 () {34 vars in 825 bytes} [Wed Jul 15 00:21:21 2026] DELETE /resource_providers/3f5b0ef0-bcaf-4c53-a098-3015ca36b2b0 => generated 246 bytes in 10 msecs (HTTP/1.1 404) 6 headers in 231 bytes (1 switches on core 0)
2026-07-15 00:21:25.322 8 INFO placement.requestlog [None req-fd40939e-3442-4588-884a-e3aa1a55f3d2 d9f0e60b24a745cc996a0daf83cd76c7 f59ce5b07983421ba839e0e889dbc74f - - aa3d89ac90d947ad89b42f07e580824b aa3d89ac90d947ad89b42f07e580824b] 10.0.0.178 "GET /resource_providers/6db50ab9-ff78-4fe3-a532-3d1b0d8af90a/aggregates" status: 404 len: 235 microversion: 1.1 [pid: 8|app: 0|req: 407/804] 10.0.0.178 () {32 vars in 825 bytes} [Wed Jul 15 00:21:25 2026] GET /resource_providers/6db50ab9-ff78-4fe3-a532-3d1b0d8af90a/aggregates => generated 235 bytes in 15 msecs (HTTP/1.1 404) 5 headers in 202 bytes (1 switches on core 0)
2026-07-15 00:21:25.325 7 INFO placement.requestlog [None req-3417acf0-fe3c-4252-bcf6-a0cbd841bb6a d9f0e60b24a745cc996a0daf83cd76c7 f59ce5b07983421ba839e0e889dbc74f - - aa3d89ac90d947ad89b42f07e580824b aa3d89ac90d947ad89b42f07e580824b] 10.0.0.178 "GET /resource_providers/6db50ab9-ff78-4fe3-a532-3d1b0d8af90a/aggregates" status: 404 len: 235 microversion: 1.1 [pid: 7|app: 0|req: 398/805] 10.0.0.178 () {32 vars in 825 bytes} [Wed Jul 15 00:21:25 2026] GET /resource_providers/6db50ab9-ff78-4fe3-a532-3d1b0d8af90a/aggregates => generated 235 bytes in 17 msecs (HTTP/1.1 404) 5 headers in 202 bytes (1 switches on core 0)
2026-07-15 00:21:25.346 7 INFO placement.requestlog [None req-97bf13f6-8696-48fa-9890-662ac6837585 d9f0e60b24a745cc996a0daf83cd76c7 f59ce5b07983421ba839e0e889dbc74f - - aa3d89ac90d947ad89b42f07e580824b aa3d89ac90d947ad89b42f07e580824b] 10.0.0.178 "DELETE /resource_providers/6db50ab9-ff78-4fe3-a532-3d1b0d8af90a" status: 404 len: 246 microversion: 1.1 [pid: 7|app: 0|req: 399/806] 10.0.0.178 () {34 vars in 825 bytes} [Wed Jul 15 00:21:25 2026] DELETE /resource_providers/6db50ab9-ff78-4fe3-a532-3d1b0d8af90a => generated 246 bytes in 10 msecs (HTTP/1.1 404) 6 headers in 231 bytes (1 switches on core 0)
2026-07-15 00:21:25.347 8 INFO placement.requestlog [None req-8eb4dad7-9592-4a87-b807-028dfec7b30d d9f0e60b24a745cc996a0daf83cd76c7 f59ce5b07983421ba839e0e889dbc74f - - aa3d89ac90d947ad89b42f07e580824b aa3d89ac90d947ad89b42f07e580824b] 10.0.0.178 "DELETE /resource_providers/6db50ab9-ff78-4fe3-a532-3d1b0d8af90a" status: 404 len: 246 microversion: 1.1 [pid: 8|app: 0|req: 408/807] 10.0.0.178 () {34 vars in 825 bytes} [Wed Jul 15 00:21:25 2026] DELETE /resource_providers/6db50ab9-ff78-4fe3-a532-3d1b0d8af90a => generated 246 bytes in 11 msecs (HTTP/1.1 404) 6 headers in 231 bytes (1 switches on core 0)
2026-07-15 00:21:26.796 7 INFO placement.requestlog [None req-26c0ed0e-d152-4f58-a5d4-cb78e0ffcbb2 - - - - - -] 10.0.0.180 "GET /" status: 200 len: 136 microversion: 1.0
2026-07-15 00:21:26.796 8 INFO placement.requestlog [None req-e9d9e2d0-2c50-4c2f-beff-13acb18011ce - - - - - -] 10.0.0.180 "GET /" status: 200 len: 136 microversion: 1.0
2026-07-15 00:21:27.369 7 INFO placement.requestlog [None req-0bffb6dd-dee8-4a19-b80a-f09e288e0ded d9f0e60b24a745cc996a0daf83cd76c7 f59ce5b07983421ba839e0e889dbc74f - - aa3d89ac90d947ad89b42f07e580824b aa3d89ac90d947ad89b42f07e580824b] 10.0.0.178 "GET /resource_providers/1928786f-097a-450e-89bb-2b74ade11ddf/aggregates" status: 404 len: 235 microversion: 1.1 [pid: 7|app: 0|req: 401/810] 10.0.0.178 () {32 vars in 825 bytes} [Wed Jul 15 00:21:27 2026] GET /resource_providers/1928786f-097a-450e-89bb-2b74ade11ddf/aggregates => generated 235 bytes in 7 msecs (HTTP/1.1 404) 5 headers in 202 bytes (1 switches on core 0)
2026-07-15 00:21:27.379 8 INFO placement.requestlog [None req-4f9add06-4df1-4ee5-adbb-72e12eb7ce3c d9f0e60b24a745cc996a0daf83cd76c7 f59ce5b07983421ba839e0e889dbc74f - - aa3d89ac90d947ad89b42f07e580824b aa3d89ac90d947ad89b42f07e580824b] 10.0.0.178 "GET /resource_providers/1928786f-097a-450e-89bb-2b74ade11ddf/aggregates" status: 404 len: 235 microversion: 1.1 [pid: 8|app: 0|req: 410/811] 10.0.0.178 () {32 vars in 825 bytes} [Wed Jul 15 00:21:27 2026] GET /resource_providers/1928786f-097a-450e-89bb-2b74ade11ddf/aggregates => generated 235 bytes in 18 msecs (HTTP/1.1 404) 5 headers in 202 bytes (1 switches on core 0)
2026-07-15 00:21:27.388 7 INFO placement.requestlog [None req-e91c62fe-771a-4a22-a6d8-653c808a0514 d9f0e60b24a745cc996a0daf83cd76c7 f59ce5b07983421ba839e0e889dbc74f - - aa3d89ac90d947ad89b42f07e580824b aa3d89ac90d947ad89b42f07e580824b] 10.0.0.178 "DELETE /resource_providers/1928786f-097a-450e-89bb-2b74ade11ddf" status: 404 len: 246 microversion: 1.1 [pid: 7|app: 0|req: 402/812] 10.0.0.178 () {34 vars in 825 bytes} [Wed Jul 15 00:21:27 2026] DELETE /resource_providers/1928786f-097a-450e-89bb-2b74ade11ddf => generated 246 bytes in 14 msecs (HTTP/1.1 404) 6 headers in 231 bytes (1 switches on core 0)
2026-07-15 00:21:27.403 8 INFO placement.requestlog [None req-1b39cd10-02ff-4d40-a651-1088c8d9b5e6 d9f0e60b24a745cc996a0daf83cd76c7 f59ce5b07983421ba839e0e889dbc74f - - aa3d89ac90d947ad89b42f07e580824b aa3d89ac90d947ad89b42f07e580824b] 10.0.0.178 "DELETE /resource_providers/1928786f-097a-450e-89bb-2b74ade11ddf" status: 404 len: 246 microversion: 1.1 [pid: 8|app: 0|req: 411/813] 10.0.0.178 () {34 vars in 825 bytes} [Wed Jul 15 00:21:27 2026] DELETE /resource_providers/1928786f-097a-450e-89bb-2b74ade11ddf => generated 246 bytes in 13 msecs (HTTP/1.1 404) 6 headers in 231 bytes (1 switches on core 0)
2026-07-15 00:21:28.257 7 INFO placement.requestlog [req-6c1dd669-6c19-40ad-9ce8-bf737e3c6e42 req-3f419c18-5985-48d9-9749-c01a60c5fa86 043c2388f32e4def8d13ae8bc979f6d3 f59ce5b07983421ba839e0e889dbc74f - - aa3d89ac90d947ad89b42f07e580824b aa3d89ac90d947ad89b42f07e580824b] 10.0.0.228 "GET /allocation_candidates?limit=1000&resources=DISK_GB%3A1%2CMEMORY_MB%3A512%2CVCPU%3A1&root_required=%21COMPUTE_STATUS_DISABLED" status: 200 len: 2147 microversion: 1.36 [pid: 7|app: 0|req: 403/814] 10.0.0.228 () {34 vars in 1012 bytes} [Wed Jul 15 00:21:28 2026] GET /allocation_candidates?limit=1000&resources=DISK_GB%3A1%2CMEMORY_MB%3A512%2CVCPU%3A1&root_required=%21COMPUTE_STATUS_DISABLED => generated 2147 bytes in 62 msecs (HTTP/1.1 200) 8 headers in 297 bytes (1 switches on core 0)
2026-07-15 00:21:28.293 8 INFO placement.requestlog [req-6c1dd669-6c19-40ad-9ce8-bf737e3c6e42 req-0430d976-2e76-41fd-9a32-f95edb46d7c4 043c2388f32e4def8d13ae8bc979f6d3 f59ce5b07983421ba839e0e889dbc74f - - aa3d89ac90d947ad89b42f07e580824b aa3d89ac90d947ad89b42f07e580824b] 10.0.0.228 "GET /allocations/1cb0455a-b54b-4f55-8f71-80f8aec06980" status: 200 len: 19 microversion: 1.28 [pid: 8|app: 0|req: 412/815] 10.0.0.228 () {34 vars in 861 bytes} [Wed Jul 15 00:21:28 2026] GET /allocations/1cb0455a-b54b-4f55-8f71-80f8aec06980 => generated 19 bytes in 14 msecs (HTTP/1.1 200) 8 headers in 295 bytes (1 switches on core 0)
2026-07-15 00:21:28.378 7 INFO placement.requestlog [req-6c1dd669-6c19-40ad-9ce8-bf737e3c6e42 req-e480d914-6117-4e2b-8410-8d643a0569f4 043c2388f32e4def8d13ae8bc979f6d3 f59ce5b07983421ba839e0e889dbc74f - - aa3d89ac90d947ad89b42f07e580824b aa3d89ac90d947ad89b42f07e580824b] 10.0.0.228 "PUT /allocations/1cb0455a-b54b-4f55-8f71-80f8aec06980" status: 204 len: 0 microversion: 1.36 [pid: 7|app: 0|req: 404/816] 10.0.0.228 () {38 vars in 914 bytes} [Wed Jul 15 00:21:28 2026] PUT /allocations/1cb0455a-b54b-4f55-8f71-80f8aec06980 => generated 0 bytes in 76 msecs (HTTP/1.1 204) 5 headers in 199 bytes (1 switches on core 0)
2026-07-15 00:21:28.637 8 INFO placement.requestlog [req-6c1dd669-6c19-40ad-9ce8-bf737e3c6e42 req-17ea6fa9-6fdd-45fd-9cd2-1041d4198dcb 043c2388f32e4def8d13ae8bc979f6d3 f59ce5b07983421ba839e0e889dbc74f - - aa3d89ac90d947ad89b42f07e580824b aa3d89ac90d947ad89b42f07e580824b] 199.19.213.9 "GET /allocations/1cb0455a-b54b-4f55-8f71-80f8aec06980" status: 200 len: 257 microversion: 1.28 [pid: 8|app: 0|req: 413/817] 199.19.213.9 () {34 vars in 861 bytes} [Wed Jul 15 00:21:28 2026] GET /allocations/1cb0455a-b54b-4f55-8f71-80f8aec06980 => generated 257 bytes in 18 msecs (HTTP/1.1 200) 8 headers in 296 bytes (1 switches on core 0)
2026-07-15 00:21:28.770 7 INFO placement.requestlog [req-6c1dd669-6c19-40ad-9ce8-bf737e3c6e42 req-9d86e9f8-f6ac-457a-8130-e6209611dbe0 043c2388f32e4def8d13ae8bc979f6d3 f59ce5b07983421ba839e0e889dbc74f - - aa3d89ac90d947ad89b42f07e580824b aa3d89ac90d947ad89b42f07e580824b] 199.19.213.9 "GET /resource_providers/566d0ecd-fb7e-449f-9061-3cdbc846d85b/allocations" status: 200 len: 152 microversion: 1.0 [pid: 7|app: 0|req: 405/818] 199.19.213.9 () {32 vars in 855 bytes} [Wed Jul 15 00:21:28 2026] GET /resource_providers/566d0ecd-fb7e-449f-9061-3cdbc846d85b/allocations => generated 152 bytes in 21 msecs (HTTP/1.1 200) 6 headers in 224 bytes (1 switches on core 0)
2026-07-15 00:21:28.803 8 INFO placement.requestlog [req-6c1dd669-6c19-40ad-9ce8-bf737e3c6e42 req-c98c1763-2b30-4264-ab8b-07435b6ddbd3 043c2388f32e4def8d13ae8bc979f6d3 f59ce5b07983421ba839e0e889dbc74f - - aa3d89ac90d947ad89b42f07e580824b aa3d89ac90d947ad89b42f07e580824b] 199.19.213.9 "GET /allocations/1cb0455a-b54b-4f55-8f71-80f8aec06980" status: 200 len: 257 microversion: 1.28 [pid: 8|app: 0|req: 414/819] 199.19.213.9 () {34 vars in 861 bytes} [Wed Jul 15 00:21:28 2026] GET /allocations/1cb0455a-b54b-4f55-8f71-80f8aec06980 => generated 257 bytes in 20 msecs (HTTP/1.1 200) 8 headers in 296 bytes (1 switches on core 0)
2026-07-15 00:21:29.421 7 INFO placement.requestlog [None req-8375c7e6-555f-45b2-a3c1-546e8ee8750a d9f0e60b24a745cc996a0daf83cd76c7 f59ce5b07983421ba839e0e889dbc74f - - aa3d89ac90d947ad89b42f07e580824b aa3d89ac90d947ad89b42f07e580824b] 10.0.0.178 "GET /resource_providers/417dcd50-8345-433b-989c-1aa202a6ee25/aggregates" status: 404 len: 235 microversion: 1.1 [pid: 7|app: 0|req: 406/820] 10.0.0.178 () {32 vars in 825 bytes} [Wed Jul 15 00:21:29 2026] GET /resource_providers/417dcd50-8345-433b-989c-1aa202a6ee25/aggregates => generated 235 bytes in 24 msecs (HTTP/1.1 404) 5 headers in 202 bytes (1 switches on core 0)
2026-07-15 00:21:29.434 8 INFO placement.requestlog [None req-eb3968ca-a830-411f-9185-a71de109a271 d9f0e60b24a745cc996a0daf83cd76c7 f59ce5b07983421ba839e0e889dbc74f - - aa3d89ac90d947ad89b42f07e580824b aa3d89ac90d947ad89b42f07e580824b] 10.0.0.178 "GET /resource_providers/417dcd50-8345-433b-989c-1aa202a6ee25/aggregates" status: 404 len: 235 microversion: 1.1 [pid: 8|app: 0|req: 415/821] 10.0.0.178 () {32 vars in 825 bytes} [Wed Jul 15 00:21:29 2026] GET /resource_providers/417dcd50-8345-433b-989c-1aa202a6ee25/aggregates => generated 235 bytes in 14 msecs (HTTP/1.1 404) 5 headers in 202 bytes (1 switches on core 0)
2026-07-15 00:21:29.455 8 INFO placement.requestlog [None req-16a7dc4c-b36f-4dde-b6c7-cc91ec3cf44f d9f0e60b24a745cc996a0daf83cd76c7 f59ce5b07983421ba839e0e889dbc74f - - aa3d89ac90d947ad89b42f07e580824b aa3d89ac90d947ad89b42f07e580824b] 10.0.0.178 "DELETE /resource_providers/417dcd50-8345-433b-989c-1aa202a6ee25" status: 404 len: 246 microversion: 1.1 [pid: 8|app: 0|req: 416/822] 10.0.0.178 () {34 vars in 825 bytes} [Wed Jul 15 00:21:29 2026] DELETE /resource_providers/417dcd50-8345-433b-989c-1aa202a6ee25 => generated 246 bytes in 11 msecs (HTTP/1.1 404) 6 headers in 231 bytes (1 switches on core 0)
2026-07-15 00:21:29.456 7 INFO placement.requestlog [None req-1e5a9fe7-920a-4673-aefa-7bd85e26ba45 d9f0e60b24a745cc996a0daf83cd76c7 f59ce5b07983421ba839e0e889dbc74f - - aa3d89ac90d947ad89b42f07e580824b aa3d89ac90d947ad89b42f07e580824b] 10.0.0.178 "DELETE /resource_providers/417dcd50-8345-433b-989c-1aa202a6ee25" status: 404 len: 246 microversion: 1.1 [pid: 7|app: 0|req: 407/823] 10.0.0.178 () {34 vars in 825 bytes} [Wed Jul 15 00:21:29 2026] DELETE /resource_providers/417dcd50-8345-433b-989c-1aa202a6ee25 => generated 246 bytes in 15 msecs (HTTP/1.1 404) 6 headers in 231 bytes (1 switches on core 0)
2026-07-15 00:21:30.154 8 INFO placement.requestlog [req-b005932a-c8e1-4592-b6b7-824ee0382dbf req-150a8874-e4ab-4e51-a0f9-edcf527030e5 043c2388f32e4def8d13ae8bc979f6d3 f59ce5b07983421ba839e0e889dbc74f - - aa3d89ac90d947ad89b42f07e580824b aa3d89ac90d947ad89b42f07e580824b] 199.19.213.9 "GET /resource_providers/566d0ecd-fb7e-449f-9061-3cdbc846d85b/allocations" status: 200 len: 152 microversion: 1.0 [pid: 8|app: 0|req: 417/824] 199.19.213.9 () {32 vars in 855 bytes} [Wed Jul 15 00:21:30 2026] GET /resource_providers/566d0ecd-fb7e-449f-9061-3cdbc846d85b/allocations => generated 152 bytes in 21 msecs (HTTP/1.1 200) 6 headers in 224 bytes (1 switches on core 0)
2026-07-15 00:21:30.207 7 INFO placement.requestlog [req-b005932a-c8e1-4592-b6b7-824ee0382dbf req-8fdfcfeb-351c-4736-86ba-1075dd788cf8 043c2388f32e4def8d13ae8bc979f6d3 f59ce5b07983421ba839e0e889dbc74f - - aa3d89ac90d947ad89b42f07e580824b aa3d89ac90d947ad89b42f07e580824b] 199.19.213.9 "GET /resource_providers/566d0ecd-fb7e-449f-9061-3cdbc846d85b/allocations" status: 200 len: 152 microversion: 1.0 [pid: 7|app: 0|req: 408/825] 199.19.213.9 () {32 vars in 855 bytes} [Wed Jul 15 00:21:30 2026] GET /resource_providers/566d0ecd-fb7e-449f-9061-3cdbc846d85b/allocations => generated 152 bytes in 20 msecs (HTTP/1.1 200) 6 headers in 224 bytes (1 switches on core 0)
2026-07-15 00:21:30.232 8 INFO placement.requestlog [req-b005932a-c8e1-4592-b6b7-824ee0382dbf req-4dc263d6-0177-4dc5-8e4d-f63412b3c6d4 043c2388f32e4def8d13ae8bc979f6d3 f59ce5b07983421ba839e0e889dbc74f - - aa3d89ac90d947ad89b42f07e580824b aa3d89ac90d947ad89b42f07e580824b] 199.19.213.9 "GET /allocations/1cb0455a-b54b-4f55-8f71-80f8aec06980" status: 200 len: 257 microversion: 1.28 [pid: 8|app: 0|req: 418/826] 199.19.213.9 () {34 vars in 861 bytes} [Wed Jul 15 00:21:30 2026] GET /allocations/1cb0455a-b54b-4f55-8f71-80f8aec06980 => generated 257 bytes in 17 msecs (HTTP/1.1 200) 8 headers in 296 bytes (1 switches on core 0)
2026-07-15 00:21:35.164 7 INFO placement.requestlog [req-5ac9e368-0fde-4072-a513-864b85088e4c req-cc456882-6236-4d78-b941-aa8dcc437f4d 043c2388f32e4def8d13ae8bc979f6d3 f59ce5b07983421ba839e0e889dbc74f - - aa3d89ac90d947ad89b42f07e580824b aa3d89ac90d947ad89b42f07e580824b] 199.19.213.9 "GET /resource_providers/566d0ecd-fb7e-449f-9061-3cdbc846d85b/allocations" status: 200 len: 152 microversion: 1.0 [pid: 7|app: 0|req: 409/827] 199.19.213.9 () {32 vars in 855 bytes} [Wed Jul 15 00:21:35 2026] GET /resource_providers/566d0ecd-fb7e-449f-9061-3cdbc846d85b/allocations => generated 152 bytes in 29 msecs (HTTP/1.1 200) 6 headers in 224 bytes (1 switches on core 0)
2026-07-15 00:21:35.185 8 INFO placement.requestlog [req-5ac9e368-0fde-4072-a513-864b85088e4c req-a5d0ca32-f951-4e72-9f4f-8f012c4abaa7 043c2388f32e4def8d13ae8bc979f6d3 f59ce5b07983421ba839e0e889dbc74f - - aa3d89ac90d947ad89b42f07e580824b aa3d89ac90d947ad89b42f07e580824b] 199.19.213.9 "GET /allocations/1cb0455a-b54b-4f55-8f71-80f8aec06980" status: 200 len: 257 microversion: 1.28 [pid: 8|app: 0|req: 419/828] 199.19.213.9 () {34 vars in 861 bytes} [Wed Jul 15 00:21:35 2026] GET /allocations/1cb0455a-b54b-4f55-8f71-80f8aec06980 => generated 257 bytes in 13 msecs (HTTP/1.1 200) 8 headers in 296 bytes (1 switches on core 0)
2026-07-15 00:21:35.242 7 INFO placement.requestlog [req-5ac9e368-0fde-4072-a513-864b85088e4c req-08c7c6a0-91b5-4aa1-bfa6-b7a873e27df5 043c2388f32e4def8d13ae8bc979f6d3 f59ce5b07983421ba839e0e889dbc74f - - aa3d89ac90d947ad89b42f07e580824b aa3d89ac90d947ad89b42f07e580824b] 199.19.213.9 "DELETE /allocations/1cb0455a-b54b-4f55-8f71-80f8aec06980" status: 204 len: 0 microversion: 1.0 [pid: 7|app: 0|req: 410/829] 199.19.213.9 () {34 vars in 839 bytes} [Wed Jul 15 00:21:35 2026] DELETE /allocations/1cb0455a-b54b-4f55-8f71-80f8aec06980 => generated 0 bytes in 29 msecs (HTTP/1.1 204) 5 headers in 198 bytes (1 switches on core 0)
2026-07-15 00:21:36.784 8 INFO placement.requestlog [None req-eb0d924c-afe2-4710-aee6-df6360c27f57 d9f0e60b24a745cc996a0daf83cd76c7 f59ce5b07983421ba839e0e889dbc74f - - aa3d89ac90d947ad89b42f07e580824b aa3d89ac90d947ad89b42f07e580824b] 10.0.0.178 "GET /resource_providers/2a005be4-43bb-4fd3-89be-25b80ee7262f/aggregates" status: 404 len: 235 microversion: 1.1 [pid: 8|app: 0|req: 420/830] 10.0.0.178 () {32 vars in 825 bytes} [Wed Jul 15 00:21:36 2026] GET /resource_providers/2a005be4-43bb-4fd3-89be-25b80ee7262f/aggregates => generated 235 bytes in 22 msecs (HTTP/1.1 404) 5 headers in 202 bytes (1 switches on core 0)
2026-07-15 00:21:36.786 7 INFO placement.requestlog [None req-21107b74-9c21-482e-a0c8-5c0a7d6226c1 d9f0e60b24a745cc996a0daf83cd76c7 f59ce5b07983421ba839e0e889dbc74f - - aa3d89ac90d947ad89b42f07e580824b aa3d89ac90d947ad89b42f07e580824b] 10.0.0.178 "GET /resource_providers/2a005be4-43bb-4fd3-89be-25b80ee7262f/aggregates" status: 404 len: 235 microversion: 1.1 [pid: 7|app: 0|req: 411/831] 10.0.0.178 () {32 vars in 825 bytes} [Wed Jul 15 00:21:36 2026] GET /resource_providers/2a005be4-43bb-4fd3-89be-25b80ee7262f/aggregates => generated 235 bytes in 23 msecs (HTTP/1.1 404) 5 headers in 202 bytes (1 switches on core 0)
2026-07-15 00:21:36.815 8 INFO placement.requestlog [None req-2b35fcf9-1572-4608-b39c-8a718ff9b317 d9f0e60b24a745cc996a0daf83cd76c7 f59ce5b07983421ba839e0e889dbc74f - - aa3d89ac90d947ad89b42f07e580824b aa3d89ac90d947ad89b42f07e580824b] 10.0.0.178 "DELETE /resource_providers/2a005be4-43bb-4fd3-89be-25b80ee7262f" status: 404 len: 246 microversion: 1.1 [pid: 8|app: 0|req: 421/832] 10.0.0.178 () {34 vars in 825 bytes} [Wed Jul 15 00:21:36 2026] DELETE /resource_providers/2a005be4-43bb-4fd3-89be-25b80ee7262f => generated 246 bytes in 23 msecs (HTTP/1.1 404) 6 headers in 231 bytes (1 switches on core 0)
2026-07-15 00:21:36.816 7 INFO placement.requestlog [None req-43fe2225-77e2-4006-bae5-1b9230a81adb d9f0e60b24a745cc996a0daf83cd76c7 f59ce5b07983421ba839e0e889dbc74f - - aa3d89ac90d947ad89b42f07e580824b aa3d89ac90d947ad89b42f07e580824b] 10.0.0.178 "DELETE /resource_providers/2a005be4-43bb-4fd3-89be-25b80ee7262f" status: 404 len: 246 microversion: 1.1 [pid: 7|app: 0|req: 412/833] 10.0.0.178 () {34 vars in 825 bytes} [Wed Jul 15 00:21:36 2026] DELETE /resource_providers/2a005be4-43bb-4fd3-89be-25b80ee7262f => generated 246 bytes in 23 msecs (HTTP/1.1 404) 6 headers in 231 bytes (1 switches on core 0)
2026-07-15 00:21:36.818 7 INFO placement.requestlog [None req-fae93736-b2fe-4098-bf8d-4043d224fe4a - - - - - -] 10.0.0.180 "GET /" status: 200 len: 136 microversion: 1.0
2026-07-15 00:21:36.818 8 INFO placement.requestlog [None req-2eebc40d-9452-4e36-9ca4-74f26c36f35f - - - - - -] 10.0.0.180 "GET /" status: 200 len: 136 microversion: 1.0
2026-07-15 00:21:37.298 7 INFO placement.requestlog [None req-c536ae29-0abf-4c28-a603-cb596930f63d d9f0e60b24a745cc996a0daf83cd76c7 f59ce5b07983421ba839e0e889dbc74f - - aa3d89ac90d947ad89b42f07e580824b aa3d89ac90d947ad89b42f07e580824b] 10.0.0.178 "GET /resource_providers/89df3db7-6a14-4e94-a47e-42d6951f4a34/aggregates" status: 404 len: 235 microversion: 1.1 [pid: 7|app: 0|req: 414/836] 10.0.0.178 () {32 vars in 825 bytes} [Wed Jul 15 00:21:37 2026] GET /resource_providers/89df3db7-6a14-4e94-a47e-42d6951f4a34/aggregates => generated 235 bytes in 12 msecs (HTTP/1.1 404) 5 headers in 202 bytes (1 switches on core 0)
2026-07-15 00:21:37.299 8 INFO placement.requestlog [None req-d9b1915c-d9a3-4372-8743-c34efb859f50 d9f0e60b24a745cc996a0daf83cd76c7 f59ce5b07983421ba839e0e889dbc74f - - aa3d89ac90d947ad89b42f07e580824b aa3d89ac90d947ad89b42f07e580824b] 10.0.0.178 "GET /resource_providers/89df3db7-6a14-4e94-a47e-42d6951f4a34/aggregates" status: 404 len: 235 microversion: 1.1 [pid: 8|app: 0|req: 423/837] 10.0.0.178 () {32 vars in 825 bytes} [Wed Jul 15 00:21:37 2026] GET /resource_providers/89df3db7-6a14-4e94-a47e-42d6951f4a34/aggregates => generated 235 bytes in 14 msecs (HTTP/1.1 404) 5 headers in 202 bytes (1 switches on core 0)
2026-07-15 00:21:37.310 7 INFO placement.requestlog [None req-5c312ca8-14cd-4a8d-903f-6c6472bb4904 d9f0e60b24a745cc996a0daf83cd76c7 f59ce5b07983421ba839e0e889dbc74f - - aa3d89ac90d947ad89b42f07e580824b aa3d89ac90d947ad89b42f07e580824b] 10.0.0.178 "DELETE /resource_providers/89df3db7-6a14-4e94-a47e-42d6951f4a34" status: 404 len: 246 microversion: 1.1 [pid: 7|app: 0|req: 415/838] 10.0.0.178 () {34 vars in 825 bytes} [Wed Jul 15 00:21:37 2026] DELETE /resource_providers/89df3db7-6a14-4e94-a47e-42d6951f4a34 => generated 246 bytes in 5 msecs (HTTP/1.1 404) 6 headers in 231 bytes (1 switches on core 0)
2026-07-15 00:21:37.332 8 INFO placement.requestlog [None req-87ca49cd-eaae-4580-ac98-d6bca952baa0 d9f0e60b24a745cc996a0daf83cd76c7 f59ce5b07983421ba839e0e889dbc74f - - aa3d89ac90d947ad89b42f07e580824b aa3d89ac90d947ad89b42f07e580824b] 10.0.0.178 "DELETE /resource_providers/89df3db7-6a14-4e94-a47e-42d6951f4a34" status: 404 len: 246 microversion: 1.1 [pid: 8|app: 0|req: 424/839] 10.0.0.178 () {34 vars in 825 bytes} [Wed Jul 15 00:21:37 2026] DELETE /resource_providers/89df3db7-6a14-4e94-a47e-42d6951f4a34 => generated 246 bytes in 16 msecs (HTTP/1.1 404) 6 headers in 231 bytes (1 switches on core 0)
2026-07-15 00:21:38.835 7 INFO placement.requestlog [None req-5dd7c0a1-dc73-4d2f-a359-d355944d2f1b d9f0e60b24a745cc996a0daf83cd76c7 f59ce5b07983421ba839e0e889dbc74f - - aa3d89ac90d947ad89b42f07e580824b aa3d89ac90d947ad89b42f07e580824b] 10.0.0.178 "GET /resource_providers/d054a317-d71e-47f5-a0c3-5819cb4f07eb/aggregates" status: 404 len: 235 microversion: 1.1 [pid: 7|app: 0|req: 416/840] 10.0.0.178 () {32 vars in 825 bytes} [Wed Jul 15 00:21:38 2026] GET /resource_providers/d054a317-d71e-47f5-a0c3-5819cb4f07eb/aggregates => generated 235 bytes in 10 msecs (HTTP/1.1 404) 5 headers in 202 bytes (1 switches on core 0)
2026-07-15 00:21:38.850 8 INFO placement.requestlog [None req-a9de0c5a-6b88-4433-af1b-8200164d9046 d9f0e60b24a745cc996a0daf83cd76c7 f59ce5b07983421ba839e0e889dbc74f - - aa3d89ac90d947ad89b42f07e580824b aa3d89ac90d947ad89b42f07e580824b] 10.0.0.178 "GET /resource_providers/d054a317-d71e-47f5-a0c3-5819cb4f07eb/aggregates" status: 404 len: 235 microversion: 1.1 [pid: 8|app: 0|req: 425/841] 10.0.0.178 () {32 vars in 825 bytes} [Wed Jul 15 00:21:38 2026] GET /resource_providers/d054a317-d71e-47f5-a0c3-5819cb4f07eb/aggregates => generated 235 bytes in 17 msecs (HTTP/1.1 404) 5 headers in 202 bytes (1 switches on core 0)
2026-07-15 00:21:38.851 7 INFO placement.requestlog [None req-22f46580-2c2e-4159-8fa6-0d4b1d658276 d9f0e60b24a745cc996a0daf83cd76c7 f59ce5b07983421ba839e0e889dbc74f - - aa3d89ac90d947ad89b42f07e580824b aa3d89ac90d947ad89b42f07e580824b] 10.0.0.178 "DELETE /resource_providers/d054a317-d71e-47f5-a0c3-5819cb4f07eb" status: 404 len: 246 microversion: 1.1 [pid: 7|app: 0|req: 417/842] 10.0.0.178 () {34 vars in 825 bytes} [Wed Jul 15 00:21:38 2026] DELETE /resource_providers/d054a317-d71e-47f5-a0c3-5819cb4f07eb => generated 246 bytes in 11 msecs (HTTP/1.1 404) 6 headers in 231 bytes (1 switches on core 0)
2026-07-15 00:21:38.877 8 INFO placement.requestlog [None req-e548f4fc-9cb1-4a8b-8575-1667fe52b43a d9f0e60b24a745cc996a0daf83cd76c7 f59ce5b07983421ba839e0e889dbc74f - - aa3d89ac90d947ad89b42f07e580824b aa3d89ac90d947ad89b42f07e580824b] 10.0.0.178 "DELETE /resource_providers/d054a317-d71e-47f5-a0c3-5819cb4f07eb" status: 404 len: 246 microversion: 1.1 [pid: 8|app: 0|req: 426/843] 10.0.0.178 () {34 vars in 825 bytes} [Wed Jul 15 00:21:38 2026] DELETE /resource_providers/d054a317-d71e-47f5-a0c3-5819cb4f07eb => generated 246 bytes in 12 msecs (HTTP/1.1 404) 6 headers in 231 bytes (1 switches on core 0)
2026-07-15 00:21:40.142 8 INFO placement.requestlog [None req-131af3f6-4866-4d4c-a40f-3b452abcbfa9 d9f0e60b24a745cc996a0daf83cd76c7 f59ce5b07983421ba839e0e889dbc74f - - aa3d89ac90d947ad89b42f07e580824b aa3d89ac90d947ad89b42f07e580824b] 10.0.0.178 "GET /resource_providers/6e7abc45-e410-4537-89d2-0ef885cb5e85/aggregates" status: 404 len: 235 microversion: 1.1 [pid: 8|app: 0|req: 427/844] 10.0.0.178 () {32 vars in 825 bytes} [Wed Jul 15 00:21:40 2026] GET /resource_providers/6e7abc45-e410-4537-89d2-0ef885cb5e85/aggregates => generated 235 bytes in 9 msecs (HTTP/1.1 404) 5 headers in 202 bytes (1 switches on core 0)
2026-07-15 00:21:40.143 7 INFO placement.requestlog [None req-f44ec7fe-3296-4f68-8b8a-61709774a9e7 d9f0e60b24a745cc996a0daf83cd76c7 f59ce5b07983421ba839e0e889dbc74f - - aa3d89ac90d947ad89b42f07e580824b aa3d89ac90d947ad89b42f07e580824b] 10.0.0.178 "GET /resource_providers/6e7abc45-e410-4537-89d2-0ef885cb5e85/aggregates" status: 404 len: 235 microversion: 1.1 [pid: 7|app: 0|req: 418/845] 10.0.0.178 () {32 vars in 825 bytes} [Wed Jul 15 00:21:40 2026] GET /resource_providers/6e7abc45-e410-4537-89d2-0ef885cb5e85/aggregates => generated 235 bytes in 19 msecs (HTTP/1.1 404) 5 headers in 202 bytes (1 switches on core 0)
2026-07-15 00:21:40.175 8 INFO placement.requestlog [None req-f44a4a2c-73ff-4567-b583-3be7ddbc8b11 d9f0e60b24a745cc996a0daf83cd76c7 f59ce5b07983421ba839e0e889dbc74f - - aa3d89ac90d947ad89b42f07e580824b aa3d89ac90d947ad89b42f07e580824b] 10.0.0.178 "DELETE /resource_providers/6e7abc45-e410-4537-89d2-0ef885cb5e85" status: 404 len: 246 microversion: 1.1 [pid: 8|app: 0|req: 428/846] 10.0.0.178 () {34 vars in 825 bytes} [Wed Jul 15 00:21:40 2026] DELETE /resource_providers/6e7abc45-e410-4537-89d2-0ef885cb5e85 => generated 246 bytes in 16 msecs (HTTP/1.1 404) 6 headers in 231 bytes (1 switches on core 0)
2026-07-15 00:21:40.176 7 INFO placement.requestlog [None req-490d4495-2678-4580-89f8-6dac3209e02a d9f0e60b24a745cc996a0daf83cd76c7 f59ce5b07983421ba839e0e889dbc74f - - aa3d89ac90d947ad89b42f07e580824b aa3d89ac90d947ad89b42f07e580824b] 10.0.0.178 "DELETE /resource_providers/6e7abc45-e410-4537-89d2-0ef885cb5e85" status: 404 len: 246 microversion: 1.1 [pid: 7|app: 0|req: 419/847] 10.0.0.178 () {34 vars in 825 bytes} [Wed Jul 15 00:21:40 2026] DELETE /resource_providers/6e7abc45-e410-4537-89d2-0ef885cb5e85 => generated 246 bytes in 16 msecs (HTTP/1.1 404) 6 headers in 231 bytes (1 switches on core 0)
2026-07-15 00:21:40.887 8 INFO placement.requestlog [None req-4bd09983-c80f-4a8c-ac0c-6604edbf6586 d9f0e60b24a745cc996a0daf83cd76c7 f59ce5b07983421ba839e0e889dbc74f - - aa3d89ac90d947ad89b42f07e580824b aa3d89ac90d947ad89b42f07e580824b] 10.0.0.178 "GET /resource_providers/d243de58-773d-4f9d-9b8e-875e9c3185b0/aggregates" status: 404 len: 235 microversion: 1.1 [pid: 8|app: 0|req: 429/848] 10.0.0.178 () {32 vars in 825 bytes} [Wed Jul 15 00:21:40 2026] GET /resource_providers/d243de58-773d-4f9d-9b8e-875e9c3185b0/aggregates => generated 235 bytes in 15 msecs (HTTP/1.1 404) 5 headers in 202 bytes (1 switches on core 0)
2026-07-15 00:21:40.898 7 INFO placement.requestlog [None req-00fa605c-99e6-408b-9907-d64261675afc d9f0e60b24a745cc996a0daf83cd76c7 f59ce5b07983421ba839e0e889dbc74f - - aa3d89ac90d947ad89b42f07e580824b aa3d89ac90d947ad89b42f07e580824b] 10.0.0.178 "GET /resource_providers/d243de58-773d-4f9d-9b8e-875e9c3185b0/aggregates" status: 404 len: 235 microversion: 1.1 [pid: 7|app: 0|req: 420/849] 10.0.0.178 () {32 vars in 825 bytes} [Wed Jul 15 00:21:40 2026] GET /resource_providers/d243de58-773d-4f9d-9b8e-875e9c3185b0/aggregates => generated 235 bytes in 10 msecs (HTTP/1.1 404) 5 headers in 202 bytes (1 switches on core 0)
2026-07-15 00:21:40.916 8 INFO placement.requestlog [None req-b3529f24-52f0-485a-b849-26c8c1b325e5 d9f0e60b24a745cc996a0daf83cd76c7 f59ce5b07983421ba839e0e889dbc74f - - aa3d89ac90d947ad89b42f07e580824b aa3d89ac90d947ad89b42f07e580824b] 10.0.0.178 "DELETE /resource_providers/d243de58-773d-4f9d-9b8e-875e9c3185b0" status: 404 len: 246 microversion: 1.1 [pid: 8|app: 0|req: 430/850] 10.0.0.178 () {34 vars in 825 bytes} [Wed Jul 15 00:21:40 2026] DELETE /resource_providers/d243de58-773d-4f9d-9b8e-875e9c3185b0 => generated 246 bytes in 10 msecs (HTTP/1.1 404) 6 headers in 231 bytes (1 switches on core 0)
2026-07-15 00:21:40.924 7 INFO placement.requestlog [None req-9419dbe4-a849-4b8a-b909-34d64a2e117e d9f0e60b24a745cc996a0daf83cd76c7 f59ce5b07983421ba839e0e889dbc74f - - aa3d89ac90d947ad89b42f07e580824b aa3d89ac90d947ad89b42f07e580824b] 10.0.0.178 "DELETE /resource_providers/d243de58-773d-4f9d-9b8e-875e9c3185b0" status: 404 len: 246 microversion: 1.1 [pid: 7|app: 0|req: 421/851] 10.0.0.178 () {34 vars in 825 bytes} [Wed Jul 15 00:21:40 2026] DELETE /resource_providers/d243de58-773d-4f9d-9b8e-875e9c3185b0 => generated 246 bytes in 12 msecs (HTTP/1.1 404) 6 headers in 231 bytes (1 switches on core 0)
2026-07-15 00:21:42.220 7 INFO placement.requestlog [None req-b21b4217-faba-4b0b-9cd4-d43f8a53e5da d9f0e60b24a745cc996a0daf83cd76c7 f59ce5b07983421ba839e0e889dbc74f - - aa3d89ac90d947ad89b42f07e580824b aa3d89ac90d947ad89b42f07e580824b] 10.0.0.178 "GET /resource_providers/76a44713-b734-4b03-9f87-5a89c486a3ac/aggregates" status: 404 len: 235 microversion: 1.1 [pid: 7|app: 0|req: 422/852] 10.0.0.178 () {32 vars in 825 bytes} [Wed Jul 15 00:21:42 2026] GET /resource_providers/76a44713-b734-4b03-9f87-5a89c486a3ac/aggregates => generated 235 bytes in 10 msecs (HTTP/1.1 404) 5 headers in 202 bytes (1 switches on core 0)
2026-07-15 00:21:42.227 8 INFO placement.requestlog [None req-a47f338d-779a-4d24-b367-ce1c44f62429 d9f0e60b24a745cc996a0daf83cd76c7 f59ce5b07983421ba839e0e889dbc74f - - aa3d89ac90d947ad89b42f07e580824b aa3d89ac90d947ad89b42f07e580824b] 10.0.0.178 "GET /resource_providers/76a44713-b734-4b03-9f87-5a89c486a3ac/aggregates" status: 404 len: 235 microversion: 1.1 [pid: 8|app: 0|req: 431/853] 10.0.0.178 () {32 vars in 825 bytes} [Wed Jul 15 00:21:42 2026] GET /resource_providers/76a44713-b734-4b03-9f87-5a89c486a3ac/aggregates => generated 235 bytes in 17 msecs (HTTP/1.1 404) 5 headers in 202 bytes (1 switches on core 0)
2026-07-15 00:21:42.239 7 INFO placement.requestlog [None req-a62262f0-fd35-405b-9f76-2dcd1d8bc4cb d9f0e60b24a745cc996a0daf83cd76c7 f59ce5b07983421ba839e0e889dbc74f - - aa3d89ac90d947ad89b42f07e580824b aa3d89ac90d947ad89b42f07e580824b] 10.0.0.178 "DELETE /resource_providers/76a44713-b734-4b03-9f87-5a89c486a3ac" status: 404 len: 246 microversion: 1.1 [pid: 7|app: 0|req: 423/854] 10.0.0.178 () {34 vars in 825 bytes} [Wed Jul 15 00:21:42 2026] DELETE /resource_providers/76a44713-b734-4b03-9f87-5a89c486a3ac => generated 246 bytes in 13 msecs (HTTP/1.1 404) 6 headers in 231 bytes (1 switches on core 0)
2026-07-15 00:21:42.240 8 INFO placement.requestlog [None req-40952a46-0e55-4af6-8c3b-61af19aa9855 d9f0e60b24a745cc996a0daf83cd76c7 f59ce5b07983421ba839e0e889dbc74f - - aa3d89ac90d947ad89b42f07e580824b aa3d89ac90d947ad89b42f07e580824b] 10.0.0.178 "DELETE /resource_providers/76a44713-b734-4b03-9f87-5a89c486a3ac" status: 404 len: 246 microversion: 1.1 [pid: 8|app: 0|req: 432/855] 10.0.0.178 () {34 vars in 825 bytes} [Wed Jul 15 00:21:42 2026] DELETE /resource_providers/76a44713-b734-4b03-9f87-5a89c486a3ac => generated 246 bytes in 7 msecs (HTTP/1.1 404) 6 headers in 231 bytes (1 switches on core 0)
2026-07-15 00:21:42.943 7 INFO placement.requestlog [None req-ba116a5e-f1f6-4b6a-8726-8dd19e2137e0 d9f0e60b24a745cc996a0daf83cd76c7 f59ce5b07983421ba839e0e889dbc74f - - aa3d89ac90d947ad89b42f07e580824b aa3d89ac90d947ad89b42f07e580824b] 10.0.0.178 "GET /resource_providers/b4324dd2-a8ec-4069-8208-651cc497b49d/aggregates" status: 404 len: 235 microversion: 1.1 [pid: 7|app: 0|req: 424/856] 10.0.0.178 () {32 vars in 825 bytes} [Wed Jul 15 00:21:42 2026] GET /resource_providers/b4324dd2-a8ec-4069-8208-651cc497b49d/aggregates => generated 235 bytes in 18 msecs (HTTP/1.1 404) 5 headers in 202 bytes (1 switches on core 0)
2026-07-15 00:21:42.944 8 INFO placement.requestlog [None req-fe4ef039-a4bd-40cb-997f-b3eae1533327 d9f0e60b24a745cc996a0daf83cd76c7 f59ce5b07983421ba839e0e889dbc74f - - aa3d89ac90d947ad89b42f07e580824b aa3d89ac90d947ad89b42f07e580824b] 10.0.0.178 "GET /resource_providers/b4324dd2-a8ec-4069-8208-651cc497b49d/aggregates" status: 404 len: 235 microversion: 1.1 [pid: 8|app: 0|req: 433/857] 10.0.0.178 () {32 vars in 825 bytes} [Wed Jul 15 00:21:42 2026] GET /resource_providers/b4324dd2-a8ec-4069-8208-651cc497b49d/aggregates => generated 235 bytes in 11 msecs (HTTP/1.1 404) 5 headers in 202 bytes (1 switches on core 0)
2026-07-15 00:21:42.966 8 INFO placement.requestlog [None req-079db766-bc3f-4e82-88ae-4990e36c5aba d9f0e60b24a745cc996a0daf83cd76c7 f59ce5b07983421ba839e0e889dbc74f - - aa3d89ac90d947ad89b42f07e580824b aa3d89ac90d947ad89b42f07e580824b] 10.0.0.178 "DELETE /resource_providers/b4324dd2-a8ec-4069-8208-651cc497b49d" status: 404 len: 246 microversion: 1.1
2026-07-15 00:21:42.967 7 INFO placement.requestlog [None req-e9b9e858-db7a-4418-9cf0-ccf29259b787 d9f0e60b24a745cc996a0daf83cd76c7 f59ce5b07983421ba839e0e889dbc74f - - aa3d89ac90d947ad89b42f07e580824b aa3d89ac90d947ad89b42f07e580824b] 10.0.0.178 "DELETE /resource_providers/b4324dd2-a8ec-4069-8208-651cc497b49d" status: 404 len: 246 microversion: 1.1 [pid: 8|app: 0|req: 434/858] 10.0.0.178 () {34 vars in 825 bytes} [Wed Jul 15 00:21:42 2026] DELETE /resource_providers/b4324dd2-a8ec-4069-8208-651cc497b49d => generated 246 bytes in 12 msecs (HTTP/1.1 404) 6 headers in 231 bytes (1 switches on core 0) [pid: 7|app: 0|req: 425/859] 10.0.0.178 () {34 vars in 825 bytes} [Wed Jul 15 00:21:42 2026] DELETE /resource_providers/b4324dd2-a8ec-4069-8208-651cc497b49d => generated 246 bytes in 17 msecs (HTTP/1.1 404) 6 headers in 231 bytes (1 switches on core 0)
2026-07-15 00:21:44.257 8 INFO placement.requestlog [None req-3c916cab-b202-4747-8eff-53aa2a7b5971 d9f0e60b24a745cc996a0daf83cd76c7 f59ce5b07983421ba839e0e889dbc74f - - aa3d89ac90d947ad89b42f07e580824b aa3d89ac90d947ad89b42f07e580824b] 10.0.0.178 "GET /resource_providers/f0139fd1-5540-41ce-946e-ce859b442a64/aggregates" status: 404 len: 235 microversion: 1.1 [pid: 8|app: 0|req: 435/860] 10.0.0.178 () {32 vars in 825 bytes} [Wed Jul 15 00:21:44 2026] GET /resource_providers/f0139fd1-5540-41ce-946e-ce859b442a64/aggregates => generated 235 bytes in 7 msecs (HTTP/1.1 404) 5 headers in 202 bytes (1 switches on core 0)
2026-07-15 00:21:44.259 7 INFO placement.requestlog [None req-baf0b167-d912-4033-978e-6c6758ce507e d9f0e60b24a745cc996a0daf83cd76c7 f59ce5b07983421ba839e0e889dbc74f - - aa3d89ac90d947ad89b42f07e580824b aa3d89ac90d947ad89b42f07e580824b] 10.0.0.178 "GET /resource_providers/f0139fd1-5540-41ce-946e-ce859b442a64/aggregates" status: 404 len: 235 microversion: 1.1 [pid: 7|app: 0|req: 426/861] 10.0.0.178 () {32 vars in 825 bytes} [Wed Jul 15 00:21:44 2026] GET /resource_providers/f0139fd1-5540-41ce-946e-ce859b442a64/aggregates => generated 235 bytes in 9 msecs (HTTP/1.1 404) 5 headers in 202 bytes (1 switches on core 0)
2026-07-15 00:21:44.272 8 INFO placement.requestlog [None req-8a10311d-45ea-4a37-8651-545ade9a300c d9f0e60b24a745cc996a0daf83cd76c7 f59ce5b07983421ba839e0e889dbc74f - - aa3d89ac90d947ad89b42f07e580824b aa3d89ac90d947ad89b42f07e580824b] 10.0.0.178 "DELETE /resource_providers/f0139fd1-5540-41ce-946e-ce859b442a64" status: 404 len: 246 microversion: 1.1 [pid: 8|app: 0|req: 436/862] 10.0.0.178 () {34 vars in 825 bytes} [Wed Jul 15 00:21:44 2026] DELETE /resource_providers/f0139fd1-5540-41ce-946e-ce859b442a64 => generated 246 bytes in 8 msecs (HTTP/1.1 404) 6 headers in 231 bytes (1 switches on core 0)
2026-07-15 00:21:44.282 7 INFO placement.requestlog [None req-04ea58c4-af80-4f2d-9397-d73b4a73279c d9f0e60b24a745cc996a0daf83cd76c7 f59ce5b07983421ba839e0e889dbc74f - - aa3d89ac90d947ad89b42f07e580824b aa3d89ac90d947ad89b42f07e580824b] 10.0.0.178 "DELETE /resource_providers/f0139fd1-5540-41ce-946e-ce859b442a64" status: 404 len: 246 microversion: 1.1 [pid: 7|app: 0|req: 427/863] 10.0.0.178 () {34 vars in 825 bytes} [Wed Jul 15 00:21:44 2026] DELETE /resource_providers/f0139fd1-5540-41ce-946e-ce859b442a64 => generated 246 bytes in 15 msecs (HTTP/1.1 404) 6 headers in 231 bytes (1 switches on core 0)
2026-07-15 00:21:45.599 8 INFO placement.requestlog [None req-f4bd674f-2ee3-4aaa-ab6b-0dccffe5bfce d9f0e60b24a745cc996a0daf83cd76c7 f59ce5b07983421ba839e0e889dbc74f - - aa3d89ac90d947ad89b42f07e580824b aa3d89ac90d947ad89b42f07e580824b] 10.0.0.178 "GET /resource_providers/facb371e-47ba-44fe-b32b-f69999c52220/aggregates" status: 404 len: 235 microversion: 1.1 [pid: 8|app: 0|req: 437/864] 10.0.0.178 () {32 vars in 825 bytes} [Wed Jul 15 00:21:45 2026] GET /resource_providers/facb371e-47ba-44fe-b32b-f69999c52220/aggregates => generated 235 bytes in 12 msecs (HTTP/1.1 404) 5 headers in 202 bytes (1 switches on core 0)
2026-07-15 00:21:45.601 7 INFO placement.requestlog [None req-7339f43a-33fa-401a-a4ba-c92b8d224a20 d9f0e60b24a745cc996a0daf83cd76c7 f59ce5b07983421ba839e0e889dbc74f - - aa3d89ac90d947ad89b42f07e580824b aa3d89ac90d947ad89b42f07e580824b] 10.0.0.178 "GET /resource_providers/facb371e-47ba-44fe-b32b-f69999c52220/aggregates" status: 404 len: 235 microversion: 1.1 [pid: 7|app: 0|req: 428/865] 10.0.0.178 () {32 vars in 825 bytes} [Wed Jul 15 00:21:45 2026] GET /resource_providers/facb371e-47ba-44fe-b32b-f69999c52220/aggregates => generated 235 bytes in 10 msecs (HTTP/1.1 404) 5 headers in 202 bytes (1 switches on core 0)
2026-07-15 00:21:45.622 8 INFO placement.requestlog [None req-5d6912fa-c76f-4c19-8f68-788cb8d4edd4 d9f0e60b24a745cc996a0daf83cd76c7 f59ce5b07983421ba839e0e889dbc74f - - aa3d89ac90d947ad89b42f07e580824b aa3d89ac90d947ad89b42f07e580824b] 10.0.0.178 "DELETE /resource_providers/facb371e-47ba-44fe-b32b-f69999c52220" status: 404 len: 246 microversion: 1.1 [pid: 8|app: 0|req: 438/866] 10.0.0.178 () {34 vars in 825 bytes} [Wed Jul 15 00:21:45 2026] DELETE /resource_providers/facb371e-47ba-44fe-b32b-f69999c52220 => generated 246 bytes in 10 msecs (HTTP/1.1 404) 6 headers in 231 bytes (1 switches on core 0)
