2026-07-15 00:22:22.764 7 INFO placement.requestlog [None req-99c27cac-376b-40fd-96cb-4fc6828a09b9 d9f0e60b24a745cc996a0daf83cd76c7 f59ce5b07983421ba839e0e889dbc74f - - aa3d89ac90d947ad89b42f07e580824b aa3d89ac90d947ad89b42f07e580824b] 10.0.0.178 "DELETE /resource_providers/0f73f011-1e1b-4096-ba2d-502265bac09b" status: 404 len: 246 microversion: 1.1 [pid: 7|app: 0|req: 471/953] 10.0.0.178 () {34 vars in 825 bytes} [Wed Jul 15 00:22:22 2026] DELETE /resource_providers/0f73f011-1e1b-4096-ba2d-502265bac09b => generated 246 bytes in 9 msecs (HTTP/1.1 404) 6 headers in 231 bytes (1 switches on core 0)
2026-07-15 00:22:23.083 8 INFO placement.requestlog [None req-b2469c75-fb0f-442b-8476-33d081b307fb d9f0e60b24a745cc996a0daf83cd76c7 f59ce5b07983421ba839e0e889dbc74f - - aa3d89ac90d947ad89b42f07e580824b aa3d89ac90d947ad89b42f07e580824b] 10.0.0.178 "GET /resource_providers/3806e4d6-5b37-4307-99ac-87327f75ead4/aggregates" status: 404 len: 235 microversion: 1.1 [pid: 8|app: 0|req: 483/954] 10.0.0.178 () {32 vars in 825 bytes} [Wed Jul 15 00:22:23 2026] GET /resource_providers/3806e4d6-5b37-4307-99ac-87327f75ead4/aggregates => generated 235 bytes in 11 msecs (HTTP/1.1 404) 5 headers in 202 bytes (1 switches on core 0)
2026-07-15 00:22:23.095 7 INFO placement.requestlog [None req-580c05c3-3bb7-4cd5-bd33-1db49a376adc d9f0e60b24a745cc996a0daf83cd76c7 f59ce5b07983421ba839e0e889dbc74f - - aa3d89ac90d947ad89b42f07e580824b aa3d89ac90d947ad89b42f07e580824b] 10.0.0.178 "GET /resource_providers/3806e4d6-5b37-4307-99ac-87327f75ead4/aggregates" status: 404 len: 235 microversion: 1.1 [pid: 7|app: 0|req: 472/955] 10.0.0.178 () {32 vars in 825 bytes} [Wed Jul 15 00:22:23 2026] GET /resource_providers/3806e4d6-5b37-4307-99ac-87327f75ead4/aggregates => generated 235 bytes in 11 msecs (HTTP/1.1 404) 5 headers in 202 bytes (1 switches on core 0)
2026-07-15 00:22:23.097 8 INFO placement.requestlog [None req-b99949fe-f0ae-41c0-8339-d3364a53c287 d9f0e60b24a745cc996a0daf83cd76c7 f59ce5b07983421ba839e0e889dbc74f - - aa3d89ac90d947ad89b42f07e580824b aa3d89ac90d947ad89b42f07e580824b] 10.0.0.178 "DELETE /resource_providers/3806e4d6-5b37-4307-99ac-87327f75ead4" status: 404 len: 246 microversion: 1.1 [pid: 8|app: 0|req: 484/956] 10.0.0.178 () {34 vars in 825 bytes} [Wed Jul 15 00:22:23 2026] DELETE /resource_providers/3806e4d6-5b37-4307-99ac-87327f75ead4 => generated 246 bytes in 8 msecs (HTTP/1.1 404) 6 headers in 231 bytes (1 switches on core 0)
2026-07-15 00:22:23.636 7 INFO placement.requestlog [None req-c6a3e2c7-bdf0-4f2e-8525-da0312f7bc2f d9f0e60b24a745cc996a0daf83cd76c7 f59ce5b07983421ba839e0e889dbc74f - - aa3d89ac90d947ad89b42f07e580824b aa3d89ac90d947ad89b42f07e580824b] 10.0.0.178 "DELETE /resource_providers/3806e4d6-5b37-4307-99ac-87327f75ead4" status: 404 len: 246 microversion: 1.1 [pid: 7|app: 0|req: 473/957] 10.0.0.178 () {34 vars in 825 bytes} [Wed Jul 15 00:22:23 2026] DELETE /resource_providers/3806e4d6-5b37-4307-99ac-87327f75ead4 => generated 246 bytes in 19 msecs (HTTP/1.1 404) 6 headers in 231 bytes (1 switches on core 0)
2026-07-15 00:22:26.796 8 INFO placement.requestlog [None req-1cc43d22-164b-4d1c-a86f-33d0d00419e3 - - - - - -] 10.0.0.180 "GET /" status: 200 len: 136 microversion: 1.0
2026-07-15 00:22:26.798 7 INFO placement.requestlog [None req-c1794b3d-c05b-4bc8-aff9-90cafec72468 - - - - - -] 10.0.0.180 "GET /" status: 200 len: 136 microversion: 1.0
2026-07-15 00:22:31.713 8 INFO placement.requestlog [None req-fc2fb26b-dc78-4949-af08-ae41fae1273a d9f0e60b24a745cc996a0daf83cd76c7 f59ce5b07983421ba839e0e889dbc74f - - aa3d89ac90d947ad89b42f07e580824b aa3d89ac90d947ad89b42f07e580824b] 10.0.0.178 "GET /resource_providers/47efc825-ba67-4f73-9cc9-82ae21e7ca66/aggregates" status: 404 len: 235 microversion: 1.1 [pid: 8|app: 0|req: 486/960] 10.0.0.178 () {32 vars in 825 bytes} [Wed Jul 15 00:22:31 2026] GET /resource_providers/47efc825-ba67-4f73-9cc9-82ae21e7ca66/aggregates => generated 235 bytes in 12 msecs (HTTP/1.1 404) 5 headers in 202 bytes (1 switches on core 0)
2026-07-15 00:22:31.722 7 INFO placement.requestlog [None req-74d1e20a-3486-45db-a101-7349265bb3a0 d9f0e60b24a745cc996a0daf83cd76c7 f59ce5b07983421ba839e0e889dbc74f - - aa3d89ac90d947ad89b42f07e580824b aa3d89ac90d947ad89b42f07e580824b] 10.0.0.178 "GET /resource_providers/47efc825-ba67-4f73-9cc9-82ae21e7ca66/aggregates" status: 404 len: 235 microversion: 1.1 [pid: 7|app: 0|req: 475/961] 10.0.0.178 () {32 vars in 825 bytes} [Wed Jul 15 00:22:31 2026] GET /resource_providers/47efc825-ba67-4f73-9cc9-82ae21e7ca66/aggregates => generated 235 bytes in 15 msecs (HTTP/1.1 404) 5 headers in 202 bytes (1 switches on core 0)
2026-07-15 00:22:31.732 8 INFO placement.requestlog [None req-4eab3d74-7ff4-463d-95ba-c0daec39f307 d9f0e60b24a745cc996a0daf83cd76c7 f59ce5b07983421ba839e0e889dbc74f - - aa3d89ac90d947ad89b42f07e580824b aa3d89ac90d947ad89b42f07e580824b] 10.0.0.178 "DELETE /resource_providers/47efc825-ba67-4f73-9cc9-82ae21e7ca66" status: 404 len: 246 microversion: 1.1 [pid: 8|app: 0|req: 487/962] 10.0.0.178 () {34 vars in 825 bytes} [Wed Jul 15 00:22:31 2026] DELETE /resource_providers/47efc825-ba67-4f73-9cc9-82ae21e7ca66 => generated 246 bytes in 10 msecs (HTTP/1.1 404) 6 headers in 231 bytes (1 switches on core 0)
2026-07-15 00:22:31.758 7 INFO placement.requestlog [None req-215d1068-4ed5-49ef-b9ad-0350e453dbac d9f0e60b24a745cc996a0daf83cd76c7 f59ce5b07983421ba839e0e889dbc74f - - aa3d89ac90d947ad89b42f07e580824b aa3d89ac90d947ad89b42f07e580824b] 10.0.0.178 "DELETE /resource_providers/47efc825-ba67-4f73-9cc9-82ae21e7ca66" status: 404 len: 246 microversion: 1.1 [pid: 7|app: 0|req: 476/963] 10.0.0.178 () {34 vars in 825 bytes} [Wed Jul 15 00:22:31 2026] DELETE /resource_providers/47efc825-ba67-4f73-9cc9-82ae21e7ca66 => generated 246 bytes in 17 msecs (HTTP/1.1 404) 6 headers in 231 bytes (1 switches on core 0)
2026-07-15 00:22:32.365 8 INFO placement.requestlog [req-0d57317b-900e-4308-9b7a-f8d2866ca0d8 req-0bbe1797-a3cd-4f57-8a1c-53a8a5a416cc 043c2388f32e4def8d13ae8bc979f6d3 f59ce5b07983421ba839e0e889dbc74f - - aa3d89ac90d947ad89b42f07e580824b aa3d89ac90d947ad89b42f07e580824b] 199.19.213.9 "GET /resource_providers/566d0ecd-fb7e-449f-9061-3cdbc846d85b/allocations" status: 200 len: 153 microversion: 1.0 [pid: 8|app: 0|req: 488/964] 199.19.213.9 () {32 vars in 855 bytes} [Wed Jul 15 00:22:32 2026] GET /resource_providers/566d0ecd-fb7e-449f-9061-3cdbc846d85b/allocations => generated 153 bytes in 21 msecs (HTTP/1.1 200) 6 headers in 224 bytes (1 switches on core 0)
2026-07-15 00:22:32.459 7 INFO placement.requestlog [req-0d57317b-900e-4308-9b7a-f8d2866ca0d8 req-7abba1eb-e826-4cdf-90d8-ec45d621501f 043c2388f32e4def8d13ae8bc979f6d3 f59ce5b07983421ba839e0e889dbc74f - - aa3d89ac90d947ad89b42f07e580824b aa3d89ac90d947ad89b42f07e580824b] 199.19.213.9 "GET /resource_providers/566d0ecd-fb7e-449f-9061-3cdbc846d85b/allocations" status: 200 len: 153 microversion: 1.0 [pid: 7|app: 0|req: 477/965] 199.19.213.9 () {32 vars in 855 bytes} [Wed Jul 15 00:22:32 2026] GET /resource_providers/566d0ecd-fb7e-449f-9061-3cdbc846d85b/allocations => generated 153 bytes in 18 msecs (HTTP/1.1 200) 6 headers in 224 bytes (1 switches on core 0)
2026-07-15 00:22:32.480 8 INFO placement.requestlog [req-0d57317b-900e-4308-9b7a-f8d2866ca0d8 req-6c526ff3-7dc7-43d9-8d6a-a1ffa52e60d6 043c2388f32e4def8d13ae8bc979f6d3 f59ce5b07983421ba839e0e889dbc74f - - aa3d89ac90d947ad89b42f07e580824b aa3d89ac90d947ad89b42f07e580824b] 199.19.213.9 "GET /allocations/dd79cc1f-2c49-4d05-9712-d9916f56c64c" status: 200 len: 258 microversion: 1.28 [pid: 8|app: 0|req: 489/966] 199.19.213.9 () {34 vars in 861 bytes} [Wed Jul 15 00:22:32 2026] GET /allocations/dd79cc1f-2c49-4d05-9712-d9916f56c64c => generated 258 bytes in 12 msecs (HTTP/1.1 200) 8 headers in 296 bytes (1 switches on core 0)
2026-07-15 00:22:32.642 7 INFO placement.requestlog [None req-700f637b-de64-4eaf-af31-e63059e0704c d9f0e60b24a745cc996a0daf83cd76c7 f59ce5b07983421ba839e0e889dbc74f - - aa3d89ac90d947ad89b42f07e580824b aa3d89ac90d947ad89b42f07e580824b] 10.0.0.178 "GET /resource_providers/1ff7364f-d3fb-47e3-86cb-88cd43b8f71c/aggregates" status: 404 len: 235 microversion: 1.1
2026-07-15 00:22:32.643 8 INFO placement.requestlog [None req-fae54a81-030e-42de-81e3-0fd78c905c91 d9f0e60b24a745cc996a0daf83cd76c7 f59ce5b07983421ba839e0e889dbc74f - - aa3d89ac90d947ad89b42f07e580824b aa3d89ac90d947ad89b42f07e580824b] 10.0.0.178 "GET /resource_providers/1ff7364f-d3fb-47e3-86cb-88cd43b8f71c/aggregates" status: 404 len: 235 microversion: 1.1 [pid: 8|app: 0|req: 490/967] 10.0.0.178 () {32 vars in 825 bytes} [Wed Jul 15 00:22:32 2026] GET /resource_providers/1ff7364f-d3fb-47e3-86cb-88cd43b8f71c/aggregates => generated 235 bytes in 13 msecs (HTTP/1.1 404) 5 headers in 202 bytes (1 switches on core 0) [pid: 7|app: 0|req: 478/968] 10.0.0.178 () {32 vars in 825 bytes} [Wed Jul 15 00:22:32 2026] GET /resource_providers/1ff7364f-d3fb-47e3-86cb-88cd43b8f71c/aggregates => generated 235 bytes in 14 msecs (HTTP/1.1 404) 5 headers in 202 bytes (1 switches on core 0)
2026-07-15 00:22:32.674 8 INFO placement.requestlog [None req-f267d939-326d-444d-9732-fde5418ae7e5 d9f0e60b24a745cc996a0daf83cd76c7 f59ce5b07983421ba839e0e889dbc74f - - aa3d89ac90d947ad89b42f07e580824b aa3d89ac90d947ad89b42f07e580824b] 10.0.0.178 "DELETE /resource_providers/1ff7364f-d3fb-47e3-86cb-88cd43b8f71c" status: 404 len: 246 microversion: 1.1 [pid: 8|app: 0|req: 491/969] 10.0.0.178 () {34 vars in 825 bytes} [Wed Jul 15 00:22:32 2026] DELETE /resource_providers/1ff7364f-d3fb-47e3-86cb-88cd43b8f71c => generated 246 bytes in 8 msecs (HTTP/1.1 404) 6 headers in 231 bytes (1 switches on core 0)
2026-07-15 00:22:32.689 7 INFO placement.requestlog [None req-a2a05253-de15-47f0-9062-166e434e2e08 d9f0e60b24a745cc996a0daf83cd76c7 f59ce5b07983421ba839e0e889dbc74f - - aa3d89ac90d947ad89b42f07e580824b aa3d89ac90d947ad89b42f07e580824b] 10.0.0.178 "DELETE /resource_providers/1ff7364f-d3fb-47e3-86cb-88cd43b8f71c" status: 404 len: 246 microversion: 1.1 [pid: 7|app: 0|req: 479/970] 10.0.0.178 () {34 vars in 825 bytes} [Wed Jul 15 00:22:32 2026] DELETE /resource_providers/1ff7364f-d3fb-47e3-86cb-88cd43b8f71c => generated 246 bytes in 23 msecs (HTTP/1.1 404) 6 headers in 231 bytes (1 switches on core 0)
2026-07-15 00:22:33.758 8 INFO placement.requestlog [None req-d7b87eca-aff7-4c69-ac29-6de936ecbc52 d9f0e60b24a745cc996a0daf83cd76c7 f59ce5b07983421ba839e0e889dbc74f - - aa3d89ac90d947ad89b42f07e580824b aa3d89ac90d947ad89b42f07e580824b] 10.0.0.178 "GET /resource_providers/b2bd42f0-eb58-46c5-abef-3164ad56f8c0/aggregates" status: 404 len: 235 microversion: 1.1 [pid: 8|app: 0|req: 492/971] 10.0.0.178 () {32 vars in 825 bytes} [Wed Jul 15 00:22:33 2026] GET /resource_providers/b2bd42f0-eb58-46c5-abef-3164ad56f8c0/aggregates => generated 235 bytes in 10 msecs (HTTP/1.1 404) 5 headers in 202 bytes (1 switches on core 0)
2026-07-15 00:22:33.795 7 INFO placement.requestlog [None req-739f08e2-49db-4ebe-81c4-0d9e1565f706 d9f0e60b24a745cc996a0daf83cd76c7 f59ce5b07983421ba839e0e889dbc74f - - aa3d89ac90d947ad89b42f07e580824b aa3d89ac90d947ad89b42f07e580824b] 10.0.0.178 "GET /resource_providers/b2bd42f0-eb58-46c5-abef-3164ad56f8c0/aggregates" status: 404 len: 235 microversion: 1.1 [pid: 7|app: 0|req: 480/972] 10.0.0.178 () {32 vars in 825 bytes} [Wed Jul 15 00:22:33 2026] GET /resource_providers/b2bd42f0-eb58-46c5-abef-3164ad56f8c0/aggregates => generated 235 bytes in 26 msecs (HTTP/1.1 404) 5 headers in 202 bytes (1 switches on core 0)
2026-07-15 00:22:33.821 8 INFO placement.requestlog [None req-7c764292-9cbe-45dd-a5ae-2be009aa564d d9f0e60b24a745cc996a0daf83cd76c7 f59ce5b07983421ba839e0e889dbc74f - - aa3d89ac90d947ad89b42f07e580824b aa3d89ac90d947ad89b42f07e580824b] 10.0.0.178 "DELETE /resource_providers/b2bd42f0-eb58-46c5-abef-3164ad56f8c0" status: 404 len: 246 microversion: 1.1 [pid: 8|app: 0|req: 493/973] 10.0.0.178 () {34 vars in 825 bytes} [Wed Jul 15 00:22:33 2026] DELETE /resource_providers/b2bd42f0-eb58-46c5-abef-3164ad56f8c0 => generated 246 bytes in 15 msecs (HTTP/1.1 404) 6 headers in 231 bytes (1 switches on core 0)
2026-07-15 00:22:33.830 7 INFO placement.requestlog [None req-0d297306-35cc-4504-b602-15ae85c6f273 d9f0e60b24a745cc996a0daf83cd76c7 f59ce5b07983421ba839e0e889dbc74f - - aa3d89ac90d947ad89b42f07e580824b aa3d89ac90d947ad89b42f07e580824b] 10.0.0.178 "DELETE /resource_providers/b2bd42f0-eb58-46c5-abef-3164ad56f8c0" status: 404 len: 246 microversion: 1.1 [pid: 7|app: 0|req: 481/974] 10.0.0.178 () {34 vars in 825 bytes} [Wed Jul 15 00:22:33 2026] DELETE /resource_providers/b2bd42f0-eb58-46c5-abef-3164ad56f8c0 => generated 246 bytes in 18 msecs (HTTP/1.1 404) 6 headers in 231 bytes (1 switches on core 0)
2026-07-15 00:22:33.856 7 INFO placement.requestlog [None req-12bda0f9-4d58-4dca-862a-fc8d4bcfcdf7 d9f0e60b24a745cc996a0daf83cd76c7 f59ce5b07983421ba839e0e889dbc74f - - aa3d89ac90d947ad89b42f07e580824b aa3d89ac90d947ad89b42f07e580824b] 10.0.0.178 "GET /resource_providers/20792f10-6e51-4632-aaff-16c84ef10677/aggregates" status: 404 len: 235 microversion: 1.1 [pid: 7|app: 0|req: 482/975] 10.0.0.178 () {32 vars in 825 bytes} [Wed Jul 15 00:22:33 2026] GET /resource_providers/20792f10-6e51-4632-aaff-16c84ef10677/aggregates => generated 235 bytes in 9 msecs (HTTP/1.1 404) 5 headers in 202 bytes (1 switches on core 0)
2026-07-15 00:22:33.857 8 INFO placement.requestlog [None req-3776c15b-cfaf-48d8-8018-ed8eb208494c d9f0e60b24a745cc996a0daf83cd76c7 f59ce5b07983421ba839e0e889dbc74f - - aa3d89ac90d947ad89b42f07e580824b aa3d89ac90d947ad89b42f07e580824b] 10.0.0.178 "GET /resource_providers/20792f10-6e51-4632-aaff-16c84ef10677/aggregates" status: 404 len: 235 microversion: 1.1 [pid: 8|app: 0|req: 494/976] 10.0.0.178 () {32 vars in 825 bytes} [Wed Jul 15 00:22:33 2026] GET /resource_providers/20792f10-6e51-4632-aaff-16c84ef10677/aggregates => generated 235 bytes in 11 msecs (HTTP/1.1 404) 5 headers in 202 bytes (1 switches on core 0)
2026-07-15 00:22:33.909 7 INFO placement.requestlog [None req-0e7d83e5-6a57-4fae-a9ea-1956d21fa177 d9f0e60b24a745cc996a0daf83cd76c7 f59ce5b07983421ba839e0e889dbc74f - - aa3d89ac90d947ad89b42f07e580824b aa3d89ac90d947ad89b42f07e580824b] 10.0.0.178 "DELETE /resource_providers/20792f10-6e51-4632-aaff-16c84ef10677" status: 404 len: 246 microversion: 1.1 [pid: 7|app: 0|req: 483/977] 10.0.0.178 () {34 vars in 825 bytes} [Wed Jul 15 00:22:33 2026] DELETE /resource_providers/20792f10-6e51-4632-aaff-16c84ef10677 => generated 246 bytes in 11 msecs (HTTP/1.1 404) 6 headers in 231 bytes (1 switches on core 0)
2026-07-15 00:22:33.915 8 INFO placement.requestlog [None req-19c903f3-f61f-4af4-8106-ce0f765eb9b2 d9f0e60b24a745cc996a0daf83cd76c7 f59ce5b07983421ba839e0e889dbc74f - - aa3d89ac90d947ad89b42f07e580824b aa3d89ac90d947ad89b42f07e580824b] 10.0.0.178 "DELETE /resource_providers/20792f10-6e51-4632-aaff-16c84ef10677" status: 404 len: 246 microversion: 1.1 [pid: 8|app: 0|req: 495/978] 10.0.0.178 () {34 vars in 825 bytes} [Wed Jul 15 00:22:33 2026] DELETE /resource_providers/20792f10-6e51-4632-aaff-16c84ef10677 => generated 246 bytes in 16 msecs (HTTP/1.1 404) 6 headers in 231 bytes (1 switches on core 0)
2026-07-15 00:22:34.696 7 INFO placement.requestlog [None req-814518ca-33fb-40ed-8ed5-4989443881d7 d9f0e60b24a745cc996a0daf83cd76c7 f59ce5b07983421ba839e0e889dbc74f - - aa3d89ac90d947ad89b42f07e580824b aa3d89ac90d947ad89b42f07e580824b] 10.0.0.178 "GET /resource_providers/10a847cb-0fae-49a0-9616-6651e2c1d1e1/aggregates" status: 404 len: 235 microversion: 1.1 [pid: 7|app: 0|req: 484/979] 10.0.0.178 () {32 vars in 825 bytes} [Wed Jul 15 00:22:34 2026] GET /resource_providers/10a847cb-0fae-49a0-9616-6651e2c1d1e1/aggregates => generated 235 bytes in 12 msecs (HTTP/1.1 404) 5 headers in 202 bytes (1 switches on core 0)
2026-07-15 00:22:34.713 8 INFO placement.requestlog [None req-3097e672-c5bc-4d22-8a2a-9446fa06ff3f d9f0e60b24a745cc996a0daf83cd76c7 f59ce5b07983421ba839e0e889dbc74f - - aa3d89ac90d947ad89b42f07e580824b aa3d89ac90d947ad89b42f07e580824b] 10.0.0.178 "GET /resource_providers/10a847cb-0fae-49a0-9616-6651e2c1d1e1/aggregates" status: 404 len: 235 microversion: 1.1 [pid: 8|app: 0|req: 496/980] 10.0.0.178 () {32 vars in 825 bytes} [Wed Jul 15 00:22:34 2026] GET /resource_providers/10a847cb-0fae-49a0-9616-6651e2c1d1e1/aggregates => generated 235 bytes in 11 msecs (HTTP/1.1 404) 5 headers in 202 bytes (1 switches on core 0)
2026-07-15 00:22:34.718 7 INFO placement.requestlog [None req-b158d58e-58da-4b73-a483-2e85d75b2723 d9f0e60b24a745cc996a0daf83cd76c7 f59ce5b07983421ba839e0e889dbc74f - - aa3d89ac90d947ad89b42f07e580824b aa3d89ac90d947ad89b42f07e580824b] 10.0.0.178 "DELETE /resource_providers/10a847cb-0fae-49a0-9616-6651e2c1d1e1" status: 404 len: 246 microversion: 1.1 [pid: 7|app: 0|req: 485/981] 10.0.0.178 () {34 vars in 825 bytes} [Wed Jul 15 00:22:34 2026] DELETE /resource_providers/10a847cb-0fae-49a0-9616-6651e2c1d1e1 => generated 246 bytes in 15 msecs (HTTP/1.1 404) 6 headers in 231 bytes (1 switches on core 0)
2026-07-15 00:22:34.733 8 INFO placement.requestlog [None req-35c94d67-b1bb-407b-9ec2-80a37ad21a02 d9f0e60b24a745cc996a0daf83cd76c7 f59ce5b07983421ba839e0e889dbc74f - - aa3d89ac90d947ad89b42f07e580824b aa3d89ac90d947ad89b42f07e580824b] 10.0.0.178 "DELETE /resource_providers/10a847cb-0fae-49a0-9616-6651e2c1d1e1" status: 404 len: 246 microversion: 1.1 [pid: 8|app: 0|req: 497/982] 10.0.0.178 () {34 vars in 825 bytes} [Wed Jul 15 00:22:34 2026] DELETE /resource_providers/10a847cb-0fae-49a0-9616-6651e2c1d1e1 => generated 246 bytes in 12 msecs (HTTP/1.1 404) 6 headers in 231 bytes (1 switches on core 0)
2026-07-15 00:22:36.796 8 INFO placement.requestlog [None req-7ec9c8e2-3a48-4196-821b-96f1b54eeea8 - - - - - -] 10.0.0.180 "GET /" status: 200 len: 136 microversion: 1.0
2026-07-15 00:22:36.796 7 INFO placement.requestlog [None req-94db3d33-f250-4e02-9229-192fa38c822f - - - - - -] 10.0.0.180 "GET /" status: 200 len: 136 microversion: 1.0
2026-07-15 00:22:37.470 8 INFO placement.requestlog [req-4fd90b29-d609-46e9-a0fd-28f31f955fa1 req-d5626c09-b12d-4f3f-b660-61813713f759 043c2388f32e4def8d13ae8bc979f6d3 f59ce5b07983421ba839e0e889dbc74f - - aa3d89ac90d947ad89b42f07e580824b aa3d89ac90d947ad89b42f07e580824b] 10.0.0.228 "GET /allocation_candidates?limit=1000&resources=DISK_GB%3A1%2CMEMORY_MB%3A512%2CVCPU%3A1&root_required=%21COMPUTE_STATUS_DISABLED" status: 200 len: 2149 microversion: 1.36 [pid: 8|app: 0|req: 499/985] 10.0.0.228 () {34 vars in 1012 bytes} [Wed Jul 15 00:22:37 2026] GET /allocation_candidates?limit=1000&resources=DISK_GB%3A1%2CMEMORY_MB%3A512%2CVCPU%3A1&root_required=%21COMPUTE_STATUS_DISABLED => generated 2149 bytes in 48 msecs (HTTP/1.1 200) 8 headers in 297 bytes (1 switches on core 0)
2026-07-15 00:22:37.502 7 INFO placement.requestlog [req-4fd90b29-d609-46e9-a0fd-28f31f955fa1 req-508977d8-59f4-4dc3-9206-4fe32459e612 043c2388f32e4def8d13ae8bc979f6d3 f59ce5b07983421ba839e0e889dbc74f - - aa3d89ac90d947ad89b42f07e580824b aa3d89ac90d947ad89b42f07e580824b] 10.0.0.228 "GET /allocations/a98f8e43-b81a-4453-a9ea-1e62d750abdb" status: 200 len: 19 microversion: 1.28 [pid: 7|app: 0|req: 487/986] 10.0.0.228 () {34 vars in 861 bytes} [Wed Jul 15 00:22:37 2026] GET /allocations/a98f8e43-b81a-4453-a9ea-1e62d750abdb => generated 19 bytes in 17 msecs (HTTP/1.1 200) 8 headers in 295 bytes (1 switches on core 0)
2026-07-15 00:22:37.559 8 INFO placement.requestlog [req-4fd90b29-d609-46e9-a0fd-28f31f955fa1 req-285f9612-d1c4-4ed3-8f38-f5fc479831c1 043c2388f32e4def8d13ae8bc979f6d3 f59ce5b07983421ba839e0e889dbc74f - - aa3d89ac90d947ad89b42f07e580824b aa3d89ac90d947ad89b42f07e580824b] 10.0.0.228 "PUT /allocations/a98f8e43-b81a-4453-a9ea-1e62d750abdb" status: 204 len: 0 microversion: 1.36 [pid: 8|app: 0|req: 500/987] 10.0.0.228 () {38 vars in 914 bytes} [Wed Jul 15 00:22:37 2026] PUT /allocations/a98f8e43-b81a-4453-a9ea-1e62d750abdb => generated 0 bytes in 53 msecs (HTTP/1.1 204) 5 headers in 199 bytes (1 switches on core 0)
2026-07-15 00:22:37.793 7 INFO placement.requestlog [req-4fd90b29-d609-46e9-a0fd-28f31f955fa1 req-297514a8-6c3e-4f3a-b938-efd965cb69a7 043c2388f32e4def8d13ae8bc979f6d3 f59ce5b07983421ba839e0e889dbc74f - - aa3d89ac90d947ad89b42f07e580824b aa3d89ac90d947ad89b42f07e580824b] 199.19.213.9 "GET /allocations/a98f8e43-b81a-4453-a9ea-1e62d750abdb" status: 200 len: 258 microversion: 1.28 [pid: 7|app: 0|req: 488/988] 199.19.213.9 () {34 vars in 861 bytes} [Wed Jul 15 00:22:37 2026] GET /allocations/a98f8e43-b81a-4453-a9ea-1e62d750abdb => generated 258 bytes in 17 msecs (HTTP/1.1 200) 8 headers in 296 bytes (1 switches on core 0)
2026-07-15 00:22:37.931 8 INFO placement.requestlog [req-4fd90b29-d609-46e9-a0fd-28f31f955fa1 req-2dffc0ce-524c-4ce4-9567-fb2bb7581041 043c2388f32e4def8d13ae8bc979f6d3 f59ce5b07983421ba839e0e889dbc74f - - aa3d89ac90d947ad89b42f07e580824b aa3d89ac90d947ad89b42f07e580824b] 199.19.213.9 "GET /resource_providers/566d0ecd-fb7e-449f-9061-3cdbc846d85b/allocations" status: 200 len: 253 microversion: 1.0 [pid: 8|app: 0|req: 501/989] 199.19.213.9 () {32 vars in 855 bytes} [Wed Jul 15 00:22:37 2026] GET /resource_providers/566d0ecd-fb7e-449f-9061-3cdbc846d85b/allocations => generated 253 bytes in 22 msecs (HTTP/1.1 200) 6 headers in 224 bytes (1 switches on core 0)
2026-07-15 00:22:37.954 7 INFO placement.requestlog [req-4fd90b29-d609-46e9-a0fd-28f31f955fa1 req-8cbe75f5-df90-48e9-9688-0000288a3b01 043c2388f32e4def8d13ae8bc979f6d3 f59ce5b07983421ba839e0e889dbc74f - - aa3d89ac90d947ad89b42f07e580824b aa3d89ac90d947ad89b42f07e580824b] 199.19.213.9 "GET /allocations/dd79cc1f-2c49-4d05-9712-d9916f56c64c" status: 200 len: 258 microversion: 1.28 [pid: 7|app: 0|req: 489/990] 199.19.213.9 () {34 vars in 861 bytes} [Wed Jul 15 00:22:37 2026] GET /allocations/dd79cc1f-2c49-4d05-9712-d9916f56c64c => generated 258 bytes in 14 msecs (HTTP/1.1 200) 8 headers in 296 bytes (1 switches on core 0)
2026-07-15 00:22:37.975 8 INFO placement.requestlog [req-4fd90b29-d609-46e9-a0fd-28f31f955fa1 req-5c299977-7886-47d5-96aa-56b02dbea5bc 043c2388f32e4def8d13ae8bc979f6d3 f59ce5b07983421ba839e0e889dbc74f - - aa3d89ac90d947ad89b42f07e580824b aa3d89ac90d947ad89b42f07e580824b] 199.19.213.9 "GET /allocations/a98f8e43-b81a-4453-a9ea-1e62d750abdb" status: 200 len: 258 microversion: 1.28 [pid: 8|app: 0|req: 502/991] 199.19.213.9 () {34 vars in 861 bytes} [Wed Jul 15 00:22:37 2026] GET /allocations/a98f8e43-b81a-4453-a9ea-1e62d750abdb => generated 258 bytes in 13 msecs (HTTP/1.1 200) 8 headers in 296 bytes (1 switches on core 0)
2026-07-15 00:22:42.809 8 INFO placement.requestlog [None req-8b423fda-8b6b-43a5-93ea-48f0b77b71e0 d9f0e60b24a745cc996a0daf83cd76c7 f59ce5b07983421ba839e0e889dbc74f - - aa3d89ac90d947ad89b42f07e580824b aa3d89ac90d947ad89b42f07e580824b] 10.0.0.178 "GET /resource_providers/166cad99-c1b6-4dc6-9116-411d727cc3c4/aggregates" status: 404 len: 235 microversion: 1.1 [pid: 8|app: 0|req: 503/992] 10.0.0.178 () {32 vars in 825 bytes} [Wed Jul 15 00:22:42 2026] GET /resource_providers/166cad99-c1b6-4dc6-9116-411d727cc3c4/aggregates => generated 235 bytes in 9 msecs (HTTP/1.1 404) 5 headers in 202 bytes (1 switches on core 0)
2026-07-15 00:22:42.812 7 INFO placement.requestlog [None req-a935d26d-2fe2-4d91-94dc-25f83373cf96 d9f0e60b24a745cc996a0daf83cd76c7 f59ce5b07983421ba839e0e889dbc74f - - aa3d89ac90d947ad89b42f07e580824b aa3d89ac90d947ad89b42f07e580824b] 10.0.0.178 "GET /resource_providers/166cad99-c1b6-4dc6-9116-411d727cc3c4/aggregates" status: 404 len: 235 microversion: 1.1 [pid: 7|app: 0|req: 490/993] 10.0.0.178 () {32 vars in 825 bytes} [Wed Jul 15 00:22:42 2026] GET /resource_providers/166cad99-c1b6-4dc6-9116-411d727cc3c4/aggregates => generated 235 bytes in 14 msecs (HTTP/1.1 404) 5 headers in 202 bytes (1 switches on core 0)
2026-07-15 00:22:42.834 7 INFO placement.requestlog [None req-04aaf480-bbf4-4dd2-b343-87d211b67297 d9f0e60b24a745cc996a0daf83cd76c7 f59ce5b07983421ba839e0e889dbc74f - - aa3d89ac90d947ad89b42f07e580824b aa3d89ac90d947ad89b42f07e580824b] 10.0.0.178 "DELETE /resource_providers/166cad99-c1b6-4dc6-9116-411d727cc3c4" status: 404 len: 246 microversion: 1.1 [pid: 7|app: 0|req: 491/994] 10.0.0.178 () {34 vars in 825 bytes} [Wed Jul 15 00:22:42 2026] DELETE /resource_providers/166cad99-c1b6-4dc6-9116-411d727cc3c4 => generated 246 bytes in 14 msecs (HTTP/1.1 404) 6 headers in 231 bytes (1 switches on core 0)
2026-07-15 00:22:42.837 8 INFO placement.requestlog [None req-5190d414-2c70-44b7-9749-9ee603faeff2 d9f0e60b24a745cc996a0daf83cd76c7 f59ce5b07983421ba839e0e889dbc74f - - aa3d89ac90d947ad89b42f07e580824b aa3d89ac90d947ad89b42f07e580824b] 10.0.0.178 "DELETE /resource_providers/166cad99-c1b6-4dc6-9116-411d727cc3c4" status: 404 len: 246 microversion: 1.1 [pid: 8|app: 0|req: 504/995] 10.0.0.178 () {34 vars in 825 bytes} [Wed Jul 15 00:22:42 2026] DELETE /resource_providers/166cad99-c1b6-4dc6-9116-411d727cc3c4 => generated 246 bytes in 16 msecs (HTTP/1.1 404) 6 headers in 231 bytes (1 switches on core 0)
2026-07-15 00:22:46.795 8 INFO placement.requestlog [None req-469c71ba-ab7c-4967-a1b3-267e6256308d - - - - - -] 10.0.0.180 "GET /" status: 200 len: 136 microversion: 1.0
2026-07-15 00:22:46.796 7 INFO placement.requestlog [None req-2855eaac-3d5c-4548-bbe7-5319ff2101e1 - - - - - -] 10.0.0.180 "GET /" status: 200 len: 136 microversion: 1.0
2026-07-15 00:22:49.189 8 INFO placement.requestlog [None req-4751c6ce-6175-4b2c-b2e9-5d9fa1ad62fe d9f0e60b24a745cc996a0daf83cd76c7 f59ce5b07983421ba839e0e889dbc74f - - aa3d89ac90d947ad89b42f07e580824b aa3d89ac90d947ad89b42f07e580824b] 10.0.0.178 "GET /resource_providers/1dac46c5-1e7d-43d6-b457-6cab769bd7d7/aggregates" status: 404 len: 235 microversion: 1.1 [pid: 8|app: 0|req: 506/998] 10.0.0.178 () {32 vars in 825 bytes} [Wed Jul 15 00:22:49 2026] GET /resource_providers/1dac46c5-1e7d-43d6-b457-6cab769bd7d7/aggregates => generated 235 bytes in 10 msecs (HTTP/1.1 404) 5 headers in 202 bytes (1 switches on core 0)
2026-07-15 00:22:49.194 7 INFO placement.requestlog [None req-810051a4-580c-4883-ae3f-2166280d3b48 d9f0e60b24a745cc996a0daf83cd76c7 f59ce5b07983421ba839e0e889dbc74f - - aa3d89ac90d947ad89b42f07e580824b aa3d89ac90d947ad89b42f07e580824b] 10.0.0.178 "GET /resource_providers/1dac46c5-1e7d-43d6-b457-6cab769bd7d7/aggregates" status: 404 len: 235 microversion: 1.1 [pid: 7|app: 0|req: 493/999] 10.0.0.178 () {32 vars in 825 bytes} [Wed Jul 15 00:22:49 2026] GET /resource_providers/1dac46c5-1e7d-43d6-b457-6cab769bd7d7/aggregates => generated 235 bytes in 14 msecs (HTTP/1.1 404) 5 headers in 202 bytes (1 switches on core 0)
2026-07-15 00:22:49.210 7 INFO placement.requestlog [None req-5579d356-8d2a-44bc-b887-0e50b1833009 d9f0e60b24a745cc996a0daf83cd76c7 f59ce5b07983421ba839e0e889dbc74f - - aa3d89ac90d947ad89b42f07e580824b aa3d89ac90d947ad89b42f07e580824b] 10.0.0.178 "DELETE /resource_providers/1dac46c5-1e7d-43d6-b457-6cab769bd7d7" status: 404 len: 246 microversion: 1.1 [pid: 7|app: 0|req: 494/1000] 10.0.0.178 () {34 vars in 825 bytes} [Wed Jul 15 00:22:49 2026] DELETE /resource_providers/1dac46c5-1e7d-43d6-b457-6cab769bd7d7 => generated 246 bytes in 7 msecs (HTTP/1.1 404) 6 headers in 231 bytes (1 switches on core 0)
2026-07-15 00:22:49.213 8 INFO placement.requestlog [None req-4d7072f1-d9f5-4fdd-9090-daeb210689ec d9f0e60b24a745cc996a0daf83cd76c7 f59ce5b07983421ba839e0e889dbc74f - - aa3d89ac90d947ad89b42f07e580824b aa3d89ac90d947ad89b42f07e580824b] 10.0.0.178 "DELETE /resource_providers/1dac46c5-1e7d-43d6-b457-6cab769bd7d7" status: 404 len: 246 microversion: 1.1 [pid: 8|app: 0|req: 507/1001] 10.0.0.178 () {34 vars in 825 bytes} [Wed Jul 15 00:22:49 2026] DELETE /resource_providers/1dac46c5-1e7d-43d6-b457-6cab769bd7d7 => generated 246 bytes in 11 msecs (HTTP/1.1 404) 6 headers in 231 bytes (1 switches on core 0)
2026-07-15 00:22:51.518 7 INFO placement.requestlog [None req-0162e9c8-0f8c-4187-b41b-03c3a80d0f89 d9f0e60b24a745cc996a0daf83cd76c7 f59ce5b07983421ba839e0e889dbc74f - - aa3d89ac90d947ad89b42f07e580824b aa3d89ac90d947ad89b42f07e580824b] 10.0.0.178 "GET /resource_providers/70013281-fa53-49c1-8369-1d5d72a0b17d/aggregates" status: 404 len: 235 microversion: 1.1 [pid: 7|app: 0|req: 495/1002] 10.0.0.178 () {32 vars in 825 bytes} [Wed Jul 15 00:22:51 2026] GET /resource_providers/70013281-fa53-49c1-8369-1d5d72a0b17d/aggregates => generated 235 bytes in 12 msecs (HTTP/1.1 404) 5 headers in 202 bytes (1 switches on core 0)
2026-07-15 00:22:51.531 8 INFO placement.requestlog [None req-b7e85a8e-30d6-47e1-838c-b4fad898766f d9f0e60b24a745cc996a0daf83cd76c7 f59ce5b07983421ba839e0e889dbc74f - - aa3d89ac90d947ad89b42f07e580824b aa3d89ac90d947ad89b42f07e580824b] 10.0.0.178 "GET /resource_providers/70013281-fa53-49c1-8369-1d5d72a0b17d/aggregates" status: 404 len: 235 microversion: 1.1 [pid: 8|app: 0|req: 508/1003] 10.0.0.178 () {32 vars in 825 bytes} [Wed Jul 15 00:22:51 2026] GET /resource_providers/70013281-fa53-49c1-8369-1d5d72a0b17d/aggregates => generated 235 bytes in 26 msecs (HTTP/1.1 404) 5 headers in 202 bytes (1 switches on core 0)
2026-07-15 00:22:51.536 7 INFO placement.requestlog [None req-eacf28c0-ef10-4399-95fe-ecd4773e7ddc d9f0e60b24a745cc996a0daf83cd76c7 f59ce5b07983421ba839e0e889dbc74f - - aa3d89ac90d947ad89b42f07e580824b aa3d89ac90d947ad89b42f07e580824b] 10.0.0.178 "DELETE /resource_providers/70013281-fa53-49c1-8369-1d5d72a0b17d" status: 404 len: 246 microversion: 1.1 [pid: 7|app: 0|req: 496/1004] 10.0.0.178 () {34 vars in 825 bytes} [Wed Jul 15 00:22:51 2026] DELETE /resource_providers/70013281-fa53-49c1-8369-1d5d72a0b17d => generated 246 bytes in 10 msecs (HTTP/1.1 404) 6 headers in 231 bytes (1 switches on core 0)
2026-07-15 00:22:51.558 8 INFO placement.requestlog [None req-ddb89082-a917-4d42-a48f-2af75af116fb d9f0e60b24a745cc996a0daf83cd76c7 f59ce5b07983421ba839e0e889dbc74f - - aa3d89ac90d947ad89b42f07e580824b aa3d89ac90d947ad89b42f07e580824b] 10.0.0.178 "DELETE /resource_providers/70013281-fa53-49c1-8369-1d5d72a0b17d" status: 404 len: 246 microversion: 1.1 [pid: 8|app: 0|req: 509/1005] 10.0.0.178 () {34 vars in 825 bytes} [Wed Jul 15 00:22:51 2026] DELETE /resource_providers/70013281-fa53-49c1-8369-1d5d72a0b17d => generated 246 bytes in 20 msecs (HTTP/1.1 404) 6 headers in 231 bytes (1 switches on core 0)
2026-07-15 00:22:54.859 7 INFO placement.requestlog [None req-8a454d8d-4721-4f27-aadb-644b894228e8 d9f0e60b24a745cc996a0daf83cd76c7 f59ce5b07983421ba839e0e889dbc74f - - aa3d89ac90d947ad89b42f07e580824b aa3d89ac90d947ad89b42f07e580824b] 10.0.0.178 "GET /resource_providers/57e94157-9636-4c1c-b28f-df9a65c19c79/aggregates" status: 404 len: 235 microversion: 1.1 [pid: 7|app: 0|req: 497/1006] 10.0.0.178 () {32 vars in 825 bytes} [Wed Jul 15 00:22:54 2026] GET /resource_providers/57e94157-9636-4c1c-b28f-df9a65c19c79/aggregates => generated 235 bytes in 13 msecs (HTTP/1.1 404) 5 headers in 202 bytes (1 switches on core 0)
2026-07-15 00:22:54.870 8 INFO placement.requestlog [None req-23840e90-ccbe-49d0-aa7c-9477d63bdb96 d9f0e60b24a745cc996a0daf83cd76c7 f59ce5b07983421ba839e0e889dbc74f - - aa3d89ac90d947ad89b42f07e580824b aa3d89ac90d947ad89b42f07e580824b] 10.0.0.178 "GET /resource_providers/57e94157-9636-4c1c-b28f-df9a65c19c79/aggregates" status: 404 len: 235 microversion: 1.1 [pid: 8|app: 0|req: 510/1007] 10.0.0.178 () {32 vars in 825 bytes} [Wed Jul 15 00:22:54 2026] GET /resource_providers/57e94157-9636-4c1c-b28f-df9a65c19c79/aggregates => generated 235 bytes in 17 msecs (HTTP/1.1 404) 5 headers in 202 bytes (1 switches on core 0)
2026-07-15 00:22:54.885 7 INFO placement.requestlog [None req-ee5cae7c-c310-4eb8-8ecd-ebf9f3d86bba d9f0e60b24a745cc996a0daf83cd76c7 f59ce5b07983421ba839e0e889dbc74f - - aa3d89ac90d947ad89b42f07e580824b aa3d89ac90d947ad89b42f07e580824b] 10.0.0.178 "DELETE /resource_providers/57e94157-9636-4c1c-b28f-df9a65c19c79" status: 404 len: 246 microversion: 1.1 [pid: 7|app: 0|req: 498/1008] 10.0.0.178 () {34 vars in 825 bytes} [Wed Jul 15 00:22:54 2026] DELETE /resource_providers/57e94157-9636-4c1c-b28f-df9a65c19c79 => generated 246 bytes in 22 msecs (HTTP/1.1 404) 6 headers in 231 bytes (1 switches on core 0)
2026-07-15 00:22:54.931 8 INFO placement.requestlog [None req-25952bc1-119d-4d43-8da2-dac73454968d d9f0e60b24a745cc996a0daf83cd76c7 f59ce5b07983421ba839e0e889dbc74f - - aa3d89ac90d947ad89b42f07e580824b aa3d89ac90d947ad89b42f07e580824b] 10.0.0.178 "DELETE /resource_providers/57e94157-9636-4c1c-b28f-df9a65c19c79" status: 404 len: 246 microversion: 1.1 [pid: 8|app: 0|req: 511/1009] 10.0.0.178 () {34 vars in 825 bytes} [Wed Jul 15 00:22:54 2026] DELETE /resource_providers/57e94157-9636-4c1c-b28f-df9a65c19c79 => generated 246 bytes in 33 msecs (HTTP/1.1 404) 6 headers in 231 bytes (1 switches on core 0)
2026-07-15 00:22:56.796 8 INFO placement.requestlog [None req-6a876956-4d48-4637-b5a7-6fbddfb82773 - - - - - -] 10.0.0.180 "GET /" status: 200 len: 136 microversion: 1.0
2026-07-15 00:22:56.797 7 INFO placement.requestlog [None req-923c4234-4ad7-4fc9-b94c-b1b44078b1e6 - - - - - -] 10.0.0.180 "GET /" status: 200 len: 136 microversion: 1.0
2026-07-15 00:22:57.032 8 INFO placement.requestlog [req-3390c77a-6b6b-45f4-b155-4566c603d9a1 req-4e2bd196-00a5-4914-bf90-45360e8f4d77 043c2388f32e4def8d13ae8bc979f6d3 f59ce5b07983421ba839e0e889dbc74f - - aa3d89ac90d947ad89b42f07e580824b aa3d89ac90d947ad89b42f07e580824b] 199.19.213.9 "GET /resource_providers/566d0ecd-fb7e-449f-9061-3cdbc846d85b/allocations" status: 200 len: 253 microversion: 1.0 [pid: 8|app: 0|req: 513/1012] 199.19.213.9 () {32 vars in 855 bytes} [Wed Jul 15 00:22:57 2026] GET /resource_providers/566d0ecd-fb7e-449f-9061-3cdbc846d85b/allocations => generated 253 bytes in 19 msecs (HTTP/1.1 200) 6 headers in 224 bytes (1 switches on core 0)
2026-07-15 00:22:57.058 7 INFO placement.requestlog [req-3390c77a-6b6b-45f4-b155-4566c603d9a1 req-73ac00c7-6082-44fd-84f2-4d195e6373b1 043c2388f32e4def8d13ae8bc979f6d3 f59ce5b07983421ba839e0e889dbc74f - - aa3d89ac90d947ad89b42f07e580824b aa3d89ac90d947ad89b42f07e580824b] 199.19.213.9 "GET /allocations/dd79cc1f-2c49-4d05-9712-d9916f56c64c" status: 200 len: 258 microversion: 1.28 [pid: 7|app: 0|req: 500/1013] 199.19.213.9 () {34 vars in 861 bytes} [Wed Jul 15 00:22:57 2026] GET /allocations/dd79cc1f-2c49-4d05-9712-d9916f56c64c => generated 258 bytes in 17 msecs (HTTP/1.1 200) 8 headers in 296 bytes (1 switches on core 0)
2026-07-15 00:22:57.077 8 INFO placement.requestlog [req-3390c77a-6b6b-45f4-b155-4566c603d9a1 req-5e6df4f8-df89-4f94-a182-d90d803a34a2 043c2388f32e4def8d13ae8bc979f6d3 f59ce5b07983421ba839e0e889dbc74f - - aa3d89ac90d947ad89b42f07e580824b aa3d89ac90d947ad89b42f07e580824b] 199.19.213.9 "GET /allocations/a98f8e43-b81a-4453-a9ea-1e62d750abdb" status: 200 len: 258 microversion: 1.28 [pid: 8|app: 0|req: 514/1014] 199.19.213.9 () {34 vars in 861 bytes} [Wed Jul 15 00:22:57 2026] GET /allocations/a98f8e43-b81a-4453-a9ea-1e62d750abdb => generated 258 bytes in 11 msecs (HTTP/1.1 200) 8 headers in 296 bytes (1 switches on core 0)
2026-07-15 00:22:57.082 7 INFO placement.requestlog [None req-d9ea4a74-589c-4605-a37e-f6dc603932b1 d9f0e60b24a745cc996a0daf83cd76c7 f59ce5b07983421ba839e0e889dbc74f - - aa3d89ac90d947ad89b42f07e580824b aa3d89ac90d947ad89b42f07e580824b] 10.0.0.178 "GET /resource_providers/850dbe3e-5f6b-468d-911d-73dd4af20f55/aggregates" status: 404 len: 235 microversion: 1.1 [pid: 7|app: 0|req: 501/1015] 10.0.0.178 () {32 vars in 825 bytes} [Wed Jul 15 00:22:57 2026] GET /resource_providers/850dbe3e-5f6b-468d-911d-73dd4af20f55/aggregates => generated 235 bytes in 13 msecs (HTTP/1.1 404) 5 headers in 202 bytes (1 switches on core 0)
2026-07-15 00:22:57.085 8 INFO placement.requestlog [None req-e7d3e192-d935-44ca-b538-d6751b47a8d2 d9f0e60b24a745cc996a0daf83cd76c7 f59ce5b07983421ba839e0e889dbc74f - - aa3d89ac90d947ad89b42f07e580824b aa3d89ac90d947ad89b42f07e580824b] 10.0.0.178 "GET /resource_providers/850dbe3e-5f6b-468d-911d-73dd4af20f55/aggregates" status: 404 len: 235 microversion: 1.1 [pid: 8|app: 0|req: 515/1016] 10.0.0.178 () {32 vars in 825 bytes} [Wed Jul 15 00:22:57 2026] GET /resource_providers/850dbe3e-5f6b-468d-911d-73dd4af20f55/aggregates => generated 235 bytes in 7 msecs (HTTP/1.1 404) 5 headers in 202 bytes (1 switches on core 0)
2026-07-15 00:22:57.116 8 INFO placement.requestlog [None req-f64568cf-e1a8-45da-ba7e-984bf2fd11ed d9f0e60b24a745cc996a0daf83cd76c7 f59ce5b07983421ba839e0e889dbc74f - - aa3d89ac90d947ad89b42f07e580824b aa3d89ac90d947ad89b42f07e580824b] 10.0.0.178 "DELETE /resource_providers/850dbe3e-5f6b-468d-911d-73dd4af20f55" status: 404 len: 246 microversion: 1.1 [pid: 8|app: 0|req: 516/1017] 10.0.0.178 () {34 vars in 825 bytes} [Wed Jul 15 00:22:57 2026] DELETE /resource_providers/850dbe3e-5f6b-468d-911d-73dd4af20f55 => generated 246 bytes in 8 msecs (HTTP/1.1 404) 6 headers in 231 bytes (1 switches on core 0)
2026-07-15 00:22:57.126 8 INFO placement.requestlog [None req-187cd2cb-1d9f-4e15-a668-cad1fec1f5f3 d9f0e60b24a745cc996a0daf83cd76c7 f59ce5b07983421ba839e0e889dbc74f - - aa3d89ac90d947ad89b42f07e580824b aa3d89ac90d947ad89b42f07e580824b] 10.0.0.178 "DELETE /resource_providers/850dbe3e-5f6b-468d-911d-73dd4af20f55" status: 404 len: 246 microversion: 1.1 [pid: 8|app: 0|req: 517/1018] 10.0.0.178 () {34 vars in 825 bytes} [Wed Jul 15 00:22:57 2026] DELETE /resource_providers/850dbe3e-5f6b-468d-911d-73dd4af20f55 => generated 246 bytes in 9 msecs (HTTP/1.1 404) 6 headers in 231 bytes (1 switches on core 0)
2026-07-15 00:22:57.141 7 INFO placement.requestlog [req-3390c77a-6b6b-45f4-b155-4566c603d9a1 req-67d41e1a-2775-496e-b12f-e3cdf54fa20a 043c2388f32e4def8d13ae8bc979f6d3 f59ce5b07983421ba839e0e889dbc74f - - aa3d89ac90d947ad89b42f07e580824b aa3d89ac90d947ad89b42f07e580824b] 199.19.213.9 "DELETE /allocations/a98f8e43-b81a-4453-a9ea-1e62d750abdb" status: 204 len: 0 microversion: 1.0 [pid: 7|app: 0|req: 502/1019] 199.19.213.9 () {34 vars in 839 bytes} [Wed Jul 15 00:22:57 2026] DELETE /allocations/a98f8e43-b81a-4453-a9ea-1e62d750abdb => generated 0 bytes in 37 msecs (HTTP/1.1 204) 5 headers in 198 bytes (1 switches on core 0)
2026-07-15 00:22:59.420 8 INFO placement.requestlog [req-14f40cee-ce9c-439c-a582-5c9cd210b4bc req-e6264dd0-bffa-4aa6-8b25-2e56dcd1ce34 043c2388f32e4def8d13ae8bc979f6d3 f59ce5b07983421ba839e0e889dbc74f - - aa3d89ac90d947ad89b42f07e580824b aa3d89ac90d947ad89b42f07e580824b] 199.19.213.9 "GET /resource_providers/566d0ecd-fb7e-449f-9061-3cdbc846d85b/allocations" status: 200 len: 153 microversion: 1.0 [pid: 8|app: 0|req: 518/1020] 199.19.213.9 () {32 vars in 855 bytes} [Wed Jul 15 00:22:59 2026] GET /resource_providers/566d0ecd-fb7e-449f-9061-3cdbc846d85b/allocations => generated 153 bytes in 23 msecs (HTTP/1.1 200) 6 headers in 224 bytes (1 switches on core 0)
2026-07-15 00:22:59.446 7 INFO placement.requestlog [req-14f40cee-ce9c-439c-a582-5c9cd210b4bc req-b8d7cc36-6b26-49c4-b02e-27abc5b9fa1b 043c2388f32e4def8d13ae8bc979f6d3 f59ce5b07983421ba839e0e889dbc74f - - aa3d89ac90d947ad89b42f07e580824b aa3d89ac90d947ad89b42f07e580824b] 199.19.213.9 "GET /allocations/dd79cc1f-2c49-4d05-9712-d9916f56c64c" status: 200 len: 258 microversion: 1.28 [pid: 7|app: 0|req: 503/1021] 199.19.213.9 () {34 vars in 861 bytes} [Wed Jul 15 00:22:59 2026] GET /allocations/dd79cc1f-2c49-4d05-9712-d9916f56c64c => generated 258 bytes in 18 msecs (HTTP/1.1 200) 8 headers in 296 bytes (1 switches on core 0)
2026-07-15 00:22:59.505 8 INFO placement.requestlog [req-14f40cee-ce9c-439c-a582-5c9cd210b4bc req-b93cc5c1-e4a8-4e3f-a2ce-741f0cd64168 043c2388f32e4def8d13ae8bc979f6d3 f59ce5b07983421ba839e0e889dbc74f - - aa3d89ac90d947ad89b42f07e580824b aa3d89ac90d947ad89b42f07e580824b] 199.19.213.9 "DELETE /allocations/dd79cc1f-2c49-4d05-9712-d9916f56c64c" status: 204 len: 0 microversion: 1.0 [pid: 8|app: 0|req: 519/1022] 199.19.213.9 () {34 vars in 839 bytes} [Wed Jul 15 00:22:59 2026] DELETE /allocations/dd79cc1f-2c49-4d05-9712-d9916f56c64c => generated 0 bytes in 28 msecs (HTTP/1.1 204) 5 headers in 198 bytes (1 switches on core 0)
2026-07-15 00:23:03.017 7 INFO placement.requestlog [None req-2154578e-ae4a-448e-b866-68b83c51fb03 d9f0e60b24a745cc996a0daf83cd76c7 f59ce5b07983421ba839e0e889dbc74f - - aa3d89ac90d947ad89b42f07e580824b aa3d89ac90d947ad89b42f07e580824b] 10.0.0.178 "GET /resource_providers/9675656a-31ed-4962-b50e-e254cd8e8c6c/aggregates" status: 404 len: 235 microversion: 1.1 [pid: 7|app: 0|req: 504/1023] 10.0.0.178 () {32 vars in 825 bytes} [Wed Jul 15 00:23:03 2026] GET /resource_providers/9675656a-31ed-4962-b50e-e254cd8e8c6c/aggregates => generated 235 bytes in 14 msecs (HTTP/1.1 404) 5 headers in 202 bytes (1 switches on core 0)
2026-07-15 00:23:03.019 8 INFO placement.requestlog [None req-53e5bb42-4c80-416f-953d-615f2293ad18 d9f0e60b24a745cc996a0daf83cd76c7 f59ce5b07983421ba839e0e889dbc74f - - aa3d89ac90d947ad89b42f07e580824b aa3d89ac90d947ad89b42f07e580824b] 10.0.0.178 "GET /resource_providers/9675656a-31ed-4962-b50e-e254cd8e8c6c/aggregates" status: 404 len: 235 microversion: 1.1 [pid: 8|app: 0|req: 520/1024] 10.0.0.178 () {32 vars in 825 bytes} [Wed Jul 15 00:23:03 2026] GET /resource_providers/9675656a-31ed-4962-b50e-e254cd8e8c6c/aggregates => generated 235 bytes in 12 msecs (HTTP/1.1 404) 5 headers in 202 bytes (1 switches on core 0)
2026-07-15 00:23:03.050 7 INFO placement.requestlog [None req-e4005ce6-d6af-498d-ab0b-fe2815982d97 d9f0e60b24a745cc996a0daf83cd76c7 f59ce5b07983421ba839e0e889dbc74f - - aa3d89ac90d947ad89b42f07e580824b aa3d89ac90d947ad89b42f07e580824b] 10.0.0.178 "DELETE /resource_providers/9675656a-31ed-4962-b50e-e254cd8e8c6c" status: 404 len: 246 microversion: 1.1 [pid: 7|app: 0|req: 505/1025] 10.0.0.178 () {34 vars in 825 bytes} [Wed Jul 15 00:23:03 2026] DELETE /resource_providers/9675656a-31ed-4962-b50e-e254cd8e8c6c => generated 246 bytes in 10 msecs (HTTP/1.1 404) 6 headers in 231 bytes (1 switches on core 0)
2026-07-15 00:23:03.051 8 INFO placement.requestlog [None req-702abd3d-cb13-405a-a427-396ef0e8405a d9f0e60b24a745cc996a0daf83cd76c7 f59ce5b07983421ba839e0e889dbc74f - - aa3d89ac90d947ad89b42f07e580824b aa3d89ac90d947ad89b42f07e580824b] 10.0.0.178 "DELETE /resource_providers/9675656a-31ed-4962-b50e-e254cd8e8c6c" status: 404 len: 246 microversion: 1.1 [pid: 8|app: 0|req: 521/1026] 10.0.0.178 () {34 vars in 825 bytes} [Wed Jul 15 00:23:03 2026] DELETE /resource_providers/9675656a-31ed-4962-b50e-e254cd8e8c6c => generated 246 bytes in 12 msecs (HTTP/1.1 404) 6 headers in 231 bytes (1 switches on core 0)
2026-07-15 00:23:05.230 7 INFO placement.requestlog [None req-4e3baff0-ab8a-4599-ad39-f159819afaf5 d9f0e60b24a745cc996a0daf83cd76c7 f59ce5b07983421ba839e0e889dbc74f - - aa3d89ac90d947ad89b42f07e580824b aa3d89ac90d947ad89b42f07e580824b] 10.0.0.178 "GET /resource_providers/ffb001f8-57c7-4147-b501-1928559e7a71/aggregates" status: 404 len: 235 microversion: 1.1 [pid: 7|app: 0|req: 506/1027] 10.0.0.178 () {32 vars in 825 bytes} [Wed Jul 15 00:23:05 2026] GET /resource_providers/ffb001f8-57c7-4147-b501-1928559e7a71/aggregates => generated 235 bytes in 13 msecs (HTTP/1.1 404) 5 headers in 202 bytes (1 switches on core 0)
2026-07-15 00:23:05.237 8 INFO placement.requestlog [None req-d00cdb7f-afbf-4121-85be-614bf3c361c9 d9f0e60b24a745cc996a0daf83cd76c7 f59ce5b07983421ba839e0e889dbc74f - - aa3d89ac90d947ad89b42f07e580824b aa3d89ac90d947ad89b42f07e580824b] 10.0.0.178 "GET /resource_providers/ffb001f8-57c7-4147-b501-1928559e7a71/aggregates" status: 404 len: 235 microversion: 1.1 [pid: 8|app: 0|req: 522/1028] 10.0.0.178 () {32 vars in 825 bytes} [Wed Jul 15 00:23:05 2026] GET /resource_providers/ffb001f8-57c7-4147-b501-1928559e7a71/aggregates => generated 235 bytes in 12 msecs (HTTP/1.1 404) 5 headers in 202 bytes (1 switches on core 0)
2026-07-15 00:23:05.251 7 INFO placement.requestlog [None req-46721d6b-8597-4284-abcf-c9742314d39a d9f0e60b24a745cc996a0daf83cd76c7 f59ce5b07983421ba839e0e889dbc74f - - aa3d89ac90d947ad89b42f07e580824b aa3d89ac90d947ad89b42f07e580824b] 10.0.0.178 "DELETE /resource_providers/ffb001f8-57c7-4147-b501-1928559e7a71" status: 404 len: 246 microversion: 1.1 [pid: 7|app: 0|req: 507/1029] 10.0.0.178 () {34 vars in 825 bytes} [Wed Jul 15 00:23:05 2026] DELETE /resource_providers/ffb001f8-57c7-4147-b501-1928559e7a71 => generated 246 bytes in 16 msecs (HTTP/1.1 404) 6 headers in 231 bytes (1 switches on core 0)
2026-07-15 00:23:05.253 8 INFO placement.requestlog [None req-ed1d7c60-02e1-4ecc-aa28-382f8a1b6309 d9f0e60b24a745cc996a0daf83cd76c7 f59ce5b07983421ba839e0e889dbc74f - - aa3d89ac90d947ad89b42f07e580824b aa3d89ac90d947ad89b42f07e580824b] 10.0.0.178 "DELETE /resource_providers/ffb001f8-57c7-4147-b501-1928559e7a71" status: 404 len: 246 microversion: 1.1 [pid: 8|app: 0|req: 523/1030] 10.0.0.178 () {34 vars in 825 bytes} [Wed Jul 15 00:23:05 2026] DELETE /resource_providers/ffb001f8-57c7-4147-b501-1928559e7a71 => generated 246 bytes in 9 msecs (HTTP/1.1 404) 6 headers in 231 bytes (1 switches on core 0)
2026-07-15 00:23:05.956 7 INFO placement.requestlog [None req-3f2aa2bb-ec97-48eb-b194-669338521f21 d9f0e60b24a745cc996a0daf83cd76c7 f59ce5b07983421ba839e0e889dbc74f - - aa3d89ac90d947ad89b42f07e580824b aa3d89ac90d947ad89b42f07e580824b] 10.0.0.178 "GET /resource_providers/5866f2db-3afd-4b01-a592-4ed51433e217/aggregates" status: 404 len: 235 microversion: 1.1
2026-07-15 00:23:05.957 8 INFO placement.requestlog [None req-6381bf68-578c-405b-8ac9-1498b7cf84cb d9f0e60b24a745cc996a0daf83cd76c7 f59ce5b07983421ba839e0e889dbc74f - - aa3d89ac90d947ad89b42f07e580824b aa3d89ac90d947ad89b42f07e580824b] 10.0.0.178 "GET /resource_providers/5866f2db-3afd-4b01-a592-4ed51433e217/aggregates" status: 404 len: 235 microversion: 1.1 [pid: 8|app: 0|req: 524/1032] 10.0.0.178 () {32 vars in 825 bytes} [Wed Jul 15 00:23:05 2026] GET /resource_providers/5866f2db-3afd-4b01-a592-4ed51433e217/aggregates => generated 235 bytes in 11 msecs (HTTP/1.1 404) 5 headers in 202 bytes (1 switches on core 0) [pid: 7|app: 0|req: 508/1032] 10.0.0.178 () {32 vars in 825 bytes} [Wed Jul 15 00:23:05 2026] GET /resource_providers/5866f2db-3afd-4b01-a592-4ed51433e217/aggregates => generated 235 bytes in 11 msecs (HTTP/1.1 404) 5 headers in 202 bytes (1 switches on core 0)
2026-07-15 00:23:05.986 7 INFO placement.requestlog [None req-855b2744-9ac7-46b4-baee-c640512d7c47 d9f0e60b24a745cc996a0daf83cd76c7 f59ce5b07983421ba839e0e889dbc74f - - aa3d89ac90d947ad89b42f07e580824b aa3d89ac90d947ad89b42f07e580824b] 10.0.0.178 "DELETE /resource_providers/5866f2db-3afd-4b01-a592-4ed51433e217" status: 404 len: 246 microversion: 1.1
2026-07-15 00:23:05.987 8 INFO placement.requestlog [None req-a035457b-4dca-47d7-b820-ae757becffae d9f0e60b24a745cc996a0daf83cd76c7 f59ce5b07983421ba839e0e889dbc74f - - aa3d89ac90d947ad89b42f07e580824b aa3d89ac90d947ad89b42f07e580824b] 10.0.0.178 "DELETE /resource_providers/5866f2db-3afd-4b01-a592-4ed51433e217" status: 404 len: 246 microversion: 1.1 [pid: 8|app: 0|req: 525/1034] 10.0.0.178 () {34 vars in 825 bytes} [Wed Jul 15 00:23:05 2026] DELETE /resource_providers/5866f2db-3afd-4b01-a592-4ed51433e217 => generated 246 bytes in 12 msecs (HTTP/1.1 404) 6 headers in 231 bytes (1 switches on core 0) [pid: 7|app: 0|req: 509/1034] 10.0.0.178 () {34 vars in 825 bytes} [Wed Jul 15 00:23:05 2026] DELETE /resource_providers/5866f2db-3afd-4b01-a592-4ed51433e217 => generated 246 bytes in 12 msecs (HTTP/1.1 404) 6 headers in 231 bytes (1 switches on core 0)
2026-07-15 00:23:06.797 8 INFO placement.requestlog [None req-aa250fe7-d3ba-4f79-aa8a-343cb767ed85 - - - - - -] 10.0.0.180 "GET /" status: 200 len: 136 microversion: 1.0
2026-07-15 00:23:06.797 7 INFO placement.requestlog [None req-1163a2c9-93e1-4732-a3e2-a7481aabcc95 - - - - - -] 10.0.0.180 "GET /" status: 200 len: 136 microversion: 1.0
2026-07-15 00:23:08.108 7 INFO placement.requestlog [None req-c4c041ed-7316-40b2-81fe-69338036f977 d9f0e60b24a745cc996a0daf83cd76c7 f59ce5b07983421ba839e0e889dbc74f - - aa3d89ac90d947ad89b42f07e580824b aa3d89ac90d947ad89b42f07e580824b] 10.0.0.178 "GET /resource_providers/d1fdc1ad-bbcf-4002-bdfc-6b93d25312a4/aggregates" status: 404 len: 235 microversion: 1.1 [pid: 7|app: 0|req: 511/1037] 10.0.0.178 () {32 vars in 825 bytes} [Wed Jul 15 00:23:08 2026] GET /resource_providers/d1fdc1ad-bbcf-4002-bdfc-6b93d25312a4/aggregates => generated 235 bytes in 14 msecs (HTTP/1.1 404) 5 headers in 202 bytes (1 switches on core 0)
2026-07-15 00:23:08.112 8 INFO placement.requestlog [None req-42a759ac-6df9-4641-911e-a2efe0c2f8f7 d9f0e60b24a745cc996a0daf83cd76c7 f59ce5b07983421ba839e0e889dbc74f - - aa3d89ac90d947ad89b42f07e580824b aa3d89ac90d947ad89b42f07e580824b] 10.0.0.178 "GET /resource_providers/d1fdc1ad-bbcf-4002-bdfc-6b93d25312a4/aggregates" status: 404 len: 235 microversion: 1.1 [pid: 8|app: 0|req: 527/1038] 10.0.0.178 () {32 vars in 825 bytes} [Wed Jul 15 00:23:08 2026] GET /resource_providers/d1fdc1ad-bbcf-4002-bdfc-6b93d25312a4/aggregates => generated 235 bytes in 11 msecs (HTTP/1.1 404) 5 headers in 202 bytes (1 switches on core 0)
2026-07-15 00:23:08.150 8 INFO placement.requestlog [None req-ffd3c30d-c8cb-412b-88aa-534eb897735d d9f0e60b24a745cc996a0daf83cd76c7 f59ce5b07983421ba839e0e889dbc74f - - aa3d89ac90d947ad89b42f07e580824b aa3d89ac90d947ad89b42f07e580824b] 10.0.0.178 "DELETE /resource_providers/d1fdc1ad-bbcf-4002-bdfc-6b93d25312a4" status: 404 len: 246 microversion: 1.1 [pid: 8|app: 0|req: 528/1039] 10.0.0.178 () {34 vars in 825 bytes} [Wed Jul 15 00:23:08 2026] DELETE /resource_providers/d1fdc1ad-bbcf-4002-bdfc-6b93d25312a4 => generated 246 bytes in 19 msecs (HTTP/1.1 404) 6 headers in 231 bytes (1 switches on core 0)
