2026-07-15 00:16:06.798 8 INFO placement.requestlog [None req-fd8f6ef7-592b-427a-9251-cf19458a620b - - - - - -] 10.0.0.180 "GET /" status: 200 len: 136 microversion: 1.0
2026-07-15 00:16:16.796 8 INFO placement.requestlog [None req-9a21eaf6-33a2-43aa-aca5-bba0b9b19851 - - - - - -] 10.0.0.180 "GET /" status: 200 len: 136 microversion: 1.0
2026-07-15 00:16:16.796 7 INFO placement.requestlog [None req-c8dcd543-7da8-4489-9cf2-b8412cd9d94d - - - - - -] 10.0.0.180 "GET /" status: 200 len: 136 microversion: 1.0
2026-07-15 00:16:21.166 8 INFO placement.requestlog [req-b69fb1c2-2505-45a2-ad44-3af88fb0a336 req-a9185551-db40-4aab-89ce-57578b4b60d4 043c2388f32e4def8d13ae8bc979f6d3 f59ce5b07983421ba839e0e889dbc74f - - aa3d89ac90d947ad89b42f07e580824b aa3d89ac90d947ad89b42f07e580824b] 199.19.213.9 "GET /resource_providers/566d0ecd-fb7e-449f-9061-3cdbc846d85b/allocations" status: 200 len: 54 microversion: 1.0 [pid: 8|app: 0|req: 292/584] 199.19.213.9 () {32 vars in 855 bytes} [Wed Jul 15 00:16:21 2026] GET /resource_providers/566d0ecd-fb7e-449f-9061-3cdbc846d85b/allocations => generated 54 bytes in 31 msecs (HTTP/1.1 200) 6 headers in 223 bytes (1 switches on core 0)
2026-07-15 00:16:21.197 7 INFO placement.requestlog [req-b69fb1c2-2505-45a2-ad44-3af88fb0a336 req-3402faca-2a0f-4f46-ae9a-791bb87b7c1d 043c2388f32e4def8d13ae8bc979f6d3 f59ce5b07983421ba839e0e889dbc74f - - aa3d89ac90d947ad89b42f07e580824b aa3d89ac90d947ad89b42f07e580824b] 199.19.213.9 "GET /resource_providers/566d0ecd-fb7e-449f-9061-3cdbc846d85b/allocations" status: 200 len: 54 microversion: 1.0 [pid: 7|app: 0|req: 293/585] 199.19.213.9 () {32 vars in 855 bytes} [Wed Jul 15 00:16:21 2026] GET /resource_providers/566d0ecd-fb7e-449f-9061-3cdbc846d85b/allocations => generated 54 bytes in 21 msecs (HTTP/1.1 200) 6 headers in 223 bytes (1 switches on core 0)
2026-07-15 00:16:26.796 8 INFO placement.requestlog [None req-7282ca5b-5bb3-4e5f-94cd-1be0ab1ce1c5 - - - - - -] 10.0.0.180 "GET /" status: 200 len: 136 microversion: 1.0
2026-07-15 00:16:26.797 7 INFO placement.requestlog [None req-eaf7b7d9-856f-410d-a3de-bad37768a86a - - - - - -] 10.0.0.180 "GET /" status: 200 len: 136 microversion: 1.0
2026-07-15 00:16:36.796 8 INFO placement.requestlog [None req-e6a2c93b-90e4-4ebb-8286-f8275307efc1 - - - - - -] 10.0.0.180 "GET /" status: 200 len: 136 microversion: 1.0
2026-07-15 00:16:36.797 7 INFO placement.requestlog [None req-c54ed95f-56c9-43c4-ab8f-4dafd0a16471 - - - - - -] 10.0.0.180 "GET /" status: 200 len: 136 microversion: 1.0
2026-07-15 00:16:46.796 8 INFO placement.requestlog [None req-d3df7046-cba9-4b14-a950-985899a46f57 - - - - - -] 10.0.0.180 "GET /" status: 200 len: 136 microversion: 1.0
2026-07-15 00:16:46.796 7 INFO placement.requestlog [None req-fca3a714-fc92-42de-a532-94cd0e021dcb - - - - - -] 10.0.0.180 "GET /" status: 200 len: 136 microversion: 1.0
2026-07-15 00:16:56.796 8 INFO placement.requestlog [None req-f38472da-8464-42ba-b19d-8fcc514afa49 - - - - - -] 10.0.0.180 "GET /" status: 200 len: 136 microversion: 1.0
2026-07-15 00:16:56.796 7 INFO placement.requestlog [None req-1622f330-cb5f-4c3c-bd0d-8e924b5df4db - - - - - -] 10.0.0.180 "GET /" status: 200 len: 136 microversion: 1.0
2026-07-15 00:17:06.796 7 INFO placement.requestlog [None req-02db0d44-8952-4665-b9ef-fa44ca0864ce - - - - - -] 10.0.0.180 "GET /" status: 200 len: 136 microversion: 1.0
2026-07-15 00:17:06.796 8 INFO placement.requestlog [None req-2579eb46-3d27-41e5-b990-900d77654f23 - - - - - -] 10.0.0.180 "GET /" status: 200 len: 136 microversion: 1.0
2026-07-15 00:17:16.796 7 INFO placement.requestlog [None req-71a317ef-2eee-40a0-ada9-0a54ec585d5b - - - - - -] 10.0.0.180 "GET /" status: 200 len: 136 microversion: 1.0
2026-07-15 00:17:16.796 8 INFO placement.requestlog [None req-ee068d65-1323-4ae2-be6e-c28662b7a16b - - - - - -] 10.0.0.180 "GET /" status: 200 len: 136 microversion: 1.0
2026-07-15 00:17:23.146 7 INFO placement.requestlog [req-6eb37eac-fbe4-4799-9e7e-48f26025232a req-38e871ae-6fcb-4638-97bc-b94d39b676e1 043c2388f32e4def8d13ae8bc979f6d3 f59ce5b07983421ba839e0e889dbc74f - - aa3d89ac90d947ad89b42f07e580824b aa3d89ac90d947ad89b42f07e580824b] 199.19.213.9 "GET /resource_providers/566d0ecd-fb7e-449f-9061-3cdbc846d85b/allocations" status: 200 len: 54 microversion: 1.0 [pid: 7|app: 0|req: 300/598] 199.19.213.9 () {32 vars in 855 bytes} [Wed Jul 15 00:17:23 2026] GET /resource_providers/566d0ecd-fb7e-449f-9061-3cdbc846d85b/allocations => generated 54 bytes in 18 msecs (HTTP/1.1 200) 6 headers in 223 bytes (1 switches on core 0)
2026-07-15 00:17:23.172 8 INFO placement.requestlog [req-6eb37eac-fbe4-4799-9e7e-48f26025232a req-5e5b19a8-7cea-4e72-9470-73bea3a300bd 043c2388f32e4def8d13ae8bc979f6d3 f59ce5b07983421ba839e0e889dbc74f - - aa3d89ac90d947ad89b42f07e580824b aa3d89ac90d947ad89b42f07e580824b] 199.19.213.9 "GET /resource_providers/566d0ecd-fb7e-449f-9061-3cdbc846d85b/allocations" status: 200 len: 54 microversion: 1.0 [pid: 8|app: 0|req: 299/599] 199.19.213.9 () {32 vars in 855 bytes} [Wed Jul 15 00:17:23 2026] GET /resource_providers/566d0ecd-fb7e-449f-9061-3cdbc846d85b/allocations => generated 54 bytes in 16 msecs (HTTP/1.1 200) 6 headers in 223 bytes (1 switches on core 0)
2026-07-15 00:17:26.795 7 INFO placement.requestlog [None req-dfee0126-07db-45b8-b880-f0c07e74eb29 - - - - - -] 10.0.0.180 "GET /" status: 200 len: 136 microversion: 1.0
2026-07-15 00:17:26.796 8 INFO placement.requestlog [None req-8a0317ce-e6bf-48e8-aadd-95fda9a57634 - - - - - -] 10.0.0.180 "GET /" status: 200 len: 136 microversion: 1.0
2026-07-15 00:17:36.797 8 INFO placement.requestlog [None req-d4fbd1ee-84e5-4318-b3b0-df00842791d0 - - - - - -] 10.0.0.180 "GET /" status: 200 len: 136 microversion: 1.0
2026-07-15 00:17:36.797 7 INFO placement.requestlog [None req-24f03f44-b125-49a3-b3f1-c5fed66e5c03 - - - - - -] 10.0.0.180 "GET /" status: 200 len: 136 microversion: 1.0
2026-07-15 00:17:46.796 7 INFO placement.requestlog [None req-7d278f4f-d3de-4e49-adf8-0bb9ba4cfe4f - - - - - -] 10.0.0.180 "GET /" status: 200 len: 136 microversion: 1.0
2026-07-15 00:17:46.797 8 INFO placement.requestlog [None req-efd166d6-2d24-405c-b0fa-3f472c440b3b - - - - - -] 10.0.0.180 "GET /" status: 200 len: 136 microversion: 1.0
2026-07-15 00:17:56.796 7 INFO placement.requestlog [None req-9d126c04-2d32-4663-b86d-1e89b965c0fe - - - - - -] 10.0.0.180 "GET /" status: 200 len: 136 microversion: 1.0
2026-07-15 00:17:56.796 8 INFO placement.requestlog [None req-d431a252-b939-415f-94db-3e3ed09fb456 - - - - - -] 10.0.0.180 "GET /" status: 200 len: 136 microversion: 1.0
2026-07-15 00:18:06.796 8 INFO placement.requestlog [None req-546c8f2a-fc92-4a4b-bdae-d791cf379fce - - - - - -] 10.0.0.180 "GET /" status: 200 len: 136 microversion: 1.0
2026-07-15 00:18:06.797 7 INFO placement.requestlog [None req-e5f6ac0a-98de-49a5-90cb-dd726b1f901c - - - - - -] 10.0.0.180 "GET /" status: 200 len: 136 microversion: 1.0
2026-07-15 00:18:16.797 8 INFO placement.requestlog [None req-8ab29774-d570-44d7-ada5-d71c89193a67 - - - - - -] 10.0.0.180 "GET /" status: 200 len: 136 microversion: 1.0
2026-07-15 00:18:16.797 7 INFO placement.requestlog [None req-51300e44-b450-44bd-8709-a83652af6d03 - - - - - -] 10.0.0.180 "GET /" status: 200 len: 136 microversion: 1.0
2026-07-15 00:18:24.162 8 INFO placement.requestlog [req-ed5f615d-2690-47d6-9502-a6cc31de43ee req-db49b6a3-3c4c-4eb7-833b-e105387ce93f 043c2388f32e4def8d13ae8bc979f6d3 f59ce5b07983421ba839e0e889dbc74f - - aa3d89ac90d947ad89b42f07e580824b aa3d89ac90d947ad89b42f07e580824b] 199.19.213.9 "GET /resource_providers/566d0ecd-fb7e-449f-9061-3cdbc846d85b/allocations" status: 200 len: 54 microversion: 1.0 [pid: 8|app: 0|req: 306/612] 199.19.213.9 () {32 vars in 855 bytes} [Wed Jul 15 00:18:24 2026] GET /resource_providers/566d0ecd-fb7e-449f-9061-3cdbc846d85b/allocations => generated 54 bytes in 20 msecs (HTTP/1.1 200) 6 headers in 223 bytes (1 switches on core 0)
2026-07-15 00:18:24.198 7 INFO placement.requestlog [req-ed5f615d-2690-47d6-9502-a6cc31de43ee req-88d55b20-31e5-487d-8d89-bbda32fc4ed6 043c2388f32e4def8d13ae8bc979f6d3 f59ce5b07983421ba839e0e889dbc74f - - aa3d89ac90d947ad89b42f07e580824b aa3d89ac90d947ad89b42f07e580824b] 199.19.213.9 "GET /resource_providers/566d0ecd-fb7e-449f-9061-3cdbc846d85b/allocations" status: 200 len: 54 microversion: 1.0 [pid: 7|app: 0|req: 307/613] 199.19.213.9 () {32 vars in 855 bytes} [Wed Jul 15 00:18:24 2026] GET /resource_providers/566d0ecd-fb7e-449f-9061-3cdbc846d85b/allocations => generated 54 bytes in 20 msecs (HTTP/1.1 200) 6 headers in 223 bytes (1 switches on core 0)
2026-07-15 00:18:26.797 7 INFO placement.requestlog [None req-93bcf9b5-3a38-47f2-9c43-bd15bf4d7b75 - - - - - -] 10.0.0.180 "GET /" status: 200 len: 136 microversion: 1.0
2026-07-15 00:18:26.797 8 INFO placement.requestlog [None req-91884fd0-451b-4382-a359-24613efccfac - - - - - -] 10.0.0.180 "GET /" status: 200 len: 136 microversion: 1.0
2026-07-15 00:18:36.796 7 INFO placement.requestlog [None req-11242aae-38fb-45de-8c4c-80c5c5b35364 - - - - - -] 10.0.0.180 "GET /" status: 200 len: 136 microversion: 1.0
2026-07-15 00:18:36.797 8 INFO placement.requestlog [None req-3da2aa58-9736-44b7-a2df-9ad38cf14b61 - - - - - -] 10.0.0.180 "GET /" status: 200 len: 136 microversion: 1.0
2026-07-15 00:18:46.796 7 INFO placement.requestlog [None req-ea45bfd3-65bf-492e-9d91-a2040d16c858 - - - - - -] 10.0.0.180 "GET /" status: 200 len: 136 microversion: 1.0
2026-07-15 00:18:46.796 8 INFO placement.requestlog [None req-59032e86-d28c-4f1b-86cc-4c544d43ffbd - - - - - -] 10.0.0.180 "GET /" status: 200 len: 136 microversion: 1.0
2026-07-15 00:18:56.797 8 INFO placement.requestlog [None req-348e2a9e-0ac1-46a8-95e0-786d6e3b51f6 - - - - - -] 10.0.0.180 "GET /" status: 200 len: 136 microversion: 1.0
2026-07-15 00:18:56.797 7 INFO placement.requestlog [None req-bf9236ab-e928-4f1e-a3ca-6fe36e25d298 - - - - - -] 10.0.0.180 "GET /" status: 200 len: 136 microversion: 1.0
2026-07-15 00:19:06.797 8 INFO placement.requestlog [None req-88524286-a430-4b72-9e23-ff89b8154929 - - - - - -] 10.0.0.180 "GET /" status: 200 len: 136 microversion: 1.0
2026-07-15 00:19:06.797 7 INFO placement.requestlog [None req-6ab19cad-48f8-4ae6-bc83-1df8c501e970 - - - - - -] 10.0.0.180 "GET /" status: 200 len: 136 microversion: 1.0
2026-07-15 00:19:16.796 8 INFO placement.requestlog [None req-db640bfc-c6c0-4f26-bbe9-5816df498ba8 - - - - - -] 10.0.0.180 "GET /" status: 200 len: 136 microversion: 1.0
2026-07-15 00:19:16.796 7 INFO placement.requestlog [None req-4eb401af-b75c-4ef2-a936-ebabddb4b24a - - - - - -] 10.0.0.180 "GET /" status: 200 len: 136 microversion: 1.0
2026-07-15 00:19:26.110 8 INFO placement.requestlog [req-e16a4427-151a-439c-bc94-3e9d434ef51c req-a0c70cc2-b8a1-41fb-a7e5-6f1c75dc010c 043c2388f32e4def8d13ae8bc979f6d3 f59ce5b07983421ba839e0e889dbc74f - - aa3d89ac90d947ad89b42f07e580824b aa3d89ac90d947ad89b42f07e580824b] 199.19.213.9 "GET /resource_providers/566d0ecd-fb7e-449f-9061-3cdbc846d85b/allocations" status: 200 len: 54 microversion: 1.0 [pid: 8|app: 0|req: 313/626] 199.19.213.9 () {32 vars in 855 bytes} [Wed Jul 15 00:19:26 2026] GET /resource_providers/566d0ecd-fb7e-449f-9061-3cdbc846d85b/allocations => generated 54 bytes in 16 msecs (HTTP/1.1 200) 6 headers in 223 bytes (1 switches on core 0)
2026-07-15 00:19:26.154 7 INFO placement.requestlog [req-e16a4427-151a-439c-bc94-3e9d434ef51c req-12eab842-1cb2-48f2-8fe7-d343bc3c1de5 043c2388f32e4def8d13ae8bc979f6d3 f59ce5b07983421ba839e0e889dbc74f - - aa3d89ac90d947ad89b42f07e580824b aa3d89ac90d947ad89b42f07e580824b] 199.19.213.9 "GET /resource_providers/566d0ecd-fb7e-449f-9061-3cdbc846d85b/allocations" status: 200 len: 54 microversion: 1.0 [pid: 7|app: 0|req: 314/627] 199.19.213.9 () {32 vars in 855 bytes} [Wed Jul 15 00:19:26 2026] GET /resource_providers/566d0ecd-fb7e-449f-9061-3cdbc846d85b/allocations => generated 54 bytes in 14 msecs (HTTP/1.1 200) 6 headers in 223 bytes (1 switches on core 0)
2026-07-15 00:19:26.796 8 INFO placement.requestlog [None req-19f2444c-7e6e-4b56-a9d2-226ae5e74a99 - - - - - -] 10.0.0.180 "GET /" status: 200 len: 136 microversion: 1.0
2026-07-15 00:19:26.797 7 INFO placement.requestlog [None req-02ee4d58-bd8a-4fd0-92ac-1e8c8c0ce68f - - - - - -] 10.0.0.180 "GET /" status: 200 len: 136 microversion: 1.0
2026-07-15 00:19:36.796 8 INFO placement.requestlog [None req-ef3e6bec-a03a-4500-a52b-eb2a03f13847 - - - - - -] 10.0.0.180 "GET /" status: 200 len: 136 microversion: 1.0
2026-07-15 00:19:36.797 7 INFO placement.requestlog [None req-245bb10c-d15a-4c7f-a143-42bd337bcb15 - - - - - -] 10.0.0.180 "GET /" status: 200 len: 136 microversion: 1.0
2026-07-15 00:19:44.567 8 INFO placement.requestlog [req-c8f87d82-f7d3-4fa4-ba04-0530fd88d205 req-0bbb6486-d98e-41d8-b662-96811ef0711a 043c2388f32e4def8d13ae8bc979f6d3 f59ce5b07983421ba839e0e889dbc74f - - aa3d89ac90d947ad89b42f07e580824b aa3d89ac90d947ad89b42f07e580824b] 10.0.0.228 "GET /allocation_candidates?limit=1000&resources=DISK_GB%3A1%2CMEMORY_MB%3A512%2CVCPU%3A1&root_required=%21COMPUTE_STATUS_DISABLED" status: 200 len: 2147 microversion: 1.36 [pid: 8|app: 0|req: 316/632] 10.0.0.228 () {34 vars in 1012 bytes} [Wed Jul 15 00:19:44 2026] GET /allocation_candidates?limit=1000&resources=DISK_GB%3A1%2CMEMORY_MB%3A512%2CVCPU%3A1&root_required=%21COMPUTE_STATUS_DISABLED => generated 2147 bytes in 211 msecs (HTTP/1.1 200) 8 headers in 297 bytes (1 switches on core 0)
2026-07-15 00:19:44.641 8 INFO placement.requestlog [req-c8f87d82-f7d3-4fa4-ba04-0530fd88d205 req-86cc0100-d7fc-4f18-908b-a11d738d5090 043c2388f32e4def8d13ae8bc979f6d3 f59ce5b07983421ba839e0e889dbc74f - - aa3d89ac90d947ad89b42f07e580824b aa3d89ac90d947ad89b42f07e580824b] 10.0.0.228 "GET /allocations/208ce721-1a5d-40a0-a06d-0e1b2d68b840" status: 200 len: 19 microversion: 1.28 [pid: 8|app: 0|req: 317/633] 10.0.0.228 () {34 vars in 861 bytes} [Wed Jul 15 00:19:44 2026] GET /allocations/208ce721-1a5d-40a0-a06d-0e1b2d68b840 => generated 19 bytes in 20 msecs (HTTP/1.1 200) 8 headers in 295 bytes (1 switches on core 0)
2026-07-15 00:19:44.643 7 INFO placement.requestlog [req-c1896c50-6d52-4713-9509-a08020692622 req-4fa77a70-8644-469f-a854-66329785e818 043c2388f32e4def8d13ae8bc979f6d3 f59ce5b07983421ba839e0e889dbc74f - - aa3d89ac90d947ad89b42f07e580824b aa3d89ac90d947ad89b42f07e580824b] 10.0.0.228 "GET /allocation_candidates?limit=1000&resources=DISK_GB%3A1%2CMEMORY_MB%3A512%2CVCPU%3A1&root_required=%21COMPUTE_STATUS_DISABLED" status: 200 len: 2147 microversion: 1.36 [pid: 7|app: 0|req: 317/634] 10.0.0.228 () {34 vars in 1012 bytes} [Wed Jul 15 00:19:44 2026] GET /allocation_candidates?limit=1000&resources=DISK_GB%3A1%2CMEMORY_MB%3A512%2CVCPU%3A1&root_required=%21COMPUTE_STATUS_DISABLED => generated 2147 bytes in 140 msecs (HTTP/1.1 200) 8 headers in 297 bytes (1 switches on core 0)
2026-07-15 00:19:44.691 7 INFO placement.requestlog [req-c1896c50-6d52-4713-9509-a08020692622 req-62410e0d-9f73-4307-a2a1-504b94890ca2 043c2388f32e4def8d13ae8bc979f6d3 f59ce5b07983421ba839e0e889dbc74f - - aa3d89ac90d947ad89b42f07e580824b aa3d89ac90d947ad89b42f07e580824b] 10.0.0.228 "GET /allocations/229456e5-6239-43ef-a002-54580ae880cd" status: 200 len: 19 microversion: 1.28 [pid: 7|app: 0|req: 318/635] 10.0.0.228 () {34 vars in 861 bytes} [Wed Jul 15 00:19:44 2026] GET /allocations/229456e5-6239-43ef-a002-54580ae880cd => generated 19 bytes in 21 msecs (HTTP/1.1 200) 8 headers in 295 bytes (1 switches on core 0)
2026-07-15 00:19:44.766 8 INFO placement.requestlog [req-c8f87d82-f7d3-4fa4-ba04-0530fd88d205 req-4cbf9726-f78d-4111-a6ad-a49f576b5096 043c2388f32e4def8d13ae8bc979f6d3 f59ce5b07983421ba839e0e889dbc74f - - aa3d89ac90d947ad89b42f07e580824b aa3d89ac90d947ad89b42f07e580824b] 10.0.0.228 "PUT /allocations/208ce721-1a5d-40a0-a06d-0e1b2d68b840" status: 204 len: 0 microversion: 1.36 [pid: 8|app: 0|req: 318/636] 10.0.0.228 () {38 vars in 914 bytes} [Wed Jul 15 00:19:44 2026] PUT /allocations/208ce721-1a5d-40a0-a06d-0e1b2d68b840 => generated 0 bytes in 110 msecs (HTTP/1.1 204) 5 headers in 199 bytes (1 switches on core 0)
2026-07-15 00:19:45.047 8 INFO placement.requestlog [req-23fb2194-fe34-499c-8b57-22d740ac9716 req-d1550629-8361-499f-bccf-97f5c61eefd0 043c2388f32e4def8d13ae8bc979f6d3 f59ce5b07983421ba839e0e889dbc74f - - aa3d89ac90d947ad89b42f07e580824b aa3d89ac90d947ad89b42f07e580824b] 10.0.0.228 "GET /allocation_candidates?limit=1000&resources=DISK_GB%3A1%2CMEMORY_MB%3A512%2CVCPU%3A1&root_required=%21COMPUTE_STATUS_DISABLED" status: 200 len: 2149 microversion: 1.36 [pid: 8|app: 0|req: 319/637] 10.0.0.228 () {34 vars in 1012 bytes} [Wed Jul 15 00:19:44 2026] GET /allocation_candidates?limit=1000&resources=DISK_GB%3A1%2CMEMORY_MB%3A512%2CVCPU%3A1&root_required=%21COMPUTE_STATUS_DISABLED => generated 2149 bytes in 70 msecs (HTTP/1.1 200) 8 headers in 297 bytes (1 switches on core 0)
2026-07-15 00:19:45.076 8 INFO placement.requestlog [req-23fb2194-fe34-499c-8b57-22d740ac9716 req-dad9cb5b-422d-4b91-8d27-93a697960217 043c2388f32e4def8d13ae8bc979f6d3 f59ce5b07983421ba839e0e889dbc74f - - aa3d89ac90d947ad89b42f07e580824b aa3d89ac90d947ad89b42f07e580824b] 10.0.0.228 "GET /allocations/9bf733c5-a5a7-47c3-a532-5664180bec9c" status: 200 len: 19 microversion: 1.28 [pid: 8|app: 0|req: 320/638] 10.0.0.228 () {34 vars in 861 bytes} [Wed Jul 15 00:19:45 2026] GET /allocations/9bf733c5-a5a7-47c3-a532-5664180bec9c => generated 19 bytes in 13 msecs (HTTP/1.1 200) 8 headers in 295 bytes (1 switches on core 0)
2026-07-15 00:19:45.146 8 INFO placement.requestlog [req-23fb2194-fe34-499c-8b57-22d740ac9716 req-397bfcb8-4767-4b31-89b8-74f6c1a7ed8d 043c2388f32e4def8d13ae8bc979f6d3 f59ce5b07983421ba839e0e889dbc74f - - aa3d89ac90d947ad89b42f07e580824b aa3d89ac90d947ad89b42f07e580824b] 10.0.0.228 "PUT /allocations/9bf733c5-a5a7-47c3-a532-5664180bec9c" status: 204 len: 0 microversion: 1.36 [pid: 8|app: 0|req: 321/639] 10.0.0.228 () {38 vars in 914 bytes} [Wed Jul 15 00:19:45 2026] PUT /allocations/9bf733c5-a5a7-47c3-a532-5664180bec9c => generated 0 bytes in 65 msecs (HTTP/1.1 204) 5 headers in 199 bytes (1 switches on core 0)
2026-07-15 00:19:45.283 8 INFO placement.requestlog [req-c8f87d82-f7d3-4fa4-ba04-0530fd88d205 req-a8f5fbfa-462d-49c4-b6d7-236680b256a1 043c2388f32e4def8d13ae8bc979f6d3 f59ce5b07983421ba839e0e889dbc74f - - aa3d89ac90d947ad89b42f07e580824b aa3d89ac90d947ad89b42f07e580824b] 199.19.213.9 "GET /allocations/208ce721-1a5d-40a0-a06d-0e1b2d68b840" status: 200 len: 257 microversion: 1.28 [pid: 8|app: 0|req: 322/640] 199.19.213.9 () {34 vars in 861 bytes} [Wed Jul 15 00:19:45 2026] GET /allocations/208ce721-1a5d-40a0-a06d-0e1b2d68b840 => generated 257 bytes in 19 msecs (HTTP/1.1 200) 8 headers in 296 bytes (1 switches on core 0)
2026-07-15 00:19:45.445 8 INFO placement.requestlog [req-c8f87d82-f7d3-4fa4-ba04-0530fd88d205 req-dfcca57c-ae14-49c4-9f0f-b10ed14dcc71 043c2388f32e4def8d13ae8bc979f6d3 f59ce5b07983421ba839e0e889dbc74f - - aa3d89ac90d947ad89b42f07e580824b aa3d89ac90d947ad89b42f07e580824b] 199.19.213.9 "GET /resource_providers/566d0ecd-fb7e-449f-9061-3cdbc846d85b/allocations" status: 200 len: 252 microversion: 1.0 [pid: 8|app: 0|req: 323/641] 199.19.213.9 () {32 vars in 855 bytes} [Wed Jul 15 00:19:45 2026] GET /resource_providers/566d0ecd-fb7e-449f-9061-3cdbc846d85b/allocations => generated 252 bytes in 14 msecs (HTTP/1.1 200) 6 headers in 224 bytes (1 switches on core 0)
2026-07-15 00:19:45.464 8 INFO placement.requestlog [req-c8f87d82-f7d3-4fa4-ba04-0530fd88d205 req-ea628c98-2de9-487e-884a-5d138b3c0722 043c2388f32e4def8d13ae8bc979f6d3 f59ce5b07983421ba839e0e889dbc74f - - aa3d89ac90d947ad89b42f07e580824b aa3d89ac90d947ad89b42f07e580824b] 199.19.213.9 "GET /allocations/208ce721-1a5d-40a0-a06d-0e1b2d68b840" status: 200 len: 257 microversion: 1.28 [pid: 8|app: 0|req: 324/642] 199.19.213.9 () {34 vars in 861 bytes} [Wed Jul 15 00:19:45 2026] GET /allocations/208ce721-1a5d-40a0-a06d-0e1b2d68b840 => generated 257 bytes in 11 msecs (HTTP/1.1 200) 8 headers in 296 bytes (1 switches on core 0)
2026-07-15 00:19:45.473 8 INFO placement.requestlog [req-23fb2194-fe34-499c-8b57-22d740ac9716 req-300c4863-a4a6-416c-8745-14173992fcc5 043c2388f32e4def8d13ae8bc979f6d3 f59ce5b07983421ba839e0e889dbc74f - - aa3d89ac90d947ad89b42f07e580824b aa3d89ac90d947ad89b42f07e580824b] 199.19.213.9 "GET /allocations/9bf733c5-a5a7-47c3-a532-5664180bec9c" status: 200 len: 257 microversion: 1.28 [pid: 8|app: 0|req: 325/643] 199.19.213.9 () {34 vars in 861 bytes} [Wed Jul 15 00:19:45 2026] GET /allocations/9bf733c5-a5a7-47c3-a532-5664180bec9c => generated 257 bytes in 8 msecs (HTTP/1.1 200) 8 headers in 296 bytes (1 switches on core 0)
2026-07-15 00:19:45.481 8 INFO placement.requestlog [req-c8f87d82-f7d3-4fa4-ba04-0530fd88d205 req-013479f3-9907-4d97-97eb-a9fbbc73a708 043c2388f32e4def8d13ae8bc979f6d3 f59ce5b07983421ba839e0e889dbc74f - - aa3d89ac90d947ad89b42f07e580824b aa3d89ac90d947ad89b42f07e580824b] 199.19.213.9 "GET /allocations/9bf733c5-a5a7-47c3-a532-5664180bec9c" status: 200 len: 257 microversion: 1.28 [pid: 8|app: 0|req: 326/644] 199.19.213.9 () {34 vars in 861 bytes} [Wed Jul 15 00:19:45 2026] GET /allocations/9bf733c5-a5a7-47c3-a532-5664180bec9c => generated 257 bytes in 8 msecs (HTTP/1.1 200) 8 headers in 296 bytes (1 switches on core 0)
2026-07-15 00:19:45.629 8 INFO placement.requestlog [req-23fb2194-fe34-499c-8b57-22d740ac9716 req-b5a213c2-b68f-4046-831e-6718b5c19bd6 043c2388f32e4def8d13ae8bc979f6d3 f59ce5b07983421ba839e0e889dbc74f - - aa3d89ac90d947ad89b42f07e580824b aa3d89ac90d947ad89b42f07e580824b] 199.19.213.9 "GET /resource_providers/566d0ecd-fb7e-449f-9061-3cdbc846d85b/allocations" status: 200 len: 252 microversion: 1.0 [pid: 8|app: 0|req: 327/645] 199.19.213.9 () {32 vars in 855 bytes} [Wed Jul 15 00:19:45 2026] GET /resource_providers/566d0ecd-fb7e-449f-9061-3cdbc846d85b/allocations => generated 252 bytes in 17 msecs (HTTP/1.1 200) 6 headers in 224 bytes (1 switches on core 0)
2026-07-15 00:19:45.655 8 INFO placement.requestlog [req-23fb2194-fe34-499c-8b57-22d740ac9716 req-040b27e3-c76d-4684-96ea-be8ac45be83b 043c2388f32e4def8d13ae8bc979f6d3 f59ce5b07983421ba839e0e889dbc74f - - aa3d89ac90d947ad89b42f07e580824b aa3d89ac90d947ad89b42f07e580824b] 199.19.213.9 "GET /allocations/208ce721-1a5d-40a0-a06d-0e1b2d68b840" status: 200 len: 257 microversion: 1.28 [pid: 8|app: 0|req: 328/646] 199.19.213.9 () {34 vars in 861 bytes} [Wed Jul 15 00:19:45 2026] GET /allocations/208ce721-1a5d-40a0-a06d-0e1b2d68b840 => generated 257 bytes in 19 msecs (HTTP/1.1 200) 8 headers in 296 bytes (1 switches on core 0)
2026-07-15 00:19:45.681 8 INFO placement.requestlog [req-23fb2194-fe34-499c-8b57-22d740ac9716 req-1d5746bf-a40b-4475-b48b-dc7ac11318ee 043c2388f32e4def8d13ae8bc979f6d3 f59ce5b07983421ba839e0e889dbc74f - - aa3d89ac90d947ad89b42f07e580824b aa3d89ac90d947ad89b42f07e580824b] 199.19.213.9 "GET /allocations/9bf733c5-a5a7-47c3-a532-5664180bec9c" status: 200 len: 257 microversion: 1.28 [pid: 8|app: 0|req: 329/647] 199.19.213.9 () {34 vars in 861 bytes} [Wed Jul 15 00:19:45 2026] GET /allocations/9bf733c5-a5a7-47c3-a532-5664180bec9c => generated 257 bytes in 20 msecs (HTTP/1.1 200) 8 headers in 296 bytes (1 switches on core 0)
2026-07-15 00:19:45.794 7 INFO placement.requestlog [req-c1896c50-6d52-4713-9509-a08020692622 req-fda990ce-3311-44d3-8b58-cb9717cbc6d1 043c2388f32e4def8d13ae8bc979f6d3 f59ce5b07983421ba839e0e889dbc74f - - aa3d89ac90d947ad89b42f07e580824b aa3d89ac90d947ad89b42f07e580824b] 10.0.0.228 "PUT /allocations/229456e5-6239-43ef-a002-54580ae880cd" status: 204 len: 0 microversion: 1.36 [pid: 7|app: 0|req: 319/648] 10.0.0.228 () {38 vars in 914 bytes} [Wed Jul 15 00:19:44 2026] PUT /allocations/229456e5-6239-43ef-a002-54580ae880cd => generated 0 bytes in 1094 msecs (HTTP/1.1 204) 5 headers in 199 bytes (1 switches on core 0)
2026-07-15 00:19:45.909 7 INFO placement.requestlog [None req-99cfc18f-eddf-434a-94b0-03cc8188c702 d9f0e60b24a745cc996a0daf83cd76c7 f59ce5b07983421ba839e0e889dbc74f - - aa3d89ac90d947ad89b42f07e580824b aa3d89ac90d947ad89b42f07e580824b] 10.0.0.178 "GET /resource_providers/818dfd3d-d2c4-4835-9460-5400da082e1a/aggregates" status: 404 len: 235 microversion: 1.1 [pid: 7|app: 0|req: 320/649] 10.0.0.178 () {32 vars in 825 bytes} [Wed Jul 15 00:19:45 2026] GET /resource_providers/818dfd3d-d2c4-4835-9460-5400da082e1a/aggregates => generated 235 bytes in 114 msecs (HTTP/1.1 404) 5 headers in 202 bytes (1 switches on core 0)
2026-07-15 00:19:45.925 8 INFO placement.requestlog [None req-713f78c7-b005-481a-980d-22c4a6d95361 d9f0e60b24a745cc996a0daf83cd76c7 f59ce5b07983421ba839e0e889dbc74f - - aa3d89ac90d947ad89b42f07e580824b aa3d89ac90d947ad89b42f07e580824b] 10.0.0.178 "GET /resource_providers/818dfd3d-d2c4-4835-9460-5400da082e1a/aggregates" status: 404 len: 235 microversion: 1.1 [pid: 8|app: 0|req: 330/650] 10.0.0.178 () {32 vars in 825 bytes} [Wed Jul 15 00:19:45 2026] GET /resource_providers/818dfd3d-d2c4-4835-9460-5400da082e1a/aggregates => generated 235 bytes in 162 msecs (HTTP/1.1 404) 5 headers in 202 bytes (1 switches on core 0)
2026-07-15 00:19:45.930 7 INFO placement.requestlog [None req-8dc057ae-70ec-4d2a-a9ff-4f806eb665d7 d9f0e60b24a745cc996a0daf83cd76c7 f59ce5b07983421ba839e0e889dbc74f - - aa3d89ac90d947ad89b42f07e580824b aa3d89ac90d947ad89b42f07e580824b] 10.0.0.178 "DELETE /resource_providers/818dfd3d-d2c4-4835-9460-5400da082e1a" status: 404 len: 246 microversion: 1.1 [pid: 7|app: 0|req: 321/651] 10.0.0.178 () {34 vars in 825 bytes} [Wed Jul 15 00:19:45 2026] DELETE /resource_providers/818dfd3d-d2c4-4835-9460-5400da082e1a => generated 246 bytes in 13 msecs (HTTP/1.1 404) 6 headers in 231 bytes (1 switches on core 0)
2026-07-15 00:19:45.953 8 INFO placement.requestlog [None req-04e0e968-7eb2-41a5-98ef-f8b5eac413af d9f0e60b24a745cc996a0daf83cd76c7 f59ce5b07983421ba839e0e889dbc74f - - aa3d89ac90d947ad89b42f07e580824b aa3d89ac90d947ad89b42f07e580824b] 10.0.0.178 "DELETE /resource_providers/818dfd3d-d2c4-4835-9460-5400da082e1a" status: 404 len: 246 microversion: 1.1 [pid: 8|app: 0|req: 331/652] 10.0.0.178 () {34 vars in 825 bytes} [Wed Jul 15 00:19:45 2026] DELETE /resource_providers/818dfd3d-d2c4-4835-9460-5400da082e1a => generated 246 bytes in 20 msecs (HTTP/1.1 404) 6 headers in 231 bytes (1 switches on core 0)
2026-07-15 00:19:46.219 7 INFO placement.requestlog [req-c1896c50-6d52-4713-9509-a08020692622 req-2112707b-6a0d-428d-b658-d0844cd06ccd 043c2388f32e4def8d13ae8bc979f6d3 f59ce5b07983421ba839e0e889dbc74f - - aa3d89ac90d947ad89b42f07e580824b aa3d89ac90d947ad89b42f07e580824b] 199.19.213.9 "GET /allocations/229456e5-6239-43ef-a002-54580ae880cd" status: 200 len: 257 microversion: 1.28 [pid: 7|app: 0|req: 322/653] 199.19.213.9 () {34 vars in 861 bytes} [Wed Jul 15 00:19:46 2026] GET /allocations/229456e5-6239-43ef-a002-54580ae880cd => generated 257 bytes in 22 msecs (HTTP/1.1 200) 8 headers in 296 bytes (1 switches on core 0)
2026-07-15 00:19:46.376 8 INFO placement.requestlog [req-c1896c50-6d52-4713-9509-a08020692622 req-25e4e8c5-9361-4afb-a4ee-dc4be1fdf991 043c2388f32e4def8d13ae8bc979f6d3 f59ce5b07983421ba839e0e889dbc74f - - aa3d89ac90d947ad89b42f07e580824b aa3d89ac90d947ad89b42f07e580824b] 199.19.213.9 "GET /resource_providers/566d0ecd-fb7e-449f-9061-3cdbc846d85b/allocations" status: 200 len: 352 microversion: 1.0 [pid: 8|app: 0|req: 332/654] 199.19.213.9 () {32 vars in 855 bytes} [Wed Jul 15 00:19:46 2026] GET /resource_providers/566d0ecd-fb7e-449f-9061-3cdbc846d85b/allocations => generated 352 bytes in 18 msecs (HTTP/1.1 200) 6 headers in 224 bytes (1 switches on core 0)
2026-07-15 00:19:46.417 7 INFO placement.requestlog [req-c1896c50-6d52-4713-9509-a08020692622 req-ff601fde-ff82-41bc-982d-e02a366a9840 043c2388f32e4def8d13ae8bc979f6d3 f59ce5b07983421ba839e0e889dbc74f - - aa3d89ac90d947ad89b42f07e580824b aa3d89ac90d947ad89b42f07e580824b] 199.19.213.9 "GET /allocations/229456e5-6239-43ef-a002-54580ae880cd" status: 200 len: 257 microversion: 1.28 [pid: 7|app: 0|req: 323/655] 199.19.213.9 () {34 vars in 861 bytes} [Wed Jul 15 00:19:46 2026] GET /allocations/229456e5-6239-43ef-a002-54580ae880cd => generated 257 bytes in 25 msecs (HTTP/1.1 200) 8 headers in 296 bytes (1 switches on core 0)
2026-07-15 00:19:46.443 8 INFO placement.requestlog [req-c1896c50-6d52-4713-9509-a08020692622 req-eb8941c8-1951-4286-addb-952888b3b6ea 043c2388f32e4def8d13ae8bc979f6d3 f59ce5b07983421ba839e0e889dbc74f - - aa3d89ac90d947ad89b42f07e580824b aa3d89ac90d947ad89b42f07e580824b] 199.19.213.9 "GET /allocations/208ce721-1a5d-40a0-a06d-0e1b2d68b840" status: 200 len: 257 microversion: 1.28 [pid: 8|app: 0|req: 333/656] 199.19.213.9 () {34 vars in 861 bytes} [Wed Jul 15 00:19:46 2026] GET /allocations/208ce721-1a5d-40a0-a06d-0e1b2d68b840 => generated 257 bytes in 15 msecs (HTTP/1.1 200) 8 headers in 296 bytes (1 switches on core 0)
2026-07-15 00:19:46.472 7 INFO placement.requestlog [req-c1896c50-6d52-4713-9509-a08020692622 req-4d764918-bb85-4411-9912-dde7916fe4eb 043c2388f32e4def8d13ae8bc979f6d3 f59ce5b07983421ba839e0e889dbc74f - - aa3d89ac90d947ad89b42f07e580824b aa3d89ac90d947ad89b42f07e580824b] 199.19.213.9 "GET /allocations/9bf733c5-a5a7-47c3-a532-5664180bec9c" status: 200 len: 257 microversion: 1.28 [pid: 7|app: 0|req: 324/657] 199.19.213.9 () {34 vars in 861 bytes} [Wed Jul 15 00:19:46 2026] GET /allocations/9bf733c5-a5a7-47c3-a532-5664180bec9c => generated 257 bytes in 20 msecs (HTTP/1.1 200) 8 headers in 296 bytes (1 switches on core 0)
2026-07-15 00:19:46.798 8 INFO placement.requestlog [None req-11bc3b7f-e457-47f4-a345-699941df5d5e - - - - - -] 10.0.0.180 "GET /" status: 200 len: 136 microversion: 1.0
2026-07-15 00:19:46.799 7 INFO placement.requestlog [None req-4856eabb-f8ab-4ebf-9dec-36a66d4248cf - - - - - -] 10.0.0.180 "GET /" status: 200 len: 136 microversion: 1.0
2026-07-15 00:19:56.796 8 INFO placement.requestlog [None req-7968de53-c090-40d8-9c0f-55209c02d89e - - - - - -] 10.0.0.180 "GET /" status: 200 len: 136 microversion: 1.0
2026-07-15 00:19:56.797 7 INFO placement.requestlog [None req-ce8ce225-ef46-4920-a99a-b68537d9a7b4 - - - - - -] 10.0.0.180 "GET /" status: 200 len: 136 microversion: 1.0
2026-07-15 00:19:59.344 8 INFO placement.requestlog [req-5bb6a93e-710a-46d0-b6dc-fc968199c06f req-fd5e34f4-b900-4e32-b5f6-ffc57dc5c9d8 043c2388f32e4def8d13ae8bc979f6d3 f59ce5b07983421ba839e0e889dbc74f - - aa3d89ac90d947ad89b42f07e580824b aa3d89ac90d947ad89b42f07e580824b] 199.19.213.9 "GET /resource_providers/566d0ecd-fb7e-449f-9061-3cdbc846d85b/allocations" status: 200 len: 352 microversion: 1.0 [pid: 8|app: 0|req: 336/662] 199.19.213.9 () {32 vars in 855 bytes} [Wed Jul 15 00:19:59 2026] GET /resource_providers/566d0ecd-fb7e-449f-9061-3cdbc846d85b/allocations => generated 352 bytes in 18 msecs (HTTP/1.1 200) 6 headers in 224 bytes (1 switches on core 0)
2026-07-15 00:19:59.366 7 INFO placement.requestlog [req-5bb6a93e-710a-46d0-b6dc-fc968199c06f req-ff21b870-9ad9-455e-9443-8648ba818787 043c2388f32e4def8d13ae8bc979f6d3 f59ce5b07983421ba839e0e889dbc74f - - aa3d89ac90d947ad89b42f07e580824b aa3d89ac90d947ad89b42f07e580824b] 199.19.213.9 "GET /allocations/229456e5-6239-43ef-a002-54580ae880cd" status: 200 len: 257 microversion: 1.28 [pid: 7|app: 0|req: 327/663] 199.19.213.9 () {34 vars in 861 bytes} [Wed Jul 15 00:19:59 2026] GET /allocations/229456e5-6239-43ef-a002-54580ae880cd => generated 257 bytes in 16 msecs (HTTP/1.1 200) 8 headers in 296 bytes (1 switches on core 0)
2026-07-15 00:19:59.385 8 INFO placement.requestlog [req-5bb6a93e-710a-46d0-b6dc-fc968199c06f req-dbe92fce-7b9d-4b13-b566-e684618e0321 043c2388f32e4def8d13ae8bc979f6d3 f59ce5b07983421ba839e0e889dbc74f - - aa3d89ac90d947ad89b42f07e580824b aa3d89ac90d947ad89b42f07e580824b] 199.19.213.9 "GET /allocations/208ce721-1a5d-40a0-a06d-0e1b2d68b840" status: 200 len: 257 microversion: 1.28 [pid: 8|app: 0|req: 337/664] 199.19.213.9 () {34 vars in 861 bytes} [Wed Jul 15 00:19:59 2026] GET /allocations/208ce721-1a5d-40a0-a06d-0e1b2d68b840 => generated 257 bytes in 13 msecs (HTTP/1.1 200) 8 headers in 296 bytes (1 switches on core 0)
2026-07-15 00:19:59.407 7 INFO placement.requestlog [req-5bb6a93e-710a-46d0-b6dc-fc968199c06f req-17c1dc61-5e6f-4637-bbca-ef7ef2fb5bc4 043c2388f32e4def8d13ae8bc979f6d3 f59ce5b07983421ba839e0e889dbc74f - - aa3d89ac90d947ad89b42f07e580824b aa3d89ac90d947ad89b42f07e580824b] 199.19.213.9 "GET /allocations/9bf733c5-a5a7-47c3-a532-5664180bec9c" status: 200 len: 257 microversion: 1.28 [pid: 7|app: 0|req: 328/665] 199.19.213.9 () {34 vars in 861 bytes} [Wed Jul 15 00:19:59 2026] GET /allocations/9bf733c5-a5a7-47c3-a532-5664180bec9c => generated 257 bytes in 17 msecs (HTTP/1.1 200) 8 headers in 296 bytes (1 switches on core 0)
2026-07-15 00:19:59.460 8 INFO placement.requestlog [req-5bb6a93e-710a-46d0-b6dc-fc968199c06f req-1aec6399-c1e0-4e11-b2ab-0cdd14dcfff8 043c2388f32e4def8d13ae8bc979f6d3 f59ce5b07983421ba839e0e889dbc74f - - aa3d89ac90d947ad89b42f07e580824b aa3d89ac90d947ad89b42f07e580824b] 199.19.213.9 "DELETE /allocations/208ce721-1a5d-40a0-a06d-0e1b2d68b840" status: 204 len: 0 microversion: 1.0 [pid: 8|app: 0|req: 338/666] 199.19.213.9 () {34 vars in 839 bytes} [Wed Jul 15 00:19:59 2026] DELETE /allocations/208ce721-1a5d-40a0-a06d-0e1b2d68b840 => generated 0 bytes in 23 msecs (HTTP/1.1 204) 5 headers in 198 bytes (1 switches on core 0)
2026-07-15 00:20:01.881 8 INFO placement.requestlog [None req-5b74f6b6-e870-4607-b186-6b850efcf418 d9f0e60b24a745cc996a0daf83cd76c7 f59ce5b07983421ba839e0e889dbc74f - - aa3d89ac90d947ad89b42f07e580824b aa3d89ac90d947ad89b42f07e580824b] 10.0.0.178 "GET /resource_providers/c761f6ba-741f-403e-a516-8d4e8002b9e6/aggregates" status: 404 len: 235 microversion: 1.1 [pid: 8|app: 0|req: 339/667] 10.0.0.178 () {32 vars in 825 bytes} [Wed Jul 15 00:20:01 2026] GET /resource_providers/c761f6ba-741f-403e-a516-8d4e8002b9e6/aggregates => generated 235 bytes in 13 msecs (HTTP/1.1 404) 5 headers in 202 bytes (1 switches on core 0)
2026-07-15 00:20:01.885 7 INFO placement.requestlog [None req-1d487476-a119-4335-89c9-4e5d767a7caf d9f0e60b24a745cc996a0daf83cd76c7 f59ce5b07983421ba839e0e889dbc74f - - aa3d89ac90d947ad89b42f07e580824b aa3d89ac90d947ad89b42f07e580824b] 10.0.0.178 "GET /resource_providers/c761f6ba-741f-403e-a516-8d4e8002b9e6/aggregates" status: 404 len: 235 microversion: 1.1 [pid: 7|app: 0|req: 329/668] 10.0.0.178 () {32 vars in 825 bytes} [Wed Jul 15 00:20:01 2026] GET /resource_providers/c761f6ba-741f-403e-a516-8d4e8002b9e6/aggregates => generated 235 bytes in 17 msecs (HTTP/1.1 404) 5 headers in 202 bytes (1 switches on core 0)
2026-07-15 00:20:01.907 7 INFO placement.requestlog [None req-0bf313f0-0b95-46fc-97e1-61b5a4dd3631 d9f0e60b24a745cc996a0daf83cd76c7 f59ce5b07983421ba839e0e889dbc74f - - aa3d89ac90d947ad89b42f07e580824b aa3d89ac90d947ad89b42f07e580824b] 10.0.0.178 "DELETE /resource_providers/c761f6ba-741f-403e-a516-8d4e8002b9e6" status: 404 len: 246 microversion: 1.1 [pid: 7|app: 0|req: 330/669] 10.0.0.178 () {34 vars in 825 bytes} [Wed Jul 15 00:20:01 2026] DELETE /resource_providers/c761f6ba-741f-403e-a516-8d4e8002b9e6 => generated 246 bytes in 10 msecs (HTTP/1.1 404) 6 headers in 231 bytes (1 switches on core 0)
2026-07-15 00:20:01.919 8 INFO placement.requestlog [None req-a8c321e7-fa80-49e5-97fe-d9bea959e112 d9f0e60b24a745cc996a0daf83cd76c7 f59ce5b07983421ba839e0e889dbc74f - - aa3d89ac90d947ad89b42f07e580824b aa3d89ac90d947ad89b42f07e580824b] 10.0.0.178 "DELETE /resource_providers/c761f6ba-741f-403e-a516-8d4e8002b9e6" status: 404 len: 246 microversion: 1.1 [pid: 8|app: 0|req: 340/670] 10.0.0.178 () {34 vars in 825 bytes} [Wed Jul 15 00:20:01 2026] DELETE /resource_providers/c761f6ba-741f-403e-a516-8d4e8002b9e6 => generated 246 bytes in 22 msecs (HTTP/1.1 404) 6 headers in 231 bytes (1 switches on core 0)
2026-07-15 00:20:03.986 7 INFO placement.requestlog [None req-925b454e-d832-4129-9c96-babf80a25db1 d9f0e60b24a745cc996a0daf83cd76c7 f59ce5b07983421ba839e0e889dbc74f - - aa3d89ac90d947ad89b42f07e580824b aa3d89ac90d947ad89b42f07e580824b] 10.0.0.178 "GET /resource_providers/e3e472a4-16d6-4030-9aff-11d82cbcba34/aggregates" status: 404 len: 235 microversion: 1.1 [pid: 7|app: 0|req: 331/671] 10.0.0.178 () {32 vars in 825 bytes} [Wed Jul 15 00:20:03 2026] GET /resource_providers/e3e472a4-16d6-4030-9aff-11d82cbcba34/aggregates => generated 235 bytes in 12 msecs (HTTP/1.1 404) 5 headers in 202 bytes (1 switches on core 0)
2026-07-15 00:20:03.988 8 INFO placement.requestlog [None req-444e5e68-b0a8-457c-9233-a088cd1506e3 d9f0e60b24a745cc996a0daf83cd76c7 f59ce5b07983421ba839e0e889dbc74f - - aa3d89ac90d947ad89b42f07e580824b aa3d89ac90d947ad89b42f07e580824b] 10.0.0.178 "GET /resource_providers/e3e472a4-16d6-4030-9aff-11d82cbcba34/aggregates" status: 404 len: 235 microversion: 1.1 [pid: 8|app: 0|req: 341/672] 10.0.0.178 () {32 vars in 825 bytes} [Wed Jul 15 00:20:03 2026] GET /resource_providers/e3e472a4-16d6-4030-9aff-11d82cbcba34/aggregates => generated 235 bytes in 13 msecs (HTTP/1.1 404) 5 headers in 202 bytes (1 switches on core 0)
2026-07-15 00:20:04.019 7 INFO placement.requestlog [None req-4765a42b-816b-4d4c-b6ed-b11efa2bfd89 d9f0e60b24a745cc996a0daf83cd76c7 f59ce5b07983421ba839e0e889dbc74f - - aa3d89ac90d947ad89b42f07e580824b aa3d89ac90d947ad89b42f07e580824b] 10.0.0.178 "DELETE /resource_providers/e3e472a4-16d6-4030-9aff-11d82cbcba34" status: 404 len: 246 microversion: 1.1 [pid: 7|app: 0|req: 332/673] 10.0.0.178 () {34 vars in 825 bytes} [Wed Jul 15 00:20:04 2026] DELETE /resource_providers/e3e472a4-16d6-4030-9aff-11d82cbcba34 => generated 246 bytes in 14 msecs (HTTP/1.1 404) 6 headers in 231 bytes (1 switches on core 0)
2026-07-15 00:20:04.022 8 INFO placement.requestlog [None req-e4b070bf-2564-4a4a-8970-1114b5540058 d9f0e60b24a745cc996a0daf83cd76c7 f59ce5b07983421ba839e0e889dbc74f - - aa3d89ac90d947ad89b42f07e580824b aa3d89ac90d947ad89b42f07e580824b] 10.0.0.178 "DELETE /resource_providers/e3e472a4-16d6-4030-9aff-11d82cbcba34" status: 404 len: 246 microversion: 1.1 [pid: 8|app: 0|req: 342/674] 10.0.0.178 () {34 vars in 825 bytes} [Wed Jul 15 00:20:04 2026] DELETE /resource_providers/e3e472a4-16d6-4030-9aff-11d82cbcba34 => generated 246 bytes in 17 msecs (HTTP/1.1 404) 6 headers in 231 bytes (1 switches on core 0)
2026-07-15 00:20:06.797 7 INFO placement.requestlog [None req-1ba805cc-1f2b-4da5-8f92-971886b388e3 - - - - - -] 10.0.0.180 "GET /" status: 200 len: 136 microversion: 1.0
2026-07-15 00:20:06.801 8 INFO placement.requestlog [None req-cd7a6e8a-e961-47c7-84ef-cca547d984df - - - - - -] 10.0.0.180 "GET /" status: 200 len: 136 microversion: 1.0
2026-07-15 00:20:11.243 7 INFO placement.requestlog [req-74e8e36d-df47-45e4-9a15-e96b0fdf8b26 req-da80e5c6-19f7-4bb5-bd99-2f1aaa4a5112 043c2388f32e4def8d13ae8bc979f6d3 f59ce5b07983421ba839e0e889dbc74f - - aa3d89ac90d947ad89b42f07e580824b aa3d89ac90d947ad89b42f07e580824b] 199.19.213.9 "GET /resource_providers/566d0ecd-fb7e-449f-9061-3cdbc846d85b/allocations" status: 200 len: 252 microversion: 1.0 [pid: 7|app: 0|req: 334/677] 199.19.213.9 () {32 vars in 855 bytes} [Wed Jul 15 00:20:11 2026] GET /resource_providers/566d0ecd-fb7e-449f-9061-3cdbc846d85b/allocations => generated 252 bytes in 19 msecs (HTTP/1.1 200) 6 headers in 224 bytes (1 switches on core 0)
2026-07-15 00:20:11.269 8 INFO placement.requestlog [req-74e8e36d-df47-45e4-9a15-e96b0fdf8b26 req-cb967af6-082b-4c85-8030-944eda59f8ae 043c2388f32e4def8d13ae8bc979f6d3 f59ce5b07983421ba839e0e889dbc74f - - aa3d89ac90d947ad89b42f07e580824b aa3d89ac90d947ad89b42f07e580824b] 199.19.213.9 "GET /allocations/229456e5-6239-43ef-a002-54580ae880cd" status: 200 len: 257 microversion: 1.28 [pid: 8|app: 0|req: 344/678] 199.19.213.9 () {34 vars in 861 bytes} [Wed Jul 15 00:20:11 2026] GET /allocations/229456e5-6239-43ef-a002-54580ae880cd => generated 257 bytes in 16 msecs (HTTP/1.1 200) 8 headers in 296 bytes (1 switches on core 0)
2026-07-15 00:20:11.308 7 INFO placement.requestlog [req-74e8e36d-df47-45e4-9a15-e96b0fdf8b26 req-38a952b4-5cb9-47c8-bc6c-e38257c371ad 043c2388f32e4def8d13ae8bc979f6d3 f59ce5b07983421ba839e0e889dbc74f - - aa3d89ac90d947ad89b42f07e580824b aa3d89ac90d947ad89b42f07e580824b] 199.19.213.9 "GET /allocations/9bf733c5-a5a7-47c3-a532-5664180bec9c" status: 200 len: 257 microversion: 1.28 [pid: 7|app: 0|req: 335/679] 199.19.213.9 () {34 vars in 861 bytes} [Wed Jul 15 00:20:11 2026] GET /allocations/9bf733c5-a5a7-47c3-a532-5664180bec9c => generated 257 bytes in 31 msecs (HTTP/1.1 200) 8 headers in 296 bytes (1 switches on core 0)
2026-07-15 00:20:11.381 8 INFO placement.requestlog [req-74e8e36d-df47-45e4-9a15-e96b0fdf8b26 req-e6adaee5-f99b-40de-9513-32aba6929104 043c2388f32e4def8d13ae8bc979f6d3 f59ce5b07983421ba839e0e889dbc74f - - aa3d89ac90d947ad89b42f07e580824b aa3d89ac90d947ad89b42f07e580824b] 199.19.213.9 "DELETE /allocations/229456e5-6239-43ef-a002-54580ae880cd" status: 204 len: 0 microversion: 1.0 [pid: 8|app: 0|req: 345/680] 199.19.213.9 () {34 vars in 839 bytes} [Wed Jul 15 00:20:11 2026] DELETE /allocations/229456e5-6239-43ef-a002-54580ae880cd => generated 0 bytes in 29 msecs (HTTP/1.1 204) 5 headers in 198 bytes (1 switches on core 0)
2026-07-15 00:20:13.691 7 INFO placement.requestlog [req-687beecd-13af-4716-9b6f-f58c7d03d5c5 req-71d3936a-3791-4bc8-89a0-e95c6a87bcc7 043c2388f32e4def8d13ae8bc979f6d3 f59ce5b07983421ba839e0e889dbc74f - - aa3d89ac90d947ad89b42f07e580824b aa3d89ac90d947ad89b42f07e580824b] 10.0.0.228 "GET /allocation_candidates?limit=1000&resources=DISK_GB%3A1%2CMEMORY_MB%3A512%2CVCPU%3A1&root_required=%21COMPUTE_STATUS_DISABLED" status: 200 len: 2149 microversion: 1.36 [pid: 7|app: 0|req: 336/681] 10.0.0.228 () {34 vars in 1012 bytes} [Wed Jul 15 00:20:13 2026] GET /allocation_candidates?limit=1000&resources=DISK_GB%3A1%2CMEMORY_MB%3A512%2CVCPU%3A1&root_required=%21COMPUTE_STATUS_DISABLED => generated 2149 bytes in 40 msecs (HTTP/1.1 200) 8 headers in 297 bytes (1 switches on core 0)
2026-07-15 00:20:13.731 8 INFO placement.requestlog [req-687beecd-13af-4716-9b6f-f58c7d03d5c5 req-4ef33c6a-a645-4845-929f-7f08cca6699e 043c2388f32e4def8d13ae8bc979f6d3 f59ce5b07983421ba839e0e889dbc74f - - aa3d89ac90d947ad89b42f07e580824b aa3d89ac90d947ad89b42f07e580824b] 10.0.0.228 "GET /allocations/aba90cdf-6c1d-4d1a-8b8d-3b4288b087b5" status: 200 len: 19 microversion: 1.28 [pid: 8|app: 0|req: 346/682] 10.0.0.228 () {34 vars in 861 bytes} [Wed Jul 15 00:20:13 2026] GET /allocations/aba90cdf-6c1d-4d1a-8b8d-3b4288b087b5 => generated 19 bytes in 13 msecs (HTTP/1.1 200) 8 headers in 295 bytes (1 switches on core 0)
2026-07-15 00:20:13.816 7 INFO placement.requestlog [req-687beecd-13af-4716-9b6f-f58c7d03d5c5 req-9b7248a5-6bcf-4ab9-b263-93e8333f7c33 043c2388f32e4def8d13ae8bc979f6d3 f59ce5b07983421ba839e0e889dbc74f - - aa3d89ac90d947ad89b42f07e580824b aa3d89ac90d947ad89b42f07e580824b] 10.0.0.228 "PUT /allocations/aba90cdf-6c1d-4d1a-8b8d-3b4288b087b5" status: 204 len: 0 microversion: 1.36 [pid: 7|app: 0|req: 337/683] 10.0.0.228 () {38 vars in 914 bytes} [Wed Jul 15 00:20:13 2026] PUT /allocations/aba90cdf-6c1d-4d1a-8b8d-3b4288b087b5 => generated 0 bytes in 77 msecs (HTTP/1.1 204) 5 headers in 199 bytes (1 switches on core 0)
2026-07-15 00:20:14.115 8 INFO placement.requestlog [req-687beecd-13af-4716-9b6f-f58c7d03d5c5 req-d8658179-8704-4b79-b016-f625f0daaaf2 043c2388f32e4def8d13ae8bc979f6d3 f59ce5b07983421ba839e0e889dbc74f - - aa3d89ac90d947ad89b42f07e580824b aa3d89ac90d947ad89b42f07e580824b] 199.19.213.9 "GET /allocations/aba90cdf-6c1d-4d1a-8b8d-3b4288b087b5" status: 200 len: 257 microversion: 1.28 [pid: 8|app: 0|req: 347/684] 199.19.213.9 () {34 vars in 861 bytes} [Wed Jul 15 00:20:14 2026] GET /allocations/aba90cdf-6c1d-4d1a-8b8d-3b4288b087b5 => generated 257 bytes in 17 msecs (HTTP/1.1 200) 8 headers in 296 bytes (1 switches on core 0)
2026-07-15 00:20:14.270 7 INFO placement.requestlog [req-687beecd-13af-4716-9b6f-f58c7d03d5c5 req-08d9a7fa-5598-4ecb-9167-77c23d8524e2 043c2388f32e4def8d13ae8bc979f6d3 f59ce5b07983421ba839e0e889dbc74f - - aa3d89ac90d947ad89b42f07e580824b aa3d89ac90d947ad89b42f07e580824b] 199.19.213.9 "GET /resource_providers/566d0ecd-fb7e-449f-9061-3cdbc846d85b/allocations" status: 200 len: 252 microversion: 1.0 [pid: 7|app: 0|req: 338/685] 199.19.213.9 () {32 vars in 855 bytes} [Wed Jul 15 00:20:14 2026] GET /resource_providers/566d0ecd-fb7e-449f-9061-3cdbc846d85b/allocations => generated 252 bytes in 33 msecs (HTTP/1.1 200) 6 headers in 224 bytes (1 switches on core 0)
2026-07-15 00:20:14.301 8 INFO placement.requestlog [req-687beecd-13af-4716-9b6f-f58c7d03d5c5 req-51093974-2529-4d69-8fcd-b4283c4c9a22 043c2388f32e4def8d13ae8bc979f6d3 f59ce5b07983421ba839e0e889dbc74f - - aa3d89ac90d947ad89b42f07e580824b aa3d89ac90d947ad89b42f07e580824b] 199.19.213.9 "GET /allocations/aba90cdf-6c1d-4d1a-8b8d-3b4288b087b5" status: 200 len: 257 microversion: 1.28 [pid: 8|app: 0|req: 348/686] 199.19.213.9 () {34 vars in 861 bytes} [Wed Jul 15 00:20:14 2026] GET /allocations/aba90cdf-6c1d-4d1a-8b8d-3b4288b087b5 => generated 257 bytes in 22 msecs (HTTP/1.1 200) 8 headers in 296 bytes (1 switches on core 0)
2026-07-15 00:20:14.350 7 INFO placement.requestlog [req-687beecd-13af-4716-9b6f-f58c7d03d5c5 req-562699ce-acdc-412a-bd4c-d3abcaac834b 043c2388f32e4def8d13ae8bc979f6d3 f59ce5b07983421ba839e0e889dbc74f - - aa3d89ac90d947ad89b42f07e580824b aa3d89ac90d947ad89b42f07e580824b] 199.19.213.9 "GET /allocations/9bf733c5-a5a7-47c3-a532-5664180bec9c" status: 200 len: 257 microversion: 1.28 [pid: 7|app: 0|req: 339/687] 199.19.213.9 () {34 vars in 861 bytes} [Wed Jul 15 00:20:14 2026] GET /allocations/9bf733c5-a5a7-47c3-a532-5664180bec9c => generated 257 bytes in 26 msecs (HTTP/1.1 200) 8 headers in 296 bytes (1 switches on core 0)
2026-07-15 00:20:16.795 8 INFO placement.requestlog [None req-2dc20052-1241-4b69-a381-1e6009fdc67d - - - - - -] 10.0.0.180 "GET /" status: 200 len: 136 microversion: 1.0
2026-07-15 00:20:16.796 7 INFO placement.requestlog [None req-97751094-afe4-4bf9-800e-97b7ad44c825 - - - - - -] 10.0.0.180 "GET /" status: 200 len: 136 microversion: 1.0
2026-07-15 00:20:17.364 8 INFO placement.requestlog [req-5e4331b7-0a92-4327-a023-e414a8a032e1 req-bb779379-bb99-4d8e-8d85-caef122efee0 043c2388f32e4def8d13ae8bc979f6d3 f59ce5b07983421ba839e0e889dbc74f - - aa3d89ac90d947ad89b42f07e580824b aa3d89ac90d947ad89b42f07e580824b] 10.0.0.228 "GET /allocation_candidates?limit=1000&resources=DISK_GB%3A1%2CMEMORY_MB%3A512%2CVCPU%3A1&root_required=%21COMPUTE_STATUS_DISABLED" status: 200 len: 2150 microversion: 1.36 [pid: 8|app: 0|req: 350/690] 10.0.0.228 () {34 vars in 1012 bytes} [Wed Jul 15 00:20:17 2026] GET /allocation_candidates?limit=1000&resources=DISK_GB%3A1%2CMEMORY_MB%3A512%2CVCPU%3A1&root_required=%21COMPUTE_STATUS_DISABLED => generated 2150 bytes in 53 msecs (HTTP/1.1 200) 8 headers in 297 bytes (1 switches on core 0)
2026-07-15 00:20:17.401 7 INFO placement.requestlog [req-5e4331b7-0a92-4327-a023-e414a8a032e1 req-2c8bb0db-603d-4eb9-8eb2-7438e6bdd544 043c2388f32e4def8d13ae8bc979f6d3 f59ce5b07983421ba839e0e889dbc74f - - aa3d89ac90d947ad89b42f07e580824b aa3d89ac90d947ad89b42f07e580824b] 10.0.0.228 "GET /allocations/5c8c6040-ebe5-4749-a80d-b7eb55fc8692" status: 200 len: 19 microversion: 1.28 [pid: 7|app: 0|req: 341/691] 10.0.0.228 () {34 vars in 861 bytes} [Wed Jul 15 00:20:17 2026] GET /allocations/5c8c6040-ebe5-4749-a80d-b7eb55fc8692 => generated 19 bytes in 14 msecs (HTTP/1.1 200) 8 headers in 295 bytes (1 switches on core 0)
2026-07-15 00:20:17.481 8 INFO placement.requestlog [req-5e4331b7-0a92-4327-a023-e414a8a032e1 req-9b07e147-e223-48ee-8bc3-6d1c38fb539b 043c2388f32e4def8d13ae8bc979f6d3 f59ce5b07983421ba839e0e889dbc74f - - aa3d89ac90d947ad89b42f07e580824b aa3d89ac90d947ad89b42f07e580824b] 10.0.0.228 "PUT /allocations/5c8c6040-ebe5-4749-a80d-b7eb55fc8692" status: 204 len: 0 microversion: 1.36 [pid: 8|app: 0|req: 351/692] 10.0.0.228 () {38 vars in 914 bytes} [Wed Jul 15 00:20:17 2026] PUT /allocations/5c8c6040-ebe5-4749-a80d-b7eb55fc8692 => generated 0 bytes in 72 msecs (HTTP/1.1 204) 5 headers in 199 bytes (1 switches on core 0)
2026-07-15 00:20:17.769 7 INFO placement.requestlog [req-5e4331b7-0a92-4327-a023-e414a8a032e1 req-31f7cff7-fa16-4a50-8b5d-f756d9e33ee8 043c2388f32e4def8d13ae8bc979f6d3 f59ce5b07983421ba839e0e889dbc74f - - aa3d89ac90d947ad89b42f07e580824b aa3d89ac90d947ad89b42f07e580824b] 199.19.213.9 "GET /allocations/5c8c6040-ebe5-4749-a80d-b7eb55fc8692" status: 200 len: 257 microversion: 1.28 [pid: 7|app: 0|req: 342/693] 199.19.213.9 () {34 vars in 861 bytes} [Wed Jul 15 00:20:17 2026] GET /allocations/5c8c6040-ebe5-4749-a80d-b7eb55fc8692 => generated 257 bytes in 17 msecs (HTTP/1.1 200) 8 headers in 296 bytes (1 switches on core 0)
2026-07-15 00:20:17.934 8 INFO placement.requestlog [req-5e4331b7-0a92-4327-a023-e414a8a032e1 req-4ae13436-e493-47c0-98d9-873ddfd28963 043c2388f32e4def8d13ae8bc979f6d3 f59ce5b07983421ba839e0e889dbc74f - - aa3d89ac90d947ad89b42f07e580824b aa3d89ac90d947ad89b42f07e580824b] 199.19.213.9 "GET /resource_providers/566d0ecd-fb7e-449f-9061-3cdbc846d85b/allocations" status: 200 len: 352 microversion: 1.0 [pid: 8|app: 0|req: 352/694] 199.19.213.9 () {32 vars in 855 bytes} [Wed Jul 15 00:20:17 2026] GET /resource_providers/566d0ecd-fb7e-449f-9061-3cdbc846d85b/allocations => generated 352 bytes in 31 msecs (HTTP/1.1 200) 6 headers in 224 bytes (1 switches on core 0)
2026-07-15 00:20:17.966 7 INFO placement.requestlog [req-5e4331b7-0a92-4327-a023-e414a8a032e1 req-83162b51-6f4d-4535-9b43-2661d959d0cf 043c2388f32e4def8d13ae8bc979f6d3 f59ce5b07983421ba839e0e889dbc74f - - aa3d89ac90d947ad89b42f07e580824b aa3d89ac90d947ad89b42f07e580824b] 199.19.213.9 "GET /allocations/5c8c6040-ebe5-4749-a80d-b7eb55fc8692" status: 200 len: 257 microversion: 1.28 [pid: 7|app: 0|req: 343/695] 199.19.213.9 () {34 vars in 861 bytes} [Wed Jul 15 00:20:17 2026] GET /allocations/5c8c6040-ebe5-4749-a80d-b7eb55fc8692 => generated 257 bytes in 17 msecs (HTTP/1.1 200) 8 headers in 296 bytes (1 switches on core 0)
