2026-07-21 13:58:06.076 8 INFO neutron.api.extensions [None req-90f6f52b-eb57-4c0b-aa10-e8dce1ea0089 - - - - - -] Loaded extension: qos-gateway-ip
2026-07-21 13:58:06.077 8 INFO neutron.api.extensions [None req-90f6f52b-eb57-4c0b-aa10-e8dce1ea0089 - - - - - -] Loaded extension: qos-port-network-policy
2026-07-21 13:58:06.078 8 INFO neutron.api.extensions [None req-90f6f52b-eb57-4c0b-aa10-e8dce1ea0089 - - - - - -] Loaded extension: qos-pps-minimum
2026-07-21 13:58:06.078 8 INFO neutron.api.extensions [None req-90f6f52b-eb57-4c0b-aa10-e8dce1ea0089 - - - - - -] Loaded extension: qos-pps-minimum-rule-alias
2026-07-21 13:58:06.079 7 INFO neutron.api.extensions [None req-bdc23e0b-fa30-45ce-aae1-7349fc41e092 - - - - - -] Loaded extension: standard-attr-tag
2026-07-21 13:58:06.079 8 INFO neutron.api.extensions [None req-90f6f52b-eb57-4c0b-aa10-e8dce1ea0089 - - - - - -] Loaded extension: qos-pps
2026-07-21 13:58:06.080 8 INFO neutron.api.extensions [None req-90f6f52b-eb57-4c0b-aa10-e8dce1ea0089 - - - - - -] Loaded extension: qos-rule-type-details
2026-07-21 13:58:06.080 7 INFO neutron.api.extensions [None req-bdc23e0b-fa30-45ce-aae1-7349fc41e092 - - - - - -] Loaded extension: standard-attr-timestamp
2026-07-21 13:58:06.080 8 INFO neutron.api.extensions [None req-90f6f52b-eb57-4c0b-aa10-e8dce1ea0089 - - - - - -] Loaded extension: qos-rule-type-filter
2026-07-21 13:58:06.081 8 INFO neutron.api.extensions [None req-90f6f52b-eb57-4c0b-aa10-e8dce1ea0089 - - - - - -] Loaded extension: qos-rules-alias
2026-07-21 13:58:06.081 7 INFO neutron.api.extensions [None req-bdc23e0b-fa30-45ce-aae1-7349fc41e092 - - - - - -] Loaded extension: trunk
2026-07-21 13:58:06.081 8 INFO neutron.api.extensions [None req-90f6f52b-eb57-4c0b-aa10-e8dce1ea0089 - - - - - -] Loaded extension: quota-check-limit
2026-07-21 13:58:06.082 7 INFO neutron.api.extensions [None req-bdc23e0b-fa30-45ce-aae1-7349fc41e092 - - - - - -] Loaded extension: trunk-details
2026-07-21 13:58:06.083 7 INFO neutron.api.extensions [None req-bdc23e0b-fa30-45ce-aae1-7349fc41e092 - - - - - -] Extension uplink-status-propagation not supported by any of loaded plugins
2026-07-21 13:58:06.083 8 INFO neutron.api.extensions [None req-90f6f52b-eb57-4c0b-aa10-e8dce1ea0089 - - - - - -] Loaded extension: quotas
2026-07-21 13:58:06.083 7 INFO neutron.api.extensions [None req-bdc23e0b-fa30-45ce-aae1-7349fc41e092 - - - - - -] Extension vlan-transparent not supported by any of loaded plugins
2026-07-21 13:58:06.084 8 INFO neutron.api.extensions [None req-90f6f52b-eb57-4c0b-aa10-e8dce1ea0089 - - - - - -] Loaded extension: quota_details
2026-07-21 13:58:06.085 8 INFO neutron.api.extensions [None req-90f6f52b-eb57-4c0b-aa10-e8dce1ea0089 - - - - - -] Loaded extension: rbac-policies
2026-07-21 13:58:06.085 7 INFO neutron.api.extensions [None req-bdc23e0b-fa30-45ce-aae1-7349fc41e092 - - - - - -] Extension vpn-agent-scheduler not supported by any of loaded plugins
2026-07-21 13:58:06.086 8 INFO neutron.api.extensions [None req-90f6f52b-eb57-4c0b-aa10-e8dce1ea0089 - - - - - -] Loaded extension: rbac-address-group
2026-07-21 13:58:06.086 7 INFO neutron.api.extensions [None req-bdc23e0b-fa30-45ce-aae1-7349fc41e092 - - - - - -] Loaded extension: vpn-endpoint-groups
2026-07-21 13:58:06.087 8 INFO neutron.api.extensions [None req-90f6f52b-eb57-4c0b-aa10-e8dce1ea0089 - - - - - -] Loaded extension: rbac-address-scope
2026-07-21 13:58:06.087 8 INFO neutron.api.extensions [None req-90f6f52b-eb57-4c0b-aa10-e8dce1ea0089 - - - - - -] Loaded extension: rbac-security-groups
2026-07-21 13:58:06.087 7 INFO neutron.api.extensions [None req-bdc23e0b-fa30-45ce-aae1-7349fc41e092 - - - - - -] Loaded extension: vpn-flavors
2026-07-21 13:58:06.088 8 INFO neutron.api.extensions [None req-90f6f52b-eb57-4c0b-aa10-e8dce1ea0089 - - - - - -] Loaded extension: rbac-subnetpool
2026-07-21 13:58:06.088 8 INFO neutron.api.extensions [None req-90f6f52b-eb57-4c0b-aa10-e8dce1ea0089 - - - - - -] Loaded extension: revision-if-match
2026-07-21 13:58:06.089 7 INFO neutron.api.extensions [None req-bdc23e0b-fa30-45ce-aae1-7349fc41e092 - - - - - -] Loaded extension: vpnaas
2026-07-21 13:58:06.089 8 INFO neutron.api.extensions [None req-90f6f52b-eb57-4c0b-aa10-e8dce1ea0089 - - - - - -] Loaded extension: standard-attr-revisions
2026-07-21 13:58:06.089 8 INFO neutron.api.extensions [None req-90f6f52b-eb57-4c0b-aa10-e8dce1ea0089 - - - - - -] Loaded extension: router_availability_zone
2026-07-21 13:58:06.090 8 INFO neutron.api.extensions [None req-90f6f52b-eb57-4c0b-aa10-e8dce1ea0089 - - - - - -] Extension router-service-type not supported by any of loaded plugins
2026-07-21 13:58:06.091 7 INFO neutron.quota.resource_registry [None req-bdc23e0b-fa30-45ce-aae1-7349fc41e092 - - - - - -] Creating instance of TrackedResource for resource:network
2026-07-21 13:58:06.091 7 INFO neutron.quota.resource_registry [None req-bdc23e0b-fa30-45ce-aae1-7349fc41e092 - - - - - -] Creating instance of TrackedResource for resource:subnet
2026-07-21 13:58:06.092 8 INFO neutron.api.extensions [None req-90f6f52b-eb57-4c0b-aa10-e8dce1ea0089 - - - - - -] Loaded extension: security-groups-default-rules
2026-07-21 13:58:06.092 7 INFO neutron.quota.resource_registry [None req-bdc23e0b-fa30-45ce-aae1-7349fc41e092 - - - - - -] Creating instance of TrackedResource for resource:subnetpool
2026-07-21 13:58:06.092 7 INFO neutron.quota.resource_registry [None req-bdc23e0b-fa30-45ce-aae1-7349fc41e092 - - - - - -] Creating instance of TrackedResource for resource:port
2026-07-21 13:58:06.092 8 INFO neutron.api.extensions [None req-90f6f52b-eb57-4c0b-aa10-e8dce1ea0089 - - - - - -] Loaded extension: security-groups-normalized-cidr
2026-07-21 13:58:06.093 8 INFO neutron.api.extensions [None req-90f6f52b-eb57-4c0b-aa10-e8dce1ea0089 - - - - - -] Loaded extension: port-security-groups-filtering
2026-07-21 13:58:06.093 8 INFO neutron.api.extensions [None req-90f6f52b-eb57-4c0b-aa10-e8dce1ea0089 - - - - - -] Loaded extension: security-groups-remote-address-group
2026-07-21 13:58:06.094 8 INFO neutron.api.extensions [None req-90f6f52b-eb57-4c0b-aa10-e8dce1ea0089 - - - - - -] Loaded extension: security-groups-rules-belongs-to-default-sg
2026-07-21 13:58:06.095 8 INFO neutron.api.extensions [None req-90f6f52b-eb57-4c0b-aa10-e8dce1ea0089 - - - - - -] Loaded extension: security-groups-shared-filtering
2026-07-21 13:58:06.096 7 INFO neutron.quota.resource_registry [None req-bdc23e0b-fa30-45ce-aae1-7349fc41e092 - - - - - -] Creating instance of TrackedResource for resource:router
2026-07-21 13:58:06.097 7 INFO neutron.quota.resource_registry [None req-bdc23e0b-fa30-45ce-aae1-7349fc41e092 - - - - - -] Creating instance of TrackedResource for resource:floatingip
2026-07-21 13:58:06.103 7 INFO neutron.quota.resource_registry [None req-bdc23e0b-fa30-45ce-aae1-7349fc41e092 - - - - - -] Creating instance of CountableResource for resource:rbac_policy
2026-07-21 13:58:06.103 8 INFO neutron.api.extensions [None req-90f6f52b-eb57-4c0b-aa10-e8dce1ea0089 - - - - - -] Loaded extension: security-group
2026-07-21 13:58:06.104 7 INFO neutron.quota.resource_registry [None req-bdc23e0b-fa30-45ce-aae1-7349fc41e092 - - - - - -] Creating instance of TrackedResource for resource:security_group
2026-07-21 13:58:06.105 8 INFO neutron.api.extensions [None req-90f6f52b-eb57-4c0b-aa10-e8dce1ea0089 - - - - - -] Loaded extension: segment
2026-07-21 13:58:06.105 7 INFO neutron.quota.resource_registry [None req-bdc23e0b-fa30-45ce-aae1-7349fc41e092 - - - - - -] Creating instance of TrackedResource for resource:security_group_rule
2026-07-21 13:58:06.105 8 INFO neutron.api.extensions [None req-90f6f52b-eb57-4c0b-aa10-e8dce1ea0089 - - - - - -] Loaded extension: segments-peer-subnet-host-routes
2026-07-21 13:58:06.106 8 INFO neutron.api.extensions [None req-90f6f52b-eb57-4c0b-aa10-e8dce1ea0089 - - - - - -] Loaded extension: service-type
2026-07-21 13:58:06.106 7 INFO neutron.quota.resource_registry [None req-bdc23e0b-fa30-45ce-aae1-7349fc41e092 - - - - - -] Creating instance of TrackedResource for resource:subnetpool
2026-07-21 13:58:06.107 7 WARNING neutron.quota.resource_registry [None req-bdc23e0b-fa30-45ce-aae1-7349fc41e092 - - - - - -] subnetpool is already registered
2026-07-21 13:58:06.107 7 INFO neutron.quota.resource_registry [None req-bdc23e0b-fa30-45ce-aae1-7349fc41e092 - - - - - -] Creating instance of TrackedResource for resource:subnetpool
2026-07-21 13:58:06.107 8 INFO neutron.api.extensions [None req-90f6f52b-eb57-4c0b-aa10-e8dce1ea0089 - - - - - -] Loaded extension: sorting
2026-07-21 13:58:06.107 7 WARNING neutron.quota.resource_registry [None req-bdc23e0b-fa30-45ce-aae1-7349fc41e092 - - - - - -] subnetpool is already registered
2026-07-21 13:58:06.108 8 INFO neutron.api.extensions [None req-90f6f52b-eb57-4c0b-aa10-e8dce1ea0089 - - - - - -] Loaded extension: standard-attr-segment
2026-07-21 13:58:06.108 7 INFO neutron.quota.resource_registry [None req-bdc23e0b-fa30-45ce-aae1-7349fc41e092 - - - - - -] Creating instance of CountableResource for resource:trunk
2026-07-21 13:58:06.109 8 INFO neutron.api.extensions [None req-90f6f52b-eb57-4c0b-aa10-e8dce1ea0089 - - - - - -] Loaded extension: standard-attr-description
2026-07-21 13:58:06.109 7 INFO neutron.quota.resource_registry [None req-bdc23e0b-fa30-45ce-aae1-7349fc41e092 - - - - - -] Creating instance of CountableResource for resource:endpoint_group
2026-07-21 13:58:06.109 8 INFO neutron.api.extensions [None req-90f6f52b-eb57-4c0b-aa10-e8dce1ea0089 - - - - - -] Loaded extension: stateful-security-group
2026-07-21 13:58:06.110 7 INFO neutron.quota.resource_registry [None req-bdc23e0b-fa30-45ce-aae1-7349fc41e092 - - - - - -] Creating instance of CountableResource for resource:vpnservice
2026-07-21 13:58:06.110 8 WARNING neutron.api.extensions [None req-90f6f52b-eb57-4c0b-aa10-e8dce1ea0089 - - - - - -] Did not find expected name "Stdattrs_common" in /var/lib/openstack/lib/python3.10/site-packages/neutron/extensions/stdattrs_common.py
2026-07-21 13:58:06.110 7 INFO neutron.quota.resource_registry [None req-bdc23e0b-fa30-45ce-aae1-7349fc41e092 - - - - - -] Creating instance of CountableResource for resource:ipsec_site_connection
2026-07-21 13:58:06.110 8 INFO neutron.api.extensions [None req-90f6f52b-eb57-4c0b-aa10-e8dce1ea0089 - - - - - -] Extension subnet-dns-publish-fixed-ip not supported by any of loaded plugins
2026-07-21 13:58:06.111 7 INFO neutron.quota.resource_registry [None req-bdc23e0b-fa30-45ce-aae1-7349fc41e092 - - - - - -] Creating instance of CountableResource for resource:ipsecpolicy
2026-07-21 13:58:06.111 8 INFO neutron.api.extensions [None req-90f6f52b-eb57-4c0b-aa10-e8dce1ea0089 - - - - - -] Loaded extension: subnet_onboard
2026-07-21 13:58:06.112 8 INFO neutron.api.extensions [None req-90f6f52b-eb57-4c0b-aa10-e8dce1ea0089 - - - - - -] Loaded extension: subnet-segmentid-writable
2026-07-21 13:58:06.112 7 INFO neutron.quota.resource_registry [None req-bdc23e0b-fa30-45ce-aae1-7349fc41e092 - - - - - -] Creating instance of CountableResource for resource:ikepolicy
2026-07-21 13:58:06.112 8 INFO neutron.api.extensions [None req-90f6f52b-eb57-4c0b-aa10-e8dce1ea0089 - - - - - -] Loaded extension: subnet-service-types
2026-07-21 13:58:06.113 8 INFO neutron.api.extensions [None req-90f6f52b-eb57-4c0b-aa10-e8dce1ea0089 - - - - - -] Loaded extension: subnet_allocation
2026-07-21 13:58:06.114 8 INFO neutron.api.extensions [None req-90f6f52b-eb57-4c0b-aa10-e8dce1ea0089 - - - - - -] Loaded extension: subnetpool-prefix-ops
2026-07-21 13:58:06.115 8 INFO neutron.api.extensions [None req-90f6f52b-eb57-4c0b-aa10-e8dce1ea0089 - - - - - -] Extension tag-ports-during-bulk-creation not supported by any of loaded plugins
2026-07-21 13:58:06.117 7 INFO neutron.quota.resource_registry [None req-bdc23e0b-fa30-45ce-aae1-7349fc41e092 - - - - - -] Creating instance of TrackedResource for resource:router
2026-07-21 13:58:06.118 7 WARNING neutron.quota.resource_registry [None req-bdc23e0b-fa30-45ce-aae1-7349fc41e092 - - - - - -] router is already registered
2026-07-21 13:58:06.118 7 INFO neutron.quota.resource_registry [None req-bdc23e0b-fa30-45ce-aae1-7349fc41e092 - - - - - -] Creating instance of TrackedResource for resource:floatingip
2026-07-21 13:58:06.118 7 WARNING neutron.quota.resource_registry [None req-bdc23e0b-fa30-45ce-aae1-7349fc41e092 - - - - - -] floatingip is already registered
2026-07-21 13:58:06.118 8 INFO neutron.api.extensions [None req-90f6f52b-eb57-4c0b-aa10-e8dce1ea0089 - - - - - -] Loaded extension: standard-attr-tag
2026-07-21 13:58:06.119 8 INFO neutron.api.extensions [None req-90f6f52b-eb57-4c0b-aa10-e8dce1ea0089 - - - - - -] Loaded extension: standard-attr-timestamp
2026-07-21 13:58:06.120 8 INFO neutron.api.extensions [None req-90f6f52b-eb57-4c0b-aa10-e8dce1ea0089 - - - - - -] Loaded extension: trunk
2026-07-21 13:58:06.121 8 INFO neutron.api.extensions [None req-90f6f52b-eb57-4c0b-aa10-e8dce1ea0089 - - - - - -] Loaded extension: trunk-details
2026-07-21 13:58:06.122 8 INFO neutron.api.extensions [None req-90f6f52b-eb57-4c0b-aa10-e8dce1ea0089 - - - - - -] Extension uplink-status-propagation not supported by any of loaded plugins
2026-07-21 13:58:06.122 8 INFO neutron.api.extensions [None req-90f6f52b-eb57-4c0b-aa10-e8dce1ea0089 - - - - - -] Extension vlan-transparent not supported by any of loaded plugins
2026-07-21 13:58:06.124 7 INFO neutron.quota.resource_registry [None req-bdc23e0b-fa30-45ce-aae1-7349fc41e092 - - - - - -] Creating instance of CountableResource for resource:rbac_policy
2026-07-21 13:58:06.124 8 INFO neutron.api.extensions [None req-90f6f52b-eb57-4c0b-aa10-e8dce1ea0089 - - - - - -] Extension vpn-agent-scheduler not supported by any of loaded plugins
2026-07-21 13:58:06.124 7 WARNING neutron.quota.resource_registry [None req-bdc23e0b-fa30-45ce-aae1-7349fc41e092 - - - - - -] rbac_policy is already registered
2026-07-21 13:58:06.125 8 INFO neutron.api.extensions [None req-90f6f52b-eb57-4c0b-aa10-e8dce1ea0089 - - - - - -] Loaded extension: vpn-endpoint-groups
2026-07-21 13:58:06.125 7 INFO neutron.quota.resource_registry [None req-bdc23e0b-fa30-45ce-aae1-7349fc41e092 - - - - - -] Creating instance of TrackedResource for resource:security_group
2026-07-21 13:58:06.125 7 WARNING neutron.quota.resource_registry [None req-bdc23e0b-fa30-45ce-aae1-7349fc41e092 - - - - - -] security_group is already registered
2026-07-21 13:58:06.126 7 INFO neutron.quota.resource_registry [None req-bdc23e0b-fa30-45ce-aae1-7349fc41e092 - - - - - -] Creating instance of TrackedResource for resource:security_group_rule
2026-07-21 13:58:06.126 8 INFO neutron.api.extensions [None req-90f6f52b-eb57-4c0b-aa10-e8dce1ea0089 - - - - - -] Loaded extension: vpn-flavors
2026-07-21 13:58:06.126 7 WARNING neutron.quota.resource_registry [None req-bdc23e0b-fa30-45ce-aae1-7349fc41e092 - - - - - -] security_group_rule is already registered
2026-07-21 13:58:06.128 7 INFO neutron.quota.resource_registry [None req-bdc23e0b-fa30-45ce-aae1-7349fc41e092 - - - - - -] Creating instance of TrackedResource for resource:subnetpool
2026-07-21 13:58:06.128 8 INFO neutron.api.extensions [None req-90f6f52b-eb57-4c0b-aa10-e8dce1ea0089 - - - - - -] Loaded extension: vpnaas
2026-07-21 13:58:06.128 7 WARNING neutron.quota.resource_registry [None req-bdc23e0b-fa30-45ce-aae1-7349fc41e092 - - - - - -] subnetpool is already registered
2026-07-21 13:58:06.128 7 INFO neutron.quota.resource_registry [None req-bdc23e0b-fa30-45ce-aae1-7349fc41e092 - - - - - -] Creating instance of TrackedResource for resource:subnetpool
2026-07-21 13:58:06.129 7 WARNING neutron.quota.resource_registry [None req-bdc23e0b-fa30-45ce-aae1-7349fc41e092 - - - - - -] subnetpool is already registered
2026-07-21 13:58:06.129 7 INFO neutron.quota.resource_registry [None req-bdc23e0b-fa30-45ce-aae1-7349fc41e092 - - - - - -] Creating instance of CountableResource for resource:trunk
2026-07-21 13:58:06.130 7 WARNING neutron.quota.resource_registry [None req-bdc23e0b-fa30-45ce-aae1-7349fc41e092 - - - - - -] trunk is already registered
2026-07-21 13:58:06.130 7 INFO neutron.quota.resource_registry [None req-bdc23e0b-fa30-45ce-aae1-7349fc41e092 - - - - - -] Creating instance of CountableResource for resource:endpoint_group
2026-07-21 13:58:06.130 8 INFO neutron.quota.resource_registry [None req-90f6f52b-eb57-4c0b-aa10-e8dce1ea0089 - - - - - -] Creating instance of TrackedResource for resource:network
2026-07-21 13:58:06.130 7 WARNING neutron.quota.resource_registry [None req-bdc23e0b-fa30-45ce-aae1-7349fc41e092 - - - - - -] endpoint_group is already registered
2026-07-21 13:58:06.131 8 INFO neutron.quota.resource_registry [None req-90f6f52b-eb57-4c0b-aa10-e8dce1ea0089 - - - - - -] Creating instance of TrackedResource for resource:subnet
2026-07-21 13:58:06.131 8 INFO neutron.quota.resource_registry [None req-90f6f52b-eb57-4c0b-aa10-e8dce1ea0089 - - - - - -] Creating instance of TrackedResource for resource:subnetpool
2026-07-21 13:58:06.131 7 INFO neutron.quota.resource_registry [None req-bdc23e0b-fa30-45ce-aae1-7349fc41e092 - - - - - -] Creating instance of CountableResource for resource:vpnservice
2026-07-21 13:58:06.131 8 INFO neutron.quota.resource_registry [None req-90f6f52b-eb57-4c0b-aa10-e8dce1ea0089 - - - - - -] Creating instance of TrackedResource for resource:port
2026-07-21 13:58:06.131 7 WARNING neutron.quota.resource_registry [None req-bdc23e0b-fa30-45ce-aae1-7349fc41e092 - - - - - -] vpnservice is already registered
2026-07-21 13:58:06.132 7 INFO neutron.quota.resource_registry [None req-bdc23e0b-fa30-45ce-aae1-7349fc41e092 - - - - - -] Creating instance of CountableResource for resource:ipsec_site_connection
2026-07-21 13:58:06.132 7 WARNING neutron.quota.resource_registry [None req-bdc23e0b-fa30-45ce-aae1-7349fc41e092 - - - - - -] ipsec_site_connection is already registered
2026-07-21 13:58:06.133 7 INFO neutron.quota.resource_registry [None req-bdc23e0b-fa30-45ce-aae1-7349fc41e092 - - - - - -] Creating instance of CountableResource for resource:ipsecpolicy
2026-07-21 13:58:06.133 7 WARNING neutron.quota.resource_registry [None req-bdc23e0b-fa30-45ce-aae1-7349fc41e092 - - - - - -] ipsecpolicy is already registered
2026-07-21 13:58:06.134 7 INFO neutron.quota.resource_registry [None req-bdc23e0b-fa30-45ce-aae1-7349fc41e092 - - - - - -] Creating instance of CountableResource for resource:ikepolicy
2026-07-21 13:58:06.134 7 WARNING neutron.quota.resource_registry [None req-bdc23e0b-fa30-45ce-aae1-7349fc41e092 - - - - - -] ikepolicy is already registered
2026-07-21 13:58:06.136 8 INFO neutron.quota.resource_registry [None req-90f6f52b-eb57-4c0b-aa10-e8dce1ea0089 - - - - - -] Creating instance of TrackedResource for resource:router
2026-07-21 13:58:06.137 8 INFO neutron.quota.resource_registry [None req-90f6f52b-eb57-4c0b-aa10-e8dce1ea0089 - - - - - -] Creating instance of TrackedResource for resource:floatingip
2026-07-21 13:58:06.143 8 INFO neutron.quota.resource_registry [None req-90f6f52b-eb57-4c0b-aa10-e8dce1ea0089 - - - - - -] Creating instance of CountableResource for resource:rbac_policy
2026-07-21 13:58:06.144 8 INFO neutron.quota.resource_registry [None req-90f6f52b-eb57-4c0b-aa10-e8dce1ea0089 - - - - - -] Creating instance of TrackedResource for resource:security_group
2026-07-21 13:58:06.144 8 INFO neutron.quota.resource_registry [None req-90f6f52b-eb57-4c0b-aa10-e8dce1ea0089 - - - - - -] Creating instance of TrackedResource for resource:security_group_rule
2026-07-21 13:58:06.145 8 INFO neutron.quota.resource_registry [None req-90f6f52b-eb57-4c0b-aa10-e8dce1ea0089 - - - - - -] Creating instance of TrackedResource for resource:subnetpool
2026-07-21 13:58:06.146 8 WARNING neutron.quota.resource_registry [None req-90f6f52b-eb57-4c0b-aa10-e8dce1ea0089 - - - - - -] subnetpool is already registered
2026-07-21 13:58:06.146 8 INFO neutron.quota.resource_registry [None req-90f6f52b-eb57-4c0b-aa10-e8dce1ea0089 - - - - - -] Creating instance of TrackedResource for resource:subnetpool
2026-07-21 13:58:06.146 8 WARNING neutron.quota.resource_registry [None req-90f6f52b-eb57-4c0b-aa10-e8dce1ea0089 - - - - - -] subnetpool is already registered
2026-07-21 13:58:06.147 8 INFO neutron.quota.resource_registry [None req-90f6f52b-eb57-4c0b-aa10-e8dce1ea0089 - - - - - -] Creating instance of CountableResource for resource:trunk
2026-07-21 13:58:06.148 8 INFO neutron.quota.resource_registry [None req-90f6f52b-eb57-4c0b-aa10-e8dce1ea0089 - - - - - -] Creating instance of CountableResource for resource:endpoint_group
2026-07-21 13:58:06.149 8 INFO neutron.quota.resource_registry [None req-90f6f52b-eb57-4c0b-aa10-e8dce1ea0089 - - - - - -] Creating instance of CountableResource for resource:vpnservice
2026-07-21 13:58:06.149 8 INFO neutron.quota.resource_registry [None req-90f6f52b-eb57-4c0b-aa10-e8dce1ea0089 - - - - - -] Creating instance of CountableResource for resource:ipsec_site_connection
2026-07-21 13:58:06.150 8 INFO neutron.quota.resource_registry [None req-90f6f52b-eb57-4c0b-aa10-e8dce1ea0089 - - - - - -] Creating instance of CountableResource for resource:ipsecpolicy
2026-07-21 13:58:06.151 8 INFO neutron.quota.resource_registry [None req-90f6f52b-eb57-4c0b-aa10-e8dce1ea0089 - - - - - -] Creating instance of CountableResource for resource:ikepolicy
2026-07-21 13:58:06.158 8 INFO neutron.quota.resource_registry [None req-90f6f52b-eb57-4c0b-aa10-e8dce1ea0089 - - - - - -] Creating instance of TrackedResource for resource:router
2026-07-21 13:58:06.158 8 WARNING neutron.quota.resource_registry [None req-90f6f52b-eb57-4c0b-aa10-e8dce1ea0089 - - - - - -] router is already registered
2026-07-21 13:58:06.159 8 INFO neutron.quota.resource_registry [None req-90f6f52b-eb57-4c0b-aa10-e8dce1ea0089 - - - - - -] Creating instance of TrackedResource for resource:floatingip
2026-07-21 13:58:06.159 8 WARNING neutron.quota.resource_registry [None req-90f6f52b-eb57-4c0b-aa10-e8dce1ea0089 - - - - - -] floatingip is already registered
2026-07-21 13:58:06.164 8 INFO neutron.quota.resource_registry [None req-90f6f52b-eb57-4c0b-aa10-e8dce1ea0089 - - - - - -] Creating instance of CountableResource for resource:rbac_policy
2026-07-21 13:58:06.164 8 WARNING neutron.quota.resource_registry [None req-90f6f52b-eb57-4c0b-aa10-e8dce1ea0089 - - - - - -] rbac_policy is already registered
2026-07-21 13:58:06.165 8 INFO neutron.quota.resource_registry [None req-90f6f52b-eb57-4c0b-aa10-e8dce1ea0089 - - - - - -] Creating instance of TrackedResource for resource:security_group
2026-07-21 13:58:06.166 8 WARNING neutron.quota.resource_registry [None req-90f6f52b-eb57-4c0b-aa10-e8dce1ea0089 - - - - - -] security_group is already registered
2026-07-21 13:58:06.166 8 INFO neutron.quota.resource_registry [None req-90f6f52b-eb57-4c0b-aa10-e8dce1ea0089 - - - - - -] Creating instance of TrackedResource for resource:security_group_rule
2026-07-21 13:58:06.167 8 WARNING neutron.quota.resource_registry [None req-90f6f52b-eb57-4c0b-aa10-e8dce1ea0089 - - - - - -] security_group_rule is already registered
2026-07-21 13:58:06.168 8 INFO neutron.quota.resource_registry [None req-90f6f52b-eb57-4c0b-aa10-e8dce1ea0089 - - - - - -] Creating instance of TrackedResource for resource:subnetpool
2026-07-21 13:58:06.168 8 WARNING neutron.quota.resource_registry [None req-90f6f52b-eb57-4c0b-aa10-e8dce1ea0089 - - - - - -] subnetpool is already registered
2026-07-21 13:58:06.169 8 INFO neutron.quota.resource_registry [None req-90f6f52b-eb57-4c0b-aa10-e8dce1ea0089 - - - - - -] Creating instance of TrackedResource for resource:subnetpool
2026-07-21 13:58:06.169 8 WARNING neutron.quota.resource_registry [None req-90f6f52b-eb57-4c0b-aa10-e8dce1ea0089 - - - - - -] subnetpool is already registered
2026-07-21 13:58:06.170 8 INFO neutron.quota.resource_registry [None req-90f6f52b-eb57-4c0b-aa10-e8dce1ea0089 - - - - - -] Creating instance of CountableResource for resource:trunk
2026-07-21 13:58:06.170 8 WARNING neutron.quota.resource_registry [None req-90f6f52b-eb57-4c0b-aa10-e8dce1ea0089 - - - - - -] trunk is already registered
2026-07-21 13:58:06.170 8 INFO neutron.quota.resource_registry [None req-90f6f52b-eb57-4c0b-aa10-e8dce1ea0089 - - - - - -] Creating instance of CountableResource for resource:endpoint_group
2026-07-21 13:58:06.171 8 WARNING neutron.quota.resource_registry [None req-90f6f52b-eb57-4c0b-aa10-e8dce1ea0089 - - - - - -] endpoint_group is already registered
2026-07-21 13:58:06.171 8 INFO neutron.quota.resource_registry [None req-90f6f52b-eb57-4c0b-aa10-e8dce1ea0089 - - - - - -] Creating instance of CountableResource for resource:vpnservice
2026-07-21 13:58:06.171 8 WARNING neutron.quota.resource_registry [None req-90f6f52b-eb57-4c0b-aa10-e8dce1ea0089 - - - - - -] vpnservice is already registered
2026-07-21 13:58:06.172 8 INFO neutron.quota.resource_registry [None req-90f6f52b-eb57-4c0b-aa10-e8dce1ea0089 - - - - - -] Creating instance of CountableResource for resource:ipsec_site_connection
2026-07-21 13:58:06.172 8 WARNING neutron.quota.resource_registry [None req-90f6f52b-eb57-4c0b-aa10-e8dce1ea0089 - - - - - -] ipsec_site_connection is already registered
2026-07-21 13:58:06.173 8 INFO neutron.quota.resource_registry [None req-90f6f52b-eb57-4c0b-aa10-e8dce1ea0089 - - - - - -] Creating instance of CountableResource for resource:ipsecpolicy
2026-07-21 13:58:06.173 8 WARNING neutron.quota.resource_registry [None req-90f6f52b-eb57-4c0b-aa10-e8dce1ea0089 - - - - - -] ipsecpolicy is already registered
2026-07-21 13:58:06.173 8 INFO neutron.quota.resource_registry [None req-90f6f52b-eb57-4c0b-aa10-e8dce1ea0089 - - - - - -] Creating instance of CountableResource for resource:ikepolicy
2026-07-21 13:58:06.174 8 WARNING neutron.quota.resource_registry [None req-90f6f52b-eb57-4c0b-aa10-e8dce1ea0089 - - - - - -] ikepolicy is already registered
2026-07-21 13:58:06.185 7 WARNING keystonemiddleware._common.config [None req-bdc23e0b-fa30-45ce-aae1-7349fc41e092 - - - - - -] The option "audit_map_file" is not known to keystonemiddleware
2026-07-21 13:58:06.194 7 WARNING oslo_config.cfg [None req-bdc23e0b-fa30-45ce-aae1-7349fc41e092 - - - - - -] Deprecated: Option "auth_uri" from group "keystone_authtoken" is deprecated. Use option "www_authenticate_uri" from group "keystone_authtoken". WSGI app 0 (mountpoint='') ready in 7 seconds on interpreter 0x5613bce96120 pid: 7 (default app)
2026-07-21 13:58:06.225 8 WARNING keystonemiddleware._common.config [None req-90f6f52b-eb57-4c0b-aa10-e8dce1ea0089 - - - - - -] The option "audit_map_file" is not known to keystonemiddleware
2026-07-21 13:58:06.236 8 WARNING oslo_config.cfg [None req-90f6f52b-eb57-4c0b-aa10-e8dce1ea0089 - - - - - -] Deprecated: Option "auth_uri" from group "keystone_authtoken" is deprecated. Use option "www_authenticate_uri" from group "keystone_authtoken". WSGI app 0 (mountpoint='') ready in 7 seconds on interpreter 0x5613bce96120 pid: 8 (default app) /var/lib/openstack/lib/python3.10/site-packages/pycadf/identifier.py:71: UserWarning: Invalid uuid: unknown. To ensure interoperability, identifiers should be a valid uuid. warnings.warn(('Invalid uuid: %s. To ensure interoperability, '
2026-07-21 13:58:12.377 7 INFO neutron.pecan_wsgi.hooks.translation [None req-2e33bb86-d1f9-4cc4-917d-e65a3ba79486 7d8e715e5e5444a196d7906ee705dc88 a91ba488df684e2298a33b82037cdb5a - - default default] GET failed (client error): The resource could not be found. [pid: 7|app: 0|req: 3/3] 199.204.45.222 () {44 vars in 928 bytes} [Tue Jul 21 13:58:11 2026] GET /v2.0/networks/public => generated 108 bytes in 871 msecs (HTTP/1.1 404) 4 headers in 164 bytes (1 switches on core 0) /var/lib/openstack/lib/python3.10/site-packages/pycadf/identifier.py:71: UserWarning: Invalid uuid: unknown. To ensure interoperability, identifiers should be a valid uuid. warnings.warn(('Invalid uuid: %s. To ensure interoperability, ' [pid: 8|app: 0|req: 1/4] 199.204.45.222 () {44 vars in 950 bytes} [Tue Jul 21 13:58:12 2026] GET /v2.0/networks?name=public => generated 15 bytes in 359 msecs (HTTP/1.1 200) 4 headers in 156 bytes (1 switches on core 0)
2026-07-21 13:58:12.919 7 WARNING oslo_policy.policy [None req-9c8d1c62-03d5-456d-8157-2e3cf4730049 7d8e715e5e5444a196d7906ee705dc88 a91ba488df684e2298a33b82037cdb5a - - default default] Policies ['get_subnets_tags'] reference a rule that is not defined.
2026-07-21 13:58:13.112 7 WARNING neutron.services.revisions.revision_plugin [None req-9c8d1c62-03d5-456d-8157-2e3cf4730049 7d8e715e5e5444a196d7906ee705dc88 a91ba488df684e2298a33b82037cdb5a - - default default] Could not find related network for resource to bump revision.
2026-07-21 13:58:13.153 7 INFO neutron.db.segments_db [None req-9c8d1c62-03d5-456d-8157-2e3cf4730049 7d8e715e5e5444a196d7906ee705dc88 a91ba488df684e2298a33b82037cdb5a - - default default] Added segment f2460825-aa69-4802-bdf7-7478e989c72c of type flat for network 1b6ef3ec-d286-41b2-9d1c-0ca5d0c8f9f0
2026-07-21 13:58:13.224 7 INFO neutron.pecan_wsgi.hooks.translation [None req-9c8d1c62-03d5-456d-8157-2e3cf4730049 7d8e715e5e5444a196d7906ee705dc88 a91ba488df684e2298a33b82037cdb5a - - default default] POST failed (client error): The resource could not be found. [pid: 7|app: 0|req: 4/5] 199.204.45.222 () {48 vars in 968 bytes} [Tue Jul 21 13:58:12 2026] POST /v2.0/networks => generated 124 bytes in 497 msecs (HTTP/1.1 404) 4 headers in 164 bytes (1 switches on core 0)
2026-07-21 13:58:19.427 8 INFO neutron.pecan_wsgi.hooks.translation [None req-f86e4837-abe8-4812-b34b-4323a1c5ec71 7d8e715e5e5444a196d7906ee705dc88 a91ba488df684e2298a33b82037cdb5a - - default default] GET failed (client error): The resource could not be found. [pid: 8|app: 0|req: 2/6] 199.204.45.222 () {44 vars in 928 bytes} [Tue Jul 21 13:58:19 2026] GET /v2.0/networks/public => generated 108 bytes in 409 msecs (HTTP/1.1 404) 4 headers in 164 bytes (1 switches on core 0) [pid: 7|app: 0|req: 5/7] 199.204.45.222 () {44 vars in 950 bytes} [Tue Jul 21 13:58:19 2026] GET /v2.0/networks?name=public => generated 15 bytes in 19 msecs (HTTP/1.1 200) 4 headers in 156 bytes (1 switches on core 0)
2026-07-21 13:58:19.616 8 WARNING oslo_policy.policy [None req-407c83b5-b5cd-4eb2-a239-4a93fc1cebae 7d8e715e5e5444a196d7906ee705dc88 a91ba488df684e2298a33b82037cdb5a - - default default] Policies ['get_subnets_tags'] reference a rule that is not defined.
2026-07-21 13:58:19.658 8 WARNING neutron.services.revisions.revision_plugin [None req-407c83b5-b5cd-4eb2-a239-4a93fc1cebae 7d8e715e5e5444a196d7906ee705dc88 a91ba488df684e2298a33b82037cdb5a - - default default] Could not find related network for resource to bump revision.
2026-07-21 13:58:19.682 8 INFO neutron.db.segments_db [None req-407c83b5-b5cd-4eb2-a239-4a93fc1cebae 7d8e715e5e5444a196d7906ee705dc88 a91ba488df684e2298a33b82037cdb5a - - default default] Added segment 09e9d6d7-7d68-4405-b672-ab9ff97ddc72 of type flat for network e84bf37f-d061-48dd-9b25-bd83761aa808
2026-07-21 13:58:19.745 8 INFO neutron.pecan_wsgi.hooks.translation [None req-407c83b5-b5cd-4eb2-a239-4a93fc1cebae 7d8e715e5e5444a196d7906ee705dc88 a91ba488df684e2298a33b82037cdb5a - - default default] POST failed (client error): The resource could not be found. [pid: 8|app: 0|req: 3/8] 199.204.45.222 () {48 vars in 968 bytes} [Tue Jul 21 13:58:19 2026] POST /v2.0/networks => generated 124 bytes in 304 msecs (HTTP/1.1 404) 4 headers in 164 bytes (1 switches on core 0)
2026-07-21 13:58:25.594 8 INFO neutron.pecan_wsgi.hooks.translation [None req-fe188eb1-a24a-491b-a0ac-8e3d5b9bdc7a 7d8e715e5e5444a196d7906ee705dc88 a91ba488df684e2298a33b82037cdb5a - - default default] GET failed (client error): The resource could not be found. [pid: 8|app: 0|req: 4/10] 199.204.45.222 () {44 vars in 928 bytes} [Tue Jul 21 13:58:25 2026] GET /v2.0/networks/public => generated 108 bytes in 52 msecs (HTTP/1.1 404) 4 headers in 164 bytes (1 switches on core 0) [pid: 7|app: 0|req: 7/11] 199.204.45.222 () {44 vars in 950 bytes} [Tue Jul 21 13:58:25 2026] GET /v2.0/networks?name=public => generated 15 bytes in 21 msecs (HTTP/1.1 200) 4 headers in 156 bytes (1 switches on core 0)
2026-07-21 13:58:25.690 8 WARNING neutron.services.revisions.revision_plugin [None req-d2becd3b-0753-4901-b707-e3c9feef2925 7d8e715e5e5444a196d7906ee705dc88 a91ba488df684e2298a33b82037cdb5a - - default default] Could not find related network for resource to bump revision.
2026-07-21 13:58:25.711 8 INFO neutron.db.segments_db [None req-d2becd3b-0753-4901-b707-e3c9feef2925 7d8e715e5e5444a196d7906ee705dc88 a91ba488df684e2298a33b82037cdb5a - - default default] Added segment 79202967-4af5-443a-89e5-b2915f3e235c of type flat for network 672b051f-cdab-4a99-887c-b1d7c9ada94c
2026-07-21 13:58:25.755 8 INFO neutron.pecan_wsgi.hooks.translation [None req-d2becd3b-0753-4901-b707-e3c9feef2925 7d8e715e5e5444a196d7906ee705dc88 a91ba488df684e2298a33b82037cdb5a - - default default] POST failed (client error): The resource could not be found. [pid: 8|app: 0|req: 5/12] 199.204.45.222 () {48 vars in 968 bytes} [Tue Jul 21 13:58:25 2026] POST /v2.0/networks => generated 124 bytes in 152 msecs (HTTP/1.1 404) 4 headers in 164 bytes (1 switches on core 0)
2026-07-21 13:58:31.640 7 INFO neutron.pecan_wsgi.hooks.translation [None req-e23a8293-ba1e-42dc-8d5e-c417be45a1a9 7d8e715e5e5444a196d7906ee705dc88 a91ba488df684e2298a33b82037cdb5a - - default default] GET failed (client error): The resource could not be found. [pid: 7|app: 0|req: 8/13] 199.204.45.222 () {44 vars in 928 bytes} [Tue Jul 21 13:58:31 2026] GET /v2.0/networks/public => generated 108 bytes in 55 msecs (HTTP/1.1 404) 4 headers in 164 bytes (1 switches on core 0) [pid: 8|app: 0|req: 6/14] 199.204.45.222 () {44 vars in 950 bytes} [Tue Jul 21 13:58:31 2026] GET /v2.0/networks?name=public => generated 15 bytes in 17 msecs (HTTP/1.1 200) 4 headers in 156 bytes (1 switches on core 0)
2026-07-21 13:58:31.730 7 WARNING neutron.services.revisions.revision_plugin [None req-0862096f-6186-4a99-91bc-08a37557c6fa 7d8e715e5e5444a196d7906ee705dc88 a91ba488df684e2298a33b82037cdb5a - - default default] Could not find related network for resource to bump revision.
2026-07-21 13:58:31.754 7 INFO neutron.db.segments_db [None req-0862096f-6186-4a99-91bc-08a37557c6fa 7d8e715e5e5444a196d7906ee705dc88 a91ba488df684e2298a33b82037cdb5a - - default default] Added segment 6616dad3-3a53-4503-b628-d78582b73771 of type flat for network 75ed6ca8-976f-41a7-896e-455a9dcb1622
2026-07-21 13:58:31.794 7 INFO neutron.pecan_wsgi.hooks.translation [None req-0862096f-6186-4a99-91bc-08a37557c6fa 7d8e715e5e5444a196d7906ee705dc88 a91ba488df684e2298a33b82037cdb5a - - default default] POST failed (client error): The resource could not be found. [pid: 7|app: 0|req: 9/15] 199.204.45.222 () {48 vars in 968 bytes} [Tue Jul 21 13:58:31 2026] POST /v2.0/networks => generated 124 bytes in 144 msecs (HTTP/1.1 404) 4 headers in 164 bytes (1 switches on core 0)
2026-07-21 13:58:37.716 7 INFO neutron.pecan_wsgi.hooks.translation [None req-d09aa485-e724-4a62-9216-8fae43e1ab2a 7d8e715e5e5444a196d7906ee705dc88 a91ba488df684e2298a33b82037cdb5a - - default default] GET failed (client error): The resource could not be found. [pid: 7|app: 0|req: 10/17] 199.204.45.222 () {44 vars in 928 bytes} [Tue Jul 21 13:58:37 2026] GET /v2.0/networks/public => generated 108 bytes in 47 msecs (HTTP/1.1 404) 4 headers in 164 bytes (1 switches on core 0) [pid: 8|app: 0|req: 8/18] 199.204.45.222 () {44 vars in 950 bytes} [Tue Jul 21 13:58:37 2026] GET /v2.0/networks?name=public => generated 15 bytes in 33 msecs (HTTP/1.1 200) 4 headers in 156 bytes (1 switches on core 0)
2026-07-21 13:58:37.823 7 WARNING neutron.services.revisions.revision_plugin [None req-f1781cc9-9bf4-41d4-b385-d453c1374283 7d8e715e5e5444a196d7906ee705dc88 a91ba488df684e2298a33b82037cdb5a - - default default] Could not find related network for resource to bump revision.
2026-07-21 13:58:37.847 7 INFO neutron.db.segments_db [None req-f1781cc9-9bf4-41d4-b385-d453c1374283 7d8e715e5e5444a196d7906ee705dc88 a91ba488df684e2298a33b82037cdb5a - - default default] Added segment cbedb58c-be10-4da4-96b9-a640c41eeb73 of type flat for network adae9a6e-d78a-40af-82bd-7ad771297eb2
2026-07-21 13:58:37.884 7 INFO neutron.pecan_wsgi.hooks.translation [None req-f1781cc9-9bf4-41d4-b385-d453c1374283 7d8e715e5e5444a196d7906ee705dc88 a91ba488df684e2298a33b82037cdb5a - - default default] POST failed (client error): The resource could not be found. [pid: 7|app: 0|req: 11/19] 199.204.45.222 () {48 vars in 968 bytes} [Tue Jul 21 13:58:37 2026] POST /v2.0/networks => generated 124 bytes in 134 msecs (HTTP/1.1 404) 4 headers in 164 bytes (1 switches on core 0)
2026-07-21 13:58:43.749 8 INFO neutron.pecan_wsgi.hooks.translation [None req-0d27c5a2-098a-4a86-8893-558ca72cb603 7d8e715e5e5444a196d7906ee705dc88 a91ba488df684e2298a33b82037cdb5a - - default default] GET failed (client error): The resource could not be found. [pid: 8|app: 0|req: 9/20] 199.204.45.222 () {44 vars in 928 bytes} [Tue Jul 21 13:58:43 2026] GET /v2.0/networks/public => generated 108 bytes in 57 msecs (HTTP/1.1 404) 4 headers in 164 bytes (1 switches on core 0) [pid: 7|app: 0|req: 12/21] 199.204.45.222 () {44 vars in 950 bytes} [Tue Jul 21 13:58:43 2026] GET /v2.0/networks?name=public => generated 15 bytes in 17 msecs (HTTP/1.1 200) 4 headers in 156 bytes (1 switches on core 0)
2026-07-21 13:58:43.937 8 WARNING neutron.services.revisions.revision_plugin [None req-6ecc547d-2c08-4cb3-9904-e5da477c87be 7d8e715e5e5444a196d7906ee705dc88 a91ba488df684e2298a33b82037cdb5a - - default default] Could not find related network for resource to bump revision.
2026-07-21 13:58:43.960 8 INFO neutron.db.segments_db [None req-6ecc547d-2c08-4cb3-9904-e5da477c87be 7d8e715e5e5444a196d7906ee705dc88 a91ba488df684e2298a33b82037cdb5a - - default default] Added segment 1ec0c14c-ce5b-47ec-8968-6576bb163f3c of type flat for network 0f98c6d8-947e-49d9-a081-2ac74a07da9d [pid: 8|app: 0|req: 10/22] 199.204.45.222 () {48 vars in 968 bytes} [Tue Jul 21 13:58:43 2026] POST /v2.0/networks => generated 706 bytes in 569 msecs (HTTP/1.1 201) 4 headers in 162 bytes (1 switches on core 0)
2026-07-21 13:58:45.904 7 INFO neutron.pecan_wsgi.hooks.translation [None req-9357e1a6-1da0-4ba9-ba86-22aa417ce81e 7d8e715e5e5444a196d7906ee705dc88 a91ba488df684e2298a33b82037cdb5a - - default default] GET failed (client error): The resource could not be found. [pid: 7|app: 0|req: 13/23] 199.204.45.222 () {44 vars in 928 bytes} [Tue Jul 21 13:58:45 2026] GET /v2.0/networks/public => generated 108 bytes in 58 msecs (HTTP/1.1 404) 4 headers in 164 bytes (1 switches on core 0) [pid: 8|app: 0|req: 11/24] 199.204.45.222 () {44 vars in 950 bytes} [Tue Jul 21 13:58:45 2026] GET /v2.0/networks?name=public => generated 709 bytes in 60 msecs (HTTP/1.1 200) 4 headers in 157 bytes (1 switches on core 0)
2026-07-21 13:58:46.016 7 INFO neutron.pecan_wsgi.hooks.translation [None req-80305d0d-f658-41bc-8896-95508e1b830b 7d8e715e5e5444a196d7906ee705dc88 a91ba488df684e2298a33b82037cdb5a - - default default] GET failed (client error): The resource could not be found. [pid: 7|app: 0|req: 14/25] 199.204.45.222 () {44 vars in 1035 bytes} [Tue Jul 21 13:58:45 2026] GET /v2.0/subnets/public-subnet?network_id=0f98c6d8-947e-49d9-a081-2ac74a07da9d => generated 113 bytes in 36 msecs (HTTP/1.1 404) 4 headers in 164 bytes (1 switches on core 0) [pid: 8|app: 0|req: 12/26] 199.204.45.222 () {44 vars in 1058 bytes} [Tue Jul 21 13:58:46 2026] GET /v2.0/subnets?name=public-subnet&network_id=0f98c6d8-947e-49d9-a081-2ac74a07da9d => generated 14 bytes in 22 msecs (HTTP/1.1 200) 4 headers in 156 bytes (1 switches on core 0) [pid: 7|app: 0|req: 15/27] 199.204.45.222 () {48 vars in 966 bytes} [Tue Jul 21 13:58:46 2026] POST /v2.0/subnets => generated 641 bytes in 387 msecs (HTTP/1.1 201) 4 headers in 162 bytes (1 switches on core 0)
2026-07-21 14:03:16.582 8 ERROR oslo.messaging._drivers.impl_rabbit [-] [039e772b-2069-4b1b-8017-b61147171ef7] AMQP server on rabbitmq-neutron.openstack.svc.cluster.local:5672 is unreachable: . Trying again in 1 seconds.: amqp.exceptions.RecoverableConnectionError: 
2026-07-21 14:03:16.587 8 ERROR oslo.messaging._drivers.impl_rabbit [-] [f41d84a2-f9e7-4dad-ba5a-9c82a025e880] AMQP server on rabbitmq-neutron.openstack.svc.cluster.local:5672 is unreachable: . Trying again in 1 seconds.: amqp.exceptions.RecoverableConnectionError: 
2026-07-21 14:03:16.588 8 INFO oslo.messaging._drivers.impl_rabbit [-] A recoverable connection/channel error occurred, trying to reconnect: Server unexpectedly closed connection Tue Jul 21 14:03:16 2026 - SIGPIPE: writing to a closed pipe/socket/fd (probably the client disconnected) on request /v2.0/networks/lb-mgmt-net (ip 199.204.45.222) !!!
2026-07-21 14:03:16.714 8 INFO neutron.pecan_wsgi.hooks.translation [None req-1b0de359-57a8-4587-b79b-7017ee2b0c03 7d8e715e5e5444a196d7906ee705dc88 a91ba488df684e2298a33b82037cdb5a - - default default] GET failed (client error): The resource could not be found. [pid: 8|app: 0|req: 31/63] 199.204.45.222 () {44 vars in 938 bytes} [Tue Jul 21 14:03:16 2026] GET /v2.0/networks/lb-mgmt-net => generated 113 bytes in 137 msecs (HTTP/1.1 404) 4 headers in 164 bytes (1 switches on core 0)
2026-07-21 14:03:16.726 7 ERROR oslo.messaging._drivers.impl_rabbit [-] [78a00328-a9f2-4643-9686-5284a753a468] AMQP server on rabbitmq-neutron.openstack.svc.cluster.local:5672 is unreachable: . Trying again in 1 seconds.: amqp.exceptions.RecoverableConnectionError: 
2026-07-21 14:03:16.729 7 ERROR oslo.messaging._drivers.impl_rabbit [-] [78c422be-009d-4f9b-9a5b-d9a9a3ff4887] AMQP server on rabbitmq-neutron.openstack.svc.cluster.local:5672 is unreachable: . Trying again in 1 seconds.: amqp.exceptions.RecoverableConnectionError: 
2026-07-21 14:03:16.730 7 INFO oslo.messaging._drivers.impl_rabbit [-] A recoverable connection/channel error occurred, trying to reconnect: Server unexpectedly closed connection Tue Jul 21 14:03:16 2026 - SIGPIPE: writing to a closed pipe/socket/fd (probably the client disconnected) on request /v2.0/networks?name=lb-mgmt-net (ip 199.204.45.222) !!! [pid: 7|app: 0|req: 33/64] 199.204.45.222 () {44 vars in 960 bytes} [Tue Jul 21 14:03:16 2026] GET /v2.0/networks?name=lb-mgmt-net => generated 15 bytes in 28 msecs (HTTP/1.1 200) 4 headers in 156 bytes (1 switches on core 0)
2026-07-21 14:03:16.819 8 INFO neutron.db.segments_db [None req-00431293-18ae-4ab9-8691-4eda23e2cf9d 7d8e715e5e5444a196d7906ee705dc88 a91ba488df684e2298a33b82037cdb5a - - default default] Added segment 2b0c0787-5972-4ea6-aafe-74297d68c18d of type vxlan for network 1fac9ea6-3502-4a68-b3c4-8bd84d164df5 [pid: 8|app: 0|req: 32/65] 199.204.45.222 () {48 vars in 967 bytes} [Tue Jul 21 14:03:16 2026] POST /v2.0/networks => generated 707 bytes in 166 msecs (HTTP/1.1 201) 4 headers in 162 bytes (1 switches on core 0)
2026-07-21 14:03:17.872 7 INFO oslo.messaging._drivers.impl_rabbit [-] [78c422be-009d-4f9b-9a5b-d9a9a3ff4887] Reconnected to AMQP server on rabbitmq-neutron.openstack.svc.cluster.local:5672 via [amqp] client with port 38290.
2026-07-21 14:03:17.872 7 INFO oslo.messaging._drivers.impl_rabbit [-] [78a00328-a9f2-4643-9686-5284a753a468] Reconnected to AMQP server on rabbitmq-neutron.openstack.svc.cluster.local:5672 via [amqp] client with port 38306.
2026-07-21 14:03:17.909 7 INFO neutron.pecan_wsgi.hooks.translation [None req-1d59087d-d82c-4012-bf99-53829a3c5751 7d8e715e5e5444a196d7906ee705dc88 a91ba488df684e2298a33b82037cdb5a - - default default] GET failed (client error): The resource could not be found. [pid: 7|app: 0|req: 34/66] 199.204.45.222 () {44 vars in 938 bytes} [Tue Jul 21 14:03:17 2026] GET /v2.0/networks/lb-mgmt-net => generated 113 bytes in 83 msecs (HTTP/1.1 404) 4 headers in 164 bytes (1 switches on core 0)
2026-07-21 14:03:17.988 8 INFO oslo.messaging._drivers.impl_rabbit [-] [f41d84a2-f9e7-4dad-ba5a-9c82a025e880] Reconnected to AMQP server on rabbitmq-neutron.openstack.svc.cluster.local:5672 via [amqp] client with port 38320.
2026-07-21 14:03:17.993 8 INFO oslo.messaging._drivers.impl_rabbit [-] [039e772b-2069-4b1b-8017-b61147171ef7] Reconnected to AMQP server on rabbitmq-neutron.openstack.svc.cluster.local:5672 via [amqp] client with port 38318. [pid: 8|app: 0|req: 33/67] 199.204.45.222 () {44 vars in 960 bytes} [Tue Jul 21 14:03:17 2026] GET /v2.0/networks?name=lb-mgmt-net => generated 691 bytes in 98 msecs (HTTP/1.1 200) 4 headers in 157 bytes (1 switches on core 0)
2026-07-21 14:03:18.223 7 INFO neutron.pecan_wsgi.hooks.translation [None req-210aa394-5404-481c-abcb-acb4061866b8 7d8e715e5e5444a196d7906ee705dc88 a91ba488df684e2298a33b82037cdb5a - - default default] GET failed (client error): The resource could not be found. [pid: 7|app: 0|req: 35/68] 199.204.45.222 () {44 vars in 1037 bytes} [Tue Jul 21 14:03:18 2026] GET /v2.0/subnets/lb-mgmt-subnet?network_id=1fac9ea6-3502-4a68-b3c4-8bd84d164df5 => generated 114 bytes in 204 msecs (HTTP/1.1 404) 4 headers in 164 bytes (1 switches on core 0) [pid: 8|app: 0|req: 34/69] 199.204.45.222 () {44 vars in 1060 bytes} [Tue Jul 21 14:03:18 2026] GET /v2.0/subnets?name=lb-mgmt-subnet&network_id=1fac9ea6-3502-4a68-b3c4-8bd84d164df5 => generated 14 bytes in 21 msecs (HTTP/1.1 200) 4 headers in 156 bytes (1 switches on core 0) [pid: 7|app: 0|req: 36/70] 199.204.45.222 () {48 vars in 966 bytes} [Tue Jul 21 14:03:18 2026] POST /v2.0/subnets => generated 627 bytes in 241 msecs (HTTP/1.1 201) 4 headers in 162 bytes (1 switches on core 0)
