2026-07-21 14:34:21.677 7 INFO placement.requestlog [req-6ffaff7c-fe97-44a7-bd3a-f32e7a20ede2 req-7fed8a7d-01bc-418d-845c-13ec683f7f75 8d1efa2ede6d4d65b7906c718829f921 ff1564a2953a4ad0a73a551e29401932 - - c235232364974cdeaae0857ebd8aa31a c235232364974cdeaae0857ebd8aa31a] 199.204.45.222 "GET /allocations/2065122c-046f-464c-8b97-695a8e7dcd2a" status: 200 len: 258 microversion: 1.28 [pid: 7|app: 0|req: 462/928] 199.204.45.222 () {34 vars in 863 bytes} [Tue Jul 21 14:34:21 2026] GET /allocations/2065122c-046f-464c-8b97-695a8e7dcd2a => generated 258 bytes in 14 msecs (HTTP/1.1 200) 8 headers in 296 bytes (1 switches on core 0)
2026-07-21 14:34:21.781 8 INFO placement.requestlog [req-6ffaff7c-fe97-44a7-bd3a-f32e7a20ede2 req-07bed8af-83dc-4e09-aafc-84dd7c9d31dd 8d1efa2ede6d4d65b7906c718829f921 ff1564a2953a4ad0a73a551e29401932 - - c235232364974cdeaae0857ebd8aa31a c235232364974cdeaae0857ebd8aa31a] 199.204.45.222 "GET /resource_providers/5dd81cec-a000-443b-8e3f-3198a1b914db/allocations" status: 200 len: 253 microversion: 1.0 [pid: 8|app: 0|req: 467/929] 199.204.45.222 () {32 vars in 857 bytes} [Tue Jul 21 14:34:21 2026] GET /resource_providers/5dd81cec-a000-443b-8e3f-3198a1b914db/allocations => generated 253 bytes in 19 msecs (HTTP/1.1 200) 6 headers in 224 bytes (1 switches on core 0)
2026-07-21 14:34:21.801 7 INFO placement.requestlog [req-6ffaff7c-fe97-44a7-bd3a-f32e7a20ede2 req-0f36f298-195f-40aa-a361-b53fdd59b712 8d1efa2ede6d4d65b7906c718829f921 ff1564a2953a4ad0a73a551e29401932 - - c235232364974cdeaae0857ebd8aa31a c235232364974cdeaae0857ebd8aa31a] 199.204.45.222 "GET /allocations/8e23155e-84b9-4dbd-a5b4-2e54823d9dec" status: 200 len: 258 microversion: 1.28 [pid: 7|app: 0|req: 463/930] 199.204.45.222 () {34 vars in 863 bytes} [Tue Jul 21 14:34:21 2026] GET /allocations/8e23155e-84b9-4dbd-a5b4-2e54823d9dec => generated 258 bytes in 12 msecs (HTTP/1.1 200) 8 headers in 296 bytes (1 switches on core 0)
2026-07-21 14:34:21.826 8 INFO placement.requestlog [req-6ffaff7c-fe97-44a7-bd3a-f32e7a20ede2 req-70139c10-ea3a-45fd-8e6c-cf366603e510 8d1efa2ede6d4d65b7906c718829f921 ff1564a2953a4ad0a73a551e29401932 - - c235232364974cdeaae0857ebd8aa31a c235232364974cdeaae0857ebd8aa31a] 199.204.45.222 "GET /allocations/2065122c-046f-464c-8b97-695a8e7dcd2a" status: 200 len: 258 microversion: 1.28 [pid: 8|app: 0|req: 468/931] 199.204.45.222 () {34 vars in 863 bytes} [Tue Jul 21 14:34:21 2026] GET /allocations/2065122c-046f-464c-8b97-695a8e7dcd2a => generated 258 bytes in 17 msecs (HTTP/1.1 200) 8 headers in 296 bytes (1 switches on core 0)
2026-07-21 14:34:22.909 8 INFO placement.requestlog [None req-6533f90a-d776-4544-a24d-63b182bcddc5 819f488a54fc43b58727cc64babe869f ff1564a2953a4ad0a73a551e29401932 - - c235232364974cdeaae0857ebd8aa31a c235232364974cdeaae0857ebd8aa31a] 10.0.0.81 "GET /resource_providers/7f9b87c0-cd00-4f5d-a2e7-1488c8586a8d/aggregates" status: 404 len: 235 microversion: 1.1
2026-07-21 14:34:22.909 7 INFO placement.requestlog [None req-addb8890-9ea5-49fd-abfa-83e696abb388 819f488a54fc43b58727cc64babe869f ff1564a2953a4ad0a73a551e29401932 - - c235232364974cdeaae0857ebd8aa31a c235232364974cdeaae0857ebd8aa31a] 10.0.0.81 "GET /resource_providers/7f9b87c0-cd00-4f5d-a2e7-1488c8586a8d/aggregates" status: 404 len: 235 microversion: 1.1 [pid: 8|app: 0|req: 469/932] 10.0.0.81 () {32 vars in 815 bytes} [Tue Jul 21 14:34:22 2026] GET /resource_providers/7f9b87c0-cd00-4f5d-a2e7-1488c8586a8d/aggregates => generated 235 bytes in 12 msecs (HTTP/1.1 404) 5 headers in 202 bytes (1 switches on core 0) [pid: 7|app: 0|req: 464/933] 10.0.0.81 () {32 vars in 815 bytes} [Tue Jul 21 14:34:22 2026] GET /resource_providers/7f9b87c0-cd00-4f5d-a2e7-1488c8586a8d/aggregates => generated 235 bytes in 12 msecs (HTTP/1.1 404) 5 headers in 202 bytes (1 switches on core 0)
2026-07-21 14:34:22.938 8 INFO placement.requestlog [None req-2ea069f7-c48e-460d-8c33-1616b1ff7319 819f488a54fc43b58727cc64babe869f ff1564a2953a4ad0a73a551e29401932 - - c235232364974cdeaae0857ebd8aa31a c235232364974cdeaae0857ebd8aa31a] 10.0.0.81 "DELETE /resource_providers/7f9b87c0-cd00-4f5d-a2e7-1488c8586a8d" status: 404 len: 246 microversion: 1.1 [pid: 8|app: 0|req: 470/934] 10.0.0.81 () {34 vars in 815 bytes} [Tue Jul 21 14:34:22 2026] DELETE /resource_providers/7f9b87c0-cd00-4f5d-a2e7-1488c8586a8d => generated 246 bytes in 8 msecs (HTTP/1.1 404) 6 headers in 231 bytes (1 switches on core 0)
2026-07-21 14:34:22.944 7 INFO placement.requestlog [None req-4df78b58-46cc-4d5e-808b-35630f110c46 819f488a54fc43b58727cc64babe869f ff1564a2953a4ad0a73a551e29401932 - - c235232364974cdeaae0857ebd8aa31a c235232364974cdeaae0857ebd8aa31a] 10.0.0.81 "DELETE /resource_providers/7f9b87c0-cd00-4f5d-a2e7-1488c8586a8d" status: 404 len: 246 microversion: 1.1 [pid: 7|app: 0|req: 465/935] 10.0.0.81 () {34 vars in 815 bytes} [Tue Jul 21 14:34:22 2026] DELETE /resource_providers/7f9b87c0-cd00-4f5d-a2e7-1488c8586a8d => generated 246 bytes in 13 msecs (HTTP/1.1 404) 6 headers in 231 bytes (1 switches on core 0)
2026-07-21 14:34:24.821 8 INFO placement.requestlog [None req-ac67244d-9b2f-4e9d-95bc-7d50354649b8 819f488a54fc43b58727cc64babe869f ff1564a2953a4ad0a73a551e29401932 - - c235232364974cdeaae0857ebd8aa31a c235232364974cdeaae0857ebd8aa31a] 10.0.0.81 "GET /resource_providers/da8e9d18-1c57-418b-8c9b-c733e029dc88/aggregates" status: 404 len: 235 microversion: 1.1 [pid: 8|app: 0|req: 471/936] 10.0.0.81 () {32 vars in 815 bytes} [Tue Jul 21 14:34:24 2026] GET /resource_providers/da8e9d18-1c57-418b-8c9b-c733e029dc88/aggregates => generated 235 bytes in 11 msecs (HTTP/1.1 404) 5 headers in 202 bytes (1 switches on core 0)
2026-07-21 14:34:24.825 7 INFO placement.requestlog [None req-b86abd51-5c24-4cff-aa36-a53ca2229442 819f488a54fc43b58727cc64babe869f ff1564a2953a4ad0a73a551e29401932 - - c235232364974cdeaae0857ebd8aa31a c235232364974cdeaae0857ebd8aa31a] 10.0.0.81 "GET /resource_providers/da8e9d18-1c57-418b-8c9b-c733e029dc88/aggregates" status: 404 len: 235 microversion: 1.1 [pid: 7|app: 0|req: 466/937] 10.0.0.81 () {32 vars in 815 bytes} [Tue Jul 21 14:34:24 2026] GET /resource_providers/da8e9d18-1c57-418b-8c9b-c733e029dc88/aggregates => generated 235 bytes in 12 msecs (HTTP/1.1 404) 5 headers in 202 bytes (1 switches on core 0)
2026-07-21 14:34:24.842 7 INFO placement.requestlog [None req-bddfe259-9b2e-481f-a9a1-4603b50d58d4 819f488a54fc43b58727cc64babe869f ff1564a2953a4ad0a73a551e29401932 - - c235232364974cdeaae0857ebd8aa31a c235232364974cdeaae0857ebd8aa31a] 10.0.0.81 "DELETE /resource_providers/da8e9d18-1c57-418b-8c9b-c733e029dc88" status: 404 len: 246 microversion: 1.1 [pid: 7|app: 0|req: 467/938] 10.0.0.81 () {34 vars in 815 bytes} [Tue Jul 21 14:34:24 2026] DELETE /resource_providers/da8e9d18-1c57-418b-8c9b-c733e029dc88 => generated 246 bytes in 9 msecs (HTTP/1.1 404) 6 headers in 231 bytes (1 switches on core 0)
2026-07-21 14:34:24.844 8 INFO placement.requestlog [None req-e1f55697-641e-4a62-957f-9d4c36ec2f87 819f488a54fc43b58727cc64babe869f ff1564a2953a4ad0a73a551e29401932 - - c235232364974cdeaae0857ebd8aa31a c235232364974cdeaae0857ebd8aa31a] 10.0.0.81 "DELETE /resource_providers/da8e9d18-1c57-418b-8c9b-c733e029dc88" status: 404 len: 246 microversion: 1.1 [pid: 8|app: 0|req: 472/939] 10.0.0.81 () {34 vars in 815 bytes} [Tue Jul 21 14:34:24 2026] DELETE /resource_providers/da8e9d18-1c57-418b-8c9b-c733e029dc88 => generated 246 bytes in 12 msecs (HTTP/1.1 404) 6 headers in 231 bytes (1 switches on core 0)
2026-07-21 14:34:24.959 7 INFO placement.requestlog [None req-8236c663-708d-44d4-bd6e-79fddb649898 819f488a54fc43b58727cc64babe869f ff1564a2953a4ad0a73a551e29401932 - - c235232364974cdeaae0857ebd8aa31a c235232364974cdeaae0857ebd8aa31a] 10.0.0.81 "GET /resource_providers/7f9b87c0-cd00-4f5d-a2e7-1488c8586a8d/aggregates" status: 404 len: 235 microversion: 1.1 [pid: 7|app: 0|req: 468/940] 10.0.0.81 () {32 vars in 815 bytes} [Tue Jul 21 14:34:24 2026] GET /resource_providers/7f9b87c0-cd00-4f5d-a2e7-1488c8586a8d/aggregates => generated 235 bytes in 12 msecs (HTTP/1.1 404) 5 headers in 202 bytes (1 switches on core 0)
2026-07-21 14:34:24.972 7 INFO placement.requestlog [None req-b1b4a3fe-bc03-4508-9404-632fe9473024 819f488a54fc43b58727cc64babe869f ff1564a2953a4ad0a73a551e29401932 - - c235232364974cdeaae0857ebd8aa31a c235232364974cdeaae0857ebd8aa31a] 10.0.0.81 "DELETE /resource_providers/7f9b87c0-cd00-4f5d-a2e7-1488c8586a8d" status: 404 len: 246 microversion: 1.1 [pid: 7|app: 0|req: 469/941] 10.0.0.81 () {34 vars in 815 bytes} [Tue Jul 21 14:34:24 2026] DELETE /resource_providers/7f9b87c0-cd00-4f5d-a2e7-1488c8586a8d => generated 246 bytes in 8 msecs (HTTP/1.1 404) 6 headers in 231 bytes (1 switches on core 0)
2026-07-21 14:34:24.973 8 INFO placement.requestlog [None req-bae74828-c414-4dd4-a194-d15b2c1e87f9 819f488a54fc43b58727cc64babe869f ff1564a2953a4ad0a73a551e29401932 - - c235232364974cdeaae0857ebd8aa31a c235232364974cdeaae0857ebd8aa31a] 10.0.0.81 "GET /resource_providers/7f9b87c0-cd00-4f5d-a2e7-1488c8586a8d/aggregates" status: 404 len: 235 microversion: 1.1 [pid: 8|app: 0|req: 473/942] 10.0.0.81 () {32 vars in 815 bytes} [Tue Jul 21 14:34:24 2026] GET /resource_providers/7f9b87c0-cd00-4f5d-a2e7-1488c8586a8d/aggregates => generated 235 bytes in 10 msecs (HTTP/1.1 404) 5 headers in 202 bytes (1 switches on core 0)
2026-07-21 14:34:24.986 7 INFO placement.requestlog [None req-247ca2a5-e4a7-4681-a82d-5f09dd77a0dd 819f488a54fc43b58727cc64babe869f ff1564a2953a4ad0a73a551e29401932 - - c235232364974cdeaae0857ebd8aa31a c235232364974cdeaae0857ebd8aa31a] 10.0.0.81 "DELETE /resource_providers/7f9b87c0-cd00-4f5d-a2e7-1488c8586a8d" status: 404 len: 246 microversion: 1.1 [pid: 7|app: 0|req: 470/943] 10.0.0.81 () {34 vars in 815 bytes} [Tue Jul 21 14:34:24 2026] DELETE /resource_providers/7f9b87c0-cd00-4f5d-a2e7-1488c8586a8d => generated 246 bytes in 8 msecs (HTTP/1.1 404) 6 headers in 231 bytes (1 switches on core 0)
2026-07-21 14:34:26.881 8 INFO placement.requestlog [None req-d5c98561-587a-473a-b18a-01ec5e13b6c3 819f488a54fc43b58727cc64babe869f ff1564a2953a4ad0a73a551e29401932 - - c235232364974cdeaae0857ebd8aa31a c235232364974cdeaae0857ebd8aa31a] 10.0.0.81 "GET /resource_providers/da8e9d18-1c57-418b-8c9b-c733e029dc88/aggregates" status: 404 len: 235 microversion: 1.1 [pid: 8|app: 0|req: 474/944] 10.0.0.81 () {32 vars in 815 bytes} [Tue Jul 21 14:34:26 2026] GET /resource_providers/da8e9d18-1c57-418b-8c9b-c733e029dc88/aggregates => generated 235 bytes in 13 msecs (HTTP/1.1 404) 5 headers in 202 bytes (1 switches on core 0)
2026-07-21 14:34:26.881 7 INFO placement.requestlog [None req-b800c4b3-8669-4991-8567-7d0cf34d2d4e 819f488a54fc43b58727cc64babe869f ff1564a2953a4ad0a73a551e29401932 - - c235232364974cdeaae0857ebd8aa31a c235232364974cdeaae0857ebd8aa31a] 10.0.0.81 "GET /resource_providers/da8e9d18-1c57-418b-8c9b-c733e029dc88/aggregates" status: 404 len: 235 microversion: 1.1 [pid: 7|app: 0|req: 471/945] 10.0.0.81 () {32 vars in 815 bytes} [Tue Jul 21 14:34:26 2026] GET /resource_providers/da8e9d18-1c57-418b-8c9b-c733e029dc88/aggregates => generated 235 bytes in 13 msecs (HTTP/1.1 404) 5 headers in 202 bytes (1 switches on core 0)
2026-07-21 14:34:26.906 7 INFO placement.requestlog [None req-a23b4b3b-ff86-4379-887d-767fb94b7fd3 819f488a54fc43b58727cc64babe869f ff1564a2953a4ad0a73a551e29401932 - - c235232364974cdeaae0857ebd8aa31a c235232364974cdeaae0857ebd8aa31a] 10.0.0.81 "DELETE /resource_providers/da8e9d18-1c57-418b-8c9b-c733e029dc88" status: 404 len: 246 microversion: 1.1 [pid: 7|app: 0|req: 472/946] 10.0.0.81 () {34 vars in 815 bytes} [Tue Jul 21 14:34:26 2026] DELETE /resource_providers/da8e9d18-1c57-418b-8c9b-c733e029dc88 => generated 246 bytes in 12 msecs (HTTP/1.1 404) 6 headers in 231 bytes (1 switches on core 0)
2026-07-21 14:34:26.914 8 INFO placement.requestlog [None req-2fc48d07-4d81-427b-8ce0-2da794ba29ae 819f488a54fc43b58727cc64babe869f ff1564a2953a4ad0a73a551e29401932 - - c235232364974cdeaae0857ebd8aa31a c235232364974cdeaae0857ebd8aa31a] 10.0.0.81 "DELETE /resource_providers/da8e9d18-1c57-418b-8c9b-c733e029dc88" status: 404 len: 246 microversion: 1.1 [pid: 8|app: 0|req: 475/947] 10.0.0.81 () {34 vars in 815 bytes} [Tue Jul 21 14:34:26 2026] DELETE /resource_providers/da8e9d18-1c57-418b-8c9b-c733e029dc88 => generated 246 bytes in 20 msecs (HTTP/1.1 404) 6 headers in 231 bytes (1 switches on core 0)
2026-07-21 14:34:26.993 7 INFO placement.requestlog [None req-d6f8b080-7813-41a8-badc-456697d8a2f3 819f488a54fc43b58727cc64babe869f ff1564a2953a4ad0a73a551e29401932 - - c235232364974cdeaae0857ebd8aa31a c235232364974cdeaae0857ebd8aa31a] 10.0.0.81 "GET /resource_providers/93c10f26-ccec-4db6-b9fb-053470c0de88/aggregates" status: 404 len: 235 microversion: 1.1 [pid: 7|app: 0|req: 473/948] 10.0.0.81 () {32 vars in 815 bytes} [Tue Jul 21 14:34:26 2026] GET /resource_providers/93c10f26-ccec-4db6-b9fb-053470c0de88/aggregates => generated 235 bytes in 14 msecs (HTTP/1.1 404) 5 headers in 202 bytes (1 switches on core 0)
2026-07-21 14:34:27.016 7 INFO placement.requestlog [None req-0c7fb522-8fac-43ba-ad21-81aba05513fa 819f488a54fc43b58727cc64babe869f ff1564a2953a4ad0a73a551e29401932 - - c235232364974cdeaae0857ebd8aa31a c235232364974cdeaae0857ebd8aa31a] 10.0.0.81 "DELETE /resource_providers/93c10f26-ccec-4db6-b9fb-053470c0de88" status: 404 len: 246 microversion: 1.1 [pid: 7|app: 0|req: 474/949] 10.0.0.81 () {34 vars in 815 bytes} [Tue Jul 21 14:34:27 2026] DELETE /resource_providers/93c10f26-ccec-4db6-b9fb-053470c0de88 => generated 246 bytes in 10 msecs (HTTP/1.1 404) 6 headers in 231 bytes (1 switches on core 0)
2026-07-21 14:34:27.051 8 INFO placement.requestlog [None req-61c93db7-b76f-4851-bfa4-80431e1d619a 819f488a54fc43b58727cc64babe869f ff1564a2953a4ad0a73a551e29401932 - - c235232364974cdeaae0857ebd8aa31a c235232364974cdeaae0857ebd8aa31a] 10.0.0.81 "GET /resource_providers/93c10f26-ccec-4db6-b9fb-053470c0de88/aggregates" status: 404 len: 235 microversion: 1.1 [pid: 8|app: 0|req: 476/950] 10.0.0.81 () {32 vars in 815 bytes} [Tue Jul 21 14:34:26 2026] GET /resource_providers/93c10f26-ccec-4db6-b9fb-053470c0de88/aggregates => generated 235 bytes in 52 msecs (HTTP/1.1 404) 5 headers in 202 bytes (1 switches on core 0)
2026-07-21 14:34:27.402 7 INFO placement.requestlog [None req-97591eab-97d3-4b31-b1c0-b3f27f50765a - - - - - -] 10.0.0.160 "GET /" status: 200 len: 136 microversion: 1.0
2026-07-21 14:34:27.402 8 INFO placement.requestlog [None req-1c29cf31-13ad-40b8-ac4d-2f0706b9da69 - - - - - -] 10.0.0.160 "GET /" status: 200 len: 136 microversion: 1.0
2026-07-21 14:34:27.452 7 INFO placement.requestlog [None req-c69cfb00-fb08-4e75-8dc1-d3f123a8c35e 819f488a54fc43b58727cc64babe869f ff1564a2953a4ad0a73a551e29401932 - - c235232364974cdeaae0857ebd8aa31a c235232364974cdeaae0857ebd8aa31a] 10.0.0.81 "DELETE /resource_providers/93c10f26-ccec-4db6-b9fb-053470c0de88" status: 404 len: 246 microversion: 1.1 [pid: 7|app: 0|req: 476/953] 10.0.0.81 () {34 vars in 815 bytes} [Tue Jul 21 14:34:27 2026] DELETE /resource_providers/93c10f26-ccec-4db6-b9fb-053470c0de88 => generated 246 bytes in 8 msecs (HTTP/1.1 404) 6 headers in 231 bytes (1 switches on core 0)
2026-07-21 14:34:28.926 8 INFO placement.requestlog [None req-38d420e5-eff4-4854-acfc-a67f1180c409 819f488a54fc43b58727cc64babe869f ff1564a2953a4ad0a73a551e29401932 - - c235232364974cdeaae0857ebd8aa31a c235232364974cdeaae0857ebd8aa31a] 10.0.0.81 "GET /resource_providers/23ee9749-2daf-4431-901f-2681ee094607/aggregates" status: 404 len: 235 microversion: 1.1 [pid: 8|app: 0|req: 478/954] 10.0.0.81 () {32 vars in 815 bytes} [Tue Jul 21 14:34:28 2026] GET /resource_providers/23ee9749-2daf-4431-901f-2681ee094607/aggregates => generated 235 bytes in 11 msecs (HTTP/1.1 404) 5 headers in 202 bytes (1 switches on core 0)
2026-07-21 14:34:28.939 7 INFO placement.requestlog [None req-f2310467-951f-478a-a2cf-5ab9df666dde 819f488a54fc43b58727cc64babe869f ff1564a2953a4ad0a73a551e29401932 - - c235232364974cdeaae0857ebd8aa31a c235232364974cdeaae0857ebd8aa31a] 10.0.0.81 "GET /resource_providers/23ee9749-2daf-4431-901f-2681ee094607/aggregates" status: 404 len: 235 microversion: 1.1 [pid: 7|app: 0|req: 477/955] 10.0.0.81 () {32 vars in 815 bytes} [Tue Jul 21 14:34:28 2026] GET /resource_providers/23ee9749-2daf-4431-901f-2681ee094607/aggregates => generated 235 bytes in 13 msecs (HTTP/1.1 404) 5 headers in 202 bytes (1 switches on core 0)
2026-07-21 14:34:28.940 8 INFO placement.requestlog [None req-4769be5b-d071-4e3f-83c5-a34cd088b7d2 819f488a54fc43b58727cc64babe869f ff1564a2953a4ad0a73a551e29401932 - - c235232364974cdeaae0857ebd8aa31a c235232364974cdeaae0857ebd8aa31a] 10.0.0.81 "DELETE /resource_providers/23ee9749-2daf-4431-901f-2681ee094607" status: 404 len: 246 microversion: 1.1 [pid: 8|app: 0|req: 479/956] 10.0.0.81 () {34 vars in 815 bytes} [Tue Jul 21 14:34:28 2026] DELETE /resource_providers/23ee9749-2daf-4431-901f-2681ee094607 => generated 246 bytes in 8 msecs (HTTP/1.1 404) 6 headers in 231 bytes (1 switches on core 0)
2026-07-21 14:34:28.960 7 INFO placement.requestlog [None req-2bd21d6b-06ca-4e10-81a9-046c2d88043a 819f488a54fc43b58727cc64babe869f ff1564a2953a4ad0a73a551e29401932 - - c235232364974cdeaae0857ebd8aa31a c235232364974cdeaae0857ebd8aa31a] 10.0.0.81 "DELETE /resource_providers/23ee9749-2daf-4431-901f-2681ee094607" status: 404 len: 246 microversion: 1.1 [pid: 7|app: 0|req: 478/957] 10.0.0.81 () {34 vars in 815 bytes} [Tue Jul 21 14:34:28 2026] DELETE /resource_providers/23ee9749-2daf-4431-901f-2681ee094607 => generated 246 bytes in 10 msecs (HTTP/1.1 404) 6 headers in 231 bytes (1 switches on core 0)
2026-07-21 14:34:29.036 8 INFO placement.requestlog [None req-dab170b0-2de0-4661-8588-f3fc1fcb3a1b 819f488a54fc43b58727cc64babe869f ff1564a2953a4ad0a73a551e29401932 - - c235232364974cdeaae0857ebd8aa31a c235232364974cdeaae0857ebd8aa31a] 10.0.0.81 "GET /resource_providers/41477379-acf3-4310-89a2-c2ca7e93e059/aggregates" status: 404 len: 235 microversion: 1.1 [pid: 8|app: 0|req: 480/958] 10.0.0.81 () {32 vars in 815 bytes} [Tue Jul 21 14:34:29 2026] GET /resource_providers/41477379-acf3-4310-89a2-c2ca7e93e059/aggregates => generated 235 bytes in 9 msecs (HTTP/1.1 404) 5 headers in 202 bytes (1 switches on core 0)
2026-07-21 14:34:29.066 7 INFO placement.requestlog [None req-71c2f0c8-915c-4d41-9343-14bbd8d6cea1 819f488a54fc43b58727cc64babe869f ff1564a2953a4ad0a73a551e29401932 - - c235232364974cdeaae0857ebd8aa31a c235232364974cdeaae0857ebd8aa31a] 10.0.0.81 "DELETE /resource_providers/41477379-acf3-4310-89a2-c2ca7e93e059" status: 404 len: 246 microversion: 1.1 [pid: 7|app: 0|req: 479/959] 10.0.0.81 () {34 vars in 815 bytes} [Tue Jul 21 14:34:29 2026] DELETE /resource_providers/41477379-acf3-4310-89a2-c2ca7e93e059 => generated 246 bytes in 12 msecs (HTTP/1.1 404) 6 headers in 231 bytes (1 switches on core 0)
2026-07-21 14:34:29.479 8 INFO placement.requestlog [None req-b046a7c7-76b8-42a9-a698-96ba2c77fabf 819f488a54fc43b58727cc64babe869f ff1564a2953a4ad0a73a551e29401932 - - c235232364974cdeaae0857ebd8aa31a c235232364974cdeaae0857ebd8aa31a] 10.0.0.81 "GET /resource_providers/41477379-acf3-4310-89a2-c2ca7e93e059/aggregates" status: 404 len: 235 microversion: 1.1 [pid: 8|app: 0|req: 481/960] 10.0.0.81 () {32 vars in 815 bytes} [Tue Jul 21 14:34:29 2026] GET /resource_providers/41477379-acf3-4310-89a2-c2ca7e93e059/aggregates => generated 235 bytes in 21 msecs (HTTP/1.1 404) 5 headers in 202 bytes (1 switches on core 0)
2026-07-21 14:34:29.497 7 INFO placement.requestlog [None req-79c812a6-98cc-4990-a351-2cf736c37585 819f488a54fc43b58727cc64babe869f ff1564a2953a4ad0a73a551e29401932 - - c235232364974cdeaae0857ebd8aa31a c235232364974cdeaae0857ebd8aa31a] 10.0.0.81 "DELETE /resource_providers/41477379-acf3-4310-89a2-c2ca7e93e059" status: 404 len: 246 microversion: 1.1 [pid: 7|app: 0|req: 480/961] 10.0.0.81 () {34 vars in 815 bytes} [Tue Jul 21 14:34:29 2026] DELETE /resource_providers/41477379-acf3-4310-89a2-c2ca7e93e059 => generated 246 bytes in 11 msecs (HTTP/1.1 404) 6 headers in 231 bytes (1 switches on core 0)
2026-07-21 14:34:30.962 8 INFO placement.requestlog [None req-dce0668b-921f-4d61-8e5e-f67039fc19cd 819f488a54fc43b58727cc64babe869f ff1564a2953a4ad0a73a551e29401932 - - c235232364974cdeaae0857ebd8aa31a c235232364974cdeaae0857ebd8aa31a] 10.0.0.81 "GET /resource_providers/79e73698-2820-434d-843d-d8ed93717fb3/aggregates" status: 404 len: 235 microversion: 1.1 [pid: 8|app: 0|req: 482/962] 10.0.0.81 () {32 vars in 815 bytes} [Tue Jul 21 14:34:30 2026] GET /resource_providers/79e73698-2820-434d-843d-d8ed93717fb3/aggregates => generated 235 bytes in 10 msecs (HTTP/1.1 404) 5 headers in 202 bytes (1 switches on core 0)
2026-07-21 14:34:30.984 8 INFO placement.requestlog [None req-2578d8d2-4a09-4035-8f00-e3b4787b8df7 819f488a54fc43b58727cc64babe869f ff1564a2953a4ad0a73a551e29401932 - - c235232364974cdeaae0857ebd8aa31a c235232364974cdeaae0857ebd8aa31a] 10.0.0.81 "DELETE /resource_providers/79e73698-2820-434d-843d-d8ed93717fb3" status: 404 len: 246 microversion: 1.1 [pid: 8|app: 0|req: 483/963] 10.0.0.81 () {34 vars in 815 bytes} [Tue Jul 21 14:34:30 2026] DELETE /resource_providers/79e73698-2820-434d-843d-d8ed93717fb3 => generated 246 bytes in 10 msecs (HTTP/1.1 404) 6 headers in 231 bytes (1 switches on core 0)
2026-07-21 14:34:30.988 7 INFO placement.requestlog [None req-96714f06-a162-47ed-92d4-0909da39d5b1 819f488a54fc43b58727cc64babe869f ff1564a2953a4ad0a73a551e29401932 - - c235232364974cdeaae0857ebd8aa31a c235232364974cdeaae0857ebd8aa31a] 10.0.0.81 "GET /resource_providers/79e73698-2820-434d-843d-d8ed93717fb3/aggregates" status: 404 len: 235 microversion: 1.1 [pid: 7|app: 0|req: 481/964] 10.0.0.81 () {32 vars in 815 bytes} [Tue Jul 21 14:34:30 2026] GET /resource_providers/79e73698-2820-434d-843d-d8ed93717fb3/aggregates => generated 235 bytes in 15 msecs (HTTP/1.1 404) 5 headers in 202 bytes (1 switches on core 0)
2026-07-21 14:34:31.009 8 INFO placement.requestlog [None req-fb9dd33e-dadf-41ed-b362-f3926aee57e0 819f488a54fc43b58727cc64babe869f ff1564a2953a4ad0a73a551e29401932 - - c235232364974cdeaae0857ebd8aa31a c235232364974cdeaae0857ebd8aa31a] 10.0.0.81 "DELETE /resource_providers/79e73698-2820-434d-843d-d8ed93717fb3" status: 404 len: 246 microversion: 1.1 [pid: 8|app: 0|req: 484/965] 10.0.0.81 () {34 vars in 815 bytes} [Tue Jul 21 14:34:30 2026] DELETE /resource_providers/79e73698-2820-434d-843d-d8ed93717fb3 => generated 246 bytes in 11 msecs (HTTP/1.1 404) 6 headers in 231 bytes (1 switches on core 0)
2026-07-21 14:34:32.484 7 INFO placement.requestlog [req-09f20910-77c9-41a0-b5c0-0d6518cab465 req-f248dcc9-c0d3-45cf-9d1c-ab14bd8b8072 8d1efa2ede6d4d65b7906c718829f921 ff1564a2953a4ad0a73a551e29401932 - - c235232364974cdeaae0857ebd8aa31a c235232364974cdeaae0857ebd8aa31a] 199.204.45.222 "GET /resource_providers/5dd81cec-a000-443b-8e3f-3198a1b914db/allocations" status: 200 len: 253 microversion: 1.0 [pid: 7|app: 0|req: 482/966] 199.204.45.222 () {32 vars in 857 bytes} [Tue Jul 21 14:34:32 2026] GET /resource_providers/5dd81cec-a000-443b-8e3f-3198a1b914db/allocations => generated 253 bytes in 20 msecs (HTTP/1.1 200) 6 headers in 224 bytes (1 switches on core 0)
2026-07-21 14:34:32.508 8 INFO placement.requestlog [req-09f20910-77c9-41a0-b5c0-0d6518cab465 req-176c0430-e043-4993-8ba8-914b71482693 8d1efa2ede6d4d65b7906c718829f921 ff1564a2953a4ad0a73a551e29401932 - - c235232364974cdeaae0857ebd8aa31a c235232364974cdeaae0857ebd8aa31a] 199.204.45.222 "GET /allocations/8e23155e-84b9-4dbd-a5b4-2e54823d9dec" status: 200 len: 258 microversion: 1.28 [pid: 8|app: 0|req: 485/967] 199.204.45.222 () {34 vars in 863 bytes} [Tue Jul 21 14:34:32 2026] GET /allocations/8e23155e-84b9-4dbd-a5b4-2e54823d9dec => generated 258 bytes in 17 msecs (HTTP/1.1 200) 8 headers in 296 bytes (1 switches on core 0)
2026-07-21 14:34:32.537 7 INFO placement.requestlog [req-09f20910-77c9-41a0-b5c0-0d6518cab465 req-f9932e6c-b8c4-4874-9cdf-d6e159be5b8f 8d1efa2ede6d4d65b7906c718829f921 ff1564a2953a4ad0a73a551e29401932 - - c235232364974cdeaae0857ebd8aa31a c235232364974cdeaae0857ebd8aa31a] 199.204.45.222 "GET /allocations/2065122c-046f-464c-8b97-695a8e7dcd2a" status: 200 len: 258 microversion: 1.28 [pid: 7|app: 0|req: 483/968] 199.204.45.222 () {34 vars in 863 bytes} [Tue Jul 21 14:34:32 2026] GET /allocations/2065122c-046f-464c-8b97-695a8e7dcd2a => generated 258 bytes in 24 msecs (HTTP/1.1 200) 8 headers in 296 bytes (1 switches on core 0)
2026-07-21 14:34:32.631 8 INFO placement.requestlog [req-09f20910-77c9-41a0-b5c0-0d6518cab465 req-ea296973-8259-42ee-b37d-924b2f38f132 8d1efa2ede6d4d65b7906c718829f921 ff1564a2953a4ad0a73a551e29401932 - - c235232364974cdeaae0857ebd8aa31a c235232364974cdeaae0857ebd8aa31a] 199.204.45.222 "DELETE /allocations/8e23155e-84b9-4dbd-a5b4-2e54823d9dec" status: 204 len: 0 microversion: 1.0 [pid: 8|app: 0|req: 486/969] 199.204.45.222 () {34 vars in 841 bytes} [Tue Jul 21 14:34:32 2026] DELETE /allocations/8e23155e-84b9-4dbd-a5b4-2e54823d9dec => generated 0 bytes in 39 msecs (HTTP/1.1 204) 5 headers in 198 bytes (1 switches on core 0)
2026-07-21 14:34:36.781 7 INFO placement.requestlog [None req-84499f74-6b33-49c8-b354-8ee4f88a2c61 819f488a54fc43b58727cc64babe869f ff1564a2953a4ad0a73a551e29401932 - - c235232364974cdeaae0857ebd8aa31a c235232364974cdeaae0857ebd8aa31a] 10.0.0.81 "GET /resource_providers/cd186440-b45f-4463-81ed-383204619df3/aggregates" status: 404 len: 235 microversion: 1.1 [pid: 7|app: 0|req: 484/970] 10.0.0.81 () {32 vars in 815 bytes} [Tue Jul 21 14:34:36 2026] GET /resource_providers/cd186440-b45f-4463-81ed-383204619df3/aggregates => generated 235 bytes in 8 msecs (HTTP/1.1 404) 5 headers in 202 bytes (1 switches on core 0)
2026-07-21 14:34:36.785 8 INFO placement.requestlog [None req-48aa4a98-02d0-45b8-9cc3-d5e826534ce6 819f488a54fc43b58727cc64babe869f ff1564a2953a4ad0a73a551e29401932 - - c235232364974cdeaae0857ebd8aa31a c235232364974cdeaae0857ebd8aa31a] 10.0.0.81 "GET /resource_providers/cd186440-b45f-4463-81ed-383204619df3/aggregates" status: 404 len: 235 microversion: 1.1 [pid: 8|app: 0|req: 487/971] 10.0.0.81 () {32 vars in 815 bytes} [Tue Jul 21 14:34:36 2026] GET /resource_providers/cd186440-b45f-4463-81ed-383204619df3/aggregates => generated 235 bytes in 10 msecs (HTTP/1.1 404) 5 headers in 202 bytes (1 switches on core 0)
2026-07-21 14:34:36.797 7 INFO placement.requestlog [None req-c51de4f6-4e3c-4179-8b6e-1091f5d33356 819f488a54fc43b58727cc64babe869f ff1564a2953a4ad0a73a551e29401932 - - c235232364974cdeaae0857ebd8aa31a c235232364974cdeaae0857ebd8aa31a] 10.0.0.81 "DELETE /resource_providers/cd186440-b45f-4463-81ed-383204619df3" status: 404 len: 246 microversion: 1.1 [pid: 7|app: 0|req: 485/972] 10.0.0.81 () {34 vars in 815 bytes} [Tue Jul 21 14:34:36 2026] DELETE /resource_providers/cd186440-b45f-4463-81ed-383204619df3 => generated 246 bytes in 9 msecs (HTTP/1.1 404) 6 headers in 231 bytes (1 switches on core 0)
2026-07-21 14:34:36.814 8 INFO placement.requestlog [None req-d90e00fe-48f3-4653-b90c-1af11b109e7e 819f488a54fc43b58727cc64babe869f ff1564a2953a4ad0a73a551e29401932 - - c235232364974cdeaae0857ebd8aa31a c235232364974cdeaae0857ebd8aa31a] 10.0.0.81 "DELETE /resource_providers/cd186440-b45f-4463-81ed-383204619df3" status: 404 len: 246 microversion: 1.1 [pid: 8|app: 0|req: 488/973] 10.0.0.81 () {34 vars in 815 bytes} [Tue Jul 21 14:34:36 2026] DELETE /resource_providers/cd186440-b45f-4463-81ed-383204619df3 => generated 246 bytes in 12 msecs (HTTP/1.1 404) 6 headers in 231 bytes (1 switches on core 0)
2026-07-21 14:34:37.402 8 INFO placement.requestlog [None req-cb7741b2-ee92-4d27-96fe-df7a01e91fa1 - - - - - -] 10.0.0.160 "GET /" status: 200 len: 136 microversion: 1.0
2026-07-21 14:34:37.402 7 INFO placement.requestlog [None req-f58b0ea0-b15f-4b61-a8b6-47f6fb323b17 - - - - - -] 10.0.0.160 "GET /" status: 200 len: 136 microversion: 1.0
2026-07-21 14:34:38.960 7 INFO placement.requestlog [None req-4cce4dc9-122a-4698-9b81-e99eecf14893 819f488a54fc43b58727cc64babe869f ff1564a2953a4ad0a73a551e29401932 - - c235232364974cdeaae0857ebd8aa31a c235232364974cdeaae0857ebd8aa31a] 10.0.0.81 "GET /resource_providers/56d03650-035c-45e4-85c9-8b2389411b04/aggregates" status: 404 len: 235 microversion: 1.1 [pid: 7|app: 0|req: 487/976] 10.0.0.81 () {32 vars in 815 bytes} [Tue Jul 21 14:34:38 2026] GET /resource_providers/56d03650-035c-45e4-85c9-8b2389411b04/aggregates => generated 235 bytes in 9 msecs (HTTP/1.1 404) 5 headers in 202 bytes (1 switches on core 0)
2026-07-21 14:34:38.962 8 INFO placement.requestlog [None req-98d29e70-fd2a-44ea-b46c-1e73ea43055a 819f488a54fc43b58727cc64babe869f ff1564a2953a4ad0a73a551e29401932 - - c235232364974cdeaae0857ebd8aa31a c235232364974cdeaae0857ebd8aa31a] 10.0.0.81 "GET /resource_providers/56d03650-035c-45e4-85c9-8b2389411b04/aggregates" status: 404 len: 235 microversion: 1.1 [pid: 8|app: 0|req: 490/977] 10.0.0.81 () {32 vars in 815 bytes} [Tue Jul 21 14:34:38 2026] GET /resource_providers/56d03650-035c-45e4-85c9-8b2389411b04/aggregates => generated 235 bytes in 11 msecs (HTTP/1.1 404) 5 headers in 202 bytes (1 switches on core 0)
2026-07-21 14:34:38.974 7 INFO placement.requestlog [None req-efcc4549-7d7c-4e2d-9896-e857178c5ed5 819f488a54fc43b58727cc64babe869f ff1564a2953a4ad0a73a551e29401932 - - c235232364974cdeaae0857ebd8aa31a c235232364974cdeaae0857ebd8aa31a] 10.0.0.81 "DELETE /resource_providers/56d03650-035c-45e4-85c9-8b2389411b04" status: 404 len: 246 microversion: 1.1 [pid: 7|app: 0|req: 488/978] 10.0.0.81 () {34 vars in 815 bytes} [Tue Jul 21 14:34:38 2026] DELETE /resource_providers/56d03650-035c-45e4-85c9-8b2389411b04 => generated 246 bytes in 8 msecs (HTTP/1.1 404) 6 headers in 231 bytes (1 switches on core 0)
2026-07-21 14:34:38.979 8 INFO placement.requestlog [None req-f45fe23b-219c-4a08-ab86-1fb880531032 819f488a54fc43b58727cc64babe869f ff1564a2953a4ad0a73a551e29401932 - - c235232364974cdeaae0857ebd8aa31a c235232364974cdeaae0857ebd8aa31a] 10.0.0.81 "DELETE /resource_providers/56d03650-035c-45e4-85c9-8b2389411b04" status: 404 len: 246 microversion: 1.1 [pid: 8|app: 0|req: 491/979] 10.0.0.81 () {34 vars in 815 bytes} [Tue Jul 21 14:34:38 2026] DELETE /resource_providers/56d03650-035c-45e4-85c9-8b2389411b04 => generated 246 bytes in 8 msecs (HTTP/1.1 404) 6 headers in 231 bytes (1 switches on core 0)
2026-07-21 14:34:41.014 8 INFO placement.requestlog [None req-cbd9fb3c-4b33-4224-99d0-1efe459c9eac 819f488a54fc43b58727cc64babe869f ff1564a2953a4ad0a73a551e29401932 - - c235232364974cdeaae0857ebd8aa31a c235232364974cdeaae0857ebd8aa31a] 10.0.0.81 "GET /resource_providers/d8bbce25-c281-410e-8f13-63ecbd1ec745/aggregates" status: 404 len: 235 microversion: 1.1 [pid: 8|app: 0|req: 492/980] 10.0.0.81 () {32 vars in 815 bytes} [Tue Jul 21 14:34:41 2026] GET /resource_providers/d8bbce25-c281-410e-8f13-63ecbd1ec745/aggregates => generated 235 bytes in 12 msecs (HTTP/1.1 404) 5 headers in 202 bytes (1 switches on core 0)
2026-07-21 14:34:41.015 7 INFO placement.requestlog [None req-54411a6a-5e02-4e06-aa49-a510e2b85341 819f488a54fc43b58727cc64babe869f ff1564a2953a4ad0a73a551e29401932 - - c235232364974cdeaae0857ebd8aa31a c235232364974cdeaae0857ebd8aa31a] 10.0.0.81 "GET /resource_providers/d8bbce25-c281-410e-8f13-63ecbd1ec745/aggregates" status: 404 len: 235 microversion: 1.1 [pid: 7|app: 0|req: 489/981] 10.0.0.81 () {32 vars in 815 bytes} [Tue Jul 21 14:34:41 2026] GET /resource_providers/d8bbce25-c281-410e-8f13-63ecbd1ec745/aggregates => generated 235 bytes in 14 msecs (HTTP/1.1 404) 5 headers in 202 bytes (1 switches on core 0)
2026-07-21 14:34:41.033 8 INFO placement.requestlog [None req-405663e6-2ce2-4eb1-b809-2cab426f8192 819f488a54fc43b58727cc64babe869f ff1564a2953a4ad0a73a551e29401932 - - c235232364974cdeaae0857ebd8aa31a c235232364974cdeaae0857ebd8aa31a] 10.0.0.81 "DELETE /resource_providers/d8bbce25-c281-410e-8f13-63ecbd1ec745" status: 404 len: 246 microversion: 1.1 [pid: 8|app: 0|req: 493/982] 10.0.0.81 () {34 vars in 815 bytes} [Tue Jul 21 14:34:41 2026] DELETE /resource_providers/d8bbce25-c281-410e-8f13-63ecbd1ec745 => generated 246 bytes in 9 msecs (HTTP/1.1 404) 6 headers in 231 bytes (1 switches on core 0)
2026-07-21 14:34:41.034 7 INFO placement.requestlog [None req-d5cc8561-cc15-43e5-b108-b10cf2a29ef4 819f488a54fc43b58727cc64babe869f ff1564a2953a4ad0a73a551e29401932 - - c235232364974cdeaae0857ebd8aa31a c235232364974cdeaae0857ebd8aa31a] 10.0.0.81 "DELETE /resource_providers/d8bbce25-c281-410e-8f13-63ecbd1ec745" status: 404 len: 246 microversion: 1.1 [pid: 7|app: 0|req: 490/983] 10.0.0.81 () {34 vars in 815 bytes} [Tue Jul 21 14:34:41 2026] DELETE /resource_providers/d8bbce25-c281-410e-8f13-63ecbd1ec745 => generated 246 bytes in 9 msecs (HTTP/1.1 404) 6 headers in 231 bytes (1 switches on core 0)
2026-07-21 14:34:42.887 7 INFO placement.requestlog [None req-d2b30b79-5554-4501-9b88-01226416e708 819f488a54fc43b58727cc64babe869f ff1564a2953a4ad0a73a551e29401932 - - c235232364974cdeaae0857ebd8aa31a c235232364974cdeaae0857ebd8aa31a] 10.0.0.81 "GET /resource_providers/14308762-d5f7-4d50-a0b3-80f99b8aaa0b/aggregates" status: 404 len: 235 microversion: 1.1 [pid: 7|app: 0|req: 491/984] 10.0.0.81 () {32 vars in 815 bytes} [Tue Jul 21 14:34:42 2026] GET /resource_providers/14308762-d5f7-4d50-a0b3-80f99b8aaa0b/aggregates => generated 235 bytes in 9 msecs (HTTP/1.1 404) 5 headers in 202 bytes (1 switches on core 0)
2026-07-21 14:34:42.889 8 INFO placement.requestlog [None req-ab8d8da7-45c4-497c-bd59-c837b656bf48 819f488a54fc43b58727cc64babe869f ff1564a2953a4ad0a73a551e29401932 - - c235232364974cdeaae0857ebd8aa31a c235232364974cdeaae0857ebd8aa31a] 10.0.0.81 "GET /resource_providers/14308762-d5f7-4d50-a0b3-80f99b8aaa0b/aggregates" status: 404 len: 235 microversion: 1.1 [pid: 8|app: 0|req: 494/985] 10.0.0.81 () {32 vars in 815 bytes} [Tue Jul 21 14:34:42 2026] GET /resource_providers/14308762-d5f7-4d50-a0b3-80f99b8aaa0b/aggregates => generated 235 bytes in 11 msecs (HTTP/1.1 404) 5 headers in 202 bytes (1 switches on core 0)
2026-07-21 14:34:42.905 7 INFO placement.requestlog [None req-103b32ef-8ac1-47c8-b4a1-9faac1b07eec 819f488a54fc43b58727cc64babe869f ff1564a2953a4ad0a73a551e29401932 - - c235232364974cdeaae0857ebd8aa31a c235232364974cdeaae0857ebd8aa31a] 10.0.0.81 "DELETE /resource_providers/14308762-d5f7-4d50-a0b3-80f99b8aaa0b" status: 404 len: 246 microversion: 1.1 [pid: 7|app: 0|req: 492/986] 10.0.0.81 () {34 vars in 815 bytes} [Tue Jul 21 14:34:42 2026] DELETE /resource_providers/14308762-d5f7-4d50-a0b3-80f99b8aaa0b => generated 246 bytes in 12 msecs (HTTP/1.1 404) 6 headers in 231 bytes (1 switches on core 0)
2026-07-21 14:34:42.919 8 INFO placement.requestlog [None req-ab3e3d0e-aacf-4c2c-9db4-d094110dc5f7 819f488a54fc43b58727cc64babe869f ff1564a2953a4ad0a73a551e29401932 - - c235232364974cdeaae0857ebd8aa31a c235232364974cdeaae0857ebd8aa31a] 10.0.0.81 "DELETE /resource_providers/14308762-d5f7-4d50-a0b3-80f99b8aaa0b" status: 404 len: 246 microversion: 1.1 [pid: 8|app: 0|req: 495/987] 10.0.0.81 () {34 vars in 815 bytes} [Tue Jul 21 14:34:42 2026] DELETE /resource_providers/14308762-d5f7-4d50-a0b3-80f99b8aaa0b => generated 246 bytes in 17 msecs (HTTP/1.1 404) 6 headers in 231 bytes (1 switches on core 0)
2026-07-21 14:34:43.058 7 INFO placement.requestlog [None req-c0d8b141-2241-40b2-a6b8-12baa564c3b0 819f488a54fc43b58727cc64babe869f ff1564a2953a4ad0a73a551e29401932 - - c235232364974cdeaae0857ebd8aa31a c235232364974cdeaae0857ebd8aa31a] 10.0.0.81 "GET /resource_providers/550a7696-702c-4315-bbf6-9183d0d69966/aggregates" status: 404 len: 235 microversion: 1.1 [pid: 7|app: 0|req: 493/988] 10.0.0.81 () {32 vars in 815 bytes} [Tue Jul 21 14:34:43 2026] GET /resource_providers/550a7696-702c-4315-bbf6-9183d0d69966/aggregates => generated 235 bytes in 14 msecs (HTTP/1.1 404) 5 headers in 202 bytes (1 switches on core 0)
2026-07-21 14:34:43.060 8 INFO placement.requestlog [None req-4f58c807-ec02-4fc1-a250-336373e41f47 819f488a54fc43b58727cc64babe869f ff1564a2953a4ad0a73a551e29401932 - - c235232364974cdeaae0857ebd8aa31a c235232364974cdeaae0857ebd8aa31a] 10.0.0.81 "GET /resource_providers/550a7696-702c-4315-bbf6-9183d0d69966/aggregates" status: 404 len: 235 microversion: 1.1 [pid: 8|app: 0|req: 496/989] 10.0.0.81 () {32 vars in 815 bytes} [Tue Jul 21 14:34:43 2026] GET /resource_providers/550a7696-702c-4315-bbf6-9183d0d69966/aggregates => generated 235 bytes in 13 msecs (HTTP/1.1 404) 5 headers in 202 bytes (1 switches on core 0)
2026-07-21 14:34:43.075 7 INFO placement.requestlog [None req-9ec2d05e-0995-45ad-8d79-cdcb6bf0f7e2 819f488a54fc43b58727cc64babe869f ff1564a2953a4ad0a73a551e29401932 - - c235232364974cdeaae0857ebd8aa31a c235232364974cdeaae0857ebd8aa31a] 10.0.0.81 "DELETE /resource_providers/550a7696-702c-4315-bbf6-9183d0d69966" status: 404 len: 246 microversion: 1.1 [pid: 7|app: 0|req: 494/990] 10.0.0.81 () {34 vars in 815 bytes} [Tue Jul 21 14:34:43 2026] DELETE /resource_providers/550a7696-702c-4315-bbf6-9183d0d69966 => generated 246 bytes in 9 msecs (HTTP/1.1 404) 6 headers in 231 bytes (1 switches on core 0)
2026-07-21 14:34:43.089 7 INFO placement.requestlog [None req-dff18b22-2a5a-4247-88a3-342d36a35d28 819f488a54fc43b58727cc64babe869f ff1564a2953a4ad0a73a551e29401932 - - c235232364974cdeaae0857ebd8aa31a c235232364974cdeaae0857ebd8aa31a] 10.0.0.81 "GET /resource_providers/b81c7bd6-7d97-49e3-b5bc-1613f8aaeb82/aggregates" status: 404 len: 235 microversion: 1.1 [pid: 7|app: 0|req: 495/991] 10.0.0.81 () {32 vars in 815 bytes} [Tue Jul 21 14:34:43 2026] GET /resource_providers/b81c7bd6-7d97-49e3-b5bc-1613f8aaeb82/aggregates => generated 235 bytes in 10 msecs (HTTP/1.1 404) 5 headers in 202 bytes (1 switches on core 0)
2026-07-21 14:34:43.091 8 INFO placement.requestlog [None req-c6a83e03-b83f-4d34-8d02-68b97ebfad4e 819f488a54fc43b58727cc64babe869f ff1564a2953a4ad0a73a551e29401932 - - c235232364974cdeaae0857ebd8aa31a c235232364974cdeaae0857ebd8aa31a] 10.0.0.81 "DELETE /resource_providers/550a7696-702c-4315-bbf6-9183d0d69966" status: 404 len: 246 microversion: 1.1 [pid: 8|app: 0|req: 497/992] 10.0.0.81 () {34 vars in 815 bytes} [Tue Jul 21 14:34:43 2026] DELETE /resource_providers/550a7696-702c-4315-bbf6-9183d0d69966 => generated 246 bytes in 18 msecs (HTTP/1.1 404) 6 headers in 231 bytes (1 switches on core 0)
2026-07-21 14:34:43.108 7 INFO placement.requestlog [None req-a5d4ad40-78b2-4b93-9487-c8e067002efe 819f488a54fc43b58727cc64babe869f ff1564a2953a4ad0a73a551e29401932 - - c235232364974cdeaae0857ebd8aa31a c235232364974cdeaae0857ebd8aa31a] 10.0.0.81 "DELETE /resource_providers/b81c7bd6-7d97-49e3-b5bc-1613f8aaeb82" status: 404 len: 246 microversion: 1.1 [pid: 7|app: 0|req: 496/993] 10.0.0.81 () {34 vars in 815 bytes} [Tue Jul 21 14:34:43 2026] DELETE /resource_providers/b81c7bd6-7d97-49e3-b5bc-1613f8aaeb82 => generated 246 bytes in 11 msecs (HTTP/1.1 404) 6 headers in 231 bytes (1 switches on core 0)
2026-07-21 14:34:43.120 8 INFO placement.requestlog [None req-844690a4-6521-4e3e-8f49-f34cc8a584b1 819f488a54fc43b58727cc64babe869f ff1564a2953a4ad0a73a551e29401932 - - c235232364974cdeaae0857ebd8aa31a c235232364974cdeaae0857ebd8aa31a] 10.0.0.81 "GET /resource_providers/b81c7bd6-7d97-49e3-b5bc-1613f8aaeb82/aggregates" status: 404 len: 235 microversion: 1.1 [pid: 8|app: 0|req: 498/994] 10.0.0.81 () {32 vars in 815 bytes} [Tue Jul 21 14:34:43 2026] GET /resource_providers/b81c7bd6-7d97-49e3-b5bc-1613f8aaeb82/aggregates => generated 235 bytes in 19 msecs (HTTP/1.1 404) 5 headers in 202 bytes (1 switches on core 0)
2026-07-21 14:34:43.128 7 INFO placement.requestlog [None req-eb4590ac-1355-4999-a815-38beecb17de5 819f488a54fc43b58727cc64babe869f ff1564a2953a4ad0a73a551e29401932 - - c235232364974cdeaae0857ebd8aa31a c235232364974cdeaae0857ebd8aa31a] 10.0.0.81 "GET /resource_providers/60e5df14-af4c-4af0-b2c4-814e5710d5af/aggregates" status: 404 len: 235 microversion: 1.1 [pid: 7|app: 0|req: 497/995] 10.0.0.81 () {32 vars in 815 bytes} [Tue Jul 21 14:34:43 2026] GET /resource_providers/60e5df14-af4c-4af0-b2c4-814e5710d5af/aggregates => generated 235 bytes in 10 msecs (HTTP/1.1 404) 5 headers in 202 bytes (1 switches on core 0)
2026-07-21 14:34:43.142 8 INFO placement.requestlog [None req-09f403fa-ed92-44ae-9b2d-6f4dc14b4a5e 819f488a54fc43b58727cc64babe869f ff1564a2953a4ad0a73a551e29401932 - - c235232364974cdeaae0857ebd8aa31a c235232364974cdeaae0857ebd8aa31a] 10.0.0.81 "DELETE /resource_providers/b81c7bd6-7d97-49e3-b5bc-1613f8aaeb82" status: 404 len: 246 microversion: 1.1 [pid: 8|app: 0|req: 499/996] 10.0.0.81 () {34 vars in 815 bytes} [Tue Jul 21 14:34:43 2026] DELETE /resource_providers/b81c7bd6-7d97-49e3-b5bc-1613f8aaeb82 => generated 246 bytes in 15 msecs (HTTP/1.1 404) 6 headers in 231 bytes (1 switches on core 0)
2026-07-21 14:34:43.146 7 INFO placement.requestlog [None req-12f370ae-ba74-48b0-88ac-5812f0df5582 819f488a54fc43b58727cc64babe869f ff1564a2953a4ad0a73a551e29401932 - - c235232364974cdeaae0857ebd8aa31a c235232364974cdeaae0857ebd8aa31a] 10.0.0.81 "DELETE /resource_providers/60e5df14-af4c-4af0-b2c4-814e5710d5af" status: 404 len: 246 microversion: 1.1 [pid: 7|app: 0|req: 498/997] 10.0.0.81 () {34 vars in 815 bytes} [Tue Jul 21 14:34:43 2026] DELETE /resource_providers/60e5df14-af4c-4af0-b2c4-814e5710d5af => generated 246 bytes in 11 msecs (HTTP/1.1 404) 6 headers in 231 bytes (1 switches on core 0)
2026-07-21 14:34:43.171 8 INFO placement.requestlog [None req-b478cf69-5aa6-4ba9-b87a-047972dee3a9 819f488a54fc43b58727cc64babe869f ff1564a2953a4ad0a73a551e29401932 - - c235232364974cdeaae0857ebd8aa31a c235232364974cdeaae0857ebd8aa31a] 10.0.0.81 "GET /resource_providers/60e5df14-af4c-4af0-b2c4-814e5710d5af/aggregates" status: 404 len: 235 microversion: 1.1 [pid: 8|app: 0|req: 500/998] 10.0.0.81 () {32 vars in 815 bytes} [Tue Jul 21 14:34:43 2026] GET /resource_providers/60e5df14-af4c-4af0-b2c4-814e5710d5af/aggregates => generated 235 bytes in 10 msecs (HTTP/1.1 404) 5 headers in 202 bytes (1 switches on core 0)
2026-07-21 14:34:43.203 7 INFO placement.requestlog [None req-e86aeada-bdbb-4e0b-b57c-9dde85230be3 819f488a54fc43b58727cc64babe869f ff1564a2953a4ad0a73a551e29401932 - - c235232364974cdeaae0857ebd8aa31a c235232364974cdeaae0857ebd8aa31a] 10.0.0.81 "DELETE /resource_providers/60e5df14-af4c-4af0-b2c4-814e5710d5af" status: 404 len: 246 microversion: 1.1 [pid: 7|app: 0|req: 499/999] 10.0.0.81 () {34 vars in 815 bytes} [Tue Jul 21 14:34:43 2026] DELETE /resource_providers/60e5df14-af4c-4af0-b2c4-814e5710d5af => generated 246 bytes in 20 msecs (HTTP/1.1 404) 6 headers in 231 bytes (1 switches on core 0)
2026-07-21 14:34:44.948 8 INFO placement.requestlog [None req-b61181e0-fd36-45b6-88eb-18b9b16b4a44 819f488a54fc43b58727cc64babe869f ff1564a2953a4ad0a73a551e29401932 - - c235232364974cdeaae0857ebd8aa31a c235232364974cdeaae0857ebd8aa31a] 10.0.0.81 "GET /resource_providers/2ad4f2e8-00af-4efa-802f-313498a51907/aggregates" status: 404 len: 235 microversion: 1.1 [pid: 8|app: 0|req: 501/1000] 10.0.0.81 () {32 vars in 815 bytes} [Tue Jul 21 14:34:44 2026] GET /resource_providers/2ad4f2e8-00af-4efa-802f-313498a51907/aggregates => generated 235 bytes in 20 msecs (HTTP/1.1 404) 5 headers in 202 bytes (1 switches on core 0)
2026-07-21 14:34:44.975 7 INFO placement.requestlog [None req-4951b831-f050-4670-b38f-8308eb1b434e 819f488a54fc43b58727cc64babe869f ff1564a2953a4ad0a73a551e29401932 - - c235232364974cdeaae0857ebd8aa31a c235232364974cdeaae0857ebd8aa31a] 10.0.0.81 "DELETE /resource_providers/2ad4f2e8-00af-4efa-802f-313498a51907" status: 404 len: 246 microversion: 1.1 [pid: 7|app: 0|req: 500/1001] 10.0.0.81 () {34 vars in 815 bytes} [Tue Jul 21 14:34:44 2026] DELETE /resource_providers/2ad4f2e8-00af-4efa-802f-313498a51907 => generated 246 bytes in 21 msecs (HTTP/1.1 404) 6 headers in 231 bytes (1 switches on core 0)
2026-07-21 14:34:45.179 8 INFO placement.requestlog [None req-2c6204e3-776e-447d-b183-18bf49bb276d 819f488a54fc43b58727cc64babe869f ff1564a2953a4ad0a73a551e29401932 - - c235232364974cdeaae0857ebd8aa31a c235232364974cdeaae0857ebd8aa31a] 10.0.0.81 "GET /resource_providers/36d317a7-e970-4d71-a287-53e2988a4d7f/aggregates" status: 404 len: 235 microversion: 1.1 [pid: 8|app: 0|req: 502/1002] 10.0.0.81 () {32 vars in 815 bytes} [Tue Jul 21 14:34:45 2026] GET /resource_providers/36d317a7-e970-4d71-a287-53e2988a4d7f/aggregates => generated 235 bytes in 16 msecs (HTTP/1.1 404) 5 headers in 202 bytes (1 switches on core 0)
2026-07-21 14:34:45.199 7 INFO placement.requestlog [None req-253d531f-42d2-4739-bfaf-964d9a7d835b 819f488a54fc43b58727cc64babe869f ff1564a2953a4ad0a73a551e29401932 - - c235232364974cdeaae0857ebd8aa31a c235232364974cdeaae0857ebd8aa31a] 10.0.0.81 "DELETE /resource_providers/36d317a7-e970-4d71-a287-53e2988a4d7f" status: 404 len: 246 microversion: 1.1 [pid: 7|app: 0|req: 501/1003] 10.0.0.81 () {34 vars in 815 bytes} [Tue Jul 21 14:34:45 2026] DELETE /resource_providers/36d317a7-e970-4d71-a287-53e2988a4d7f => generated 246 bytes in 9 msecs (HTTP/1.1 404) 6 headers in 231 bytes (1 switches on core 0)
2026-07-21 14:34:45.245 8 INFO placement.requestlog [None req-f212b395-9000-4dc1-9d3a-b4a7670d27b9 819f488a54fc43b58727cc64babe869f ff1564a2953a4ad0a73a551e29401932 - - c235232364974cdeaae0857ebd8aa31a c235232364974cdeaae0857ebd8aa31a] 10.0.0.81 "GET /resource_providers/2ad4f2e8-00af-4efa-802f-313498a51907/aggregates" status: 404 len: 235 microversion: 1.1 [pid: 8|app: 0|req: 503/1004] 10.0.0.81 () {32 vars in 815 bytes} [Tue Jul 21 14:34:45 2026] GET /resource_providers/2ad4f2e8-00af-4efa-802f-313498a51907/aggregates => generated 235 bytes in 11 msecs (HTTP/1.1 404) 5 headers in 202 bytes (1 switches on core 0)
2026-07-21 14:34:45.271 7 INFO placement.requestlog [None req-c5a2728b-bc57-4940-ba42-54b7ca6c9fda 819f488a54fc43b58727cc64babe869f ff1564a2953a4ad0a73a551e29401932 - - c235232364974cdeaae0857ebd8aa31a c235232364974cdeaae0857ebd8aa31a] 10.0.0.81 "DELETE /resource_providers/2ad4f2e8-00af-4efa-802f-313498a51907" status: 404 len: 246 microversion: 1.1 [pid: 7|app: 0|req: 502/1005] 10.0.0.81 () {34 vars in 815 bytes} [Tue Jul 21 14:34:45 2026] DELETE /resource_providers/2ad4f2e8-00af-4efa-802f-313498a51907 => generated 246 bytes in 17 msecs (HTTP/1.1 404) 6 headers in 231 bytes (1 switches on core 0)
2026-07-21 14:34:45.535 8 INFO placement.requestlog [req-953f692b-677c-4f23-b70d-4a1718917cc5 req-dff03e63-cded-4bd2-94df-5dcdd4b124f7 8d1efa2ede6d4d65b7906c718829f921 ff1564a2953a4ad0a73a551e29401932 - - c235232364974cdeaae0857ebd8aa31a c235232364974cdeaae0857ebd8aa31a] 10.0.0.125 "GET /allocation_candidates?limit=1000&resources=DISK_GB%3A1%2CMEMORY_MB%3A512%2CVCPU%3A1&root_required=%21COMPUTE_STATUS_DISABLED" status: 200 len: 2219 microversion: 1.36 [pid: 8|app: 0|req: 504/1006] 10.0.0.125 () {34 vars in 1012 bytes} [Tue Jul 21 14:34:45 2026] GET /allocation_candidates?limit=1000&resources=DISK_GB%3A1%2CMEMORY_MB%3A512%2CVCPU%3A1&root_required=%21COMPUTE_STATUS_DISABLED => generated 2219 bytes in 66 msecs (HTTP/1.1 200) 8 headers in 297 bytes (1 switches on core 0)
2026-07-21 14:34:45.573 7 INFO placement.requestlog [req-953f692b-677c-4f23-b70d-4a1718917cc5 req-bca21b76-9d31-490b-a823-5e732c47ed84 8d1efa2ede6d4d65b7906c718829f921 ff1564a2953a4ad0a73a551e29401932 - - c235232364974cdeaae0857ebd8aa31a c235232364974cdeaae0857ebd8aa31a] 10.0.0.125 "GET /allocations/5faf4326-4a95-41fa-be6a-1f7283ce1f18" status: 200 len: 19 microversion: 1.28 [pid: 7|app: 0|req: 503/1007] 10.0.0.125 () {34 vars in 861 bytes} [Tue Jul 21 14:34:45 2026] GET /allocations/5faf4326-4a95-41fa-be6a-1f7283ce1f18 => generated 19 bytes in 15 msecs (HTTP/1.1 200) 8 headers in 295 bytes (1 switches on core 0)
2026-07-21 14:34:45.696 8 INFO placement.requestlog [req-953f692b-677c-4f23-b70d-4a1718917cc5 req-34974743-1f88-47af-893a-2c4381ddc03f 8d1efa2ede6d4d65b7906c718829f921 ff1564a2953a4ad0a73a551e29401932 - - c235232364974cdeaae0857ebd8aa31a c235232364974cdeaae0857ebd8aa31a] 10.0.0.125 "PUT /allocations/5faf4326-4a95-41fa-be6a-1f7283ce1f18" status: 204 len: 0 microversion: 1.36 [pid: 8|app: 0|req: 505/1008] 10.0.0.125 () {38 vars in 914 bytes} [Tue Jul 21 14:34:45 2026] PUT /allocations/5faf4326-4a95-41fa-be6a-1f7283ce1f18 => generated 0 bytes in 111 msecs (HTTP/1.1 204) 5 headers in 199 bytes (1 switches on core 0)
2026-07-21 14:34:46.026 7 INFO placement.requestlog [req-953f692b-677c-4f23-b70d-4a1718917cc5 req-216bdb46-8ec0-4c14-90bf-acc2265ec2d0 8d1efa2ede6d4d65b7906c718829f921 ff1564a2953a4ad0a73a551e29401932 - - c235232364974cdeaae0857ebd8aa31a c235232364974cdeaae0857ebd8aa31a] 199.204.45.222 "GET /allocations/5faf4326-4a95-41fa-be6a-1f7283ce1f18" status: 200 len: 258 microversion: 1.28 [pid: 7|app: 0|req: 504/1009] 199.204.45.222 () {34 vars in 863 bytes} [Tue Jul 21 14:34:45 2026] GET /allocations/5faf4326-4a95-41fa-be6a-1f7283ce1f18 => generated 258 bytes in 34 msecs (HTTP/1.1 200) 8 headers in 296 bytes (1 switches on core 0)
2026-07-21 14:34:46.183 8 INFO placement.requestlog [req-953f692b-677c-4f23-b70d-4a1718917cc5 req-92250eca-aa00-4f31-b063-c4552af5412b 8d1efa2ede6d4d65b7906c718829f921 ff1564a2953a4ad0a73a551e29401932 - - c235232364974cdeaae0857ebd8aa31a c235232364974cdeaae0857ebd8aa31a] 199.204.45.222 "GET /resource_providers/5dd81cec-a000-443b-8e3f-3198a1b914db/allocations" status: 200 len: 253 microversion: 1.0 [pid: 8|app: 0|req: 506/1010] 199.204.45.222 () {32 vars in 857 bytes} [Tue Jul 21 14:34:46 2026] GET /resource_providers/5dd81cec-a000-443b-8e3f-3198a1b914db/allocations => generated 253 bytes in 38 msecs (HTTP/1.1 200) 6 headers in 224 bytes (1 switches on core 0)
