2026-07-14 11:41:59.342 8 INFO placement.requestlog [req-744ab3ab-497e-40eb-9863-017c9d9ae06b req-eb7d4a8b-973e-4862-91f9-82997f3d3d8f ba7d27463f7040b0b19c9ae9455dd59e a5f3ee40163d43ff9360b927d215e037 - - 42ff16c5e41b4d2a9a581a2ac4780b9e 42ff16c5e41b4d2a9a581a2ac4780b9e] 199.204.45.70 "GET /allocations/76f1b5e5-0e42-4665-9d74-82bb9b176943" status: 200 len: 258 microversion: 1.28 [pid: 8|app: 0|req: 465/934] 199.204.45.70 () {34 vars in 862 bytes} [Tue Jul 14 11:41:59 2026] GET /allocations/76f1b5e5-0e42-4665-9d74-82bb9b176943 => generated 258 bytes in 14 msecs (HTTP/1.1 200) 8 headers in 296 bytes (1 switches on core 0)
2026-07-14 11:42:05.479 7 INFO placement.requestlog [None req-4cf0817a-9bac-417f-a9c0-6bc14d0f91c3 d72ac51099c64cb498ae7f5a16ba93ac a5f3ee40163d43ff9360b927d215e037 - - 42ff16c5e41b4d2a9a581a2ac4780b9e 42ff16c5e41b4d2a9a581a2ac4780b9e] 10.0.0.157 "GET /resource_providers/24d19f0a-daee-4e50-9d28-c679befe46bc/aggregates" status: 404 len: 235 microversion: 1.1 [pid: 7|app: 0|req: 470/935] 10.0.0.157 () {32 vars in 816 bytes} [Tue Jul 14 11:42:05 2026] GET /resource_providers/24d19f0a-daee-4e50-9d28-c679befe46bc/aggregates => generated 235 bytes in 14 msecs (HTTP/1.1 404) 5 headers in 202 bytes (1 switches on core 0)
2026-07-14 11:42:05.479 8 INFO placement.requestlog [None req-2da4c3e9-2f94-4876-a9d5-ed347d04f122 d72ac51099c64cb498ae7f5a16ba93ac a5f3ee40163d43ff9360b927d215e037 - - 42ff16c5e41b4d2a9a581a2ac4780b9e 42ff16c5e41b4d2a9a581a2ac4780b9e] 10.0.0.157 "GET /resource_providers/24d19f0a-daee-4e50-9d28-c679befe46bc/aggregates" status: 404 len: 235 microversion: 1.1 [pid: 8|app: 0|req: 466/936] 10.0.0.157 () {32 vars in 816 bytes} [Tue Jul 14 11:42:05 2026] GET /resource_providers/24d19f0a-daee-4e50-9d28-c679befe46bc/aggregates => generated 235 bytes in 16 msecs (HTTP/1.1 404) 5 headers in 202 bytes (1 switches on core 0)
2026-07-14 11:42:05.503 7 INFO placement.requestlog [None req-81c2c7c1-bed6-4bbd-aa75-ad6fd55d62e7 d72ac51099c64cb498ae7f5a16ba93ac a5f3ee40163d43ff9360b927d215e037 - - 42ff16c5e41b4d2a9a581a2ac4780b9e 42ff16c5e41b4d2a9a581a2ac4780b9e] 10.0.0.157 "DELETE /resource_providers/24d19f0a-daee-4e50-9d28-c679befe46bc" status: 404 len: 246 microversion: 1.1 [pid: 7|app: 0|req: 471/937] 10.0.0.157 () {34 vars in 816 bytes} [Tue Jul 14 11:42:05 2026] DELETE /resource_providers/24d19f0a-daee-4e50-9d28-c679befe46bc => generated 246 bytes in 15 msecs (HTTP/1.1 404) 6 headers in 231 bytes (1 switches on core 0)
2026-07-14 11:42:05.505 8 INFO placement.requestlog [None req-441cddb1-368a-4821-acd3-c2fe513cecb1 d72ac51099c64cb498ae7f5a16ba93ac a5f3ee40163d43ff9360b927d215e037 - - 42ff16c5e41b4d2a9a581a2ac4780b9e 42ff16c5e41b4d2a9a581a2ac4780b9e] 10.0.0.157 "DELETE /resource_providers/24d19f0a-daee-4e50-9d28-c679befe46bc" status: 404 len: 246 microversion: 1.1 [pid: 8|app: 0|req: 467/938] 10.0.0.157 () {34 vars in 816 bytes} [Tue Jul 14 11:42:05 2026] DELETE /resource_providers/24d19f0a-daee-4e50-9d28-c679befe46bc => generated 246 bytes in 10 msecs (HTTP/1.1 404) 6 headers in 231 bytes (1 switches on core 0)
2026-07-14 11:42:07.545 8 INFO placement.requestlog [None req-4c7ee2ee-85cc-460a-a2d7-d07782052460 d72ac51099c64cb498ae7f5a16ba93ac a5f3ee40163d43ff9360b927d215e037 - - 42ff16c5e41b4d2a9a581a2ac4780b9e 42ff16c5e41b4d2a9a581a2ac4780b9e] 10.0.0.157 "GET /resource_providers/26a37207-e0e1-4004-be74-c5832626d0a0/aggregates" status: 404 len: 235 microversion: 1.1 [pid: 8|app: 0|req: 468/939] 10.0.0.157 () {32 vars in 816 bytes} [Tue Jul 14 11:42:07 2026] GET /resource_providers/26a37207-e0e1-4004-be74-c5832626d0a0/aggregates => generated 235 bytes in 23 msecs (HTTP/1.1 404) 5 headers in 202 bytes (1 switches on core 0)
2026-07-14 11:42:07.572 8 INFO placement.requestlog [None req-ba858948-c227-4909-b8b1-bc1b348dd0dd d72ac51099c64cb498ae7f5a16ba93ac a5f3ee40163d43ff9360b927d215e037 - - 42ff16c5e41b4d2a9a581a2ac4780b9e 42ff16c5e41b4d2a9a581a2ac4780b9e] 10.0.0.157 "DELETE /resource_providers/26a37207-e0e1-4004-be74-c5832626d0a0" status: 404 len: 246 microversion: 1.1 [pid: 8|app: 0|req: 469/940] 10.0.0.157 () {34 vars in 816 bytes} [Tue Jul 14 11:42:07 2026] DELETE /resource_providers/26a37207-e0e1-4004-be74-c5832626d0a0 => generated 246 bytes in 14 msecs (HTTP/1.1 404) 6 headers in 231 bytes (1 switches on core 0)
2026-07-14 11:42:07.578 7 INFO placement.requestlog [None req-d4b3b71f-d513-4659-9e6e-395f5c6b76bf d72ac51099c64cb498ae7f5a16ba93ac a5f3ee40163d43ff9360b927d215e037 - - 42ff16c5e41b4d2a9a581a2ac4780b9e 42ff16c5e41b4d2a9a581a2ac4780b9e] 10.0.0.157 "GET /resource_providers/26a37207-e0e1-4004-be74-c5832626d0a0/aggregates" status: 404 len: 235 microversion: 1.1 [pid: 7|app: 0|req: 472/941] 10.0.0.157 () {32 vars in 816 bytes} [Tue Jul 14 11:42:07 2026] GET /resource_providers/26a37207-e0e1-4004-be74-c5832626d0a0/aggregates => generated 235 bytes in 63 msecs (HTTP/1.1 404) 5 headers in 202 bytes (1 switches on core 0)
2026-07-14 11:42:07.592 8 INFO placement.requestlog [None req-58b0a8bc-3fd1-4dcf-a3e1-f19fa8d1d8b8 d72ac51099c64cb498ae7f5a16ba93ac a5f3ee40163d43ff9360b927d215e037 - - 42ff16c5e41b4d2a9a581a2ac4780b9e 42ff16c5e41b4d2a9a581a2ac4780b9e] 10.0.0.157 "GET /resource_providers/4cd783d2-99d6-4d59-9600-a7216432b9df/aggregates" status: 404 len: 235 microversion: 1.1 [pid: 8|app: 0|req: 470/942] 10.0.0.157 () {32 vars in 816 bytes} [Tue Jul 14 11:42:07 2026] GET /resource_providers/4cd783d2-99d6-4d59-9600-a7216432b9df/aggregates => generated 235 bytes in 11 msecs (HTTP/1.1 404) 5 headers in 202 bytes (1 switches on core 0)
2026-07-14 11:42:07.600 7 INFO placement.requestlog [None req-34d68b0b-dd94-4b4b-90c0-6a3679e4921f d72ac51099c64cb498ae7f5a16ba93ac a5f3ee40163d43ff9360b927d215e037 - - 42ff16c5e41b4d2a9a581a2ac4780b9e 42ff16c5e41b4d2a9a581a2ac4780b9e] 10.0.0.157 "DELETE /resource_providers/26a37207-e0e1-4004-be74-c5832626d0a0" status: 404 len: 246 microversion: 1.1 [pid: 7|app: 0|req: 473/943] 10.0.0.157 () {34 vars in 816 bytes} [Tue Jul 14 11:42:07 2026] DELETE /resource_providers/26a37207-e0e1-4004-be74-c5832626d0a0 => generated 246 bytes in 10 msecs (HTTP/1.1 404) 6 headers in 231 bytes (1 switches on core 0)
2026-07-14 11:42:07.619 7 INFO placement.requestlog [None req-4dbe7db2-5188-4b70-b9e9-37f7e652bd00 d72ac51099c64cb498ae7f5a16ba93ac a5f3ee40163d43ff9360b927d215e037 - - 42ff16c5e41b4d2a9a581a2ac4780b9e 42ff16c5e41b4d2a9a581a2ac4780b9e] 10.0.0.157 "GET /resource_providers/4cd783d2-99d6-4d59-9600-a7216432b9df/aggregates" status: 404 len: 235 microversion: 1.1 [pid: 7|app: 0|req: 474/944] 10.0.0.157 () {32 vars in 816 bytes} [Tue Jul 14 11:42:07 2026] GET /resource_providers/4cd783d2-99d6-4d59-9600-a7216432b9df/aggregates => generated 235 bytes in 10 msecs (HTTP/1.1 404) 5 headers in 202 bytes (1 switches on core 0)
2026-07-14 11:42:07.625 8 INFO placement.requestlog [None req-8f4b4143-c806-4655-abba-2124717ad0a9 d72ac51099c64cb498ae7f5a16ba93ac a5f3ee40163d43ff9360b927d215e037 - - 42ff16c5e41b4d2a9a581a2ac4780b9e 42ff16c5e41b4d2a9a581a2ac4780b9e] 10.0.0.157 "DELETE /resource_providers/4cd783d2-99d6-4d59-9600-a7216432b9df" status: 404 len: 246 microversion: 1.1 [pid: 8|app: 0|req: 471/945] 10.0.0.157 () {34 vars in 816 bytes} [Tue Jul 14 11:42:07 2026] DELETE /resource_providers/4cd783d2-99d6-4d59-9600-a7216432b9df => generated 246 bytes in 18 msecs (HTTP/1.1 404) 6 headers in 231 bytes (1 switches on core 0)
2026-07-14 11:42:07.634 7 INFO placement.requestlog [None req-9754f845-976c-42be-ac30-61107fbc359a d72ac51099c64cb498ae7f5a16ba93ac a5f3ee40163d43ff9360b927d215e037 - - 42ff16c5e41b4d2a9a581a2ac4780b9e 42ff16c5e41b4d2a9a581a2ac4780b9e] 10.0.0.157 "DELETE /resource_providers/4cd783d2-99d6-4d59-9600-a7216432b9df" status: 404 len: 246 microversion: 1.1 [pid: 7|app: 0|req: 475/946] 10.0.0.157 () {34 vars in 816 bytes} [Tue Jul 14 11:42:07 2026] DELETE /resource_providers/4cd783d2-99d6-4d59-9600-a7216432b9df => generated 246 bytes in 8 msecs (HTTP/1.1 404) 6 headers in 231 bytes (1 switches on core 0)
2026-07-14 11:42:08.681 7 INFO placement.requestlog [None req-55f29952-f384-43cd-be07-4b0a81e97a62 - - - - - -] 10.0.0.48 "GET /" status: 200 len: 136 microversion: 1.0
2026-07-14 11:42:08.681 8 INFO placement.requestlog [None req-c8a84a00-af7f-42c3-9d50-128adad101ec - - - - - -] 10.0.0.48 "GET /" status: 200 len: 136 microversion: 1.0
2026-07-14 11:42:13.191 7 INFO placement.requestlog [None req-a9766179-dd44-46b8-bdec-3d6cb3da1e4d d72ac51099c64cb498ae7f5a16ba93ac a5f3ee40163d43ff9360b927d215e037 - - 42ff16c5e41b4d2a9a581a2ac4780b9e 42ff16c5e41b4d2a9a581a2ac4780b9e] 10.0.0.157 "GET /resource_providers/4f6578b6-83a8-41f2-ab09-428001f34a3d/aggregates" status: 404 len: 235 microversion: 1.1 [pid: 7|app: 0|req: 477/949] 10.0.0.157 () {32 vars in 816 bytes} [Tue Jul 14 11:42:13 2026] GET /resource_providers/4f6578b6-83a8-41f2-ab09-428001f34a3d/aggregates => generated 235 bytes in 9 msecs (HTTP/1.1 404) 5 headers in 202 bytes (1 switches on core 0)
2026-07-14 11:42:13.200 8 INFO placement.requestlog [None req-07515ebe-352f-475f-8280-0ba363a56987 d72ac51099c64cb498ae7f5a16ba93ac a5f3ee40163d43ff9360b927d215e037 - - 42ff16c5e41b4d2a9a581a2ac4780b9e 42ff16c5e41b4d2a9a581a2ac4780b9e] 10.0.0.157 "GET /resource_providers/4f6578b6-83a8-41f2-ab09-428001f34a3d/aggregates" status: 404 len: 235 microversion: 1.1 [pid: 8|app: 0|req: 473/950] 10.0.0.157 () {32 vars in 816 bytes} [Tue Jul 14 11:42:13 2026] GET /resource_providers/4f6578b6-83a8-41f2-ab09-428001f34a3d/aggregates => generated 235 bytes in 11 msecs (HTTP/1.1 404) 5 headers in 202 bytes (1 switches on core 0)
2026-07-14 11:42:13.224 7 INFO placement.requestlog [None req-2c0e0586-8699-4237-a03c-e38f70d9cf0d d72ac51099c64cb498ae7f5a16ba93ac a5f3ee40163d43ff9360b927d215e037 - - 42ff16c5e41b4d2a9a581a2ac4780b9e 42ff16c5e41b4d2a9a581a2ac4780b9e] 10.0.0.157 "DELETE /resource_providers/4f6578b6-83a8-41f2-ab09-428001f34a3d" status: 404 len: 246 microversion: 1.1 [pid: 7|app: 0|req: 478/951] 10.0.0.157 () {34 vars in 816 bytes} [Tue Jul 14 11:42:13 2026] DELETE /resource_providers/4f6578b6-83a8-41f2-ab09-428001f34a3d => generated 246 bytes in 12 msecs (HTTP/1.1 404) 6 headers in 231 bytes (1 switches on core 0)
2026-07-14 11:42:13.227 8 INFO placement.requestlog [None req-85f16421-5ddc-4bb9-8fad-25dbf4584953 d72ac51099c64cb498ae7f5a16ba93ac a5f3ee40163d43ff9360b927d215e037 - - 42ff16c5e41b4d2a9a581a2ac4780b9e 42ff16c5e41b4d2a9a581a2ac4780b9e] 10.0.0.157 "DELETE /resource_providers/4f6578b6-83a8-41f2-ab09-428001f34a3d" status: 404 len: 246 microversion: 1.1 [pid: 8|app: 0|req: 474/952] 10.0.0.157 () {34 vars in 816 bytes} [Tue Jul 14 11:42:13 2026] DELETE /resource_providers/4f6578b6-83a8-41f2-ab09-428001f34a3d => generated 246 bytes in 10 msecs (HTTP/1.1 404) 6 headers in 231 bytes (1 switches on core 0)
2026-07-14 11:42:13.262 7 INFO placement.requestlog [None req-2a9507c9-57eb-4499-9cfe-2660c7dff2ff d72ac51099c64cb498ae7f5a16ba93ac a5f3ee40163d43ff9360b927d215e037 - - 42ff16c5e41b4d2a9a581a2ac4780b9e 42ff16c5e41b4d2a9a581a2ac4780b9e] 10.0.0.157 "GET /resource_providers/e769fe39-6ed1-4ecf-8eb3-9016c397502f/aggregates" status: 404 len: 235 microversion: 1.1 [pid: 7|app: 0|req: 479/953] 10.0.0.157 () {32 vars in 816 bytes} [Tue Jul 14 11:42:13 2026] GET /resource_providers/e769fe39-6ed1-4ecf-8eb3-9016c397502f/aggregates => generated 235 bytes in 7 msecs (HTTP/1.1 404) 5 headers in 202 bytes (1 switches on core 0)
2026-07-14 11:42:13.276 8 INFO placement.requestlog [None req-ba82d315-d922-45bd-a672-b5c310bc8bd3 d72ac51099c64cb498ae7f5a16ba93ac a5f3ee40163d43ff9360b927d215e037 - - 42ff16c5e41b4d2a9a581a2ac4780b9e 42ff16c5e41b4d2a9a581a2ac4780b9e] 10.0.0.157 "GET /resource_providers/e769fe39-6ed1-4ecf-8eb3-9016c397502f/aggregates" status: 404 len: 235 microversion: 1.1 [pid: 8|app: 0|req: 475/954] 10.0.0.157 () {32 vars in 816 bytes} [Tue Jul 14 11:42:13 2026] GET /resource_providers/e769fe39-6ed1-4ecf-8eb3-9016c397502f/aggregates => generated 235 bytes in 15 msecs (HTTP/1.1 404) 5 headers in 202 bytes (1 switches on core 0)
2026-07-14 11:42:13.287 7 INFO placement.requestlog [None req-4604519f-f874-4b69-96d8-db61e893e366 d72ac51099c64cb498ae7f5a16ba93ac a5f3ee40163d43ff9360b927d215e037 - - 42ff16c5e41b4d2a9a581a2ac4780b9e 42ff16c5e41b4d2a9a581a2ac4780b9e] 10.0.0.157 "DELETE /resource_providers/e769fe39-6ed1-4ecf-8eb3-9016c397502f" status: 404 len: 246 microversion: 1.1 [pid: 7|app: 0|req: 480/955] 10.0.0.157 () {34 vars in 816 bytes} [Tue Jul 14 11:42:13 2026] DELETE /resource_providers/e769fe39-6ed1-4ecf-8eb3-9016c397502f => generated 246 bytes in 6 msecs (HTTP/1.1 404) 6 headers in 231 bytes (1 switches on core 0)
2026-07-14 11:42:13.294 8 INFO placement.requestlog [None req-def9f4af-0447-4928-833c-84ebeeba4b72 d72ac51099c64cb498ae7f5a16ba93ac a5f3ee40163d43ff9360b927d215e037 - - 42ff16c5e41b4d2a9a581a2ac4780b9e 42ff16c5e41b4d2a9a581a2ac4780b9e] 10.0.0.157 "DELETE /resource_providers/e769fe39-6ed1-4ecf-8eb3-9016c397502f" status: 404 len: 246 microversion: 1.1 [pid: 8|app: 0|req: 476/956] 10.0.0.157 () {34 vars in 816 bytes} [Tue Jul 14 11:42:13 2026] DELETE /resource_providers/e769fe39-6ed1-4ecf-8eb3-9016c397502f => generated 246 bytes in 11 msecs (HTTP/1.1 404) 6 headers in 231 bytes (1 switches on core 0)
2026-07-14 11:42:15.305 7 INFO placement.requestlog [None req-a92457a7-8a61-481a-af54-53f045ecf713 d72ac51099c64cb498ae7f5a16ba93ac a5f3ee40163d43ff9360b927d215e037 - - 42ff16c5e41b4d2a9a581a2ac4780b9e 42ff16c5e41b4d2a9a581a2ac4780b9e] 10.0.0.157 "GET /resource_providers/a6af4579-8e98-4047-ae41-15079220b0ae/aggregates" status: 404 len: 235 microversion: 1.1 [pid: 7|app: 0|req: 481/957] 10.0.0.157 () {32 vars in 816 bytes} [Tue Jul 14 11:42:15 2026] GET /resource_providers/a6af4579-8e98-4047-ae41-15079220b0ae/aggregates => generated 235 bytes in 12 msecs (HTTP/1.1 404) 5 headers in 202 bytes (1 switches on core 0)
2026-07-14 11:42:15.318 8 INFO placement.requestlog [None req-60df5879-de82-486d-b0cb-15c08830be8f d72ac51099c64cb498ae7f5a16ba93ac a5f3ee40163d43ff9360b927d215e037 - - 42ff16c5e41b4d2a9a581a2ac4780b9e 42ff16c5e41b4d2a9a581a2ac4780b9e] 10.0.0.157 "GET /resource_providers/a6af4579-8e98-4047-ae41-15079220b0ae/aggregates" status: 404 len: 235 microversion: 1.1 [pid: 8|app: 0|req: 477/958] 10.0.0.157 () {32 vars in 816 bytes} [Tue Jul 14 11:42:15 2026] GET /resource_providers/a6af4579-8e98-4047-ae41-15079220b0ae/aggregates => generated 235 bytes in 11 msecs (HTTP/1.1 404) 5 headers in 202 bytes (1 switches on core 0)
2026-07-14 11:42:15.321 7 INFO placement.requestlog [None req-2fd900ad-e774-4767-8aba-cf2dde2c37c0 d72ac51099c64cb498ae7f5a16ba93ac a5f3ee40163d43ff9360b927d215e037 - - 42ff16c5e41b4d2a9a581a2ac4780b9e 42ff16c5e41b4d2a9a581a2ac4780b9e] 10.0.0.157 "DELETE /resource_providers/a6af4579-8e98-4047-ae41-15079220b0ae" status: 404 len: 246 microversion: 1.1 [pid: 7|app: 0|req: 482/959] 10.0.0.157 () {34 vars in 816 bytes} [Tue Jul 14 11:42:15 2026] DELETE /resource_providers/a6af4579-8e98-4047-ae41-15079220b0ae => generated 246 bytes in 7 msecs (HTTP/1.1 404) 6 headers in 231 bytes (1 switches on core 0)
2026-07-14 11:42:15.332 8 INFO placement.requestlog [None req-f8accb97-9672-42f6-95c9-a140f24b2059 d72ac51099c64cb498ae7f5a16ba93ac a5f3ee40163d43ff9360b927d215e037 - - 42ff16c5e41b4d2a9a581a2ac4780b9e 42ff16c5e41b4d2a9a581a2ac4780b9e] 10.0.0.157 "DELETE /resource_providers/a6af4579-8e98-4047-ae41-15079220b0ae" status: 404 len: 246 microversion: 1.1 [pid: 8|app: 0|req: 478/960] 10.0.0.157 () {34 vars in 816 bytes} [Tue Jul 14 11:42:15 2026] DELETE /resource_providers/a6af4579-8e98-4047-ae41-15079220b0ae => generated 246 bytes in 7 msecs (HTTP/1.1 404) 6 headers in 231 bytes (1 switches on core 0)
2026-07-14 11:42:18.672 7 INFO placement.requestlog [None req-b009d5f9-dc0a-46dd-b8e3-ab1b1a9feefc - - - - - -] 10.0.0.48 "GET /" status: 200 len: 136 microversion: 1.0
2026-07-14 11:42:18.672 8 INFO placement.requestlog [None req-10f7c47a-cb33-485d-8d18-61447e9f8d63 - - - - - -] 10.0.0.48 "GET /" status: 200 len: 136 microversion: 1.0
2026-07-14 11:42:19.258 7 INFO placement.requestlog [req-2742e302-bf0c-4a26-ac08-29f2b7e7b463 req-fbba411e-9416-453f-8507-fb630d3aef1c ba7d27463f7040b0b19c9ae9455dd59e a5f3ee40163d43ff9360b927d215e037 - - 42ff16c5e41b4d2a9a581a2ac4780b9e 42ff16c5e41b4d2a9a581a2ac4780b9e] 199.204.45.70 "GET /resource_providers/742438c7-0bee-46af-8723-a7785c267c89/allocations" status: 200 len: 253 microversion: 1.0 [pid: 7|app: 0|req: 484/963] 199.204.45.70 () {32 vars in 856 bytes} [Tue Jul 14 11:42:19 2026] GET /resource_providers/742438c7-0bee-46af-8723-a7785c267c89/allocations => generated 253 bytes in 15 msecs (HTTP/1.1 200) 6 headers in 224 bytes (1 switches on core 0)
2026-07-14 11:42:19.297 8 INFO placement.requestlog [req-2742e302-bf0c-4a26-ac08-29f2b7e7b463 req-306e1813-ed03-4497-b9fa-990ffefb2ce9 ba7d27463f7040b0b19c9ae9455dd59e a5f3ee40163d43ff9360b927d215e037 - - 42ff16c5e41b4d2a9a581a2ac4780b9e 42ff16c5e41b4d2a9a581a2ac4780b9e] 199.204.45.70 "GET /allocations/95b60c48-4b51-47db-a0b0-bf16db1b0d79" status: 200 len: 258 microversion: 1.28 [pid: 8|app: 0|req: 480/964] 199.204.45.70 () {34 vars in 862 bytes} [Tue Jul 14 11:42:19 2026] GET /allocations/95b60c48-4b51-47db-a0b0-bf16db1b0d79 => generated 258 bytes in 30 msecs (HTTP/1.1 200) 8 headers in 296 bytes (1 switches on core 0)
2026-07-14 11:42:19.320 7 INFO placement.requestlog [req-2742e302-bf0c-4a26-ac08-29f2b7e7b463 req-4b0bbf83-8bb1-4109-aa0a-e580d13eeaa3 ba7d27463f7040b0b19c9ae9455dd59e a5f3ee40163d43ff9360b927d215e037 - - 42ff16c5e41b4d2a9a581a2ac4780b9e 42ff16c5e41b4d2a9a581a2ac4780b9e] 199.204.45.70 "GET /allocations/76f1b5e5-0e42-4665-9d74-82bb9b176943" status: 200 len: 258 microversion: 1.28 [pid: 7|app: 0|req: 485/965] 199.204.45.70 () {34 vars in 862 bytes} [Tue Jul 14 11:42:19 2026] GET /allocations/76f1b5e5-0e42-4665-9d74-82bb9b176943 => generated 258 bytes in 15 msecs (HTTP/1.1 200) 8 headers in 296 bytes (1 switches on core 0)
2026-07-14 11:42:19.367 8 INFO placement.requestlog [None req-d2ff676c-3050-453b-85b1-3f8fba5aeef1 d72ac51099c64cb498ae7f5a16ba93ac a5f3ee40163d43ff9360b927d215e037 - - 42ff16c5e41b4d2a9a581a2ac4780b9e 42ff16c5e41b4d2a9a581a2ac4780b9e] 10.0.0.157 "GET /resource_providers/0f3f373f-9889-4cea-a388-b9234da2fde5/aggregates" status: 404 len: 235 microversion: 1.1 [pid: 8|app: 0|req: 481/966] 10.0.0.157 () {32 vars in 816 bytes} [Tue Jul 14 11:42:19 2026] GET /resource_providers/0f3f373f-9889-4cea-a388-b9234da2fde5/aggregates => generated 235 bytes in 10 msecs (HTTP/1.1 404) 5 headers in 202 bytes (1 switches on core 0)
2026-07-14 11:42:19.374 7 INFO placement.requestlog [None req-e8ed842a-f953-4009-b700-81596c525ad1 d72ac51099c64cb498ae7f5a16ba93ac a5f3ee40163d43ff9360b927d215e037 - - 42ff16c5e41b4d2a9a581a2ac4780b9e 42ff16c5e41b4d2a9a581a2ac4780b9e] 10.0.0.157 "GET /resource_providers/0f3f373f-9889-4cea-a388-b9234da2fde5/aggregates" status: 404 len: 235 microversion: 1.1 [pid: 7|app: 0|req: 486/967] 10.0.0.157 () {32 vars in 816 bytes} [Tue Jul 14 11:42:19 2026] GET /resource_providers/0f3f373f-9889-4cea-a388-b9234da2fde5/aggregates => generated 235 bytes in 12 msecs (HTTP/1.1 404) 5 headers in 202 bytes (1 switches on core 0)
2026-07-14 11:42:19.388 8 INFO placement.requestlog [req-2742e302-bf0c-4a26-ac08-29f2b7e7b463 req-0a39a627-be56-4687-a0e9-305a0343cef2 ba7d27463f7040b0b19c9ae9455dd59e a5f3ee40163d43ff9360b927d215e037 - - 42ff16c5e41b4d2a9a581a2ac4780b9e 42ff16c5e41b4d2a9a581a2ac4780b9e] 199.204.45.70 "DELETE /allocations/76f1b5e5-0e42-4665-9d74-82bb9b176943" status: 204 len: 0 microversion: 1.0 [pid: 8|app: 0|req: 482/968] 199.204.45.70 () {34 vars in 840 bytes} [Tue Jul 14 11:42:19 2026] DELETE /allocations/76f1b5e5-0e42-4665-9d74-82bb9b176943 => generated 0 bytes in 20 msecs (HTTP/1.1 204) 5 headers in 198 bytes (1 switches on core 0)
2026-07-14 11:42:19.399 8 INFO placement.requestlog [None req-2773cf69-1633-4e7e-8761-79bb4e14eb67 d72ac51099c64cb498ae7f5a16ba93ac a5f3ee40163d43ff9360b927d215e037 - - 42ff16c5e41b4d2a9a581a2ac4780b9e 42ff16c5e41b4d2a9a581a2ac4780b9e] 10.0.0.157 "DELETE /resource_providers/0f3f373f-9889-4cea-a388-b9234da2fde5" status: 404 len: 246 microversion: 1.1 [pid: 8|app: 0|req: 483/969] 10.0.0.157 () {34 vars in 816 bytes} [Tue Jul 14 11:42:19 2026] DELETE /resource_providers/0f3f373f-9889-4cea-a388-b9234da2fde5 => generated 246 bytes in 9 msecs (HTTP/1.1 404) 6 headers in 231 bytes (1 switches on core 0)
2026-07-14 11:42:19.403 7 INFO placement.requestlog [None req-50377c53-0398-4263-adbe-8146e5d6c8f2 d72ac51099c64cb498ae7f5a16ba93ac a5f3ee40163d43ff9360b927d215e037 - - 42ff16c5e41b4d2a9a581a2ac4780b9e 42ff16c5e41b4d2a9a581a2ac4780b9e] 10.0.0.157 "DELETE /resource_providers/0f3f373f-9889-4cea-a388-b9234da2fde5" status: 404 len: 246 microversion: 1.1 [pid: 7|app: 0|req: 487/970] 10.0.0.157 () {34 vars in 816 bytes} [Tue Jul 14 11:42:19 2026] DELETE /resource_providers/0f3f373f-9889-4cea-a388-b9234da2fde5 => generated 246 bytes in 15 msecs (HTTP/1.1 404) 6 headers in 231 bytes (1 switches on core 0)
2026-07-14 11:42:20.042 8 INFO placement.requestlog [None req-74fb33a3-4dd9-4860-9454-e194c08de275 d72ac51099c64cb498ae7f5a16ba93ac a5f3ee40163d43ff9360b927d215e037 - - 42ff16c5e41b4d2a9a581a2ac4780b9e 42ff16c5e41b4d2a9a581a2ac4780b9e] 10.0.0.157 "GET /resource_providers/5b2d6513-64b5-4a6a-a468-45a4bfc727da/aggregates" status: 404 len: 235 microversion: 1.1 [pid: 8|app: 0|req: 484/971] 10.0.0.157 () {32 vars in 816 bytes} [Tue Jul 14 11:42:20 2026] GET /resource_providers/5b2d6513-64b5-4a6a-a468-45a4bfc727da/aggregates => generated 235 bytes in 10 msecs (HTTP/1.1 404) 5 headers in 202 bytes (1 switches on core 0)
2026-07-14 11:42:20.043 7 INFO placement.requestlog [None req-77ce2535-394b-4124-af25-d3fb6a9be2f3 d72ac51099c64cb498ae7f5a16ba93ac a5f3ee40163d43ff9360b927d215e037 - - 42ff16c5e41b4d2a9a581a2ac4780b9e 42ff16c5e41b4d2a9a581a2ac4780b9e] 10.0.0.157 "GET /resource_providers/5b2d6513-64b5-4a6a-a468-45a4bfc727da/aggregates" status: 404 len: 235 microversion: 1.1 [pid: 7|app: 0|req: 488/972] 10.0.0.157 () {32 vars in 816 bytes} [Tue Jul 14 11:42:20 2026] GET /resource_providers/5b2d6513-64b5-4a6a-a468-45a4bfc727da/aggregates => generated 235 bytes in 11 msecs (HTTP/1.1 404) 5 headers in 202 bytes (1 switches on core 0)
2026-07-14 11:42:20.064 8 INFO placement.requestlog [None req-2116fb8d-de88-441c-b7fa-fc808a51641d d72ac51099c64cb498ae7f5a16ba93ac a5f3ee40163d43ff9360b927d215e037 - - 42ff16c5e41b4d2a9a581a2ac4780b9e 42ff16c5e41b4d2a9a581a2ac4780b9e] 10.0.0.157 "DELETE /resource_providers/5b2d6513-64b5-4a6a-a468-45a4bfc727da" status: 404 len: 246 microversion: 1.1 [pid: 8|app: 0|req: 485/973] 10.0.0.157 () {34 vars in 816 bytes} [Tue Jul 14 11:42:20 2026] DELETE /resource_providers/5b2d6513-64b5-4a6a-a468-45a4bfc727da => generated 246 bytes in 13 msecs (HTTP/1.1 404) 6 headers in 231 bytes (1 switches on core 0)
2026-07-14 11:42:20.069 7 INFO placement.requestlog [None req-92b6a74e-58fa-444b-902a-a69bee406ea0 d72ac51099c64cb498ae7f5a16ba93ac a5f3ee40163d43ff9360b927d215e037 - - 42ff16c5e41b4d2a9a581a2ac4780b9e 42ff16c5e41b4d2a9a581a2ac4780b9e] 10.0.0.157 "DELETE /resource_providers/5b2d6513-64b5-4a6a-a468-45a4bfc727da" status: 404 len: 246 microversion: 1.1 [pid: 7|app: 0|req: 489/974] 10.0.0.157 () {34 vars in 816 bytes} [Tue Jul 14 11:42:20 2026] DELETE /resource_providers/5b2d6513-64b5-4a6a-a468-45a4bfc727da => generated 246 bytes in 10 msecs (HTTP/1.1 404) 6 headers in 231 bytes (1 switches on core 0)
2026-07-14 11:42:23.114 8 INFO placement.requestlog [None req-e3aca4f0-161c-4b9c-a5d4-2740c60c74ba d72ac51099c64cb498ae7f5a16ba93ac a5f3ee40163d43ff9360b927d215e037 - - 42ff16c5e41b4d2a9a581a2ac4780b9e 42ff16c5e41b4d2a9a581a2ac4780b9e] 10.0.0.157 "GET /resource_providers/f328efd2-c0c4-409c-ad70-c58533267475/aggregates" status: 404 len: 235 microversion: 1.1 [pid: 8|app: 0|req: 486/975] 10.0.0.157 () {32 vars in 816 bytes} [Tue Jul 14 11:42:23 2026] GET /resource_providers/f328efd2-c0c4-409c-ad70-c58533267475/aggregates => generated 235 bytes in 11 msecs (HTTP/1.1 404) 5 headers in 202 bytes (1 switches on core 0)
2026-07-14 11:42:23.119 7 INFO placement.requestlog [None req-2a55d4b6-fd7d-4f6e-bc89-2cebd5c29988 d72ac51099c64cb498ae7f5a16ba93ac a5f3ee40163d43ff9360b927d215e037 - - 42ff16c5e41b4d2a9a581a2ac4780b9e 42ff16c5e41b4d2a9a581a2ac4780b9e] 10.0.0.157 "GET /resource_providers/f328efd2-c0c4-409c-ad70-c58533267475/aggregates" status: 404 len: 235 microversion: 1.1 [pid: 7|app: 0|req: 490/976] 10.0.0.157 () {32 vars in 816 bytes} [Tue Jul 14 11:42:23 2026] GET /resource_providers/f328efd2-c0c4-409c-ad70-c58533267475/aggregates => generated 235 bytes in 11 msecs (HTTP/1.1 404) 5 headers in 202 bytes (1 switches on core 0)
2026-07-14 11:42:23.132 8 INFO placement.requestlog [None req-8a1f18ea-33df-4a12-ba13-978a47d1f84f d72ac51099c64cb498ae7f5a16ba93ac a5f3ee40163d43ff9360b927d215e037 - - 42ff16c5e41b4d2a9a581a2ac4780b9e 42ff16c5e41b4d2a9a581a2ac4780b9e] 10.0.0.157 "DELETE /resource_providers/f328efd2-c0c4-409c-ad70-c58533267475" status: 404 len: 246 microversion: 1.1 [pid: 8|app: 0|req: 487/977] 10.0.0.157 () {34 vars in 816 bytes} [Tue Jul 14 11:42:23 2026] DELETE /resource_providers/f328efd2-c0c4-409c-ad70-c58533267475 => generated 246 bytes in 7 msecs (HTTP/1.1 404) 6 headers in 231 bytes (1 switches on core 0)
2026-07-14 11:42:23.143 7 INFO placement.requestlog [None req-d906130f-e193-47a5-ac8d-133f50cc2886 d72ac51099c64cb498ae7f5a16ba93ac a5f3ee40163d43ff9360b927d215e037 - - 42ff16c5e41b4d2a9a581a2ac4780b9e 42ff16c5e41b4d2a9a581a2ac4780b9e] 10.0.0.157 "DELETE /resource_providers/f328efd2-c0c4-409c-ad70-c58533267475" status: 404 len: 246 microversion: 1.1 [pid: 7|app: 0|req: 491/978] 10.0.0.157 () {34 vars in 816 bytes} [Tue Jul 14 11:42:23 2026] DELETE /resource_providers/f328efd2-c0c4-409c-ad70-c58533267475 => generated 246 bytes in 14 msecs (HTTP/1.1 404) 6 headers in 231 bytes (1 switches on core 0)
2026-07-14 11:42:25.159 8 INFO placement.requestlog [None req-84749271-456c-46fc-944c-d0babb2002ef d72ac51099c64cb498ae7f5a16ba93ac a5f3ee40163d43ff9360b927d215e037 - - 42ff16c5e41b4d2a9a581a2ac4780b9e 42ff16c5e41b4d2a9a581a2ac4780b9e] 10.0.0.157 "GET /resource_providers/1ea63077-52f7-4e2e-9fdc-e698a882ecbd/aggregates" status: 404 len: 235 microversion: 1.1 [pid: 8|app: 0|req: 488/979] 10.0.0.157 () {32 vars in 816 bytes} [Tue Jul 14 11:42:25 2026] GET /resource_providers/1ea63077-52f7-4e2e-9fdc-e698a882ecbd/aggregates => generated 235 bytes in 15 msecs (HTTP/1.1 404) 5 headers in 202 bytes (1 switches on core 0)
2026-07-14 11:42:25.163 7 INFO placement.requestlog [None req-55e0eb9d-2417-46f6-8323-88d9e72de0f7 d72ac51099c64cb498ae7f5a16ba93ac a5f3ee40163d43ff9360b927d215e037 - - 42ff16c5e41b4d2a9a581a2ac4780b9e 42ff16c5e41b4d2a9a581a2ac4780b9e] 10.0.0.157 "GET /resource_providers/1ea63077-52f7-4e2e-9fdc-e698a882ecbd/aggregates" status: 404 len: 235 microversion: 1.1 [pid: 7|app: 0|req: 492/980] 10.0.0.157 () {32 vars in 816 bytes} [Tue Jul 14 11:42:25 2026] GET /resource_providers/1ea63077-52f7-4e2e-9fdc-e698a882ecbd/aggregates => generated 235 bytes in 10 msecs (HTTP/1.1 404) 5 headers in 202 bytes (1 switches on core 0)
2026-07-14 11:42:25.175 8 INFO placement.requestlog [None req-2d2b7b25-c57c-43ab-990e-0b84a8e80f3f d72ac51099c64cb498ae7f5a16ba93ac a5f3ee40163d43ff9360b927d215e037 - - 42ff16c5e41b4d2a9a581a2ac4780b9e 42ff16c5e41b4d2a9a581a2ac4780b9e] 10.0.0.157 "DELETE /resource_providers/1ea63077-52f7-4e2e-9fdc-e698a882ecbd" status: 404 len: 246 microversion: 1.1 [pid: 8|app: 0|req: 489/981] 10.0.0.157 () {34 vars in 816 bytes} [Tue Jul 14 11:42:25 2026] DELETE /resource_providers/1ea63077-52f7-4e2e-9fdc-e698a882ecbd => generated 246 bytes in 10 msecs (HTTP/1.1 404) 6 headers in 231 bytes (1 switches on core 0)
2026-07-14 11:42:25.184 7 INFO placement.requestlog [None req-52a57817-9028-442e-8ad3-15896b3b8dcb d72ac51099c64cb498ae7f5a16ba93ac a5f3ee40163d43ff9360b927d215e037 - - 42ff16c5e41b4d2a9a581a2ac4780b9e 42ff16c5e41b4d2a9a581a2ac4780b9e] 10.0.0.157 "DELETE /resource_providers/1ea63077-52f7-4e2e-9fdc-e698a882ecbd" status: 404 len: 246 microversion: 1.1 [pid: 7|app: 0|req: 493/982] 10.0.0.157 () {34 vars in 816 bytes} [Tue Jul 14 11:42:25 2026] DELETE /resource_providers/1ea63077-52f7-4e2e-9fdc-e698a882ecbd => generated 246 bytes in 11 msecs (HTTP/1.1 404) 6 headers in 231 bytes (1 switches on core 0)
2026-07-14 11:42:26.409 7 INFO placement.requestlog [None req-ac4e0b76-7133-4c6c-87cd-9b322d3ef2f0 d72ac51099c64cb498ae7f5a16ba93ac a5f3ee40163d43ff9360b927d215e037 - - 42ff16c5e41b4d2a9a581a2ac4780b9e 42ff16c5e41b4d2a9a581a2ac4780b9e] 10.0.0.157 "GET /resource_providers/d255819d-6c36-4729-bd52-7d7c67aed970/aggregates" status: 404 len: 235 microversion: 1.1 [pid: 7|app: 0|req: 494/983] 10.0.0.157 () {32 vars in 816 bytes} [Tue Jul 14 11:42:26 2026] GET /resource_providers/d255819d-6c36-4729-bd52-7d7c67aed970/aggregates => generated 235 bytes in 9 msecs (HTTP/1.1 404) 5 headers in 202 bytes (1 switches on core 0)
2026-07-14 11:42:26.412 8 INFO placement.requestlog [None req-c6077a55-3f7e-471c-84d8-d85f36fd8812 d72ac51099c64cb498ae7f5a16ba93ac a5f3ee40163d43ff9360b927d215e037 - - 42ff16c5e41b4d2a9a581a2ac4780b9e 42ff16c5e41b4d2a9a581a2ac4780b9e] 10.0.0.157 "GET /resource_providers/d255819d-6c36-4729-bd52-7d7c67aed970/aggregates" status: 404 len: 235 microversion: 1.1 [pid: 8|app: 0|req: 490/984] 10.0.0.157 () {32 vars in 816 bytes} [Tue Jul 14 11:42:26 2026] GET /resource_providers/d255819d-6c36-4729-bd52-7d7c67aed970/aggregates => generated 235 bytes in 11 msecs (HTTP/1.1 404) 5 headers in 202 bytes (1 switches on core 0)
2026-07-14 11:42:26.436 7 INFO placement.requestlog [None req-cbac180f-ff09-44b0-8bf9-09e2f193fcc1 d72ac51099c64cb498ae7f5a16ba93ac a5f3ee40163d43ff9360b927d215e037 - - 42ff16c5e41b4d2a9a581a2ac4780b9e 42ff16c5e41b4d2a9a581a2ac4780b9e] 10.0.0.157 "DELETE /resource_providers/d255819d-6c36-4729-bd52-7d7c67aed970" status: 404 len: 246 microversion: 1.1 [pid: 7|app: 0|req: 495/985] 10.0.0.157 () {34 vars in 816 bytes} [Tue Jul 14 11:42:26 2026] DELETE /resource_providers/d255819d-6c36-4729-bd52-7d7c67aed970 => generated 246 bytes in 13 msecs (HTTP/1.1 404) 6 headers in 231 bytes (1 switches on core 0)
2026-07-14 11:42:26.438 8 INFO placement.requestlog [None req-139d600d-b4d4-4bed-887c-625d9e16f5ae d72ac51099c64cb498ae7f5a16ba93ac a5f3ee40163d43ff9360b927d215e037 - - 42ff16c5e41b4d2a9a581a2ac4780b9e 42ff16c5e41b4d2a9a581a2ac4780b9e] 10.0.0.157 "DELETE /resource_providers/d255819d-6c36-4729-bd52-7d7c67aed970" status: 404 len: 246 microversion: 1.1 [pid: 8|app: 0|req: 491/986] 10.0.0.157 () {34 vars in 816 bytes} [Tue Jul 14 11:42:26 2026] DELETE /resource_providers/d255819d-6c36-4729-bd52-7d7c67aed970 => generated 246 bytes in 13 msecs (HTTP/1.1 404) 6 headers in 231 bytes (1 switches on core 0)
2026-07-14 11:42:26.988 7 INFO placement.requestlog [req-9b2a66a1-bedc-430f-837d-a160433f7f0e req-5a79c1bd-150f-4eab-b545-2a60204f2f6e ba7d27463f7040b0b19c9ae9455dd59e a5f3ee40163d43ff9360b927d215e037 - - 42ff16c5e41b4d2a9a581a2ac4780b9e 42ff16c5e41b4d2a9a581a2ac4780b9e] 10.0.0.27 "GET /allocation_candidates?limit=1000&resources=DISK_GB%3A1%2CMEMORY_MB%3A512%2CVCPU%3A1&root_required=%21COMPUTE_STATUS_DISABLED" status: 200 len: 2149 microversion: 1.36 [pid: 7|app: 0|req: 496/987] 10.0.0.27 () {34 vars in 1011 bytes} [Tue Jul 14 11:42:26 2026] GET /allocation_candidates?limit=1000&resources=DISK_GB%3A1%2CMEMORY_MB%3A512%2CVCPU%3A1&root_required=%21COMPUTE_STATUS_DISABLED => generated 2149 bytes in 42 msecs (HTTP/1.1 200) 8 headers in 297 bytes (1 switches on core 0)
2026-07-14 11:42:27.022 8 INFO placement.requestlog [req-9b2a66a1-bedc-430f-837d-a160433f7f0e req-d4fd7dd2-8535-460a-bb7b-4b63a66ff184 ba7d27463f7040b0b19c9ae9455dd59e a5f3ee40163d43ff9360b927d215e037 - - 42ff16c5e41b4d2a9a581a2ac4780b9e 42ff16c5e41b4d2a9a581a2ac4780b9e] 10.0.0.27 "GET /allocations/eac93381-f7c2-4ac5-bd6b-a1aee7434252" status: 200 len: 19 microversion: 1.28 [pid: 8|app: 0|req: 492/988] 10.0.0.27 () {34 vars in 860 bytes} [Tue Jul 14 11:42:27 2026] GET /allocations/eac93381-f7c2-4ac5-bd6b-a1aee7434252 => generated 19 bytes in 15 msecs (HTTP/1.1 200) 8 headers in 295 bytes (1 switches on core 0)
2026-07-14 11:42:27.086 7 INFO placement.requestlog [req-9b2a66a1-bedc-430f-837d-a160433f7f0e req-da50995b-88e8-4cd9-9b7c-62e274aff4d3 ba7d27463f7040b0b19c9ae9455dd59e a5f3ee40163d43ff9360b927d215e037 - - 42ff16c5e41b4d2a9a581a2ac4780b9e 42ff16c5e41b4d2a9a581a2ac4780b9e] 10.0.0.27 "PUT /allocations/eac93381-f7c2-4ac5-bd6b-a1aee7434252" status: 204 len: 0 microversion: 1.36 [pid: 7|app: 0|req: 497/989] 10.0.0.27 () {38 vars in 913 bytes} [Tue Jul 14 11:42:27 2026] PUT /allocations/eac93381-f7c2-4ac5-bd6b-a1aee7434252 => generated 0 bytes in 56 msecs (HTTP/1.1 204) 5 headers in 199 bytes (1 switches on core 0)
2026-07-14 11:42:27.333 8 INFO placement.requestlog [req-9b2a66a1-bedc-430f-837d-a160433f7f0e req-9082c9c3-8b99-4094-9dbd-725e2ce2fb29 ba7d27463f7040b0b19c9ae9455dd59e a5f3ee40163d43ff9360b927d215e037 - - 42ff16c5e41b4d2a9a581a2ac4780b9e 42ff16c5e41b4d2a9a581a2ac4780b9e] 199.204.45.70 "GET /allocations/eac93381-f7c2-4ac5-bd6b-a1aee7434252" status: 200 len: 258 microversion: 1.28 [pid: 8|app: 0|req: 493/990] 199.204.45.70 () {34 vars in 862 bytes} [Tue Jul 14 11:42:27 2026] GET /allocations/eac93381-f7c2-4ac5-bd6b-a1aee7434252 => generated 258 bytes in 13 msecs (HTTP/1.1 200) 8 headers in 296 bytes (1 switches on core 0)
2026-07-14 11:42:27.415 7 INFO placement.requestlog [None req-d39d058d-e6c5-411b-a228-d60ecd300e70 d72ac51099c64cb498ae7f5a16ba93ac a5f3ee40163d43ff9360b927d215e037 - - 42ff16c5e41b4d2a9a581a2ac4780b9e 42ff16c5e41b4d2a9a581a2ac4780b9e] 10.0.0.157 "GET /resource_providers/45c21cf2-eb8d-4d8c-8da7-9cca150b5327/aggregates" status: 404 len: 235 microversion: 1.1 [pid: 7|app: 0|req: 498/991] 10.0.0.157 () {32 vars in 816 bytes} [Tue Jul 14 11:42:27 2026] GET /resource_providers/45c21cf2-eb8d-4d8c-8da7-9cca150b5327/aggregates => generated 235 bytes in 12 msecs (HTTP/1.1 404) 5 headers in 202 bytes (1 switches on core 0)
2026-07-14 11:42:27.417 8 INFO placement.requestlog [None req-1ea2fcd3-63ea-4928-8179-3de46b9638a5 d72ac51099c64cb498ae7f5a16ba93ac a5f3ee40163d43ff9360b927d215e037 - - 42ff16c5e41b4d2a9a581a2ac4780b9e 42ff16c5e41b4d2a9a581a2ac4780b9e] 10.0.0.157 "GET /resource_providers/45c21cf2-eb8d-4d8c-8da7-9cca150b5327/aggregates" status: 404 len: 235 microversion: 1.1 [pid: 8|app: 0|req: 494/992] 10.0.0.157 () {32 vars in 816 bytes} [Tue Jul 14 11:42:27 2026] GET /resource_providers/45c21cf2-eb8d-4d8c-8da7-9cca150b5327/aggregates => generated 235 bytes in 14 msecs (HTTP/1.1 404) 5 headers in 202 bytes (1 switches on core 0)
2026-07-14 11:42:27.434 8 INFO placement.requestlog [None req-f5ccee90-1d77-40b3-a08a-1103fdcffa9a d72ac51099c64cb498ae7f5a16ba93ac a5f3ee40163d43ff9360b927d215e037 - - 42ff16c5e41b4d2a9a581a2ac4780b9e 42ff16c5e41b4d2a9a581a2ac4780b9e] 10.0.0.157 "DELETE /resource_providers/45c21cf2-eb8d-4d8c-8da7-9cca150b5327" status: 404 len: 246 microversion: 1.1 [pid: 8|app: 0|req: 495/993] 10.0.0.157 () {34 vars in 816 bytes} [Tue Jul 14 11:42:27 2026] DELETE /resource_providers/45c21cf2-eb8d-4d8c-8da7-9cca150b5327 => generated 246 bytes in 10 msecs (HTTP/1.1 404) 6 headers in 231 bytes (1 switches on core 0)
2026-07-14 11:42:27.437 7 INFO placement.requestlog [req-9b2a66a1-bedc-430f-837d-a160433f7f0e req-dfeecce8-c666-446c-9c7b-87a34616cadc ba7d27463f7040b0b19c9ae9455dd59e a5f3ee40163d43ff9360b927d215e037 - - 42ff16c5e41b4d2a9a581a2ac4780b9e 42ff16c5e41b4d2a9a581a2ac4780b9e] 199.204.45.70 "GET /resource_providers/742438c7-0bee-46af-8723-a7785c267c89/allocations" status: 200 len: 253 microversion: 1.0 [pid: 7|app: 0|req: 499/994] 199.204.45.70 () {32 vars in 856 bytes} [Tue Jul 14 11:42:27 2026] GET /resource_providers/742438c7-0bee-46af-8723-a7785c267c89/allocations => generated 253 bytes in 14 msecs (HTTP/1.1 200) 6 headers in 224 bytes (1 switches on core 0)
2026-07-14 11:42:27.443 8 INFO placement.requestlog [None req-c8f3bbca-7d64-44f4-ac79-5d0127f1f223 d72ac51099c64cb498ae7f5a16ba93ac a5f3ee40163d43ff9360b927d215e037 - - 42ff16c5e41b4d2a9a581a2ac4780b9e 42ff16c5e41b4d2a9a581a2ac4780b9e] 10.0.0.157 "DELETE /resource_providers/45c21cf2-eb8d-4d8c-8da7-9cca150b5327" status: 404 len: 246 microversion: 1.1 [pid: 8|app: 0|req: 496/995] 10.0.0.157 () {34 vars in 816 bytes} [Tue Jul 14 11:42:27 2026] DELETE /resource_providers/45c21cf2-eb8d-4d8c-8da7-9cca150b5327 => generated 246 bytes in 8 msecs (HTTP/1.1 404) 6 headers in 231 bytes (1 switches on core 0)
2026-07-14 11:42:27.446 7 INFO placement.requestlog [None req-9e8e7beb-b979-45a2-9fe2-b474c467a124 d72ac51099c64cb498ae7f5a16ba93ac a5f3ee40163d43ff9360b927d215e037 - - 42ff16c5e41b4d2a9a581a2ac4780b9e 42ff16c5e41b4d2a9a581a2ac4780b9e] 10.0.0.157 "GET /resource_providers/838439fb-3715-40ca-8e2b-ca88e2de2d60/aggregates" status: 404 len: 235 microversion: 1.1 [pid: 7|app: 0|req: 500/996] 10.0.0.157 () {32 vars in 816 bytes} [Tue Jul 14 11:42:27 2026] GET /resource_providers/838439fb-3715-40ca-8e2b-ca88e2de2d60/aggregates => generated 235 bytes in 5 msecs (HTTP/1.1 404) 5 headers in 202 bytes (1 switches on core 0)
2026-07-14 11:42:27.458 7 INFO placement.requestlog [None req-fcde18d8-fdfd-4704-913b-ee389a5c39eb d72ac51099c64cb498ae7f5a16ba93ac a5f3ee40163d43ff9360b927d215e037 - - 42ff16c5e41b4d2a9a581a2ac4780b9e 42ff16c5e41b4d2a9a581a2ac4780b9e] 10.0.0.157 "GET /resource_providers/838439fb-3715-40ca-8e2b-ca88e2de2d60/aggregates" status: 404 len: 235 microversion: 1.1 [pid: 7|app: 0|req: 501/997] 10.0.0.157 () {32 vars in 816 bytes} [Tue Jul 14 11:42:27 2026] GET /resource_providers/838439fb-3715-40ca-8e2b-ca88e2de2d60/aggregates => generated 235 bytes in 8 msecs (HTTP/1.1 404) 5 headers in 202 bytes (1 switches on core 0)
2026-07-14 11:42:27.463 8 INFO placement.requestlog [req-9b2a66a1-bedc-430f-837d-a160433f7f0e req-1bab51f4-6855-439b-8ac7-ab3f237e945c ba7d27463f7040b0b19c9ae9455dd59e a5f3ee40163d43ff9360b927d215e037 - - 42ff16c5e41b4d2a9a581a2ac4780b9e 42ff16c5e41b4d2a9a581a2ac4780b9e] 199.204.45.70 "GET /allocations/eac93381-f7c2-4ac5-bd6b-a1aee7434252" status: 200 len: 258 microversion: 1.28
2026-07-14 11:42:27.465 7 INFO placement.requestlog [None req-bf9d0221-dff8-410e-9afd-bb24ed34e9e9 d72ac51099c64cb498ae7f5a16ba93ac a5f3ee40163d43ff9360b927d215e037 - - 42ff16c5e41b4d2a9a581a2ac4780b9e 42ff16c5e41b4d2a9a581a2ac4780b9e] 10.0.0.157 "DELETE /resource_providers/838439fb-3715-40ca-8e2b-ca88e2de2d60" status: 404 len: 246 microversion: 1.1 [pid: 8|app: 0|req: 497/998] 199.204.45.70 () {34 vars in 862 bytes} [Tue Jul 14 11:42:27 2026] GET /allocations/eac93381-f7c2-4ac5-bd6b-a1aee7434252 => generated 258 bytes in 19 msecs (HTTP/1.1 200) 8 headers in 296 bytes (1 switches on core 0) [pid: 7|app: 0|req: 502/999] 10.0.0.157 () {34 vars in 816 bytes} [Tue Jul 14 11:42:27 2026] DELETE /resource_providers/838439fb-3715-40ca-8e2b-ca88e2de2d60 => generated 246 bytes in 7 msecs (HTTP/1.1 404) 6 headers in 231 bytes (1 switches on core 0)
2026-07-14 11:42:27.479 8 INFO placement.requestlog [None req-23b429bd-ab1e-4f49-9202-fa6f7992208f d72ac51099c64cb498ae7f5a16ba93ac a5f3ee40163d43ff9360b927d215e037 - - 42ff16c5e41b4d2a9a581a2ac4780b9e 42ff16c5e41b4d2a9a581a2ac4780b9e] 10.0.0.157 "DELETE /resource_providers/838439fb-3715-40ca-8e2b-ca88e2de2d60" status: 404 len: 246 microversion: 1.1 [pid: 8|app: 0|req: 498/1000] 10.0.0.157 () {34 vars in 816 bytes} [Tue Jul 14 11:42:27 2026] DELETE /resource_providers/838439fb-3715-40ca-8e2b-ca88e2de2d60 => generated 246 bytes in 14 msecs (HTTP/1.1 404) 6 headers in 231 bytes (1 switches on core 0)
2026-07-14 11:42:27.482 7 INFO placement.requestlog [req-9b2a66a1-bedc-430f-837d-a160433f7f0e req-72cc9d66-9527-49b8-9641-efbfc25c7fa7 ba7d27463f7040b0b19c9ae9455dd59e a5f3ee40163d43ff9360b927d215e037 - - 42ff16c5e41b4d2a9a581a2ac4780b9e 42ff16c5e41b4d2a9a581a2ac4780b9e] 199.204.45.70 "GET /allocations/95b60c48-4b51-47db-a0b0-bf16db1b0d79" status: 200 len: 258 microversion: 1.28 [pid: 7|app: 0|req: 503/1001] 199.204.45.70 () {34 vars in 862 bytes} [Tue Jul 14 11:42:27 2026] GET /allocations/95b60c48-4b51-47db-a0b0-bf16db1b0d79 => generated 258 bytes in 11 msecs (HTTP/1.1 200) 8 headers in 296 bytes (1 switches on core 0)
2026-07-14 11:42:28.672 7 INFO placement.requestlog [None req-74b8b24b-4cf9-4480-b10a-1c70277d27c9 - - - - - -] 10.0.0.48 "GET /" status: 200 len: 136 microversion: 1.0
2026-07-14 11:42:28.672 8 INFO placement.requestlog [None req-18f79911-da10-46f9-8dd5-0ffe10fb0221 - - - - - -] 10.0.0.48 "GET /" status: 200 len: 136 microversion: 1.0
2026-07-14 11:42:33.550 7 INFO placement.requestlog [req-56fd8f08-bc48-4af6-a74b-e64f6980a31a req-12240187-901f-4259-b911-8c2c0a732522 ba7d27463f7040b0b19c9ae9455dd59e a5f3ee40163d43ff9360b927d215e037 - - 42ff16c5e41b4d2a9a581a2ac4780b9e 42ff16c5e41b4d2a9a581a2ac4780b9e] 199.204.45.70 "GET /resource_providers/742438c7-0bee-46af-8723-a7785c267c89/allocations" status: 200 len: 253 microversion: 1.0 [pid: 7|app: 0|req: 505/1004] 199.204.45.70 () {32 vars in 856 bytes} [Tue Jul 14 11:42:33 2026] GET /resource_providers/742438c7-0bee-46af-8723-a7785c267c89/allocations => generated 253 bytes in 179 msecs (HTTP/1.1 200) 6 headers in 224 bytes (1 switches on core 0)
2026-07-14 11:42:33.578 8 INFO placement.requestlog [req-56fd8f08-bc48-4af6-a74b-e64f6980a31a req-5d690e1a-33b3-4379-98a1-be7674e3dd44 ba7d27463f7040b0b19c9ae9455dd59e a5f3ee40163d43ff9360b927d215e037 - - 42ff16c5e41b4d2a9a581a2ac4780b9e 42ff16c5e41b4d2a9a581a2ac4780b9e] 199.204.45.70 "GET /resource_providers?in_tree=742438c7-0bee-46af-8723-a7785c267c89" status: 200 len: 798 microversion: 1.14 [pid: 8|app: 0|req: 500/1005] 199.204.45.70 () {34 vars in 891 bytes} [Tue Jul 14 11:42:33 2026] GET /resource_providers?in_tree=742438c7-0bee-46af-8723-a7785c267c89 => generated 798 bytes in 15 msecs (HTTP/1.1 200) 6 headers in 225 bytes (1 switches on core 0)
2026-07-14 11:42:33.605 7 INFO placement.requestlog [req-56fd8f08-bc48-4af6-a74b-e64f6980a31a req-b252e3dd-a55d-4236-86d8-b5a1e44b42b4 ba7d27463f7040b0b19c9ae9455dd59e a5f3ee40163d43ff9360b927d215e037 - - 42ff16c5e41b4d2a9a581a2ac4780b9e 42ff16c5e41b4d2a9a581a2ac4780b9e] 199.204.45.70 "GET /resource_providers/742438c7-0bee-46af-8723-a7785c267c89/inventories" status: 200 len: 401 microversion: 1.0 [pid: 7|app: 0|req: 506/1006] 199.204.45.70 () {32 vars in 856 bytes} [Tue Jul 14 11:42:33 2026] GET /resource_providers/742438c7-0bee-46af-8723-a7785c267c89/inventories => generated 401 bytes in 16 msecs (HTTP/1.1 200) 6 headers in 224 bytes (1 switches on core 0)
2026-07-14 11:42:33.636 8 INFO placement.requestlog [req-56fd8f08-bc48-4af6-a74b-e64f6980a31a req-8053e7db-de07-4328-b505-384f285f99fc ba7d27463f7040b0b19c9ae9455dd59e a5f3ee40163d43ff9360b927d215e037 - - 42ff16c5e41b4d2a9a581a2ac4780b9e 42ff16c5e41b4d2a9a581a2ac4780b9e] 199.204.45.70 "GET /resource_providers/742438c7-0bee-46af-8723-a7785c267c89/aggregates" status: 200 len: 54 microversion: 1.19 [pid: 8|app: 0|req: 501/1007] 199.204.45.70 () {34 vars in 898 bytes} [Tue Jul 14 11:42:33 2026] GET /resource_providers/742438c7-0bee-46af-8723-a7785c267c89/aggregates => generated 54 bytes in 18 msecs (HTTP/1.1 200) 8 headers in 295 bytes (1 switches on core 0)
2026-07-14 11:42:33.664 7 INFO placement.requestlog [req-56fd8f08-bc48-4af6-a74b-e64f6980a31a req-ff384f80-3eb2-4de2-a5a0-76d2801ab69f ba7d27463f7040b0b19c9ae9455dd59e a5f3ee40163d43ff9360b927d215e037 - - 42ff16c5e41b4d2a9a581a2ac4780b9e 42ff16c5e41b4d2a9a581a2ac4780b9e] 199.204.45.70 "GET /resource_providers/742438c7-0bee-46af-8723-a7785c267c89/traits" status: 200 len: 1683 microversion: 1.6 [pid: 7|app: 0|req: 507/1008] 199.204.45.70 () {34 vars in 889 bytes} [Tue Jul 14 11:42:33 2026] GET /resource_providers/742438c7-0bee-46af-8723-a7785c267c89/traits => generated 1683 bytes in 20 msecs (HTTP/1.1 200) 6 headers in 225 bytes (1 switches on core 0)
2026-07-14 11:42:33.689 8 INFO placement.requestlog [req-56fd8f08-bc48-4af6-a74b-e64f6980a31a req-f1a9c01b-f93d-4725-b253-625e7d89e057 ba7d27463f7040b0b19c9ae9455dd59e a5f3ee40163d43ff9360b927d215e037 - - 42ff16c5e41b4d2a9a581a2ac4780b9e 42ff16c5e41b4d2a9a581a2ac4780b9e] 199.204.45.70 "GET /resource_providers/742438c7-0bee-46af-8723-a7785c267c89/allocations" status: 200 len: 253 microversion: 1.0 [pid: 8|app: 0|req: 502/1009] 199.204.45.70 () {32 vars in 856 bytes} [Tue Jul 14 11:42:33 2026] GET /resource_providers/742438c7-0bee-46af-8723-a7785c267c89/allocations => generated 253 bytes in 16 msecs (HTTP/1.1 200) 6 headers in 224 bytes (1 switches on core 0)
2026-07-14 11:42:33.710 7 INFO placement.requestlog [req-56fd8f08-bc48-4af6-a74b-e64f6980a31a req-8bf2c0c3-25ba-4c06-bed1-fdba52da9345 ba7d27463f7040b0b19c9ae9455dd59e a5f3ee40163d43ff9360b927d215e037 - - 42ff16c5e41b4d2a9a581a2ac4780b9e 42ff16c5e41b4d2a9a581a2ac4780b9e] 199.204.45.70 "GET /allocations/eac93381-f7c2-4ac5-bd6b-a1aee7434252" status: 200 len: 258 microversion: 1.28 [pid: 7|app: 0|req: 508/1010] 199.204.45.70 () {34 vars in 862 bytes} [Tue Jul 14 11:42:33 2026] GET /allocations/eac93381-f7c2-4ac5-bd6b-a1aee7434252 => generated 258 bytes in 14 msecs (HTTP/1.1 200) 8 headers in 296 bytes (1 switches on core 0)
2026-07-14 11:42:33.730 8 INFO placement.requestlog [req-56fd8f08-bc48-4af6-a74b-e64f6980a31a req-daf9fdeb-5c30-49ef-985f-f23e247f7ba6 ba7d27463f7040b0b19c9ae9455dd59e a5f3ee40163d43ff9360b927d215e037 - - 42ff16c5e41b4d2a9a581a2ac4780b9e 42ff16c5e41b4d2a9a581a2ac4780b9e] 199.204.45.70 "GET /allocations/95b60c48-4b51-47db-a0b0-bf16db1b0d79" status: 200 len: 258 microversion: 1.28 [pid: 8|app: 0|req: 503/1011] 199.204.45.70 () {34 vars in 862 bytes} [Tue Jul 14 11:42:33 2026] GET /allocations/95b60c48-4b51-47db-a0b0-bf16db1b0d79 => generated 258 bytes in 11 msecs (HTTP/1.1 200) 8 headers in 296 bytes (1 switches on core 0)
2026-07-14 11:42:38.274 7 INFO placement.requestlog [None req-bd052be1-9156-49bd-8f5f-795ad59fce1d d72ac51099c64cb498ae7f5a16ba93ac a5f3ee40163d43ff9360b927d215e037 - - 42ff16c5e41b4d2a9a581a2ac4780b9e 42ff16c5e41b4d2a9a581a2ac4780b9e] 10.0.0.157 "GET /resource_providers/03902009-1676-4ed9-a305-dad1fb21db57/aggregates" status: 404 len: 235 microversion: 1.1 [pid: 7|app: 0|req: 509/1012] 10.0.0.157 () {32 vars in 816 bytes} [Tue Jul 14 11:42:38 2026] GET /resource_providers/03902009-1676-4ed9-a305-dad1fb21db57/aggregates => generated 235 bytes in 11 msecs (HTTP/1.1 404) 5 headers in 202 bytes (1 switches on core 0)
2026-07-14 11:42:38.275 8 INFO placement.requestlog [None req-a799ed1b-a8a2-41de-a228-21535ad85904 d72ac51099c64cb498ae7f5a16ba93ac a5f3ee40163d43ff9360b927d215e037 - - 42ff16c5e41b4d2a9a581a2ac4780b9e 42ff16c5e41b4d2a9a581a2ac4780b9e] 10.0.0.157 "GET /resource_providers/03902009-1676-4ed9-a305-dad1fb21db57/aggregates" status: 404 len: 235 microversion: 1.1 [pid: 8|app: 0|req: 504/1013] 10.0.0.157 () {32 vars in 816 bytes} [Tue Jul 14 11:42:38 2026] GET /resource_providers/03902009-1676-4ed9-a305-dad1fb21db57/aggregates => generated 235 bytes in 13 msecs (HTTP/1.1 404) 5 headers in 202 bytes (1 switches on core 0)
2026-07-14 11:42:38.672 7 INFO placement.requestlog [None req-49cdfd7d-62ae-4097-9e70-34035e8751b6 - - - - - -] 10.0.0.48 "GET /" status: 200 len: 136 microversion: 1.0
2026-07-14 11:42:38.672 8 INFO placement.requestlog [None req-a749aa01-afad-4e53-9126-fd094fb49cb0 - - - - - -] 10.0.0.48 "GET /" status: 200 len: 136 microversion: 1.0
2026-07-14 11:42:38.722 7 INFO placement.requestlog [None req-044c9605-8201-4e14-8930-d7d8bd166fa5 d72ac51099c64cb498ae7f5a16ba93ac a5f3ee40163d43ff9360b927d215e037 - - 42ff16c5e41b4d2a9a581a2ac4780b9e 42ff16c5e41b4d2a9a581a2ac4780b9e] 10.0.0.157 "DELETE /resource_providers/03902009-1676-4ed9-a305-dad1fb21db57" status: 404 len: 246 microversion: 1.1 [pid: 7|app: 0|req: 511/1016] 10.0.0.157 () {34 vars in 816 bytes} [Tue Jul 14 11:42:38 2026] DELETE /resource_providers/03902009-1676-4ed9-a305-dad1fb21db57 => generated 246 bytes in 11 msecs (HTTP/1.1 404) 6 headers in 231 bytes (1 switches on core 0)
2026-07-14 11:42:38.723 8 INFO placement.requestlog [None req-45ef63a8-fc8e-4fdd-95df-3469447e62a0 d72ac51099c64cb498ae7f5a16ba93ac a5f3ee40163d43ff9360b927d215e037 - - 42ff16c5e41b4d2a9a581a2ac4780b9e 42ff16c5e41b4d2a9a581a2ac4780b9e] 10.0.0.157 "DELETE /resource_providers/03902009-1676-4ed9-a305-dad1fb21db57" status: 404 len: 246 microversion: 1.1 [pid: 8|app: 0|req: 506/1017] 10.0.0.157 () {34 vars in 816 bytes} [Tue Jul 14 11:42:38 2026] DELETE /resource_providers/03902009-1676-4ed9-a305-dad1fb21db57 => generated 246 bytes in 11 msecs (HTTP/1.1 404) 6 headers in 231 bytes (1 switches on core 0)
2026-07-14 11:42:38.919 7 INFO placement.requestlog [None req-9321ea77-06d1-4c34-b325-5649601f423b d72ac51099c64cb498ae7f5a16ba93ac a5f3ee40163d43ff9360b927d215e037 - - 42ff16c5e41b4d2a9a581a2ac4780b9e 42ff16c5e41b4d2a9a581a2ac4780b9e] 10.0.0.157 "GET /resource_providers/1dee9766-f15d-4393-8763-b2ff9e9a8e46/aggregates" status: 404 len: 235 microversion: 1.1 [pid: 7|app: 0|req: 512/1018] 10.0.0.157 () {32 vars in 816 bytes} [Tue Jul 14 11:42:38 2026] GET /resource_providers/1dee9766-f15d-4393-8763-b2ff9e9a8e46/aggregates => generated 235 bytes in 13 msecs (HTTP/1.1 404) 5 headers in 202 bytes (1 switches on core 0)
2026-07-14 11:42:38.923 8 INFO placement.requestlog [None req-4848095b-6332-4aeb-bfee-bef979067a92 d72ac51099c64cb498ae7f5a16ba93ac a5f3ee40163d43ff9360b927d215e037 - - 42ff16c5e41b4d2a9a581a2ac4780b9e 42ff16c5e41b4d2a9a581a2ac4780b9e] 10.0.0.157 "GET /resource_providers/1dee9766-f15d-4393-8763-b2ff9e9a8e46/aggregates" status: 404 len: 235 microversion: 1.1 [pid: 8|app: 0|req: 507/1019] 10.0.0.157 () {32 vars in 816 bytes} [Tue Jul 14 11:42:38 2026] GET /resource_providers/1dee9766-f15d-4393-8763-b2ff9e9a8e46/aggregates => generated 235 bytes in 11 msecs (HTTP/1.1 404) 5 headers in 202 bytes (1 switches on core 0)
