2026-07-25 20:55:55.530 7 INFO placement.requestlog [None req-f89e8ec3-7f7d-48dc-a0c2-ae37c5146254 fe14c368e09f47dbb534d583797c52a1 7377c74b4fbb46068e58c5104f99689d - - 404fbb16590444ea8f63ae0dba6bc4be 404fbb16590444ea8f63ae0dba6bc4be] 10.0.0.153 "GET /resource_providers/cb29ce39-e5e3-435f-a9b6-b9057fc2e882/aggregates" status: 404 len: 235 microversion: 1.1 [pid: 7|app: 0|req: 503/1009] 10.0.0.153 () {32 vars in 816 bytes} [Sat Jul 25 20:55:55 2026] GET /resource_providers/cb29ce39-e5e3-435f-a9b6-b9057fc2e882/aggregates => generated 235 bytes in 12 msecs (HTTP/1.1 404) 5 headers in 202 bytes (1 switches on core 0)
2026-07-25 20:55:55.546 8 INFO placement.requestlog [None req-749efce3-36e5-4211-b599-f84515d2400e fe14c368e09f47dbb534d583797c52a1 7377c74b4fbb46068e58c5104f99689d - - 404fbb16590444ea8f63ae0dba6bc4be 404fbb16590444ea8f63ae0dba6bc4be] 10.0.0.153 "DELETE /resource_providers/cb29ce39-e5e3-435f-a9b6-b9057fc2e882" status: 404 len: 246 microversion: 1.1 [pid: 8|app: 0|req: 507/1010] 10.0.0.153 () {34 vars in 816 bytes} [Sat Jul 25 20:55:55 2026] DELETE /resource_providers/cb29ce39-e5e3-435f-a9b6-b9057fc2e882 => generated 246 bytes in 6 msecs (HTTP/1.1 404) 6 headers in 231 bytes (1 switches on core 0)
2026-07-25 20:55:55.548 7 INFO placement.requestlog [None req-a3fc590e-80ce-42ad-a99b-fdce310d686b fe14c368e09f47dbb534d583797c52a1 7377c74b4fbb46068e58c5104f99689d - - 404fbb16590444ea8f63ae0dba6bc4be 404fbb16590444ea8f63ae0dba6bc4be] 10.0.0.153 "DELETE /resource_providers/cb29ce39-e5e3-435f-a9b6-b9057fc2e882" status: 404 len: 246 microversion: 1.1 [pid: 7|app: 0|req: 504/1011] 10.0.0.153 () {34 vars in 816 bytes} [Sat Jul 25 20:55:55 2026] DELETE /resource_providers/cb29ce39-e5e3-435f-a9b6-b9057fc2e882 => generated 246 bytes in 8 msecs (HTTP/1.1 404) 6 headers in 231 bytes (1 switches on core 0)
2026-07-25 20:56:05.502 8 INFO placement.requestlog [None req-ee3cf7fc-93d6-4270-84e1-12479d28691b - - - - - -] 10.0.0.47 "GET /" status: 200 len: 136 microversion: 1.0
2026-07-25 20:56:05.502 7 INFO placement.requestlog [None req-006fb69b-7ec8-4b16-a283-dad0b7bc6332 - - - - - -] 10.0.0.47 "GET /" status: 200 len: 136 microversion: 1.0
2026-07-25 20:56:15.502 8 INFO placement.requestlog [None req-84335e8b-4a75-4ee1-b1f1-c79319d46ce4 - - - - - -] 10.0.0.47 "GET /" status: 200 len: 136 microversion: 1.0
2026-07-25 20:56:15.502 7 INFO placement.requestlog [None req-803f0a57-4a27-4f2e-bcf5-84bc6e5caf0d - - - - - -] 10.0.0.47 "GET /" status: 200 len: 136 microversion: 1.0
2026-07-25 20:56:25.501 8 INFO placement.requestlog [None req-99de2ff4-b5b0-4916-8ae6-3a8e1e96d323 - - - - - -] 10.0.0.47 "GET /" status: 200 len: 136 microversion: 1.0
2026-07-25 20:56:25.501 7 INFO placement.requestlog [None req-018daf7b-fa7d-4e66-879d-3b244b3e1dfe - - - - - -] 10.0.0.47 "GET /" status: 200 len: 136 microversion: 1.0
2026-07-25 20:56:27.763 8 INFO placement.requestlog [req-48ea4396-3884-43a1-90ac-0b8d0fcf270d req-de205a83-960a-4288-84ef-73f48e016876 502a2f9430af4de59cfab4db602b052c 7377c74b4fbb46068e58c5104f99689d - - 404fbb16590444ea8f63ae0dba6bc4be 404fbb16590444ea8f63ae0dba6bc4be] 199.204.45.115 "GET /resource_providers/8af7cc68-2a45-42cd-bc8a-d132b1c85e69/allocations" status: 200 len: 253 microversion: 1.0 [pid: 8|app: 0|req: 511/1018] 199.204.45.115 () {32 vars in 857 bytes} [Sat Jul 25 20:56:27 2026] GET /resource_providers/8af7cc68-2a45-42cd-bc8a-d132b1c85e69/allocations => generated 253 bytes in 16 msecs (HTTP/1.1 200) 6 headers in 224 bytes (1 switches on core 0)
2026-07-25 20:56:27.786 7 INFO placement.requestlog [req-48ea4396-3884-43a1-90ac-0b8d0fcf270d req-5aa0450a-9943-4d94-9bc4-85b18e0f4427 502a2f9430af4de59cfab4db602b052c 7377c74b4fbb46068e58c5104f99689d - - 404fbb16590444ea8f63ae0dba6bc4be 404fbb16590444ea8f63ae0dba6bc4be] 199.204.45.115 "GET /resource_providers/8af7cc68-2a45-42cd-bc8a-d132b1c85e69/allocations" status: 200 len: 253 microversion: 1.0 [pid: 7|app: 0|req: 508/1019] 199.204.45.115 () {32 vars in 857 bytes} [Sat Jul 25 20:56:27 2026] GET /resource_providers/8af7cc68-2a45-42cd-bc8a-d132b1c85e69/allocations => generated 253 bytes in 16 msecs (HTTP/1.1 200) 6 headers in 224 bytes (1 switches on core 0)
2026-07-25 20:56:27.807 8 INFO placement.requestlog [req-48ea4396-3884-43a1-90ac-0b8d0fcf270d req-44b13cb8-1813-4628-92fc-601e3e44bf91 502a2f9430af4de59cfab4db602b052c 7377c74b4fbb46068e58c5104f99689d - - 404fbb16590444ea8f63ae0dba6bc4be 404fbb16590444ea8f63ae0dba6bc4be] 199.204.45.115 "GET /allocations/aab025dc-51b6-4197-b70e-0c8a08d542ae" status: 200 len: 258 microversion: 1.28 [pid: 8|app: 0|req: 512/1020] 199.204.45.115 () {34 vars in 863 bytes} [Sat Jul 25 20:56:27 2026] GET /allocations/aab025dc-51b6-4197-b70e-0c8a08d542ae => generated 258 bytes in 13 msecs (HTTP/1.1 200) 8 headers in 296 bytes (1 switches on core 0)
2026-07-25 20:56:27.826 7 INFO placement.requestlog [req-48ea4396-3884-43a1-90ac-0b8d0fcf270d req-c92bdd53-3a06-4fb2-91bb-72f15c9a3fc2 502a2f9430af4de59cfab4db602b052c 7377c74b4fbb46068e58c5104f99689d - - 404fbb16590444ea8f63ae0dba6bc4be 404fbb16590444ea8f63ae0dba6bc4be] 199.204.45.115 "GET /allocations/ef5ce2fc-651d-4d04-bfef-7425649784fd" status: 200 len: 258 microversion: 1.28 [pid: 7|app: 0|req: 509/1021] 199.204.45.115 () {34 vars in 863 bytes} [Sat Jul 25 20:56:27 2026] GET /allocations/ef5ce2fc-651d-4d04-bfef-7425649784fd => generated 258 bytes in 13 msecs (HTTP/1.1 200) 8 headers in 296 bytes (1 switches on core 0)
2026-07-25 20:56:35.501 8 INFO placement.requestlog [None req-f397d5e4-637c-4302-a489-f0459f83f447 - - - - - -] 10.0.0.47 "GET /" status: 200 len: 136 microversion: 1.0
2026-07-25 20:56:35.502 7 INFO placement.requestlog [None req-41f2dcca-2f59-4e1a-a8a1-6c7369daaaa4 - - - - - -] 10.0.0.47 "GET /" status: 200 len: 136 microversion: 1.0
2026-07-25 20:56:36.133 8 INFO placement.requestlog [req-1283938e-4065-4139-afee-c58d98fec72d req-6657dd35-a1c1-4542-befb-d4cc7d5a1a93 502a2f9430af4de59cfab4db602b052c 7377c74b4fbb46068e58c5104f99689d - - 404fbb16590444ea8f63ae0dba6bc4be 404fbb16590444ea8f63ae0dba6bc4be] 10.0.0.254 "GET /allocation_candidates?limit=1000&resources=MEMORY_MB%3A2048%2CVCPU%3A2&root_required=%21COMPUTE_STATUS_DISABLED" status: 200 len: 2771 microversion: 1.36 [pid: 8|app: 0|req: 514/1024] 10.0.0.254 () {34 vars in 986 bytes} [Sat Jul 25 20:56:36 2026] GET /allocation_candidates?limit=1000&resources=MEMORY_MB%3A2048%2CVCPU%3A2&root_required=%21COMPUTE_STATUS_DISABLED => generated 2771 bytes in 130 msecs (HTTP/1.1 200) 8 headers in 297 bytes (1 switches on core 0)
2026-07-25 20:56:36.168 7 INFO placement.requestlog [req-1283938e-4065-4139-afee-c58d98fec72d req-e4cf731e-30d8-47e6-92a1-b9dc4de0957e 502a2f9430af4de59cfab4db602b052c 7377c74b4fbb46068e58c5104f99689d - - 404fbb16590444ea8f63ae0dba6bc4be 404fbb16590444ea8f63ae0dba6bc4be] 10.0.0.254 "GET /allocations/1e8689b7-b057-4ff6-a769-8879be38f43e" status: 200 len: 19 microversion: 1.28 [pid: 7|app: 0|req: 511/1025] 10.0.0.254 () {34 vars in 861 bytes} [Sat Jul 25 20:56:36 2026] GET /allocations/1e8689b7-b057-4ff6-a769-8879be38f43e => generated 19 bytes in 10 msecs (HTTP/1.1 200) 8 headers in 295 bytes (1 switches on core 0)
2026-07-25 20:56:36.236 8 INFO placement.requestlog [req-1283938e-4065-4139-afee-c58d98fec72d req-ea6bbd14-d290-4f3f-a510-02f6edb1aac8 502a2f9430af4de59cfab4db602b052c 7377c74b4fbb46068e58c5104f99689d - - 404fbb16590444ea8f63ae0dba6bc4be 404fbb16590444ea8f63ae0dba6bc4be] 10.0.0.254 "PUT /allocations/1e8689b7-b057-4ff6-a769-8879be38f43e" status: 204 len: 0 microversion: 1.36 [pid: 8|app: 0|req: 515/1026] 10.0.0.254 () {38 vars in 914 bytes} [Sat Jul 25 20:56:36 2026] PUT /allocations/1e8689b7-b057-4ff6-a769-8879be38f43e => generated 0 bytes in 60 msecs (HTTP/1.1 204) 5 headers in 199 bytes (1 switches on core 0)
2026-07-25 20:56:37.660 7 INFO placement.requestlog [req-1283938e-4065-4139-afee-c58d98fec72d req-ac7a88e4-2e1a-40b2-adfe-2ddf6dead8f2 502a2f9430af4de59cfab4db602b052c 7377c74b4fbb46068e58c5104f99689d - - 404fbb16590444ea8f63ae0dba6bc4be 404fbb16590444ea8f63ae0dba6bc4be] 199.204.45.115 "GET /allocations/1e8689b7-b057-4ff6-a769-8879be38f43e" status: 200 len: 245 microversion: 1.28 [pid: 7|app: 0|req: 512/1027] 199.204.45.115 () {34 vars in 863 bytes} [Sat Jul 25 20:56:37 2026] GET /allocations/1e8689b7-b057-4ff6-a769-8879be38f43e => generated 245 bytes in 16 msecs (HTTP/1.1 200) 8 headers in 296 bytes (1 switches on core 0)
2026-07-25 20:56:38.707 8 INFO placement.requestlog [req-1283938e-4065-4139-afee-c58d98fec72d req-0b204b13-2d6a-4738-b133-8e7b1cf8db66 502a2f9430af4de59cfab4db602b052c 7377c74b4fbb46068e58c5104f99689d - - 404fbb16590444ea8f63ae0dba6bc4be 404fbb16590444ea8f63ae0dba6bc4be] 199.204.45.115 "GET /resource_providers/8af7cc68-2a45-42cd-bc8a-d132b1c85e69/allocations" status: 200 len: 340 microversion: 1.0 [pid: 8|app: 0|req: 516/1028] 199.204.45.115 () {32 vars in 857 bytes} [Sat Jul 25 20:56:38 2026] GET /resource_providers/8af7cc68-2a45-42cd-bc8a-d132b1c85e69/allocations => generated 340 bytes in 20 msecs (HTTP/1.1 200) 6 headers in 224 bytes (1 switches on core 0)
2026-07-25 20:56:38.729 7 INFO placement.requestlog [req-1283938e-4065-4139-afee-c58d98fec72d req-09332970-345d-4a4d-afb3-0913d8188346 502a2f9430af4de59cfab4db602b052c 7377c74b4fbb46068e58c5104f99689d - - 404fbb16590444ea8f63ae0dba6bc4be 404fbb16590444ea8f63ae0dba6bc4be] 199.204.45.115 "GET /allocations/aab025dc-51b6-4197-b70e-0c8a08d542ae" status: 200 len: 258 microversion: 1.28 [pid: 7|app: 0|req: 513/1029] 199.204.45.115 () {34 vars in 863 bytes} [Sat Jul 25 20:56:38 2026] GET /allocations/aab025dc-51b6-4197-b70e-0c8a08d542ae => generated 258 bytes in 15 msecs (HTTP/1.1 200) 8 headers in 296 bytes (1 switches on core 0)
2026-07-25 20:56:38.749 8 INFO placement.requestlog [req-1283938e-4065-4139-afee-c58d98fec72d req-4abf3fd2-e80b-4cd0-b2b5-b47e0eb58235 502a2f9430af4de59cfab4db602b052c 7377c74b4fbb46068e58c5104f99689d - - 404fbb16590444ea8f63ae0dba6bc4be 404fbb16590444ea8f63ae0dba6bc4be] 199.204.45.115 "GET /allocations/ef5ce2fc-651d-4d04-bfef-7425649784fd" status: 200 len: 258 microversion: 1.28 [pid: 8|app: 0|req: 517/1030] 199.204.45.115 () {34 vars in 863 bytes} [Sat Jul 25 20:56:38 2026] GET /allocations/ef5ce2fc-651d-4d04-bfef-7425649784fd => generated 258 bytes in 14 msecs (HTTP/1.1 200) 8 headers in 296 bytes (1 switches on core 0)
2026-07-25 20:56:38.769 7 INFO placement.requestlog [req-1283938e-4065-4139-afee-c58d98fec72d req-caf9595d-a536-4e13-a4c8-fdd9d3575d0e 502a2f9430af4de59cfab4db602b052c 7377c74b4fbb46068e58c5104f99689d - - 404fbb16590444ea8f63ae0dba6bc4be 404fbb16590444ea8f63ae0dba6bc4be] 199.204.45.115 "GET /allocations/1e8689b7-b057-4ff6-a769-8879be38f43e" status: 200 len: 245 microversion: 1.28 [pid: 7|app: 0|req: 514/1031] 199.204.45.115 () {34 vars in 863 bytes} [Sat Jul 25 20:56:38 2026] GET /allocations/1e8689b7-b057-4ff6-a769-8879be38f43e => generated 245 bytes in 13 msecs (HTTP/1.1 200) 8 headers in 296 bytes (1 switches on core 0)
2026-07-25 20:56:45.501 8 INFO placement.requestlog [None req-192b1d29-95be-4c41-a15a-ebe509a5b8d5 - - - - - -] 10.0.0.47 "GET /" status: 200 len: 136 microversion: 1.0
2026-07-25 20:56:45.501 7 INFO placement.requestlog [None req-489475fa-4357-4802-8d11-e9c02926d02b - - - - - -] 10.0.0.47 "GET /" status: 200 len: 136 microversion: 1.0
2026-07-25 20:56:55.502 8 INFO placement.requestlog [None req-843d2fb9-7a27-421b-8d97-92a716348b6e - - - - - -] 10.0.0.47 "GET /" status: 200 len: 136 microversion: 1.0
2026-07-25 20:56:55.503 7 INFO placement.requestlog [None req-4a05d929-2ff0-4644-90f6-f30c7369dc36 - - - - - -] 10.0.0.47 "GET /" status: 200 len: 136 microversion: 1.0
2026-07-25 20:57:05.501 8 INFO placement.requestlog [None req-fddeeea4-7e04-43af-92d5-6cc2610ff3cb - - - - - -] 10.0.0.47 "GET /" status: 200 len: 136 microversion: 1.0
2026-07-25 20:57:05.502 7 INFO placement.requestlog [None req-961d1c0a-0de9-4e42-a53d-e280abc5efeb - - - - - -] 10.0.0.47 "GET /" status: 200 len: 136 microversion: 1.0
2026-07-25 20:57:15.502 7 INFO placement.requestlog [None req-ca5e1a63-f79c-4e9f-8c27-c7d6af45ed74 - - - - - -] 10.0.0.47 "GET /" status: 200 len: 136 microversion: 1.0
2026-07-25 20:57:15.502 8 INFO placement.requestlog [None req-7a45a03d-6f5e-49f5-96bb-cf44bc51decc - - - - - -] 10.0.0.47 "GET /" status: 200 len: 136 microversion: 1.0
2026-07-25 20:57:25.502 7 INFO placement.requestlog [None req-c7a6a93c-dd65-4657-8611-709f2b81d144 - - - - - -] 10.0.0.47 "GET /" status: 200 len: 136 microversion: 1.0
2026-07-25 20:57:25.502 8 INFO placement.requestlog [None req-c0002e27-fdf3-49eb-a947-98c94243e930 - - - - - -] 10.0.0.47 "GET /" status: 200 len: 136 microversion: 1.0
2026-07-25 20:57:27.787 7 INFO placement.requestlog [req-76d48c04-7eb4-442b-968c-5203ab80e9cc req-6d26a472-db91-4229-8e79-1604637c09a4 502a2f9430af4de59cfab4db602b052c 7377c74b4fbb46068e58c5104f99689d - - 404fbb16590444ea8f63ae0dba6bc4be 404fbb16590444ea8f63ae0dba6bc4be] 199.204.45.115 "GET /resource_providers/8af7cc68-2a45-42cd-bc8a-d132b1c85e69/allocations" status: 200 len: 340 microversion: 1.0 [pid: 7|app: 0|req: 520/1042] 199.204.45.115 () {32 vars in 857 bytes} [Sat Jul 25 20:57:27 2026] GET /resource_providers/8af7cc68-2a45-42cd-bc8a-d132b1c85e69/allocations => generated 340 bytes in 15 msecs (HTTP/1.1 200) 6 headers in 224 bytes (1 switches on core 0)
2026-07-25 20:57:27.810 8 INFO placement.requestlog [req-76d48c04-7eb4-442b-968c-5203ab80e9cc req-50cddbc3-84bb-4b10-b69e-a6542aa137d8 502a2f9430af4de59cfab4db602b052c 7377c74b4fbb46068e58c5104f99689d - - 404fbb16590444ea8f63ae0dba6bc4be 404fbb16590444ea8f63ae0dba6bc4be] 199.204.45.115 "GET /resource_providers/8af7cc68-2a45-42cd-bc8a-d132b1c85e69/allocations" status: 200 len: 340 microversion: 1.0 [pid: 8|app: 0|req: 523/1043] 199.204.45.115 () {32 vars in 857 bytes} [Sat Jul 25 20:57:27 2026] GET /resource_providers/8af7cc68-2a45-42cd-bc8a-d132b1c85e69/allocations => generated 340 bytes in 16 msecs (HTTP/1.1 200) 6 headers in 224 bytes (1 switches on core 0)
2026-07-25 20:57:27.826 7 INFO placement.requestlog [req-76d48c04-7eb4-442b-968c-5203ab80e9cc req-f5464772-386a-4eec-80ae-ff9293e42323 502a2f9430af4de59cfab4db602b052c 7377c74b4fbb46068e58c5104f99689d - - 404fbb16590444ea8f63ae0dba6bc4be 404fbb16590444ea8f63ae0dba6bc4be] 199.204.45.115 "GET /allocations/aab025dc-51b6-4197-b70e-0c8a08d542ae" status: 200 len: 258 microversion: 1.28 [pid: 7|app: 0|req: 521/1044] 199.204.45.115 () {34 vars in 863 bytes} [Sat Jul 25 20:57:27 2026] GET /allocations/aab025dc-51b6-4197-b70e-0c8a08d542ae => generated 258 bytes in 9 msecs (HTTP/1.1 200) 8 headers in 296 bytes (1 switches on core 0)
2026-07-25 20:57:27.841 8 INFO placement.requestlog [req-76d48c04-7eb4-442b-968c-5203ab80e9cc req-d16c07ba-e184-4ac6-a4e3-03adfbb6d040 502a2f9430af4de59cfab4db602b052c 7377c74b4fbb46068e58c5104f99689d - - 404fbb16590444ea8f63ae0dba6bc4be 404fbb16590444ea8f63ae0dba6bc4be] 199.204.45.115 "GET /allocations/ef5ce2fc-651d-4d04-bfef-7425649784fd" status: 200 len: 258 microversion: 1.28 [pid: 8|app: 0|req: 524/1045] 199.204.45.115 () {34 vars in 863 bytes} [Sat Jul 25 20:57:27 2026] GET /allocations/ef5ce2fc-651d-4d04-bfef-7425649784fd => generated 258 bytes in 11 msecs (HTTP/1.1 200) 8 headers in 296 bytes (1 switches on core 0)
2026-07-25 20:57:27.859 7 INFO placement.requestlog [req-76d48c04-7eb4-442b-968c-5203ab80e9cc req-fde32e16-2509-4b6f-8fc1-81378373363d 502a2f9430af4de59cfab4db602b052c 7377c74b4fbb46068e58c5104f99689d - - 404fbb16590444ea8f63ae0dba6bc4be 404fbb16590444ea8f63ae0dba6bc4be] 199.204.45.115 "GET /allocations/1e8689b7-b057-4ff6-a769-8879be38f43e" status: 200 len: 245 microversion: 1.28 [pid: 7|app: 0|req: 522/1046] 199.204.45.115 () {34 vars in 863 bytes} [Sat Jul 25 20:57:27 2026] GET /allocations/1e8689b7-b057-4ff6-a769-8879be38f43e => generated 245 bytes in 11 msecs (HTTP/1.1 200) 8 headers in 296 bytes (1 switches on core 0)
2026-07-25 20:57:35.502 8 INFO placement.requestlog [None req-5632d69a-4322-46ff-9f36-a04b257941a4 - - - - - -] 10.0.0.47 "GET /" status: 200 len: 136 microversion: 1.0
2026-07-25 20:57:35.502 7 INFO placement.requestlog [None req-0e82ee93-8880-4d84-9ce5-aaf04b67b916 - - - - - -] 10.0.0.47 "GET /" status: 200 len: 136 microversion: 1.0
2026-07-25 20:57:45.501 7 INFO placement.requestlog [None req-451a7227-e8f8-4b7d-9f8a-114be9af103b - - - - - -] 10.0.0.47 "GET /" status: 200 len: 136 microversion: 1.0
2026-07-25 20:57:45.502 8 INFO placement.requestlog [None req-79d52b22-ecec-4148-8888-6812cd566706 - - - - - -] 10.0.0.47 "GET /" status: 200 len: 136 microversion: 1.0
2026-07-25 20:57:55.502 7 INFO placement.requestlog [None req-1de33fc0-b5de-4bd4-bb57-b9644084a397 - - - - - -] 10.0.0.47 "GET /" status: 200 len: 136 microversion: 1.0
2026-07-25 20:57:55.502 8 INFO placement.requestlog [None req-782aed25-b254-4c52-94c8-f2f98e661414 - - - - - -] 10.0.0.47 "GET /" status: 200 len: 136 microversion: 1.0
2026-07-25 20:58:05.502 8 INFO placement.requestlog [None req-7de4a279-9d68-4bdb-9e30-76a6246d6fac - - - - - -] 10.0.0.47 "GET /" status: 200 len: 136 microversion: 1.0
2026-07-25 20:58:05.502 7 INFO placement.requestlog [None req-5b4ed89d-93b5-4129-83ce-a78a254546de - - - - - -] 10.0.0.47 "GET /" status: 200 len: 136 microversion: 1.0
2026-07-25 20:58:15.502 8 INFO placement.requestlog [None req-2ff07271-cda2-4dcb-aeaf-567f3cde1b82 - - - - - -] 10.0.0.47 "GET /" status: 200 len: 136 microversion: 1.0
2026-07-25 20:58:15.502 7 INFO placement.requestlog [None req-0344b2f0-66bc-482f-b464-f36e2bbddf92 - - - - - -] 10.0.0.47 "GET /" status: 200 len: 136 microversion: 1.0
2026-07-25 20:58:25.502 7 INFO placement.requestlog [None req-f1fc76b1-512e-4135-9c60-aa323ba41e2f - - - - - -] 10.0.0.47 "GET /" status: 200 len: 136 microversion: 1.0
2026-07-25 20:58:25.503 8 INFO placement.requestlog [None req-5e3c705c-1f09-408f-9fd4-b6afedfc130a - - - - - -] 10.0.0.47 "GET /" status: 200 len: 136 microversion: 1.0
2026-07-25 20:58:28.801 7 INFO placement.requestlog [req-2adad0d4-af63-4861-ac17-8e454e22ffc7 req-730c713b-139d-4fa2-9a7c-2ff4d3c62955 502a2f9430af4de59cfab4db602b052c 7377c74b4fbb46068e58c5104f99689d - - 404fbb16590444ea8f63ae0dba6bc4be 404fbb16590444ea8f63ae0dba6bc4be] 199.204.45.115 "GET /resource_providers/8af7cc68-2a45-42cd-bc8a-d132b1c85e69/allocations" status: 200 len: 340 microversion: 1.0 [pid: 7|app: 0|req: 529/1059] 199.204.45.115 () {32 vars in 857 bytes} [Sat Jul 25 20:58:28 2026] GET /resource_providers/8af7cc68-2a45-42cd-bc8a-d132b1c85e69/allocations => generated 340 bytes in 17 msecs (HTTP/1.1 200) 6 headers in 224 bytes (1 switches on core 0)
2026-07-25 20:58:28.830 8 INFO placement.requestlog [req-2adad0d4-af63-4861-ac17-8e454e22ffc7 req-46685985-8741-4549-ad1a-1a9de8a722cd 502a2f9430af4de59cfab4db602b052c 7377c74b4fbb46068e58c5104f99689d - - 404fbb16590444ea8f63ae0dba6bc4be 404fbb16590444ea8f63ae0dba6bc4be] 199.204.45.115 "GET /resource_providers/8af7cc68-2a45-42cd-bc8a-d132b1c85e69/allocations" status: 200 len: 340 microversion: 1.0 [pid: 8|app: 0|req: 531/1060] 199.204.45.115 () {32 vars in 857 bytes} [Sat Jul 25 20:58:28 2026] GET /resource_providers/8af7cc68-2a45-42cd-bc8a-d132b1c85e69/allocations => generated 340 bytes in 24 msecs (HTTP/1.1 200) 6 headers in 224 bytes (1 switches on core 0)
2026-07-25 20:58:28.849 7 INFO placement.requestlog [req-2adad0d4-af63-4861-ac17-8e454e22ffc7 req-22b573f6-e179-4bee-afcc-dae6648f9dfd 502a2f9430af4de59cfab4db602b052c 7377c74b4fbb46068e58c5104f99689d - - 404fbb16590444ea8f63ae0dba6bc4be 404fbb16590444ea8f63ae0dba6bc4be] 199.204.45.115 "GET /allocations/aab025dc-51b6-4197-b70e-0c8a08d542ae" status: 200 len: 258 microversion: 1.28 [pid: 7|app: 0|req: 530/1061] 199.204.45.115 () {34 vars in 863 bytes} [Sat Jul 25 20:58:28 2026] GET /allocations/aab025dc-51b6-4197-b70e-0c8a08d542ae => generated 258 bytes in 15 msecs (HTTP/1.1 200) 8 headers in 296 bytes (1 switches on core 0)
2026-07-25 20:58:28.870 8 INFO placement.requestlog [req-2adad0d4-af63-4861-ac17-8e454e22ffc7 req-177cb1dd-4e34-44fc-b466-12e5cd4ef4fc 502a2f9430af4de59cfab4db602b052c 7377c74b4fbb46068e58c5104f99689d - - 404fbb16590444ea8f63ae0dba6bc4be 404fbb16590444ea8f63ae0dba6bc4be] 199.204.45.115 "GET /allocations/ef5ce2fc-651d-4d04-bfef-7425649784fd" status: 200 len: 258 microversion: 1.28 [pid: 8|app: 0|req: 532/1062] 199.204.45.115 () {34 vars in 863 bytes} [Sat Jul 25 20:58:28 2026] GET /allocations/ef5ce2fc-651d-4d04-bfef-7425649784fd => generated 258 bytes in 13 msecs (HTTP/1.1 200) 8 headers in 296 bytes (1 switches on core 0)
2026-07-25 20:58:28.886 7 INFO placement.requestlog [req-2adad0d4-af63-4861-ac17-8e454e22ffc7 req-a6387816-063a-47ea-8877-323b2c0ac8ba 502a2f9430af4de59cfab4db602b052c 7377c74b4fbb46068e58c5104f99689d - - 404fbb16590444ea8f63ae0dba6bc4be 404fbb16590444ea8f63ae0dba6bc4be] 199.204.45.115 "GET /allocations/1e8689b7-b057-4ff6-a769-8879be38f43e" status: 200 len: 245 microversion: 1.28 [pid: 7|app: 0|req: 531/1063] 199.204.45.115 () {34 vars in 863 bytes} [Sat Jul 25 20:58:28 2026] GET /allocations/1e8689b7-b057-4ff6-a769-8879be38f43e => generated 245 bytes in 11 msecs (HTTP/1.1 200) 8 headers in 296 bytes (1 switches on core 0)
2026-07-25 20:58:35.501 8 INFO placement.requestlog [None req-a78988a8-7437-4af5-a4e7-10a8969de8b4 - - - - - -] 10.0.0.47 "GET /" status: 200 len: 136 microversion: 1.0
2026-07-25 20:58:35.501 7 INFO placement.requestlog [None req-39f63fd6-1004-4ad0-ba12-f75996c092fa - - - - - -] 10.0.0.47 "GET /" status: 200 len: 136 microversion: 1.0
2026-07-25 20:58:45.501 8 INFO placement.requestlog [None req-89b98cda-35df-43a2-9168-8af6b5700497 - - - - - -] 10.0.0.47 "GET /" status: 200 len: 136 microversion: 1.0
2026-07-25 20:58:45.503 7 INFO placement.requestlog [None req-7cd0d264-d798-49d6-9f69-41cc2dd6f228 - - - - - -] 10.0.0.47 "GET /" status: 200 len: 136 microversion: 1.0
2026-07-25 20:58:55.501 8 INFO placement.requestlog [None req-37f207e1-b29c-4ad7-a8d5-d88dcde7db04 - - - - - -] 10.0.0.47 "GET /" status: 200 len: 136 microversion: 1.0
2026-07-25 20:58:55.501 7 INFO placement.requestlog [None req-2b113f6e-3b57-466d-8d5b-dc6f9e8f9992 - - - - - -] 10.0.0.47 "GET /" status: 200 len: 136 microversion: 1.0
2026-07-25 20:59:05.503 7 INFO placement.requestlog [None req-8246f822-c9c1-4ead-aa9d-d3461c568e9e - - - - - -] 10.0.0.47 "GET /" status: 200 len: 136 microversion: 1.0
2026-07-25 20:59:05.503 8 INFO placement.requestlog [None req-f521544f-5180-4b47-93f4-9c196354b625 - - - - - -] 10.0.0.47 "GET /" status: 200 len: 136 microversion: 1.0
2026-07-25 20:59:15.501 7 INFO placement.requestlog [None req-193935b1-585e-4246-8e5b-6a7be39a5d85 - - - - - -] 10.0.0.47 "GET /" status: 200 len: 136 microversion: 1.0
2026-07-25 20:59:15.502 8 INFO placement.requestlog [None req-509140b5-6c35-47b4-a26f-03c46eeb5451 - - - - - -] 10.0.0.47 "GET /" status: 200 len: 136 microversion: 1.0
2026-07-25 20:59:25.502 7 INFO placement.requestlog [None req-46ddece1-b1e7-4291-b1ef-cea4ca7f2398 - - - - - -] 10.0.0.47 "GET /" status: 200 len: 136 microversion: 1.0
2026-07-25 20:59:25.502 8 INFO placement.requestlog [None req-6930e0dc-5a09-445b-9812-2b38e2842490 - - - - - -] 10.0.0.47 "GET /" status: 200 len: 136 microversion: 1.0
2026-07-25 20:59:27.099 8 INFO placement.requestlog [req-410c3e50-8f09-4738-ae5d-8d38542b4d01 req-23f55016-17bc-46ae-a1a7-d5468aa2f85c 502a2f9430af4de59cfab4db602b052c 7377c74b4fbb46068e58c5104f99689d - - 404fbb16590444ea8f63ae0dba6bc4be 404fbb16590444ea8f63ae0dba6bc4be] 199.204.45.115 "GET /resource_providers/8af7cc68-2a45-42cd-bc8a-d132b1c85e69/allocations" status: 200 len: 340 microversion: 1.0 [pid: 8|app: 0|req: 539/1076] 199.204.45.115 () {32 vars in 857 bytes} [Sat Jul 25 20:59:27 2026] GET /resource_providers/8af7cc68-2a45-42cd-bc8a-d132b1c85e69/allocations => generated 340 bytes in 64 msecs (HTTP/1.1 200) 6 headers in 224 bytes (1 switches on core 0)
2026-07-25 20:59:27.119 7 INFO placement.requestlog [req-410c3e50-8f09-4738-ae5d-8d38542b4d01 req-379f7cd8-6b10-48dc-8cc6-ebdf04e40217 502a2f9430af4de59cfab4db602b052c 7377c74b4fbb46068e58c5104f99689d - - 404fbb16590444ea8f63ae0dba6bc4be 404fbb16590444ea8f63ae0dba6bc4be] 199.204.45.115 "GET /allocations/aab025dc-51b6-4197-b70e-0c8a08d542ae" status: 200 len: 258 microversion: 1.28 [pid: 7|app: 0|req: 538/1077] 199.204.45.115 () {34 vars in 863 bytes} [Sat Jul 25 20:59:27 2026] GET /allocations/aab025dc-51b6-4197-b70e-0c8a08d542ae => generated 258 bytes in 11 msecs (HTTP/1.1 200) 8 headers in 296 bytes (1 switches on core 0)
2026-07-25 20:59:27.138 8 INFO placement.requestlog [req-410c3e50-8f09-4738-ae5d-8d38542b4d01 req-30a4acb6-ab50-4c70-a3dd-74975950d89f 502a2f9430af4de59cfab4db602b052c 7377c74b4fbb46068e58c5104f99689d - - 404fbb16590444ea8f63ae0dba6bc4be 404fbb16590444ea8f63ae0dba6bc4be] 199.204.45.115 "GET /allocations/ef5ce2fc-651d-4d04-bfef-7425649784fd" status: 200 len: 258 microversion: 1.28 [pid: 8|app: 0|req: 540/1078] 199.204.45.115 () {34 vars in 863 bytes} [Sat Jul 25 20:59:27 2026] GET /allocations/ef5ce2fc-651d-4d04-bfef-7425649784fd => generated 258 bytes in 13 msecs (HTTP/1.1 200) 8 headers in 296 bytes (1 switches on core 0)
2026-07-25 20:59:27.155 7 INFO placement.requestlog [req-410c3e50-8f09-4738-ae5d-8d38542b4d01 req-c5546417-c3dc-4b98-843c-cff3f775207d 502a2f9430af4de59cfab4db602b052c 7377c74b4fbb46068e58c5104f99689d - - 404fbb16590444ea8f63ae0dba6bc4be 404fbb16590444ea8f63ae0dba6bc4be] 199.204.45.115 "GET /allocations/1e8689b7-b057-4ff6-a769-8879be38f43e" status: 200 len: 245 microversion: 1.28 [pid: 7|app: 0|req: 539/1079] 199.204.45.115 () {34 vars in 863 bytes} [Sat Jul 25 20:59:27 2026] GET /allocations/1e8689b7-b057-4ff6-a769-8879be38f43e => generated 245 bytes in 11 msecs (HTTP/1.1 200) 8 headers in 296 bytes (1 switches on core 0)
2026-07-25 20:59:28.207 8 INFO placement.requestlog [req-410c3e50-8f09-4738-ae5d-8d38542b4d01 req-3f66269c-aa26-4660-ae41-c35e7461e673 502a2f9430af4de59cfab4db602b052c 7377c74b4fbb46068e58c5104f99689d - - 404fbb16590444ea8f63ae0dba6bc4be 404fbb16590444ea8f63ae0dba6bc4be] 199.204.45.115 "DELETE /allocations/1e8689b7-b057-4ff6-a769-8879be38f43e" status: 204 len: 0 microversion: 1.0 [pid: 8|app: 0|req: 541/1080] 199.204.45.115 () {34 vars in 841 bytes} [Sat Jul 25 20:59:28 2026] DELETE /allocations/1e8689b7-b057-4ff6-a769-8879be38f43e => generated 0 bytes in 28 msecs (HTTP/1.1 204) 5 headers in 198 bytes (1 switches on core 0)
2026-07-25 20:59:31.124 7 INFO placement.requestlog [req-62fde9ff-7646-4773-b7c6-eef4f4c41a25 req-2ad616fd-c433-4380-b32d-02b58f71d4d5 502a2f9430af4de59cfab4db602b052c 7377c74b4fbb46068e58c5104f99689d - - 404fbb16590444ea8f63ae0dba6bc4be 404fbb16590444ea8f63ae0dba6bc4be] 199.204.45.115 "GET /resource_providers/8af7cc68-2a45-42cd-bc8a-d132b1c85e69/allocations" status: 200 len: 253 microversion: 1.0 [pid: 7|app: 0|req: 540/1081] 199.204.45.115 () {32 vars in 857 bytes} [Sat Jul 25 20:59:31 2026] GET /resource_providers/8af7cc68-2a45-42cd-bc8a-d132b1c85e69/allocations => generated 253 bytes in 18 msecs (HTTP/1.1 200) 6 headers in 224 bytes (1 switches on core 0)
2026-07-25 20:59:31.149 8 INFO placement.requestlog [req-62fde9ff-7646-4773-b7c6-eef4f4c41a25 req-ff8924ba-50e6-434f-a228-481d65b75e2b 502a2f9430af4de59cfab4db602b052c 7377c74b4fbb46068e58c5104f99689d - - 404fbb16590444ea8f63ae0dba6bc4be 404fbb16590444ea8f63ae0dba6bc4be] 199.204.45.115 "GET /resource_providers?in_tree=8af7cc68-2a45-42cd-bc8a-d132b1c85e69" status: 200 len: 798 microversion: 1.14 [pid: 8|app: 0|req: 542/1082] 199.204.45.115 () {34 vars in 892 bytes} [Sat Jul 25 20:59:31 2026] GET /resource_providers?in_tree=8af7cc68-2a45-42cd-bc8a-d132b1c85e69 => generated 798 bytes in 16 msecs (HTTP/1.1 200) 6 headers in 225 bytes (1 switches on core 0)
2026-07-25 20:59:31.171 7 INFO placement.requestlog [req-62fde9ff-7646-4773-b7c6-eef4f4c41a25 req-8c44c6b4-4fbf-4dee-9d64-d9feb6b43f72 502a2f9430af4de59cfab4db602b052c 7377c74b4fbb46068e58c5104f99689d - - 404fbb16590444ea8f63ae0dba6bc4be 404fbb16590444ea8f63ae0dba6bc4be] 199.204.45.115 "GET /resource_providers/8af7cc68-2a45-42cd-bc8a-d132b1c85e69/inventories" status: 200 len: 401 microversion: 1.0 [pid: 7|app: 0|req: 541/1083] 199.204.45.115 () {32 vars in 857 bytes} [Sat Jul 25 20:59:31 2026] GET /resource_providers/8af7cc68-2a45-42cd-bc8a-d132b1c85e69/inventories => generated 401 bytes in 15 msecs (HTTP/1.1 200) 6 headers in 224 bytes (1 switches on core 0)
2026-07-25 20:59:31.185 8 INFO placement.requestlog [req-62fde9ff-7646-4773-b7c6-eef4f4c41a25 req-c77b773f-7386-42a4-80ea-53f417c48b27 502a2f9430af4de59cfab4db602b052c 7377c74b4fbb46068e58c5104f99689d - - 404fbb16590444ea8f63ae0dba6bc4be 404fbb16590444ea8f63ae0dba6bc4be] 199.204.45.115 "GET /resource_providers/8af7cc68-2a45-42cd-bc8a-d132b1c85e69/aggregates" status: 200 len: 54 microversion: 1.19 [pid: 8|app: 0|req: 543/1084] 199.204.45.115 () {34 vars in 899 bytes} [Sat Jul 25 20:59:31 2026] GET /resource_providers/8af7cc68-2a45-42cd-bc8a-d132b1c85e69/aggregates => generated 54 bytes in 10 msecs (HTTP/1.1 200) 8 headers in 295 bytes (1 switches on core 0)
2026-07-25 20:59:31.209 7 INFO placement.requestlog [req-62fde9ff-7646-4773-b7c6-eef4f4c41a25 req-23b6af14-0f3d-46cd-b8de-9809e99b4358 502a2f9430af4de59cfab4db602b052c 7377c74b4fbb46068e58c5104f99689d - - 404fbb16590444ea8f63ae0dba6bc4be 404fbb16590444ea8f63ae0dba6bc4be] 199.204.45.115 "GET /resource_providers/8af7cc68-2a45-42cd-bc8a-d132b1c85e69/traits" status: 200 len: 2317 microversion: 1.6 [pid: 7|app: 0|req: 542/1085] 199.204.45.115 () {34 vars in 890 bytes} [Sat Jul 25 20:59:31 2026] GET /resource_providers/8af7cc68-2a45-42cd-bc8a-d132b1c85e69/traits => generated 2317 bytes in 17 msecs (HTTP/1.1 200) 6 headers in 225 bytes (1 switches on core 0)
2026-07-25 20:59:31.228 8 INFO placement.requestlog [req-62fde9ff-7646-4773-b7c6-eef4f4c41a25 req-b7d95189-861c-49fe-8f8b-903f86d44e1d 502a2f9430af4de59cfab4db602b052c 7377c74b4fbb46068e58c5104f99689d - - 404fbb16590444ea8f63ae0dba6bc4be 404fbb16590444ea8f63ae0dba6bc4be] 199.204.45.115 "GET /resource_providers/8af7cc68-2a45-42cd-bc8a-d132b1c85e69/allocations" status: 200 len: 253 microversion: 1.0 [pid: 8|app: 0|req: 544/1086] 199.204.45.115 () {32 vars in 857 bytes} [Sat Jul 25 20:59:31 2026] GET /resource_providers/8af7cc68-2a45-42cd-bc8a-d132b1c85e69/allocations => generated 253 bytes in 12 msecs (HTTP/1.1 200) 6 headers in 224 bytes (1 switches on core 0)
2026-07-25 20:59:31.245 7 INFO placement.requestlog [req-62fde9ff-7646-4773-b7c6-eef4f4c41a25 req-fdc153f5-dd45-44cb-941d-3f8c41f9302e 502a2f9430af4de59cfab4db602b052c 7377c74b4fbb46068e58c5104f99689d - - 404fbb16590444ea8f63ae0dba6bc4be 404fbb16590444ea8f63ae0dba6bc4be] 199.204.45.115 "GET /allocations/aab025dc-51b6-4197-b70e-0c8a08d542ae" status: 200 len: 258 microversion: 1.28 [pid: 7|app: 0|req: 543/1087] 199.204.45.115 () {34 vars in 863 bytes} [Sat Jul 25 20:59:31 2026] GET /allocations/aab025dc-51b6-4197-b70e-0c8a08d542ae => generated 258 bytes in 11 msecs (HTTP/1.1 200) 8 headers in 296 bytes (1 switches on core 0)
2026-07-25 20:59:31.262 8 INFO placement.requestlog [req-62fde9ff-7646-4773-b7c6-eef4f4c41a25 req-28b8cc15-05f2-4fab-b1e6-4fb90959a76b 502a2f9430af4de59cfab4db602b052c 7377c74b4fbb46068e58c5104f99689d - - 404fbb16590444ea8f63ae0dba6bc4be 404fbb16590444ea8f63ae0dba6bc4be] 199.204.45.115 "GET /allocations/ef5ce2fc-651d-4d04-bfef-7425649784fd" status: 200 len: 258 microversion: 1.28 [pid: 8|app: 0|req: 545/1088] 199.204.45.115 () {34 vars in 863 bytes} [Sat Jul 25 20:59:31 2026] GET /allocations/ef5ce2fc-651d-4d04-bfef-7425649784fd => generated 258 bytes in 10 msecs (HTTP/1.1 200) 8 headers in 296 bytes (1 switches on core 0)
2026-07-25 20:59:32.304 7 INFO placement.requestlog [req-911cee2c-f304-482b-8f52-6b415e95d473 req-b2eb7a45-2ae8-41f0-90ba-b36959223479 502a2f9430af4de59cfab4db602b052c 7377c74b4fbb46068e58c5104f99689d - - 404fbb16590444ea8f63ae0dba6bc4be 404fbb16590444ea8f63ae0dba6bc4be] 199.204.45.115 "GET /resource_providers/8af7cc68-2a45-42cd-bc8a-d132b1c85e69/allocations" status: 200 len: 253 microversion: 1.0 [pid: 7|app: 0|req: 544/1089] 199.204.45.115 () {32 vars in 857 bytes} [Sat Jul 25 20:59:32 2026] GET /resource_providers/8af7cc68-2a45-42cd-bc8a-d132b1c85e69/allocations => generated 253 bytes in 12 msecs (HTTP/1.1 200) 6 headers in 224 bytes (1 switches on core 0)
2026-07-25 20:59:32.328 8 INFO placement.requestlog [req-911cee2c-f304-482b-8f52-6b415e95d473 req-f38674d4-acb1-4c36-afd4-04ae2688eb73 502a2f9430af4de59cfab4db602b052c 7377c74b4fbb46068e58c5104f99689d - - 404fbb16590444ea8f63ae0dba6bc4be 404fbb16590444ea8f63ae0dba6bc4be] 199.204.45.115 "GET /allocations/aab025dc-51b6-4197-b70e-0c8a08d542ae" status: 200 len: 258 microversion: 1.28 [pid: 8|app: 0|req: 546/1090] 199.204.45.115 () {34 vars in 863 bytes} [Sat Jul 25 20:59:32 2026] GET /allocations/aab025dc-51b6-4197-b70e-0c8a08d542ae => generated 258 bytes in 17 msecs (HTTP/1.1 200) 8 headers in 296 bytes (1 switches on core 0)
2026-07-25 20:59:32.342 7 INFO placement.requestlog [req-911cee2c-f304-482b-8f52-6b415e95d473 req-46ed203b-8736-41ee-9ed4-a588e7513069 502a2f9430af4de59cfab4db602b052c 7377c74b4fbb46068e58c5104f99689d - - 404fbb16590444ea8f63ae0dba6bc4be 404fbb16590444ea8f63ae0dba6bc4be] 199.204.45.115 "GET /allocations/ef5ce2fc-651d-4d04-bfef-7425649784fd" status: 200 len: 258 microversion: 1.28 [pid: 7|app: 0|req: 545/1091] 199.204.45.115 () {34 vars in 863 bytes} [Sat Jul 25 20:59:32 2026] GET /allocations/ef5ce2fc-651d-4d04-bfef-7425649784fd => generated 258 bytes in 8 msecs (HTTP/1.1 200) 8 headers in 296 bytes (1 switches on core 0)
2026-07-25 20:59:33.402 8 INFO placement.requestlog [req-911cee2c-f304-482b-8f52-6b415e95d473 req-5d58bcd1-4c43-43b6-8397-b267bdebb19e 502a2f9430af4de59cfab4db602b052c 7377c74b4fbb46068e58c5104f99689d - - 404fbb16590444ea8f63ae0dba6bc4be 404fbb16590444ea8f63ae0dba6bc4be] 199.204.45.115 "DELETE /allocations/aab025dc-51b6-4197-b70e-0c8a08d542ae" status: 204 len: 0 microversion: 1.0 [pid: 8|app: 0|req: 547/1092] 199.204.45.115 () {34 vars in 841 bytes} [Sat Jul 25 20:59:33 2026] DELETE /allocations/aab025dc-51b6-4197-b70e-0c8a08d542ae => generated 0 bytes in 31 msecs (HTTP/1.1 204) 5 headers in 198 bytes (1 switches on core 0)
2026-07-25 20:59:35.502 7 INFO placement.requestlog [None req-10407d2d-8206-4c35-9767-b864ff702c33 - - - - - -] 10.0.0.47 "GET /" status: 200 len: 136 microversion: 1.0
2026-07-25 20:59:35.502 8 INFO placement.requestlog [None req-fcc01114-c499-4cb7-9fbf-17dd12f38dcd - - - - - -] 10.0.0.47 "GET /" status: 200 len: 136 microversion: 1.0
2026-07-25 20:59:41.708 7 INFO placement.requestlog [req-265db8b4-35b8-4342-b266-ea168b77dcd0 req-12436f87-e07b-43d6-bead-b3a17ece5bb0 502a2f9430af4de59cfab4db602b052c 7377c74b4fbb46068e58c5104f99689d - - 404fbb16590444ea8f63ae0dba6bc4be 404fbb16590444ea8f63ae0dba6bc4be] 199.204.45.115 "GET /resource_providers/8af7cc68-2a45-42cd-bc8a-d132b1c85e69/allocations" status: 200 len: 153 microversion: 1.0 [pid: 7|app: 0|req: 547/1095] 199.204.45.115 () {32 vars in 857 bytes} [Sat Jul 25 20:59:41 2026] GET /resource_providers/8af7cc68-2a45-42cd-bc8a-d132b1c85e69/allocations => generated 153 bytes in 12 msecs (HTTP/1.1 200) 6 headers in 224 bytes (1 switches on core 0)
2026-07-25 20:59:41.725 8 INFO placement.requestlog [req-265db8b4-35b8-4342-b266-ea168b77dcd0 req-332db30d-9c25-4ef3-a12d-08c0f0809543 502a2f9430af4de59cfab4db602b052c 7377c74b4fbb46068e58c5104f99689d - - 404fbb16590444ea8f63ae0dba6bc4be 404fbb16590444ea8f63ae0dba6bc4be] 199.204.45.115 "GET /allocations/ef5ce2fc-651d-4d04-bfef-7425649784fd" status: 200 len: 258 microversion: 1.28 [pid: 8|app: 0|req: 549/1096] 199.204.45.115 () {34 vars in 863 bytes} [Sat Jul 25 20:59:41 2026] GET /allocations/ef5ce2fc-651d-4d04-bfef-7425649784fd => generated 258 bytes in 11 msecs (HTTP/1.1 200) 8 headers in 296 bytes (1 switches on core 0)
2026-07-25 20:59:42.773 7 INFO placement.requestlog [req-265db8b4-35b8-4342-b266-ea168b77dcd0 req-da510031-cb53-4431-a37c-5beefebbea1b 502a2f9430af4de59cfab4db602b052c 7377c74b4fbb46068e58c5104f99689d - - 404fbb16590444ea8f63ae0dba6bc4be 404fbb16590444ea8f63ae0dba6bc4be] 199.204.45.115 "DELETE /allocations/ef5ce2fc-651d-4d04-bfef-7425649784fd" status: 204 len: 0 microversion: 1.0 [pid: 7|app: 0|req: 548/1097] 199.204.45.115 () {34 vars in 841 bytes} [Sat Jul 25 20:59:42 2026] DELETE /allocations/ef5ce2fc-651d-4d04-bfef-7425649784fd => generated 0 bytes in 24 msecs (HTTP/1.1 204) 5 headers in 198 bytes (1 switches on core 0)
2026-07-25 20:59:45.502 8 INFO placement.requestlog [None req-1f480949-ab3d-46a6-aa79-d9951e4843ac - - - - - -] 10.0.0.47 "GET /" status: 200 len: 136 microversion: 1.0
2026-07-25 20:59:45.506 7 INFO placement.requestlog [None req-1ad15cef-ba43-4745-9e61-e2b2f5ff9abc - - - - - -] 10.0.0.47 "GET /" status: 200 len: 136 microversion: 1.0
2026-07-25 20:59:52.639 8 INFO placement.requestlog [None req-ffc62b7c-5827-4bfe-8682-fcf106b75252 fe14c368e09f47dbb534d583797c52a1 7377c74b4fbb46068e58c5104f99689d - - 404fbb16590444ea8f63ae0dba6bc4be 404fbb16590444ea8f63ae0dba6bc4be] 10.0.0.153 "GET /resource_providers/d8071e9b-5387-426d-8a13-4b38a8d26c8a/aggregates" status: 404 len: 235 microversion: 1.1 [pid: 8|app: 0|req: 551/1100] 10.0.0.153 () {32 vars in 816 bytes} [Sat Jul 25 20:59:52 2026] GET /resource_providers/d8071e9b-5387-426d-8a13-4b38a8d26c8a/aggregates => generated 235 bytes in 62 msecs (HTTP/1.1 404) 5 headers in 202 bytes (1 switches on core 0)
2026-07-25 20:59:52.668 8 INFO placement.requestlog [None req-4c272f23-4ecb-4900-bd96-699683838fcd fe14c368e09f47dbb534d583797c52a1 7377c74b4fbb46068e58c5104f99689d - - 404fbb16590444ea8f63ae0dba6bc4be 404fbb16590444ea8f63ae0dba6bc4be] 10.0.0.153 "DELETE /resource_providers/d8071e9b-5387-426d-8a13-4b38a8d26c8a" status: 404 len: 246 microversion: 1.1 [pid: 8|app: 0|req: 552/1101] 10.0.0.153 () {34 vars in 816 bytes} [Sat Jul 25 20:59:52 2026] DELETE /resource_providers/d8071e9b-5387-426d-8a13-4b38a8d26c8a => generated 246 bytes in 13 msecs (HTTP/1.1 404) 6 headers in 231 bytes (1 switches on core 0)
2026-07-25 20:59:52.669 7 INFO placement.requestlog [None req-6dd31cfd-f6a5-4b3e-b3a1-cc1e482303ba fe14c368e09f47dbb534d583797c52a1 7377c74b4fbb46068e58c5104f99689d - - 404fbb16590444ea8f63ae0dba6bc4be 404fbb16590444ea8f63ae0dba6bc4be] 10.0.0.153 "GET /resource_providers/d8071e9b-5387-426d-8a13-4b38a8d26c8a/aggregates" status: 404 len: 235 microversion: 1.1 [pid: 7|app: 0|req: 550/1102] 10.0.0.153 () {32 vars in 816 bytes} [Sat Jul 25 20:59:52 2026] GET /resource_providers/d8071e9b-5387-426d-8a13-4b38a8d26c8a/aggregates => generated 235 bytes in 85 msecs (HTTP/1.1 404) 5 headers in 202 bytes (1 switches on core 0)
2026-07-25 20:59:52.706 8 INFO placement.requestlog [None req-464700f4-ccd1-4ea5-82cb-cc32a5adee35 fe14c368e09f47dbb534d583797c52a1 7377c74b4fbb46068e58c5104f99689d - - 404fbb16590444ea8f63ae0dba6bc4be 404fbb16590444ea8f63ae0dba6bc4be] 10.0.0.153 "DELETE /resource_providers/d8071e9b-5387-426d-8a13-4b38a8d26c8a" status: 404 len: 246 microversion: 1.1 [pid: 8|app: 0|req: 553/1103] 10.0.0.153 () {34 vars in 816 bytes} [Sat Jul 25 20:59:52 2026] DELETE /resource_providers/d8071e9b-5387-426d-8a13-4b38a8d26c8a => generated 246 bytes in 13 msecs (HTTP/1.1 404) 6 headers in 231 bytes (1 switches on core 0)
2026-07-25 20:59:54.688 7 INFO placement.requestlog [None req-26a50ab7-c9bf-4a78-a1d5-820c93810463 fe14c368e09f47dbb534d583797c52a1 7377c74b4fbb46068e58c5104f99689d - - 404fbb16590444ea8f63ae0dba6bc4be 404fbb16590444ea8f63ae0dba6bc4be] 10.0.0.153 "GET /resource_providers/a37fe9e0-22d4-4e55-9801-ff5a8e1aa284/aggregates" status: 404 len: 235 microversion: 1.1 [pid: 7|app: 0|req: 551/1104] 10.0.0.153 () {32 vars in 816 bytes} [Sat Jul 25 20:59:54 2026] GET /resource_providers/a37fe9e0-22d4-4e55-9801-ff5a8e1aa284/aggregates => generated 235 bytes in 9 msecs (HTTP/1.1 404) 5 headers in 202 bytes (1 switches on core 0)
2026-07-25 20:59:54.707 8 INFO placement.requestlog [None req-0d6119db-0a15-4ad2-8a2a-82fc89c6d824 fe14c368e09f47dbb534d583797c52a1 7377c74b4fbb46068e58c5104f99689d - - 404fbb16590444ea8f63ae0dba6bc4be 404fbb16590444ea8f63ae0dba6bc4be] 10.0.0.153 "DELETE /resource_providers/a37fe9e0-22d4-4e55-9801-ff5a8e1aa284" status: 404 len: 246 microversion: 1.1 [pid: 8|app: 0|req: 554/1105] 10.0.0.153 () {34 vars in 816 bytes} [Sat Jul 25 20:59:54 2026] DELETE /resource_providers/a37fe9e0-22d4-4e55-9801-ff5a8e1aa284 => generated 246 bytes in 11 msecs (HTTP/1.1 404) 6 headers in 231 bytes (1 switches on core 0)
2026-07-25 20:59:54.724 8 INFO placement.requestlog [None req-601c7f7a-7348-4d3b-a57f-057a0b444c03 fe14c368e09f47dbb534d583797c52a1 7377c74b4fbb46068e58c5104f99689d - - 404fbb16590444ea8f63ae0dba6bc4be 404fbb16590444ea8f63ae0dba6bc4be] 10.0.0.153 "GET /resource_providers/bec72995-7d28-4347-8b81-2dc8d7830771/aggregates" status: 404 len: 235 microversion: 1.1 [pid: 8|app: 0|req: 555/1106] 10.0.0.153 () {32 vars in 816 bytes} [Sat Jul 25 20:59:54 2026] GET /resource_providers/bec72995-7d28-4347-8b81-2dc8d7830771/aggregates => generated 235 bytes in 9 msecs (HTTP/1.1 404) 5 headers in 202 bytes (1 switches on core 0)
2026-07-25 20:59:54.726 7 INFO placement.requestlog [None req-2e22b6ca-4007-4422-b056-c3f5d75d203f fe14c368e09f47dbb534d583797c52a1 7377c74b4fbb46068e58c5104f99689d - - 404fbb16590444ea8f63ae0dba6bc4be 404fbb16590444ea8f63ae0dba6bc4be] 10.0.0.153 "GET /resource_providers/a37fe9e0-22d4-4e55-9801-ff5a8e1aa284/aggregates" status: 404 len: 235 microversion: 1.1 [pid: 7|app: 0|req: 552/1107] 10.0.0.153 () {32 vars in 816 bytes} [Sat Jul 25 20:59:54 2026] GET /resource_providers/a37fe9e0-22d4-4e55-9801-ff5a8e1aa284/aggregates => generated 235 bytes in 11 msecs (HTTP/1.1 404) 5 headers in 202 bytes (1 switches on core 0)
2026-07-25 20:59:54.740 8 INFO placement.requestlog [None req-716c092d-b131-4a35-b355-b320845c4a63 fe14c368e09f47dbb534d583797c52a1 7377c74b4fbb46068e58c5104f99689d - - 404fbb16590444ea8f63ae0dba6bc4be 404fbb16590444ea8f63ae0dba6bc4be] 10.0.0.153 "DELETE /resource_providers/bec72995-7d28-4347-8b81-2dc8d7830771" status: 404 len: 246 microversion: 1.1 [pid: 8|app: 0|req: 556/1108] 10.0.0.153 () {34 vars in 816 bytes} [Sat Jul 25 20:59:54 2026] DELETE /resource_providers/bec72995-7d28-4347-8b81-2dc8d7830771 => generated 246 bytes in 6 msecs (HTTP/1.1 404) 6 headers in 231 bytes (1 switches on core 0)
2026-07-25 20:59:54.743 7 INFO placement.requestlog [None req-0340c0c2-5e81-4e87-a7ac-ab0bb95c61bb fe14c368e09f47dbb534d583797c52a1 7377c74b4fbb46068e58c5104f99689d - - 404fbb16590444ea8f63ae0dba6bc4be 404fbb16590444ea8f63ae0dba6bc4be] 10.0.0.153 "DELETE /resource_providers/a37fe9e0-22d4-4e55-9801-ff5a8e1aa284" status: 404 len: 246 microversion: 1.1 [pid: 7|app: 0|req: 553/1109] 10.0.0.153 () {34 vars in 816 bytes} [Sat Jul 25 20:59:54 2026] DELETE /resource_providers/a37fe9e0-22d4-4e55-9801-ff5a8e1aa284 => generated 246 bytes in 8 msecs (HTTP/1.1 404) 6 headers in 231 bytes (1 switches on core 0)
2026-07-25 20:59:54.757 8 INFO placement.requestlog [None req-7a3362b1-d4cf-4cc5-a399-5269f6f2b2db fe14c368e09f47dbb534d583797c52a1 7377c74b4fbb46068e58c5104f99689d - - 404fbb16590444ea8f63ae0dba6bc4be 404fbb16590444ea8f63ae0dba6bc4be] 10.0.0.153 "GET /resource_providers/28037b92-357a-488b-93bb-0515056bf171/aggregates" status: 404 len: 235 microversion: 1.1 [pid: 8|app: 0|req: 557/1110] 10.0.0.153 () {32 vars in 816 bytes} [Sat Jul 25 20:59:54 2026] GET /resource_providers/28037b92-357a-488b-93bb-0515056bf171/aggregates => generated 235 bytes in 8 msecs (HTTP/1.1 404) 5 headers in 202 bytes (1 switches on core 0)
2026-07-25 20:59:54.758 7 INFO placement.requestlog [None req-7c2d74a5-fc7a-49e3-81a4-71b69aa736e0 fe14c368e09f47dbb534d583797c52a1 7377c74b4fbb46068e58c5104f99689d - - 404fbb16590444ea8f63ae0dba6bc4be 404fbb16590444ea8f63ae0dba6bc4be] 10.0.0.153 "GET /resource_providers/bec72995-7d28-4347-8b81-2dc8d7830771/aggregates" status: 404 len: 235 microversion: 1.1 [pid: 7|app: 0|req: 554/1111] 10.0.0.153 () {32 vars in 816 bytes} [Sat Jul 25 20:59:54 2026] GET /resource_providers/bec72995-7d28-4347-8b81-2dc8d7830771/aggregates => generated 235 bytes in 7 msecs (HTTP/1.1 404) 5 headers in 202 bytes (1 switches on core 0)
2026-07-25 20:59:54.776 7 INFO placement.requestlog [None req-36492a18-33a8-4600-85c5-ed53133ea10a fe14c368e09f47dbb534d583797c52a1 7377c74b4fbb46068e58c5104f99689d - - 404fbb16590444ea8f63ae0dba6bc4be 404fbb16590444ea8f63ae0dba6bc4be] 10.0.0.153 "DELETE /resource_providers/bec72995-7d28-4347-8b81-2dc8d7830771" status: 404 len: 246 microversion: 1.1 [pid: 7|app: 0|req: 555/1112] 10.0.0.153 () {34 vars in 816 bytes} [Sat Jul 25 20:59:54 2026] DELETE /resource_providers/bec72995-7d28-4347-8b81-2dc8d7830771 => generated 246 bytes in 7 msecs (HTTP/1.1 404) 6 headers in 231 bytes (1 switches on core 0)
2026-07-25 20:59:54.777 8 INFO placement.requestlog [None req-534be0b8-0313-4eee-a90e-9cb4550e95dd fe14c368e09f47dbb534d583797c52a1 7377c74b4fbb46068e58c5104f99689d - - 404fbb16590444ea8f63ae0dba6bc4be 404fbb16590444ea8f63ae0dba6bc4be] 10.0.0.153 "DELETE /resource_providers/28037b92-357a-488b-93bb-0515056bf171" status: 404 len: 246 microversion: 1.1 [pid: 8|app: 0|req: 558/1113] 10.0.0.153 () {34 vars in 816 bytes} [Sat Jul 25 20:59:54 2026] DELETE /resource_providers/28037b92-357a-488b-93bb-0515056bf171 => generated 246 bytes in 9 msecs (HTTP/1.1 404) 6 headers in 231 bytes (1 switches on core 0)
2026-07-25 20:59:54.788 7 INFO placement.requestlog [None req-1cc5cde0-f376-477c-9c2a-ba37afe90597 fe14c368e09f47dbb534d583797c52a1 7377c74b4fbb46068e58c5104f99689d - - 404fbb16590444ea8f63ae0dba6bc4be 404fbb16590444ea8f63ae0dba6bc4be] 10.0.0.153 "GET /resource_providers/28037b92-357a-488b-93bb-0515056bf171/aggregates" status: 404 len: 235 microversion: 1.1 [pid: 7|app: 0|req: 556/1114] 10.0.0.153 () {32 vars in 816 bytes} [Sat Jul 25 20:59:54 2026] GET /resource_providers/28037b92-357a-488b-93bb-0515056bf171/aggregates => generated 235 bytes in 6 msecs (HTTP/1.1 404) 5 headers in 202 bytes (1 switches on core 0)
2026-07-25 20:59:54.801 8 INFO placement.requestlog [None req-1d5f95fa-8042-4146-afe8-58e8d1ce3f49 fe14c368e09f47dbb534d583797c52a1 7377c74b4fbb46068e58c5104f99689d - - 404fbb16590444ea8f63ae0dba6bc4be 404fbb16590444ea8f63ae0dba6bc4be] 10.0.0.153 "DELETE /resource_providers/28037b92-357a-488b-93bb-0515056bf171" status: 404 len: 246 microversion: 1.1 [pid: 8|app: 0|req: 559/1115] 10.0.0.153 () {34 vars in 816 bytes} [Sat Jul 25 20:59:54 2026] DELETE /resource_providers/28037b92-357a-488b-93bb-0515056bf171 => generated 246 bytes in 8 msecs (HTTP/1.1 404) 6 headers in 231 bytes (1 switches on core 0)
2026-07-25 20:59:55.501 7 INFO placement.requestlog [None req-0c0ee711-62d1-4b0e-aa7a-49d72da76cd4 - - - - - -] 10.0.0.47 "GET /" status: 200 len: 136 microversion: 1.0
2026-07-25 20:59:55.502 8 INFO placement.requestlog [None req-dce1d426-4054-4c0b-928b-55ab6ba6fab9 - - - - - -] 10.0.0.47 "GET /" status: 200 len: 136 microversion: 1.0
2026-07-25 21:00:05.503 8 INFO placement.requestlog [None req-45932209-d7d5-4c7f-a1ed-405d69813a59 - - - - - -] 10.0.0.47 "GET /" status: 200 len: 136 microversion: 1.0
2026-07-25 21:00:05.509 7 INFO placement.requestlog [None req-39167345-5927-4e5d-8568-dd1a9666bea3 - - - - - -] 10.0.0.47 "GET /" status: 200 len: 136 microversion: 1.0
2026-07-25 21:00:15.502 8 INFO placement.requestlog [None req-970b5c76-ad9f-4dc8-90d8-2f6c2fd4eefd - - - - - -] 10.0.0.47 "GET /" status: 200 len: 136 microversion: 1.0
2026-07-25 21:00:15.502 7 INFO placement.requestlog [None req-17af3891-f14b-41cd-a6f9-20eb25c21eb2 - - - - - -] 10.0.0.47 "GET /" status: 200 len: 136 microversion: 1.0
2026-07-25 21:00:25.501 8 INFO placement.requestlog [None req-1dd254bd-d386-48cc-aa84-5c2bd9dc49c9 - - - - - -] 10.0.0.47 "GET /" status: 200 len: 136 microversion: 1.0
2026-07-25 21:00:25.501 7 INFO placement.requestlog [None req-e3e3c1ef-9536-4cef-b781-8cfdf1a44aaa - - - - - -] 10.0.0.47 "GET /" status: 200 len: 136 microversion: 1.0
2026-07-25 21:00:29.305 8 INFO placement.requestlog [req-2a578050-8aae-479e-9136-841f7d3f5756 req-a74678ee-dce1-4abd-a121-a88534082bef 502a2f9430af4de59cfab4db602b052c 7377c74b4fbb46068e58c5104f99689d - - 404fbb16590444ea8f63ae0dba6bc4be 404fbb16590444ea8f63ae0dba6bc4be] 199.204.45.115 "GET /resource_providers/8af7cc68-2a45-42cd-bc8a-d132b1c85e69/allocations" status: 200 len: 55 microversion: 1.0 [pid: 8|app: 0|req: 564/1124] 199.204.45.115 () {32 vars in 857 bytes} [Sat Jul 25 21:00:29 2026] GET /resource_providers/8af7cc68-2a45-42cd-bc8a-d132b1c85e69/allocations => generated 55 bytes in 14 msecs (HTTP/1.1 200) 6 headers in 223 bytes (1 switches on core 0)
2026-07-25 21:00:29.329 7 INFO placement.requestlog [req-2a578050-8aae-479e-9136-841f7d3f5756 req-1d588610-fb7c-4ae9-ae10-821c86c63efa 502a2f9430af4de59cfab4db602b052c 7377c74b4fbb46068e58c5104f99689d - - 404fbb16590444ea8f63ae0dba6bc4be 404fbb16590444ea8f63ae0dba6bc4be] 199.204.45.115 "GET /resource_providers/8af7cc68-2a45-42cd-bc8a-d132b1c85e69/allocations" status: 200 len: 55 microversion: 1.0 [pid: 7|app: 0|req: 561/1125] 199.204.45.115 () {32 vars in 857 bytes} [Sat Jul 25 21:00:29 2026] GET /resource_providers/8af7cc68-2a45-42cd-bc8a-d132b1c85e69/allocations => generated 55 bytes in 14 msecs (HTTP/1.1 200) 6 headers in 223 bytes (1 switches on core 0)
2026-07-25 21:00:35.501 7 INFO placement.requestlog [None req-34fcaa01-07b9-4ce3-82c1-ec4d8376fbf2 - - - - - -] 10.0.0.47 "GET /" status: 200 len: 136 microversion: 1.0
2026-07-25 21:00:35.501 8 INFO placement.requestlog [None req-b6477e89-ad1d-4d6e-858e-de9c45d9a31f - - - - - -] 10.0.0.47 "GET /" status: 200 len: 136 microversion: 1.0
2026-07-25 21:00:45.501 7 INFO placement.requestlog [None req-d65091e5-727f-443b-927f-e8789e6fadc7 - - - - - -] 10.0.0.47 "GET /" status: 200 len: 136 microversion: 1.0
2026-07-25 21:00:45.501 8 INFO placement.requestlog [None req-4d96711e-5c66-41e7-94f9-066653fd9538 - - - - - -] 10.0.0.47 "GET /" status: 200 len: 136 microversion: 1.0
