2026-07-15 06:08:57.878 8 INFO neutron.common.ovn.utils [None req-636bd093-c057-4d66-9246-dc6d0702ecd9 - - - - - -] HA Chassis Group neutron-823706f5-adb6-4ad1-b3aa-e0f9a2d69a5b synchronized; highest priority chassis 4d7a1937-13f1-49d2-9b5d-069ea7063914 [pid: 7|app: 0|req: 866/1664] 10.0.0.85 () {34 vars in 664 bytes} [Wed Jul 15 06:08:57 2026] POST /v2.0/ports => generated 1506 bytes in 802 msecs (HTTP/1.1 201) 4 headers in 163 bytes (1 switches on core 0)
2026-07-15 06:08:57.883 8 INFO neutron.db.ovn_revision_numbers_db [None req-d6dda20e-80d3-4a7f-8a3f-00a6ed7299ca e6b3337bdc6143c0a4726d04d4e7b8a0 0d246e23f13548999ae26fc3456d6acc - - default default] Successfully bumped revision number for resource 374cf5ae-e22d-49f8-8540-13dfa845c4ee (type: ports) to 2 /var/lib/openstack/lib/python3.12/site-packages/pycadf/identifier.py:70: UserWarning: Invalid uuid: neutron. To ensure interoperability, identifiers should be a valid uuid. warnings.warn(('Invalid uuid: %s. To ensure interoperability, '
2026-07-15 06:08:57.939 8 INFO neutron.db.ovn_revision_numbers_db [None req-d6dda20e-80d3-4a7f-8a3f-00a6ed7299ca e6b3337bdc6143c0a4726d04d4e7b8a0 0d246e23f13548999ae26fc3456d6acc - - default default] Successfully bumped revision number for resource 54cd3879-7a51-4f81-a2d8-021e1bb06bbd (type: subnets) to 0 [pid: 7|app: 0|req: 867/1665] 10.0.0.85 () {32 vars in 720 bytes} [Wed Jul 15 06:08:57 2026] GET /v2.0/routers/9a97cdb6-8d4a-45f2-9e54-21997610997e => generated 962 bytes in 79 msecs (HTTP/1.1 200) 4 headers in 157 bytes (1 switches on core 0)
2026-07-15 06:08:57.966 7 WARNING neutron.db.securitygroups_db [None req-2667364a-5f28-47c3-962d-d95f0b49d5c9 1c2db2a627fc43c2820da515903d6096 e4c40ceefa6942449a31bc419ab32f09 - - default default] project_id key not found in filters, using tenant_id instead. This support has been deprecated and will be removed in a future release. [pid: 8|app: 0|req: 799/1666] 10.0.0.85 () {34 vars in 668 bytes} [Wed Jul 15 06:08:57 2026] POST /v2.0/subnets => generated 626 bytes in 777 msecs (HTTP/1.1 201) 4 headers in 162 bytes (1 switches on core 0)
2026-07-15 06:08:58.032 8 INFO neutron.db.ovn_revision_numbers_db [None req-636bd093-c057-4d66-9246-dc6d0702ecd9 - - - - - -] Successfully bumped revision number for resource 4182d995-b170-461e-b8ff-0320d4d60e37 (type: router_ports) to 2
2026-07-15 06:08:58.035 8 ERROR ovsdbapp.event [None req-636bd093-c057-4d66-9246-dc6d0702ecd9 - - - - - -] Unexpected exception in notify_loop: AttributeError: 'NoneType' object has no attribute 'external_ids'
2026-07-15 06:08:58.035 8 ERROR ovsdbapp.event
Traceback (most recent call last):
2026-07-15 06:08:58.035 8 ERROR ovsdbapp.event
File "/var/lib/openstack/lib/python3.12/site-packages/ovsdbapp/event.py", line 185, in notify_loop
2026-07-15 06:08:58.035 8 ERROR ovsdbapp.event match.run(event, row, updates)
2026-07-15 06:08:58.035 8 ERROR ovsdbapp.event
File "/var/lib/openstack/lib/python3.12/site-packages/neutron/services/ovn_l3/ovsdb_monitor.py", line 91, in run
2026-07-15 06:08:58.035 8 ERROR ovsdbapp.event self.l3_plugin._ovn_client.link_network_ha_chassis_group(
2026-07-15 06:08:58.035 8 ERROR ovsdbapp.event
File "/var/lib/openstack/lib/python3.12/site-packages/neutron/plugins/ml2/drivers/ovn/mech_driver/ovsdb/ovn_client.py", line 2487, in link_network_ha_chassis_group
2026-07-15 06:08:58.035 8 ERROR ovsdbapp.event hcg, _ = utils.sync_ha_chassis_group_network_unified(
2026-07-15 06:08:58.035 8 ERROR ovsdbapp.event ^^^^^^^^^^^^^^^^^^^^^^^^^^^^^^^^^^^^^^^^^^^^
2026-07-15 06:08:58.035 8 ERROR ovsdbapp.event
File "/var/lib/openstack/lib/python3.12/site-packages/neutron/common/ovn/utils.py", line 235, in wrapped
2026-07-15 06:08:58.035 8 ERROR ovsdbapp.event return f(*args, **kwargs)
2026-07-15 06:08:58.035 8 ERROR ovsdbapp.event ^^^^^^^^^^^^^^^^^^
2026-07-15 06:08:58.035 8 ERROR ovsdbapp.event
File "/var/lib/openstack/lib/python3.12/site-packages/neutron/common/ovn/utils.py", line 1366, in sync_ha_chassis_group_network_unified
2026-07-15 06:08:58.035 8 ERROR ovsdbapp.event physnet = ls.external_ids.get(constants.OVN_PHYSNET_EXT_ID_KEY)
2026-07-15 06:08:58.035 8 ERROR ovsdbapp.event ^^^^^^^^^^^^^^^
2026-07-15 06:08:58.035 8 ERROR ovsdbapp.event AttributeError: 'NoneType' object has no attribute 'external_ids'
2026-07-15 06:08:58.035 8 ERROR ovsdbapp.event
2026-07-15 06:08:58.098 7 INFO neutron.db.ovn_revision_numbers_db [None req-2667364a-5f28-47c3-962d-d95f0b49d5c9 1c2db2a627fc43c2820da515903d6096 e4c40ceefa6942449a31bc419ab32f09 - - default default] Successfully bumped revision number for resource 08934e08-8d92-497d-9517-30cc74195ef7 (type: security_groups) to 1
2026-07-15 06:08:58.107 7 INFO neutron.db.ovn_revision_numbers_db [None req-2667364a-5f28-47c3-962d-d95f0b49d5c9 1c2db2a627fc43c2820da515903d6096 e4c40ceefa6942449a31bc419ab32f09 - - default default] Successfully bumped revision number for resource 63956ec8-8928-47c6-b8b0-254dc79137e4 (type: security_group_rules) to 0
2026-07-15 06:08:58.118 7 INFO neutron.db.ovn_revision_numbers_db [None req-2667364a-5f28-47c3-962d-d95f0b49d5c9 1c2db2a627fc43c2820da515903d6096 e4c40ceefa6942449a31bc419ab32f09 - - default default] Successfully bumped revision number for resource 88febc07-df2f-4fbb-a4a7-bde6930a5d57 (type: security_group_rules) to 0
2026-07-15 06:08:58.130 7 INFO neutron.db.ovn_revision_numbers_db [None req-2667364a-5f28-47c3-962d-d95f0b49d5c9 1c2db2a627fc43c2820da515903d6096 e4c40ceefa6942449a31bc419ab32f09 - - default default] Successfully bumped revision number for resource ed9802c7-e840-4bfb-86eb-884c3357f98e (type: security_group_rules) to 0
2026-07-15 06:08:58.136 8 INFO neutron.plugins.ml2.drivers.ovn.mech_driver.mech_driver [None req-636bd093-c057-4d66-9246-dc6d0702ecd9 - - - - - -] OVN reports status down for port: e31d18ea-4ea1-436d-a241-90a9950e69be
2026-07-15 06:08:58.142 7 INFO neutron.db.ovn_revision_numbers_db [None req-2667364a-5f28-47c3-962d-d95f0b49d5c9 1c2db2a627fc43c2820da515903d6096 e4c40ceefa6942449a31bc419ab32f09 - - default default] Successfully bumped revision number for resource ee43f826-4afe-4545-a015-0d3fa7554428 (type: security_group_rules) to 0
2026-07-15 06:08:58.154 8 INFO neutron.plugins.ml2.drivers.ovn.mech_driver.mech_driver [None req-636bd093-c057-4d66-9246-dc6d0702ecd9 - - - - - -] OVN reports status down for port: 6aab2d88-80f2-432e-a5a7-bf5942708d2b
2026-07-15 06:08:58.166 8 INFO neutron.plugins.ml2.drivers.ovn.mech_driver.mech_driver [None req-636bd093-c057-4d66-9246-dc6d0702ecd9 - - - - - -] OVN reports status down for port: 29cce782-6b18-47d9-a497-6a9725f0be5f [pid: 7|app: 0|req: 868/1667] 10.0.0.85 () {32 vars in 773 bytes} [Wed Jul 15 06:08:57 2026] GET /v2.0/security-groups?tenant_id=c4d5d9a967504bad809d0168963c6718&name=default => generated 2925 bytes in 212 msecs (HTTP/1.1 200) 4 headers in 158 bytes (1 switches on core 0) [pid: 8|app: 0|req: 800/1668] 10.0.0.85 () {32 vars in 642 bytes} [Wed Jul 15 06:08:57 2026] GET /v2.0/ports => generated 3018 bytes in 223 msecs (HTTP/1.1 200) 4 headers in 158 bytes (1 switches on core 0)
2026-07-15 06:08:58.270 8 INFO neutron.plugins.ml2.drivers.ovn.mech_driver.mech_driver [None req-636bd093-c057-4d66-9246-dc6d0702ecd9 - - - - - -] OVN reports status down for port: 5af31dc4-63c9-47a9-9f51-87cd0098d26b
2026-07-15 06:08:58.384 8 INFO neutron.plugins.ml2.drivers.ovn.mech_driver.mech_driver [None req-636bd093-c057-4d66-9246-dc6d0702ecd9 - - - - - -] OVN reports status down for port: c2afe81c-491e-48bd-984c-2463fea00506
2026-07-15 06:08:58.491 7 INFO neutron.services.segments.plugin [-] Segment 4de24946-fd2b-4257-a5fe-3b862de815d6 resource provider aggregate not found
2026-07-15 06:08:58.494 7 INFO neutron.services.segments.plugin [-] Segment 4de24946-fd2b-4257-a5fe-3b862de815d6 resource provider aggregate not found
2026-07-15 06:08:58.516 7 INFO neutron.services.segments.plugin [-] Client error retrieving segment 4de24946-fd2b-4257-a5fe-3b862de815d6 resource provider; error: Placement Client Error (4xx): {"errors": [{"status": 404, "title": "Not Found", "detail": "The resource could not be found.\n\n No resource provider with uuid 4de24946-fd2b-4257-a5fe-3b862de815d6 found for delete ", "request_id": "req-ae1e5e28-3a11-4a60-9bb5-70f6cdbe6ead"}]}
2026-07-15 06:08:58.517 7 INFO neutron.services.segments.plugin [-] Client error retrieving segment 4de24946-fd2b-4257-a5fe-3b862de815d6 resource provider; error: Placement Client Error (4xx): {"errors": [{"status": 404, "title": "Not Found", "detail": "The resource could not be found.\n\n No resource provider with uuid 4de24946-fd2b-4257-a5fe-3b862de815d6 found for delete ", "request_id": "req-6a5f937c-6d64-4bed-8582-84ff7b95b89e"}]}
2026-07-15 06:08:58.558 8 INFO neutron.db.ovn_revision_numbers_db [None req-4027aa5f-51cf-42c1-b3b4-71f587f5ad4d e6b3337bdc6143c0a4726d04d4e7b8a0 0d246e23f13548999ae26fc3456d6acc - - default default] Successfully bumped revision number for resource 54cd3879-7a51-4f81-a2d8-021e1bb06bbd (type: subnets) to 1 [pid: 8|app: 0|req: 801/1669] 10.0.0.85 () {34 vars in 740 bytes} [Wed Jul 15 06:08:58 2026] PUT /v2.0/subnets/54cd3879-7a51-4f81-a2d8-021e1bb06bbd => generated 636 bytes in 369 msecs (HTTP/1.1 200) 4 headers in 157 bytes (1 switches on core 0) [pid: 8|app: 0|req: 802/1670] 10.0.0.85 () {32 vars in 739 bytes} [Wed Jul 15 06:08:58 2026] DELETE /v2.0/security-groups/08934e08-8d92-497d-9517-30cc74195ef7 => generated 0 bytes in 217 msecs (HTTP/1.1 204) 2 headers in 112 bytes (1 switches on core 0)
2026-07-15 06:08:58.861 7 INFO neutron.db.ovn_revision_numbers_db [None req-fec713d1-412e-4f2b-83ad-b1cbe02f8332 fd62179a5ffb4a56ba4fb1ddef4994ab d5c348c9287f4dc4ae19b711bc115784 - - default default] Successfully bumped revision number for resource 9a97cdb6-8d4a-45f2-9e54-21997610997e (type: routers) to 5 [pid: 7|app: 0|req: 869/1671] 10.0.0.85 () {34 vars in 741 bytes} [Wed Jul 15 06:08:58 2026] PUT /v2.0/routers/9a97cdb6-8d4a-45f2-9e54-21997610997e => generated 962 bytes in 695 msecs (HTTP/1.1 200) 4 headers in 157 bytes (1 switches on core 0)
2026-07-15 06:08:58.903 8 INFO neutron_taas.services.taas.taas_plugin [None req-f1f87dde-017a-42b3-86bd-80dd8e5007dc e163fae80ef14f6b8cf4bebf9630d9b2 737a0293328647f987a6a702793440bf - - default default] TaaS: Handle Delete Port: c2afe81c-491e-48bd-984c-2463fea00506
2026-07-15 06:08:58.907 8 INFO neutron_taas.services.taas.tap_mirror_plugin [None req-f1f87dde-017a-42b3-86bd-80dd8e5007dc e163fae80ef14f6b8cf4bebf9630d9b2 737a0293328647f987a6a702793440bf - - default default] Tap Mirror: Handle Delete Port: c2afe81c-491e-48bd-984c-2463fea00506
2026-07-15 06:08:59.042 7 INFO neutron_taas.services.taas.taas_plugin [None req-cc2c4fd4-43c1-4c8e-9869-6e3e2374ee8c e6b3337bdc6143c0a4726d04d4e7b8a0 0d246e23f13548999ae26fc3456d6acc - - default default] TaaS: Handle Delete Port: 374cf5ae-e22d-49f8-8540-13dfa845c4ee
2026-07-15 06:08:59.045 7 INFO neutron_taas.services.taas.tap_mirror_plugin [None req-cc2c4fd4-43c1-4c8e-9869-6e3e2374ee8c e6b3337bdc6143c0a4726d04d4e7b8a0 0d246e23f13548999ae26fc3456d6acc - - default default] Tap Mirror: Handle Delete Port: 374cf5ae-e22d-49f8-8540-13dfa845c4ee [pid: 8|app: 0|req: 803/1672] 10.0.0.85 () {32 vars in 719 bytes} [Wed Jul 15 06:08:58 2026] DELETE /v2.0/ports/c2afe81c-491e-48bd-984c-2463fea00506 => generated 0 bytes in 274 msecs (HTTP/1.1 204) 3 headers in 131 bytes (1 switches on core 0) [pid: 8|app: 0|req: 804/1673] 10.0.0.85 () {32 vars in 735 bytes} [Wed Jul 15 06:08:59 2026] GET /v2.0/ports?device_id=9a97cdb6-8d4a-45f2-9e54-21997610997e => generated 946 bytes in 60 msecs (HTTP/1.1 200) 4 headers in 157 bytes (1 switches on core 0)
2026-07-15 06:08:59.119 8 WARNING neutron.db.securitygroups_db [None req-c9366d43-1a5f-43ab-b76f-3233947b401d 1c2db2a627fc43c2820da515903d6096 e4c40ceefa6942449a31bc419ab32f09 - - default default] project_id key not found in filters, using tenant_id instead. This support has been deprecated and will be removed in a future release.
2026-07-15 06:08:59.243 8 INFO neutron.db.ovn_revision_numbers_db [None req-c9366d43-1a5f-43ab-b76f-3233947b401d 1c2db2a627fc43c2820da515903d6096 e4c40ceefa6942449a31bc419ab32f09 - - default default] Successfully bumped revision number for resource 8784c49b-0153-407d-9213-5d13e13b6b01 (type: security_groups) to 1
2026-07-15 06:08:59.257 8 INFO neutron.db.ovn_revision_numbers_db [None req-c9366d43-1a5f-43ab-b76f-3233947b401d 1c2db2a627fc43c2820da515903d6096 e4c40ceefa6942449a31bc419ab32f09 - - default default] Successfully bumped revision number for resource 41a1a7bb-d14f-4817-bde9-1965e59aa639 (type: security_group_rules) to 0
2026-07-15 06:08:59.270 8 INFO neutron.db.ovn_revision_numbers_db [None req-c9366d43-1a5f-43ab-b76f-3233947b401d 1c2db2a627fc43c2820da515903d6096 e4c40ceefa6942449a31bc419ab32f09 - - default default] Successfully bumped revision number for resource 93ff9bd1-8119-4faa-b1ab-ac843a2fc79a (type: security_group_rules) to 0
2026-07-15 06:08:59.286 8 INFO neutron.db.ovn_revision_numbers_db [None req-c9366d43-1a5f-43ab-b76f-3233947b401d 1c2db2a627fc43c2820da515903d6096 e4c40ceefa6942449a31bc419ab32f09 - - default default] Successfully bumped revision number for resource 9d190bf4-6851-4901-b6d4-7ce431779311 (type: security_group_rules) to 0
2026-07-15 06:08:59.297 8 INFO neutron.db.ovn_revision_numbers_db [None req-c9366d43-1a5f-43ab-b76f-3233947b401d 1c2db2a627fc43c2820da515903d6096 e4c40ceefa6942449a31bc419ab32f09 - - default default] Successfully bumped revision number for resource ee9b3f18-a546-4ff6-80fd-abeb519bf027 (type: security_group_rules) to 0 [pid: 8|app: 0|req: 805/1674] 10.0.0.85 () {32 vars in 773 bytes} [Wed Jul 15 06:08:59 2026] GET /v2.0/security-groups?tenant_id=912c544c0b594099962a14f8bd6757fc&name=default => generated 2925 bytes in 229 msecs (HTTP/1.1 200) 4 headers in 158 bytes (1 switches on core 0) [pid: 7|app: 0|req: 870/1675] 10.0.0.85 () {32 vars in 725 bytes} [Wed Jul 15 06:08:58 2026] DELETE /v2.0/networks/d6cdc3b2-f330-4ce0-984f-b3c1c3aa7b4c => generated 0 bytes in 535 msecs (HTTP/1.1 204) 3 headers in 131 bytes (1 switches on core 0)
2026-07-15 06:08:59.456 8 INFO neutron_taas.services.taas.taas_plugin [None req-7c0da881-27cd-45a7-87dd-8f2716613ef0 e163fae80ef14f6b8cf4bebf9630d9b2 737a0293328647f987a6a702793440bf - - default default] TaaS: Handle Delete Port: dc308381-4dca-4a39-9e04-c73a2f789565
2026-07-15 06:08:59.459 8 INFO neutron_taas.services.taas.tap_mirror_plugin [None req-7c0da881-27cd-45a7-87dd-8f2716613ef0 e163fae80ef14f6b8cf4bebf9630d9b2 737a0293328647f987a6a702793440bf - - default default] Tap Mirror: Handle Delete Port: dc308381-4dca-4a39-9e04-c73a2f789565 [pid: 8|app: 0|req: 806/1676] 10.0.0.85 () {32 vars in 719 bytes} [Wed Jul 15 06:08:59 2026] DELETE /v2.0/ports/dc308381-4dca-4a39-9e04-c73a2f789565 => generated 0 bytes in 222 msecs (HTTP/1.1 204) 3 headers in 131 bytes (1 switches on core 0)
2026-07-15 06:08:59.684 7 INFO neutron_taas.services.taas.taas_plugin [None req-b9745bbc-f64c-4fa8-b769-3967b7ae41b5 fd62179a5ffb4a56ba4fb1ddef4994ab d5c348c9287f4dc4ae19b711bc115784 - - default default] TaaS: Handle Delete Port: 4182d995-b170-461e-b8ff-0320d4d60e37
2026-07-15 06:08:59.687 7 INFO neutron_taas.services.taas.tap_mirror_plugin [None req-b9745bbc-f64c-4fa8-b769-3967b7ae41b5 fd62179a5ffb4a56ba4fb1ddef4994ab d5c348c9287f4dc4ae19b711bc115784 - - default default] Tap Mirror: Handle Delete Port: 4182d995-b170-461e-b8ff-0320d4d60e37 [pid: 8|app: 0|req: 807/1677] 10.0.0.85 () {32 vars in 739 bytes} [Wed Jul 15 06:08:59 2026] DELETE /v2.0/security-groups/8784c49b-0153-407d-9213-5d13e13b6b01 => generated 0 bytes in 166 msecs (HTTP/1.1 204) 2 headers in 112 bytes (1 switches on core 0)
2026-07-15 06:08:59.746 8 INFO neutron.pecan_wsgi.hooks.translation [None req-f48a90f6-2acf-40bc-a8bd-87a8680f9833 e6b3337bdc6143c0a4726d04d4e7b8a0 0d246e23f13548999ae26fc3456d6acc - - default default] DELETE failed (client error): The resource could not be found. [pid: 8|app: 0|req: 808/1678] 10.0.0.85 () {32 vars in 725 bytes} [Wed Jul 15 06:08:59 2026] DELETE /v2.0/networks/d6cdc3b2-f330-4ce0-984f-b3c1c3aa7b4c => generated 138 bytes in 14 msecs (HTTP/1.1 404) 4 headers in 164 bytes (1 switches on core 0) [pid: 8|app: 0|req: 809/1679] 10.0.0.85 () {32 vars in 642 bytes} [Wed Jul 15 06:08:59 2026] GET /v2.0/ports => generated 1523 bytes in 35 msecs (HTTP/1.1 200) 4 headers in 158 bytes (1 switches on core 0) [pid: 8|app: 0|req: 810/1680] 10.0.0.85 () {32 vars in 693 bytes} [Wed Jul 15 06:08:59 2026] GET /v2.0/networks?router%3Aexternal=True => generated 689 bytes in 51 msecs (HTTP/1.1 200) 4 headers in 157 bytes (1 switches on core 0)
2026-07-15 06:08:59.937 8 INFO neutron.db.segments_db [None req-7dc80712-34ca-4d3a-b85c-eff8cf9e4a2e e163fae80ef14f6b8cf4bebf9630d9b2 737a0293328647f987a6a702793440bf - - default default] Added segment c45a0167-ba55-460a-ba65-e89df6a26e97 of type geneve for network a4b2a567-828e-4138-a252-4e035371b5e9
2026-07-15 06:09:00.071 8 INFO neutron.db.ovn_revision_numbers_db [None req-7dc80712-34ca-4d3a-b85c-eff8cf9e4a2e e163fae80ef14f6b8cf4bebf9630d9b2 737a0293328647f987a6a702793440bf - - default default] Successfully bumped revision number for resource a4b2a567-828e-4138-a252-4e035371b5e9 (type: networks) to 1 [pid: 7|app: 0|req: 871/1681] 10.0.0.85 () {34 vars in 788 bytes} [Wed Jul 15 06:08:59 2026] PUT /v2.0/routers/9a97cdb6-8d4a-45f2-9e54-21997610997e/remove_router_interface => generated 310 bytes in 754 msecs (HTTP/1.1 200) 4 headers in 157 bytes (1 switches on core 0) /var/lib/openstack/lib/python3.12/site-packages/pycadf/identifier.py:70: UserWarning: Invalid uuid: neutron. To ensure interoperability, identifiers should be a valid uuid. warnings.warn(('Invalid uuid: %s. To ensure interoperability, ' [pid: 7|app: 0|req: 872/1682] 10.0.0.85 () {32 vars in 741 bytes} [Wed Jul 15 06:09:00 2026] GET /v2.0/subnets?network_id=0c87e584-60ea-41fe-aa3f-91827559531d => generated 649 bytes in 29 msecs (HTTP/1.1 200) 4 headers in 157 bytes (1 switches on core 0)
2026-07-15 06:09:00.273 8 WARNING neutron.scheduler.dhcp_agent_scheduler [None req-7dc80712-34ca-4d3a-b85c-eff8cf9e4a2e e163fae80ef14f6b8cf4bebf9630d9b2 737a0293328647f987a6a702793440bf - - default default] No more DHCP agents
2026-07-15 06:09:00.274 8 WARNING neutron.api.rpc.agentnotifiers.dhcp_rpc_agent_api [None req-7dc80712-34ca-4d3a-b85c-eff8cf9e4a2e e163fae80ef14f6b8cf4bebf9630d9b2 737a0293328647f987a6a702793440bf - - default default] Unable to schedule network a4b2a567-828e-4138-a252-4e035371b5e9: no agents available; will retry on subsequent port and subnet creation events.
2026-07-15 06:09:00.330 8 INFO neutron.plugins.ml2.drivers.ovn.mech_driver.mech_driver [None req-636bd093-c057-4d66-9246-dc6d0702ecd9 - - - - - -] OVN reports status down for port: 8a8ec0df-af8c-42aa-a682-4bbcfcedbe00
2026-07-15 06:09:00.383 8 INFO neutron.db.ovn_revision_numbers_db [None req-7dc80712-34ca-4d3a-b85c-eff8cf9e4a2e e163fae80ef14f6b8cf4bebf9630d9b2 737a0293328647f987a6a702793440bf - - default default] Successfully bumped revision number for resource 8a8ec0df-af8c-42aa-a682-4bbcfcedbe00 (type: ports) to 1 [pid: 8|app: 0|req: 811/1683] 10.0.0.85 () {34 vars in 669 bytes} [Wed Jul 15 06:08:59 2026] POST /v2.0/networks => generated 688 bytes in 581 msecs (HTTP/1.1 201) 4 headers in 162 bytes (1 switches on core 0) [pid: 8|app: 0|req: 812/1684] 10.0.0.85 () {32 vars in 652 bytes} [Wed Jul 15 06:09:00 2026] GET /v2.0/extensions => generated 22668 bytes in 11 msecs (HTTP/1.1 200) 4 headers in 159 bytes (1 switches on core 0)
2026-07-15 06:09:00.521 8 INFO neutron.db.segments_db [None req-3eda4df2-eb32-42df-a691-d76a83fbef99 e163fae80ef14f6b8cf4bebf9630d9b2 737a0293328647f987a6a702793440bf - - default default] Added segment 76dbd675-35be-4c3a-83a7-b1559b47d65d of type geneve for network 41df419d-c18f-462a-bbe9-1b33e7e5d6d3
2026-07-15 06:09:00.543 7 INFO neutron.services.segments.plugin [-] Segment b3458f0b-fbd9-436f-922b-fb9a912d4f57 resource provider aggregate not found
2026-07-15 06:09:00.544 7 INFO neutron.services.segments.plugin [-] Segment b3458f0b-fbd9-436f-922b-fb9a912d4f57 resource provider aggregate not found
2026-07-15 06:09:00.558 7 INFO neutron_taas.services.taas.taas_plugin [None req-148e7c0c-efc4-46de-b503-3fd3425b61ec fd62179a5ffb4a56ba4fb1ddef4994ab d5c348c9287f4dc4ae19b711bc115784 - - default default] TaaS: Handle Delete Port: 920938f8-9d2a-4c81-801d-99bff340dbf5
2026-07-15 06:09:00.564 7 INFO neutron.services.segments.plugin [-] Client error retrieving segment b3458f0b-fbd9-436f-922b-fb9a912d4f57 resource provider; error: Placement Client Error (4xx): {"errors": [{"status": 404, "title": "Not Found", "detail": "The resource could not be found.\n\n No resource provider with uuid b3458f0b-fbd9-436f-922b-fb9a912d4f57 found for delete ", "request_id": "req-453ad3ea-bd7e-4db3-af35-16462487f832"}]}
2026-07-15 06:09:00.565 7 INFO neutron_taas.services.taas.tap_mirror_plugin [None req-148e7c0c-efc4-46de-b503-3fd3425b61ec fd62179a5ffb4a56ba4fb1ddef4994ab d5c348c9287f4dc4ae19b711bc115784 - - default default] Tap Mirror: Handle Delete Port: 920938f8-9d2a-4c81-801d-99bff340dbf5
2026-07-15 06:09:00.569 7 INFO neutron.services.segments.plugin [-] Client error retrieving segment b3458f0b-fbd9-436f-922b-fb9a912d4f57 resource provider; error: Placement Client Error (4xx): {"errors": [{"status": 404, "title": "Not Found", "detail": "The resource could not be found.\n\n No resource provider with uuid b3458f0b-fbd9-436f-922b-fb9a912d4f57 found for delete ", "request_id": "req-f0840e49-3057-418e-bdc9-7bf19f8437ff"}]}
2026-07-15 06:09:00.647 8 INFO neutron.db.ovn_revision_numbers_db [None req-3eda4df2-eb32-42df-a691-d76a83fbef99 e163fae80ef14f6b8cf4bebf9630d9b2 737a0293328647f987a6a702793440bf - - default default] Successfully bumped revision number for resource 41df419d-c18f-462a-bbe9-1b33e7e5d6d3 (type: networks) to 1
2026-07-15 06:09:00.832 8 WARNING neutron.scheduler.dhcp_agent_scheduler [None req-3eda4df2-eb32-42df-a691-d76a83fbef99 e163fae80ef14f6b8cf4bebf9630d9b2 737a0293328647f987a6a702793440bf - - default default] No more DHCP agents
2026-07-15 06:09:00.833 8 WARNING neutron.api.rpc.agentnotifiers.dhcp_rpc_agent_api [None req-3eda4df2-eb32-42df-a691-d76a83fbef99 e163fae80ef14f6b8cf4bebf9630d9b2 737a0293328647f987a6a702793440bf - - default default] Unable to schedule network 41df419d-c18f-462a-bbe9-1b33e7e5d6d3: no agents available; will retry on subsequent port and subnet creation events.
2026-07-15 06:09:00.888 8 INFO neutron.plugins.ml2.drivers.ovn.mech_driver.mech_driver [None req-636bd093-c057-4d66-9246-dc6d0702ecd9 - - - - - -] OVN reports status down for port: 25f53ce0-4b15-4eae-9637-5b0a293e9a46
2026-07-15 06:09:00.942 8 INFO neutron.db.ovn_revision_numbers_db [None req-3eda4df2-eb32-42df-a691-d76a83fbef99 e163fae80ef14f6b8cf4bebf9630d9b2 737a0293328647f987a6a702793440bf - - default default] Successfully bumped revision number for resource 25f53ce0-4b15-4eae-9637-5b0a293e9a46 (type: ports) to 1 [pid: 8|app: 0|req: 813/1685] 10.0.0.85 () {34 vars in 669 bytes} [Wed Jul 15 06:09:00 2026] POST /v2.0/networks => generated 688 bytes in 545 msecs (HTTP/1.1 201) 4 headers in 162 bytes (1 switches on core 0) [pid: 8|app: 0|req: 814/1686] 10.0.0.85 () {32 vars in 648 bytes} [Wed Jul 15 06:09:00 2026] GET /v2.0/networks => generated 1384 bytes in 54 msecs (HTTP/1.1 200) 4 headers in 158 bytes (1 switches on core 0)
2026-07-15 06:09:01.297 8 WARNING neutron.scheduler.dhcp_agent_scheduler [None req-d19dc3b6-9065-4ab6-b019-c3724564b35f e163fae80ef14f6b8cf4bebf9630d9b2 737a0293328647f987a6a702793440bf - - default default] No more DHCP agents
2026-07-15 06:09:01.298 8 WARNING neutron.api.rpc.agentnotifiers.dhcp_rpc_agent_api [None req-d19dc3b6-9065-4ab6-b019-c3724564b35f e163fae80ef14f6b8cf4bebf9630d9b2 737a0293328647f987a6a702793440bf - - default default] Unable to schedule network a4b2a567-828e-4138-a252-4e035371b5e9: no agents available; will retry on subsequent port and subnet creation events. [pid: 7|app: 0|req: 873/1687] 10.0.0.85 () {32 vars in 723 bytes} [Wed Jul 15 06:09:00 2026] DELETE /v2.0/routers/9a97cdb6-8d4a-45f2-9e54-21997610997e => generated 0 bytes in 1217 msecs (HTTP/1.1 204) 2 headers in 112 bytes (1 switches on core 0) [pid: 7|app: 0|req: 874/1688] 10.0.0.85 () {32 vars in 646 bytes} [Wed Jul 15 06:09:01 2026] GET /v2.0/subnets => generated 1280 bytes in 26 msecs (HTTP/1.1 200) 4 headers in 158 bytes (1 switches on core 0) [pid: 7|app: 0|req: 875/1689] 10.0.0.85 () {32 vars in 723 bytes} [Wed Jul 15 06:09:01 2026] DELETE /v2.0/subnets/50efd6b9-c2dc-4a71-8e76-c4bc21c98430 => generated 0 bytes in 173 msecs (HTTP/1.1 204) 3 headers in 131 bytes (1 switches on core 0) [pid: 7|app: 0|req: 876/1690] 10.0.0.85 () {32 vars in 722 bytes} [Wed Jul 15 06:09:01 2026] GET /v2.0/networks/22b51152-fbb5-4d3b-b9d4-f1805556d08a => generated 706 bytes in 46 msecs (HTTP/1.1 200) 4 headers in 157 bytes (1 switches on core 0)
2026-07-15 06:09:01.777 8 INFO neutron.db.ovn_revision_numbers_db [None req-d19dc3b6-9065-4ab6-b019-c3724564b35f e163fae80ef14f6b8cf4bebf9630d9b2 737a0293328647f987a6a702793440bf - - default default] Successfully bumped revision number for resource 8a8ec0df-af8c-42aa-a682-4bbcfcedbe00 (type: ports) to 2
2026-07-15 06:09:01.786 7 INFO neutron_taas.services.taas.taas_plugin [None req-05f1eab2-5aeb-4450-a53a-e1167e42172b fd62179a5ffb4a56ba4fb1ddef4994ab d5c348c9287f4dc4ae19b711bc115784 - - default default] TaaS: Handle Delete Port: 751302f1-1480-4cd2-ac8b-0e9c83b5da85
2026-07-15 06:09:01.788 7 INFO neutron_taas.services.taas.tap_mirror_plugin [None req-05f1eab2-5aeb-4450-a53a-e1167e42172b fd62179a5ffb4a56ba4fb1ddef4994ab d5c348c9287f4dc4ae19b711bc115784 - - default default] Tap Mirror: Handle Delete Port: 751302f1-1480-4cd2-ac8b-0e9c83b5da85
2026-07-15 06:09:01.818 8 INFO neutron.db.ovn_revision_numbers_db [None req-d19dc3b6-9065-4ab6-b019-c3724564b35f e163fae80ef14f6b8cf4bebf9630d9b2 737a0293328647f987a6a702793440bf - - default default] Successfully bumped revision number for resource 9bac60b9-1d8f-4931-80cf-d025a57875e6 (type: subnets) to 0
2026-07-15 06:09:01.846 8 WARNING neutron.scheduler.dhcp_agent_scheduler [None req-d19dc3b6-9065-4ab6-b019-c3724564b35f e163fae80ef14f6b8cf4bebf9630d9b2 737a0293328647f987a6a702793440bf - - default default] No more DHCP agents
2026-07-15 06:09:01.848 8 WARNING neutron.api.rpc.agentnotifiers.dhcp_rpc_agent_api [None req-d19dc3b6-9065-4ab6-b019-c3724564b35f e163fae80ef14f6b8cf4bebf9630d9b2 737a0293328647f987a6a702793440bf - - default default] Unable to schedule network 41df419d-c18f-462a-bbe9-1b33e7e5d6d3: no agents available; will retry on subsequent port and subnet creation events. [pid: 7|app: 0|req: 877/1691] 10.0.0.85 () {32 vars in 725 bytes} [Wed Jul 15 06:09:01 2026] DELETE /v2.0/networks/823706f5-adb6-4ad1-b3aa-e0f9a2d69a5b => generated 0 bytes in 372 msecs (HTTP/1.1 204) 3 headers in 131 bytes (1 switches on core 0) [pid: 7|app: 0|req: 878/1692] 10.0.0.85 () {32 vars in 720 bytes} [Wed Jul 15 06:09:02 2026] GET /v2.0/subnets/3ba53350-6a1f-48fc-b845-6fff24b0b6c9 => generated 641 bytes in 26 msecs (HTTP/1.1 200) 4 headers in 157 bytes (1 switches on core 0)
2026-07-15 06:09:02.083 7 INFO neutron.pecan_wsgi.hooks.translation [None req-0d27d4d1-9654-4d4b-8597-63048b2eee4c e6b3337bdc6143c0a4726d04d4e7b8a0 0d246e23f13548999ae26fc3456d6acc - - default default] DELETE failed (client error): The resource could not be found. [pid: 7|app: 0|req: 879/1693] 10.0.0.85 () {32 vars in 723 bytes} [Wed Jul 15 06:09:02 2026] DELETE /v2.0/subnets/54cd3879-7a51-4f81-a2d8-021e1bb06bbd => generated 136 bytes in 29 msecs (HTTP/1.1 404) 4 headers in 164 bytes (1 switches on core 0)
2026-07-15 06:09:02.103 7 INFO neutron.pecan_wsgi.hooks.translation [None req-40d395dc-00fa-4fde-83b6-df4751bc1565 e6b3337bdc6143c0a4726d04d4e7b8a0 0d246e23f13548999ae26fc3456d6acc - - default default] DELETE failed (client error): The resource could not be found. [pid: 7|app: 0|req: 880/1694] 10.0.0.85 () {32 vars in 725 bytes} [Wed Jul 15 06:09:02 2026] DELETE /v2.0/networks/d6cdc3b2-f330-4ce0-984f-b3c1c3aa7b4c => generated 138 bytes in 16 msecs (HTTP/1.1 404) 4 headers in 164 bytes (1 switches on core 0) [pid: 7|app: 0|req: 881/1695] 10.0.0.85 () {32 vars in 723 bytes} [Wed Jul 15 06:09:02 2026] DELETE /v2.0/subnets/3ba53350-6a1f-48fc-b845-6fff24b0b6c9 => generated 0 bytes in 171 msecs (HTTP/1.1 204) 3 headers in 131 bytes (1 switches on core 0)
2026-07-15 06:09:02.307 8 INFO neutron.db.ovn_revision_numbers_db [None req-d19dc3b6-9065-4ab6-b019-c3724564b35f e163fae80ef14f6b8cf4bebf9630d9b2 737a0293328647f987a6a702793440bf - - default default] Successfully bumped revision number for resource 25f53ce0-4b15-4eae-9637-5b0a293e9a46 (type: ports) to 2
2026-07-15 06:09:02.350 8 INFO neutron.db.ovn_revision_numbers_db [None req-d19dc3b6-9065-4ab6-b019-c3724564b35f e163fae80ef14f6b8cf4bebf9630d9b2 737a0293328647f987a6a702793440bf - - default default] Successfully bumped revision number for resource 2d2ef1dc-1035-446c-8976-2d7641b87f4e (type: subnets) to 0 [pid: 8|app: 0|req: 815/1696] 10.0.0.85 () {34 vars in 668 bytes} [Wed Jul 15 06:09:01 2026] POST /v2.0/subnets => generated 1274 bytes in 1342 msecs (HTTP/1.1 201) 4 headers in 163 bytes (1 switches on core 0) [pid: 8|app: 0|req: 818/1699] 10.0.0.85 () {32 vars in 646 bytes} [Wed Jul 15 06:09:02 2026] GET /v2.0/subnets => generated 1910 bytes in 49 msecs (HTTP/1.1 200) 4 headers in 158 bytes (1 switches on core 0)
2026-07-15 06:09:02.440 7 INFO neutron_taas.services.taas.taas_plugin [None req-3295004d-bded-42f9-a51d-c32c6ceb25ea e6b3337bdc6143c0a4726d04d4e7b8a0 0d246e23f13548999ae26fc3456d6acc - - default default] TaaS: Handle Delete Port: ae176e8a-6ab4-4bb4-a118-d409ba00efe6
2026-07-15 06:09:02.443 7 INFO neutron_taas.services.taas.tap_mirror_plugin [None req-3295004d-bded-42f9-a51d-c32c6ceb25ea e6b3337bdc6143c0a4726d04d4e7b8a0 0d246e23f13548999ae26fc3456d6acc - - default default] Tap Mirror: Handle Delete Port: ae176e8a-6ab4-4bb4-a118-d409ba00efe6
2026-07-15 06:09:02.583 7 INFO neutron.services.segments.plugin [-] Segment b78b59ee-aaf5-440c-8748-925319e7c944 resource provider aggregate not found
2026-07-15 06:09:02.589 7 INFO neutron.services.segments.plugin [-] Segment b78b59ee-aaf5-440c-8748-925319e7c944 resource provider aggregate not found
2026-07-15 06:09:02.604 7 INFO neutron.services.segments.plugin [-] Client error retrieving segment b78b59ee-aaf5-440c-8748-925319e7c944 resource provider; error: Placement Client Error (4xx): {"errors": [{"status": 404, "title": "Not Found", "detail": "The resource could not be found.\n\n No resource provider with uuid b78b59ee-aaf5-440c-8748-925319e7c944 found for delete ", "request_id": "req-c46c9593-9c40-45bb-a6f2-6c2dd159348f"}]}
2026-07-15 06:09:02.607 7 INFO neutron.services.segments.plugin [-] Client error retrieving segment b78b59ee-aaf5-440c-8748-925319e7c944 resource provider; error: Placement Client Error (4xx): {"errors": [{"status": 404, "title": "Not Found", "detail": "The resource could not be found.\n\n No resource provider with uuid b78b59ee-aaf5-440c-8748-925319e7c944 found for delete ", "request_id": "req-731791f5-2817-422d-8049-d622db389cc2"}]} [pid: 8|app: 0|req: 819/1700] 10.0.0.85 () {32 vars in 723 bytes} [Wed Jul 15 06:09:02 2026] DELETE /v2.0/subnets/9bac60b9-1d8f-4931-80cf-d025a57875e6 => generated 0 bytes in 208 msecs (HTTP/1.1 204) 3 headers in 131 bytes (1 switches on core 0) [pid: 7|app: 0|req: 882/1701] 10.0.0.85 () {32 vars in 725 bytes} [Wed Jul 15 06:09:02 2026] DELETE /v2.0/networks/22b51152-fbb5-4d3b-b9d4-f1805556d08a => generated 0 bytes in 405 msecs (HTTP/1.1 204) 3 headers in 131 bytes (1 switches on core 0) [pid: 8|app: 0|req: 820/1702] 10.0.0.85 () {32 vars in 723 bytes} [Wed Jul 15 06:09:02 2026] DELETE /v2.0/subnets/2d2ef1dc-1035-446c-8976-2d7641b87f4e => generated 0 bytes in 177 msecs (HTTP/1.1 204) 3 headers in 131 bytes (1 switches on core 0) [pid: 8|app: 0|req: 821/1703] 10.0.0.85 () {32 vars in 646 bytes} [Wed Jul 15 06:09:02 2026] GET /v2.0/subnets => generated 649 bytes in 26 msecs (HTTP/1.1 200) 4 headers in 157 bytes (1 switches on core 0)
2026-07-15 06:09:02.871 7 WARNING neutron.db.securitygroups_db [None req-b8a4ecfa-ff0d-46c6-8779-c74635fd3636 1c2db2a627fc43c2820da515903d6096 e4c40ceefa6942449a31bc419ab32f09 - - default default] project_id key not found in filters, using tenant_id instead. This support has been deprecated and will be removed in a future release. [pid: 7|app: 0|req: 883/1704] 10.0.0.85 () {32 vars in 773 bytes} [Wed Jul 15 06:09:02 2026] GET /v2.0/security-groups?tenant_id=d5c348c9287f4dc4ae19b711bc115784&name=default => generated 2925 bytes in 206 msecs (HTTP/1.1 200) 4 headers in 158 bytes (1 switches on core 0)
2026-07-15 06:09:02.966 8 INFO neutron_taas.services.taas.taas_plugin [None req-4ae070ca-eeb1-4f98-bfb7-868dfeb9b9e6 e163fae80ef14f6b8cf4bebf9630d9b2 737a0293328647f987a6a702793440bf - - default default] TaaS: Handle Delete Port: 25f53ce0-4b15-4eae-9637-5b0a293e9a46
2026-07-15 06:09:02.969 8 INFO neutron_taas.services.taas.tap_mirror_plugin [None req-4ae070ca-eeb1-4f98-bfb7-868dfeb9b9e6 e163fae80ef14f6b8cf4bebf9630d9b2 737a0293328647f987a6a702793440bf - - default default] Tap Mirror: Handle Delete Port: 25f53ce0-4b15-4eae-9637-5b0a293e9a46 [pid: 7|app: 0|req: 884/1705] 10.0.0.85 () {32 vars in 739 bytes} [Wed Jul 15 06:09:02 2026] DELETE /v2.0/security-groups/9420b96e-3e29-4cf1-a232-a503cfef57a1 => generated 0 bytes in 187 msecs (HTTP/1.1 204) 2 headers in 112 bytes (1 switches on core 0)
2026-07-15 06:09:03.143 8 INFO neutron.services.segments.plugin [-] Segment 76dbd675-35be-4c3a-83a7-b1559b47d65d resource provider aggregate not found
2026-07-15 06:09:03.146 8 INFO neutron.services.segments.plugin [-] Segment 76dbd675-35be-4c3a-83a7-b1559b47d65d resource provider aggregate not found
2026-07-15 06:09:03.171 8 INFO neutron.services.segments.plugin [-] Client error retrieving segment 76dbd675-35be-4c3a-83a7-b1559b47d65d resource provider; error: Placement Client Error (4xx): {"errors": [{"status": 404, "title": "Not Found", "detail": "The resource could not be found.\n\n No resource provider with uuid 76dbd675-35be-4c3a-83a7-b1559b47d65d found for delete ", "request_id": "req-16b6af0b-10fe-4125-a091-f8e286c1a6fd"}]}
2026-07-15 06:09:03.172 8 INFO neutron.services.segments.plugin [-] Client error retrieving segment 76dbd675-35be-4c3a-83a7-b1559b47d65d resource provider; error: Placement Client Error (4xx): {"errors": [{"status": 404, "title": "Not Found", "detail": "The resource could not be found.\n\n No resource provider with uuid 76dbd675-35be-4c3a-83a7-b1559b47d65d found for delete ", "request_id": "req-9efe37e5-14c0-4cb8-bd60-95e45496e85b"}]} [pid: 8|app: 0|req: 822/1706] 10.0.0.85 () {32 vars in 725 bytes} [Wed Jul 15 06:09:02 2026] DELETE /v2.0/networks/41df419d-c18f-462a-bbe9-1b33e7e5d6d3 => generated 0 bytes in 344 msecs (HTTP/1.1 204) 3 headers in 131 bytes (1 switches on core 0)
2026-07-15 06:09:03.321 8 INFO neutron_taas.services.taas.taas_plugin [None req-58b3a2b7-f347-4eba-bcbf-46c61c2ce170 e163fae80ef14f6b8cf4bebf9630d9b2 737a0293328647f987a6a702793440bf - - default default] TaaS: Handle Delete Port: 8a8ec0df-af8c-42aa-a682-4bbcfcedbe00
2026-07-15 06:09:03.324 8 INFO neutron_taas.services.taas.tap_mirror_plugin [None req-58b3a2b7-f347-4eba-bcbf-46c61c2ce170 e163fae80ef14f6b8cf4bebf9630d9b2 737a0293328647f987a6a702793440bf - - default default] Tap Mirror: Handle Delete Port: 8a8ec0df-af8c-42aa-a682-4bbcfcedbe00
2026-07-15 06:09:03.388 7 WARNING neutron.db.securitygroups_db [None req-9815042e-54b6-4c5c-bb78-a9b29f3554c6 1c2db2a627fc43c2820da515903d6096 e4c40ceefa6942449a31bc419ab32f09 - - default default] project_id key not found in filters, using tenant_id instead. This support has been deprecated and will be removed in a future release. [pid: 7|app: 0|req: 885/1707] 10.0.0.85 () {32 vars in 773 bytes} [Wed Jul 15 06:09:03 2026] GET /v2.0/security-groups?tenant_id=0d246e23f13548999ae26fc3456d6acc&name=default => generated 2925 bytes in 275 msecs (HTTP/1.1 200) 4 headers in 158 bytes (1 switches on core 0)
2026-07-15 06:09:03.429 7 WARNING neutron.db.securitygroups_db [None req-deb1aac9-8979-4786-ab92-460fb7b4867d 1c2db2a627fc43c2820da515903d6096 e4c40ceefa6942449a31bc419ab32f09 - - default default] project_id key not found in filters, using tenant_id instead. This support has been deprecated and will be removed in a future release.
2026-07-15 06:09:03.561 7 INFO neutron.db.ovn_revision_numbers_db [None req-deb1aac9-8979-4786-ab92-460fb7b4867d 1c2db2a627fc43c2820da515903d6096 e4c40ceefa6942449a31bc419ab32f09 - - default default] Successfully bumped revision number for resource 9a71643f-5b23-4c62-bea1-b1183785fcb9 (type: security_groups) to 1 [pid: 8|app: 0|req: 823/1708] 10.0.0.85 () {32 vars in 725 bytes} [Wed Jul 15 06:09:03 2026] DELETE /v2.0/networks/a4b2a567-828e-4138-a252-4e035371b5e9 => generated 0 bytes in 356 msecs (HTTP/1.1 204) 3 headers in 131 bytes (1 switches on core 0)
2026-07-15 06:09:03.577 7 INFO neutron.db.ovn_revision_numbers_db [None req-deb1aac9-8979-4786-ab92-460fb7b4867d 1c2db2a627fc43c2820da515903d6096 e4c40ceefa6942449a31bc419ab32f09 - - default default] Successfully bumped revision number for resource 083e67f7-8de4-4b59-8087-ce5603f077d1 (type: security_group_rules) to 0
2026-07-15 06:09:03.589 7 INFO neutron.db.ovn_revision_numbers_db [None req-deb1aac9-8979-4786-ab92-460fb7b4867d 1c2db2a627fc43c2820da515903d6096 e4c40ceefa6942449a31bc419ab32f09 - - default default] Successfully bumped revision number for resource 92aa6bf1-3063-4bb0-81d0-39ff8d93e31b (type: security_group_rules) to 0
2026-07-15 06:09:03.602 7 INFO neutron.db.ovn_revision_numbers_db [None req-deb1aac9-8979-4786-ab92-460fb7b4867d 1c2db2a627fc43c2820da515903d6096 e4c40ceefa6942449a31bc419ab32f09 - - default default] Successfully bumped revision number for resource bf9b9e88-3834-4de3-b9b4-9df2bab888b7 (type: security_group_rules) to 0
2026-07-15 06:09:03.615 7 INFO neutron.db.ovn_revision_numbers_db [None req-deb1aac9-8979-4786-ab92-460fb7b4867d 1c2db2a627fc43c2820da515903d6096 e4c40ceefa6942449a31bc419ab32f09 - - default default] Successfully bumped revision number for resource d364ec6a-28bf-4861-9ce1-cfafe5283861 (type: security_group_rules) to 0 [pid: 7|app: 0|req: 886/1709] 10.0.0.85 () {32 vars in 773 bytes} [Wed Jul 15 06:09:03 2026] GET /v2.0/security-groups?tenant_id=eb55ed53705e4f30b4cc470bc91d7b1d&name=default => generated 2925 bytes in 234 msecs (HTTP/1.1 200) 4 headers in 158 bytes (1 switches on core 0) [pid: 8|app: 0|req: 824/1710] 10.0.0.85 () {32 vars in 739 bytes} [Wed Jul 15 06:09:03 2026] DELETE /v2.0/security-groups/860fa4a5-7209-4696-99ce-873972d5a11c => generated 0 bytes in 183 msecs (HTTP/1.1 204) 2 headers in 112 bytes (1 switches on core 0)
2026-07-15 06:09:03.819 7 INFO neutron_taas.services.taas.taas_plugin [None req-a1b1f43b-32f6-44a8-b6d7-0bf3c64d0cb2 e163fae80ef14f6b8cf4bebf9630d9b2 737a0293328647f987a6a702793440bf - - default default] TaaS: Handle Delete Port: 5af31dc4-63c9-47a9-9f51-87cd0098d26b
2026-07-15 06:09:03.822 7 INFO neutron_taas.services.taas.tap_mirror_plugin [None req-a1b1f43b-32f6-44a8-b6d7-0bf3c64d0cb2 e163fae80ef14f6b8cf4bebf9630d9b2 737a0293328647f987a6a702793440bf - - default default] Tap Mirror: Handle Delete Port: 5af31dc4-63c9-47a9-9f51-87cd0098d26b [pid: 8|app: 0|req: 825/1711] 10.0.0.85 () {32 vars in 739 bytes} [Wed Jul 15 06:09:03 2026] DELETE /v2.0/security-groups/9a71643f-5b23-4c62-bea1-b1183785fcb9 => generated 0 bytes in 175 msecs (HTTP/1.1 204) 2 headers in 112 bytes (1 switches on core 0) [pid: 7|app: 0|req: 887/1712] 10.0.0.85 () {32 vars in 725 bytes} [Wed Jul 15 06:09:03 2026] DELETE /v2.0/networks/4c2970d6-0de8-4dff-8017-2f27e354bf24 => generated 0 bytes in 413 msecs (HTTP/1.1 204) 3 headers in 131 bytes (1 switches on core 0)
2026-07-15 06:09:04.195 7 INFO neutron_taas.services.taas.taas_plugin [None req-d61d14ed-310d-47b8-82b6-c7dd7ff93191 e163fae80ef14f6b8cf4bebf9630d9b2 737a0293328647f987a6a702793440bf - - default default] TaaS: Handle Delete Port: 29cce782-6b18-47d9-a497-6a9725f0be5f
2026-07-15 06:09:04.197 7 INFO neutron_taas.services.taas.tap_mirror_plugin [None req-d61d14ed-310d-47b8-82b6-c7dd7ff93191 e163fae80ef14f6b8cf4bebf9630d9b2 737a0293328647f987a6a702793440bf - - default default] Tap Mirror: Handle Delete Port: 29cce782-6b18-47d9-a497-6a9725f0be5f
2026-07-15 06:09:04.334 8 INFO neutron.db.ovn_revision_numbers_db [None req-9edb3324-1a02-4000-8e12-d7e863ce2faf 95da0059b25d480989bd494dad3ab627 f5270ec80d1e4f6f986a5095a3380199 - - default default] Successfully bumped revision number for resource 6a83f438-c9fc-40d0-bb2b-cb167568e3c6 (type: security_groups) to 1
2026-07-15 06:09:04.349 8 INFO neutron.db.ovn_revision_numbers_db [None req-9edb3324-1a02-4000-8e12-d7e863ce2faf 95da0059b25d480989bd494dad3ab627 f5270ec80d1e4f6f986a5095a3380199 - - default default] Successfully bumped revision number for resource 67ded36e-4c73-4998-ab51-620b6d8f881d (type: security_group_rules) to 0
2026-07-15 06:09:04.363 8 INFO neutron.db.ovn_revision_numbers_db [None req-9edb3324-1a02-4000-8e12-d7e863ce2faf 95da0059b25d480989bd494dad3ab627 f5270ec80d1e4f6f986a5095a3380199 - - default default] Successfully bumped revision number for resource 9cb457b0-9280-4167-9c57-f33fbbf9ae32 (type: security_group_rules) to 0
2026-07-15 06:09:04.379 8 INFO neutron.db.ovn_revision_numbers_db [None req-9edb3324-1a02-4000-8e12-d7e863ce2faf 95da0059b25d480989bd494dad3ab627 f5270ec80d1e4f6f986a5095a3380199 - - default default] Successfully bumped revision number for resource d8f2ade2-fb67-4e58-993a-a2aed42649a3 (type: security_group_rules) to 0
2026-07-15 06:09:04.417 8 INFO neutron.db.ovn_revision_numbers_db [None req-9edb3324-1a02-4000-8e12-d7e863ce2faf 95da0059b25d480989bd494dad3ab627 f5270ec80d1e4f6f986a5095a3380199 - - default default] Successfully bumped revision number for resource fa68b73b-0a42-4219-bcb0-cd173080df4a (type: security_group_rules) to 0 [pid: 7|app: 0|req: 888/1713] 10.0.0.85 () {32 vars in 725 bytes} [Wed Jul 15 06:09:04 2026] DELETE /v2.0/networks/e53cf3e5-d928-467b-b92f-152c2823602c => generated 0 bytes in 356 msecs (HTTP/1.1 204) 3 headers in 131 bytes (1 switches on core 0)
2026-07-15 06:09:04.536 8 INFO neutron.db.ovn_revision_numbers_db [None req-9edb3324-1a02-4000-8e12-d7e863ce2faf 95da0059b25d480989bd494dad3ab627 f5270ec80d1e4f6f986a5095a3380199 - - default default] Successfully bumped revision number for resource fda64e8c-b940-4bde-9785-5467dae415ab (type: security_groups) to 1
2026-07-15 06:09:04.550 8 INFO neutron.db.ovn_revision_numbers_db [None req-9edb3324-1a02-4000-8e12-d7e863ce2faf 95da0059b25d480989bd494dad3ab627 f5270ec80d1e4f6f986a5095a3380199 - - default default] Successfully bumped revision number for resource 2b011a42-4c49-478f-bdf1-24c6db370272 (type: security_group_rules) to 0
2026-07-15 06:09:04.563 8 INFO neutron.db.ovn_revision_numbers_db [None req-9edb3324-1a02-4000-8e12-d7e863ce2faf 95da0059b25d480989bd494dad3ab627 f5270ec80d1e4f6f986a5095a3380199 - - default default] Successfully bumped revision number for resource 6bd6d708-88da-4abe-ad9a-9912d9069918 (type: security_group_rules) to 0 [pid: 8|app: 0|req: 826/1714] 10.0.0.85 () {34 vars in 683 bytes} [Wed Jul 15 06:09:03 2026] POST /v2.0/security-groups => generated 1601 bytes in 671 msecs (HTTP/1.1 201) 4 headers in 163 bytes (1 switches on core 0)
2026-07-15 06:09:04.624 7 INFO neutron.services.segments.plugin [-] Segment bf2cfabf-9c17-4183-a9a9-f5f3f3d57884 resource provider aggregate not found
2026-07-15 06:09:04.629 7 INFO neutron.services.segments.plugin [-] Segment bf2cfabf-9c17-4183-a9a9-f5f3f3d57884 resource provider aggregate not found
2026-07-15 06:09:04.640 7 INFO neutron.services.segments.plugin [-] Client error retrieving segment bf2cfabf-9c17-4183-a9a9-f5f3f3d57884 resource provider; error: Placement Client Error (4xx): {"errors": [{"status": 404, "title": "Not Found", "detail": "The resource could not be found.\n\n No resource provider with uuid bf2cfabf-9c17-4183-a9a9-f5f3f3d57884 found for delete ", "request_id": "req-a83ba612-24dc-47f1-abee-0cac578632ea"}]}
2026-07-15 06:09:04.645 7 INFO neutron.services.segments.plugin [-] Client error retrieving segment bf2cfabf-9c17-4183-a9a9-f5f3f3d57884 resource provider; error: Placement Client Error (4xx): {"errors": [{"status": 404, "title": "Not Found", "detail": "The resource could not be found.\n\n No resource provider with uuid bf2cfabf-9c17-4183-a9a9-f5f3f3d57884 found for delete ", "request_id": "req-ee9330e4-6f5a-4b3d-94ee-b62eb3932fdc"}]}
2026-07-15 06:09:04.656 7 INFO neutron.services.segments.plugin [-] Segment 860bc583-8c36-47ce-b867-fbad086a400d resource provider aggregate not found
2026-07-15 06:09:04.657 7 INFO neutron.services.segments.plugin [-] Segment 860bc583-8c36-47ce-b867-fbad086a400d resource provider aggregate not found
2026-07-15 06:09:04.670 7 INFO neutron.services.segments.plugin [-] Client error retrieving segment 860bc583-8c36-47ce-b867-fbad086a400d resource provider; error: Placement Client Error (4xx): {"errors": [{"status": 404, "title": "Not Found", "detail": "The resource could not be found.\n\n No resource provider with uuid 860bc583-8c36-47ce-b867-fbad086a400d found for delete ", "request_id": "req-e6d6c675-269e-4584-b5c1-ef0db54e9c08"}]}
2026-07-15 06:09:04.673 7 INFO neutron.services.segments.plugin [-] Client error retrieving segment 860bc583-8c36-47ce-b867-fbad086a400d resource provider; error: Placement Client Error (4xx): {"errors": [{"status": 404, "title": "Not Found", "detail": "The resource could not be found.\n\n No resource provider with uuid 860bc583-8c36-47ce-b867-fbad086a400d found for delete ", "request_id": "req-1f45012c-6ae3-4059-bf26-396d405d8b50"}]}
2026-07-15 06:09:04.689 7 INFO neutron.services.segments.plugin [-] Segment 1a6d0194-1751-4b55-90ee-5aba5bd4f3e4 resource provider aggregate not found
2026-07-15 06:09:04.695 7 INFO neutron.services.segments.plugin [-] Segment 1a6d0194-1751-4b55-90ee-5aba5bd4f3e4 resource provider aggregate not found
2026-07-15 06:09:04.708 7 INFO neutron.services.segments.plugin [-] Client error retrieving segment 1a6d0194-1751-4b55-90ee-5aba5bd4f3e4 resource provider; error: Placement Client Error (4xx): {"errors": [{"status": 404, "title": "Not Found", "detail": "The resource could not be found.\n\n No resource provider with uuid 1a6d0194-1751-4b55-90ee-5aba5bd4f3e4 found for delete ", "request_id": "req-905dede1-d827-4226-ad0b-a823c506d906"}]}
2026-07-15 06:09:04.719 7 INFO neutron.services.segments.plugin [-] Client error retrieving segment 1a6d0194-1751-4b55-90ee-5aba5bd4f3e4 resource provider; error: Placement Client Error (4xx): {"errors": [{"status": 404, "title": "Not Found", "detail": "The resource could not be found.\n\n No resource provider with uuid 1a6d0194-1751-4b55-90ee-5aba5bd4f3e4 found for delete ", "request_id": "req-225d42a3-e728-4442-93bf-8c5e6d92a4ce"}]}
2026-07-15 06:09:04.764 7 INFO neutron.db.ovn_revision_numbers_db [None req-493f43e1-8f12-40b8-88c5-f3c64b525a0c 95da0059b25d480989bd494dad3ab627 f5270ec80d1e4f6f986a5095a3380199 - - default default] Successfully bumped revision number for resource 627a58a1-caa1-4386-adb8-cf9d035ecc23 (type: security_groups) to 1
2026-07-15 06:09:04.774 7 INFO neutron.db.ovn_revision_numbers_db [None req-493f43e1-8f12-40b8-88c5-f3c64b525a0c 95da0059b25d480989bd494dad3ab627 f5270ec80d1e4f6f986a5095a3380199 - - default default] Successfully bumped revision number for resource be5a0f58-4b04-4f1b-9662-b8cccec99149 (type: security_group_rules) to 0
2026-07-15 06:09:04.790 7 INFO neutron.db.ovn_revision_numbers_db [None req-493f43e1-8f12-40b8-88c5-f3c64b525a0c 95da0059b25d480989bd494dad3ab627 f5270ec80d1e4f6f986a5095a3380199 - - default default] Successfully bumped revision number for resource e0acbcfd-4867-4565-912d-8859e82f22c1 (type: security_group_rules) to 0 [pid: 7|app: 0|req: 889/1715] 10.0.0.85 () {34 vars in 683 bytes} [Wed Jul 15 06:09:04 2026] POST /v2.0/security-groups => generated 1601 bytes in 235 msecs (HTTP/1.1 201) 4 headers in 163 bytes (1 switches on core 0)
2026-07-15 06:09:04.951 8 INFO neutron.db.ovn_revision_numbers_db [None req-a30d33bb-5550-457b-904b-62b1cc688d45 95da0059b25d480989bd494dad3ab627 f5270ec80d1e4f6f986a5095a3380199 - - default default] Successfully bumped revision number for resource 5affc33e-e510-4be8-9ba9-c59e0286f653 (type: security_groups) to 1
2026-07-15 06:09:04.961 8 INFO neutron.db.ovn_revision_numbers_db [None req-a30d33bb-5550-457b-904b-62b1cc688d45 95da0059b25d480989bd494dad3ab627 f5270ec80d1e4f6f986a5095a3380199 - - default default] Successfully bumped revision number for resource 48fb660b-74bb-499e-8c1a-da8398c55350 (type: security_group_rules) to 0
2026-07-15 06:09:04.971 8 INFO neutron.db.ovn_revision_numbers_db [None req-a30d33bb-5550-457b-904b-62b1cc688d45 95da0059b25d480989bd494dad3ab627 f5270ec80d1e4f6f986a5095a3380199 - - default default] Successfully bumped revision number for resource 678c75c3-10d2-494f-9a5e-9a131447403e (type: security_group_rules) to 0 [pid: 8|app: 0|req: 827/1716] 10.0.0.85 () {34 vars in 683 bytes} [Wed Jul 15 06:09:04 2026] POST /v2.0/security-groups => generated 1601 bytes in 171 msecs (HTTP/1.1 201) 4 headers in 163 bytes (1 switches on core 0)
2026-07-15 06:09:05.014 7 WARNING neutron.db.securitygroups_db [None req-b8522679-bef7-4aab-859d-58fc6205719e 1c2db2a627fc43c2820da515903d6096 e4c40ceefa6942449a31bc419ab32f09 - - default default] project_id key not found in filters, using tenant_id instead. This support has been deprecated and will be removed in a future release. [pid: 7|app: 0|req: 890/1717] 10.0.0.85 () {32 vars in 773 bytes} [Wed Jul 15 06:09:04 2026] GET /v2.0/security-groups?tenant_id=737a0293328647f987a6a702793440bf&name=default => generated 2925 bytes in 170 msecs (HTTP/1.1 200) 4 headers in 158 bytes (1 switches on core 0)
