2026-07-15 06:11:04.448 7 INFO neutron.db.ovn_revision_numbers_db [None req-7df57539-e6b7-4907-8871-9401d5d6d120 1c2db2a627fc43c2820da515903d6096 e4c40ceefa6942449a31bc419ab32f09 - - default default] Successfully bumped revision number for resource 6916356f-b20e-44d5-9052-d46ff7508053 (type: security_group_rules) to 0
2026-07-15 06:11:04.461 7 INFO neutron.db.ovn_revision_numbers_db [None req-7df57539-e6b7-4907-8871-9401d5d6d120 1c2db2a627fc43c2820da515903d6096 e4c40ceefa6942449a31bc419ab32f09 - - default default] Successfully bumped revision number for resource bd596baf-5bfe-42bc-8a97-967e552b7cf3 (type: security_group_rules) to 0 [pid: 7|app: 0|req: 1341/2555] 10.0.0.85 () {32 vars in 773 bytes} [Wed Jul 15 06:11:04 2026] GET /v2.0/security-groups?tenant_id=d6b02a91fe174560afd941328ac8d2f3&name=default => generated 2929 bytes in 406 msecs (HTTP/1.1 200) 4 headers in 158 bytes (1 switches on core 0) [pid: 8|app: 0|req: 1215/2556] 10.0.0.85 () {32 vars in 739 bytes} [Wed Jul 15 06:11:04 2026] DELETE /v2.0/security-groups/26be011c-8328-41f4-aad2-4d8e38221755 => generated 0 bytes in 186 msecs (HTTP/1.1 204) 2 headers in 112 bytes (1 switches on core 0)
2026-07-15 06:11:04.790 7 WARNING neutron.db.securitygroups_db [None req-59b998ed-8e26-4920-a592-c77a49ccfaaa 1c2db2a627fc43c2820da515903d6096 e4c40ceefa6942449a31bc419ab32f09 - - default default] project_id key not found in filters, using tenant_id instead. This support has been deprecated and will be removed in a future release.
2026-07-15 06:11:04.912 7 INFO neutron.db.ovn_revision_numbers_db [None req-59b998ed-8e26-4920-a592-c77a49ccfaaa 1c2db2a627fc43c2820da515903d6096 e4c40ceefa6942449a31bc419ab32f09 - - default default] Successfully bumped revision number for resource 654a3390-dbe5-406d-8a6e-f1565aa0d370 (type: security_groups) to 1
2026-07-15 06:11:04.925 7 INFO neutron.db.ovn_revision_numbers_db [None req-59b998ed-8e26-4920-a592-c77a49ccfaaa 1c2db2a627fc43c2820da515903d6096 e4c40ceefa6942449a31bc419ab32f09 - - default default] Successfully bumped revision number for resource 791876b9-6f2e-4d3e-bcfa-1347f172ce06 (type: security_group_rules) to 0
2026-07-15 06:11:04.937 7 INFO neutron.db.ovn_revision_numbers_db [None req-59b998ed-8e26-4920-a592-c77a49ccfaaa 1c2db2a627fc43c2820da515903d6096 e4c40ceefa6942449a31bc419ab32f09 - - default default] Successfully bumped revision number for resource a84ecf89-70ef-4568-9f9a-2e639ef97248 (type: security_group_rules) to 0
2026-07-15 06:11:04.948 7 INFO neutron.db.ovn_revision_numbers_db [None req-59b998ed-8e26-4920-a592-c77a49ccfaaa 1c2db2a627fc43c2820da515903d6096 e4c40ceefa6942449a31bc419ab32f09 - - default default] Successfully bumped revision number for resource c433ff9b-9e5e-460f-b4f0-8233285408ee (type: security_group_rules) to 0
2026-07-15 06:11:04.960 7 INFO neutron.db.ovn_revision_numbers_db [None req-59b998ed-8e26-4920-a592-c77a49ccfaaa 1c2db2a627fc43c2820da515903d6096 e4c40ceefa6942449a31bc419ab32f09 - - default default] Successfully bumped revision number for resource d3471f6d-2168-41a5-b089-4ac353edb2c2 (type: security_group_rules) to 0 [pid: 7|app: 0|req: 1342/2557] 10.0.0.85 () {32 vars in 773 bytes} [Wed Jul 15 06:11:04 2026] GET /v2.0/security-groups?tenant_id=d9b00c24839a428da5be80531b3ae737&name=default => generated 2929 bytes in 213 msecs (HTTP/1.1 200) 4 headers in 158 bytes (1 switches on core 0) [pid: 8|app: 0|req: 1216/2558] 10.0.0.85 () {32 vars in 739 bytes} [Wed Jul 15 06:11:05 2026] DELETE /v2.0/security-groups/654a3390-dbe5-406d-8a6e-f1565aa0d370 => generated 0 bytes in 183 msecs (HTTP/1.1 204) 2 headers in 112 bytes (1 switches on core 0)
2026-07-15 06:11:07.414 7 INFO neutron.db.ovn_revision_numbers_db [None req-a2798cc8-4477-4175-b1ab-ac26010a5aa9 929296218ec64215a2c294705e829d84 81c84653f6bd41ada1dae26489b1c651 - - default default] Successfully bumped revision number for resource b2fce00b-bfd6-4a3d-82e5-4087eeefc88b (type: security_groups) to 1
2026-07-15 06:11:07.429 7 INFO neutron.db.ovn_revision_numbers_db [None req-a2798cc8-4477-4175-b1ab-ac26010a5aa9 929296218ec64215a2c294705e829d84 81c84653f6bd41ada1dae26489b1c651 - - default default] Successfully bumped revision number for resource 3010698e-1cd7-472f-bbad-0d43cfa251c9 (type: security_group_rules) to 0
2026-07-15 06:11:07.442 7 INFO neutron.db.ovn_revision_numbers_db [None req-a2798cc8-4477-4175-b1ab-ac26010a5aa9 929296218ec64215a2c294705e829d84 81c84653f6bd41ada1dae26489b1c651 - - default default] Successfully bumped revision number for resource 3ef2e6d1-7abc-49f9-900e-0030aea7370e (type: security_group_rules) to 0
2026-07-15 06:11:07.455 7 INFO neutron.db.ovn_revision_numbers_db [None req-a2798cc8-4477-4175-b1ab-ac26010a5aa9 929296218ec64215a2c294705e829d84 81c84653f6bd41ada1dae26489b1c651 - - default default] Successfully bumped revision number for resource adb29c87-529f-41c9-b14f-fb35ce755965 (type: security_group_rules) to 0
2026-07-15 06:11:07.466 7 INFO neutron.db.ovn_revision_numbers_db [None req-a2798cc8-4477-4175-b1ab-ac26010a5aa9 929296218ec64215a2c294705e829d84 81c84653f6bd41ada1dae26489b1c651 - - default default] Successfully bumped revision number for resource d3ff8f91-f8ea-41f2-968e-8289cf2a9ab4 (type: security_group_rules) to 0
2026-07-15 06:11:07.573 7 INFO neutron.db.ovn_revision_numbers_db [None req-a2798cc8-4477-4175-b1ab-ac26010a5aa9 929296218ec64215a2c294705e829d84 81c84653f6bd41ada1dae26489b1c651 - - default default] Successfully bumped revision number for resource 0b196497-efbe-45c6-866a-4787a831bc7c (type: security_groups) to 1
2026-07-15 06:11:07.584 7 INFO neutron.db.ovn_revision_numbers_db [None req-a2798cc8-4477-4175-b1ab-ac26010a5aa9 929296218ec64215a2c294705e829d84 81c84653f6bd41ada1dae26489b1c651 - - default default] Successfully bumped revision number for resource 19655154-536c-400f-aa5c-bead2d0a0cb5 (type: security_group_rules) to 0
2026-07-15 06:11:07.594 7 INFO neutron.db.ovn_revision_numbers_db [None req-a2798cc8-4477-4175-b1ab-ac26010a5aa9 929296218ec64215a2c294705e829d84 81c84653f6bd41ada1dae26489b1c651 - - default default] Successfully bumped revision number for resource 621d543c-04cc-4dd1-8316-fa3da77dc144 (type: security_group_rules) to 0 [pid: 7|app: 0|req: 1343/2559] 10.0.0.85 () {34 vars in 683 bytes} [Wed Jul 15 06:11:07 2026] POST /v2.0/security-groups => generated 1603 bytes in 539 msecs (HTTP/1.1 201) 4 headers in 163 bytes (1 switches on core 0)
2026-07-15 06:11:07.660 8 WARNING tagging [None req-4a867bc3-0cef-4b89-a11f-c5ea70b8fd85 929296218ec64215a2c294705e829d84 81c84653f6bd41ada1dae26489b1c651 - - default default] project_id key not found in request, using tenant_id instead. This support has been deprecated and will be removed in a future release. [pid: 8|app: 0|req: 1217/2560] 10.0.0.85 () {34 vars in 766 bytes} [Wed Jul 15 06:11:07 2026] PUT /v2.0/security-groups/0b196497-efbe-45c6-866a-4787a831bc7c/tags => generated 25 bytes in 64 msecs (HTTP/1.1 200) 4 headers in 156 bytes (1 switches on core 0)
2026-07-15 06:11:08.180 7 WARNING tagging [None req-ffe4e439-88b9-4c93-b794-abb4934196d9 929296218ec64215a2c294705e829d84 81c84653f6bd41ada1dae26489b1c651 - - default default] project_id key not found in request, using tenant_id instead. This support has been deprecated and will be removed in a future release. [pid: 7|app: 0|req: 1344/2561] 10.0.0.85 () {32 vars in 746 bytes} [Wed Jul 15 06:11:07 2026] GET /v2.0/security-groups/0b196497-efbe-45c6-866a-4787a831bc7c/tags => generated 25 bytes in 486 msecs (HTTP/1.1 200) 4 headers in 156 bytes (1 switches on core 0)
2026-07-15 06:11:08.221 8 WARNING tagging [None req-3903edcf-38a9-43de-885a-ca9f11c6dff5 929296218ec64215a2c294705e829d84 81c84653f6bd41ada1dae26489b1c651 - - default default] project_id key not found in request, using tenant_id instead. This support has been deprecated and will be removed in a future release. [pid: 8|app: 0|req: 1218/2562] 10.0.0.85 () {34 vars in 777 bytes} [Wed Jul 15 06:11:08 2026] PUT /v2.0/security-groups/0b196497-efbe-45c6-866a-4787a831bc7c/tags/green => generated 4 bytes in 63 msecs (HTTP/1.1 201) 4 headers in 160 bytes (1 switches on core 0)
2026-07-15 06:11:08.290 7 WARNING tagging [None req-4832e50c-8674-4e30-a3df-47dcc005c8b0 929296218ec64215a2c294705e829d84 81c84653f6bd41ada1dae26489b1c651 - - default default] project_id key not found in request, using tenant_id instead. This support has been deprecated and will be removed in a future release. [pid: 7|app: 0|req: 1345/2563] 10.0.0.85 () {32 vars in 746 bytes} [Wed Jul 15 06:11:08 2026] GET /v2.0/security-groups/0b196497-efbe-45c6-866a-4787a831bc7c/tags => generated 34 bytes in 38 msecs (HTTP/1.1 200) 4 headers in 156 bytes (1 switches on core 0)
2026-07-15 06:11:08.329 8 WARNING tagging [None req-5573bb63-0561-450d-bf61-4fe8eb3e9f7d 929296218ec64215a2c294705e829d84 81c84653f6bd41ada1dae26489b1c651 - - default default] project_id key not found in request, using tenant_id instead. This support has been deprecated and will be removed in a future release. [pid: 8|app: 0|req: 1219/2564] 10.0.0.85 () {34 vars in 773 bytes} [Wed Jul 15 06:11:08 2026] PUT /v2.0/security-groups/0b196497-efbe-45c6-866a-4787a831bc7c/tags/red => generated 4 bytes in 57 msecs (HTTP/1.1 201) 4 headers in 160 bytes (1 switches on core 0)
2026-07-15 06:11:08.395 7 WARNING tagging [None req-ca308594-35fe-4cc4-b8f7-9089aa5f3848 929296218ec64215a2c294705e829d84 81c84653f6bd41ada1dae26489b1c651 - - default default] project_id key not found in request, using tenant_id instead. This support has been deprecated and will be removed in a future release. [pid: 7|app: 0|req: 1346/2565] 10.0.0.85 () {32 vars in 746 bytes} [Wed Jul 15 06:11:08 2026] GET /v2.0/security-groups/0b196497-efbe-45c6-866a-4787a831bc7c/tags => generated 34 bytes in 41 msecs (HTTP/1.1 200) 4 headers in 156 bytes (1 switches on core 0)
2026-07-15 06:11:08.444 8 WARNING tagging [None req-7fd881b9-7c03-475e-8c65-1f53e4391188 929296218ec64215a2c294705e829d84 81c84653f6bd41ada1dae26489b1c651 - - default default] project_id key not found in request, using tenant_id instead. This support has been deprecated and will be removed in a future release. [pid: 8|app: 0|req: 1220/2566] 10.0.0.85 () {34 vars in 795 bytes} [Wed Jul 15 06:11:08 2026] PUT /v2.0/security-groups/0b196497-efbe-45c6-866a-4787a831bc7c/tags/black.or.white => generated 4 bytes in 66 msecs (HTTP/1.1 201) 4 headers in 160 bytes (1 switches on core 0)
2026-07-15 06:11:08.511 7 WARNING tagging [None req-5822ac85-d118-487f-a212-28a01e8dc13e 929296218ec64215a2c294705e829d84 81c84653f6bd41ada1dae26489b1c651 - - default default] project_id key not found in request, using tenant_id instead. This support has been deprecated and will be removed in a future release. [pid: 7|app: 0|req: 1347/2567] 10.0.0.85 () {32 vars in 746 bytes} [Wed Jul 15 06:11:08 2026] GET /v2.0/security-groups/0b196497-efbe-45c6-866a-4787a831bc7c/tags => generated 52 bytes in 37 msecs (HTTP/1.1 200) 4 headers in 156 bytes (1 switches on core 0)
2026-07-15 06:11:08.547 8 WARNING tagging [None req-7a9a10c7-409a-4110-9cbe-2aac27f0b830 929296218ec64215a2c294705e829d84 81c84653f6bd41ada1dae26489b1c651 - - default default] project_id key not found in request, using tenant_id instead. This support has been deprecated and will be removed in a future release. [pid: 8|app: 0|req: 1221/2568] 10.0.0.85 () {34 vars in 766 bytes} [Wed Jul 15 06:11:08 2026] PUT /v2.0/security-groups/0b196497-efbe-45c6-866a-4787a831bc7c/tags => generated 37 bytes in 47 msecs (HTTP/1.1 200) 4 headers in 156 bytes (1 switches on core 0)
2026-07-15 06:11:08.601 7 WARNING tagging [None req-d1b5ea5c-57b2-4595-94c4-e7cf097daab1 929296218ec64215a2c294705e829d84 81c84653f6bd41ada1dae26489b1c651 - - default default] project_id key not found in request, using tenant_id instead. This support has been deprecated and will be removed in a future release. [pid: 7|app: 0|req: 1348/2569] 10.0.0.85 () {32 vars in 746 bytes} [Wed Jul 15 06:11:08 2026] GET /v2.0/security-groups/0b196497-efbe-45c6-866a-4787a831bc7c/tags => generated 37 bytes in 35 msecs (HTTP/1.1 200) 4 headers in 156 bytes (1 switches on core 0)
2026-07-15 06:11:08.641 8 WARNING tagging [None req-7b4f62ae-2136-4146-a198-a36cc14693d7 929296218ec64215a2c294705e829d84 81c84653f6bd41ada1dae26489b1c651 - - default default] project_id key not found in request, using tenant_id instead. This support has been deprecated and will be removed in a future release. [pid: 8|app: 0|req: 1222/2570] 10.0.0.85 () {32 vars in 754 bytes} [Wed Jul 15 06:11:08 2026] GET /v2.0/security-groups/0b196497-efbe-45c6-866a-4787a831bc7c/tags/red => generated 0 bytes in 34 msecs (HTTP/1.1 204) 2 headers in 112 bytes (1 switches on core 0)
2026-07-15 06:11:08.674 7 WARNING tagging [None req-e772fa18-029a-4a6d-a8e0-b4a1a0796496 929296218ec64215a2c294705e829d84 81c84653f6bd41ada1dae26489b1c651 - - default default] project_id key not found in request, using tenant_id instead. This support has been deprecated and will be removed in a future release.
2026-07-15 06:11:08.683 7 INFO neutron.api.v2.resource [None req-e772fa18-029a-4a6d-a8e0-b4a1a0796496 929296218ec64215a2c294705e829d84 81c84653f6bd41ada1dae26489b1c651 - - default default] show failed (client error): The resource could not be found. [pid: 7|app: 0|req: 1349/2571] 10.0.0.85 () {32 vars in 758 bytes} [Wed Jul 15 06:11:08 2026] GET /v2.0/security-groups/0b196497-efbe-45c6-866a-4787a831bc7c/tags/green => generated 99 bytes in 30 msecs (HTTP/1.1 404) 4 headers in 163 bytes (1 switches on core 0)
2026-07-15 06:11:08.715 8 WARNING tagging [None req-a1b16e24-58d8-494b-b596-8acb5bdbf4d2 929296218ec64215a2c294705e829d84 81c84653f6bd41ada1dae26489b1c651 - - default default] project_id key not found in request, using tenant_id instead. This support has been deprecated and will be removed in a future release. [pid: 8|app: 0|req: 1223/2572] 10.0.0.85 () {32 vars in 757 bytes} [Wed Jul 15 06:11:08 2026] DELETE /v2.0/security-groups/0b196497-efbe-45c6-866a-4787a831bc7c/tags/red => generated 0 bytes in 54 msecs (HTTP/1.1 204) 2 headers in 112 bytes (1 switches on core 0)
2026-07-15 06:11:08.772 7 WARNING tagging [None req-31614ddf-8604-45ec-83c9-83f2fd8a2b6e 929296218ec64215a2c294705e829d84 81c84653f6bd41ada1dae26489b1c651 - - default default] project_id key not found in request, using tenant_id instead. This support has been deprecated and will be removed in a future release. [pid: 7|app: 0|req: 1350/2573] 10.0.0.85 () {32 vars in 746 bytes} [Wed Jul 15 06:11:08 2026] GET /v2.0/security-groups/0b196497-efbe-45c6-866a-4787a831bc7c/tags => generated 30 bytes in 35 msecs (HTTP/1.1 200) 4 headers in 156 bytes (1 switches on core 0)
2026-07-15 06:11:08.817 8 WARNING tagging [None req-2bf23136-32c2-4109-9ac1-bebe752271ab 929296218ec64215a2c294705e829d84 81c84653f6bd41ada1dae26489b1c651 - - default default] project_id key not found in request, using tenant_id instead. This support has been deprecated and will be removed in a future release.
2026-07-15 06:11:08.831 8 INFO neutron.api.v2.resource [None req-2bf23136-32c2-4109-9ac1-bebe752271ab 929296218ec64215a2c294705e829d84 81c84653f6bd41ada1dae26489b1c651 - - default default] delete failed (client error): The resource could not be found. [pid: 8|app: 0|req: 1224/2574] 10.0.0.85 () {32 vars in 761 bytes} [Wed Jul 15 06:11:08 2026] DELETE /v2.0/security-groups/0b196497-efbe-45c6-866a-4787a831bc7c/tags/green => generated 99 bytes in 47 msecs (HTTP/1.1 404) 4 headers in 163 bytes (1 switches on core 0)
2026-07-15 06:11:08.870 7 WARNING tagging [None req-2ef598c4-f4cf-4618-9ac3-8f0bbf55215c 929296218ec64215a2c294705e829d84 81c84653f6bd41ada1dae26489b1c651 - - default default] project_id key not found in request, using tenant_id instead. This support has been deprecated and will be removed in a future release. [pid: 7|app: 0|req: 1351/2575] 10.0.0.85 () {32 vars in 749 bytes} [Wed Jul 15 06:11:08 2026] DELETE /v2.0/security-groups/0b196497-efbe-45c6-866a-4787a831bc7c/tags => generated 0 bytes in 56 msecs (HTTP/1.1 204) 2 headers in 112 bytes (1 switches on core 0)
2026-07-15 06:11:08.920 8 WARNING tagging [None req-f7e78044-ff6d-424b-853f-c9ec23545e1f 929296218ec64215a2c294705e829d84 81c84653f6bd41ada1dae26489b1c651 - - default default] project_id key not found in request, using tenant_id instead. This support has been deprecated and will be removed in a future release. [pid: 8|app: 0|req: 1225/2576] 10.0.0.85 () {32 vars in 746 bytes} [Wed Jul 15 06:11:08 2026] GET /v2.0/security-groups/0b196497-efbe-45c6-866a-4787a831bc7c/tags => generated 12 bytes in 35 msecs (HTTP/1.1 200) 4 headers in 156 bytes (1 switches on core 0) [pid: 7|app: 0|req: 1352/2577] 10.0.0.85 () {32 vars in 739 bytes} [Wed Jul 15 06:11:08 2026] DELETE /v2.0/security-groups/0b196497-efbe-45c6-866a-4787a831bc7c => generated 0 bytes in 118 msecs (HTTP/1.1 204) 2 headers in 112 bytes (1 switches on core 0)
2026-07-15 06:11:09.832 8 WARNING neutron.db.securitygroups_db [None req-76287562-47d2-4823-8bcc-d288fcaeaef3 1c2db2a627fc43c2820da515903d6096 e4c40ceefa6942449a31bc419ab32f09 - - default default] project_id key not found in filters, using tenant_id instead. This support has been deprecated and will be removed in a future release.
2026-07-15 06:11:09.955 8 INFO neutron.db.ovn_revision_numbers_db [None req-76287562-47d2-4823-8bcc-d288fcaeaef3 1c2db2a627fc43c2820da515903d6096 e4c40ceefa6942449a31bc419ab32f09 - - default default] Successfully bumped revision number for resource d2c5159a-9dd9-4aa3-8bc5-35266478f222 (type: security_groups) to 1
2026-07-15 06:11:09.967 8 INFO neutron.db.ovn_revision_numbers_db [None req-76287562-47d2-4823-8bcc-d288fcaeaef3 1c2db2a627fc43c2820da515903d6096 e4c40ceefa6942449a31bc419ab32f09 - - default default] Successfully bumped revision number for resource 033ef2dd-f60f-43f0-a28c-b1c547795964 (type: security_group_rules) to 0
2026-07-15 06:11:09.978 8 INFO neutron.db.ovn_revision_numbers_db [None req-76287562-47d2-4823-8bcc-d288fcaeaef3 1c2db2a627fc43c2820da515903d6096 e4c40ceefa6942449a31bc419ab32f09 - - default default] Successfully bumped revision number for resource 07a48e82-97b3-4ede-b5f1-b72bad32bc75 (type: security_group_rules) to 0
2026-07-15 06:11:09.990 8 INFO neutron.db.ovn_revision_numbers_db [None req-76287562-47d2-4823-8bcc-d288fcaeaef3 1c2db2a627fc43c2820da515903d6096 e4c40ceefa6942449a31bc419ab32f09 - - default default] Successfully bumped revision number for resource bf2029b1-5b4b-49a4-aa86-6f6f999147c9 (type: security_group_rules) to 0
2026-07-15 06:11:10.005 8 INFO neutron.db.ovn_revision_numbers_db [None req-76287562-47d2-4823-8bcc-d288fcaeaef3 1c2db2a627fc43c2820da515903d6096 e4c40ceefa6942449a31bc419ab32f09 - - default default] Successfully bumped revision number for resource ea19961c-4bc1-41c6-bcbd-9fa05b753158 (type: security_group_rules) to 0 [pid: 8|app: 0|req: 1226/2578] 10.0.0.85 () {32 vars in 773 bytes} [Wed Jul 15 06:11:09 2026] GET /v2.0/security-groups?tenant_id=cb6eb17a52c94a52ac5600c693693e22&name=default => generated 2929 bytes in 331 msecs (HTTP/1.1 200) 4 headers in 158 bytes (1 switches on core 0) [pid: 7|app: 0|req: 1353/2579] 10.0.0.85 () {32 vars in 739 bytes} [Wed Jul 15 06:11:10 2026] DELETE /v2.0/security-groups/d2c5159a-9dd9-4aa3-8bc5-35266478f222 => generated 0 bytes in 189 msecs (HTTP/1.1 204) 2 headers in 112 bytes (1 switches on core 0)
2026-07-15 06:11:10.324 8 WARNING neutron.db.securitygroups_db [None req-dad7f5a2-69d3-4ce5-914d-3cfc798073bb 1c2db2a627fc43c2820da515903d6096 e4c40ceefa6942449a31bc419ab32f09 - - default default] project_id key not found in filters, using tenant_id instead. This support has been deprecated and will be removed in a future release. [pid: 8|app: 0|req: 1227/2580] 10.0.0.85 () {32 vars in 773 bytes} [Wed Jul 15 06:11:10 2026] GET /v2.0/security-groups?tenant_id=81c84653f6bd41ada1dae26489b1c651&name=default => generated 2929 bytes in 40 msecs (HTTP/1.1 200) 4 headers in 158 bytes (1 switches on core 0) [pid: 7|app: 0|req: 1354/2581] 10.0.0.85 () {32 vars in 739 bytes} [Wed Jul 15 06:11:10 2026] DELETE /v2.0/security-groups/b2fce00b-bfd6-4a3d-82e5-4087eeefc88b => generated 0 bytes in 175 msecs (HTTP/1.1 204) 2 headers in 112 bytes (1 switches on core 0)
2026-07-15 06:11:13.953 8 INFO neutron.db.ovn_revision_numbers_db [None req-a6c425d8-b7ea-4991-8782-e839cec730bb 51d7c3c48987428a9af285e9d722fa86 61d5b9d9d25143e2be88ed7136bd41f7 - - default default] Successfully bumped revision number for resource 30aaa844-ab5f-475b-a8b2-f5a27e274e49 (type: security_groups) to 1
2026-07-15 06:11:13.965 8 INFO neutron.db.ovn_revision_numbers_db [None req-a6c425d8-b7ea-4991-8782-e839cec730bb 51d7c3c48987428a9af285e9d722fa86 61d5b9d9d25143e2be88ed7136bd41f7 - - default default] Successfully bumped revision number for resource 70996e65-f736-480c-a8a0-e22a75027ee5 (type: security_group_rules) to 0
2026-07-15 06:11:13.977 8 INFO neutron.db.ovn_revision_numbers_db [None req-a6c425d8-b7ea-4991-8782-e839cec730bb 51d7c3c48987428a9af285e9d722fa86 61d5b9d9d25143e2be88ed7136bd41f7 - - default default] Successfully bumped revision number for resource 96f5473e-2afb-4314-b108-782840a6c4ad (type: security_group_rules) to 0
2026-07-15 06:11:13.990 8 INFO neutron.db.ovn_revision_numbers_db [None req-a6c425d8-b7ea-4991-8782-e839cec730bb 51d7c3c48987428a9af285e9d722fa86 61d5b9d9d25143e2be88ed7136bd41f7 - - default default] Successfully bumped revision number for resource ce171784-3b63-4f16-95cf-96ad0e11eff0 (type: security_group_rules) to 0
2026-07-15 06:11:14.002 8 INFO neutron.db.ovn_revision_numbers_db [None req-a6c425d8-b7ea-4991-8782-e839cec730bb 51d7c3c48987428a9af285e9d722fa86 61d5b9d9d25143e2be88ed7136bd41f7 - - default default] Successfully bumped revision number for resource ec9898b8-f0d5-4fb3-a05b-1c71f926e842 (type: security_group_rules) to 0
2026-07-15 06:11:14.071 8 INFO neutron.db.segments_db [None req-a6c425d8-b7ea-4991-8782-e839cec730bb 51d7c3c48987428a9af285e9d722fa86 61d5b9d9d25143e2be88ed7136bd41f7 - - default default] Added segment 917bdbed-d2e0-466b-9a83-a92444f9e4fb of type geneve for network 019e867f-3130-4058-9ec6-378bde5669a6
2026-07-15 06:11:14.171 8 INFO neutron.db.ovn_revision_numbers_db [None req-a6c425d8-b7ea-4991-8782-e839cec730bb 51d7c3c48987428a9af285e9d722fa86 61d5b9d9d25143e2be88ed7136bd41f7 - - default default] Successfully bumped revision number for resource 019e867f-3130-4058-9ec6-378bde5669a6 (type: networks) to 1
2026-07-15 06:11:14.327 8 WARNING neutron.scheduler.dhcp_agent_scheduler [None req-a6c425d8-b7ea-4991-8782-e839cec730bb 51d7c3c48987428a9af285e9d722fa86 61d5b9d9d25143e2be88ed7136bd41f7 - - default default] No more DHCP agents
2026-07-15 06:11:14.329 8 WARNING neutron.api.rpc.agentnotifiers.dhcp_rpc_agent_api [None req-a6c425d8-b7ea-4991-8782-e839cec730bb 51d7c3c48987428a9af285e9d722fa86 61d5b9d9d25143e2be88ed7136bd41f7 - - default default] Unable to schedule network 019e867f-3130-4058-9ec6-378bde5669a6: no agents available; will retry on subsequent port and subnet creation events.
2026-07-15 06:11:14.397 7 INFO neutron.plugins.ml2.drivers.ovn.mech_driver.mech_driver [None req-b7742fcd-89ec-486e-a277-329578c93cf4 - - - - - -] OVN reports status down for port: 99012cb7-05c5-4583-8fbc-f15fa0691fd5
2026-07-15 06:11:14.421 8 INFO neutron.db.ovn_revision_numbers_db [None req-a6c425d8-b7ea-4991-8782-e839cec730bb 51d7c3c48987428a9af285e9d722fa86 61d5b9d9d25143e2be88ed7136bd41f7 - - default default] Successfully bumped revision number for resource 99012cb7-05c5-4583-8fbc-f15fa0691fd5 (type: ports) to 1 [pid: 8|app: 0|req: 1228/2582] 10.0.0.85 () {34 vars in 669 bytes} [Wed Jul 15 06:11:13 2026] POST /v2.0/networks => generated 669 bytes in 791 msecs (HTTP/1.1 201) 4 headers in 162 bytes (1 switches on core 0)
2026-07-15 06:11:14.692 7 WARNING neutron.scheduler.dhcp_agent_scheduler [None req-1516d66e-63bf-4028-a6d5-24b8b179efd1 51d7c3c48987428a9af285e9d722fa86 61d5b9d9d25143e2be88ed7136bd41f7 - - default default] No more DHCP agents
2026-07-15 06:11:14.693 7 WARNING neutron.api.rpc.agentnotifiers.dhcp_rpc_agent_api [None req-1516d66e-63bf-4028-a6d5-24b8b179efd1 51d7c3c48987428a9af285e9d722fa86 61d5b9d9d25143e2be88ed7136bd41f7 - - default default] Unable to schedule network 019e867f-3130-4058-9ec6-378bde5669a6: no agents available; will retry on subsequent port and subnet creation events.
2026-07-15 06:11:14.759 7 INFO neutron.plugins.ml2.drivers.ovn.mech_driver.mech_driver [None req-b7742fcd-89ec-486e-a277-329578c93cf4 - - - - - -] OVN reports status down for port: 85624a86-bb98-4f30-a579-21557fd477a8
2026-07-15 06:11:14.823 7 INFO neutron.db.ovn_revision_numbers_db [None req-1516d66e-63bf-4028-a6d5-24b8b179efd1 51d7c3c48987428a9af285e9d722fa86 61d5b9d9d25143e2be88ed7136bd41f7 - - default default] Successfully bumped revision number for resource 85624a86-bb98-4f30-a579-21557fd477a8 (type: ports) to 1 [pid: 7|app: 0|req: 1355/2583] 10.0.0.85 () {34 vars in 663 bytes} [Wed Jul 15 06:11:14 2026] POST /v2.0/ports => generated 743 bytes in 404 msecs (HTTP/1.1 201) 4 headers in 162 bytes (1 switches on core 0) [pid: 8|app: 0|req: 1229/2584] 10.0.0.85 () {34 vars in 665 bytes} [Wed Jul 15 06:11:14 2026] POST /v2.0/trunks => generated 409 bytes in 175 msecs (HTTP/1.1 201) 4 headers in 162 bytes (1 switches on core 0) /var/lib/openstack/lib/python3.12/site-packages/pycadf/identifier.py:70: UserWarning: Invalid uuid: neutron. To ensure interoperability, identifiers should be a valid uuid. warnings.warn(('Invalid uuid: %s. To ensure interoperability, '
2026-07-15 06:11:15.053 7 WARNING tagging [None req-8fabd895-bc9b-4c1c-9b31-2b287847e084 51d7c3c48987428a9af285e9d722fa86 61d5b9d9d25143e2be88ed7136bd41f7 - - default default] project_id key not found in request, using tenant_id instead. This support has been deprecated and will be removed in a future release. [pid: 7|app: 0|req: 1356/2585] 10.0.0.85 () {34 vars in 748 bytes} [Wed Jul 15 06:11:15 2026] PUT /v2.0/trunks/fa80e0dc-4f41-4d6a-aea4-6ca4059b41c7/tags => generated 25 bytes in 32 msecs (HTTP/1.1 200) 4 headers in 156 bytes (1 switches on core 0)
2026-07-15 06:11:15.094 8 WARNING tagging [None req-59726730-7973-41ff-9093-81e29136071f 51d7c3c48987428a9af285e9d722fa86 61d5b9d9d25143e2be88ed7136bd41f7 - - default default] project_id key not found in request, using tenant_id instead. This support has been deprecated and will be removed in a future release. [pid: 8|app: 0|req: 1230/2586] 10.0.0.85 () {32 vars in 728 bytes} [Wed Jul 15 06:11:15 2026] GET /v2.0/trunks/fa80e0dc-4f41-4d6a-aea4-6ca4059b41c7/tags => generated 25 bytes in 25 msecs (HTTP/1.1 200) 4 headers in 156 bytes (1 switches on core 0)
2026-07-15 06:11:15.124 7 WARNING tagging [None req-71535a69-8b9a-402d-8fb4-4b8b396d2769 51d7c3c48987428a9af285e9d722fa86 61d5b9d9d25143e2be88ed7136bd41f7 - - default default] project_id key not found in request, using tenant_id instead. This support has been deprecated and will be removed in a future release. [pid: 7|app: 0|req: 1357/2587] 10.0.0.85 () {34 vars in 759 bytes} [Wed Jul 15 06:11:15 2026] PUT /v2.0/trunks/fa80e0dc-4f41-4d6a-aea4-6ca4059b41c7/tags/green => generated 4 bytes in 41 msecs (HTTP/1.1 201) 4 headers in 160 bytes (1 switches on core 0)
2026-07-15 06:11:15.170 8 WARNING tagging [None req-181e6b67-37da-467d-9430-638566166bab 51d7c3c48987428a9af285e9d722fa86 61d5b9d9d25143e2be88ed7136bd41f7 - - default default] project_id key not found in request, using tenant_id instead. This support has been deprecated and will be removed in a future release. [pid: 8|app: 0|req: 1231/2588] 10.0.0.85 () {32 vars in 728 bytes} [Wed Jul 15 06:11:15 2026] GET /v2.0/trunks/fa80e0dc-4f41-4d6a-aea4-6ca4059b41c7/tags => generated 34 bytes in 25 msecs (HTTP/1.1 200) 4 headers in 156 bytes (1 switches on core 0)
2026-07-15 06:11:15.197 7 WARNING tagging [None req-d7702a31-f0c5-476d-af0e-c3f6ee5aca62 51d7c3c48987428a9af285e9d722fa86 61d5b9d9d25143e2be88ed7136bd41f7 - - default default] project_id key not found in request, using tenant_id instead. This support has been deprecated and will be removed in a future release. [pid: 7|app: 0|req: 1358/2589] 10.0.0.85 () {34 vars in 755 bytes} [Wed Jul 15 06:11:15 2026] PUT /v2.0/trunks/fa80e0dc-4f41-4d6a-aea4-6ca4059b41c7/tags/red => generated 4 bytes in 31 msecs (HTTP/1.1 201) 4 headers in 160 bytes (1 switches on core 0)
2026-07-15 06:11:15.232 8 WARNING tagging [None req-a33ac95d-fa49-480f-8c29-1869145d73c3 51d7c3c48987428a9af285e9d722fa86 61d5b9d9d25143e2be88ed7136bd41f7 - - default default] project_id key not found in request, using tenant_id instead. This support has been deprecated and will be removed in a future release. [pid: 8|app: 0|req: 1232/2590] 10.0.0.85 () {32 vars in 728 bytes} [Wed Jul 15 06:11:15 2026] GET /v2.0/trunks/fa80e0dc-4f41-4d6a-aea4-6ca4059b41c7/tags => generated 34 bytes in 20 msecs (HTTP/1.1 200) 4 headers in 156 bytes (1 switches on core 0)
2026-07-15 06:11:15.255 7 WARNING tagging [None req-9b00e172-86f4-49e3-a24c-720028504782 51d7c3c48987428a9af285e9d722fa86 61d5b9d9d25143e2be88ed7136bd41f7 - - default default] project_id key not found in request, using tenant_id instead. This support has been deprecated and will be removed in a future release. [pid: 7|app: 0|req: 1359/2591] 10.0.0.85 () {34 vars in 777 bytes} [Wed Jul 15 06:11:15 2026] PUT /v2.0/trunks/fa80e0dc-4f41-4d6a-aea4-6ca4059b41c7/tags/black.or.white => generated 4 bytes in 40 msecs (HTTP/1.1 201) 4 headers in 160 bytes (1 switches on core 0)
2026-07-15 06:11:15.298 8 WARNING tagging [None req-23894868-a629-463a-be98-e17e0d6e709c 51d7c3c48987428a9af285e9d722fa86 61d5b9d9d25143e2be88ed7136bd41f7 - - default default] project_id key not found in request, using tenant_id instead. This support has been deprecated and will be removed in a future release. [pid: 8|app: 0|req: 1233/2592] 10.0.0.85 () {32 vars in 728 bytes} [Wed Jul 15 06:11:15 2026] GET /v2.0/trunks/fa80e0dc-4f41-4d6a-aea4-6ca4059b41c7/tags => generated 52 bytes in 19 msecs (HTTP/1.1 200) 4 headers in 156 bytes (1 switches on core 0)
2026-07-15 06:11:15.322 7 WARNING tagging [None req-1de6d341-dc94-48a8-a210-93a3d216c074 51d7c3c48987428a9af285e9d722fa86 61d5b9d9d25143e2be88ed7136bd41f7 - - default default] project_id key not found in request, using tenant_id instead. This support has been deprecated and will be removed in a future release. [pid: 7|app: 0|req: 1360/2593] 10.0.0.85 () {34 vars in 748 bytes} [Wed Jul 15 06:11:15 2026] PUT /v2.0/trunks/fa80e0dc-4f41-4d6a-aea4-6ca4059b41c7/tags => generated 37 bytes in 38 msecs (HTTP/1.1 200) 4 headers in 156 bytes (1 switches on core 0)
2026-07-15 06:11:15.372 8 WARNING tagging [None req-9366811d-f163-4bb6-8cf8-4ba174cd9a19 51d7c3c48987428a9af285e9d722fa86 61d5b9d9d25143e2be88ed7136bd41f7 - - default default] project_id key not found in request, using tenant_id instead. This support has been deprecated and will be removed in a future release. [pid: 8|app: 0|req: 1234/2594] 10.0.0.85 () {32 vars in 728 bytes} [Wed Jul 15 06:11:15 2026] GET /v2.0/trunks/fa80e0dc-4f41-4d6a-aea4-6ca4059b41c7/tags => generated 37 bytes in 27 msecs (HTTP/1.1 200) 4 headers in 156 bytes (1 switches on core 0)
2026-07-15 06:11:15.405 7 WARNING tagging [None req-179a3c41-29d6-4e06-aba8-0529ccbe12a3 51d7c3c48987428a9af285e9d722fa86 61d5b9d9d25143e2be88ed7136bd41f7 - - default default] project_id key not found in request, using tenant_id instead. This support has been deprecated and will be removed in a future release. [pid: 7|app: 0|req: 1361/2595] 10.0.0.85 () {32 vars in 736 bytes} [Wed Jul 15 06:11:15 2026] GET /v2.0/trunks/fa80e0dc-4f41-4d6a-aea4-6ca4059b41c7/tags/red => generated 0 bytes in 26 msecs (HTTP/1.1 204) 2 headers in 112 bytes (1 switches on core 0)
2026-07-15 06:11:15.435 8 WARNING tagging [None req-fc11c62f-1561-47c2-9277-70b27aa42d12 51d7c3c48987428a9af285e9d722fa86 61d5b9d9d25143e2be88ed7136bd41f7 - - default default] project_id key not found in request, using tenant_id instead. This support has been deprecated and will be removed in a future release.
2026-07-15 06:11:15.442 8 INFO neutron.api.v2.resource [None req-fc11c62f-1561-47c2-9277-70b27aa42d12 51d7c3c48987428a9af285e9d722fa86 61d5b9d9d25143e2be88ed7136bd41f7 - - default default] show failed (client error): The resource could not be found. [pid: 8|app: 0|req: 1235/2596] 10.0.0.85 () {32 vars in 740 bytes} [Wed Jul 15 06:11:15 2026] GET /v2.0/trunks/fa80e0dc-4f41-4d6a-aea4-6ca4059b41c7/tags/green => generated 99 bytes in 23 msecs (HTTP/1.1 404) 4 headers in 163 bytes (1 switches on core 0)
2026-07-15 06:11:15.461 7 WARNING tagging [None req-4defb1fe-10b8-4c89-a70f-899b96836ffb 51d7c3c48987428a9af285e9d722fa86 61d5b9d9d25143e2be88ed7136bd41f7 - - default default] project_id key not found in request, using tenant_id instead. This support has been deprecated and will be removed in a future release. [pid: 7|app: 0|req: 1362/2597] 10.0.0.85 () {32 vars in 739 bytes} [Wed Jul 15 06:11:15 2026] DELETE /v2.0/trunks/fa80e0dc-4f41-4d6a-aea4-6ca4059b41c7/tags/red => generated 0 bytes in 34 msecs (HTTP/1.1 204) 2 headers in 112 bytes (1 switches on core 0)
2026-07-15 06:11:15.500 8 WARNING tagging [None req-2837023a-fa32-49b7-ba22-490836a6334e 51d7c3c48987428a9af285e9d722fa86 61d5b9d9d25143e2be88ed7136bd41f7 - - default default] project_id key not found in request, using tenant_id instead. This support has been deprecated and will be removed in a future release. [pid: 8|app: 0|req: 1236/2598] 10.0.0.85 () {32 vars in 728 bytes} [Wed Jul 15 06:11:15 2026] GET /v2.0/trunks/fa80e0dc-4f41-4d6a-aea4-6ca4059b41c7/tags => generated 30 bytes in 21 msecs (HTTP/1.1 200) 4 headers in 156 bytes (1 switches on core 0)
2026-07-15 06:11:15.522 7 WARNING tagging [None req-6a3c5207-c905-42e0-b354-62fb8d67c343 51d7c3c48987428a9af285e9d722fa86 61d5b9d9d25143e2be88ed7136bd41f7 - - default default] project_id key not found in request, using tenant_id instead. This support has been deprecated and will be removed in a future release.
2026-07-15 06:11:15.531 7 INFO neutron.api.v2.resource [None req-6a3c5207-c905-42e0-b354-62fb8d67c343 51d7c3c48987428a9af285e9d722fa86 61d5b9d9d25143e2be88ed7136bd41f7 - - default default] delete failed (client error): The resource could not be found. [pid: 7|app: 0|req: 1363/2599] 10.0.0.85 () {32 vars in 743 bytes} [Wed Jul 15 06:11:15 2026] DELETE /v2.0/trunks/fa80e0dc-4f41-4d6a-aea4-6ca4059b41c7/tags/green => generated 99 bytes in 21 msecs (HTTP/1.1 404) 4 headers in 163 bytes (1 switches on core 0)
2026-07-15 06:11:15.553 8 WARNING tagging [None req-07963b56-23c8-45af-bac2-b6a3a176fa53 51d7c3c48987428a9af285e9d722fa86 61d5b9d9d25143e2be88ed7136bd41f7 - - default default] project_id key not found in request, using tenant_id instead. This support has been deprecated and will be removed in a future release. [pid: 8|app: 0|req: 1237/2600] 10.0.0.85 () {32 vars in 731 bytes} [Wed Jul 15 06:11:15 2026] DELETE /v2.0/trunks/fa80e0dc-4f41-4d6a-aea4-6ca4059b41c7/tags => generated 0 bytes in 40 msecs (HTTP/1.1 204) 2 headers in 112 bytes (1 switches on core 0)
2026-07-15 06:11:15.609 7 WARNING tagging [None req-d970851e-bf80-46c9-a7d4-28fe0c83a4a5 51d7c3c48987428a9af285e9d722fa86 61d5b9d9d25143e2be88ed7136bd41f7 - - default default] project_id key not found in request, using tenant_id instead. This support has been deprecated and will be removed in a future release. [pid: 7|app: 0|req: 1364/2601] 10.0.0.85 () {32 vars in 728 bytes} [Wed Jul 15 06:11:15 2026] GET /v2.0/trunks/fa80e0dc-4f41-4d6a-aea4-6ca4059b41c7/tags => generated 12 bytes in 39 msecs (HTTP/1.1 200) 4 headers in 156 bytes (1 switches on core 0) [pid: 8|app: 0|req: 1238/2602] 10.0.0.85 () {32 vars in 718 bytes} [Wed Jul 15 06:11:15 2026] GET /v2.0/trunks/fa80e0dc-4f41-4d6a-aea4-6ca4059b41c7 => generated 409 bytes in 18 msecs (HTTP/1.1 200) 4 headers in 157 bytes (1 switches on core 0) [pid: 7|app: 0|req: 1365/2603] 10.0.0.85 () {32 vars in 716 bytes} [Wed Jul 15 06:11:15 2026] GET /v2.0/ports/85624a86-bb98-4f30-a579-21557fd477a8 => generated 826 bytes in 46 msecs (HTTP/1.1 200) 4 headers in 157 bytes (1 switches on core 0) [pid: 8|app: 0|req: 1239/2604] 10.0.0.85 () {32 vars in 721 bytes} [Wed Jul 15 06:11:15 2026] DELETE /v2.0/trunks/fa80e0dc-4f41-4d6a-aea4-6ca4059b41c7 => generated 0 bytes in 77 msecs (HTTP/1.1 204) 2 headers in 112 bytes (1 switches on core 0)
2026-07-15 06:11:15.915 7 INFO neutron_taas.services.taas.taas_plugin [None req-fc171b1f-372a-4b61-9273-abe37e54fc58 51d7c3c48987428a9af285e9d722fa86 61d5b9d9d25143e2be88ed7136bd41f7 - - default default] TaaS: Handle Delete Port: 85624a86-bb98-4f30-a579-21557fd477a8
2026-07-15 06:11:15.917 7 INFO neutron_taas.services.taas.tap_mirror_plugin [None req-fc171b1f-372a-4b61-9273-abe37e54fc58 51d7c3c48987428a9af285e9d722fa86 61d5b9d9d25143e2be88ed7136bd41f7 - - default default] Tap Mirror: Handle Delete Port: 85624a86-bb98-4f30-a579-21557fd477a8 [pid: 8|app: 0|req: 1240/2605] 10.0.0.128 () {28 vars in 619 bytes} [Wed Jul 15 06:11:15 2026] GET /v2.0/network-ip-availabilities => generated 2283 bytes in 55 msecs (HTTP/1.1 200) 4 headers in 158 bytes (1 switches on core 0) [pid: 8|app: 0|req: 1241/2606] 10.0.0.128 () {28 vars in 585 bytes} [Wed Jul 15 06:11:15 2026] GET /v2.0/networks => generated 3032 bytes in 47 msecs (HTTP/1.1 200) 4 headers in 158 bytes (1 switches on core 0) [pid: 7|app: 0|req: 1366/2607] 10.0.0.85 () {32 vars in 719 bytes} [Wed Jul 15 06:11:15 2026] DELETE /v2.0/ports/85624a86-bb98-4f30-a579-21557fd477a8 => generated 0 bytes in 220 msecs (HTTP/1.1 204) 3 headers in 131 bytes (1 switches on core 0) [pid: 8|app: 0|req: 1242/2608] 10.0.0.128 () {28 vars in 591 bytes} [Wed Jul 15 06:11:15 2026] GET /v2.0/floatingips => generated 19 bytes in 61 msecs (HTTP/1.1 200) 4 headers in 156 bytes (1 switches on core 0) [pid: 8|app: 0|req: 1243/2609] 10.0.0.128 () {28 vars in 579 bytes} [Wed Jul 15 06:11:16 2026] GET /v2.0/ports => generated 6095 bytes in 73 msecs (HTTP/1.1 200) 4 headers in 158 bytes (1 switches on core 0)
2026-07-15 06:11:16.139 7 INFO neutron_taas.services.taas.taas_plugin [None req-fb678421-d015-4c8b-affd-5c1439e1b977 51d7c3c48987428a9af285e9d722fa86 61d5b9d9d25143e2be88ed7136bd41f7 - - default default] TaaS: Handle Delete Port: 99012cb7-05c5-4583-8fbc-f15fa0691fd5
2026-07-15 06:11:16.142 7 INFO neutron_taas.services.taas.tap_mirror_plugin [None req-fb678421-d015-4c8b-affd-5c1439e1b977 51d7c3c48987428a9af285e9d722fa86 61d5b9d9d25143e2be88ed7136bd41f7 - - default default] Tap Mirror: Handle Delete Port: 99012cb7-05c5-4583-8fbc-f15fa0691fd5 [pid: 8|app: 0|req: 1244/2610] 10.0.0.128 () {28 vars in 583 bytes} [Wed Jul 15 06:11:16 2026] GET /v2.0/subnets => generated 1308 bytes in 27 msecs (HTTP/1.1 200) 4 headers in 158 bytes (1 switches on core 0)
2026-07-15 06:11:16.338 7 INFO neutron.services.segments.plugin [-] Segment 917bdbed-d2e0-466b-9a83-a92444f9e4fb resource provider aggregate not found
2026-07-15 06:11:16.345 7 INFO neutron.services.segments.plugin [-] Segment 917bdbed-d2e0-466b-9a83-a92444f9e4fb resource provider aggregate not found
2026-07-15 06:11:16.358 7 INFO neutron.services.segments.plugin [-] Client error retrieving segment 917bdbed-d2e0-466b-9a83-a92444f9e4fb resource provider; error: Placement Client Error (4xx): {"errors": [{"status": 404, "title": "Not Found", "detail": "The resource could not be found.\n\n No resource provider with uuid 917bdbed-d2e0-466b-9a83-a92444f9e4fb found for delete ", "request_id": "req-56190958-6d5d-4474-83e6-544a4481e274"}]}
2026-07-15 06:11:16.368 7 INFO neutron.services.segments.plugin [-] Client error retrieving segment 917bdbed-d2e0-466b-9a83-a92444f9e4fb resource provider; error: Placement Client Error (4xx): {"errors": [{"status": 404, "title": "Not Found", "detail": "The resource could not be found.\n\n No resource provider with uuid 917bdbed-d2e0-466b-9a83-a92444f9e4fb found for delete ", "request_id": "req-09aa18e1-b9a1-46b5-a638-e2822cb822c7"}]} [pid: 7|app: 0|req: 1367/2611] 10.0.0.85 () {32 vars in 725 bytes} [Wed Jul 15 06:11:16 2026] DELETE /v2.0/networks/019e867f-3130-4058-9ec6-378bde5669a6 => generated 0 bytes in 369 msecs (HTTP/1.1 204) 3 headers in 131 bytes (1 switches on core 0) [pid: 8|app: 0|req: 1245/2612] 10.0.0.128 () {28 vars in 583 bytes} [Wed Jul 15 06:11:16 2026] GET /v2.0/routers => generated 15 bytes in 695 msecs (HTTP/1.1 200) 4 headers in 156 bytes (1 switches on core 0) [pid: 7|app: 0|req: 1368/2613] 10.0.0.128 () {28 vars in 624 bytes} [Wed Jul 15 06:11:16 2026] GET /v2.0/agents?binary=ovn-controller => generated 416 bytes in 38 msecs (HTTP/1.1 200) 4 headers in 157 bytes (1 switches on core 0) [pid: 8|app: 0|req: 1246/2614] 10.0.0.128 () {28 vars in 581 bytes} [Wed Jul 15 06:11:16 2026] GET /v2.0/agents => generated 1214 bytes in 15 msecs (HTTP/1.1 200) 4 headers in 158 bytes (1 switches on core 0) [pid: 7|app: 0|req: 1369/2615] 10.0.0.128 () {28 vars in 583 bytes} [Wed Jul 15 06:11:16 2026] GET /v2.0/subnets => generated 1308 bytes in 27 msecs (HTTP/1.1 200) 4 headers in 158 bytes (1 switches on core 0) [pid: 8|app: 0|req: 1247/2616] 10.0.0.128 () {28 vars in 591 bytes} [Wed Jul 15 06:11:16 2026] GET /v2.0/subnetpools => generated 19 bytes in 14 msecs (HTTP/1.1 200) 4 headers in 156 bytes (1 switches on core 0) [pid: 7|app: 0|req: 1370/2617] 10.0.0.128 () {28 vars in 599 bytes} [Wed Jul 15 06:11:16 2026] GET /v2.0/security-groups => generated 20309 bytes in 34 msecs (HTTP/1.1 200) 4 headers in 159 bytes (1 switches on core 0)
2026-07-15 06:11:17.123 8 WARNING neutron.db.securitygroups_db [None req-df5fea16-c01e-47b3-a521-8a8d75faeead 1c2db2a627fc43c2820da515903d6096 e4c40ceefa6942449a31bc419ab32f09 - - default default] project_id key not found in filters, using tenant_id instead. This support has been deprecated and will be removed in a future release. [pid: 8|app: 0|req: 1248/2618] 10.0.0.85 () {32 vars in 773 bytes} [Wed Jul 15 06:11:16 2026] GET /v2.0/security-groups?tenant_id=61d5b9d9d25143e2be88ed7136bd41f7&name=default => generated 2929 bytes in 162 msecs (HTTP/1.1 200) 4 headers in 158 bytes (1 switches on core 0) [pid: 7|app: 0|req: 1371/2619] 10.0.0.85 () {32 vars in 739 bytes} [Wed Jul 15 06:11:17 2026] DELETE /v2.0/security-groups/30aaa844-ab5f-475b-a8b2-f5a27e274e49 => generated 0 bytes in 159 msecs (HTTP/1.1 204) 2 headers in 112 bytes (1 switches on core 0)
2026-07-15 06:11:17.432 7 WARNING neutron.db.securitygroups_db [None req-f55386dd-78ce-46d7-a20d-b8d85093007f 1c2db2a627fc43c2820da515903d6096 e4c40ceefa6942449a31bc419ab32f09 - - default default] project_id key not found in filters, using tenant_id instead. This support has been deprecated and will be removed in a future release.
2026-07-15 06:11:17.547 7 INFO neutron.db.ovn_revision_numbers_db [None req-f55386dd-78ce-46d7-a20d-b8d85093007f 1c2db2a627fc43c2820da515903d6096 e4c40ceefa6942449a31bc419ab32f09 - - default default] Successfully bumped revision number for resource 2a213cd5-72f3-4f0e-82f3-94467ce77080 (type: security_groups) to 1
2026-07-15 06:11:17.558 7 INFO neutron.db.ovn_revision_numbers_db [None req-f55386dd-78ce-46d7-a20d-b8d85093007f 1c2db2a627fc43c2820da515903d6096 e4c40ceefa6942449a31bc419ab32f09 - - default default] Successfully bumped revision number for resource 74154e2f-9f0c-41a3-91e9-5c2ad4cde3dd (type: security_group_rules) to 0
2026-07-15 06:11:17.568 7 INFO neutron.db.ovn_revision_numbers_db [None req-f55386dd-78ce-46d7-a20d-b8d85093007f 1c2db2a627fc43c2820da515903d6096 e4c40ceefa6942449a31bc419ab32f09 - - default default] Successfully bumped revision number for resource de5b8c91-3baa-467b-9770-04f8eb79adbc (type: security_group_rules) to 0
2026-07-15 06:11:17.579 7 INFO neutron.db.ovn_revision_numbers_db [None req-f55386dd-78ce-46d7-a20d-b8d85093007f 1c2db2a627fc43c2820da515903d6096 e4c40ceefa6942449a31bc419ab32f09 - - default default] Successfully bumped revision number for resource e49d8f58-54ec-4b35-9ebb-107f8eba2b25 (type: security_group_rules) to 0
