2026-07-15 06:08:30.427 8 INFO neutron.services.segments.plugin [-] Client error retrieving segment c9b97ef3-fd26-4863-bbc3-7bcd3b71e842 resource provider; error: Placement Client Error (4xx): {"errors": [{"status": 404, "title": "Not Found", "detail": "The resource could not be found.\n\n No resource provider with uuid c9b97ef3-fd26-4863-bbc3-7bcd3b71e842 found for delete ", "request_id": "req-57c3ca41-8380-490d-8199-da03ec858850"}]} [pid: 8|app: 0|req: 721/1396] 10.0.0.85 () {32 vars in 725 bytes} [Wed Jul 15 06:08:29 2026] DELETE /v2.0/networks/d74707df-907f-4878-8545-99c21fb8e7af => generated 0 bytes in 510 msecs (HTTP/1.1 204) 3 headers in 131 bytes (1 switches on core 0)
2026-07-15 06:08:30.466 8 INFO neutron.pecan_wsgi.hooks.translation [None req-01ce0b9c-8ede-405a-8dc7-4dc26f007560 6ceeaa77c81649eb99f5f77dd233d3e6 d594d00ad8384c039d1bfeed6f929016 - - default default] DELETE failed (client error): The resource could not be found. [pid: 8|app: 0|req: 722/1397] 10.0.0.85 () {32 vars in 723 bytes} [Wed Jul 15 06:08:30 2026] DELETE /v2.0/subnets/49088e75-c967-49cb-89e1-d5bf08f818a9 => generated 136 bytes in 13 msecs (HTTP/1.1 404) 4 headers in 164 bytes (1 switches on core 0) [pid: 7|app: 0|req: 676/1398] 10.0.0.85 () {32 vars in 732 bytes} [Wed Jul 15 06:08:30 2026] GET /v2.0/networks/e8455a71-4d49-483b-9c68-ec1848cd5b65/tags => generated 37 bytes in 68 msecs (HTTP/1.1 200) 4 headers in 156 bytes (1 switches on core 0)
2026-07-15 06:08:30.486 8 INFO neutron.pecan_wsgi.hooks.translation [None req-c7bb5e9c-2d97-4af0-bafa-873b34c1b1ca 6ceeaa77c81649eb99f5f77dd233d3e6 d594d00ad8384c039d1bfeed6f929016 - - default default] DELETE failed (client error): The resource could not be found. [pid: 8|app: 0|req: 723/1399] 10.0.0.85 () {32 vars in 723 bytes} [Wed Jul 15 06:08:30 2026] DELETE /v2.0/subnets/878c91a1-1517-4607-8ec9-bc2cf218e8d1 => generated 136 bytes in 13 msecs (HTTP/1.1 404) 4 headers in 164 bytes (1 switches on core 0)
2026-07-15 06:08:30.502 8 INFO neutron.pecan_wsgi.hooks.translation [None req-4eadea8e-57c7-4bc4-ab63-ee7290d9d670 6ceeaa77c81649eb99f5f77dd233d3e6 d594d00ad8384c039d1bfeed6f929016 - - default default] DELETE failed (client error): The resource could not be found. [pid: 8|app: 0|req: 724/1400] 10.0.0.85 () {32 vars in 723 bytes} [Wed Jul 15 06:08:30 2026] DELETE /v2.0/subnets/34ede9be-ad1d-4d94-b63a-372e5cee9a15 => generated 136 bytes in 12 msecs (HTTP/1.1 404) 4 headers in 164 bytes (1 switches on core 0) [pid: 7|app: 0|req: 677/1401] 10.0.0.85 () {32 vars in 740 bytes} [Wed Jul 15 06:08:30 2026] GET /v2.0/networks/e8455a71-4d49-483b-9c68-ec1848cd5b65/tags/red => generated 0 bytes in 41 msecs (HTTP/1.1 204) 2 headers in 112 bytes (1 switches on core 0)
2026-07-15 06:08:30.574 7 INFO neutron.api.v2.resource [None req-b95be647-bc44-4ed6-b14a-69c17c69a9cf 00d1230118544f5d813f6dd40ca4fd0d 72e1fc95d08d47359da8bfc35c7e1fd5 - - default default] show failed (client error): The resource could not be found. [pid: 7|app: 0|req: 678/1402] 10.0.0.85 () {32 vars in 744 bytes} [Wed Jul 15 06:08:30 2026] GET /v2.0/networks/e8455a71-4d49-483b-9c68-ec1848cd5b65/tags/green => generated 99 bytes in 41 msecs (HTTP/1.1 404) 4 headers in 163 bytes (1 switches on core 0) [pid: 7|app: 0|req: 679/1403] 10.0.0.85 () {32 vars in 743 bytes} [Wed Jul 15 06:08:30 2026] DELETE /v2.0/networks/e8455a71-4d49-483b-9c68-ec1848cd5b65/tags/red => generated 0 bytes in 54 msecs (HTTP/1.1 204) 2 headers in 112 bytes (1 switches on core 0)
2026-07-15 06:08:30.648 8 WARNING neutron.db.securitygroups_db [None req-75c39eb5-6913-4840-b365-fb8dee7ae650 1c2db2a627fc43c2820da515903d6096 e4c40ceefa6942449a31bc419ab32f09 - - default default] project_id key not found in filters, using tenant_id instead. This support has been deprecated and will be removed in a future release. [pid: 7|app: 0|req: 680/1404] 10.0.0.85 () {32 vars in 732 bytes} [Wed Jul 15 06:08:30 2026] GET /v2.0/networks/e8455a71-4d49-483b-9c68-ec1848cd5b65/tags => generated 30 bytes in 39 msecs (HTTP/1.1 200) 4 headers in 156 bytes (1 switches on core 0)
2026-07-15 06:08:30.734 7 INFO neutron.api.v2.resource [None req-ca1c5d84-9727-40ee-af7a-122931222021 00d1230118544f5d813f6dd40ca4fd0d 72e1fc95d08d47359da8bfc35c7e1fd5 - - default default] delete failed (client error): The resource could not be found. [pid: 7|app: 0|req: 681/1405] 10.0.0.85 () {32 vars in 747 bytes} [Wed Jul 15 06:08:30 2026] DELETE /v2.0/networks/e8455a71-4d49-483b-9c68-ec1848cd5b65/tags/green => generated 99 bytes in 53 msecs (HTTP/1.1 404) 4 headers in 163 bytes (1 switches on core 0)
2026-07-15 06:08:30.789 8 INFO neutron.db.ovn_revision_numbers_db [None req-75c39eb5-6913-4840-b365-fb8dee7ae650 1c2db2a627fc43c2820da515903d6096 e4c40ceefa6942449a31bc419ab32f09 - - default default] Successfully bumped revision number for resource a14f08fb-05ea-407f-822c-6d98496be37b (type: security_groups) to 1
2026-07-15 06:08:30.801 8 INFO neutron.db.ovn_revision_numbers_db [None req-75c39eb5-6913-4840-b365-fb8dee7ae650 1c2db2a627fc43c2820da515903d6096 e4c40ceefa6942449a31bc419ab32f09 - - default default] Successfully bumped revision number for resource 07695757-0146-4061-8d4e-42288187bc11 (type: security_group_rules) to 0
2026-07-15 06:08:30.816 8 INFO neutron.db.ovn_revision_numbers_db [None req-75c39eb5-6913-4840-b365-fb8dee7ae650 1c2db2a627fc43c2820da515903d6096 e4c40ceefa6942449a31bc419ab32f09 - - default default] Successfully bumped revision number for resource 21081a41-9380-4eee-8e7b-df016d39a24e (type: security_group_rules) to 0 [pid: 7|app: 0|req: 682/1406] 10.0.0.85 () {32 vars in 735 bytes} [Wed Jul 15 06:08:30 2026] DELETE /v2.0/networks/e8455a71-4d49-483b-9c68-ec1848cd5b65/tags => generated 0 bytes in 79 msecs (HTTP/1.1 204) 2 headers in 112 bytes (1 switches on core 0)
2026-07-15 06:08:30.831 8 INFO neutron.db.ovn_revision_numbers_db [None req-75c39eb5-6913-4840-b365-fb8dee7ae650 1c2db2a627fc43c2820da515903d6096 e4c40ceefa6942449a31bc419ab32f09 - - default default] Successfully bumped revision number for resource 6734cee2-8832-47c4-879c-df2ed372e8ac (type: security_group_rules) to 0
2026-07-15 06:08:30.845 8 INFO neutron.db.ovn_revision_numbers_db [None req-75c39eb5-6913-4840-b365-fb8dee7ae650 1c2db2a627fc43c2820da515903d6096 e4c40ceefa6942449a31bc419ab32f09 - - default default] Successfully bumped revision number for resource e42acc19-faec-4d72-8d5b-2caac83cbdca (type: security_group_rules) to 0 [pid: 7|app: 0|req: 683/1407] 10.0.0.85 () {32 vars in 732 bytes} [Wed Jul 15 06:08:30 2026] GET /v2.0/networks/e8455a71-4d49-483b-9c68-ec1848cd5b65/tags => generated 12 bytes in 54 msecs (HTTP/1.1 200) 4 headers in 156 bytes (1 switches on core 0) [pid: 8|app: 0|req: 725/1408] 10.0.0.85 () {32 vars in 773 bytes} [Wed Jul 15 06:08:30 2026] GET /v2.0/security-groups?tenant_id=77e864e13f8e4f488da3ba537d5cb12d&name=default => generated 2925 bytes in 385 msecs (HTTP/1.1 200) 4 headers in 158 bytes (1 switches on core 0)
2026-07-15 06:08:31.026 7 INFO neutron_taas.services.taas.taas_plugin [None req-dde232bd-5512-49e6-abc5-dcdcbf6e4163 00d1230118544f5d813f6dd40ca4fd0d 72e1fc95d08d47359da8bfc35c7e1fd5 - - default default] TaaS: Handle Delete Port: 709c6398-21f2-45a4-8ba9-17c0930e9973
2026-07-15 06:08:31.029 7 INFO neutron_taas.services.taas.tap_mirror_plugin [None req-dde232bd-5512-49e6-abc5-dcdcbf6e4163 00d1230118544f5d813f6dd40ca4fd0d 72e1fc95d08d47359da8bfc35c7e1fd5 - - default default] Tap Mirror: Handle Delete Port: 709c6398-21f2-45a4-8ba9-17c0930e9973 [pid: 8|app: 0|req: 726/1409] 10.0.0.85 () {32 vars in 739 bytes} [Wed Jul 15 06:08:30 2026] DELETE /v2.0/security-groups/a14f08fb-05ea-407f-822c-6d98496be37b => generated 0 bytes in 190 msecs (HTTP/1.1 204) 2 headers in 112 bytes (1 switches on core 0)
2026-07-15 06:08:31.188 7 INFO neutron.services.segments.plugin [-] Segment 6e0acb22-0c1f-43d4-b4fe-b665686b87d7 resource provider aggregate not found
2026-07-15 06:08:31.194 7 INFO neutron.services.segments.plugin [-] Segment 6e0acb22-0c1f-43d4-b4fe-b665686b87d7 resource provider aggregate not found
2026-07-15 06:08:31.210 7 INFO neutron.services.segments.plugin [-] Client error retrieving segment 6e0acb22-0c1f-43d4-b4fe-b665686b87d7 resource provider; error: Placement Client Error (4xx): {"errors": [{"status": 404, "title": "Not Found", "detail": "The resource could not be found.\n\n No resource provider with uuid 6e0acb22-0c1f-43d4-b4fe-b665686b87d7 found for delete ", "request_id": "req-43f39ebe-029e-4013-9a6d-b305f2bb1059"}]}
2026-07-15 06:08:31.214 7 INFO neutron.services.segments.plugin [-] Client error retrieving segment 6e0acb22-0c1f-43d4-b4fe-b665686b87d7 resource provider; error: Placement Client Error (4xx): {"errors": [{"status": 404, "title": "Not Found", "detail": "The resource could not be found.\n\n No resource provider with uuid 6e0acb22-0c1f-43d4-b4fe-b665686b87d7 found for delete ", "request_id": "req-5a249f33-3916-4fc2-8f33-cc0ba3f3de93"}]}
2026-07-15 06:08:31.250 8 WARNING neutron.db.securitygroups_db [None req-92d5cd89-ee46-46a6-8bb5-6b4a171059e0 1c2db2a627fc43c2820da515903d6096 e4c40ceefa6942449a31bc419ab32f09 - - default default] project_id key not found in filters, using tenant_id instead. This support has been deprecated and will be removed in a future release. [pid: 7|app: 0|req: 684/1410] 10.0.0.85 () {32 vars in 725 bytes} [Wed Jul 15 06:08:30 2026] DELETE /v2.0/networks/e8455a71-4d49-483b-9c68-ec1848cd5b65 => generated 0 bytes in 371 msecs (HTTP/1.1 204) 3 headers in 131 bytes (1 switches on core 0)
2026-07-15 06:08:31.394 8 INFO neutron.db.ovn_revision_numbers_db [None req-92d5cd89-ee46-46a6-8bb5-6b4a171059e0 1c2db2a627fc43c2820da515903d6096 e4c40ceefa6942449a31bc419ab32f09 - - default default] Successfully bumped revision number for resource d2b81a4f-4d94-42f0-8bca-562cf7f245ec (type: security_groups) to 1
2026-07-15 06:08:31.415 8 INFO neutron.db.ovn_revision_numbers_db [None req-92d5cd89-ee46-46a6-8bb5-6b4a171059e0 1c2db2a627fc43c2820da515903d6096 e4c40ceefa6942449a31bc419ab32f09 - - default default] Successfully bumped revision number for resource 0789d9c7-19ac-4df7-83b7-4169fea1787b (type: security_group_rules) to 0
2026-07-15 06:08:31.432 8 INFO neutron.db.ovn_revision_numbers_db [None req-92d5cd89-ee46-46a6-8bb5-6b4a171059e0 1c2db2a627fc43c2820da515903d6096 e4c40ceefa6942449a31bc419ab32f09 - - default default] Successfully bumped revision number for resource 257cc324-159f-4737-a57e-3f0ad4f2752e (type: security_group_rules) to 0
2026-07-15 06:08:31.454 8 INFO neutron.db.ovn_revision_numbers_db [None req-92d5cd89-ee46-46a6-8bb5-6b4a171059e0 1c2db2a627fc43c2820da515903d6096 e4c40ceefa6942449a31bc419ab32f09 - - default default] Successfully bumped revision number for resource 97fadcf4-a806-4b07-a5c9-a6ff7ae49611 (type: security_group_rules) to 0
2026-07-15 06:08:31.467 8 INFO neutron.db.ovn_revision_numbers_db [None req-92d5cd89-ee46-46a6-8bb5-6b4a171059e0 1c2db2a627fc43c2820da515903d6096 e4c40ceefa6942449a31bc419ab32f09 - - default default] Successfully bumped revision number for resource cd5bfa09-b388-4cac-ba0e-7666efd75853 (type: security_group_rules) to 0 [pid: 8|app: 0|req: 727/1411] 10.0.0.85 () {32 vars in 773 bytes} [Wed Jul 15 06:08:31 2026] GET /v2.0/security-groups?tenant_id=2ced6aed05dc4930a56fec2cc5731d97&name=default => generated 2925 bytes in 258 msecs (HTTP/1.1 200) 4 headers in 158 bytes (1 switches on core 0)
2026-07-15 06:08:31.552 7 WARNING neutron.db.securitygroups_db [None req-610d607e-fc31-4d72-8dcd-b508ff04e807 1c2db2a627fc43c2820da515903d6096 e4c40ceefa6942449a31bc419ab32f09 - - default default] project_id key not found in filters, using tenant_id instead. This support has been deprecated and will be removed in a future release. [pid: 8|app: 0|req: 728/1412] 10.0.0.85 () {32 vars in 739 bytes} [Wed Jul 15 06:08:31 2026] DELETE /v2.0/security-groups/d2b81a4f-4d94-42f0-8bca-562cf7f245ec => generated 0 bytes in 185 msecs (HTTP/1.1 204) 2 headers in 112 bytes (1 switches on core 0)
2026-07-15 06:08:31.707 7 INFO neutron.db.ovn_revision_numbers_db [None req-610d607e-fc31-4d72-8dcd-b508ff04e807 1c2db2a627fc43c2820da515903d6096 e4c40ceefa6942449a31bc419ab32f09 - - default default] Successfully bumped revision number for resource f6a0564c-053c-4fd4-89c3-d0bb1befa9d4 (type: security_groups) to 1
2026-07-15 06:08:31.719 7 INFO neutron.db.ovn_revision_numbers_db [None req-610d607e-fc31-4d72-8dcd-b508ff04e807 1c2db2a627fc43c2820da515903d6096 e4c40ceefa6942449a31bc419ab32f09 - - default default] Successfully bumped revision number for resource 105214a5-fdde-4407-bf21-954213ec4c93 (type: security_group_rules) to 0
2026-07-15 06:08:31.731 7 INFO neutron.db.ovn_revision_numbers_db [None req-610d607e-fc31-4d72-8dcd-b508ff04e807 1c2db2a627fc43c2820da515903d6096 e4c40ceefa6942449a31bc419ab32f09 - - default default] Successfully bumped revision number for resource 276034aa-c3eb-4c93-96a9-702d4918c175 (type: security_group_rules) to 0
2026-07-15 06:08:31.741 7 INFO neutron.db.ovn_revision_numbers_db [None req-610d607e-fc31-4d72-8dcd-b508ff04e807 1c2db2a627fc43c2820da515903d6096 e4c40ceefa6942449a31bc419ab32f09 - - default default] Successfully bumped revision number for resource 8a1679a3-fff7-4a31-8fd4-97da17d74a84 (type: security_group_rules) to 0
2026-07-15 06:08:31.752 7 INFO neutron.db.ovn_revision_numbers_db [None req-610d607e-fc31-4d72-8dcd-b508ff04e807 1c2db2a627fc43c2820da515903d6096 e4c40ceefa6942449a31bc419ab32f09 - - default default] Successfully bumped revision number for resource e89541c1-6040-47ad-9c6c-f3038c2d86e3 (type: security_group_rules) to 0 [pid: 7|app: 0|req: 685/1413] 10.0.0.85 () {32 vars in 773 bytes} [Wed Jul 15 06:08:31 2026] GET /v2.0/security-groups?tenant_id=0d95b46376c74891bb836fd7603543a8&name=default => generated 2925 bytes in 447 msecs (HTTP/1.1 200) 4 headers in 158 bytes (1 switches on core 0) [pid: 8|app: 0|req: 729/1414] 10.0.0.85 () {32 vars in 739 bytes} [Wed Jul 15 06:08:31 2026] DELETE /v2.0/security-groups/f6a0564c-053c-4fd4-89c3-d0bb1befa9d4 => generated 0 bytes in 183 msecs (HTTP/1.1 204) 2 headers in 112 bytes (1 switches on core 0)
2026-07-15 06:08:32.072 7 WARNING neutron.db.securitygroups_db [None req-6b2e9dc2-0458-4710-8d17-2527a7899b43 1c2db2a627fc43c2820da515903d6096 e4c40ceefa6942449a31bc419ab32f09 - - default default] project_id key not found in filters, using tenant_id instead. This support has been deprecated and will be removed in a future release.
2026-07-15 06:08:32.134 8 WARNING neutron.db.securitygroups_db [None req-56e5f5b9-cd8f-4f08-93a5-6de69b5429f5 1c2db2a627fc43c2820da515903d6096 e4c40ceefa6942449a31bc419ab32f09 - - default default] project_id key not found in filters, using tenant_id instead. This support has been deprecated and will be removed in a future release.
2026-07-15 06:08:32.199 7 INFO neutron.db.ovn_revision_numbers_db [None req-6b2e9dc2-0458-4710-8d17-2527a7899b43 1c2db2a627fc43c2820da515903d6096 e4c40ceefa6942449a31bc419ab32f09 - - default default] Successfully bumped revision number for resource 3b70c20f-94a6-4449-911c-40af7003d3ad (type: security_groups) to 1
2026-07-15 06:08:32.214 7 INFO neutron.db.ovn_revision_numbers_db [None req-6b2e9dc2-0458-4710-8d17-2527a7899b43 1c2db2a627fc43c2820da515903d6096 e4c40ceefa6942449a31bc419ab32f09 - - default default] Successfully bumped revision number for resource 43d505f7-35e0-443f-ab3e-c48bb0018d99 (type: security_group_rules) to 0
2026-07-15 06:08:32.225 7 INFO neutron.db.ovn_revision_numbers_db [None req-6b2e9dc2-0458-4710-8d17-2527a7899b43 1c2db2a627fc43c2820da515903d6096 e4c40ceefa6942449a31bc419ab32f09 - - default default] Successfully bumped revision number for resource 4c3f9749-c863-49b6-a3ed-1d336dbbebfc (type: security_group_rules) to 0
2026-07-15 06:08:32.240 7 INFO neutron.db.ovn_revision_numbers_db [None req-6b2e9dc2-0458-4710-8d17-2527a7899b43 1c2db2a627fc43c2820da515903d6096 e4c40ceefa6942449a31bc419ab32f09 - - default default] Successfully bumped revision number for resource d56d29c3-53b9-40f8-880f-8e613e505fcf (type: security_group_rules) to 0
2026-07-15 06:08:32.256 7 INFO neutron.db.ovn_revision_numbers_db [None req-6b2e9dc2-0458-4710-8d17-2527a7899b43 1c2db2a627fc43c2820da515903d6096 e4c40ceefa6942449a31bc419ab32f09 - - default default] Successfully bumped revision number for resource f7990afa-dda9-4e05-a628-f0cdaef14464 (type: security_group_rules) to 0
2026-07-15 06:08:32.280 8 INFO neutron.db.ovn_revision_numbers_db [None req-56e5f5b9-cd8f-4f08-93a5-6de69b5429f5 1c2db2a627fc43c2820da515903d6096 e4c40ceefa6942449a31bc419ab32f09 - - default default] Successfully bumped revision number for resource afaedd06-02cd-4468-9408-fb6d71ba9587 (type: security_groups) to 1
2026-07-15 06:08:32.291 8 INFO neutron.db.ovn_revision_numbers_db [None req-56e5f5b9-cd8f-4f08-93a5-6de69b5429f5 1c2db2a627fc43c2820da515903d6096 e4c40ceefa6942449a31bc419ab32f09 - - default default] Successfully bumped revision number for resource 3ff87e01-ce14-4b29-bec2-b05701b6d88c (type: security_group_rules) to 0 [pid: 7|app: 0|req: 686/1415] 10.0.0.85 () {32 vars in 773 bytes} [Wed Jul 15 06:08:31 2026] GET /v2.0/security-groups?tenant_id=d7e83e005db94e169fd8717e9b7b5954&name=default => generated 2925 bytes in 360 msecs (HTTP/1.1 200) 4 headers in 158 bytes (1 switches on core 0)
2026-07-15 06:08:32.302 8 INFO neutron.db.ovn_revision_numbers_db [None req-56e5f5b9-cd8f-4f08-93a5-6de69b5429f5 1c2db2a627fc43c2820da515903d6096 e4c40ceefa6942449a31bc419ab32f09 - - default default] Successfully bumped revision number for resource 8d63d198-cc75-403d-9981-5822aaf45c91 (type: security_group_rules) to 0
2026-07-15 06:08:32.317 8 INFO neutron.db.ovn_revision_numbers_db [None req-56e5f5b9-cd8f-4f08-93a5-6de69b5429f5 1c2db2a627fc43c2820da515903d6096 e4c40ceefa6942449a31bc419ab32f09 - - default default] Successfully bumped revision number for resource 947a5c97-dca9-48c5-9408-3646989a47c6 (type: security_group_rules) to 0
2026-07-15 06:08:32.332 8 INFO neutron.db.ovn_revision_numbers_db [None req-56e5f5b9-cd8f-4f08-93a5-6de69b5429f5 1c2db2a627fc43c2820da515903d6096 e4c40ceefa6942449a31bc419ab32f09 - - default default] Successfully bumped revision number for resource bb01db5f-96b4-4781-8d79-26a7bd9b3a91 (type: security_group_rules) to 0 [pid: 8|app: 0|req: 730/1416] 10.0.0.85 () {32 vars in 773 bytes} [Wed Jul 15 06:08:32 2026] GET /v2.0/security-groups?tenant_id=f216c120de9d40ccad8ed6f5cac22906&name=default => generated 2925 bytes in 251 msecs (HTTP/1.1 200) 4 headers in 158 bytes (1 switches on core 0) [pid: 7|app: 0|req: 687/1419] 10.0.0.85 () {32 vars in 739 bytes} [Wed Jul 15 06:08:32 2026] DELETE /v2.0/security-groups/3b70c20f-94a6-4449-911c-40af7003d3ad => generated 0 bytes in 222 msecs (HTTP/1.1 204) 2 headers in 112 bytes (1 switches on core 0) [pid: 8|app: 0|req: 733/1420] 10.0.0.85 () {32 vars in 739 bytes} [Wed Jul 15 06:08:32 2026] DELETE /v2.0/security-groups/afaedd06-02cd-4468-9408-fb6d71ba9587 => generated 0 bytes in 189 msecs (HTTP/1.1 204) 2 headers in 112 bytes (1 switches on core 0)
2026-07-15 06:08:32.649 7 WARNING neutron.db.securitygroups_db [None req-5fb08d9f-7f05-4ab1-aa76-a069f29cee4e 1c2db2a627fc43c2820da515903d6096 e4c40ceefa6942449a31bc419ab32f09 - - default default] project_id key not found in filters, using tenant_id instead. This support has been deprecated and will be removed in a future release. [pid: 7|app: 0|req: 688/1421] 10.0.0.85 () {32 vars in 773 bytes} [Wed Jul 15 06:08:32 2026] GET /v2.0/security-groups?tenant_id=72e1fc95d08d47359da8bfc35c7e1fd5&name=default => generated 2925 bytes in 29 msecs (HTTP/1.1 200) 4 headers in 158 bytes (1 switches on core 0)
2026-07-15 06:08:32.749 7 WARNING neutron.db.securitygroups_db [None req-1b596d1c-5034-4cb6-9368-715cbdbc8358 1c2db2a627fc43c2820da515903d6096 e4c40ceefa6942449a31bc419ab32f09 - - default default] project_id key not found in filters, using tenant_id instead. This support has been deprecated and will be removed in a future release. [pid: 7|app: 0|req: 689/1422] 10.0.0.85 () {32 vars in 773 bytes} [Wed Jul 15 06:08:32 2026] GET /v2.0/security-groups?tenant_id=d594d00ad8384c039d1bfeed6f929016&name=default => generated 2925 bytes in 30 msecs (HTTP/1.1 200) 4 headers in 158 bytes (1 switches on core 0) [pid: 8|app: 0|req: 734/1423] 10.0.0.85 () {32 vars in 739 bytes} [Wed Jul 15 06:08:32 2026] DELETE /v2.0/security-groups/3fd80e62-adfe-493a-b850-8d537b3e3ba4 => generated 0 bytes in 180 msecs (HTTP/1.1 204) 2 headers in 112 bytes (1 switches on core 0) [pid: 7|app: 0|req: 690/1424] 10.0.0.85 () {32 vars in 739 bytes} [Wed Jul 15 06:08:32 2026] DELETE /v2.0/security-groups/8d41de06-bc5c-479f-a0bf-c19f4b4fc066 => generated 0 bytes in 175 msecs (HTTP/1.1 204) 2 headers in 112 bytes (1 switches on core 0)
2026-07-15 06:08:33.012 8 WARNING neutron.db.securitygroups_db [None req-40e54df8-a104-4891-90dd-d56a089f5935 1c2db2a627fc43c2820da515903d6096 e4c40ceefa6942449a31bc419ab32f09 - - default default] project_id key not found in filters, using tenant_id instead. This support has been deprecated and will be removed in a future release.
2026-07-15 06:08:33.118 8 INFO neutron.db.ovn_revision_numbers_db [None req-40e54df8-a104-4891-90dd-d56a089f5935 1c2db2a627fc43c2820da515903d6096 e4c40ceefa6942449a31bc419ab32f09 - - default default] Successfully bumped revision number for resource 405d98c6-3561-420e-9ade-52bbf9d36985 (type: security_groups) to 1
2026-07-15 06:08:33.135 8 INFO neutron.db.ovn_revision_numbers_db [None req-40e54df8-a104-4891-90dd-d56a089f5935 1c2db2a627fc43c2820da515903d6096 e4c40ceefa6942449a31bc419ab32f09 - - default default] Successfully bumped revision number for resource 059737a8-f36f-4bd0-9a6d-cdff8319318a (type: security_group_rules) to 0
2026-07-15 06:08:33.145 8 INFO neutron.db.ovn_revision_numbers_db [None req-40e54df8-a104-4891-90dd-d56a089f5935 1c2db2a627fc43c2820da515903d6096 e4c40ceefa6942449a31bc419ab32f09 - - default default] Successfully bumped revision number for resource 380e7414-9cb9-4cde-b9dc-169913d5381c (type: security_group_rules) to 0
2026-07-15 06:08:33.157 8 INFO neutron.db.ovn_revision_numbers_db [None req-40e54df8-a104-4891-90dd-d56a089f5935 1c2db2a627fc43c2820da515903d6096 e4c40ceefa6942449a31bc419ab32f09 - - default default] Successfully bumped revision number for resource 6b498dc8-d14c-49d9-87d0-e177230ef77b (type: security_group_rules) to 0
2026-07-15 06:08:33.172 8 INFO neutron.db.ovn_revision_numbers_db [None req-40e54df8-a104-4891-90dd-d56a089f5935 1c2db2a627fc43c2820da515903d6096 e4c40ceefa6942449a31bc419ab32f09 - - default default] Successfully bumped revision number for resource bb894d47-811c-44e6-b1c5-fddd832f6d9a (type: security_group_rules) to 0 [pid: 8|app: 0|req: 735/1425] 10.0.0.85 () {32 vars in 773 bytes} [Wed Jul 15 06:08:32 2026] GET /v2.0/security-groups?tenant_id=2b6391d65f954b83a0d39cdec12dcc75&name=default => generated 2925 bytes in 350 msecs (HTTP/1.1 200) 4 headers in 158 bytes (1 switches on core 0) [pid: 7|app: 0|req: 691/1426] 10.0.0.85 () {32 vars in 739 bytes} [Wed Jul 15 06:08:33 2026] DELETE /v2.0/security-groups/405d98c6-3561-420e-9ade-52bbf9d36985 => generated 0 bytes in 212 msecs (HTTP/1.1 204) 2 headers in 112 bytes (1 switches on core 0)
2026-07-15 06:08:33.555 8 WARNING neutron.db.securitygroups_db [None req-0d53334c-f417-475d-8061-f792b20822a4 1c2db2a627fc43c2820da515903d6096 e4c40ceefa6942449a31bc419ab32f09 - - default default] project_id key not found in filters, using tenant_id instead. This support has been deprecated and will be removed in a future release.
2026-07-15 06:08:33.725 8 INFO neutron.db.ovn_revision_numbers_db [None req-0d53334c-f417-475d-8061-f792b20822a4 1c2db2a627fc43c2820da515903d6096 e4c40ceefa6942449a31bc419ab32f09 - - default default] Successfully bumped revision number for resource 9028c2c7-7f86-41a3-9246-69c47412b25e (type: security_groups) to 1
2026-07-15 06:08:33.738 8 INFO neutron.db.ovn_revision_numbers_db [None req-0d53334c-f417-475d-8061-f792b20822a4 1c2db2a627fc43c2820da515903d6096 e4c40ceefa6942449a31bc419ab32f09 - - default default] Successfully bumped revision number for resource 1c194cdc-3ae6-4f05-9a35-8721ff49fc2f (type: security_group_rules) to 0
2026-07-15 06:08:33.753 8 INFO neutron.db.ovn_revision_numbers_db [None req-0d53334c-f417-475d-8061-f792b20822a4 1c2db2a627fc43c2820da515903d6096 e4c40ceefa6942449a31bc419ab32f09 - - default default] Successfully bumped revision number for resource 679158db-1d73-4689-af77-47066aa4086a (type: security_group_rules) to 0
2026-07-15 06:08:33.768 8 INFO neutron.db.ovn_revision_numbers_db [None req-0d53334c-f417-475d-8061-f792b20822a4 1c2db2a627fc43c2820da515903d6096 e4c40ceefa6942449a31bc419ab32f09 - - default default] Successfully bumped revision number for resource a5c6de97-9995-4d34-92a7-edb5fbfb1c87 (type: security_group_rules) to 0
2026-07-15 06:08:33.783 8 INFO neutron.db.ovn_revision_numbers_db [None req-0d53334c-f417-475d-8061-f792b20822a4 1c2db2a627fc43c2820da515903d6096 e4c40ceefa6942449a31bc419ab32f09 - - default default] Successfully bumped revision number for resource cc565608-f410-44cc-b370-f1b309529670 (type: security_group_rules) to 0 [pid: 8|app: 0|req: 736/1427] 10.0.0.85 () {32 vars in 773 bytes} [Wed Jul 15 06:08:33 2026] GET /v2.0/security-groups?tenant_id=ef9cde3ea6634df6b574142c84d0d3e7&name=default => generated 2925 bytes in 263 msecs (HTTP/1.1 200) 4 headers in 158 bytes (1 switches on core 0) [pid: 7|app: 0|req: 692/1428] 10.0.0.85 () {32 vars in 739 bytes} [Wed Jul 15 06:08:33 2026] DELETE /v2.0/security-groups/9028c2c7-7f86-41a3-9246-69c47412b25e => generated 0 bytes in 210 msecs (HTTP/1.1 204) 2 headers in 112 bytes (1 switches on core 0)
2026-07-15 06:08:35.625 8 WARNING neutron.db.securitygroups_db [None req-f522e33e-11da-4fa1-994b-237d5d01e2f8 1c2db2a627fc43c2820da515903d6096 e4c40ceefa6942449a31bc419ab32f09 - - default default] project_id key not found in filters, using tenant_id instead. This support has been deprecated and will be removed in a future release.
2026-07-15 06:08:35.805 8 INFO neutron.db.ovn_revision_numbers_db [None req-f522e33e-11da-4fa1-994b-237d5d01e2f8 1c2db2a627fc43c2820da515903d6096 e4c40ceefa6942449a31bc419ab32f09 - - default default] Successfully bumped revision number for resource ac1882ee-2e31-41e1-835c-f00d0e336bc2 (type: security_groups) to 1
2026-07-15 06:08:35.814 8 INFO neutron.db.ovn_revision_numbers_db [None req-f522e33e-11da-4fa1-994b-237d5d01e2f8 1c2db2a627fc43c2820da515903d6096 e4c40ceefa6942449a31bc419ab32f09 - - default default] Successfully bumped revision number for resource 053bab05-dffa-4503-8a07-9b8be5e53b8c (type: security_group_rules) to 0
2026-07-15 06:08:35.825 8 INFO neutron.db.ovn_revision_numbers_db [None req-f522e33e-11da-4fa1-994b-237d5d01e2f8 1c2db2a627fc43c2820da515903d6096 e4c40ceefa6942449a31bc419ab32f09 - - default default] Successfully bumped revision number for resource 0cc3a570-64fe-411b-b92f-c5745797280a (type: security_group_rules) to 0
2026-07-15 06:08:35.855 8 INFO neutron.db.ovn_revision_numbers_db [None req-f522e33e-11da-4fa1-994b-237d5d01e2f8 1c2db2a627fc43c2820da515903d6096 e4c40ceefa6942449a31bc419ab32f09 - - default default] Successfully bumped revision number for resource 16077d11-fe4b-4979-82a6-2ae5ee99c289 (type: security_group_rules) to 0
2026-07-15 06:08:35.863 8 INFO neutron.db.ovn_revision_numbers_db [None req-f522e33e-11da-4fa1-994b-237d5d01e2f8 1c2db2a627fc43c2820da515903d6096 e4c40ceefa6942449a31bc419ab32f09 - - default default] Successfully bumped revision number for resource dd84cbe7-d729-4c4e-b5e1-254c7d0f78be (type: security_group_rules) to 0 [pid: 8|app: 0|req: 737/1429] 10.0.0.85 () {32 vars in 773 bytes} [Wed Jul 15 06:08:35 2026] GET /v2.0/security-groups?tenant_id=8f3cf42602a348e8978bee5bcf6d3828&name=default => generated 2925 bytes in 435 msecs (HTTP/1.1 200) 4 headers in 158 bytes (1 switches on core 0) [pid: 7|app: 0|req: 693/1430] 10.0.0.85 () {32 vars in 739 bytes} [Wed Jul 15 06:08:35 2026] DELETE /v2.0/security-groups/ac1882ee-2e31-41e1-835c-f00d0e336bc2 => generated 0 bytes in 169 msecs (HTTP/1.1 204) 2 headers in 112 bytes (1 switches on core 0)
2026-07-15 06:08:36.178 7 WARNING neutron.db.securitygroups_db [None req-4373aa9a-666d-4019-b0c9-4ca29d205c32 1c2db2a627fc43c2820da515903d6096 e4c40ceefa6942449a31bc419ab32f09 - - default default] project_id key not found in filters, using tenant_id instead. This support has been deprecated and will be removed in a future release.
2026-07-15 06:08:36.263 8 INFO neutron.db.ovn_revision_numbers_db [None req-2280be9a-356e-4bc1-856f-9f202fe1b2f0 b7335bf9fcdf4496a0880dcb544201c8 11773a4b258245dc903dcf66061bc696 - - default default] Successfully bumped revision number for resource aa3502cd-b513-48a9-b0a2-d7517cc4cd83 (type: security_groups) to 1
2026-07-15 06:08:36.282 8 INFO neutron.db.ovn_revision_numbers_db [None req-2280be9a-356e-4bc1-856f-9f202fe1b2f0 b7335bf9fcdf4496a0880dcb544201c8 11773a4b258245dc903dcf66061bc696 - - default default] Successfully bumped revision number for resource 2b8cdeac-e126-4114-b217-7caa48ab90fc (type: security_group_rules) to 0
2026-07-15 06:08:36.300 8 INFO neutron.db.ovn_revision_numbers_db [None req-2280be9a-356e-4bc1-856f-9f202fe1b2f0 b7335bf9fcdf4496a0880dcb544201c8 11773a4b258245dc903dcf66061bc696 - - default default] Successfully bumped revision number for resource 3778b52d-4b4e-4a29-8295-472e68fbad44 (type: security_group_rules) to 0
2026-07-15 06:08:36.302 7 INFO neutron.db.ovn_revision_numbers_db [None req-4373aa9a-666d-4019-b0c9-4ca29d205c32 1c2db2a627fc43c2820da515903d6096 e4c40ceefa6942449a31bc419ab32f09 - - default default] Successfully bumped revision number for resource 76947a91-8eb3-4881-9962-d9ab53207406 (type: security_groups) to 1
2026-07-15 06:08:36.313 8 INFO neutron.db.ovn_revision_numbers_db [None req-2280be9a-356e-4bc1-856f-9f202fe1b2f0 b7335bf9fcdf4496a0880dcb544201c8 11773a4b258245dc903dcf66061bc696 - - default default] Successfully bumped revision number for resource 8d242b56-5154-4265-a758-215ebf985073 (type: security_group_rules) to 0
2026-07-15 06:08:36.315 7 INFO neutron.db.ovn_revision_numbers_db [None req-4373aa9a-666d-4019-b0c9-4ca29d205c32 1c2db2a627fc43c2820da515903d6096 e4c40ceefa6942449a31bc419ab32f09 - - default default] Successfully bumped revision number for resource 971f1fc0-8f84-4d2b-a8d8-95be337135c4 (type: security_group_rules) to 0
2026-07-15 06:08:36.333 8 INFO neutron.db.ovn_revision_numbers_db [None req-2280be9a-356e-4bc1-856f-9f202fe1b2f0 b7335bf9fcdf4496a0880dcb544201c8 11773a4b258245dc903dcf66061bc696 - - default default] Successfully bumped revision number for resource bf902223-b8fc-4293-bf36-c2f0d9d3308a (type: security_group_rules) to 0
2026-07-15 06:08:36.334 7 INFO neutron.db.ovn_revision_numbers_db [None req-4373aa9a-666d-4019-b0c9-4ca29d205c32 1c2db2a627fc43c2820da515903d6096 e4c40ceefa6942449a31bc419ab32f09 - - default default] Successfully bumped revision number for resource a3542102-4855-4b9f-93f5-7d14dd993a0f (type: security_group_rules) to 0
2026-07-15 06:08:36.352 7 INFO neutron.db.ovn_revision_numbers_db [None req-4373aa9a-666d-4019-b0c9-4ca29d205c32 1c2db2a627fc43c2820da515903d6096 e4c40ceefa6942449a31bc419ab32f09 - - default default] Successfully bumped revision number for resource a57238f3-547a-493c-8fbd-017d974329c5 (type: security_group_rules) to 0
2026-07-15 06:08:36.365 7 INFO neutron.db.ovn_revision_numbers_db [None req-4373aa9a-666d-4019-b0c9-4ca29d205c32 1c2db2a627fc43c2820da515903d6096 e4c40ceefa6942449a31bc419ab32f09 - - default default] Successfully bumped revision number for resource bc066e07-8199-4715-a714-0886a2beb966 (type: security_group_rules) to 0 [pid: 7|app: 0|req: 694/1431] 10.0.0.85 () {32 vars in 773 bytes} [Wed Jul 15 06:08:36 2026] GET /v2.0/security-groups?tenant_id=28739c821fd04fb8a08dd96f81983b6f&name=default => generated 2925 bytes in 231 msecs (HTTP/1.1 200) 4 headers in 158 bytes (1 switches on core 0)
2026-07-15 06:08:36.439 8 INFO neutron.db.segments_db [None req-2280be9a-356e-4bc1-856f-9f202fe1b2f0 b7335bf9fcdf4496a0880dcb544201c8 11773a4b258245dc903dcf66061bc696 - - default default] Added segment 6f13c44c-6cb2-4abc-a7e3-b37aa8fcf7b3 of type geneve for network 162ccd5c-7360-48db-90e3-ee228a1da92a
2026-07-15 06:08:36.563 8 INFO neutron.db.ovn_revision_numbers_db [None req-2280be9a-356e-4bc1-856f-9f202fe1b2f0 b7335bf9fcdf4496a0880dcb544201c8 11773a4b258245dc903dcf66061bc696 - - default default] Successfully bumped revision number for resource 162ccd5c-7360-48db-90e3-ee228a1da92a (type: networks) to 1 [pid: 7|app: 0|req: 695/1432] 10.0.0.85 () {32 vars in 739 bytes} [Wed Jul 15 06:08:36 2026] DELETE /v2.0/security-groups/76947a91-8eb3-4881-9962-d9ab53207406 => generated 0 bytes in 275 msecs (HTTP/1.1 204) 2 headers in 112 bytes (1 switches on core 0)
2026-07-15 06:08:36.758 8 WARNING neutron.scheduler.dhcp_agent_scheduler [None req-2280be9a-356e-4bc1-856f-9f202fe1b2f0 b7335bf9fcdf4496a0880dcb544201c8 11773a4b258245dc903dcf66061bc696 - - default default] No more DHCP agents
2026-07-15 06:08:36.759 8 WARNING neutron.api.rpc.agentnotifiers.dhcp_rpc_agent_api [None req-2280be9a-356e-4bc1-856f-9f202fe1b2f0 b7335bf9fcdf4496a0880dcb544201c8 11773a4b258245dc903dcf66061bc696 - - default default] Unable to schedule network 162ccd5c-7360-48db-90e3-ee228a1da92a: no agents available; will retry on subsequent port and subnet creation events.
2026-07-15 06:08:36.817 7 INFO neutron.plugins.ml2.drivers.ovn.mech_driver.mech_driver [None req-e024e6f8-2cf8-49c3-ac65-3a92d1eadada - - - - - -] OVN reports status down for port: 04fad1d2-bb96-4596-9fe1-89e429dd6176
2026-07-15 06:08:36.854 8 INFO neutron.db.ovn_revision_numbers_db [None req-2280be9a-356e-4bc1-856f-9f202fe1b2f0 b7335bf9fcdf4496a0880dcb544201c8 11773a4b258245dc903dcf66061bc696 - - default default] Successfully bumped revision number for resource 04fad1d2-bb96-4596-9fe1-89e429dd6176 (type: ports) to 1 [pid: 8|app: 0|req: 738/1433] 10.0.0.85 () {34 vars in 669 bytes} [Wed Jul 15 06:08:36 2026] POST /v2.0/networks => generated 669 bytes in 826 msecs (HTTP/1.1 201) 4 headers in 162 bytes (1 switches on core 0)
2026-07-15 06:08:36.965 7 INFO neutron.db.segments_db [None req-5fa38899-dfa3-46d9-8c1f-ffae64c1798d b7335bf9fcdf4496a0880dcb544201c8 11773a4b258245dc903dcf66061bc696 - - default default] Added segment 70a09186-1627-4ca0-9dee-779860de6c74 of type geneve for network 1a1b3fd1-b8d8-4098-9a26-13bf496d5801
2026-07-15 06:08:37.068 7 INFO neutron.db.ovn_revision_numbers_db [None req-5fa38899-dfa3-46d9-8c1f-ffae64c1798d b7335bf9fcdf4496a0880dcb544201c8 11773a4b258245dc903dcf66061bc696 - - default default] Successfully bumped revision number for resource 1a1b3fd1-b8d8-4098-9a26-13bf496d5801 (type: networks) to 1
2026-07-15 06:08:37.216 7 WARNING neutron.scheduler.dhcp_agent_scheduler [None req-5fa38899-dfa3-46d9-8c1f-ffae64c1798d b7335bf9fcdf4496a0880dcb544201c8 11773a4b258245dc903dcf66061bc696 - - default default] No more DHCP agents
2026-07-15 06:08:37.218 7 WARNING neutron.api.rpc.agentnotifiers.dhcp_rpc_agent_api [None req-5fa38899-dfa3-46d9-8c1f-ffae64c1798d b7335bf9fcdf4496a0880dcb544201c8 11773a4b258245dc903dcf66061bc696 - - default default] Unable to schedule network 1a1b3fd1-b8d8-4098-9a26-13bf496d5801: no agents available; will retry on subsequent port and subnet creation events.
2026-07-15 06:08:37.279 7 INFO neutron.plugins.ml2.drivers.ovn.mech_driver.mech_driver [None req-e024e6f8-2cf8-49c3-ac65-3a92d1eadada - - - - - -] OVN reports status down for port: 57de288c-ddec-44b2-970d-8a1fa14ac048
2026-07-15 06:08:37.336 7 INFO neutron.db.ovn_revision_numbers_db [None req-5fa38899-dfa3-46d9-8c1f-ffae64c1798d b7335bf9fcdf4496a0880dcb544201c8 11773a4b258245dc903dcf66061bc696 - - default default] Successfully bumped revision number for resource 57de288c-ddec-44b2-970d-8a1fa14ac048 (type: ports) to 1
2026-07-15 06:08:37.383 8 WARNING neutron.scheduler.dhcp_agent_scheduler [None req-cb070e36-9208-4d47-b8ee-652a1bf61021 2dadd93fb04a4931838eb7afeba71945 cdfd8bcb73ca4419a0a18e23d5860bc6 - - default default] No more DHCP agents
2026-07-15 06:08:37.384 8 WARNING neutron.api.rpc.agentnotifiers.dhcp_rpc_agent_api [None req-cb070e36-9208-4d47-b8ee-652a1bf61021 2dadd93fb04a4931838eb7afeba71945 cdfd8bcb73ca4419a0a18e23d5860bc6 - - default default] Unable to schedule network 0c87e584-60ea-41fe-aa3f-91827559531d: no agents available; will retry on subsequent port and subnet creation events. [pid: 7|app: 0|req: 696/1434] 10.0.0.85 () {34 vars in 669 bytes} [Wed Jul 15 06:08:36 2026] POST /v2.0/networks => generated 670 bytes in 508 msecs (HTTP/1.1 201) 4 headers in 162 bytes (1 switches on core 0) [pid: 7|app: 0|req: 697/1435] 10.0.0.85 () {34 vars in 752 bytes} [Wed Jul 15 06:08:37 2026] PUT /v2.0/networks/162ccd5c-7360-48db-90e3-ee228a1da92a/tags => generated 25 bytes in 67 msecs (HTTP/1.1 200) 4 headers in 156 bytes (1 switches on core 0) [pid: 7|app: 0|req: 698/1436] 10.0.0.85 () {32 vars in 732 bytes} [Wed Jul 15 06:08:37 2026] GET /v2.0/networks/162ccd5c-7360-48db-90e3-ee228a1da92a/tags => generated 25 bytes in 41 msecs (HTTP/1.1 200) 4 headers in 156 bytes (1 switches on core 0) [pid: 7|app: 0|req: 699/1437] 10.0.0.85 () {34 vars in 752 bytes} [Wed Jul 15 06:08:37 2026] PUT /v2.0/networks/1a1b3fd1-b8d8-4098-9a26-13bf496d5801/tags => generated 17 bytes in 49 msecs (HTTP/1.1 200) 4 headers in 156 bytes (1 switches on core 0) [pid: 7|app: 0|req: 700/1438] 10.0.0.85 () {32 vars in 732 bytes} [Wed Jul 15 06:08:37 2026] GET /v2.0/networks/1a1b3fd1-b8d8-4098-9a26-13bf496d5801/tags => generated 17 bytes in 38 msecs (HTTP/1.1 200) 4 headers in 156 bytes (1 switches on core 0) [pid: 7|app: 0|req: 701/1439] 10.0.0.85 () {34 vars in 752 bytes} [Wed Jul 15 06:08:37 2026] PUT /v2.0/networks/1a1b3fd1-b8d8-4098-9a26-13bf496d5801/tags => generated 12 bytes in 47 msecs (HTTP/1.1 200) 4 headers in 156 bytes (1 switches on core 0) [pid: 8|app: 0|req: 739/1440] 10.0.0.85 () {34 vars in 675 bytes} [Wed Jul 15 06:08:37 2026] POST /v2.0/floatingips => generated 552 bytes in 617 msecs (HTTP/1.1 201) 4 headers in 162 bytes (1 switches on core 0) [pid: 7|app: 0|req: 702/1441] 10.0.0.85 () {32 vars in 732 bytes} [Wed Jul 15 06:08:37 2026] GET /v2.0/networks/1a1b3fd1-b8d8-4098-9a26-13bf496d5801/tags => generated 12 bytes in 34 msecs (HTTP/1.1 200) 4 headers in 156 bytes (1 switches on core 0) [pid: 7|app: 0|req: 703/1442] 10.0.0.85 () {32 vars in 732 bytes} [Wed Jul 15 06:08:37 2026] GET /v2.0/networks/162ccd5c-7360-48db-90e3-ee228a1da92a/tags => generated 25 bytes in 34 msecs (HTTP/1.1 200) 4 headers in 156 bytes (1 switches on core 0)
2026-07-15 06:08:37.836 7 INFO neutron_taas.services.taas.taas_plugin [None req-5c702a67-95b3-4caa-ad6f-a7914b5f508d b7335bf9fcdf4496a0880dcb544201c8 11773a4b258245dc903dcf66061bc696 - - default default] TaaS: Handle Delete Port: 04fad1d2-bb96-4596-9fe1-89e429dd6176
2026-07-15 06:08:37.839 7 INFO neutron_taas.services.taas.tap_mirror_plugin [None req-5c702a67-95b3-4caa-ad6f-a7914b5f508d b7335bf9fcdf4496a0880dcb544201c8 11773a4b258245dc903dcf66061bc696 - - default default] Tap Mirror: Handle Delete Port: 04fad1d2-bb96-4596-9fe1-89e429dd6176
2026-07-15 06:08:37.901 8 WARNING neutron.scheduler.dhcp_agent_scheduler [None req-adf478fb-6d46-42f4-859d-ec8ef5d6c47c 2dadd93fb04a4931838eb7afeba71945 cdfd8bcb73ca4419a0a18e23d5860bc6 - - default default] No more DHCP agents
2026-07-15 06:08:37.902 8 WARNING neutron.api.rpc.agentnotifiers.dhcp_rpc_agent_api [None req-adf478fb-6d46-42f4-859d-ec8ef5d6c47c 2dadd93fb04a4931838eb7afeba71945 cdfd8bcb73ca4419a0a18e23d5860bc6 - - default default] Unable to schedule network 0c87e584-60ea-41fe-aa3f-91827559531d: no agents available; will retry on subsequent port and subnet creation events.
2026-07-15 06:08:37.991 7 INFO neutron.services.segments.plugin [-] Segment 6f13c44c-6cb2-4abc-a7e3-b37aa8fcf7b3 resource provider aggregate not found
2026-07-15 06:08:37.996 7 INFO neutron.services.segments.plugin [-] Segment 6f13c44c-6cb2-4abc-a7e3-b37aa8fcf7b3 resource provider aggregate not found
2026-07-15 06:08:38.015 7 INFO neutron.services.segments.plugin [-] Client error retrieving segment 6f13c44c-6cb2-4abc-a7e3-b37aa8fcf7b3 resource provider; error: Placement Client Error (4xx): {"errors": [{"status": 404, "title": "Not Found", "detail": "The resource could not be found.\n\n No resource provider with uuid 6f13c44c-6cb2-4abc-a7e3-b37aa8fcf7b3 found for delete ", "request_id": "req-3d6fa551-501d-459b-9246-34a21d1c6b16"}]}
2026-07-15 06:08:38.021 7 INFO neutron.services.segments.plugin [-] Client error retrieving segment 6f13c44c-6cb2-4abc-a7e3-b37aa8fcf7b3 resource provider; error: Placement Client Error (4xx): {"errors": [{"status": 404, "title": "Not Found", "detail": "The resource could not be found.\n\n No resource provider with uuid 6f13c44c-6cb2-4abc-a7e3-b37aa8fcf7b3 found for delete ", "request_id": "req-e344936c-1058-4956-922d-4741678d1c62"}]} [pid: 7|app: 0|req: 704/1443] 10.0.0.85 () {32 vars in 725 bytes} [Wed Jul 15 06:08:37 2026] DELETE /v2.0/networks/162ccd5c-7360-48db-90e3-ee228a1da92a => generated 0 bytes in 282 msecs (HTTP/1.1 204) 3 headers in 131 bytes (1 switches on core 0)
2026-07-15 06:08:38.128 7 INFO neutron_taas.services.taas.taas_plugin [None req-ef74fb7e-24ea-4088-bf5e-342235565e33 b7335bf9fcdf4496a0880dcb544201c8 11773a4b258245dc903dcf66061bc696 - - default default] TaaS: Handle Delete Port: 57de288c-ddec-44b2-970d-8a1fa14ac048
2026-07-15 06:08:38.131 7 INFO neutron_taas.services.taas.tap_mirror_plugin [None req-ef74fb7e-24ea-4088-bf5e-342235565e33 b7335bf9fcdf4496a0880dcb544201c8 11773a4b258245dc903dcf66061bc696 - - default default] Tap Mirror: Handle Delete Port: 57de288c-ddec-44b2-970d-8a1fa14ac048 [pid: 8|app: 0|req: 740/1444] 10.0.0.85 () {34 vars in 675 bytes} [Wed Jul 15 06:08:37 2026] POST /v2.0/floatingips => generated 552 bytes in 527 msecs (HTTP/1.1 201) 4 headers in 162 bytes (1 switches on core 0) [pid: 7|app: 0|req: 705/1445] 10.0.0.85 () {32 vars in 725 bytes} [Wed Jul 15 06:08:38 2026] DELETE /v2.0/networks/1a1b3fd1-b8d8-4098-9a26-13bf496d5801 => generated 0 bytes in 325 msecs (HTTP/1.1 204) 3 headers in 131 bytes (1 switches on core 0)
2026-07-15 06:08:38.482 8 WARNING neutron.scheduler.dhcp_agent_scheduler [None req-3c6e3363-033b-45a9-b2c6-0edd01d801f4 2dadd93fb04a4931838eb7afeba71945 cdfd8bcb73ca4419a0a18e23d5860bc6 - - default default] No more DHCP agents
2026-07-15 06:08:38.484 8 WARNING neutron.api.rpc.agentnotifiers.dhcp_rpc_agent_api [None req-3c6e3363-033b-45a9-b2c6-0edd01d801f4 2dadd93fb04a4931838eb7afeba71945 cdfd8bcb73ca4419a0a18e23d5860bc6 - - default default] Unable to schedule network 0c87e584-60ea-41fe-aa3f-91827559531d: no agents available; will retry on subsequent port and subnet creation events. [pid: 8|app: 0|req: 741/1446] 10.0.0.85 () {34 vars in 675 bytes} [Wed Jul 15 06:08:38 2026] POST /v2.0/floatingips => generated 552 bytes in 621 msecs (HTTP/1.1 201) 4 headers in 162 bytes (1 switches on core 0)
2026-07-15 06:08:39.031 7 WARNING neutron.scheduler.dhcp_agent_scheduler [None req-3837461c-70e0-41ea-afd2-80e63b0283a3 2dadd93fb04a4931838eb7afeba71945 cdfd8bcb73ca4419a0a18e23d5860bc6 - - default default] No more DHCP agents
2026-07-15 06:08:39.032 7 WARNING neutron.api.rpc.agentnotifiers.dhcp_rpc_agent_api [None req-3837461c-70e0-41ea-afd2-80e63b0283a3 2dadd93fb04a4931838eb7afeba71945 cdfd8bcb73ca4419a0a18e23d5860bc6 - - default default] Unable to schedule network 0c87e584-60ea-41fe-aa3f-91827559531d: no agents available; will retry on subsequent port and subnet creation events.
2026-07-15 06:08:39.249 8 WARNING neutron.db.securitygroups_db [None req-9bd2f9ce-824d-4b64-b88a-1d31c9f41d46 1c2db2a627fc43c2820da515903d6096 e4c40ceefa6942449a31bc419ab32f09 - - default default] project_id key not found in filters, using tenant_id instead. This support has been deprecated and will be removed in a future release. [pid: 8|app: 0|req: 742/1447] 10.0.0.85 () {32 vars in 773 bytes} [Wed Jul 15 06:08:39 2026] GET /v2.0/security-groups?tenant_id=11773a4b258245dc903dcf66061bc696&name=default => generated 2925 bytes in 235 msecs (HTTP/1.1 200) 4 headers in 158 bytes (1 switches on core 0) [pid: 7|app: 0|req: 706/1448] 10.0.0.85 () {34 vars in 675 bytes} [Wed Jul 15 06:08:38 2026] POST /v2.0/floatingips => generated 552 bytes in 492 msecs (HTTP/1.1 201) 4 headers in 162 bytes (1 switches on core 0) [pid: 8|app: 0|req: 743/1449] 10.0.0.85 () {32 vars in 739 bytes} [Wed Jul 15 06:08:39 2026] DELETE /v2.0/security-groups/aa3502cd-b513-48a9-b0a2-d7517cc4cd83 => generated 0 bytes in 197 msecs (HTTP/1.1 204) 2 headers in 112 bytes (1 switches on core 0)
2026-07-15 06:08:39.604 8 WARNING neutron.db.securitygroups_db [None req-b861149e-1754-4770-bab2-a239753306ad 1c2db2a627fc43c2820da515903d6096 e4c40ceefa6942449a31bc419ab32f09 - - default default] project_id key not found in filters, using tenant_id instead. This support has been deprecated and will be removed in a future release.
2026-07-15 06:08:39.604 7 WARNING neutron.scheduler.dhcp_agent_scheduler [None req-4fde54be-fd14-4469-b4ff-ac87246912c4 2dadd93fb04a4931838eb7afeba71945 cdfd8bcb73ca4419a0a18e23d5860bc6 - - default default] No more DHCP agents
2026-07-15 06:08:39.611 7 WARNING neutron.api.rpc.agentnotifiers.dhcp_rpc_agent_api [None req-4fde54be-fd14-4469-b4ff-ac87246912c4 2dadd93fb04a4931838eb7afeba71945 cdfd8bcb73ca4419a0a18e23d5860bc6 - - default default] Unable to schedule network 0c87e584-60ea-41fe-aa3f-91827559531d: no agents available; will retry on subsequent port and subnet creation events.
2026-07-15 06:08:39.732 8 INFO neutron.db.ovn_revision_numbers_db [None req-b861149e-1754-4770-bab2-a239753306ad 1c2db2a627fc43c2820da515903d6096 e4c40ceefa6942449a31bc419ab32f09 - - default default] Successfully bumped revision number for resource 5704b797-dd40-45bc-b5f8-a10e2dd6ebb2 (type: security_groups) to 1
2026-07-15 06:08:39.742 8 INFO neutron.db.ovn_revision_numbers_db [None req-b861149e-1754-4770-bab2-a239753306ad 1c2db2a627fc43c2820da515903d6096 e4c40ceefa6942449a31bc419ab32f09 - - default default] Successfully bumped revision number for resource 4bbdca2c-7993-44e8-9fc9-2fd0fed9394e (type: security_group_rules) to 0
2026-07-15 06:08:39.752 8 INFO neutron.db.ovn_revision_numbers_db [None req-b861149e-1754-4770-bab2-a239753306ad 1c2db2a627fc43c2820da515903d6096 e4c40ceefa6942449a31bc419ab32f09 - - default default] Successfully bumped revision number for resource 4e3b4008-77a4-45e5-b552-17aa39616958 (type: security_group_rules) to 0
2026-07-15 06:08:39.762 8 INFO neutron.db.ovn_revision_numbers_db [None req-b861149e-1754-4770-bab2-a239753306ad 1c2db2a627fc43c2820da515903d6096 e4c40ceefa6942449a31bc419ab32f09 - - default default] Successfully bumped revision number for resource c98aa910-ce11-4dad-9de6-ce2a8f55a45b (type: security_group_rules) to 0
2026-07-15 06:08:39.784 8 INFO neutron.db.ovn_revision_numbers_db [None req-b861149e-1754-4770-bab2-a239753306ad 1c2db2a627fc43c2820da515903d6096 e4c40ceefa6942449a31bc419ab32f09 - - default default] Successfully bumped revision number for resource eb284659-bf7c-4921-a6a2-a9b1785bb287 (type: security_group_rules) to 0 [pid: 8|app: 0|req: 744/1450] 10.0.0.85 () {32 vars in 773 bytes} [Wed Jul 15 06:08:39 2026] GET /v2.0/security-groups?tenant_id=f61bd0a7c18040ddb27dbc00a3fce1d7&name=default => generated 2925 bytes in 219 msecs (HTTP/1.1 200) 4 headers in 158 bytes (1 switches on core 0) [pid: 7|app: 0|req: 707/1451] 10.0.0.85 () {34 vars in 675 bytes} [Wed Jul 15 06:08:39 2026] POST /v2.0/floatingips => generated 552 bytes in 586 msecs (HTTP/1.1 201) 4 headers in 162 bytes (1 switches on core 0)
2026-07-15 06:08:39.951 7 WARNING tagging [None req-4eca970b-50c1-46e1-b719-a1ff181220a7 2dadd93fb04a4931838eb7afeba71945 cdfd8bcb73ca4419a0a18e23d5860bc6 - - default default] project_id key not found in request, using tenant_id instead. This support has been deprecated and will be removed in a future release. [pid: 8|app: 0|req: 745/1452] 10.0.0.85 () {32 vars in 739 bytes} [Wed Jul 15 06:08:39 2026] DELETE /v2.0/security-groups/5704b797-dd40-45bc-b5f8-a10e2dd6ebb2 => generated 0 bytes in 168 msecs (HTTP/1.1 204) 2 headers in 112 bytes (1 switches on core 0) [pid: 7|app: 0|req: 708/1453] 10.0.0.85 () {34 vars in 758 bytes} [Wed Jul 15 06:08:39 2026] PUT /v2.0/floatingips/c012c7f0-ac9b-4800-8fb1-0a22e77bf63f/tags => generated 17 bytes in 82 msecs (HTTP/1.1 200) 4 headers in 156 bytes (1 switches on core 0)
2026-07-15 06:08:40.033 7 INFO neutron.services.segments.plugin [-] Segment 70a09186-1627-4ca0-9dee-779860de6c74 resource provider aggregate not found
2026-07-15 06:08:40.041 8 WARNING tagging [None req-1f729084-4798-4cb8-8daa-78230b966ba9 2dadd93fb04a4931838eb7afeba71945 cdfd8bcb73ca4419a0a18e23d5860bc6 - - default default] project_id key not found in request, using tenant_id instead. This support has been deprecated and will be removed in a future release.
2026-07-15 06:08:40.044 7 INFO neutron.services.segments.plugin [-] Segment 70a09186-1627-4ca0-9dee-779860de6c74 resource provider aggregate not found
2026-07-15 06:08:40.048 7 INFO neutron.services.segments.plugin [-] Client error retrieving segment 70a09186-1627-4ca0-9dee-779860de6c74 resource provider; error: Placement Client Error (4xx): {"errors": [{"status": 404, "title": "Not Found", "detail": "The resource could not be found.\n\n No resource provider with uuid 70a09186-1627-4ca0-9dee-779860de6c74 found for delete ", "request_id": "req-73eb43d7-3d72-498b-a4aa-2d2937c10350"}]}
