2026-07-15 06:09:17.038 7 INFO neutron_taas.services.taas.taas_plugin [None req-70622dc6-0c82-4828-a867-c5222f49a84c 8b6b2ed1f2a842e2a8aa4d83831848a1 2f679345f1e346e98a15accd98d3b70c - - default default] TaaS: Handle Delete Port: 75e08c14-5cfd-46c6-a429-9bd9c95877c5
2026-07-15 06:09:17.041 7 INFO neutron_taas.services.taas.tap_mirror_plugin [None req-70622dc6-0c82-4828-a867-c5222f49a84c 8b6b2ed1f2a842e2a8aa4d83831848a1 2f679345f1e346e98a15accd98d3b70c - - default default] Tap Mirror: Handle Delete Port: 75e08c14-5cfd-46c6-a429-9bd9c95877c5
2026-07-15 06:09:17.081 8 WARNING neutron.scheduler.dhcp_agent_scheduler [None req-c38710bd-fe69-4c0d-a9fa-79c64cee09c0 38874b5b3ec74c2c8cd0db7e1b0e5a53 e0da52900d244ad985163732054dd062 - - default default] No more DHCP agents
2026-07-15 06:09:17.082 8 WARNING neutron.api.rpc.agentnotifiers.dhcp_rpc_agent_api [None req-c38710bd-fe69-4c0d-a9fa-79c64cee09c0 38874b5b3ec74c2c8cd0db7e1b0e5a53 e0da52900d244ad985163732054dd062 - - default default] Unable to schedule network c0bdee58-c6b8-4f65-ac29-504739166642: no agents available; will retry on subsequent port and subnet creation events.
2026-07-15 06:09:17.128 7 INFO neutron.plugins.ml2.drivers.ovn.mech_driver.mech_driver [None req-a350137f-06cc-4fb4-a32e-0d286845316a - - - - - -] OVN reports status down for port: a5a55679-9d39-4cb9-87fb-e988f23c10c6
2026-07-15 06:09:17.150 8 INFO neutron.db.ovn_revision_numbers_db [None req-c38710bd-fe69-4c0d-a9fa-79c64cee09c0 38874b5b3ec74c2c8cd0db7e1b0e5a53 e0da52900d244ad985163732054dd062 - - default default] Successfully bumped revision number for resource a5a55679-9d39-4cb9-87fb-e988f23c10c6 (type: ports) to 1 [pid: 8|app: 0|req: 851/1774] 10.0.0.85 () {34 vars in 669 bytes} [Wed Jul 15 06:09:16 2026] POST /v2.0/networks => generated 669 bytes in 418 msecs (HTTP/1.1 201) 4 headers in 162 bytes (1 switches on core 0) [pid: 8|app: 0|req: 852/1775] 10.0.0.128 () {28 vars in 585 bytes} [Wed Jul 15 06:09:17 2026] GET /v2.0/networks => generated 6165 bytes in 52 msecs (HTTP/1.1 200) 4 headers in 158 bytes (1 switches on core 0)
2026-07-15 06:09:17.227 8 WARNING neutron.db.securitygroups_db [None req-7b83df9c-5eb2-4ab8-add7-87c446602648 1c2db2a627fc43c2820da515903d6096 e4c40ceefa6942449a31bc419ab32f09 - - default default] project_id key not found in filters, using tenant_id instead. This support has been deprecated and will be removed in a future release.
2026-07-15 06:09:17.360 8 INFO neutron.db.ovn_revision_numbers_db [None req-7b83df9c-5eb2-4ab8-add7-87c446602648 1c2db2a627fc43c2820da515903d6096 e4c40ceefa6942449a31bc419ab32f09 - - default default] Successfully bumped revision number for resource ffd3e0b7-12ab-483b-99b5-7c0d6325c28a (type: security_groups) to 1
2026-07-15 06:09:17.376 8 INFO neutron.db.ovn_revision_numbers_db [None req-7b83df9c-5eb2-4ab8-add7-87c446602648 1c2db2a627fc43c2820da515903d6096 e4c40ceefa6942449a31bc419ab32f09 - - default default] Successfully bumped revision number for resource 22fb0908-7108-4d7c-991d-81e54a06ee1f (type: security_group_rules) to 0 [pid: 7|app: 0|req: 924/1776] 10.0.0.85 () {34 vars in 788 bytes} [Wed Jul 15 06:09:16 2026] PUT /v2.0/routers/8df0c1ef-4a2d-45ed-9da5-495ae2b34b66/remove_router_interface => generated 310 bytes in 617 msecs (HTTP/1.1 200) 4 headers in 157 bytes (1 switches on core 0) /var/lib/openstack/lib/python3.12/site-packages/pycadf/identifier.py:70: UserWarning: Invalid uuid: neutron. To ensure interoperability, identifiers should be a valid uuid. warnings.warn(('Invalid uuid: %s. To ensure interoperability, '
2026-07-15 06:09:17.395 8 INFO neutron.db.ovn_revision_numbers_db [None req-7b83df9c-5eb2-4ab8-add7-87c446602648 1c2db2a627fc43c2820da515903d6096 e4c40ceefa6942449a31bc419ab32f09 - - default default] Successfully bumped revision number for resource dbd23555-4cf4-4056-a6f1-30537d4c58f2 (type: security_group_rules) to 0
2026-07-15 06:09:17.410 8 INFO neutron.db.ovn_revision_numbers_db [None req-7b83df9c-5eb2-4ab8-add7-87c446602648 1c2db2a627fc43c2820da515903d6096 e4c40ceefa6942449a31bc419ab32f09 - - default default] Successfully bumped revision number for resource e2be07da-c823-43f4-8731-5208f5878b7d (type: security_group_rules) to 0
2026-07-15 06:09:17.421 8 INFO neutron.db.ovn_revision_numbers_db [None req-7b83df9c-5eb2-4ab8-add7-87c446602648 1c2db2a627fc43c2820da515903d6096 e4c40ceefa6942449a31bc419ab32f09 - - default default] Successfully bumped revision number for resource e536929a-e060-4044-bdba-d145810799d0 (type: security_group_rules) to 0 [pid: 8|app: 0|req: 853/1777] 10.0.0.85 () {32 vars in 773 bytes} [Wed Jul 15 06:09:17 2026] GET /v2.0/security-groups?tenant_id=b17ea5c65b054b53add004c4273d7adb&name=default => generated 2925 bytes in 234 msecs (HTTP/1.1 200) 4 headers in 158 bytes (1 switches on core 0) [pid: 8|app: 0|req: 854/1778] 10.0.0.128 () {28 vars in 581 bytes} [Wed Jul 15 06:09:17 2026] GET /v2.0/agents => generated 1214 bytes in 12 msecs (HTTP/1.1 200) 4 headers in 158 bytes (1 switches on core 0) [pid: 8|app: 0|req: 857/1781] 10.0.0.85 () {32 vars in 735 bytes} [Wed Jul 15 06:09:17 2026] GET /v2.0/ports?device_id=8df0c1ef-4a2d-45ed-9da5-495ae2b34b66 => generated 12 bytes in 17 msecs (HTTP/1.1 200) 4 headers in 156 bytes (1 switches on core 0)
2026-07-15 06:09:17.561 7 WARNING neutron.scheduler.dhcp_agent_scheduler [None req-a2fd9561-3b2d-4e27-9996-4e49c1e716ed 38874b5b3ec74c2c8cd0db7e1b0e5a53 e0da52900d244ad985163732054dd062 - - default default] No more DHCP agents
2026-07-15 06:09:17.563 7 WARNING neutron.api.rpc.agentnotifiers.dhcp_rpc_agent_api [None req-a2fd9561-3b2d-4e27-9996-4e49c1e716ed 38874b5b3ec74c2c8cd0db7e1b0e5a53 e0da52900d244ad985163732054dd062 - - default default] Unable to schedule network c0bdee58-c6b8-4f65-ac29-504739166642: no agents available; will retry on subsequent port and subnet creation events. [pid: 8|app: 0|req: 858/1782] 10.0.0.85 () {32 vars in 739 bytes} [Wed Jul 15 06:09:17 2026] DELETE /v2.0/security-groups/ffd3e0b7-12ab-483b-99b5-7c0d6325c28a => generated 0 bytes in 180 msecs (HTTP/1.1 204) 2 headers in 112 bytes (1 switches on core 0) [pid: 8|app: 0|req: 859/1783] 10.0.0.128 () {28 vars in 579 bytes} [Wed Jul 15 06:09:17 2026] GET /v2.0/ports => generated 9953 bytes in 49 msecs (HTTP/1.1 200) 4 headers in 158 bytes (1 switches on core 0) [pid: 8|app: 0|req: 860/1784] 10.0.0.85 () {32 vars in 723 bytes} [Wed Jul 15 06:09:17 2026] DELETE /v2.0/routers/8df0c1ef-4a2d-45ed-9da5-495ae2b34b66 => generated 0 bytes in 196 msecs (HTTP/1.1 204) 2 headers in 112 bytes (1 switches on core 0) [pid: 8|app: 0|req: 861/1785] 10.0.0.128 () {28 vars in 599 bytes} [Wed Jul 15 06:09:17 2026] GET /v2.0/security-groups => generated 23209 bytes in 36 msecs (HTTP/1.1 200) 4 headers in 159 bytes (1 switches on core 0)
2026-07-15 06:09:18.063 7 INFO neutron.db.ovn_revision_numbers_db [None req-a2fd9561-3b2d-4e27-9996-4e49c1e716ed 38874b5b3ec74c2c8cd0db7e1b0e5a53 e0da52900d244ad985163732054dd062 - - default default] Successfully bumped revision number for resource a5a55679-9d39-4cb9-87fb-e988f23c10c6 (type: ports) to 2
2026-07-15 06:09:18.095 7 INFO neutron.db.ovn_revision_numbers_db [None req-a2fd9561-3b2d-4e27-9996-4e49c1e716ed 38874b5b3ec74c2c8cd0db7e1b0e5a53 e0da52900d244ad985163732054dd062 - - default default] Successfully bumped revision number for resource 4b5830df-a611-4e88-bc7b-efb0d0960947 (type: subnets) to 0 [pid: 8|app: 0|req: 862/1786] 10.0.0.85 () {32 vars in 723 bytes} [Wed Jul 15 06:09:17 2026] DELETE /v2.0/subnets/3fe2a896-bfbc-4b5d-b77a-49cdda734cbd => generated 0 bytes in 157 msecs (HTTP/1.1 204) 3 headers in 131 bytes (1 switches on core 0) [pid: 7|app: 0|req: 925/1787] 10.0.0.85 () {34 vars in 668 bytes} [Wed Jul 15 06:09:17 2026] POST /v2.0/subnets => generated 629 bytes in 729 msecs (HTTP/1.1 201) 4 headers in 162 bytes (1 switches on core 0) [pid: 8|app: 0|req: 863/1788] 10.0.0.128 () {28 vars in 583 bytes} [Wed Jul 15 06:09:18 2026] GET /v2.0/routers => generated 15 bytes in 17 msecs (HTTP/1.1 200) 4 headers in 156 bytes (1 switches on core 0)
2026-07-15 06:09:18.214 8 INFO neutron.db.segments_db [None req-2538a357-4f39-409f-af0d-f7421f22b7cc 38874b5b3ec74c2c8cd0db7e1b0e5a53 e0da52900d244ad985163732054dd062 - - default default] Added segment d8b2376a-2419-477f-9b1e-cc22b3352821 of type geneve for network 34f73ffd-c324-47d3-9615-e7feb14e3758 [pid: 7|app: 0|req: 926/1789] 10.0.0.85 () {32 vars in 723 bytes} [Wed Jul 15 06:09:18 2026] DELETE /v2.0/subnets/f4f1cc20-82df-4471-80b1-35d3080b2406 => generated 0 bytes in 145 msecs (HTTP/1.1 204) 3 headers in 131 bytes (1 switches on core 0) [pid: 7|app: 0|req: 927/1790] 10.0.0.128 () {28 vars in 624 bytes} [Wed Jul 15 06:09:18 2026] GET /v2.0/agents?binary=ovn-controller => generated 416 bytes in 19 msecs (HTTP/1.1 200) 4 headers in 157 bytes (1 switches on core 0)
2026-07-15 06:09:18.321 8 INFO neutron.db.ovn_revision_numbers_db [None req-2538a357-4f39-409f-af0d-f7421f22b7cc 38874b5b3ec74c2c8cd0db7e1b0e5a53 e0da52900d244ad985163732054dd062 - - default default] Successfully bumped revision number for resource 34f73ffd-c324-47d3-9615-e7feb14e3758 (type: networks) to 1
2026-07-15 06:09:18.443 7 INFO neutron_taas.services.taas.taas_plugin [None req-0fcf8851-1478-4b39-9485-b76a1f443e9c 8b6b2ed1f2a842e2a8aa4d83831848a1 2f679345f1e346e98a15accd98d3b70c - - default default] TaaS: Handle Delete Port: 01698ff1-22a9-4dea-a132-29283b115148
2026-07-15 06:09:18.446 7 INFO neutron_taas.services.taas.tap_mirror_plugin [None req-0fcf8851-1478-4b39-9485-b76a1f443e9c 8b6b2ed1f2a842e2a8aa4d83831848a1 2f679345f1e346e98a15accd98d3b70c - - default default] Tap Mirror: Handle Delete Port: 01698ff1-22a9-4dea-a132-29283b115148
2026-07-15 06:09:18.504 8 WARNING neutron.scheduler.dhcp_agent_scheduler [None req-2538a357-4f39-409f-af0d-f7421f22b7cc 38874b5b3ec74c2c8cd0db7e1b0e5a53 e0da52900d244ad985163732054dd062 - - default default] No more DHCP agents
2026-07-15 06:09:18.505 8 WARNING neutron.api.rpc.agentnotifiers.dhcp_rpc_agent_api [None req-2538a357-4f39-409f-af0d-f7421f22b7cc 38874b5b3ec74c2c8cd0db7e1b0e5a53 e0da52900d244ad985163732054dd062 - - default default] Unable to schedule network 34f73ffd-c324-47d3-9615-e7feb14e3758: no agents available; will retry on subsequent port and subnet creation events.
2026-07-15 06:09:18.581 8 INFO neutron.db.ovn_revision_numbers_db [None req-2538a357-4f39-409f-af0d-f7421f22b7cc 38874b5b3ec74c2c8cd0db7e1b0e5a53 e0da52900d244ad985163732054dd062 - - default default] Successfully bumped revision number for resource ae32b9f1-51b5-4a35-8b7a-e69649717e7a (type: ports) to 1 [pid: 8|app: 0|req: 864/1791] 10.0.0.85 () {34 vars in 669 bytes} [Wed Jul 15 06:09:18 2026] POST /v2.0/networks => generated 670 bytes in 473 msecs (HTTP/1.1 201) 4 headers in 162 bytes (1 switches on core 0) [pid: 8|app: 0|req: 865/1792] 10.0.0.128 () {28 vars in 619 bytes} [Wed Jul 15 06:09:18 2026] GET /v2.0/network-ip-availabilities => generated 5272 bytes in 20 msecs (HTTP/1.1 200) 4 headers in 158 bytes (1 switches on core 0)
2026-07-15 06:09:18.640 7 INFO neutron.services.segments.plugin [-] Segment 7e1b11b7-1b3b-4e61-8c71-a42930766d8b resource provider aggregate not found
2026-07-15 06:09:18.645 7 INFO neutron.services.segments.plugin [-] Segment 7e1b11b7-1b3b-4e61-8c71-a42930766d8b resource provider aggregate not found
2026-07-15 06:09:18.663 7 INFO neutron.services.segments.plugin [-] Client error retrieving segment 7e1b11b7-1b3b-4e61-8c71-a42930766d8b resource provider; error: Placement Client Error (4xx): {"errors": [{"status": 404, "title": "Not Found", "detail": "The resource could not be found.\n\n No resource provider with uuid 7e1b11b7-1b3b-4e61-8c71-a42930766d8b found for delete ", "request_id": "req-40571673-1fb1-4441-a9c6-eca6435c7c66"}]}
2026-07-15 06:09:18.669 7 INFO neutron.services.segments.plugin [-] Client error retrieving segment 7e1b11b7-1b3b-4e61-8c71-a42930766d8b resource provider; error: Placement Client Error (4xx): {"errors": [{"status": 404, "title": "Not Found", "detail": "The resource could not be found.\n\n No resource provider with uuid 7e1b11b7-1b3b-4e61-8c71-a42930766d8b found for delete ", "request_id": "req-0f0e1b45-679f-4643-bb78-59f0fa6adda0"}]} [pid: 7|app: 0|req: 928/1793] 10.0.0.85 () {32 vars in 725 bytes} [Wed Jul 15 06:09:18 2026] DELETE /v2.0/networks/5f2a9961-a6a9-4064-963b-a7dcd1a9ef49 => generated 0 bytes in 413 msecs (HTTP/1.1 204) 3 headers in 131 bytes (1 switches on core 0) [pid: 7|app: 0|req: 929/1794] 10.0.0.128 () {28 vars in 583 bytes} [Wed Jul 15 06:09:18 2026] GET /v2.0/subnets => generated 3216 bytes in 40 msecs (HTTP/1.1 200) 4 headers in 158 bytes (1 switches on core 0)
2026-07-15 06:09:18.816 8 WARNING neutron.scheduler.dhcp_agent_scheduler [None req-a5cdfb59-c4e0-4180-9790-5bbb81434883 38874b5b3ec74c2c8cd0db7e1b0e5a53 e0da52900d244ad985163732054dd062 - - default default] No more DHCP agents
2026-07-15 06:09:18.818 8 WARNING neutron.api.rpc.agentnotifiers.dhcp_rpc_agent_api [None req-a5cdfb59-c4e0-4180-9790-5bbb81434883 38874b5b3ec74c2c8cd0db7e1b0e5a53 e0da52900d244ad985163732054dd062 - - default default] Unable to schedule network 34f73ffd-c324-47d3-9615-e7feb14e3758: no agents available; will retry on subsequent port and subnet creation events.
2026-07-15 06:09:18.840 7 INFO neutron_taas.services.taas.taas_plugin [None req-09abec98-b89c-44a0-833c-b62072432c96 8b6b2ed1f2a842e2a8aa4d83831848a1 2f679345f1e346e98a15accd98d3b70c - - default default] TaaS: Handle Delete Port: 655bdad5-19b9-4320-8549-6e55a1f111d4
2026-07-15 06:09:18.844 7 INFO neutron_taas.services.taas.tap_mirror_plugin [None req-09abec98-b89c-44a0-833c-b62072432c96 8b6b2ed1f2a842e2a8aa4d83831848a1 2f679345f1e346e98a15accd98d3b70c - - default default] Tap Mirror: Handle Delete Port: 655bdad5-19b9-4320-8549-6e55a1f111d4 [pid: 7|app: 0|req: 930/1795] 10.0.0.85 () {32 vars in 725 bytes} [Wed Jul 15 06:09:18 2026] DELETE /v2.0/networks/bed31920-ae1f-4a73-bccd-b988166344b0 => generated 0 bytes in 311 msecs (HTTP/1.1 204) 3 headers in 131 bytes (1 switches on core 0)
2026-07-15 06:09:19.152 7 INFO neutron.db.segments_db [None req-f14033b4-e004-49ba-a460-373b4a05ec95 8b6b2ed1f2a842e2a8aa4d83831848a1 2f679345f1e346e98a15accd98d3b70c - - default default] Added segment 078ad9d5-4b6c-4d1b-9f61-cdd12f08872a of type geneve for network ce6c3e45-d02d-4d4e-90e8-0cce9d628c57
2026-07-15 06:09:19.275 8 INFO neutron.db.ovn_revision_numbers_db [None req-a5cdfb59-c4e0-4180-9790-5bbb81434883 38874b5b3ec74c2c8cd0db7e1b0e5a53 e0da52900d244ad985163732054dd062 - - default default] Successfully bumped revision number for resource ae32b9f1-51b5-4a35-8b7a-e69649717e7a (type: ports) to 2
2026-07-15 06:09:19.279 7 INFO neutron.db.ovn_revision_numbers_db [None req-f14033b4-e004-49ba-a460-373b4a05ec95 8b6b2ed1f2a842e2a8aa4d83831848a1 2f679345f1e346e98a15accd98d3b70c - - default default] Successfully bumped revision number for resource ce6c3e45-d02d-4d4e-90e8-0cce9d628c57 (type: networks) to 1
2026-07-15 06:09:19.300 8 INFO neutron.db.ovn_revision_numbers_db [None req-a5cdfb59-c4e0-4180-9790-5bbb81434883 38874b5b3ec74c2c8cd0db7e1b0e5a53 e0da52900d244ad985163732054dd062 - - default default] Successfully bumped revision number for resource c56d3c64-4dbf-48ea-8d95-2a9a533b7a4c (type: subnets) to 0 [pid: 8|app: 0|req: 866/1796] 10.0.0.85 () {34 vars in 668 bytes} [Wed Jul 15 06:09:18 2026] POST /v2.0/subnets => generated 629 bytes in 698 msecs (HTTP/1.1 201) 4 headers in 162 bytes (1 switches on core 0)
2026-07-15 06:09:19.424 8 INFO neutron.db.segments_db [None req-e86785d6-684e-4e2b-9b72-17f8f2f63948 38874b5b3ec74c2c8cd0db7e1b0e5a53 e0da52900d244ad985163732054dd062 - - default default] Added segment b59c211e-a340-4327-9491-eebc3a46d667 of type geneve for network 54863ffd-6d6a-4b78-b4ea-7cf8c027a1d3
2026-07-15 06:09:19.470 7 WARNING neutron.scheduler.dhcp_agent_scheduler [None req-f14033b4-e004-49ba-a460-373b4a05ec95 8b6b2ed1f2a842e2a8aa4d83831848a1 2f679345f1e346e98a15accd98d3b70c - - default default] No more DHCP agents
2026-07-15 06:09:19.473 7 WARNING neutron.api.rpc.agentnotifiers.dhcp_rpc_agent_api [None req-f14033b4-e004-49ba-a460-373b4a05ec95 8b6b2ed1f2a842e2a8aa4d83831848a1 2f679345f1e346e98a15accd98d3b70c - - default default] Unable to schedule network ce6c3e45-d02d-4d4e-90e8-0cce9d628c57: no agents available; will retry on subsequent port and subnet creation events.
2026-07-15 06:09:19.517 7 INFO neutron.plugins.ml2.drivers.ovn.mech_driver.mech_driver [None req-a350137f-06cc-4fb4-a32e-0d286845316a - - - - - -] OVN reports status down for port: 7007f74c-ce90-4f06-b745-943c43451038
2026-07-15 06:09:19.562 8 INFO neutron.db.ovn_revision_numbers_db [None req-e86785d6-684e-4e2b-9b72-17f8f2f63948 38874b5b3ec74c2c8cd0db7e1b0e5a53 e0da52900d244ad985163732054dd062 - - default default] Successfully bumped revision number for resource 54863ffd-6d6a-4b78-b4ea-7cf8c027a1d3 (type: networks) to 1
2026-07-15 06:09:19.564 7 INFO neutron.db.ovn_revision_numbers_db [None req-f14033b4-e004-49ba-a460-373b4a05ec95 8b6b2ed1f2a842e2a8aa4d83831848a1 2f679345f1e346e98a15accd98d3b70c - - default default] Successfully bumped revision number for resource 7007f74c-ce90-4f06-b745-943c43451038 (type: ports) to 1 [pid: 7|app: 0|req: 931/1797] 10.0.0.85 () {34 vars in 669 bytes} [Wed Jul 15 06:09:19 2026] POST /v2.0/networks => generated 672 bytes in 537 msecs (HTTP/1.1 201) 4 headers in 162 bytes (1 switches on core 0)
2026-07-15 06:09:19.727 8 WARNING neutron.scheduler.dhcp_agent_scheduler [None req-e86785d6-684e-4e2b-9b72-17f8f2f63948 38874b5b3ec74c2c8cd0db7e1b0e5a53 e0da52900d244ad985163732054dd062 - - default default] No more DHCP agents
2026-07-15 06:09:19.728 8 WARNING neutron.api.rpc.agentnotifiers.dhcp_rpc_agent_api [None req-e86785d6-684e-4e2b-9b72-17f8f2f63948 38874b5b3ec74c2c8cd0db7e1b0e5a53 e0da52900d244ad985163732054dd062 - - default default] Unable to schedule network 54863ffd-6d6a-4b78-b4ea-7cf8c027a1d3: no agents available; will retry on subsequent port and subnet creation events.
2026-07-15 06:09:19.781 8 WARNING neutron.plugins.ml2.drivers.ovn.mech_driver.ovsdb.ovn_client [None req-14a65e98-4736-451f-b237-d2e5a9ad9acd - - - - - -] No port found with ID 98e6c426-385c-46d7-b42b-326e5c347834: RuntimeError: No port found with ID 98e6c426-385c-46d7-b42b-326e5c347834
2026-07-15 06:09:19.824 8 INFO neutron.plugins.ml2.drivers.ovn.mech_driver.mech_driver [None req-14a65e98-4736-451f-b237-d2e5a9ad9acd - - - - - -] OVN reports status down for port: ae32b9f1-51b5-4a35-8b7a-e69649717e7a
2026-07-15 06:09:19.847 8 INFO neutron.db.ovn_revision_numbers_db [None req-e86785d6-684e-4e2b-9b72-17f8f2f63948 38874b5b3ec74c2c8cd0db7e1b0e5a53 e0da52900d244ad985163732054dd062 - - default default] Successfully bumped revision number for resource b62bc29e-7a9a-4210-b1d4-12ced76d9e44 (type: ports) to 1 [pid: 8|app: 0|req: 867/1798] 10.0.0.85 () {34 vars in 669 bytes} [Wed Jul 15 06:09:19 2026] POST /v2.0/networks => generated 670 bytes in 553 msecs (HTTP/1.1 201) 4 headers in 162 bytes (1 switches on core 0)
2026-07-15 06:09:19.921 7 INFO neutron.db.ovn_revision_numbers_db [None req-6caf860d-a89b-4675-880a-49bdc68b938b 1c2db2a627fc43c2820da515903d6096 e4c40ceefa6942449a31bc419ab32f09 - - default default] Successfully bumped revision number for resource 95b6e31f-05c3-45df-82cf-b8db2a989605 (type: security_groups) to 1
2026-07-15 06:09:19.928 8 INFO neutron.plugins.ml2.drivers.ovn.mech_driver.mech_driver [None req-14a65e98-4736-451f-b237-d2e5a9ad9acd - - - - - -] OVN reports status down for port: b62bc29e-7a9a-4210-b1d4-12ced76d9e44
2026-07-15 06:09:19.938 7 INFO neutron.db.ovn_revision_numbers_db [None req-6caf860d-a89b-4675-880a-49bdc68b938b 1c2db2a627fc43c2820da515903d6096 e4c40ceefa6942449a31bc419ab32f09 - - default default] Successfully bumped revision number for resource 416263f1-d203-4322-8963-a15be6693437 (type: security_group_rules) to 0
2026-07-15 06:09:19.950 7 INFO neutron.db.ovn_revision_numbers_db [None req-6caf860d-a89b-4675-880a-49bdc68b938b 1c2db2a627fc43c2820da515903d6096 e4c40ceefa6942449a31bc419ab32f09 - - default default] Successfully bumped revision number for resource 99ca3c86-5dd1-4f44-9452-05106024c9f8 (type: security_group_rules) to 0
2026-07-15 06:09:19.962 7 INFO neutron.db.ovn_revision_numbers_db [None req-6caf860d-a89b-4675-880a-49bdc68b938b 1c2db2a627fc43c2820da515903d6096 e4c40ceefa6942449a31bc419ab32f09 - - default default] Successfully bumped revision number for resource d17cf5c7-fd4a-4d7a-91a9-49252f5f2c5b (type: security_group_rules) to 0
2026-07-15 06:09:19.974 7 INFO neutron.db.ovn_revision_numbers_db [None req-6caf860d-a89b-4675-880a-49bdc68b938b 1c2db2a627fc43c2820da515903d6096 e4c40ceefa6942449a31bc419ab32f09 - - default default] Successfully bumped revision number for resource e2174966-e0a1-402f-b9fe-45b7be681f34 (type: security_group_rules) to 0
2026-07-15 06:09:20.050 7 INFO neutron.db.segments_db [None req-6caf860d-a89b-4675-880a-49bdc68b938b 1c2db2a627fc43c2820da515903d6096 e4c40ceefa6942449a31bc419ab32f09 - - default default] Added segment d3429aa1-abe0-4b63-af3f-a53413fca7e3 of type geneve for network 3b14d223-dabf-4f99-9705-a315e6e2c7fb
2026-07-15 06:09:20.088 8 WARNING neutron.scheduler.dhcp_agent_scheduler [None req-8e6f4f33-553c-43db-ac12-bc6a282cf7ef 8b6b2ed1f2a842e2a8aa4d83831848a1 2f679345f1e346e98a15accd98d3b70c - - default default] No more DHCP agents
2026-07-15 06:09:20.089 8 WARNING neutron.api.rpc.agentnotifiers.dhcp_rpc_agent_api [None req-8e6f4f33-553c-43db-ac12-bc6a282cf7ef 8b6b2ed1f2a842e2a8aa4d83831848a1 2f679345f1e346e98a15accd98d3b70c - - default default] Unable to schedule network ce6c3e45-d02d-4d4e-90e8-0cce9d628c57: no agents available; will retry on subsequent port and subnet creation events.
2026-07-15 06:09:20.115 8 INFO neutron.db.ovn_revision_numbers_db [None req-8e6f4f33-553c-43db-ac12-bc6a282cf7ef 8b6b2ed1f2a842e2a8aa4d83831848a1 2f679345f1e346e98a15accd98d3b70c - - default default] Successfully bumped revision number for resource 417039a5-4c35-4fc6-8e13-2fbc83f20bec (type: subnets) to 0 [pid: 8|app: 0|req: 868/1799] 10.0.0.85 () {34 vars in 668 bytes} [Wed Jul 15 06:09:19 2026] POST /v2.0/subnets => generated 646 bytes in 252 msecs (HTTP/1.1 201) 4 headers in 162 bytes (1 switches on core 0)
2026-07-15 06:09:20.155 7 INFO neutron.db.ovn_revision_numbers_db [None req-6caf860d-a89b-4675-880a-49bdc68b938b 1c2db2a627fc43c2820da515903d6096 e4c40ceefa6942449a31bc419ab32f09 - - default default] Successfully bumped revision number for resource 3b14d223-dabf-4f99-9705-a315e6e2c7fb (type: networks) to 1
2026-07-15 06:09:20.299 8 WARNING neutron.scheduler.dhcp_agent_scheduler [None req-1d3c6da2-dcde-4c47-85d9-814d02eafd90 38874b5b3ec74c2c8cd0db7e1b0e5a53 e0da52900d244ad985163732054dd062 - - default default] No more DHCP agents
2026-07-15 06:09:20.300 8 WARNING neutron.api.rpc.agentnotifiers.dhcp_rpc_agent_api [None req-1d3c6da2-dcde-4c47-85d9-814d02eafd90 38874b5b3ec74c2c8cd0db7e1b0e5a53 e0da52900d244ad985163732054dd062 - - default default] Unable to schedule network 54863ffd-6d6a-4b78-b4ea-7cf8c027a1d3: no agents available; will retry on subsequent port and subnet creation events.
2026-07-15 06:09:20.314 7 WARNING neutron.scheduler.dhcp_agent_scheduler [None req-6caf860d-a89b-4675-880a-49bdc68b938b 1c2db2a627fc43c2820da515903d6096 e4c40ceefa6942449a31bc419ab32f09 - - default default] No more DHCP agents
2026-07-15 06:09:20.316 7 WARNING neutron.api.rpc.agentnotifiers.dhcp_rpc_agent_api [None req-6caf860d-a89b-4675-880a-49bdc68b938b 1c2db2a627fc43c2820da515903d6096 e4c40ceefa6942449a31bc419ab32f09 - - default default] Unable to schedule network 3b14d223-dabf-4f99-9705-a315e6e2c7fb: no agents available; will retry on subsequent port and subnet creation events.
2026-07-15 06:09:20.366 8 INFO neutron.plugins.ml2.drivers.ovn.mech_driver.mech_driver [None req-14a65e98-4736-451f-b237-d2e5a9ad9acd - - - - - -] OVN reports status down for port: 18001558-29db-4573-81b7-bbe756856585
2026-07-15 06:09:20.390 7 INFO neutron.db.ovn_revision_numbers_db [None req-6caf860d-a89b-4675-880a-49bdc68b938b 1c2db2a627fc43c2820da515903d6096 e4c40ceefa6942449a31bc419ab32f09 - - default default] Successfully bumped revision number for resource 18001558-29db-4573-81b7-bbe756856585 (type: ports) to 1 [pid: 7|app: 0|req: 932/1800] 10.0.0.85 () {34 vars in 670 bytes} [Wed Jul 15 06:09:19 2026] POST /v2.0/networks => generated 781 bytes in 821 msecs (HTTP/1.1 201) 4 headers in 162 bytes (1 switches on core 0)
2026-07-15 06:09:20.517 7 INFO neutron.db.ovn_revision_numbers_db [None req-7f6a56b6-13d1-4a14-a604-f3f58bbed24a 8b6b2ed1f2a842e2a8aa4d83831848a1 2f679345f1e346e98a15accd98d3b70c - - default default] Successfully bumped revision number for resource b60b3e53-ac31-4578-bb13-4e9bc437a323 (type: routers) to 1 [pid: 7|app: 0|req: 933/1801] 10.0.0.85 () {34 vars in 668 bytes} [Wed Jul 15 06:09:20 2026] POST /v2.0/routers => generated 628 bytes in 119 msecs (HTTP/1.1 201) 4 headers in 162 bytes (1 switches on core 0)
2026-07-15 06:09:20.677 7 INFO neutron.services.segments.plugin [-] Segment 9265a6a5-5989-424e-949c-db98b89675d3 resource provider aggregate not found
2026-07-15 06:09:20.685 7 INFO neutron.services.segments.plugin [-] Segment 9265a6a5-5989-424e-949c-db98b89675d3 resource provider aggregate not found
2026-07-15 06:09:20.687 7 WARNING neutron.scheduler.dhcp_agent_scheduler [None req-a50f9571-1d4a-4217-a81e-d8cf93b6e5d9 1c2db2a627fc43c2820da515903d6096 e4c40ceefa6942449a31bc419ab32f09 - - default default] No more DHCP agents
2026-07-15 06:09:20.692 7 INFO neutron.services.segments.plugin [-] Client error retrieving segment 9265a6a5-5989-424e-949c-db98b89675d3 resource provider; error: Placement Client Error (4xx): {"errors": [{"status": 404, "title": "Not Found", "detail": "The resource could not be found.\n\n No resource provider with uuid 9265a6a5-5989-424e-949c-db98b89675d3 found for delete ", "request_id": "req-520f99f9-8934-4443-a98f-9455804ce56c"}]}
2026-07-15 06:09:20.693 7 WARNING neutron.api.rpc.agentnotifiers.dhcp_rpc_agent_api [None req-a50f9571-1d4a-4217-a81e-d8cf93b6e5d9 1c2db2a627fc43c2820da515903d6096 e4c40ceefa6942449a31bc419ab32f09 - - default default] Unable to schedule network 3b14d223-dabf-4f99-9705-a315e6e2c7fb: no agents available; will retry on subsequent port and subnet creation events.
2026-07-15 06:09:20.709 7 INFO neutron.services.segments.plugin [-] Client error retrieving segment 9265a6a5-5989-424e-949c-db98b89675d3 resource provider; error: Placement Client Error (4xx): {"errors": [{"status": 404, "title": "Not Found", "detail": "The resource could not be found.\n\n No resource provider with uuid 9265a6a5-5989-424e-949c-db98b89675d3 found for delete ", "request_id": "req-a58f8a2d-dc37-45d5-a6d3-6689c908d76a"}]}
2026-07-15 06:09:20.801 8 INFO neutron.db.ovn_revision_numbers_db [None req-1d3c6da2-dcde-4c47-85d9-814d02eafd90 38874b5b3ec74c2c8cd0db7e1b0e5a53 e0da52900d244ad985163732054dd062 - - default default] Successfully bumped revision number for resource b62bc29e-7a9a-4210-b1d4-12ced76d9e44 (type: ports) to 2
2026-07-15 06:09:20.834 8 INFO neutron.db.ovn_revision_numbers_db [None req-1d3c6da2-dcde-4c47-85d9-814d02eafd90 38874b5b3ec74c2c8cd0db7e1b0e5a53 e0da52900d244ad985163732054dd062 - - default default] Successfully bumped revision number for resource ea9da0d1-e75c-4e19-bfb6-3ee01dfacdb6 (type: subnets) to 0 [pid: 8|app: 0|req: 869/1802] 10.0.0.85 () {34 vars in 668 bytes} [Wed Jul 15 06:09:20 2026] POST /v2.0/subnets => generated 629 bytes in 717 msecs (HTTP/1.1 201) 4 headers in 162 bytes (1 switches on core 0)
2026-07-15 06:09:21.081 8 WARNING neutron.scheduler.dhcp_agent_scheduler [None req-154741fd-2678-449c-88f6-093013699f18 8b6b2ed1f2a842e2a8aa4d83831848a1 2f679345f1e346e98a15accd98d3b70c - - default default] No more DHCP agents
2026-07-15 06:09:21.082 8 WARNING neutron.api.rpc.agentnotifiers.dhcp_rpc_agent_api [None req-154741fd-2678-449c-88f6-093013699f18 8b6b2ed1f2a842e2a8aa4d83831848a1 2f679345f1e346e98a15accd98d3b70c - - default default] Unable to schedule network ce6c3e45-d02d-4d4e-90e8-0cce9d628c57: no agents available; will retry on subsequent port and subnet creation events.
2026-07-15 06:09:21.136 7 INFO neutron.db.ovn_revision_numbers_db [None req-a50f9571-1d4a-4217-a81e-d8cf93b6e5d9 1c2db2a627fc43c2820da515903d6096 e4c40ceefa6942449a31bc419ab32f09 - - default default] Successfully bumped revision number for resource 18001558-29db-4573-81b7-bbe756856585 (type: ports) to 2
2026-07-15 06:09:21.170 8 INFO neutron.plugins.ml2.drivers.ovn.mech_driver.mech_driver [None req-14a65e98-4736-451f-b237-d2e5a9ad9acd - - - - - -] OVN reports status down for port: 9fd26b33-3e7a-44ae-a5f7-bdd0d84909b1
2026-07-15 06:09:21.173 7 INFO neutron.db.ovn_revision_numbers_db [None req-a50f9571-1d4a-4217-a81e-d8cf93b6e5d9 1c2db2a627fc43c2820da515903d6096 e4c40ceefa6942449a31bc419ab32f09 - - default default] Successfully bumped revision number for resource e95f307d-f4ef-4e48-97f7-53a29d4c7c04 (type: subnets) to 0 [pid: 7|app: 0|req: 934/1803] 10.0.0.85 () {34 vars in 668 bytes} [Wed Jul 15 06:09:20 2026] POST /v2.0/subnets => generated 687 bytes in 655 msecs (HTTP/1.1 201) 4 headers in 162 bytes (1 switches on core 0)
2026-07-15 06:09:21.226 8 INFO neutron.db.ovn_revision_numbers_db [None req-154741fd-2678-449c-88f6-093013699f18 8b6b2ed1f2a842e2a8aa4d83831848a1 2f679345f1e346e98a15accd98d3b70c - - default default] Successfully bumped revision number for resource 9fd26b33-3e7a-44ae-a5f7-bdd0d84909b1 (type: ports) to 1 [pid: 7|app: 0|req: 935/1804] 10.0.0.85 () {34 vars in 750 bytes} [Wed Jul 15 06:09:21 2026] PUT /v2.0/subnets/7cc8c31a-aeca-4bec-be66-68c79138f748/tags => generated 17 bytes in 51 msecs (HTTP/1.1 200) 4 headers in 156 bytes (1 switches on core 0) [pid: 8|app: 0|req: 870/1805] 10.0.0.85 () {34 vars in 664 bytes} [Wed Jul 15 06:09:20 2026] POST /v2.0/ports => generated 959 bytes in 411 msecs (HTTP/1.1 201) 4 headers in 162 bytes (1 switches on core 0) /var/lib/openstack/lib/python3.12/site-packages/pycadf/identifier.py:70: UserWarning: Invalid uuid: neutron. To ensure interoperability, identifiers should be a valid uuid. warnings.warn(('Invalid uuid: %s. To ensure interoperability, ' [pid: 8|app: 0|req: 871/1806] 10.0.0.85 () {34 vars in 750 bytes} [Wed Jul 15 06:09:21 2026] PUT /v2.0/subnets/302d817e-9f52-459d-b8b0-d1ebf850560b/tags => generated 25 bytes in 89 msecs (HTTP/1.1 200) 4 headers in 156 bytes (1 switches on core 0)
2026-07-15 06:09:21.636 7 WARNING neutron.scheduler.dhcp_agent_scheduler [None req-a09fe36b-af0a-480a-935b-669bf1ee5e5c 1c2db2a627fc43c2820da515903d6096 e4c40ceefa6942449a31bc419ab32f09 - - default default] No more DHCP agents
2026-07-15 06:09:21.638 7 WARNING neutron.api.rpc.agentnotifiers.dhcp_rpc_agent_api [None req-a09fe36b-af0a-480a-935b-669bf1ee5e5c 1c2db2a627fc43c2820da515903d6096 e4c40ceefa6942449a31bc419ab32f09 - - default default] Unable to schedule network 0c87e584-60ea-41fe-aa3f-91827559531d: no agents available; will retry on subsequent port and subnet creation events.
2026-07-15 06:09:21.740 7 INFO neutron.plugins.ml2.drivers.ovn.mech_driver.mech_driver [None req-a350137f-06cc-4fb4-a32e-0d286845316a - - - - - -] OVN reports status down for port: 523d6aa3-309e-4b75-8fa3-3a693ca8101f
2026-07-15 06:09:21.793 7 INFO neutron.db.ovn_revision_numbers_db [None req-a09fe36b-af0a-480a-935b-669bf1ee5e5c 1c2db2a627fc43c2820da515903d6096 e4c40ceefa6942449a31bc419ab32f09 - - default default] Successfully bumped revision number for resource 523d6aa3-309e-4b75-8fa3-3a693ca8101f (type: ports) to 1
2026-07-15 06:09:22.295 8 INFO neutron.plugins.ml2.drivers.ovn.mech_driver.mech_driver [None req-14a65e98-4736-451f-b237-d2e5a9ad9acd - - - - - -] OVN reports status up for port: 9fd26b33-3e7a-44ae-a5f7-bdd0d84909b1
2026-07-15 06:09:22.319 8 INFO neutron.plugins.ml2.plugin [None req-14a65e98-4736-451f-b237-d2e5a9ad9acd - - - - - -] Attempt 1 to provision port 9fd26b33-3e7a-44ae-a5f7-bdd0d84909b1
2026-07-15 06:09:22.354 8 INFO neutron.db.ovn_revision_numbers_db [None req-bcf969f1-3fb3-45ce-bac9-d966da12fec8 8b6b2ed1f2a842e2a8aa4d83831848a1 2f679345f1e346e98a15accd98d3b70c - - default default] Successfully bumped revision number for resource 9fd26b33-3e7a-44ae-a5f7-bdd0d84909b1 (type: ports) to 2
2026-07-15 06:09:22.428 7 INFO neutron.plugins.ml2.drivers.ovn.mech_driver.mech_driver [None req-a350137f-06cc-4fb4-a32e-0d286845316a - - - - - -] OVN reports status up for port: 523d6aa3-309e-4b75-8fa3-3a693ca8101f
2026-07-15 06:09:22.446 8 INFO neutron.plugins.ml2.drivers.ovn.mech_driver.ovsdb.ovsdb_monitor [None req-4a74fa7b-9575-4199-8dfd-5ead17aed606 - - - - - -] Router e53b01ee-0d4d-4781-acde-9c9c8415fc8b is bound to host instance
2026-07-15 06:09:22.449 7 INFO neutron.plugins.ml2.plugin [None req-a350137f-06cc-4fb4-a32e-0d286845316a - - - - - -] Attempt 1 to provision port 523d6aa3-309e-4b75-8fa3-3a693ca8101f
2026-07-15 06:09:22.486 7 INFO neutron.db.ovn_revision_numbers_db [None req-a09fe36b-af0a-480a-935b-669bf1ee5e5c 1c2db2a627fc43c2820da515903d6096 e4c40ceefa6942449a31bc419ab32f09 - - default default] Successfully bumped revision number for resource 523d6aa3-309e-4b75-8fa3-3a693ca8101f (type: router_ports) to 1
2026-07-15 06:09:22.590 7 INFO neutron.db.ovn_revision_numbers_db [None req-a09fe36b-af0a-480a-935b-669bf1ee5e5c 1c2db2a627fc43c2820da515903d6096 e4c40ceefa6942449a31bc419ab32f09 - - default default] Successfully bumped revision number for resource e53b01ee-0d4d-4781-acde-9c9c8415fc8b (type: routers) to 2 [pid: 7|app: 0|req: 936/1807] 10.0.0.85 () {34 vars in 668 bytes} [Wed Jul 15 06:09:21 2026] POST /v2.0/routers => generated 986 bytes in 1362 msecs (HTTP/1.1 201) 4 headers in 162 bytes (1 switches on core 0) [pid: 7|app: 0|req: 937/1808] 10.0.0.85 () {34 vars in 750 bytes} [Wed Jul 15 06:09:22 2026] PUT /v2.0/subnets/4b5830df-a611-4e88-bc7b-efb0d0960947/tags => generated 34 bytes in 49 msecs (HTTP/1.1 200) 4 headers in 156 bytes (1 switches on core 0)
2026-07-15 06:09:23.055 7 WARNING neutron.scheduler.dhcp_agent_scheduler [None req-324d9db9-ce73-4df2-83a3-7be232d05e61 1c2db2a627fc43c2820da515903d6096 e4c40ceefa6942449a31bc419ab32f09 - - default default] No more DHCP agents
2026-07-15 06:09:23.056 7 WARNING neutron.api.rpc.agentnotifiers.dhcp_rpc_agent_api [None req-324d9db9-ce73-4df2-83a3-7be232d05e61 1c2db2a627fc43c2820da515903d6096 e4c40ceefa6942449a31bc419ab32f09 - - default default] Unable to schedule network 3b14d223-dabf-4f99-9705-a315e6e2c7fb: no agents available; will retry on subsequent port and subnet creation events.
2026-07-15 06:09:23.194 7 INFO neutron.db.ovn_revision_numbers_db [None req-324d9db9-ce73-4df2-83a3-7be232d05e61 1c2db2a627fc43c2820da515903d6096 e4c40ceefa6942449a31bc419ab32f09 - - default default] Successfully bumped revision number for resource 7419aa22-4c71-47b5-b32e-4a408665ad7c (type: ports) to 1
2026-07-15 06:09:23.345 8 INFO neutron.db.ovn_revision_numbers_db [None req-14a65e98-4736-451f-b237-d2e5a9ad9acd - - - - - -] Successfully bumped revision number for resource 9fd26b33-3e7a-44ae-a5f7-bdd0d84909b1 (type: ports) to 3
2026-07-15 06:09:23.862 7 WARNING neutron.scheduler.dhcp_agent_scheduler [None req-324d9db9-ce73-4df2-83a3-7be232d05e61 1c2db2a627fc43c2820da515903d6096 e4c40ceefa6942449a31bc419ab32f09 - - default default] No more DHCP agents
2026-07-15 06:09:23.864 7 WARNING neutron.api.rpc.agentnotifiers.dhcp_rpc_agent_api [None req-324d9db9-ce73-4df2-83a3-7be232d05e61 1c2db2a627fc43c2820da515903d6096 e4c40ceefa6942449a31bc419ab32f09 - - default default] Unable to schedule network 3b14d223-dabf-4f99-9705-a315e6e2c7fb: no agents available; will retry on subsequent port and subnet creation events.
2026-07-15 06:09:23.865 8 WARNING neutron.scheduler.dhcp_agent_scheduler [None req-bcf969f1-3fb3-45ce-bac9-d966da12fec8 8b6b2ed1f2a842e2a8aa4d83831848a1 2f679345f1e346e98a15accd98d3b70c - - default default] No more DHCP agents
2026-07-15 06:09:23.869 8 WARNING neutron.api.rpc.agentnotifiers.dhcp_rpc_agent_api [None req-bcf969f1-3fb3-45ce-bac9-d966da12fec8 8b6b2ed1f2a842e2a8aa4d83831848a1 2f679345f1e346e98a15accd98d3b70c - - default default] Unable to schedule network ce6c3e45-d02d-4d4e-90e8-0cce9d628c57: no agents available; will retry on subsequent port and subnet creation events.
2026-07-15 06:09:24.225 7 INFO neutron.db.ovn_revision_numbers_db [None req-324d9db9-ce73-4df2-83a3-7be232d05e61 1c2db2a627fc43c2820da515903d6096 e4c40ceefa6942449a31bc419ab32f09 - - default default] Successfully bumped revision number for resource 7419aa22-4c71-47b5-b32e-4a408665ad7c (type: router_ports) to 1 [pid: 7|app: 0|req: 938/1809] 10.0.0.85 () {34 vars in 782 bytes} [Wed Jul 15 06:09:22 2026] PUT /v2.0/routers/e53b01ee-0d4d-4781-acde-9c9c8415fc8b/add_router_interface => generated 310 bytes in 1574 msecs (HTTP/1.1 200) 4 headers in 157 bytes (1 switches on core 0) [pid: 7|app: 0|req: 939/1810] 10.0.0.85 () {34 vars in 750 bytes} [Wed Jul 15 06:09:24 2026] PUT /v2.0/subnets/c56d3c64-4dbf-48ea-8d95-2a9a533b7a4c/tags => generated 19 bytes in 50 msecs (HTTP/1.1 200) 4 headers in 156 bytes (1 switches on core 0)
2026-07-15 06:09:24.299 8 INFO neutron.db.ovn_revision_numbers_db [None req-bcf969f1-3fb3-45ce-bac9-d966da12fec8 8b6b2ed1f2a842e2a8aa4d83831848a1 2f679345f1e346e98a15accd98d3b70c - - default default] Successfully bumped revision number for resource 9fd26b33-3e7a-44ae-a5f7-bdd0d84909b1 (type: router_ports) to 3 [pid: 8|app: 0|req: 872/1811] 10.0.0.85 () {34 vars in 782 bytes} [Wed Jul 15 06:09:21 2026] PUT /v2.0/routers/b60b3e53-ac31-4578-bb13-4e9bc437a323/add_router_interface => generated 310 bytes in 2957 msecs (HTTP/1.1 200) 4 headers in 157 bytes (1 switches on core 0) /var/lib/openstack/lib/python3.12/site-packages/pycadf/identifier.py:70: UserWarning: Invalid uuid: neutron. To ensure interoperability, identifiers should be a valid uuid. warnings.warn(('Invalid uuid: %s. To ensure interoperability, ' [pid: 7|app: 0|req: 940/1812] 10.0.0.85 () {32 vars in 663 bytes} [Wed Jul 15 06:09:24 2026] GET /v2.0/subnets?tags=red => generated 1904 bytes in 48 msecs (HTTP/1.1 200) 4 headers in 158 bytes (1 switches on core 0) [pid: 7|app: 0|req: 941/1813] 10.0.0.85 () {32 vars in 677 bytes} [Wed Jul 15 06:09:24 2026] GET /v2.0/subnets?tags=red%2Cblue => generated 1283 bytes in 35 msecs (HTTP/1.1 200) 4 headers in 158 bytes (1 switches on core 0) [pid: 8|app: 0|req: 873/1814] 10.0.0.85 () {32 vars in 716 bytes} [Wed Jul 15 06:09:24 2026] GET /v2.0/ports/9fd26b33-3e7a-44ae-a5f7-bdd0d84909b1 => generated 1021 bytes in 67 msecs (HTTP/1.1 200) 4 headers in 158 bytes (1 switches on core 0) [pid: 7|app: 0|req: 942/1815] 10.0.0.85 () {32 vars in 673 bytes} [Wed Jul 15 06:09:24 2026] GET /v2.0/subnets?tags-any=blue => generated 1283 bytes in 43 msecs (HTTP/1.1 200) 4 headers in 158 bytes (1 switches on core 0) [pid: 7|app: 0|req: 943/1816] 10.0.0.85 () {32 vars in 685 bytes} [Wed Jul 15 06:09:24 2026] GET /v2.0/subnets?tags-any=red%2Cblue => generated 1904 bytes in 39 msecs (HTTP/1.1 200) 4 headers in 158 bytes (1 switches on core 0) [pid: 7|app: 0|req: 944/1817] 10.0.0.85 () {32 vars in 671 bytes} [Wed Jul 15 06:09:24 2026] GET /v2.0/subnets?not-tags=red => generated 1894 bytes in 60 msecs (HTTP/1.1 200) 4 headers in 158 bytes (1 switches on core 0) [pid: 7|app: 0|req: 945/1818] 10.0.0.85 () {32 vars in 685 bytes} [Wed Jul 15 06:09:24 2026] GET /v2.0/subnets?not-tags=red%2Cblue => generated 2515 bytes in 56 msecs (HTTP/1.1 200) 4 headers in 158 bytes (1 switches on core 0)
2026-07-15 06:09:24.599 8 INFO neutron.db.ovn_revision_numbers_db [None req-4f8c9580-d569-4e3b-be77-8cce2893df25 - - - - - -] Successfully bumped revision number for resource 523d6aa3-309e-4b75-8fa3-3a693ca8101f (type: ports) to 4 [pid: 7|app: 0|req: 946/1819] 10.0.0.85 () {32 vars in 681 bytes} [Wed Jul 15 06:09:24 2026] GET /v2.0/subnets?not-tags-any=blue => generated 2515 bytes in 45 msecs (HTTP/1.1 200) 4 headers in 158 bytes (1 switches on core 0) [pid: 7|app: 0|req: 947/1820] 10.0.0.85 () {32 vars in 693 bytes} [Wed Jul 15 06:09:24 2026] GET /v2.0/subnets?not-tags-any=red%2Cblue => generated 1894 bytes in 32 msecs (HTTP/1.1 200) 4 headers in 158 bytes (1 switches on core 0) [pid: 7|app: 0|req: 948/1821] 10.0.0.85 () {32 vars in 723 bytes} [Wed Jul 15 06:09:24 2026] DELETE /v2.0/subnets/7cc8c31a-aeca-4bec-be66-68c79138f748 => generated 0 bytes in 181 msecs (HTTP/1.1 204) 3 headers in 131 bytes (1 switches on core 0)
2026-07-15 06:09:24.869 8 INFO neutron_taas.services.taas.taas_plugin [None req-532a357a-34c6-422a-8261-3d06b0ca253e 8b6b2ed1f2a842e2a8aa4d83831848a1 2f679345f1e346e98a15accd98d3b70c - - default default] TaaS: Handle Delete Port: 9fd26b33-3e7a-44ae-a5f7-bdd0d84909b1
2026-07-15 06:09:24.877 8 INFO neutron_taas.services.taas.tap_mirror_plugin [None req-532a357a-34c6-422a-8261-3d06b0ca253e 8b6b2ed1f2a842e2a8aa4d83831848a1 2f679345f1e346e98a15accd98d3b70c - - default default] Tap Mirror: Handle Delete Port: 9fd26b33-3e7a-44ae-a5f7-bdd0d84909b1 [pid: 7|app: 0|req: 949/1822] 10.0.0.85 () {32 vars in 723 bytes} [Wed Jul 15 06:09:24 2026] DELETE /v2.0/subnets/302d817e-9f52-459d-b8b0-d1ebf850560b => generated 0 bytes in 205 msecs (HTTP/1.1 204) 3 headers in 131 bytes (1 switches on core 0)
2026-07-15 06:09:25.113 8 INFO neutron.db.ovn_revision_numbers_db [None req-4f8c9580-d569-4e3b-be77-8cce2893df25 - - - - - -] Successfully bumped revision number for resource 523d6aa3-309e-4b75-8fa3-3a693ca8101f (type: ports) to 5 [pid: 7|app: 0|req: 950/1823] 10.0.0.85 () {32 vars in 723 bytes} [Wed Jul 15 06:09:25 2026] DELETE /v2.0/subnets/4b5830df-a611-4e88-bc7b-efb0d0960947 => generated 0 bytes in 160 msecs (HTTP/1.1 204) 3 headers in 131 bytes (1 switches on core 0) [pid: 8|app: 0|req: 874/1824] 10.0.0.85 () {34 vars in 788 bytes} [Wed Jul 15 06:09:24 2026] PUT /v2.0/routers/b60b3e53-ac31-4578-bb13-4e9bc437a323/remove_router_interface => generated 310 bytes in 965 msecs (HTTP/1.1 200) 4 headers in 157 bytes (1 switches on core 0) /var/lib/openstack/lib/python3.12/site-packages/pycadf/identifier.py:70: UserWarning: Invalid uuid: neutron. To ensure interoperability, identifiers should be a valid uuid. warnings.warn(('Invalid uuid: %s. To ensure interoperability, '
2026-07-15 06:09:25.413 7 INFO neutron.db.ovn_revision_numbers_db [None req-650cf53e-1c51-4a3a-ab9d-65ec60f1bb4f 1c2db2a627fc43c2820da515903d6096 e4c40ceefa6942449a31bc419ab32f09 - - default default] Successfully bumped revision number for resource 7cca167e-f022-4591-b19e-792234955112 (type: security_groups) to 1
2026-07-15 06:09:25.431 7 INFO neutron.db.ovn_revision_numbers_db [None req-650cf53e-1c51-4a3a-ab9d-65ec60f1bb4f 1c2db2a627fc43c2820da515903d6096 e4c40ceefa6942449a31bc419ab32f09 - - default default] Successfully bumped revision number for resource 7ac35b6e-6fb7-4e1a-b3cc-12b6b97f919e (type: security_group_rules) to 0
2026-07-15 06:09:25.445 7 INFO neutron.db.ovn_revision_numbers_db [None req-650cf53e-1c51-4a3a-ab9d-65ec60f1bb4f 1c2db2a627fc43c2820da515903d6096 e4c40ceefa6942449a31bc419ab32f09 - - default default] Successfully bumped revision number for resource 88c97b70-ed4b-47b4-b8ea-a075ac875ca7 (type: security_group_rules) to 0
2026-07-15 06:09:25.458 7 INFO neutron.db.ovn_revision_numbers_db [None req-650cf53e-1c51-4a3a-ab9d-65ec60f1bb4f 1c2db2a627fc43c2820da515903d6096 e4c40ceefa6942449a31bc419ab32f09 - - default default] Successfully bumped revision number for resource 98561115-79b5-42a5-80e4-f953224c3cff (type: security_group_rules) to 0
2026-07-15 06:09:25.469 7 INFO neutron.db.ovn_revision_numbers_db [None req-650cf53e-1c51-4a3a-ab9d-65ec60f1bb4f 1c2db2a627fc43c2820da515903d6096 e4c40ceefa6942449a31bc419ab32f09 - - default default] Successfully bumped revision number for resource df5a9d29-7c9f-4ed5-be23-9ad5c4781058 (type: security_group_rules) to 0
2026-07-15 06:09:25.547 7 INFO neutron.db.segments_db [None req-650cf53e-1c51-4a3a-ab9d-65ec60f1bb4f 1c2db2a627fc43c2820da515903d6096 e4c40ceefa6942449a31bc419ab32f09 - - default default] Added segment 17a752fb-c5ca-42b0-a5a2-d5cc55912875 of type geneve for network 561a992d-d650-4afc-b3b9-bf3f62c4b55f [pid: 8|app: 0|req: 875/1825] 10.0.0.85 () {32 vars in 723 bytes} [Wed Jul 15 06:09:25 2026] DELETE /v2.0/subnets/c56d3c64-4dbf-48ea-8d95-2a9a533b7a4c => generated 0 bytes in 203 msecs (HTTP/1.1 204) 3 headers in 131 bytes (1 switches on core 0)
2026-07-15 06:09:25.604 8 INFO neutron.api.v2.resource [None req-da12e14a-e4d3-4ba8-baaf-6d970e0475a0 8b6b2ed1f2a842e2a8aa4d83831848a1 2f679345f1e346e98a15accd98d3b70c - - default default] remove_router_interface failed (client error): The resource could not be found. [pid: 8|app: 0|req: 876/1826] 10.0.0.85 () {34 vars in 788 bytes} [Wed Jul 15 06:09:25 2026] PUT /v2.0/routers/b60b3e53-ac31-4578-bb13-4e9bc437a323/remove_router_interface => generated 197 bytes in 52 msecs (HTTP/1.1 404) 4 headers in 164 bytes (1 switches on core 0)
2026-07-15 06:09:25.626 7 INFO neutron.common.ovn.utils [None req-a350137f-06cc-4fb4-a32e-0d286845316a - - - - - -] HA Chassis Group neutron-3b14d223-dabf-4f99-9705-a315e6e2c7fb synchronized; highest priority chassis 4d7a1937-13f1-49d2-9b5d-069ea7063914
2026-07-15 06:09:25.686 7 INFO neutron.db.ovn_revision_numbers_db [None req-650cf53e-1c51-4a3a-ab9d-65ec60f1bb4f 1c2db2a627fc43c2820da515903d6096 e4c40ceefa6942449a31bc419ab32f09 - - default default] Successfully bumped revision number for resource 561a992d-d650-4afc-b3b9-bf3f62c4b55f (type: networks) to 1 [pid: 8|app: 0|req: 877/1827] 10.0.0.85 () {32 vars in 723 bytes} [Wed Jul 15 06:09:25 2026] DELETE /v2.0/subnets/ea9da0d1-e75c-4e19-bfb6-3ee01dfacdb6 => generated 0 bytes in 171 msecs (HTTP/1.1 204) 3 headers in 131 bytes (1 switches on core 0) [pid: 8|app: 0|req: 878/1828] 10.0.0.85 () {32 vars in 735 bytes} [Wed Jul 15 06:09:25 2026] GET /v2.0/ports?device_id=b60b3e53-ac31-4578-bb13-4e9bc437a323 => generated 12 bytes in 17 msecs (HTTP/1.1 200) 4 headers in 156 bytes (1 switches on core 0)
2026-07-15 06:09:25.831 7 WARNING neutron.scheduler.dhcp_agent_scheduler [None req-650cf53e-1c51-4a3a-ab9d-65ec60f1bb4f 1c2db2a627fc43c2820da515903d6096 e4c40ceefa6942449a31bc419ab32f09 - - default default] No more DHCP agents
2026-07-15 06:09:25.833 7 WARNING neutron.api.rpc.agentnotifiers.dhcp_rpc_agent_api [None req-650cf53e-1c51-4a3a-ab9d-65ec60f1bb4f 1c2db2a627fc43c2820da515903d6096 e4c40ceefa6942449a31bc419ab32f09 - - default default] Unable to schedule network 561a992d-d650-4afc-b3b9-bf3f62c4b55f: no agents available; will retry on subsequent port and subnet creation events.
2026-07-15 06:09:25.902 7 INFO neutron.db.ovn_revision_numbers_db [None req-650cf53e-1c51-4a3a-ab9d-65ec60f1bb4f 1c2db2a627fc43c2820da515903d6096 e4c40ceefa6942449a31bc419ab32f09 - - default default] Successfully bumped revision number for resource 9a30c470-edc6-4e01-ae6d-18420aff80eb (type: ports) to 1
2026-07-15 06:09:25.923 8 INFO neutron_taas.services.taas.taas_plugin [None req-a4f19c17-9da7-4a47-8e50-73f1c763aa49 38874b5b3ec74c2c8cd0db7e1b0e5a53 e0da52900d244ad985163732054dd062 - - default default] TaaS: Handle Delete Port: 02085b89-7aa6-4a98-bc93-8dd2573a6596 [pid: 7|app: 0|req: 951/1829] 10.0.0.85 () {34 vars in 670 bytes} [Wed Jul 15 06:09:25 2026] POST /v2.0/networks => generated 782 bytes in 686 msecs (HTTP/1.1 201) 4 headers in 162 bytes (1 switches on core 0)
2026-07-15 06:09:25.926 8 INFO neutron_taas.services.taas.tap_mirror_plugin [None req-a4f19c17-9da7-4a47-8e50-73f1c763aa49 38874b5b3ec74c2c8cd0db7e1b0e5a53 e0da52900d244ad985163732054dd062 - - default default] Tap Mirror: Handle Delete Port: 02085b89-7aa6-4a98-bc93-8dd2573a6596 [pid: 7|app: 0|req: 952/1830] 10.0.0.85 () {32 vars in 723 bytes} [Wed Jul 15 06:09:25 2026] DELETE /v2.0/routers/b60b3e53-ac31-4578-bb13-4e9bc437a323 => generated 0 bytes in 178 msecs (HTTP/1.1 204) 2 headers in 112 bytes (1 switches on core 0)
2026-07-15 06:09:26.111 8 INFO neutron.services.segments.plugin [-] Segment e909f826-7cc4-403e-94d2-65f8b129acfc resource provider aggregate not found
2026-07-15 06:09:26.116 8 INFO neutron.services.segments.plugin [-] Segment e909f826-7cc4-403e-94d2-65f8b129acfc resource provider aggregate not found
2026-07-15 06:09:26.132 8 INFO neutron.services.segments.plugin [-] Client error retrieving segment e909f826-7cc4-403e-94d2-65f8b129acfc resource provider; error: Placement Client Error (4xx): {"errors": [{"status": 404, "title": "Not Found", "detail": "The resource could not be found.\n\n No resource provider with uuid e909f826-7cc4-403e-94d2-65f8b129acfc found for delete ", "request_id": "req-e103086c-6162-4ae7-b977-05459a2a0002"}]}
2026-07-15 06:09:26.139 8 INFO neutron.services.segments.plugin [-] Client error retrieving segment e909f826-7cc4-403e-94d2-65f8b129acfc resource provider; error: Placement Client Error (4xx): {"errors": [{"status": 404, "title": "Not Found", "detail": "The resource could not be found.\n\n No resource provider with uuid e909f826-7cc4-403e-94d2-65f8b129acfc found for delete ", "request_id": "req-c288e581-4b68-4bab-90df-d90c55b52959"}]} [pid: 8|app: 0|req: 879/1831] 10.0.0.85 () {32 vars in 725 bytes} [Wed Jul 15 06:09:25 2026] DELETE /v2.0/networks/8efa0e62-a4cb-4a09-b34b-2622a56a2a6e => generated 0 bytes in 366 msecs (HTTP/1.1 204) 3 headers in 131 bytes (1 switches on core 0)
2026-07-15 06:09:26.241 7 WARNING neutron.scheduler.dhcp_agent_scheduler [None req-50d53704-e249-4fcb-8d06-a89d3036f3db 1c2db2a627fc43c2820da515903d6096 e4c40ceefa6942449a31bc419ab32f09 - - default default] No more DHCP agents
