2026-07-15 06:10:56.137 8 WARNING tagging [None req-741548e2-4b67-4ce8-82ae-57219b358efc 4b8c8a4fc3b54e5489d77d45f1720a19 01f19ebabec84535bfaad4ea25e2c3c9 - - default default] project_id key not found in request, using tenant_id instead. This support has been deprecated and will be removed in a future release. [pid: 8|app: 0|req: 1170/2486] 10.0.0.85 () {32 vars in 730 bytes} [Wed Jul 15 06:10:56 2026] GET /v2.0/routers/7618ab40-6575-4ebe-81b9-93e39db6f941/tags => generated 34 bytes in 68 msecs (HTTP/1.1 200) 4 headers in 156 bytes (1 switches on core 0)
2026-07-15 06:10:56.230 7 WARNING tagging [None req-45b147a7-2bde-419f-99d2-dbf06af44aca 4b8c8a4fc3b54e5489d77d45f1720a19 01f19ebabec84535bfaad4ea25e2c3c9 - - default default] project_id key not found in request, using tenant_id instead. This support has been deprecated and will be removed in a future release. [pid: 7|app: 0|req: 1317/2487] 10.0.0.85 () {34 vars in 779 bytes} [Wed Jul 15 06:10:56 2026] PUT /v2.0/routers/7618ab40-6575-4ebe-81b9-93e39db6f941/tags/black.or.white => generated 4 bytes in 146 msecs (HTTP/1.1 201) 4 headers in 160 bytes (1 switches on core 0)
2026-07-15 06:10:56.379 8 WARNING tagging [None req-afb72a59-5cb4-4374-9132-eae2e4f164fa 4b8c8a4fc3b54e5489d77d45f1720a19 01f19ebabec84535bfaad4ea25e2c3c9 - - default default] project_id key not found in request, using tenant_id instead. This support has been deprecated and will be removed in a future release. [pid: 8|app: 0|req: 1171/2488] 10.0.0.85 () {32 vars in 730 bytes} [Wed Jul 15 06:10:56 2026] GET /v2.0/routers/7618ab40-6575-4ebe-81b9-93e39db6f941/tags => generated 52 bytes in 86 msecs (HTTP/1.1 200) 4 headers in 156 bytes (1 switches on core 0)
2026-07-15 06:10:56.460 7 WARNING tagging [None req-c98bbfda-0e54-4337-ae77-615abfd160ea 4b8c8a4fc3b54e5489d77d45f1720a19 01f19ebabec84535bfaad4ea25e2c3c9 - - default default] project_id key not found in request, using tenant_id instead. This support has been deprecated and will be removed in a future release. [pid: 7|app: 0|req: 1318/2489] 10.0.0.85 () {34 vars in 750 bytes} [Wed Jul 15 06:10:56 2026] PUT /v2.0/routers/7618ab40-6575-4ebe-81b9-93e39db6f941/tags => generated 37 bytes in 84 msecs (HTTP/1.1 200) 4 headers in 156 bytes (1 switches on core 0)
2026-07-15 06:10:56.544 8 WARNING tagging [None req-a21e4a5b-5d6b-4ac4-8d1d-6a6462fb2de6 4b8c8a4fc3b54e5489d77d45f1720a19 01f19ebabec84535bfaad4ea25e2c3c9 - - default default] project_id key not found in request, using tenant_id instead. This support has been deprecated and will be removed in a future release. [pid: 8|app: 0|req: 1172/2490] 10.0.0.85 () {32 vars in 730 bytes} [Wed Jul 15 06:10:56 2026] GET /v2.0/routers/7618ab40-6575-4ebe-81b9-93e39db6f941/tags => generated 37 bytes in 58 msecs (HTTP/1.1 200) 4 headers in 156 bytes (1 switches on core 0)
2026-07-15 06:10:56.608 7 WARNING tagging [None req-e07a8651-07d0-4d6a-84d4-8d1e9fc379cc 4b8c8a4fc3b54e5489d77d45f1720a19 01f19ebabec84535bfaad4ea25e2c3c9 - - default default] project_id key not found in request, using tenant_id instead. This support has been deprecated and will be removed in a future release. [pid: 7|app: 0|req: 1319/2491] 10.0.0.85 () {32 vars in 738 bytes} [Wed Jul 15 06:10:56 2026] GET /v2.0/routers/7618ab40-6575-4ebe-81b9-93e39db6f941/tags/red => generated 0 bytes in 66 msecs (HTTP/1.1 204) 2 headers in 112 bytes (1 switches on core 0)
2026-07-15 06:10:56.675 8 WARNING tagging [None req-7d054479-d690-45fd-9d4e-029278c524b6 4b8c8a4fc3b54e5489d77d45f1720a19 01f19ebabec84535bfaad4ea25e2c3c9 - - default default] project_id key not found in request, using tenant_id instead. This support has been deprecated and will be removed in a future release.
2026-07-15 06:10:56.709 8 INFO neutron.api.v2.resource [None req-7d054479-d690-45fd-9d4e-029278c524b6 4b8c8a4fc3b54e5489d77d45f1720a19 01f19ebabec84535bfaad4ea25e2c3c9 - - default default] show failed (client error): The resource could not be found. [pid: 8|app: 0|req: 1173/2492] 10.0.0.85 () {32 vars in 742 bytes} [Wed Jul 15 06:10:56 2026] GET /v2.0/routers/7618ab40-6575-4ebe-81b9-93e39db6f941/tags/green => generated 99 bytes in 67 msecs (HTTP/1.1 404) 4 headers in 163 bytes (1 switches on core 0)
2026-07-15 06:10:56.748 8 WARNING tagging [None req-e8d6ca04-ef4e-4682-b9db-5158bbe5233a 4b8c8a4fc3b54e5489d77d45f1720a19 01f19ebabec84535bfaad4ea25e2c3c9 - - default default] project_id key not found in request, using tenant_id instead. This support has been deprecated and will be removed in a future release. [pid: 8|app: 0|req: 1174/2493] 10.0.0.85 () {32 vars in 741 bytes} [Wed Jul 15 06:10:56 2026] DELETE /v2.0/routers/7618ab40-6575-4ebe-81b9-93e39db6f941/tags/red => generated 0 bytes in 81 msecs (HTTP/1.1 204) 2 headers in 112 bytes (1 switches on core 0)
2026-07-15 06:10:56.833 8 WARNING tagging [None req-10b0653c-b58e-4132-90e4-a91d064568fc 4b8c8a4fc3b54e5489d77d45f1720a19 01f19ebabec84535bfaad4ea25e2c3c9 - - default default] project_id key not found in request, using tenant_id instead. This support has been deprecated and will be removed in a future release. [pid: 8|app: 0|req: 1175/2494] 10.0.0.85 () {32 vars in 730 bytes} [Wed Jul 15 06:10:56 2026] GET /v2.0/routers/7618ab40-6575-4ebe-81b9-93e39db6f941/tags => generated 30 bytes in 58 msecs (HTTP/1.1 200) 4 headers in 156 bytes (1 switches on core 0)
2026-07-15 06:10:56.901 8 WARNING tagging [None req-46c65396-e0b5-46e9-846e-0df24be0411b 4b8c8a4fc3b54e5489d77d45f1720a19 01f19ebabec84535bfaad4ea25e2c3c9 - - default default] project_id key not found in request, using tenant_id instead. This support has been deprecated and will be removed in a future release.
2026-07-15 06:10:56.945 8 INFO neutron.api.v2.resource [None req-46c65396-e0b5-46e9-846e-0df24be0411b 4b8c8a4fc3b54e5489d77d45f1720a19 01f19ebabec84535bfaad4ea25e2c3c9 - - default default] delete failed (client error): The resource could not be found. [pid: 8|app: 0|req: 1176/2495] 10.0.0.85 () {32 vars in 745 bytes} [Wed Jul 15 06:10:56 2026] DELETE /v2.0/routers/7618ab40-6575-4ebe-81b9-93e39db6f941/tags/green => generated 99 bytes in 84 msecs (HTTP/1.1 404) 4 headers in 163 bytes (1 switches on core 0)
2026-07-15 06:10:56.951 7 INFO neutron.db.ovn_revision_numbers_db [None req-d56e86a3-8565-444e-9c99-6aba17361b5e 7ecb058894654cbe9c30f23cb0dead95 fab784b7ecb24151ad412a0fa0b5951a - - default default] Successfully bumped revision number for resource 9d05cd1f-3741-450d-b8a5-1d880175c87e (type: security_groups) to 1
2026-07-15 06:10:56.964 7 INFO neutron.db.ovn_revision_numbers_db [None req-d56e86a3-8565-444e-9c99-6aba17361b5e 7ecb058894654cbe9c30f23cb0dead95 fab784b7ecb24151ad412a0fa0b5951a - - default default] Successfully bumped revision number for resource 25a4530c-c1bd-4547-9b87-10a41375a6f9 (type: security_group_rules) to 0
2026-07-15 06:10:56.979 7 INFO neutron.db.ovn_revision_numbers_db [None req-d56e86a3-8565-444e-9c99-6aba17361b5e 7ecb058894654cbe9c30f23cb0dead95 fab784b7ecb24151ad412a0fa0b5951a - - default default] Successfully bumped revision number for resource 4561c4df-205c-4a5a-9eda-c9099458941a (type: security_group_rules) to 0
2026-07-15 06:10:56.983 8 WARNING tagging [None req-67d0bee8-2c1a-4232-8870-58d840f9c376 4b8c8a4fc3b54e5489d77d45f1720a19 01f19ebabec84535bfaad4ea25e2c3c9 - - default default] project_id key not found in request, using tenant_id instead. This support has been deprecated and will be removed in a future release.
2026-07-15 06:10:56.990 7 INFO neutron.db.ovn_revision_numbers_db [None req-d56e86a3-8565-444e-9c99-6aba17361b5e 7ecb058894654cbe9c30f23cb0dead95 fab784b7ecb24151ad412a0fa0b5951a - - default default] Successfully bumped revision number for resource 902337fb-3f11-4036-b696-ad358be41e47 (type: security_group_rules) to 0
2026-07-15 06:10:57.001 7 INFO neutron.db.ovn_revision_numbers_db [None req-d56e86a3-8565-444e-9c99-6aba17361b5e 7ecb058894654cbe9c30f23cb0dead95 fab784b7ecb24151ad412a0fa0b5951a - - default default] Successfully bumped revision number for resource aff1e666-42b2-4948-a084-a4f320301d15 (type: security_group_rules) to 0 [pid: 8|app: 0|req: 1177/2496] 10.0.0.85 () {32 vars in 733 bytes} [Wed Jul 15 06:10:56 2026] DELETE /v2.0/routers/7618ab40-6575-4ebe-81b9-93e39db6f941/tags => generated 0 bytes in 76 msecs (HTTP/1.1 204) 2 headers in 112 bytes (1 switches on core 0)
2026-07-15 06:10:57.065 8 WARNING tagging [None req-cb60de27-8506-4b61-800f-3b2ec1091784 4b8c8a4fc3b54e5489d77d45f1720a19 01f19ebabec84535bfaad4ea25e2c3c9 - - default default] project_id key not found in request, using tenant_id instead. This support has been deprecated and will be removed in a future release.
2026-07-15 06:10:57.076 7 INFO neutron.db.segments_db [None req-d56e86a3-8565-444e-9c99-6aba17361b5e 7ecb058894654cbe9c30f23cb0dead95 fab784b7ecb24151ad412a0fa0b5951a - - default default] Added segment 7494c687-1fc0-4865-8bce-51f1ef535dae of type geneve for network d066e3fd-1ed2-449d-8970-17a2db056d4c [pid: 8|app: 0|req: 1178/2497] 10.0.0.85 () {32 vars in 730 bytes} [Wed Jul 15 06:10:57 2026] GET /v2.0/routers/7618ab40-6575-4ebe-81b9-93e39db6f941/tags => generated 12 bytes in 67 msecs (HTTP/1.1 200) 4 headers in 156 bytes (1 switches on core 0) [pid: 8|app: 0|req: 1179/2498] 10.0.0.85 () {32 vars in 720 bytes} [Wed Jul 15 06:10:57 2026] GET /v2.0/routers/7618ab40-6575-4ebe-81b9-93e39db6f941 => generated 597 bytes in 42 msecs (HTTP/1.1 200) 4 headers in 157 bytes (1 switches on core 0)
2026-07-15 06:10:57.195 7 INFO neutron.db.ovn_revision_numbers_db [None req-d56e86a3-8565-444e-9c99-6aba17361b5e 7ecb058894654cbe9c30f23cb0dead95 fab784b7ecb24151ad412a0fa0b5951a - - default default] Successfully bumped revision number for resource d066e3fd-1ed2-449d-8970-17a2db056d4c (type: networks) to 1
2026-07-15 06:10:57.362 7 WARNING neutron.scheduler.dhcp_agent_scheduler [None req-d56e86a3-8565-444e-9c99-6aba17361b5e 7ecb058894654cbe9c30f23cb0dead95 fab784b7ecb24151ad412a0fa0b5951a - - default default] No more DHCP agents
2026-07-15 06:10:57.363 7 WARNING neutron.api.rpc.agentnotifiers.dhcp_rpc_agent_api [None req-d56e86a3-8565-444e-9c99-6aba17361b5e 7ecb058894654cbe9c30f23cb0dead95 fab784b7ecb24151ad412a0fa0b5951a - - default default] Unable to schedule network d066e3fd-1ed2-449d-8970-17a2db056d4c: no agents available; will retry on subsequent port and subnet creation events.
2026-07-15 06:10:57.448 7 INFO neutron.db.ovn_revision_numbers_db [None req-d56e86a3-8565-444e-9c99-6aba17361b5e 7ecb058894654cbe9c30f23cb0dead95 fab784b7ecb24151ad412a0fa0b5951a - - default default] Successfully bumped revision number for resource 7a8b6a9c-806f-4302-ba1b-01f8c39f0f09 (type: ports) to 1
2026-07-15 06:10:57.448 8 INFO neutron.plugins.ml2.drivers.ovn.mech_driver.mech_driver [None req-fdc5561c-8ad9-469c-aceb-13273bb6f42f - - - - - -] OVN reports status down for port: 7a8b6a9c-806f-4302-ba1b-01f8c39f0f09 [pid: 7|app: 0|req: 1320/2499] 10.0.0.85 () {34 vars in 669 bytes} [Wed Jul 15 06:10:56 2026] POST /v2.0/networks => generated 670 bytes in 825 msecs (HTTP/1.1 201) 4 headers in 162 bytes (1 switches on core 0)
2026-07-15 06:10:57.559 8 INFO neutron.db.ovn_revision_numbers_db [None req-94fe7239-661e-4910-9c30-27a54e73006a 4b8c8a4fc3b54e5489d77d45f1720a19 01f19ebabec84535bfaad4ea25e2c3c9 - - default default] Successfully bumped revision number for resource 7618ab40-6575-4ebe-81b9-93e39db6f941 (type: routers) to 7
2026-07-15 06:10:57.565 7 INFO neutron.db.segments_db [None req-cb0627f1-6144-4bfb-b64f-188c3312a0fb 7ecb058894654cbe9c30f23cb0dead95 fab784b7ecb24151ad412a0fa0b5951a - - default default] Added segment 125f2027-6ec1-481c-b8e4-77bdce30b560 of type geneve for network f4a32dbc-7524-466c-9c49-87a45699a648 [pid: 8|app: 0|req: 1180/2500] 10.0.0.85 () {34 vars in 741 bytes} [Wed Jul 15 06:10:57 2026] PUT /v2.0/routers/7618ab40-6575-4ebe-81b9-93e39db6f941 => generated 597 bytes in 423 msecs (HTTP/1.1 200) 4 headers in 157 bytes (1 switches on core 0) [pid: 8|app: 0|req: 1181/2501] 10.0.0.85 () {32 vars in 735 bytes} [Wed Jul 15 06:10:57 2026] GET /v2.0/ports?device_id=7618ab40-6575-4ebe-81b9-93e39db6f941 => generated 12 bytes in 28 msecs (HTTP/1.1 200) 4 headers in 156 bytes (1 switches on core 0)
2026-07-15 06:10:57.680 7 INFO neutron.db.ovn_revision_numbers_db [None req-cb0627f1-6144-4bfb-b64f-188c3312a0fb 7ecb058894654cbe9c30f23cb0dead95 fab784b7ecb24151ad412a0fa0b5951a - - default default] Successfully bumped revision number for resource f4a32dbc-7524-466c-9c49-87a45699a648 (type: networks) to 1 [pid: 8|app: 0|req: 1182/2502] 10.0.0.85 () {32 vars in 723 bytes} [Wed Jul 15 06:10:57 2026] DELETE /v2.0/routers/7618ab40-6575-4ebe-81b9-93e39db6f941 => generated 0 bytes in 184 msecs (HTTP/1.1 204) 2 headers in 112 bytes (1 switches on core 0)
2026-07-15 06:10:57.853 7 WARNING neutron.scheduler.dhcp_agent_scheduler [None req-cb0627f1-6144-4bfb-b64f-188c3312a0fb 7ecb058894654cbe9c30f23cb0dead95 fab784b7ecb24151ad412a0fa0b5951a - - default default] No more DHCP agents
2026-07-15 06:10:57.855 7 WARNING neutron.api.rpc.agentnotifiers.dhcp_rpc_agent_api [None req-cb0627f1-6144-4bfb-b64f-188c3312a0fb 7ecb058894654cbe9c30f23cb0dead95 fab784b7ecb24151ad412a0fa0b5951a - - default default] Unable to schedule network f4a32dbc-7524-466c-9c49-87a45699a648: no agents available; will retry on subsequent port and subnet creation events.
2026-07-15 06:10:57.910 7 INFO neutron.plugins.ml2.drivers.ovn.mech_driver.mech_driver [None req-b7742fcd-89ec-486e-a277-329578c93cf4 - - - - - -] OVN reports status down for port: 6523e714-f7a9-4ef3-9346-688fae8cd4fe
2026-07-15 06:10:57.970 7 INFO neutron.db.ovn_revision_numbers_db [None req-cb0627f1-6144-4bfb-b64f-188c3312a0fb 7ecb058894654cbe9c30f23cb0dead95 fab784b7ecb24151ad412a0fa0b5951a - - default default] Successfully bumped revision number for resource 6523e714-f7a9-4ef3-9346-688fae8cd4fe (type: ports) to 1 [pid: 7|app: 0|req: 1321/2503] 10.0.0.85 () {34 vars in 669 bytes} [Wed Jul 15 06:10:57 2026] POST /v2.0/networks => generated 669 bytes in 552 msecs (HTTP/1.1 201) 4 headers in 162 bytes (1 switches on core 0)
2026-07-15 06:10:58.102 8 INFO neutron.db.segments_db [None req-b5ab6ef8-05fd-4f15-886d-c7eba4d2c7ae 7ecb058894654cbe9c30f23cb0dead95 fab784b7ecb24151ad412a0fa0b5951a - - default default] Added segment aa2b33d3-2254-48a1-abf7-b4765631206a of type geneve for network 06d8cabe-9fba-4831-836e-c52a17445650
2026-07-15 06:10:58.182 8 INFO neutron.db.ovn_revision_numbers_db [None req-b5ab6ef8-05fd-4f15-886d-c7eba4d2c7ae 7ecb058894654cbe9c30f23cb0dead95 fab784b7ecb24151ad412a0fa0b5951a - - default default] Successfully bumped revision number for resource 06d8cabe-9fba-4831-836e-c52a17445650 (type: networks) to 1
2026-07-15 06:10:58.327 8 WARNING neutron.scheduler.dhcp_agent_scheduler [None req-b5ab6ef8-05fd-4f15-886d-c7eba4d2c7ae 7ecb058894654cbe9c30f23cb0dead95 fab784b7ecb24151ad412a0fa0b5951a - - default default] No more DHCP agents
2026-07-15 06:10:58.329 8 WARNING neutron.api.rpc.agentnotifiers.dhcp_rpc_agent_api [None req-b5ab6ef8-05fd-4f15-886d-c7eba4d2c7ae 7ecb058894654cbe9c30f23cb0dead95 fab784b7ecb24151ad412a0fa0b5951a - - default default] Unable to schedule network 06d8cabe-9fba-4831-836e-c52a17445650: no agents available; will retry on subsequent port and subnet creation events.
2026-07-15 06:10:58.387 7 INFO neutron.plugins.ml2.drivers.ovn.mech_driver.mech_driver [None req-b7742fcd-89ec-486e-a277-329578c93cf4 - - - - - -] OVN reports status down for port: 0673f507-453c-4243-83be-228aa108eb38
2026-07-15 06:10:58.411 8 INFO neutron.db.ovn_revision_numbers_db [None req-b5ab6ef8-05fd-4f15-886d-c7eba4d2c7ae 7ecb058894654cbe9c30f23cb0dead95 fab784b7ecb24151ad412a0fa0b5951a - - default default] Successfully bumped revision number for resource 0673f507-453c-4243-83be-228aa108eb38 (type: ports) to 1 [pid: 8|app: 0|req: 1183/2504] 10.0.0.85 () {34 vars in 669 bytes} [Wed Jul 15 06:10:58 2026] POST /v2.0/networks => generated 669 bytes in 408 msecs (HTTP/1.1 201) 4 headers in 162 bytes (1 switches on core 0)
2026-07-15 06:10:58.532 7 WARNING neutron.db.securitygroups_db [None req-518ce4a3-d709-4c97-88f4-74432f7c7c9f 1c2db2a627fc43c2820da515903d6096 e4c40ceefa6942449a31bc419ab32f09 - - default default] project_id key not found in filters, using tenant_id instead. This support has been deprecated and will be removed in a future release.
2026-07-15 06:10:58.535 8 INFO neutron.db.segments_db [None req-2e2be0bf-13cc-4494-96d6-e903ae230736 7ecb058894654cbe9c30f23cb0dead95 fab784b7ecb24151ad412a0fa0b5951a - - default default] Added segment b12247c8-b0a7-45e2-8173-386b6960418c of type geneve for network ac667189-aeeb-43dc-9f23-3df88f9315d1
2026-07-15 06:10:58.656 7 INFO neutron.db.ovn_revision_numbers_db [None req-518ce4a3-d709-4c97-88f4-74432f7c7c9f 1c2db2a627fc43c2820da515903d6096 e4c40ceefa6942449a31bc419ab32f09 - - default default] Successfully bumped revision number for resource 0e5d9b5a-fad5-49bf-9e8f-3e8a19a0eb80 (type: security_groups) to 1
2026-07-15 06:10:58.663 8 INFO neutron.db.ovn_revision_numbers_db [None req-2e2be0bf-13cc-4494-96d6-e903ae230736 7ecb058894654cbe9c30f23cb0dead95 fab784b7ecb24151ad412a0fa0b5951a - - default default] Successfully bumped revision number for resource ac667189-aeeb-43dc-9f23-3df88f9315d1 (type: networks) to 1
2026-07-15 06:10:58.669 7 INFO neutron.db.ovn_revision_numbers_db [None req-518ce4a3-d709-4c97-88f4-74432f7c7c9f 1c2db2a627fc43c2820da515903d6096 e4c40ceefa6942449a31bc419ab32f09 - - default default] Successfully bumped revision number for resource 44227d2c-8ce2-43ce-862a-32f290f051c8 (type: security_group_rules) to 0
2026-07-15 06:10:58.682 7 INFO neutron.db.ovn_revision_numbers_db [None req-518ce4a3-d709-4c97-88f4-74432f7c7c9f 1c2db2a627fc43c2820da515903d6096 e4c40ceefa6942449a31bc419ab32f09 - - default default] Successfully bumped revision number for resource ae78d0da-aa1c-42cb-9b13-584ff75341fd (type: security_group_rules) to 0
2026-07-15 06:10:58.696 7 INFO neutron.db.ovn_revision_numbers_db [None req-518ce4a3-d709-4c97-88f4-74432f7c7c9f 1c2db2a627fc43c2820da515903d6096 e4c40ceefa6942449a31bc419ab32f09 - - default default] Successfully bumped revision number for resource bcd01eee-e4c4-4d7e-b213-d978c99d32f9 (type: security_group_rules) to 0
2026-07-15 06:10:58.707 7 INFO neutron.db.ovn_revision_numbers_db [None req-518ce4a3-d709-4c97-88f4-74432f7c7c9f 1c2db2a627fc43c2820da515903d6096 e4c40ceefa6942449a31bc419ab32f09 - - default default] Successfully bumped revision number for resource fa102336-0ec9-40ab-8ce8-8c56aaec143a (type: security_group_rules) to 0 [pid: 7|app: 0|req: 1322/2505] 10.0.0.85 () {32 vars in 773 bytes} [Wed Jul 15 06:10:58 2026] GET /v2.0/security-groups?tenant_id=a27601d4592f40029e765abbe86fa1fd&name=default => generated 2929 bytes in 307 msecs (HTTP/1.1 200) 4 headers in 158 bytes (1 switches on core 0)
2026-07-15 06:10:58.821 8 WARNING neutron.scheduler.dhcp_agent_scheduler [None req-2e2be0bf-13cc-4494-96d6-e903ae230736 7ecb058894654cbe9c30f23cb0dead95 fab784b7ecb24151ad412a0fa0b5951a - - default default] No more DHCP agents
2026-07-15 06:10:58.823 8 WARNING neutron.api.rpc.agentnotifiers.dhcp_rpc_agent_api [None req-2e2be0bf-13cc-4494-96d6-e903ae230736 7ecb058894654cbe9c30f23cb0dead95 fab784b7ecb24151ad412a0fa0b5951a - - default default] Unable to schedule network ac667189-aeeb-43dc-9f23-3df88f9315d1: no agents available; will retry on subsequent port and subnet creation events.
2026-07-15 06:10:58.872 8 INFO neutron.plugins.ml2.drivers.ovn.mech_driver.mech_driver [None req-fdc5561c-8ad9-469c-aceb-13273bb6f42f - - - - - -] OVN reports status down for port: 9c660dd7-9548-4432-9a93-aa13972a7d79
2026-07-15 06:10:58.933 8 INFO neutron.db.ovn_revision_numbers_db [None req-2e2be0bf-13cc-4494-96d6-e903ae230736 7ecb058894654cbe9c30f23cb0dead95 fab784b7ecb24151ad412a0fa0b5951a - - default default] Successfully bumped revision number for resource 9c660dd7-9548-4432-9a93-aa13972a7d79 (type: ports) to 1 [pid: 7|app: 0|req: 1323/2506] 10.0.0.85 () {32 vars in 739 bytes} [Wed Jul 15 06:10:58 2026] DELETE /v2.0/security-groups/0e5d9b5a-fad5-49bf-9e8f-3e8a19a0eb80 => generated 0 bytes in 201 msecs (HTTP/1.1 204) 2 headers in 112 bytes (1 switches on core 0) [pid: 8|app: 0|req: 1184/2507] 10.0.0.85 () {34 vars in 669 bytes} [Wed Jul 15 06:10:58 2026] POST /v2.0/networks => generated 669 bytes in 525 msecs (HTTP/1.1 201) 4 headers in 162 bytes (1 switches on core 0)
2026-07-15 06:10:59.054 7 INFO neutron.db.segments_db [None req-d45ec53f-87bc-4540-b03f-16b2c3e37b5d 7ecb058894654cbe9c30f23cb0dead95 fab784b7ecb24151ad412a0fa0b5951a - - default default] Added segment 2d5089ec-4281-4cb7-9740-3bc0d843e080 of type geneve for network 1613354c-9c08-4973-a417-701a87732f2f
2026-07-15 06:10:59.113 8 WARNING neutron.db.securitygroups_db [None req-162fc1b7-1985-40d0-932a-9774d58618e7 1c2db2a627fc43c2820da515903d6096 e4c40ceefa6942449a31bc419ab32f09 - - default default] project_id key not found in filters, using tenant_id instead. This support has been deprecated and will be removed in a future release.
2026-07-15 06:10:59.173 7 INFO neutron.db.ovn_revision_numbers_db [None req-d45ec53f-87bc-4540-b03f-16b2c3e37b5d 7ecb058894654cbe9c30f23cb0dead95 fab784b7ecb24151ad412a0fa0b5951a - - default default] Successfully bumped revision number for resource 1613354c-9c08-4973-a417-701a87732f2f (type: networks) to 1
2026-07-15 06:10:59.281 8 INFO neutron.db.ovn_revision_numbers_db [None req-162fc1b7-1985-40d0-932a-9774d58618e7 1c2db2a627fc43c2820da515903d6096 e4c40ceefa6942449a31bc419ab32f09 - - default default] Successfully bumped revision number for resource f0765846-f59d-4ffa-be69-59a27455c007 (type: security_groups) to 1
2026-07-15 06:10:59.291 8 INFO neutron.db.ovn_revision_numbers_db [None req-162fc1b7-1985-40d0-932a-9774d58618e7 1c2db2a627fc43c2820da515903d6096 e4c40ceefa6942449a31bc419ab32f09 - - default default] Successfully bumped revision number for resource 5c1dad1a-cc9a-4a86-966e-276870cc8f2e (type: security_group_rules) to 0
2026-07-15 06:10:59.302 8 INFO neutron.db.ovn_revision_numbers_db [None req-162fc1b7-1985-40d0-932a-9774d58618e7 1c2db2a627fc43c2820da515903d6096 e4c40ceefa6942449a31bc419ab32f09 - - default default] Successfully bumped revision number for resource 7b5f5026-c4df-4834-8b91-a5975669b52c (type: security_group_rules) to 0
2026-07-15 06:10:59.314 8 INFO neutron.db.ovn_revision_numbers_db [None req-162fc1b7-1985-40d0-932a-9774d58618e7 1c2db2a627fc43c2820da515903d6096 e4c40ceefa6942449a31bc419ab32f09 - - default default] Successfully bumped revision number for resource ab1a494b-cdd5-4598-8e85-dcb08bfec16d (type: security_group_rules) to 0
2026-07-15 06:10:59.327 8 INFO neutron.db.ovn_revision_numbers_db [None req-162fc1b7-1985-40d0-932a-9774d58618e7 1c2db2a627fc43c2820da515903d6096 e4c40ceefa6942449a31bc419ab32f09 - - default default] Successfully bumped revision number for resource f5140be3-6f46-4de6-af11-b1879a608bb9 (type: security_group_rules) to 0 [pid: 8|app: 0|req: 1185/2508] 10.0.0.85 () {32 vars in 773 bytes} [Wed Jul 15 06:10:59 2026] GET /v2.0/security-groups?tenant_id=01f19ebabec84535bfaad4ea25e2c3c9&name=default => generated 2929 bytes in 264 msecs (HTTP/1.1 200) 4 headers in 158 bytes (1 switches on core 0)
2026-07-15 06:10:59.374 7 WARNING neutron.scheduler.dhcp_agent_scheduler [None req-d45ec53f-87bc-4540-b03f-16b2c3e37b5d 7ecb058894654cbe9c30f23cb0dead95 fab784b7ecb24151ad412a0fa0b5951a - - default default] No more DHCP agents
2026-07-15 06:10:59.376 7 WARNING neutron.api.rpc.agentnotifiers.dhcp_rpc_agent_api [None req-d45ec53f-87bc-4540-b03f-16b2c3e37b5d 7ecb058894654cbe9c30f23cb0dead95 fab784b7ecb24151ad412a0fa0b5951a - - default default] Unable to schedule network 1613354c-9c08-4973-a417-701a87732f2f: no agents available; will retry on subsequent port and subnet creation events.
2026-07-15 06:10:59.451 7 INFO neutron.db.ovn_revision_numbers_db [None req-d45ec53f-87bc-4540-b03f-16b2c3e37b5d 7ecb058894654cbe9c30f23cb0dead95 fab784b7ecb24151ad412a0fa0b5951a - - default default] Successfully bumped revision number for resource 685b7888-113e-4eaa-a0d9-24f918db54e8 (type: ports) to 1
2026-07-15 06:10:59.455 8 INFO neutron.plugins.ml2.drivers.ovn.mech_driver.mech_driver [None req-fdc5561c-8ad9-469c-aceb-13273bb6f42f - - - - - -] OVN reports status down for port: 685b7888-113e-4eaa-a0d9-24f918db54e8 [pid: 7|app: 0|req: 1324/2509] 10.0.0.85 () {34 vars in 669 bytes} [Wed Jul 15 06:10:58 2026] POST /v2.0/networks => generated 670 bytes in 499 msecs (HTTP/1.1 201) 4 headers in 162 bytes (1 switches on core 0) [pid: 7|app: 0|req: 1325/2510] 10.0.0.85 () {34 vars in 752 bytes} [Wed Jul 15 06:10:59 2026] PUT /v2.0/networks/d066e3fd-1ed2-449d-8970-17a2db056d4c/tags => generated 17 bytes in 54 msecs (HTTP/1.1 200) 4 headers in 156 bytes (1 switches on core 0) [pid: 7|app: 0|req: 1326/2511] 10.0.0.85 () {34 vars in 752 bytes} [Wed Jul 15 06:10:59 2026] PUT /v2.0/networks/f4a32dbc-7524-466c-9c49-87a45699a648/tags => generated 25 bytes in 87 msecs (HTTP/1.1 200) 4 headers in 156 bytes (1 switches on core 0) [pid: 8|app: 0|req: 1186/2512] 10.0.0.85 () {32 vars in 739 bytes} [Wed Jul 15 06:10:59 2026] DELETE /v2.0/security-groups/f0765846-f59d-4ffa-be69-59a27455c007 => generated 0 bytes in 255 msecs (HTTP/1.1 204) 2 headers in 112 bytes (1 switches on core 0) [pid: 7|app: 0|req: 1327/2513] 10.0.0.85 () {34 vars in 752 bytes} [Wed Jul 15 06:10:59 2026] PUT /v2.0/networks/06d8cabe-9fba-4831-836e-c52a17445650/tags => generated 34 bytes in 66 msecs (HTTP/1.1 200) 4 headers in 156 bytes (1 switches on core 0) [pid: 8|app: 0|req: 1187/2514] 10.0.0.85 () {34 vars in 752 bytes} [Wed Jul 15 06:10:59 2026] PUT /v2.0/networks/ac667189-aeeb-43dc-9f23-3df88f9315d1/tags => generated 19 bytes in 61 msecs (HTTP/1.1 200) 4 headers in 156 bytes (1 switches on core 0) [pid: 7|app: 0|req: 1328/2515] 10.0.0.85 () {32 vars in 665 bytes} [Wed Jul 15 06:10:59 2026] GET /v2.0/networks?tags=red => generated 1987 bytes in 78 msecs (HTTP/1.1 200) 4 headers in 158 bytes (1 switches on core 0) [pid: 8|app: 0|req: 1188/2516] 10.0.0.85 () {32 vars in 679 bytes} [Wed Jul 15 06:10:59 2026] GET /v2.0/networks?tags=red%2Cblue => generated 1336 bytes in 82 msecs (HTTP/1.1 200) 4 headers in 158 bytes (1 switches on core 0) [pid: 7|app: 0|req: 1329/2517] 10.0.0.85 () {32 vars in 675 bytes} [Wed Jul 15 06:10:59 2026] GET /v2.0/networks?tags-any=blue => generated 1336 bytes in 43 msecs (HTTP/1.1 200) 4 headers in 158 bytes (1 switches on core 0) [pid: 8|app: 0|req: 1189/2518] 10.0.0.85 () {32 vars in 687 bytes} [Wed Jul 15 06:10:59 2026] GET /v2.0/networks?tags-any=red%2Cblue => generated 1987 bytes in 45 msecs (HTTP/1.1 200) 4 headers in 158 bytes (1 switches on core 0) [pid: 7|app: 0|req: 1330/2519] 10.0.0.85 () {32 vars in 673 bytes} [Wed Jul 15 06:11:00 2026] GET /v2.0/networks?not-tags=red => generated 1987 bytes in 56 msecs (HTTP/1.1 200) 4 headers in 158 bytes (1 switches on core 0) [pid: 8|app: 0|req: 1190/2520] 10.0.0.85 () {32 vars in 687 bytes} [Wed Jul 15 06:11:00 2026] GET /v2.0/networks?not-tags=red%2Cblue => generated 2638 bytes in 71 msecs (HTTP/1.1 200) 4 headers in 158 bytes (1 switches on core 0) [pid: 7|app: 0|req: 1331/2521] 10.0.0.85 () {32 vars in 683 bytes} [Wed Jul 15 06:11:00 2026] GET /v2.0/networks?not-tags-any=blue => generated 2638 bytes in 71 msecs (HTTP/1.1 200) 4 headers in 158 bytes (1 switches on core 0) [pid: 8|app: 0|req: 1191/2522] 10.0.0.85 () {32 vars in 695 bytes} [Wed Jul 15 06:11:00 2026] GET /v2.0/networks?not-tags-any=red%2Cblue => generated 1987 bytes in 82 msecs (HTTP/1.1 200) 4 headers in 158 bytes (1 switches on core 0)
2026-07-15 06:11:00.466 7 INFO neutron_taas.services.taas.taas_plugin [None req-741f2c2a-d290-4041-8ee4-c3371178b8b7 7ecb058894654cbe9c30f23cb0dead95 fab784b7ecb24151ad412a0fa0b5951a - - default default] TaaS: Handle Delete Port: 7a8b6a9c-806f-4302-ba1b-01f8c39f0f09
2026-07-15 06:11:00.469 7 INFO neutron_taas.services.taas.tap_mirror_plugin [None req-741f2c2a-d290-4041-8ee4-c3371178b8b7 7ecb058894654cbe9c30f23cb0dead95 fab784b7ecb24151ad412a0fa0b5951a - - default default] Tap Mirror: Handle Delete Port: 7a8b6a9c-806f-4302-ba1b-01f8c39f0f09
2026-07-15 06:11:00.641 7 INFO neutron.services.segments.plugin [-] Segment 7494c687-1fc0-4865-8bce-51f1ef535dae resource provider aggregate not found
2026-07-15 06:11:00.642 7 INFO neutron.services.segments.plugin [-] Segment 7494c687-1fc0-4865-8bce-51f1ef535dae resource provider aggregate not found
2026-07-15 06:11:00.658 7 INFO neutron.services.segments.plugin [-] Client error retrieving segment 7494c687-1fc0-4865-8bce-51f1ef535dae resource provider; error: Placement Client Error (4xx): {"errors": [{"status": 404, "title": "Not Found", "detail": "The resource could not be found.\n\n No resource provider with uuid 7494c687-1fc0-4865-8bce-51f1ef535dae found for delete ", "request_id": "req-8ef982aa-356f-4284-b69f-cb971d06f703"}]}
2026-07-15 06:11:00.666 7 INFO neutron.services.segments.plugin [-] Client error retrieving segment 7494c687-1fc0-4865-8bce-51f1ef535dae resource provider; error: Placement Client Error (4xx): {"errors": [{"status": 404, "title": "Not Found", "detail": "The resource could not be found.\n\n No resource provider with uuid 7494c687-1fc0-4865-8bce-51f1ef535dae found for delete ", "request_id": "req-f746a823-a17e-4312-96a1-88f18dd6af76"}]} [pid: 7|app: 0|req: 1332/2523] 10.0.0.85 () {32 vars in 725 bytes} [Wed Jul 15 06:11:00 2026] DELETE /v2.0/networks/d066e3fd-1ed2-449d-8970-17a2db056d4c => generated 0 bytes in 346 msecs (HTTP/1.1 204) 3 headers in 131 bytes (1 switches on core 0)
2026-07-15 06:11:00.805 8 INFO neutron_taas.services.taas.taas_plugin [None req-2b0ac23a-e33a-42fc-af0b-aceb8c36e617 7ecb058894654cbe9c30f23cb0dead95 fab784b7ecb24151ad412a0fa0b5951a - - default default] TaaS: Handle Delete Port: 6523e714-f7a9-4ef3-9346-688fae8cd4fe
2026-07-15 06:11:00.807 8 INFO neutron_taas.services.taas.tap_mirror_plugin [None req-2b0ac23a-e33a-42fc-af0b-aceb8c36e617 7ecb058894654cbe9c30f23cb0dead95 fab784b7ecb24151ad412a0fa0b5951a - - default default] Tap Mirror: Handle Delete Port: 6523e714-f7a9-4ef3-9346-688fae8cd4fe
2026-07-15 06:11:00.970 8 INFO neutron.services.segments.plugin [-] Segment 125f2027-6ec1-481c-b8e4-77bdce30b560 resource provider aggregate not found
2026-07-15 06:11:00.971 8 INFO neutron.services.segments.plugin [-] Segment 125f2027-6ec1-481c-b8e4-77bdce30b560 resource provider aggregate not found
2026-07-15 06:11:00.990 8 INFO neutron.services.segments.plugin [-] Client error retrieving segment 125f2027-6ec1-481c-b8e4-77bdce30b560 resource provider; error: Placement Client Error (4xx): {"errors": [{"status": 404, "title": "Not Found", "detail": "The resource could not be found.\n\n No resource provider with uuid 125f2027-6ec1-481c-b8e4-77bdce30b560 found for delete ", "request_id": "req-a85b7590-4396-4865-acc3-d0b35462de3e"}]}
2026-07-15 06:11:00.994 8 INFO neutron.services.segments.plugin [-] Client error retrieving segment 125f2027-6ec1-481c-b8e4-77bdce30b560 resource provider; error: Placement Client Error (4xx): {"errors": [{"status": 404, "title": "Not Found", "detail": "The resource could not be found.\n\n No resource provider with uuid 125f2027-6ec1-481c-b8e4-77bdce30b560 found for delete ", "request_id": "req-db7864e2-88c9-4569-a29e-7401a823881a"}]} [pid: 8|app: 0|req: 1192/2524] 10.0.0.85 () {32 vars in 725 bytes} [Wed Jul 15 06:11:00 2026] DELETE /v2.0/networks/f4a32dbc-7524-466c-9c49-87a45699a648 => generated 0 bytes in 319 msecs (HTTP/1.1 204) 3 headers in 131 bytes (1 switches on core 0)
2026-07-15 06:11:01.125 7 INFO neutron_taas.services.taas.taas_plugin [None req-6619dec3-871d-4a95-944b-18ae4cb54d45 7ecb058894654cbe9c30f23cb0dead95 fab784b7ecb24151ad412a0fa0b5951a - - default default] TaaS: Handle Delete Port: 0673f507-453c-4243-83be-228aa108eb38
2026-07-15 06:11:01.128 7 INFO neutron_taas.services.taas.tap_mirror_plugin [None req-6619dec3-871d-4a95-944b-18ae4cb54d45 7ecb058894654cbe9c30f23cb0dead95 fab784b7ecb24151ad412a0fa0b5951a - - default default] Tap Mirror: Handle Delete Port: 0673f507-453c-4243-83be-228aa108eb38 [pid: 7|app: 0|req: 1333/2525] 10.0.0.85 () {32 vars in 725 bytes} [Wed Jul 15 06:11:01 2026] DELETE /v2.0/networks/06d8cabe-9fba-4831-836e-c52a17445650 => generated 0 bytes in 332 msecs (HTTP/1.1 204) 3 headers in 131 bytes (1 switches on core 0)
2026-07-15 06:11:01.486 8 INFO neutron_taas.services.taas.taas_plugin [None req-cb4cff03-1631-4a22-bbbf-0a8fc33ae773 7ecb058894654cbe9c30f23cb0dead95 fab784b7ecb24151ad412a0fa0b5951a - - default default] TaaS: Handle Delete Port: 9c660dd7-9548-4432-9a93-aa13972a7d79
2026-07-15 06:11:01.489 8 INFO neutron_taas.services.taas.tap_mirror_plugin [None req-cb4cff03-1631-4a22-bbbf-0a8fc33ae773 7ecb058894654cbe9c30f23cb0dead95 fab784b7ecb24151ad412a0fa0b5951a - - default default] Tap Mirror: Handle Delete Port: 9c660dd7-9548-4432-9a93-aa13972a7d79 [pid: 8|app: 0|req: 1193/2526] 10.0.0.85 () {32 vars in 725 bytes} [Wed Jul 15 06:11:01 2026] DELETE /v2.0/networks/ac667189-aeeb-43dc-9f23-3df88f9315d1 => generated 0 bytes in 372 msecs (HTTP/1.1 204) 3 headers in 131 bytes (1 switches on core 0)
2026-07-15 06:11:01.825 7 INFO neutron_taas.services.taas.taas_plugin [None req-805c9b35-67b9-4db3-8204-8a6bbac7ca16 7ecb058894654cbe9c30f23cb0dead95 fab784b7ecb24151ad412a0fa0b5951a - - default default] TaaS: Handle Delete Port: 685b7888-113e-4eaa-a0d9-24f918db54e8
2026-07-15 06:11:01.828 7 INFO neutron_taas.services.taas.tap_mirror_plugin [None req-805c9b35-67b9-4db3-8204-8a6bbac7ca16 7ecb058894654cbe9c30f23cb0dead95 fab784b7ecb24151ad412a0fa0b5951a - - default default] Tap Mirror: Handle Delete Port: 685b7888-113e-4eaa-a0d9-24f918db54e8 [pid: 7|app: 0|req: 1334/2527] 10.0.0.85 () {32 vars in 725 bytes} [Wed Jul 15 06:11:01 2026] DELETE /v2.0/networks/1613354c-9c08-4973-a417-701a87732f2f => generated 0 bytes in 270 msecs (HTTP/1.1 204) 3 headers in 131 bytes (1 switches on core 0)
2026-07-15 06:11:02.677 7 INFO neutron.services.segments.plugin [-] Segment aa2b33d3-2254-48a1-abf7-b4765631206a resource provider aggregate not found
2026-07-15 06:11:02.685 7 INFO neutron.services.segments.plugin [-] Segment aa2b33d3-2254-48a1-abf7-b4765631206a resource provider aggregate not found
2026-07-15 06:11:02.697 7 INFO neutron.services.segments.plugin [-] Client error retrieving segment aa2b33d3-2254-48a1-abf7-b4765631206a resource provider; error: Placement Client Error (4xx): {"errors": [{"status": 404, "title": "Not Found", "detail": "The resource could not be found.\n\n No resource provider with uuid aa2b33d3-2254-48a1-abf7-b4765631206a found for delete ", "request_id": "req-804a0043-53c0-4249-bf83-6671f38599d7"}]}
2026-07-15 06:11:02.700 7 INFO neutron.services.segments.plugin [-] Client error retrieving segment aa2b33d3-2254-48a1-abf7-b4765631206a resource provider; error: Placement Client Error (4xx): {"errors": [{"status": 404, "title": "Not Found", "detail": "The resource could not be found.\n\n No resource provider with uuid aa2b33d3-2254-48a1-abf7-b4765631206a found for delete ", "request_id": "req-e6dfe856-6fbe-4b42-9780-7ebe48abee3b"}]}
2026-07-15 06:11:02.714 7 INFO neutron.services.segments.plugin [-] Segment 2d5089ec-4281-4cb7-9740-3bc0d843e080 resource provider aggregate not found
2026-07-15 06:11:02.719 7 INFO neutron.services.segments.plugin [-] Segment 2d5089ec-4281-4cb7-9740-3bc0d843e080 resource provider aggregate not found
2026-07-15 06:11:02.730 7 INFO neutron.services.segments.plugin [-] Client error retrieving segment 2d5089ec-4281-4cb7-9740-3bc0d843e080 resource provider; error: Placement Client Error (4xx): {"errors": [{"status": 404, "title": "Not Found", "detail": "The resource could not be found.\n\n No resource provider with uuid 2d5089ec-4281-4cb7-9740-3bc0d843e080 found for delete ", "request_id": "req-03e4fbe7-ba02-4871-9654-5c20b329c53c"}]}
2026-07-15 06:11:02.731 7 INFO neutron.services.segments.plugin [-] Client error retrieving segment 2d5089ec-4281-4cb7-9740-3bc0d843e080 resource provider; error: Placement Client Error (4xx): {"errors": [{"status": 404, "title": "Not Found", "detail": "The resource could not be found.\n\n No resource provider with uuid 2d5089ec-4281-4cb7-9740-3bc0d843e080 found for delete ", "request_id": "req-afa80771-13ce-439e-afe4-32f798b316dd"}]}
2026-07-15 06:11:02.870 7 WARNING neutron.db.securitygroups_db [None req-9ef316b9-ad09-48d3-8ea4-4c804306d916 1c2db2a627fc43c2820da515903d6096 e4c40ceefa6942449a31bc419ab32f09 - - default default] project_id key not found in filters, using tenant_id instead. This support has been deprecated and will be removed in a future release. [pid: 8|app: 0|req: 1195/2530] 10.0.0.85 () {34 vars in 675 bytes} [Wed Jul 15 06:11:02 2026] POST /v2.0/subnetpools => generated 516 bytes in 191 msecs (HTTP/1.1 201) 4 headers in 162 bytes (1 switches on core 0) [pid: 8|app: 0|req: 1196/2531] 10.0.0.85 () {34 vars in 758 bytes} [Wed Jul 15 06:11:02 2026] PUT /v2.0/subnetpools/1fadcb5a-a81f-4340-b6f1-083752cea996/tags => generated 25 bytes in 33 msecs (HTTP/1.1 200) 4 headers in 156 bytes (1 switches on core 0) [pid: 8|app: 0|req: 1197/2532] 10.0.0.85 () {32 vars in 738 bytes} [Wed Jul 15 06:11:02 2026] GET /v2.0/subnetpools/1fadcb5a-a81f-4340-b6f1-083752cea996/tags => generated 25 bytes in 19 msecs (HTTP/1.1 200) 4 headers in 156 bytes (1 switches on core 0) [pid: 8|app: 0|req: 1198/2533] 10.0.0.85 () {34 vars in 769 bytes} [Wed Jul 15 06:11:02 2026] PUT /v2.0/subnetpools/1fadcb5a-a81f-4340-b6f1-083752cea996/tags/green => generated 4 bytes in 48 msecs (HTTP/1.1 201) 4 headers in 160 bytes (1 switches on core 0)
2026-07-15 06:11:02.990 7 INFO neutron.db.ovn_revision_numbers_db [None req-9ef316b9-ad09-48d3-8ea4-4c804306d916 1c2db2a627fc43c2820da515903d6096 e4c40ceefa6942449a31bc419ab32f09 - - default default] Successfully bumped revision number for resource bcbe82e3-4b4c-4bd1-b0c7-70511bd986df (type: security_groups) to 1
2026-07-15 06:11:03.001 7 INFO neutron.db.ovn_revision_numbers_db [None req-9ef316b9-ad09-48d3-8ea4-4c804306d916 1c2db2a627fc43c2820da515903d6096 e4c40ceefa6942449a31bc419ab32f09 - - default default] Successfully bumped revision number for resource 259b504f-85bb-4e0f-8c53-efffefc5b870 (type: security_group_rules) to 0
2026-07-15 06:11:03.009 8 INFO neutron.services.segments.plugin [-] Segment b12247c8-b0a7-45e2-8173-386b6960418c resource provider aggregate not found
2026-07-15 06:11:03.013 8 INFO neutron.services.segments.plugin [-] Segment b12247c8-b0a7-45e2-8173-386b6960418c resource provider aggregate not found
2026-07-15 06:11:03.013 7 INFO neutron.db.ovn_revision_numbers_db [None req-9ef316b9-ad09-48d3-8ea4-4c804306d916 1c2db2a627fc43c2820da515903d6096 e4c40ceefa6942449a31bc419ab32f09 - - default default] Successfully bumped revision number for resource 2cf9a7ab-e6e9-4083-bec7-e7e41ce2e4f4 (type: security_group_rules) to 0
2026-07-15 06:11:03.024 7 INFO neutron.db.ovn_revision_numbers_db [None req-9ef316b9-ad09-48d3-8ea4-4c804306d916 1c2db2a627fc43c2820da515903d6096 e4c40ceefa6942449a31bc419ab32f09 - - default default] Successfully bumped revision number for resource 4e641177-4d1a-4850-87cf-c9ff947e1c7d (type: security_group_rules) to 0 [pid: 8|app: 0|req: 1199/2534] 10.0.0.85 () {32 vars in 738 bytes} [Wed Jul 15 06:11:02 2026] GET /v2.0/subnetpools/1fadcb5a-a81f-4340-b6f1-083752cea996/tags => generated 34 bytes in 33 msecs (HTTP/1.1 200) 4 headers in 156 bytes (1 switches on core 0)
2026-07-15 06:11:03.027 8 INFO neutron.services.segments.plugin [-] Client error retrieving segment b12247c8-b0a7-45e2-8173-386b6960418c resource provider; error: Placement Client Error (4xx): {"errors": [{"status": 404, "title": "Not Found", "detail": "The resource could not be found.\n\n No resource provider with uuid b12247c8-b0a7-45e2-8173-386b6960418c found for delete ", "request_id": "req-841788d3-0dbe-4132-b533-76344c34116c"}]}
2026-07-15 06:11:03.029 8 INFO neutron.services.segments.plugin [-] Client error retrieving segment b12247c8-b0a7-45e2-8173-386b6960418c resource provider; error: Placement Client Error (4xx): {"errors": [{"status": 404, "title": "Not Found", "detail": "The resource could not be found.\n\n No resource provider with uuid b12247c8-b0a7-45e2-8173-386b6960418c found for delete ", "request_id": "req-0125e9b8-af00-4b83-be85-0975e296edc2"}]}
2026-07-15 06:11:03.035 7 INFO neutron.db.ovn_revision_numbers_db [None req-9ef316b9-ad09-48d3-8ea4-4c804306d916 1c2db2a627fc43c2820da515903d6096 e4c40ceefa6942449a31bc419ab32f09 - - default default] Successfully bumped revision number for resource 8bdeea31-bdf9-409a-bad2-52e914fb0548 (type: security_group_rules) to 0 [pid: 8|app: 0|req: 1200/2535] 10.0.0.85 () {34 vars in 765 bytes} [Wed Jul 15 06:11:03 2026] PUT /v2.0/subnetpools/1fadcb5a-a81f-4340-b6f1-083752cea996/tags/red => generated 4 bytes in 28 msecs (HTTP/1.1 201) 4 headers in 160 bytes (1 switches on core 0) [pid: 7|app: 0|req: 1336/2536] 10.0.0.85 () {32 vars in 773 bytes} [Wed Jul 15 06:11:02 2026] GET /v2.0/security-groups?tenant_id=dcded94f6ad44981acec689f6c8a52f2&name=default => generated 2929 bytes in 297 msecs (HTTP/1.1 200) 4 headers in 158 bytes (1 switches on core 0) [pid: 8|app: 0|req: 1201/2537] 10.0.0.85 () {32 vars in 738 bytes} [Wed Jul 15 06:11:03 2026] GET /v2.0/subnetpools/1fadcb5a-a81f-4340-b6f1-083752cea996/tags => generated 34 bytes in 20 msecs (HTTP/1.1 200) 4 headers in 156 bytes (1 switches on core 0) [pid: 8|app: 0|req: 1202/2538] 10.0.0.85 () {34 vars in 787 bytes} [Wed Jul 15 06:11:03 2026] PUT /v2.0/subnetpools/1fadcb5a-a81f-4340-b6f1-083752cea996/tags/black.or.white => generated 4 bytes in 34 msecs (HTTP/1.1 201) 4 headers in 160 bytes (1 switches on core 0) [pid: 8|app: 0|req: 1203/2539] 10.0.0.85 () {32 vars in 738 bytes} [Wed Jul 15 06:11:03 2026] GET /v2.0/subnetpools/1fadcb5a-a81f-4340-b6f1-083752cea996/tags => generated 52 bytes in 20 msecs (HTTP/1.1 200) 4 headers in 156 bytes (1 switches on core 0) [pid: 8|app: 0|req: 1204/2540] 10.0.0.85 () {34 vars in 758 bytes} [Wed Jul 15 06:11:03 2026] PUT /v2.0/subnetpools/1fadcb5a-a81f-4340-b6f1-083752cea996/tags => generated 37 bytes in 38 msecs (HTTP/1.1 200) 4 headers in 156 bytes (1 switches on core 0) [pid: 8|app: 0|req: 1205/2541] 10.0.0.85 () {32 vars in 738 bytes} [Wed Jul 15 06:11:03 2026] GET /v2.0/subnetpools/1fadcb5a-a81f-4340-b6f1-083752cea996/tags => generated 37 bytes in 24 msecs (HTTP/1.1 200) 4 headers in 156 bytes (1 switches on core 0) [pid: 7|app: 0|req: 1337/2542] 10.0.0.85 () {32 vars in 739 bytes} [Wed Jul 15 06:11:03 2026] DELETE /v2.0/security-groups/bcbe82e3-4b4c-4bd1-b0c7-70511bd986df => generated 0 bytes in 148 msecs (HTTP/1.1 204) 2 headers in 112 bytes (1 switches on core 0) [pid: 8|app: 0|req: 1206/2543] 10.0.0.85 () {32 vars in 746 bytes} [Wed Jul 15 06:11:03 2026] GET /v2.0/subnetpools/1fadcb5a-a81f-4340-b6f1-083752cea996/tags/red => generated 0 bytes in 19 msecs (HTTP/1.1 204) 2 headers in 112 bytes (1 switches on core 0)
2026-07-15 06:11:03.266 7 INFO neutron.api.v2.resource [None req-5d7789ed-ad2f-4459-b9cb-caad5fa94a19 4e52713898f549379e530863edcd38a1 d6b02a91fe174560afd941328ac8d2f3 - - default default] show failed (client error): The resource could not be found. [pid: 7|app: 0|req: 1338/2544] 10.0.0.85 () {32 vars in 750 bytes} [Wed Jul 15 06:11:03 2026] GET /v2.0/subnetpools/1fadcb5a-a81f-4340-b6f1-083752cea996/tags/green => generated 99 bytes in 25 msecs (HTTP/1.1 404) 4 headers in 163 bytes (1 switches on core 0) [pid: 8|app: 0|req: 1207/2545] 10.0.0.85 () {32 vars in 749 bytes} [Wed Jul 15 06:11:03 2026] DELETE /v2.0/subnetpools/1fadcb5a-a81f-4340-b6f1-083752cea996/tags/red => generated 0 bytes in 33 msecs (HTTP/1.1 204) 2 headers in 112 bytes (1 switches on core 0)
2026-07-15 06:11:03.306 7 WARNING neutron.db.securitygroups_db [None req-59fe4914-e151-4f02-bb7a-f22bad31cea1 1c2db2a627fc43c2820da515903d6096 e4c40ceefa6942449a31bc419ab32f09 - - default default] project_id key not found in filters, using tenant_id instead. This support has been deprecated and will be removed in a future release. [pid: 8|app: 0|req: 1208/2546] 10.0.0.85 () {32 vars in 738 bytes} [Wed Jul 15 06:11:03 2026] GET /v2.0/subnetpools/1fadcb5a-a81f-4340-b6f1-083752cea996/tags => generated 30 bytes in 22 msecs (HTTP/1.1 200) 4 headers in 156 bytes (1 switches on core 0)
2026-07-15 06:11:03.356 8 INFO neutron.api.v2.resource [None req-38ddeff4-9334-4e52-a2b1-cbeed7b49612 4e52713898f549379e530863edcd38a1 d6b02a91fe174560afd941328ac8d2f3 - - default default] delete failed (client error): The resource could not be found. [pid: 8|app: 0|req: 1209/2547] 10.0.0.85 () {32 vars in 753 bytes} [Wed Jul 15 06:11:03 2026] DELETE /v2.0/subnetpools/1fadcb5a-a81f-4340-b6f1-083752cea996/tags/green => generated 99 bytes in 26 msecs (HTTP/1.1 404) 4 headers in 163 bytes (1 switches on core 0) [pid: 8|app: 0|req: 1210/2548] 10.0.0.85 () {32 vars in 741 bytes} [Wed Jul 15 06:11:03 2026] DELETE /v2.0/subnetpools/1fadcb5a-a81f-4340-b6f1-083752cea996/tags => generated 0 bytes in 32 msecs (HTTP/1.1 204) 2 headers in 112 bytes (1 switches on core 0) [pid: 8|app: 0|req: 1211/2549] 10.0.0.85 () {32 vars in 738 bytes} [Wed Jul 15 06:11:03 2026] GET /v2.0/subnetpools/1fadcb5a-a81f-4340-b6f1-083752cea996/tags => generated 12 bytes in 45 msecs (HTTP/1.1 200) 4 headers in 156 bytes (1 switches on core 0)
2026-07-15 06:11:03.447 7 INFO neutron.db.ovn_revision_numbers_db [None req-59fe4914-e151-4f02-bb7a-f22bad31cea1 1c2db2a627fc43c2820da515903d6096 e4c40ceefa6942449a31bc419ab32f09 - - default default] Successfully bumped revision number for resource 0019ee33-e519-453a-bcf0-1ce73dcf29b0 (type: security_groups) to 1
2026-07-15 06:11:03.457 7 INFO neutron.db.ovn_revision_numbers_db [None req-59fe4914-e151-4f02-bb7a-f22bad31cea1 1c2db2a627fc43c2820da515903d6096 e4c40ceefa6942449a31bc419ab32f09 - - default default] Successfully bumped revision number for resource 4db6fbd8-eaed-4dbd-9119-e27e0a773b73 (type: security_group_rules) to 0
2026-07-15 06:11:03.469 7 INFO neutron.db.ovn_revision_numbers_db [None req-59fe4914-e151-4f02-bb7a-f22bad31cea1 1c2db2a627fc43c2820da515903d6096 e4c40ceefa6942449a31bc419ab32f09 - - default default] Successfully bumped revision number for resource 56c22ef7-a054-4aff-86d2-864858e7eb41 (type: security_group_rules) to 0
2026-07-15 06:11:03.482 7 INFO neutron.db.ovn_revision_numbers_db [None req-59fe4914-e151-4f02-bb7a-f22bad31cea1 1c2db2a627fc43c2820da515903d6096 e4c40ceefa6942449a31bc419ab32f09 - - default default] Successfully bumped revision number for resource d2fd3c2c-c789-4f46-88e5-34a1a4db0180 (type: security_group_rules) to 0
2026-07-15 06:11:03.494 7 INFO neutron.db.ovn_revision_numbers_db [None req-59fe4914-e151-4f02-bb7a-f22bad31cea1 1c2db2a627fc43c2820da515903d6096 e4c40ceefa6942449a31bc419ab32f09 - - default default] Successfully bumped revision number for resource f75097b1-4ab9-4d63-8702-a46254f14f71 (type: security_group_rules) to 0 [pid: 8|app: 0|req: 1212/2550] 10.0.0.85 () {32 vars in 731 bytes} [Wed Jul 15 06:11:03 2026] DELETE /v2.0/subnetpools/1fadcb5a-a81f-4340-b6f1-083752cea996 => generated 0 bytes in 43 msecs (HTTP/1.1 204) 2 headers in 112 bytes (1 switches on core 0) [pid: 7|app: 0|req: 1339/2551] 10.0.0.85 () {32 vars in 773 bytes} [Wed Jul 15 06:11:03 2026] GET /v2.0/security-groups?tenant_id=1653e6c93a214ad1b2158970b959d152&name=default => generated 2929 bytes in 229 msecs (HTTP/1.1 200) 4 headers in 158 bytes (1 switches on core 0) [pid: 8|app: 0|req: 1213/2552] 10.0.0.85 () {32 vars in 739 bytes} [Wed Jul 15 06:11:03 2026] DELETE /v2.0/security-groups/0019ee33-e519-453a-bcf0-1ce73dcf29b0 => generated 0 bytes in 181 msecs (HTTP/1.1 204) 2 headers in 112 bytes (1 switches on core 0)
2026-07-15 06:11:03.795 7 WARNING neutron.db.securitygroups_db [None req-c53e16cc-2a5d-4456-b444-7203f9a178dc 1c2db2a627fc43c2820da515903d6096 e4c40ceefa6942449a31bc419ab32f09 - - default default] project_id key not found in filters, using tenant_id instead. This support has been deprecated and will be removed in a future release. [pid: 7|app: 0|req: 1340/2553] 10.0.0.85 () {32 vars in 773 bytes} [Wed Jul 15 06:11:03 2026] GET /v2.0/security-groups?tenant_id=fab784b7ecb24151ad412a0fa0b5951a&name=default => generated 2929 bytes in 28 msecs (HTTP/1.1 200) 4 headers in 158 bytes (1 switches on core 0) [pid: 8|app: 0|req: 1214/2554] 10.0.0.85 () {32 vars in 739 bytes} [Wed Jul 15 06:11:03 2026] DELETE /v2.0/security-groups/9d05cd1f-3741-450d-b8a5-1d880175c87e => generated 0 bytes in 166 msecs (HTTP/1.1 204) 2 headers in 112 bytes (1 switches on core 0)
2026-07-15 06:11:04.277 7 WARNING neutron.db.securitygroups_db [None req-7df57539-e6b7-4907-8871-9401d5d6d120 1c2db2a627fc43c2820da515903d6096 e4c40ceefa6942449a31bc419ab32f09 - - default default] project_id key not found in filters, using tenant_id instead. This support has been deprecated and will be removed in a future release.
2026-07-15 06:11:04.414 7 INFO neutron.db.ovn_revision_numbers_db [None req-7df57539-e6b7-4907-8871-9401d5d6d120 1c2db2a627fc43c2820da515903d6096 e4c40ceefa6942449a31bc419ab32f09 - - default default] Successfully bumped revision number for resource 26be011c-8328-41f4-aad2-4d8e38221755 (type: security_groups) to 1
2026-07-15 06:11:04.424 7 INFO neutron.db.ovn_revision_numbers_db [None req-7df57539-e6b7-4907-8871-9401d5d6d120 1c2db2a627fc43c2820da515903d6096 e4c40ceefa6942449a31bc419ab32f09 - - default default] Successfully bumped revision number for resource 2d185640-168f-4e32-b967-6e45fe7c5edc (type: security_group_rules) to 0
2026-07-15 06:11:04.436 7 INFO neutron.db.ovn_revision_numbers_db [None req-7df57539-e6b7-4907-8871-9401d5d6d120 1c2db2a627fc43c2820da515903d6096 e4c40ceefa6942449a31bc419ab32f09 - - default default] Successfully bumped revision number for resource 4a2ae2bf-6e56-4749-b811-5c8df1cb35be (type: security_group_rules) to 0
