2026-07-15 06:10:08.467 8 WARNING neutron.api.rpc.agentnotifiers.dhcp_rpc_agent_api [None req-d5546747-c55f-482b-9ba8-bde41d875eea c56a7a5116354f108ff3fd293e3857cc 4a2ea4adb61e4f949805bb34a4ccbd03 - - default default] Unable to schedule network 9ec61b65-f8ed-44fa-99c6-5bc2ece1d482: no agents available; will retry on subsequent port and subnet creation events.
2026-07-15 06:10:08.531 7 INFO neutron.plugins.ml2.drivers.ovn.mech_driver.mech_driver [None req-a61194fc-d2cd-4d8d-8443-616af7be5836 - - - - - -] OVN reports status down for port: e0512b78-29de-4ee8-82ef-a9b3e035e0bf
2026-07-15 06:10:08.563 8 INFO neutron.db.ovn_revision_numbers_db [None req-d5546747-c55f-482b-9ba8-bde41d875eea c56a7a5116354f108ff3fd293e3857cc 4a2ea4adb61e4f949805bb34a4ccbd03 - - default default] Successfully bumped revision number for resource e0512b78-29de-4ee8-82ef-a9b3e035e0bf (type: ports) to 1 [pid: 8|app: 0|req: 1008/2112] 10.0.0.85 () {34 vars in 663 bytes} [Wed Jul 15 06:10:08 2026] POST /v2.0/ports => generated 743 bytes in 375 msecs (HTTP/1.1 201) 4 headers in 162 bytes (1 switches on core 0) /var/lib/openstack/lib/python3.12/site-packages/pycadf/identifier.py:70: UserWarning: Invalid uuid: neutron. To ensure interoperability, identifiers should be a valid uuid. warnings.warn(('Invalid uuid: %s. To ensure interoperability, '
2026-07-15 06:10:08.611 7 INFO neutron.db.ovn_revision_numbers_db [None req-bd63e1ae-1fc1-4598-80e1-f1f5dc811ae0 a07f8d3b2ab845228b1fd9a6e57e5e2d 1d62bc65bbd743f78ecf7a66f22a1e76 - - default default] Successfully bumped revision number for resource b1dd1423-5923-44bf-8bdb-9cd08fd021c0 (type: ports) to 2 [pid: 8|app: 0|req: 1009/2113] 10.0.0.223 () {34 vars in 1040 bytes} [Wed Jul 15 06:10:08 2026] GET /v2.0/security-groups?id=c0911ef1-aae8-483c-aead-c3512ad25345&fields=id&fields=name => generated 88 bytes in 28 msecs (HTTP/1.1 200) 4 headers in 156 bytes (1 switches on core 0)
2026-07-15 06:10:08.663 7 INFO neutron.db.ovn_revision_numbers_db [None req-bd63e1ae-1fc1-4598-80e1-f1f5dc811ae0 a07f8d3b2ab845228b1fd9a6e57e5e2d 1d62bc65bbd743f78ecf7a66f22a1e76 - - default default] Successfully bumped revision number for resource c0939eeb-6570-4c91-a4fa-0871cc1d560d (type: subnets) to 0 [pid: 7|app: 0|req: 1105/2114] 10.0.0.85 () {34 vars in 668 bytes} [Wed Jul 15 06:10:07 2026] POST /v2.0/subnets => generated 656 bytes in 851 msecs (HTTP/1.1 201) 4 headers in 162 bytes (1 switches on core 0)
2026-07-15 06:10:08.697 8 INFO neutron.db.segments_db [None req-35fc2807-f8a2-446a-982e-8f216f881474 c56a7a5116354f108ff3fd293e3857cc 4a2ea4adb61e4f949805bb34a4ccbd03 - - default default] Added segment c80874de-b9e4-433f-af6d-8463cfe64ec3 of type geneve for network afd27020-49ee-4289-8d3b-bc83dc4cad44
2026-07-15 06:10:08.805 8 INFO neutron.db.ovn_revision_numbers_db [None req-35fc2807-f8a2-446a-982e-8f216f881474 c56a7a5116354f108ff3fd293e3857cc 4a2ea4adb61e4f949805bb34a4ccbd03 - - default default] Successfully bumped revision number for resource afd27020-49ee-4289-8d3b-bc83dc4cad44 (type: networks) to 1
2026-07-15 06:10:08.861 7 WARNING neutron.scheduler.dhcp_agent_scheduler [None req-b67f5569-8afa-44a4-b65b-e6627dae6931 a07f8d3b2ab845228b1fd9a6e57e5e2d 1d62bc65bbd743f78ecf7a66f22a1e76 - - default default] No more DHCP agents
2026-07-15 06:10:08.862 7 WARNING neutron.api.rpc.agentnotifiers.dhcp_rpc_agent_api [None req-b67f5569-8afa-44a4-b65b-e6627dae6931 a07f8d3b2ab845228b1fd9a6e57e5e2d 1d62bc65bbd743f78ecf7a66f22a1e76 - - default default] Unable to schedule network 102b4b81-644e-4005-ac31-d0af3fb9feba: no agents available; will retry on subsequent port and subnet creation events.
2026-07-15 06:10:08.897 7 INFO neutron.db.ovn_revision_numbers_db [None req-b67f5569-8afa-44a4-b65b-e6627dae6931 a07f8d3b2ab845228b1fd9a6e57e5e2d 1d62bc65bbd743f78ecf7a66f22a1e76 - - default default] Successfully bumped revision number for resource f144ba68-d2b7-4a1f-b8e3-f0b1493fc974 (type: subnets) to 0 [pid: 7|app: 0|req: 1106/2115] 10.0.0.85 () {34 vars in 668 bytes} [Wed Jul 15 06:10:08 2026] POST /v2.0/subnets => generated 725 bytes in 229 msecs (HTTP/1.1 201) 4 headers in 162 bytes (1 switches on core 0)
2026-07-15 06:10:08.976 8 WARNING neutron.scheduler.dhcp_agent_scheduler [None req-35fc2807-f8a2-446a-982e-8f216f881474 c56a7a5116354f108ff3fd293e3857cc 4a2ea4adb61e4f949805bb34a4ccbd03 - - default default] No more DHCP agents
2026-07-15 06:10:08.977 8 WARNING neutron.api.rpc.agentnotifiers.dhcp_rpc_agent_api [None req-35fc2807-f8a2-446a-982e-8f216f881474 c56a7a5116354f108ff3fd293e3857cc 4a2ea4adb61e4f949805bb34a4ccbd03 - - default default] Unable to schedule network afd27020-49ee-4289-8d3b-bc83dc4cad44: no agents available; will retry on subsequent port and subnet creation events.
2026-07-15 06:10:09.014 7 INFO neutron.db.segments_db [None req-b5c5260e-65c4-44c4-af5b-dfe05750a735 a07f8d3b2ab845228b1fd9a6e57e5e2d 1d62bc65bbd743f78ecf7a66f22a1e76 - - default default] Added segment f276b77a-4604-406d-9345-b5be64133840 of type geneve for network d40fccf6-33e9-4220-939c-5f860b5e2b66
2026-07-15 06:10:09.063 8 INFO neutron.db.ovn_revision_numbers_db [None req-35fc2807-f8a2-446a-982e-8f216f881474 c56a7a5116354f108ff3fd293e3857cc 4a2ea4adb61e4f949805bb34a4ccbd03 - - default default] Successfully bumped revision number for resource 6c9f1a8e-bc2e-4541-b4bb-fb6ee89433bd (type: ports) to 1
2026-07-15 06:10:09.074 7 INFO neutron.plugins.ml2.drivers.ovn.mech_driver.mech_driver [None req-a61194fc-d2cd-4d8d-8443-616af7be5836 - - - - - -] OVN reports status down for port: 6c9f1a8e-bc2e-4541-b4bb-fb6ee89433bd [pid: 8|app: 0|req: 1010/2116] 10.0.0.85 () {34 vars in 669 bytes} [Wed Jul 15 06:10:08 2026] POST /v2.0/networks => generated 670 bytes in 472 msecs (HTTP/1.1 201) 4 headers in 162 bytes (1 switches on core 0)
2026-07-15 06:10:09.202 7 INFO neutron.db.ovn_revision_numbers_db [None req-b5c5260e-65c4-44c4-af5b-dfe05750a735 a07f8d3b2ab845228b1fd9a6e57e5e2d 1d62bc65bbd743f78ecf7a66f22a1e76 - - default default] Successfully bumped revision number for resource d40fccf6-33e9-4220-939c-5f860b5e2b66 (type: networks) to 1
2026-07-15 06:10:09.318 8 WARNING neutron.scheduler.dhcp_agent_scheduler [None req-6a618654-d2cc-4228-a704-b12b835035ee c56a7a5116354f108ff3fd293e3857cc 4a2ea4adb61e4f949805bb34a4ccbd03 - - default default] No more DHCP agents
2026-07-15 06:10:09.319 8 WARNING neutron.api.rpc.agentnotifiers.dhcp_rpc_agent_api [None req-6a618654-d2cc-4228-a704-b12b835035ee c56a7a5116354f108ff3fd293e3857cc 4a2ea4adb61e4f949805bb34a4ccbd03 - - default default] Unable to schedule network afd27020-49ee-4289-8d3b-bc83dc4cad44: no agents available; will retry on subsequent port and subnet creation events.
2026-07-15 06:10:09.413 7 INFO neutron.plugins.ml2.drivers.ovn.mech_driver.mech_driver [None req-a61194fc-d2cd-4d8d-8443-616af7be5836 - - - - - -] OVN reports status down for port: 952934d7-1526-47c7-82dc-cb20a50e99b2
2026-07-15 06:10:09.427 8 INFO neutron.db.ovn_revision_numbers_db [None req-6a618654-d2cc-4228-a704-b12b835035ee c56a7a5116354f108ff3fd293e3857cc 4a2ea4adb61e4f949805bb34a4ccbd03 - - default default] Successfully bumped revision number for resource 952934d7-1526-47c7-82dc-cb20a50e99b2 (type: ports) to 1
2026-07-15 06:10:09.438 7 WARNING neutron.scheduler.dhcp_agent_scheduler [None req-b5c5260e-65c4-44c4-af5b-dfe05750a735 a07f8d3b2ab845228b1fd9a6e57e5e2d 1d62bc65bbd743f78ecf7a66f22a1e76 - - default default] No more DHCP agents
2026-07-15 06:10:09.441 7 WARNING neutron.api.rpc.agentnotifiers.dhcp_rpc_agent_api [None req-b5c5260e-65c4-44c4-af5b-dfe05750a735 a07f8d3b2ab845228b1fd9a6e57e5e2d 1d62bc65bbd743f78ecf7a66f22a1e76 - - default default] Unable to schedule network d40fccf6-33e9-4220-939c-5f860b5e2b66: no agents available; will retry on subsequent port and subnet creation events. [pid: 8|app: 0|req: 1011/2117] 10.0.0.85 () {34 vars in 663 bytes} [Wed Jul 15 06:10:09 2026] POST /v2.0/ports => generated 743 bytes in 356 msecs (HTTP/1.1 201) 4 headers in 162 bytes (1 switches on core 0) /var/lib/openstack/lib/python3.12/site-packages/pycadf/identifier.py:70: UserWarning: Invalid uuid: neutron. To ensure interoperability, identifiers should be a valid uuid. warnings.warn(('Invalid uuid: %s. To ensure interoperability, '
2026-07-15 06:10:09.511 8 INFO neutron.plugins.ml2.drivers.ovn.mech_driver.mech_driver [None req-4b5866b3-cb84-4637-80f3-8b0b113b87a2 - - - - - -] OVN reports status down for port: f31a25a9-72cb-4500-9fc8-49f439966844 [pid: 8|app: 0|req: 1012/2118] 10.0.0.85 () {34 vars in 746 bytes} [Wed Jul 15 06:10:09 2026] PUT /v2.0/ports/32698fc6-0ece-42c4-b445-a154afcd526f/tags => generated 17 bytes in 99 msecs (HTTP/1.1 200) 4 headers in 156 bytes (1 switches on core 0)
2026-07-15 06:10:09.556 7 INFO neutron.db.ovn_revision_numbers_db [None req-b5c5260e-65c4-44c4-af5b-dfe05750a735 a07f8d3b2ab845228b1fd9a6e57e5e2d 1d62bc65bbd743f78ecf7a66f22a1e76 - - default default] Successfully bumped revision number for resource f31a25a9-72cb-4500-9fc8-49f439966844 (type: ports) to 1 /var/lib/openstack/lib/python3.12/site-packages/pycadf/identifier.py:70: UserWarning: Invalid uuid: neutron. To ensure interoperability, identifiers should be a valid uuid. warnings.warn(('Invalid uuid: %s. To ensure interoperability, ' [pid: 7|app: 0|req: 1107/2119] 10.0.0.85 () {34 vars in 669 bytes} [Wed Jul 15 06:10:08 2026] POST /v2.0/networks => generated 675 bytes in 672 msecs (HTTP/1.1 201) 4 headers in 162 bytes (1 switches on core 0) [pid: 8|app: 0|req: 1013/2120] 10.0.0.85 () {34 vars in 746 bytes} [Wed Jul 15 06:10:09 2026] PUT /v2.0/ports/2539c719-96af-47ce-8f99-0f29603ee353/tags => generated 25 bytes in 103 msecs (HTTP/1.1 200) 4 headers in 156 bytes (1 switches on core 0) /var/lib/openstack/lib/python3.12/site-packages/pycadf/identifier.py:70: UserWarning: Invalid uuid: neutron. To ensure interoperability, identifiers should be a valid uuid. warnings.warn(('Invalid uuid: %s. To ensure interoperability, ' [pid: 8|app: 0|req: 1014/2121] 10.0.0.85 () {34 vars in 746 bytes} [Wed Jul 15 06:10:09 2026] PUT /v2.0/ports/743ada94-ba4b-40c9-9178-54da3730c305/tags => generated 34 bytes in 65 msecs (HTTP/1.1 200) 4 headers in 156 bytes (1 switches on core 0) /var/lib/openstack/lib/python3.12/site-packages/pycadf/identifier.py:70: UserWarning: Invalid uuid: neutron. To ensure interoperability, identifiers should be a valid uuid. warnings.warn(('Invalid uuid: %s. To ensure interoperability, '
2026-07-15 06:10:09.780 7 WARNING neutron.scheduler.dhcp_agent_scheduler [None req-ee76f307-f285-49c5-bee1-70c6d37f1576 a07f8d3b2ab845228b1fd9a6e57e5e2d 1d62bc65bbd743f78ecf7a66f22a1e76 - - default default] No more DHCP agents
2026-07-15 06:10:09.782 7 WARNING neutron.api.rpc.agentnotifiers.dhcp_rpc_agent_api [None req-ee76f307-f285-49c5-bee1-70c6d37f1576 a07f8d3b2ab845228b1fd9a6e57e5e2d 1d62bc65bbd743f78ecf7a66f22a1e76 - - default default] Unable to schedule network d40fccf6-33e9-4220-939c-5f860b5e2b66: no agents available; will retry on subsequent port and subnet creation events. [pid: 8|app: 0|req: 1015/2122] 10.0.0.85 () {34 vars in 746 bytes} [Wed Jul 15 06:10:09 2026] PUT /v2.0/ports/e0512b78-29de-4ee8-82ef-a9b3e035e0bf/tags => generated 19 bytes in 71 msecs (HTTP/1.1 200) 4 headers in 156 bytes (1 switches on core 0) /var/lib/openstack/lib/python3.12/site-packages/pycadf/identifier.py:70: UserWarning: Invalid uuid: neutron. To ensure interoperability, identifiers should be a valid uuid. warnings.warn(('Invalid uuid: %s. To ensure interoperability, ' [pid: 8|app: 0|req: 1016/2123] 10.0.0.223 () {34 vars in 1070 bytes} [Wed Jul 15 06:10:09 2026] GET /v2.0/ports?fields=security_groups&fields=device_id&device_id=18c09c68-399b-4416-8719-320537595b74 => generated 123 bytes in 34 msecs (HTTP/1.1 200) 4 headers in 157 bytes (1 switches on core 0) [pid: 8|app: 0|req: 1017/2124] 10.0.0.85 () {32 vars in 659 bytes} [Wed Jul 15 06:10:09 2026] GET /v2.0/ports?tags=red => generated 2253 bytes in 61 msecs (HTTP/1.1 200) 4 headers in 158 bytes (1 switches on core 0) [pid: 8|app: 0|req: 1018/2125] 10.0.0.223 () {34 vars in 1040 bytes} [Wed Jul 15 06:10:09 2026] GET /v2.0/security-groups?id=c0911ef1-aae8-483c-aead-c3512ad25345&fields=id&fields=name => generated 88 bytes in 29 msecs (HTTP/1.1 200) 4 headers in 156 bytes (1 switches on core 0) [pid: 8|app: 0|req: 1019/2126] 10.0.0.85 () {32 vars in 673 bytes} [Wed Jul 15 06:10:09 2026] GET /v2.0/ports?tags=red%2Cblue => generated 1513 bytes in 65 msecs (HTTP/1.1 200) 4 headers in 158 bytes (1 switches on core 0) [pid: 8|app: 0|req: 1020/2127] 10.0.0.85 () {32 vars in 669 bytes} [Wed Jul 15 06:10:10 2026] GET /v2.0/ports?tags-any=blue => generated 1513 bytes in 60 msecs (HTTP/1.1 200) 4 headers in 158 bytes (1 switches on core 0) [pid: 8|app: 0|req: 1021/2128] 10.0.0.85 () {32 vars in 681 bytes} [Wed Jul 15 06:10:10 2026] GET /v2.0/ports?tags-any=red%2Cblue => generated 2253 bytes in 58 msecs (HTTP/1.1 200) 4 headers in 158 bytes (1 switches on core 0) [pid: 8|app: 0|req: 1022/2129] 10.0.0.85 () {32 vars in 667 bytes} [Wed Jul 15 06:10:10 2026] GET /v2.0/ports?not-tags=red => generated 5268 bytes in 87 msecs (HTTP/1.1 200) 4 headers in 158 bytes (1 switches on core 0)
2026-07-15 06:10:10.218 7 INFO neutron.db.ovn_revision_numbers_db [None req-ee76f307-f285-49c5-bee1-70c6d37f1576 a07f8d3b2ab845228b1fd9a6e57e5e2d 1d62bc65bbd743f78ecf7a66f22a1e76 - - default default] Successfully bumped revision number for resource f31a25a9-72cb-4500-9fc8-49f439966844 (type: ports) to 2
2026-07-15 06:10:10.249 7 INFO neutron.db.ovn_revision_numbers_db [None req-ee76f307-f285-49c5-bee1-70c6d37f1576 a07f8d3b2ab845228b1fd9a6e57e5e2d 1d62bc65bbd743f78ecf7a66f22a1e76 - - default default] Successfully bumped revision number for resource a432ffd2-da10-43a9-b29a-8d93941fcb04 (type: subnets) to 0 [pid: 7|app: 0|req: 1108/2130] 10.0.0.85 () {34 vars in 668 bytes} [Wed Jul 15 06:10:09 2026] POST /v2.0/subnets => generated 655 bytes in 671 msecs (HTTP/1.1 201) 4 headers in 162 bytes (1 switches on core 0) [pid: 8|app: 0|req: 1023/2131] 10.0.0.85 () {32 vars in 681 bytes} [Wed Jul 15 06:10:10 2026] GET /v2.0/ports?not-tags=red%2Cblue => generated 6008 bytes in 74 msecs (HTTP/1.1 200) 4 headers in 158 bytes (1 switches on core 0) [pid: 8|app: 0|req: 1024/2132] 10.0.0.85 () {32 vars in 677 bytes} [Wed Jul 15 06:10:10 2026] GET /v2.0/ports?not-tags-any=blue => generated 6008 bytes in 84 msecs (HTTP/1.1 200) 4 headers in 158 bytes (1 switches on core 0) [pid: 8|app: 0|req: 1025/2133] 10.0.0.85 () {32 vars in 689 bytes} [Wed Jul 15 06:10:10 2026] GET /v2.0/ports?not-tags-any=red%2Cblue => generated 5268 bytes in 39 msecs (HTTP/1.1 200) 4 headers in 158 bytes (1 switches on core 0)
2026-07-15 06:10:10.447 7 WARNING neutron.scheduler.dhcp_agent_scheduler [None req-d5d52451-4232-41ea-9f53-467479c97c8e a07f8d3b2ab845228b1fd9a6e57e5e2d 1d62bc65bbd743f78ecf7a66f22a1e76 - - default default] No more DHCP agents
2026-07-15 06:10:10.448 7 WARNING neutron.api.rpc.agentnotifiers.dhcp_rpc_agent_api [None req-d5d52451-4232-41ea-9f53-467479c97c8e a07f8d3b2ab845228b1fd9a6e57e5e2d 1d62bc65bbd743f78ecf7a66f22a1e76 - - default default] Unable to schedule network d40fccf6-33e9-4220-939c-5f860b5e2b66: no agents available; will retry on subsequent port and subnet creation events.
2026-07-15 06:10:10.478 7 INFO neutron.db.ovn_revision_numbers_db [None req-d5d52451-4232-41ea-9f53-467479c97c8e a07f8d3b2ab845228b1fd9a6e57e5e2d 1d62bc65bbd743f78ecf7a66f22a1e76 - - default default] Successfully bumped revision number for resource 37181e97-e4c1-4d5b-afa7-5589093fc8d7 (type: subnets) to 0 [pid: 7|app: 0|req: 1109/2134] 10.0.0.85 () {34 vars in 668 bytes} [Wed Jul 15 06:10:10 2026] POST /v2.0/subnets => generated 729 bytes in 223 msecs (HTTP/1.1 201) 4 headers in 162 bytes (1 switches on core 0)
2026-07-15 06:10:10.544 8 INFO neutron_taas.services.taas.taas_plugin [None req-59a3daec-f62d-484a-b400-37f294e17078 c56a7a5116354f108ff3fd293e3857cc 4a2ea4adb61e4f949805bb34a4ccbd03 - - default default] TaaS: Handle Delete Port: 32698fc6-0ece-42c4-b445-a154afcd526f
2026-07-15 06:10:10.547 8 INFO neutron_taas.services.taas.tap_mirror_plugin [None req-59a3daec-f62d-484a-b400-37f294e17078 c56a7a5116354f108ff3fd293e3857cc 4a2ea4adb61e4f949805bb34a4ccbd03 - - default default] Tap Mirror: Handle Delete Port: 32698fc6-0ece-42c4-b445-a154afcd526f [pid: 8|app: 0|req: 1026/2135] 10.0.0.85 () {32 vars in 719 bytes} [Wed Jul 15 06:10:10 2026] DELETE /v2.0/ports/32698fc6-0ece-42c4-b445-a154afcd526f => generated 0 bytes in 213 msecs (HTTP/1.1 204) 3 headers in 131 bytes (1 switches on core 0)
2026-07-15 06:10:10.752 8 INFO neutron_taas.services.taas.taas_plugin [None req-6db08dcf-5610-4fbc-b1b4-9777c0058050 c56a7a5116354f108ff3fd293e3857cc 4a2ea4adb61e4f949805bb34a4ccbd03 - - default default] TaaS: Handle Delete Port: 2539c719-96af-47ce-8f99-0f29603ee353
2026-07-15 06:10:10.755 8 INFO neutron_taas.services.taas.tap_mirror_plugin [None req-6db08dcf-5610-4fbc-b1b4-9777c0058050 c56a7a5116354f108ff3fd293e3857cc 4a2ea4adb61e4f949805bb34a4ccbd03 - - default default] Tap Mirror: Handle Delete Port: 2539c719-96af-47ce-8f99-0f29603ee353 [pid: 8|app: 0|req: 1027/2136] 10.0.0.85 () {32 vars in 719 bytes} [Wed Jul 15 06:10:10 2026] DELETE /v2.0/ports/2539c719-96af-47ce-8f99-0f29603ee353 => generated 0 bytes in 217 msecs (HTTP/1.1 204) 3 headers in 131 bytes (1 switches on core 0)
2026-07-15 06:10:10.900 7 WARNING neutron.scheduler.dhcp_agent_scheduler [None req-36593beb-3fa1-45ed-894a-57d0895354ab a07f8d3b2ab845228b1fd9a6e57e5e2d 1d62bc65bbd743f78ecf7a66f22a1e76 - - default default] No more DHCP agents
2026-07-15 06:10:10.901 7 WARNING neutron.api.rpc.agentnotifiers.dhcp_rpc_agent_api [None req-36593beb-3fa1-45ed-894a-57d0895354ab a07f8d3b2ab845228b1fd9a6e57e5e2d 1d62bc65bbd743f78ecf7a66f22a1e76 - - default default] Unable to schedule network 0c87e584-60ea-41fe-aa3f-91827559531d: no agents available; will retry on subsequent port and subnet creation events.
2026-07-15 06:10:10.982 8 INFO neutron_taas.services.taas.taas_plugin [None req-8cd592d0-a329-4440-bacb-03727e572533 c56a7a5116354f108ff3fd293e3857cc 4a2ea4adb61e4f949805bb34a4ccbd03 - - default default] TaaS: Handle Delete Port: 743ada94-ba4b-40c9-9178-54da3730c305
2026-07-15 06:10:10.985 8 INFO neutron_taas.services.taas.tap_mirror_plugin [None req-8cd592d0-a329-4440-bacb-03727e572533 c56a7a5116354f108ff3fd293e3857cc 4a2ea4adb61e4f949805bb34a4ccbd03 - - default default] Tap Mirror: Handle Delete Port: 743ada94-ba4b-40c9-9178-54da3730c305
2026-07-15 06:10:11.019 8 INFO neutron.plugins.ml2.drivers.ovn.mech_driver.mech_driver [None req-4b5866b3-cb84-4637-80f3-8b0b113b87a2 - - - - - -] OVN reports status down for port: bbbaab20-4026-4d9b-b40d-b83bfe0246c2
2026-07-15 06:10:11.038 7 INFO neutron.db.ovn_revision_numbers_db [None req-36593beb-3fa1-45ed-894a-57d0895354ab a07f8d3b2ab845228b1fd9a6e57e5e2d 1d62bc65bbd743f78ecf7a66f22a1e76 - - default default] Successfully bumped revision number for resource bbbaab20-4026-4d9b-b40d-b83bfe0246c2 (type: ports) to 1 [pid: 8|app: 0|req: 1028/2137] 10.0.0.85 () {32 vars in 719 bytes} [Wed Jul 15 06:10:10 2026] DELETE /v2.0/ports/743ada94-ba4b-40c9-9178-54da3730c305 => generated 0 bytes in 288 msecs (HTTP/1.1 204) 3 headers in 131 bytes (1 switches on core 0) [pid: 8|app: 0|req: 1029/2138] 10.0.0.223 () {34 vars in 1070 bytes} [Wed Jul 15 06:10:11 2026] GET /v2.0/ports?fields=security_groups&fields=device_id&device_id=18c09c68-399b-4416-8719-320537595b74 => generated 123 bytes in 29 msecs (HTTP/1.1 200) 4 headers in 157 bytes (1 switches on core 0)
2026-07-15 06:10:11.293 8 INFO neutron_taas.services.taas.taas_plugin [None req-76625cfa-90e2-4ba5-84f5-ecd6f6057d69 c56a7a5116354f108ff3fd293e3857cc 4a2ea4adb61e4f949805bb34a4ccbd03 - - default default] TaaS: Handle Delete Port: e0512b78-29de-4ee8-82ef-a9b3e035e0bf
2026-07-15 06:10:11.296 8 INFO neutron_taas.services.taas.tap_mirror_plugin [None req-76625cfa-90e2-4ba5-84f5-ecd6f6057d69 c56a7a5116354f108ff3fd293e3857cc 4a2ea4adb61e4f949805bb34a4ccbd03 - - default default] Tap Mirror: Handle Delete Port: e0512b78-29de-4ee8-82ef-a9b3e035e0bf [pid: 8|app: 0|req: 1030/2139] 10.0.0.85 () {32 vars in 719 bytes} [Wed Jul 15 06:10:11 2026] DELETE /v2.0/ports/e0512b78-29de-4ee8-82ef-a9b3e035e0bf => generated 0 bytes in 262 msecs (HTTP/1.1 204) 3 headers in 131 bytes (1 switches on core 0) [pid: 8|app: 0|req: 1031/2140] 10.0.0.223 () {34 vars in 1040 bytes} [Wed Jul 15 06:10:11 2026] GET /v2.0/security-groups?id=c0911ef1-aae8-483c-aead-c3512ad25345&fields=id&fields=name => generated 88 bytes in 28 msecs (HTTP/1.1 200) 4 headers in 156 bytes (1 switches on core 0) [pid: 8|app: 0|req: 1032/2141] 199.204.45.72 () {34 vars in 993 bytes} [Wed Jul 15 06:10:11 2026] GET /v2.0/ports?device_id=18c09c68-399b-4416-8719-320537595b74 => generated 969 bytes in 70 msecs (HTTP/1.1 200) 4 headers in 157 bytes (1 switches on core 0)
2026-07-15 06:10:11.606 7 INFO neutron.plugins.ml2.drivers.ovn.mech_driver.ovsdb.ovsdb_monitor [None req-33e9fb04-c47e-4e5d-86b5-96ab33be525c - - - - - -] Router 02288577-ff1c-43f0-88b3-1f051a9e36c9 is bound to host instance
2026-07-15 06:10:11.618 8 INFO neutron.plugins.ml2.drivers.ovn.mech_driver.mech_driver [None req-4b5866b3-cb84-4637-80f3-8b0b113b87a2 - - - - - -] OVN reports status up for port: bbbaab20-4026-4d9b-b40d-b83bfe0246c2
2026-07-15 06:10:11.658 8 INFO neutron.plugins.ml2.plugin [None req-4b5866b3-cb84-4637-80f3-8b0b113b87a2 - - - - - -] Attempt 1 to provision port bbbaab20-4026-4d9b-b40d-b83bfe0246c2
2026-07-15 06:10:11.681 7 INFO neutron.db.ovn_revision_numbers_db [None req-36593beb-3fa1-45ed-894a-57d0895354ab a07f8d3b2ab845228b1fd9a6e57e5e2d 1d62bc65bbd743f78ecf7a66f22a1e76 - - default default] Successfully bumped revision number for resource bbbaab20-4026-4d9b-b40d-b83bfe0246c2 (type: router_ports) to 1
2026-07-15 06:10:11.754 8 INFO neutron_taas.services.taas.taas_plugin [None req-72899982-9af4-43b3-a247-74a7f83dcc55 c56a7a5116354f108ff3fd293e3857cc 4a2ea4adb61e4f949805bb34a4ccbd03 - - default default] TaaS: Handle Delete Port: 952934d7-1526-47c7-82dc-cb20a50e99b2
2026-07-15 06:10:11.757 8 INFO neutron_taas.services.taas.tap_mirror_plugin [None req-72899982-9af4-43b3-a247-74a7f83dcc55 c56a7a5116354f108ff3fd293e3857cc 4a2ea4adb61e4f949805bb34a4ccbd03 - - default default] Tap Mirror: Handle Delete Port: 952934d7-1526-47c7-82dc-cb20a50e99b2
2026-07-15 06:10:11.797 7 INFO neutron.db.ovn_revision_numbers_db [None req-36593beb-3fa1-45ed-894a-57d0895354ab a07f8d3b2ab845228b1fd9a6e57e5e2d 1d62bc65bbd743f78ecf7a66f22a1e76 - - default default] Successfully bumped revision number for resource 02288577-ff1c-43f0-88b3-1f051a9e36c9 (type: routers) to 2 [pid: 7|app: 0|req: 1110/2142] 10.0.0.85 () {34 vars in 668 bytes} [Wed Jul 15 06:10:10 2026] POST /v2.0/routers => generated 965 bytes in 1323 msecs (HTTP/1.1 201) 4 headers in 162 bytes (1 switches on core 0) [pid: 8|app: 0|req: 1033/2143] 10.0.0.85 () {32 vars in 719 bytes} [Wed Jul 15 06:10:11 2026] DELETE /v2.0/ports/952934d7-1526-47c7-82dc-cb20a50e99b2 => generated 0 bytes in 321 msecs (HTTP/1.1 204) 3 headers in 131 bytes (1 switches on core 0)
2026-07-15 06:10:12.156 7 INFO neutron_taas.services.taas.taas_plugin [req-71a78b29-b02d-4ad5-bc9e-2a2928be18b6 req-dd590472-4829-4596-b249-79fa13ed8915 31a5c0b27f6e405e83bc10ae799a4726 275ce650000f49f5be3f01cf0f2eca3a - - default default] TaaS: Handle Delete Port: d3d3ac5d-7f21-4d4a-ace8-13b2543ae275
2026-07-15 06:10:12.161 7 INFO neutron_taas.services.taas.tap_mirror_plugin [req-71a78b29-b02d-4ad5-bc9e-2a2928be18b6 req-dd590472-4829-4596-b249-79fa13ed8915 31a5c0b27f6e405e83bc10ae799a4726 275ce650000f49f5be3f01cf0f2eca3a - - default default] Tap Mirror: Handle Delete Port: d3d3ac5d-7f21-4d4a-ace8-13b2543ae275
2026-07-15 06:10:12.402 8 WARNING neutron.scheduler.dhcp_agent_scheduler [None req-ed721091-bec1-4cd9-878e-7002bef6b36d a07f8d3b2ab845228b1fd9a6e57e5e2d 1d62bc65bbd743f78ecf7a66f22a1e76 - - default default] No more DHCP agents
2026-07-15 06:10:12.404 8 WARNING neutron.api.rpc.agentnotifiers.dhcp_rpc_agent_api [None req-ed721091-bec1-4cd9-878e-7002bef6b36d a07f8d3b2ab845228b1fd9a6e57e5e2d 1d62bc65bbd743f78ecf7a66f22a1e76 - - default default] Unable to schedule network 78866cd0-8a7b-4d3d-a7b0-0b5b60a22e95: no agents available; will retry on subsequent port and subnet creation events. [pid: 7|app: 0|req: 1111/2144] 199.204.45.72 () {36 vars in 996 bytes} [Wed Jul 15 06:10:11 2026] DELETE /v2.0/ports/d3d3ac5d-7f21-4d4a-ace8-13b2543ae275 => generated 0 bytes in 649 msecs (HTTP/1.1 204) 3 headers in 131 bytes (1 switches on core 0)
2026-07-15 06:10:12.508 7 WARNING neutron.notifiers.nova [-] Nova event matching ['req-4742f266-6878-4ef1-9582-7fc9e7c93752']: {'server_uuid': '18c09c68-399b-4416-8719-320537595b74', 'name': 'network-vif-deleted', 'tag': 'd3d3ac5d-7f21-4d4a-ace8-13b2543ae275', 'status': 'failed', 'code': 422} returned with failed status
2026-07-15 06:10:12.590 8 INFO neutron.db.ovn_revision_numbers_db [None req-ed721091-bec1-4cd9-878e-7002bef6b36d a07f8d3b2ab845228b1fd9a6e57e5e2d 1d62bc65bbd743f78ecf7a66f22a1e76 - - default default] Successfully bumped revision number for resource 6e3c814b-e59b-4362-8a72-bb79f1fa163e (type: ports) to 1
2026-07-15 06:10:12.600 7 INFO neutron.plugins.ml2.drivers.ovn.mech_driver.mech_driver [None req-a61194fc-d2cd-4d8d-8443-616af7be5836 - - - - - -] OVN reports status down for port: 6e3c814b-e59b-4362-8a72-bb79f1fa163e
2026-07-15 06:10:12.766 7 INFO neutron_taas.services.taas.taas_plugin [None req-3f52c176-68dc-40f3-bdd1-3295dc50d198 c56a7a5116354f108ff3fd293e3857cc 4a2ea4adb61e4f949805bb34a4ccbd03 - - default default] TaaS: Handle Delete Port: 4281b6dd-6000-48ad-9ce2-b76719c9399f
2026-07-15 06:10:12.771 7 INFO neutron_taas.services.taas.tap_mirror_plugin [None req-3f52c176-68dc-40f3-bdd1-3295dc50d198 c56a7a5116354f108ff3fd293e3857cc 4a2ea4adb61e4f949805bb34a4ccbd03 - - default default] Tap Mirror: Handle Delete Port: 4281b6dd-6000-48ad-9ce2-b76719c9399f
2026-07-15 06:10:13.077 7 INFO neutron.services.segments.plugin [-] Segment 8f09aece-0982-4272-b5c2-195df7f418db resource provider aggregate not found
2026-07-15 06:10:13.089 7 INFO neutron.services.segments.plugin [-] Segment 8f09aece-0982-4272-b5c2-195df7f418db resource provider aggregate not found
2026-07-15 06:10:13.096 7 INFO neutron.services.segments.plugin [-] Client error retrieving segment 8f09aece-0982-4272-b5c2-195df7f418db resource provider; error: Placement Client Error (4xx): {"errors": [{"status": 404, "title": "Not Found", "detail": "The resource could not be found.\n\n No resource provider with uuid 8f09aece-0982-4272-b5c2-195df7f418db found for delete ", "request_id": "req-538c3bba-7b66-4164-8c73-1f19432f9a51"}]}
2026-07-15 06:10:13.126 7 INFO neutron.services.segments.plugin [-] Client error retrieving segment 8f09aece-0982-4272-b5c2-195df7f418db resource provider; error: Placement Client Error (4xx): {"errors": [{"status": 404, "title": "Not Found", "detail": "The resource could not be found.\n\n No resource provider with uuid 8f09aece-0982-4272-b5c2-195df7f418db found for delete ", "request_id": "req-875eb39d-22fe-48aa-afd8-7369d78cd9e0"}]}
2026-07-15 06:10:13.143 7 INFO neutron.db.ovn_revision_numbers_db [None req-f0a12dcf-10b5-4181-99df-e731e9e414a5 - - - - - -] Successfully bumped revision number for resource bbbaab20-4026-4d9b-b40d-b83bfe0246c2 (type: ports) to 4 [pid: 7|app: 0|req: 1112/2145] 10.0.0.85 () {32 vars in 725 bytes} [Wed Jul 15 06:10:12 2026] DELETE /v2.0/networks/0ff0839e-0447-4a5f-bcdc-a6e659320da2 => generated 0 bytes in 722 msecs (HTTP/1.1 204) 3 headers in 131 bytes (1 switches on core 0) [pid: 7|app: 0|req: 1113/2146] 10.0.0.223 () {34 vars in 1070 bytes} [Wed Jul 15 06:10:13 2026] GET /v2.0/ports?fields=security_groups&fields=device_id&device_id=18c09c68-399b-4416-8719-320537595b74 => generated 12 bytes in 41 msecs (HTTP/1.1 200) 4 headers in 156 bytes (1 switches on core 0)
2026-07-15 06:10:13.268 7 INFO neutron.plugins.ml2.drivers.ovn.mech_driver.mech_driver [None req-a61194fc-d2cd-4d8d-8443-616af7be5836 - - - - - -] OVN reports status up for port: 6e3c814b-e59b-4362-8a72-bb79f1fa163e
2026-07-15 06:10:13.289 8 WARNING neutron.scheduler.dhcp_agent_scheduler [None req-ed721091-bec1-4cd9-878e-7002bef6b36d a07f8d3b2ab845228b1fd9a6e57e5e2d 1d62bc65bbd743f78ecf7a66f22a1e76 - - default default] No more DHCP agents
2026-07-15 06:10:13.290 8 WARNING neutron.api.rpc.agentnotifiers.dhcp_rpc_agent_api [None req-ed721091-bec1-4cd9-878e-7002bef6b36d a07f8d3b2ab845228b1fd9a6e57e5e2d 1d62bc65bbd743f78ecf7a66f22a1e76 - - default default] Unable to schedule network 78866cd0-8a7b-4d3d-a7b0-0b5b60a22e95: no agents available; will retry on subsequent port and subnet creation events.
2026-07-15 06:10:13.301 7 INFO neutron.plugins.ml2.plugin [None req-a61194fc-d2cd-4d8d-8443-616af7be5836 - - - - - -] Attempt 1 to provision port 6e3c814b-e59b-4362-8a72-bb79f1fa163e
2026-07-15 06:10:13.549 8 INFO neutron.db.ovn_revision_numbers_db [None req-ed721091-bec1-4cd9-878e-7002bef6b36d a07f8d3b2ab845228b1fd9a6e57e5e2d 1d62bc65bbd743f78ecf7a66f22a1e76 - - default default] Successfully bumped revision number for resource 6e3c814b-e59b-4362-8a72-bb79f1fa163e (type: router_ports) to 1 [pid: 8|app: 0|req: 1034/2147] 10.0.0.85 () {34 vars in 782 bytes} [Wed Jul 15 06:10:11 2026] PUT /v2.0/routers/02288577-ff1c-43f0-88b3-1f051a9e36c9/add_router_interface => generated 310 bytes in 1682 msecs (HTTP/1.1 200) 4 headers in 157 bytes (1 switches on core 0)
2026-07-15 06:10:13.785 7 INFO neutron_taas.services.taas.taas_plugin [None req-ffeb8fa8-ded3-47a9-900a-09f1b1394503 c56a7a5116354f108ff3fd293e3857cc 4a2ea4adb61e4f949805bb34a4ccbd03 - - default default] TaaS: Handle Delete Port: 9483a6d3-daff-488a-9286-491077520281
2026-07-15 06:10:13.790 7 INFO neutron_taas.services.taas.tap_mirror_plugin [None req-ffeb8fa8-ded3-47a9-900a-09f1b1394503 c56a7a5116354f108ff3fd293e3857cc 4a2ea4adb61e4f949805bb34a4ccbd03 - - default default] Tap Mirror: Handle Delete Port: 9483a6d3-daff-488a-9286-491077520281
2026-07-15 06:10:14.079 8 WARNING neutron.scheduler.dhcp_agent_scheduler [None req-a37bec31-5a2b-431e-b24c-4915f68655af a07f8d3b2ab845228b1fd9a6e57e5e2d 1d62bc65bbd743f78ecf7a66f22a1e76 - - default default] No more DHCP agents
2026-07-15 06:10:14.080 8 WARNING neutron.api.rpc.agentnotifiers.dhcp_rpc_agent_api [None req-a37bec31-5a2b-431e-b24c-4915f68655af a07f8d3b2ab845228b1fd9a6e57e5e2d 1d62bc65bbd743f78ecf7a66f22a1e76 - - default default] Unable to schedule network 102b4b81-644e-4005-ac31-d0af3fb9feba: no agents available; will retry on subsequent port and subnet creation events.
2026-07-15 06:10:14.190 8 INFO neutron.plugins.ml2.drivers.ovn.mech_driver.mech_driver [None req-4b5866b3-cb84-4637-80f3-8b0b113b87a2 - - - - - -] OVN reports status down for port: 3e899f12-d4e0-42e2-a06f-e8d67687f50d
2026-07-15 06:10:14.243 8 INFO neutron.db.ovn_revision_numbers_db [None req-a37bec31-5a2b-431e-b24c-4915f68655af a07f8d3b2ab845228b1fd9a6e57e5e2d 1d62bc65bbd743f78ecf7a66f22a1e76 - - default default] Successfully bumped revision number for resource 3e899f12-d4e0-42e2-a06f-e8d67687f50d (type: ports) to 1
2026-07-15 06:10:14.568 7 INFO neutron.db.ovn_revision_numbers_db [None req-f0a12dcf-10b5-4181-99df-e731e9e414a5 - - - - - -] Successfully bumped revision number for resource bbbaab20-4026-4d9b-b40d-b83bfe0246c2 (type: ports) to 5 [pid: 7|app: 0|req: 1114/2148] 10.0.0.85 () {32 vars in 725 bytes} [Wed Jul 15 06:10:13 2026] DELETE /v2.0/networks/cbf36554-4c8d-4037-ab31-a6b238935813 => generated 0 bytes in 1634 msecs (HTTP/1.1 204) 3 headers in 131 bytes (1 switches on core 0)
2026-07-15 06:10:14.872 7 INFO neutron.db.ovn_revision_numbers_db [None req-a61194fc-d2cd-4d8d-8443-616af7be5836 - - - - - -] Successfully bumped revision number for resource 6e3c814b-e59b-4362-8a72-bb79f1fa163e (type: ports) to 2 [pid: 7|app: 0|req: 1115/2149] 10.0.0.223 () {34 vars in 1070 bytes} [Wed Jul 15 06:10:14 2026] GET /v2.0/ports?fields=security_groups&fields=device_id&device_id=18c09c68-399b-4416-8719-320537595b74 => generated 12 bytes in 36 msecs (HTTP/1.1 200) 4 headers in 156 bytes (1 switches on core 0) [pid: 7|app: 0|req: 1116/2150] 10.0.0.159 () {34 vars in 990 bytes} [Wed Jul 15 06:10:14 2026] GET /v2.0/ports?device_id=18c09c68-399b-4416-8719-320537595b74 => generated 12 bytes in 36 msecs (HTTP/1.1 200) 4 headers in 156 bytes (1 switches on core 0)
2026-07-15 06:10:14.994 8 INFO neutron.plugins.ml2.drivers.ovn.mech_driver.mech_driver [None req-4b5866b3-cb84-4637-80f3-8b0b113b87a2 - - - - - -] OVN reports status up for port: 3e899f12-d4e0-42e2-a06f-e8d67687f50d
2026-07-15 06:10:15.018 8 INFO neutron.plugins.ml2.plugin [None req-4b5866b3-cb84-4637-80f3-8b0b113b87a2 - - - - - -] Attempt 1 to provision port 3e899f12-d4e0-42e2-a06f-e8d67687f50d
2026-07-15 06:10:15.116 7 INFO neutron_taas.services.taas.taas_plugin [None req-f81f1c27-c904-4c94-b497-8bede3249600 c56a7a5116354f108ff3fd293e3857cc 4a2ea4adb61e4f949805bb34a4ccbd03 - - default default] TaaS: Handle Delete Port: 6188330d-6dea-40fd-8656-fd30e0741b97
2026-07-15 06:10:15.118 7 INFO neutron_taas.services.taas.tap_mirror_plugin [None req-f81f1c27-c904-4c94-b497-8bede3249600 c56a7a5116354f108ff3fd293e3857cc 4a2ea4adb61e4f949805bb34a4ccbd03 - - default default] Tap Mirror: Handle Delete Port: 6188330d-6dea-40fd-8656-fd30e0741b97
2026-07-15 06:10:15.121 7 INFO neutron.services.segments.plugin [-] Segment bf774b49-ac0e-40d2-a0d1-123e9f5c4e02 resource provider aggregate not found
2026-07-15 06:10:15.124 8 WARNING neutron.scheduler.dhcp_agent_scheduler [None req-a37bec31-5a2b-431e-b24c-4915f68655af a07f8d3b2ab845228b1fd9a6e57e5e2d 1d62bc65bbd743f78ecf7a66f22a1e76 - - default default] No more DHCP agents
2026-07-15 06:10:15.126 8 WARNING neutron.api.rpc.agentnotifiers.dhcp_rpc_agent_api [None req-a37bec31-5a2b-431e-b24c-4915f68655af a07f8d3b2ab845228b1fd9a6e57e5e2d 1d62bc65bbd743f78ecf7a66f22a1e76 - - default default] Unable to schedule network 102b4b81-644e-4005-ac31-d0af3fb9feba: no agents available; will retry on subsequent port and subnet creation events.
2026-07-15 06:10:15.142 7 INFO neutron.services.segments.plugin [-] Client error retrieving segment bf774b49-ac0e-40d2-a0d1-123e9f5c4e02 resource provider; error: Placement Client Error (4xx): {"errors": [{"status": 404, "title": "Not Found", "detail": "The resource could not be found.\n\n No resource provider with uuid bf774b49-ac0e-40d2-a0d1-123e9f5c4e02 found for delete ", "request_id": "req-c26f8d89-8fcf-4167-a3e2-5094b8f09667"}]}
2026-07-15 06:10:15.145 7 INFO neutron.services.segments.plugin [-] Segment bf774b49-ac0e-40d2-a0d1-123e9f5c4e02 resource provider aggregate not found
2026-07-15 06:10:15.178 7 INFO neutron.services.segments.plugin [-] Client error retrieving segment bf774b49-ac0e-40d2-a0d1-123e9f5c4e02 resource provider; error: Placement Client Error (4xx): {"errors": [{"status": 404, "title": "Not Found", "detail": "The resource could not be found.\n\n No resource provider with uuid bf774b49-ac0e-40d2-a0d1-123e9f5c4e02 found for delete ", "request_id": "req-af074b0b-de78-4883-b12c-6f9e6cf71862"}]} [pid: 7|app: 0|req: 1117/2151] 10.0.0.85 () {32 vars in 725 bytes} [Wed Jul 15 06:10:14 2026] DELETE /v2.0/networks/c4b3de20-7733-4b46-afff-d6d5234dd1ec => generated 0 bytes in 430 msecs (HTTP/1.1 204) 3 headers in 131 bytes (1 switches on core 0)
2026-07-15 06:10:15.525 7 INFO neutron_taas.services.taas.taas_plugin [None req-14802001-7fe5-4ffd-8542-a5e7590a520b c56a7a5116354f108ff3fd293e3857cc 4a2ea4adb61e4f949805bb34a4ccbd03 - - default default] TaaS: Handle Delete Port: f87af95a-2705-4314-8005-7bf870f39e4d
2026-07-15 06:10:15.528 7 INFO neutron_taas.services.taas.tap_mirror_plugin [None req-14802001-7fe5-4ffd-8542-a5e7590a520b c56a7a5116354f108ff3fd293e3857cc 4a2ea4adb61e4f949805bb34a4ccbd03 - - default default] Tap Mirror: Handle Delete Port: f87af95a-2705-4314-8005-7bf870f39e4d [pid: 7|app: 0|req: 1118/2152] 10.0.0.85 () {32 vars in 725 bytes} [Wed Jul 15 06:10:15 2026] DELETE /v2.0/networks/9ec61b65-f8ed-44fa-99c6-5bc2ece1d482 => generated 0 bytes in 401 msecs (HTTP/1.1 204) 3 headers in 131 bytes (1 switches on core 0)
2026-07-15 06:10:15.808 8 INFO neutron.db.ovn_revision_numbers_db [None req-a37bec31-5a2b-431e-b24c-4915f68655af a07f8d3b2ab845228b1fd9a6e57e5e2d 1d62bc65bbd743f78ecf7a66f22a1e76 - - default default] Successfully bumped revision number for resource 3e899f12-d4e0-42e2-a06f-e8d67687f50d (type: router_ports) to 1 [pid: 8|app: 0|req: 1035/2153] 10.0.0.85 () {34 vars in 782 bytes} [Wed Jul 15 06:10:13 2026] PUT /v2.0/routers/02288577-ff1c-43f0-88b3-1f051a9e36c9/add_router_interface => generated 310 bytes in 2257 msecs (HTTP/1.1 200) 4 headers in 157 bytes (1 switches on core 0)
2026-07-15 06:10:15.915 8 INFO neutron.db.ovn_revision_numbers_db [None req-4b5866b3-cb84-4637-80f3-8b0b113b87a2 - - - - - -] Successfully bumped revision number for resource 3e899f12-d4e0-42e2-a06f-e8d67687f50d (type: ports) to 2
2026-07-15 06:10:15.918 7 INFO neutron_taas.services.taas.taas_plugin [None req-a417c22e-d684-410e-b626-d3d03e733e92 c56a7a5116354f108ff3fd293e3857cc 4a2ea4adb61e4f949805bb34a4ccbd03 - - default default] TaaS: Handle Delete Port: 6c9f1a8e-bc2e-4541-b4bb-fb6ee89433bd
2026-07-15 06:10:15.920 7 INFO neutron_taas.services.taas.tap_mirror_plugin [None req-a417c22e-d684-410e-b626-d3d03e733e92 c56a7a5116354f108ff3fd293e3857cc 4a2ea4adb61e4f949805bb34a4ccbd03 - - default default] Tap Mirror: Handle Delete Port: 6c9f1a8e-bc2e-4541-b4bb-fb6ee89433bd [pid: 7|app: 0|req: 1119/2154] 10.0.0.85 () {32 vars in 725 bytes} [Wed Jul 15 06:10:15 2026] DELETE /v2.0/networks/afd27020-49ee-4289-8d3b-bc83dc4cad44 => generated 0 bytes in 355 msecs (HTTP/1.1 204) 3 headers in 131 bytes (1 switches on core 0) [pid: 7|app: 0|req: 1120/2155] 10.0.0.223 () {34 vars in 1070 bytes} [Wed Jul 15 06:10:16 2026] GET /v2.0/ports?fields=security_groups&fields=device_id&device_id=18c09c68-399b-4416-8719-320537595b74 => generated 12 bytes in 21 msecs (HTTP/1.1 200) 4 headers in 156 bytes (1 switches on core 0) [pid: 7|app: 0|req: 1121/2156] 10.0.0.128 () {28 vars in 583 bytes} [Wed Jul 15 06:10:16 2026] GET /v2.0/subnets => generated 6185 bytes in 102 msecs (HTTP/1.1 200) 4 headers in 158 bytes (1 switches on core 0) [pid: 7|app: 0|req: 1122/2157] 10.0.0.223 () {34 vars in 990 bytes} [Wed Jul 15 06:10:16 2026] GET /v2.0/ports?device_id=18c09c68-399b-4416-8719-320537595b74 => generated 12 bytes in 15 msecs (HTTP/1.1 200) 4 headers in 156 bytes (1 switches on core 0) [pid: 7|app: 0|req: 1123/2158] 10.0.0.128 () {28 vars in 591 bytes} [Wed Jul 15 06:10:16 2026] GET /v2.0/subnetpools => generated 19 bytes in 7 msecs (HTTP/1.1 200) 4 headers in 156 bytes (1 switches on core 0) [pid: 7|app: 0|req: 1124/2159] 10.0.0.128 () {28 vars in 585 bytes} [Wed Jul 15 06:10:16 2026] GET /v2.0/networks => generated 5567 bytes in 63 msecs (HTTP/1.1 200) 4 headers in 158 bytes (1 switches on core 0) [pid: 7|app: 0|req: 1125/2160] 10.0.0.128 () {28 vars in 581 bytes} [Wed Jul 15 06:10:16 2026] GET /v2.0/agents => generated 1214 bytes in 31 msecs (HTTP/1.1 200) 4 headers in 158 bytes (1 switches on core 0) [pid: 7|app: 0|req: 1126/2161] 10.0.0.128 () {28 vars in 591 bytes} [Wed Jul 15 06:10:16 2026] GET /v2.0/floatingips => generated 19 bytes in 18 msecs (HTTP/1.1 200) 4 headers in 156 bytes (1 switches on core 0) [pid: 7|app: 0|req: 1127/2162] 10.0.0.128 () {28 vars in 599 bytes} [Wed Jul 15 06:10:16 2026] GET /v2.0/security-groups => generated 26113 bytes in 49 msecs (HTTP/1.1 200) 4 headers in 159 bytes (1 switches on core 0) [pid: 7|app: 0|req: 1128/2163] 10.0.0.128 () {28 vars in 583 bytes} [Wed Jul 15 06:10:16 2026] GET /v2.0/subnets => generated 6185 bytes in 38 msecs (HTTP/1.1 200) 4 headers in 158 bytes (1 switches on core 0)
2026-07-15 06:10:16.521 8 WARNING neutron.scheduler.dhcp_agent_scheduler [None req-fce230ae-80e1-454d-837c-ac0bc7f79bef a07f8d3b2ab845228b1fd9a6e57e5e2d 1d62bc65bbd743f78ecf7a66f22a1e76 - - default default] No more DHCP agents
2026-07-15 06:10:16.523 8 WARNING neutron.api.rpc.agentnotifiers.dhcp_rpc_agent_api [None req-fce230ae-80e1-454d-837c-ac0bc7f79bef a07f8d3b2ab845228b1fd9a6e57e5e2d 1d62bc65bbd743f78ecf7a66f22a1e76 - - default default] Unable to schedule network d40fccf6-33e9-4220-939c-5f860b5e2b66: no agents available; will retry on subsequent port and subnet creation events. [pid: 7|app: 0|req: 1129/2164] 10.0.0.128 () {28 vars in 619 bytes} [Wed Jul 15 06:10:16 2026] GET /v2.0/network-ip-availabilities => generated 6300 bytes in 24 msecs (HTTP/1.1 200) 4 headers in 158 bytes (1 switches on core 0) [pid: 7|app: 0|req: 1130/2165] 10.0.0.128 () {28 vars in 579 bytes} [Wed Jul 15 06:10:16 2026] GET /v2.0/ports => generated 15875 bytes in 53 msecs (HTTP/1.1 200) 4 headers in 159 bytes (1 switches on core 0)
2026-07-15 06:10:16.673 8 INFO neutron.db.ovn_revision_numbers_db [None req-fce230ae-80e1-454d-837c-ac0bc7f79bef a07f8d3b2ab845228b1fd9a6e57e5e2d 1d62bc65bbd743f78ecf7a66f22a1e76 - - default default] Successfully bumped revision number for resource 4c424758-2951-4347-a2cb-05aa658cb72a (type: ports) to 1 [pid: 7|app: 0|req: 1131/2166] 10.0.0.128 () {28 vars in 583 bytes} [Wed Jul 15 06:10:16 2026] GET /v2.0/routers => generated 1968 bytes in 97 msecs (HTTP/1.1 200) 4 headers in 158 bytes (1 switches on core 0) [pid: 7|app: 0|req: 1132/2167] 10.0.0.128 () {28 vars in 624 bytes} [Wed Jul 15 06:10:16 2026] GET /v2.0/agents?binary=ovn-controller => generated 416 bytes in 14 msecs (HTTP/1.1 200) 4 headers in 157 bytes (1 switches on core 0)
2026-07-15 06:10:16.969 7 WARNING neutron.db.securitygroups_db [None req-fc376610-dcf0-47ba-a7ba-359a3413a88d 1c2db2a627fc43c2820da515903d6096 e4c40ceefa6942449a31bc419ab32f09 - - default default] project_id key not found in filters, using tenant_id instead. This support has been deprecated and will be removed in a future release. [pid: 7|app: 0|req: 1133/2168] 10.0.0.85 () {32 vars in 773 bytes} [Wed Jul 15 06:10:16 2026] GET /v2.0/security-groups?tenant_id=4a2ea4adb61e4f949805bb34a4ccbd03&name=default => generated 2925 bytes in 182 msecs (HTTP/1.1 200) 4 headers in 158 bytes (1 switches on core 0)
2026-07-15 06:10:17.161 7 INFO neutron.services.segments.plugin [-] Segment a8192ba9-9dcd-4fa2-b1fa-88f4c4e8b742 resource provider aggregate not found [pid: 7|app: 0|req: 1134/2169] 10.0.0.85 () {32 vars in 739 bytes} [Wed Jul 15 06:10:17 2026] DELETE /v2.0/security-groups/749218f8-0d71-446c-b755-0d2f57f94c0e => generated 0 bytes in 175 msecs (HTTP/1.1 204) 2 headers in 112 bytes (1 switches on core 0)
2026-07-15 06:10:17.181 7 INFO neutron.services.segments.plugin [-] Client error retrieving segment a8192ba9-9dcd-4fa2-b1fa-88f4c4e8b742 resource provider; error: Placement Client Error (4xx): {"errors": [{"status": 404, "title": "Not Found", "detail": "The resource could not be found.\n\n No resource provider with uuid a8192ba9-9dcd-4fa2-b1fa-88f4c4e8b742 found for delete ", "request_id": "req-843565fd-1b1e-4f12-8aa9-5eb2aeee56eb"}]}
2026-07-15 06:10:17.199 7 INFO neutron.services.segments.plugin [-] Segment 3be06b0f-3e13-4c1f-88b1-431bd873296c resource provider aggregate not found
2026-07-15 06:10:17.201 7 INFO neutron.services.segments.plugin [-] Segment a8192ba9-9dcd-4fa2-b1fa-88f4c4e8b742 resource provider aggregate not found
2026-07-15 06:10:17.220 7 INFO neutron.services.segments.plugin [-] Client error retrieving segment 3be06b0f-3e13-4c1f-88b1-431bd873296c resource provider; error: Placement Client Error (4xx): {"errors": [{"status": 404, "title": "Not Found", "detail": "The resource could not be found.\n\n No resource provider with uuid 3be06b0f-3e13-4c1f-88b1-431bd873296c found for delete ", "request_id": "req-b18ee18c-86b9-4694-9f72-fee886930261"}]}
2026-07-15 06:10:17.221 7 INFO neutron.services.segments.plugin [-] Client error retrieving segment a8192ba9-9dcd-4fa2-b1fa-88f4c4e8b742 resource provider; error: Placement Client Error (4xx): {"errors": [{"status": 404, "title": "Not Found", "detail": "The resource could not be found.\n\n No resource provider with uuid a8192ba9-9dcd-4fa2-b1fa-88f4c4e8b742 found for delete ", "request_id": "req-3d438f56-1649-405d-aa40-b83c6b6c302d"}]}
2026-07-15 06:10:17.234 7 INFO neutron.services.segments.plugin [-] Segment c80874de-b9e4-433f-af6d-8463cfe64ec3 resource provider aggregate not found
2026-07-15 06:10:17.235 7 INFO neutron.services.segments.plugin [-] Segment 3be06b0f-3e13-4c1f-88b1-431bd873296c resource provider aggregate not found
2026-07-15 06:10:17.250 7 INFO neutron.services.segments.plugin [-] Client error retrieving segment 3be06b0f-3e13-4c1f-88b1-431bd873296c resource provider; error: Placement Client Error (4xx): {"errors": [{"status": 404, "title": "Not Found", "detail": "The resource could not be found.\n\n No resource provider with uuid 3be06b0f-3e13-4c1f-88b1-431bd873296c found for delete ", "request_id": "req-eda22b1c-937b-4202-bb18-4452fc5052e3"}]}
2026-07-15 06:10:17.254 7 INFO neutron.services.segments.plugin [-] Client error retrieving segment c80874de-b9e4-433f-af6d-8463cfe64ec3 resource provider; error: Placement Client Error (4xx): {"errors": [{"status": 404, "title": "Not Found", "detail": "The resource could not be found.\n\n No resource provider with uuid c80874de-b9e4-433f-af6d-8463cfe64ec3 found for delete ", "request_id": "req-6f071446-0fcf-4eec-8b56-cb32a7944f32"}]}
2026-07-15 06:10:17.261 7 INFO neutron.services.segments.plugin [-] Segment c80874de-b9e4-433f-af6d-8463cfe64ec3 resource provider aggregate not found
2026-07-15 06:10:17.274 7 INFO neutron.services.segments.plugin [-] Client error retrieving segment c80874de-b9e4-433f-af6d-8463cfe64ec3 resource provider; error: Placement Client Error (4xx): {"errors": [{"status": 404, "title": "Not Found", "detail": "The resource could not be found.\n\n No resource provider with uuid c80874de-b9e4-433f-af6d-8463cfe64ec3 found for delete ", "request_id": "req-16ca88e6-98d8-46bb-af41-f582c84c4927"}]}
2026-07-15 06:10:17.283 7 WARNING neutron.db.securitygroups_db [None req-ad592464-8755-4ec4-8064-2552da73fb30 1c2db2a627fc43c2820da515903d6096 e4c40ceefa6942449a31bc419ab32f09 - - default default] project_id key not found in filters, using tenant_id instead. This support has been deprecated and will be removed in a future release.
2026-07-15 06:10:17.418 7 INFO neutron.db.ovn_revision_numbers_db [None req-ad592464-8755-4ec4-8064-2552da73fb30 1c2db2a627fc43c2820da515903d6096 e4c40ceefa6942449a31bc419ab32f09 - - default default] Successfully bumped revision number for resource 66989362-8775-4737-9436-e16526fed0a0 (type: security_groups) to 1
2026-07-15 06:10:17.428 8 WARNING neutron.scheduler.dhcp_agent_scheduler [None req-fce230ae-80e1-454d-837c-ac0bc7f79bef a07f8d3b2ab845228b1fd9a6e57e5e2d 1d62bc65bbd743f78ecf7a66f22a1e76 - - default default] No more DHCP agents
2026-07-15 06:10:17.429 8 WARNING neutron.api.rpc.agentnotifiers.dhcp_rpc_agent_api [None req-fce230ae-80e1-454d-837c-ac0bc7f79bef a07f8d3b2ab845228b1fd9a6e57e5e2d 1d62bc65bbd743f78ecf7a66f22a1e76 - - default default] Unable to schedule network d40fccf6-33e9-4220-939c-5f860b5e2b66: no agents available; will retry on subsequent port and subnet creation events.
2026-07-15 06:10:17.432 7 INFO neutron.db.ovn_revision_numbers_db [None req-ad592464-8755-4ec4-8064-2552da73fb30 1c2db2a627fc43c2820da515903d6096 e4c40ceefa6942449a31bc419ab32f09 - - default default] Successfully bumped revision number for resource 10284de4-cfa7-4a1d-8c03-ac1d5b675f5a (type: security_group_rules) to 0
2026-07-15 06:10:17.444 7 INFO neutron.db.ovn_revision_numbers_db [None req-ad592464-8755-4ec4-8064-2552da73fb30 1c2db2a627fc43c2820da515903d6096 e4c40ceefa6942449a31bc419ab32f09 - - default default] Successfully bumped revision number for resource 173100d6-15dd-47ce-b23d-f87c67e7c18a (type: security_group_rules) to 0
2026-07-15 06:10:17.457 7 INFO neutron.db.ovn_revision_numbers_db [None req-ad592464-8755-4ec4-8064-2552da73fb30 1c2db2a627fc43c2820da515903d6096 e4c40ceefa6942449a31bc419ab32f09 - - default default] Successfully bumped revision number for resource 2dc860b4-e705-40dd-a116-7564184bd61e (type: security_group_rules) to 0
2026-07-15 06:10:17.469 7 INFO neutron.db.ovn_revision_numbers_db [None req-ad592464-8755-4ec4-8064-2552da73fb30 1c2db2a627fc43c2820da515903d6096 e4c40ceefa6942449a31bc419ab32f09 - - default default] Successfully bumped revision number for resource 9e889001-51c6-4ef3-8c10-a3e0623eb0ce (type: security_group_rules) to 0 [pid: 7|app: 0|req: 1135/2170] 10.0.0.85 () {32 vars in 773 bytes} [Wed Jul 15 06:10:17 2026] GET /v2.0/security-groups?tenant_id=64c2cdbdb3eb419899226a02f5468ce1&name=default => generated 2925 bytes in 227 msecs (HTTP/1.1 200) 4 headers in 158 bytes (1 switches on core 0) [pid: 7|app: 0|req: 1138/2173] 10.0.0.85 () {32 vars in 739 bytes} [Wed Jul 15 06:10:17 2026] DELETE /v2.0/security-groups/66989362-8775-4737-9436-e16526fed0a0 => generated 0 bytes in 163 msecs (HTTP/1.1 204) 2 headers in 112 bytes (1 switches on core 0)
2026-07-15 06:10:17.726 8 INFO neutron.db.ovn_revision_numbers_db [None req-fce230ae-80e1-454d-837c-ac0bc7f79bef a07f8d3b2ab845228b1fd9a6e57e5e2d 1d62bc65bbd743f78ecf7a66f22a1e76 - - default default] Successfully bumped revision number for resource 4c424758-2951-4347-a2cb-05aa658cb72a (type: router_ports) to 1 [pid: 8|app: 0|req: 1036/2174] 10.0.0.85 () {34 vars in 782 bytes} [Wed Jul 15 06:10:15 2026] PUT /v2.0/routers/02288577-ff1c-43f0-88b3-1f051a9e36c9/add_router_interface => generated 310 bytes in 1912 msecs (HTTP/1.1 200) 4 headers in 157 bytes (1 switches on core 0)
2026-07-15 06:10:17.902 8 INFO neutron.db.ovn_revision_numbers_db [None req-f88f7ea9-961c-4b86-b652-d5428fa0c547 a07f8d3b2ab845228b1fd9a6e57e5e2d 1d62bc65bbd743f78ecf7a66f22a1e76 - - default default] Successfully bumped revision number for resource f9dcb164-aa76-4a22-aabe-194ef0689882 (type: security_groups) to 1
