2026-07-15 06:10:45.011 8 INFO neutron.pecan_wsgi.hooks.translation [None req-f9bb8902-928d-4209-8faf-5b7d52cf7dd5 a07f8d3b2ab845228b1fd9a6e57e5e2d 1d62bc65bbd743f78ecf7a66f22a1e76 - - default default] GET failed (client error): The resource could not be found. [pid: 8|app: 0|req: 1139/2422] 10.0.0.85 () {32 vars in 722 bytes} [Wed Jul 15 06:10:44 2026] GET /v2.0/networks/78866cd0-8a7b-4d3d-a7b0-0b5b60a22e95 => generated 138 bytes in 16 msecs (HTTP/1.1 404) 4 headers in 164 bytes (1 switches on core 0) [pid: 7|app: 0|req: 1284/2423] 199.204.45.72 () {34 vars in 993 bytes} [Wed Jul 15 06:10:45 2026] GET /v2.0/ports?device_id=50c8ec86-44ad-48e1-b7b8-41c547f85776 => generated 969 bytes in 77 msecs (HTTP/1.1 200) 4 headers in 157 bytes (1 switches on core 0) [pid: 8|app: 0|req: 1140/2424] 10.0.0.223 () {34 vars in 1070 bytes} [Wed Jul 15 06:10:45 2026] GET /v2.0/ports?fields=security_groups&fields=device_id&device_id=50c8ec86-44ad-48e1-b7b8-41c547f85776 => generated 123 bytes in 31 msecs (HTTP/1.1 200) 4 headers in 157 bytes (1 switches on core 0) [pid: 8|app: 0|req: 1141/2425] 10.0.0.223 () {34 vars in 1040 bytes} [Wed Jul 15 06:10:45 2026] GET /v2.0/security-groups?id=9ea00e01-be72-4821-8531-6e1d5db9e9cb&fields=id&fields=name => generated 114 bytes in 28 msecs (HTTP/1.1 200) 4 headers in 157 bytes (1 switches on core 0)
2026-07-15 06:10:45.270 7 INFO neutron_taas.services.taas.taas_plugin [req-ce58620e-d5c1-4ca8-8f6e-faad79bda820 req-0c562970-d319-405c-bae4-aeb8b1422ae6 2f90ecbd489d46a78e436e17067bae07 74019ebf85a4429bba41cf659127c173 - - default default] TaaS: Handle Delete Port: 3b5b3e99-4d95-4434-9c80-7e8a1b921d4d
2026-07-15 06:10:45.274 7 INFO neutron_taas.services.taas.tap_mirror_plugin [req-ce58620e-d5c1-4ca8-8f6e-faad79bda820 req-0c562970-d319-405c-bae4-aeb8b1422ae6 2f90ecbd489d46a78e436e17067bae07 74019ebf85a4429bba41cf659127c173 - - default default] Tap Mirror: Handle Delete Port: 3b5b3e99-4d95-4434-9c80-7e8a1b921d4d [pid: 7|app: 0|req: 1285/2426] 199.204.45.72 () {36 vars in 996 bytes} [Wed Jul 15 06:10:45 2026] DELETE /v2.0/ports/3b5b3e99-4d95-4434-9c80-7e8a1b921d4d => generated 0 bytes in 273 msecs (HTTP/1.1 204) 3 headers in 131 bytes (1 switches on core 0)
2026-07-15 06:10:45.456 7 WARNING neutron.notifiers.nova [-] Nova event matching ['req-dbf6d946-15f7-4e29-814a-7b7bf38a5245']: {'server_uuid': '50c8ec86-44ad-48e1-b7b8-41c547f85776', 'name': 'network-vif-deleted', 'tag': '3b5b3e99-4d95-4434-9c80-7e8a1b921d4d', 'status': 'failed', 'code': 422} returned with failed status
2026-07-15 06:10:45.522 7 INFO neutron.services.segments.plugin [-] Segment d56e22e0-f49b-415d-80a8-bcd9c0a56982 resource provider aggregate not found
2026-07-15 06:10:45.523 7 INFO neutron.services.segments.plugin [-] Segment d56e22e0-f49b-415d-80a8-bcd9c0a56982 resource provider aggregate not found
2026-07-15 06:10:45.545 7 INFO neutron.services.segments.plugin [-] Client error retrieving segment d56e22e0-f49b-415d-80a8-bcd9c0a56982 resource provider; error: Placement Client Error (4xx): {"errors": [{"status": 404, "title": "Not Found", "detail": "The resource could not be found.\n\n No resource provider with uuid d56e22e0-f49b-415d-80a8-bcd9c0a56982 found for delete ", "request_id": "req-6872f58f-3d1c-494a-adf1-e8791a459702"}]}
2026-07-15 06:10:45.549 7 INFO neutron.services.segments.plugin [-] Client error retrieving segment d56e22e0-f49b-415d-80a8-bcd9c0a56982 resource provider; error: Placement Client Error (4xx): {"errors": [{"status": 404, "title": "Not Found", "detail": "The resource could not be found.\n\n No resource provider with uuid d56e22e0-f49b-415d-80a8-bcd9c0a56982 found for delete ", "request_id": "req-2949ad26-1dcb-4c79-9262-4d2da8e39266"}]}
2026-07-15 06:10:45.567 7 INFO neutron.services.segments.plugin [-] Segment 7a48f25b-24a5-47b5-897d-1d2a70e2c159 resource provider aggregate not found
2026-07-15 06:10:45.567 7 INFO neutron.services.segments.plugin [-] Segment 7a48f25b-24a5-47b5-897d-1d2a70e2c159 resource provider aggregate not found
2026-07-15 06:10:45.583 7 INFO neutron.services.segments.plugin [-] Client error retrieving segment 7a48f25b-24a5-47b5-897d-1d2a70e2c159 resource provider; error: Placement Client Error (4xx): {"errors": [{"status": 404, "title": "Not Found", "detail": "The resource could not be found.\n\n No resource provider with uuid 7a48f25b-24a5-47b5-897d-1d2a70e2c159 found for delete ", "request_id": "req-04780388-84d3-4f68-8a13-61d020971f4f"}]}
2026-07-15 06:10:45.586 7 INFO neutron.services.segments.plugin [-] Client error retrieving segment 7a48f25b-24a5-47b5-897d-1d2a70e2c159 resource provider; error: Placement Client Error (4xx): {"errors": [{"status": 404, "title": "Not Found", "detail": "The resource could not be found.\n\n No resource provider with uuid 7a48f25b-24a5-47b5-897d-1d2a70e2c159 found for delete ", "request_id": "req-0db28526-8de2-4130-82fe-a5ba260a80ec"}]} [pid: 8|app: 0|req: 1142/2427] 10.0.0.223 () {34 vars in 1070 bytes} [Wed Jul 15 06:10:46 2026] GET /v2.0/ports?fields=security_groups&fields=device_id&device_id=50c8ec86-44ad-48e1-b7b8-41c547f85776 => generated 12 bytes in 19 msecs (HTTP/1.1 200) 4 headers in 156 bytes (1 switches on core 0)
2026-07-15 06:10:47.270 7 WARNING neutron.db.securitygroups_db [None req-0db5c658-870a-47bd-9f45-9508d3c5c4b9 1c2db2a627fc43c2820da515903d6096 e4c40ceefa6942449a31bc419ab32f09 - - default default] project_id key not found in filters, using tenant_id instead. This support has been deprecated and will be removed in a future release.
2026-07-15 06:10:47.418 7 INFO neutron.db.ovn_revision_numbers_db [None req-0db5c658-870a-47bd-9f45-9508d3c5c4b9 1c2db2a627fc43c2820da515903d6096 e4c40ceefa6942449a31bc419ab32f09 - - default default] Successfully bumped revision number for resource e3f87269-2bc0-47b8-ac98-8c9ec63a46e0 (type: security_groups) to 1
2026-07-15 06:10:47.434 7 INFO neutron.db.ovn_revision_numbers_db [None req-0db5c658-870a-47bd-9f45-9508d3c5c4b9 1c2db2a627fc43c2820da515903d6096 e4c40ceefa6942449a31bc419ab32f09 - - default default] Successfully bumped revision number for resource 0b8ab0cf-07c1-492f-8397-d5be858cfd9f (type: security_group_rules) to 0 [pid: 8|app: 0|req: 1145/2430] 10.0.0.223 () {34 vars in 1070 bytes} [Wed Jul 15 06:10:47 2026] GET /v2.0/ports?fields=security_groups&fields=device_id&device_id=50c8ec86-44ad-48e1-b7b8-41c547f85776 => generated 12 bytes in 38 msecs (HTTP/1.1 200) 4 headers in 156 bytes (1 switches on core 0)
2026-07-15 06:10:47.450 7 INFO neutron.db.ovn_revision_numbers_db [None req-0db5c658-870a-47bd-9f45-9508d3c5c4b9 1c2db2a627fc43c2820da515903d6096 e4c40ceefa6942449a31bc419ab32f09 - - default default] Successfully bumped revision number for resource 175c1275-76ba-4467-87ef-4bbaa6399063 (type: security_group_rules) to 0
2026-07-15 06:10:47.462 7 INFO neutron.db.ovn_revision_numbers_db [None req-0db5c658-870a-47bd-9f45-9508d3c5c4b9 1c2db2a627fc43c2820da515903d6096 e4c40ceefa6942449a31bc419ab32f09 - - default default] Successfully bumped revision number for resource c62eb4f4-202e-4d9c-9f6c-56db0058587f (type: security_group_rules) to 0
2026-07-15 06:10:47.475 7 INFO neutron.db.ovn_revision_numbers_db [None req-0db5c658-870a-47bd-9f45-9508d3c5c4b9 1c2db2a627fc43c2820da515903d6096 e4c40ceefa6942449a31bc419ab32f09 - - default default] Successfully bumped revision number for resource cc430a7b-43c9-4edd-a40b-0ab5cb3d9e14 (type: security_group_rules) to 0 [pid: 7|app: 0|req: 1286/2431] 10.0.0.85 () {32 vars in 773 bytes} [Wed Jul 15 06:10:47 2026] GET /v2.0/security-groups?tenant_id=19753afda8424ece852376771b8c0139&name=default => generated 2929 bytes in 415 msecs (HTTP/1.1 200) 4 headers in 158 bytes (1 switches on core 0) [pid: 7|app: 0|req: 1287/2432] 10.0.0.159 () {34 vars in 990 bytes} [Wed Jul 15 06:10:47 2026] GET /v2.0/ports?device_id=50c8ec86-44ad-48e1-b7b8-41c547f85776 => generated 12 bytes in 22 msecs (HTTP/1.1 200) 4 headers in 156 bytes (1 switches on core 0) [pid: 8|app: 0|req: 1146/2433] 10.0.0.85 () {32 vars in 739 bytes} [Wed Jul 15 06:10:47 2026] DELETE /v2.0/security-groups/e3f87269-2bc0-47b8-ac98-8c9ec63a46e0 => generated 0 bytes in 219 msecs (HTTP/1.1 204) 2 headers in 112 bytes (1 switches on core 0)
2026-07-15 06:10:47.818 8 WARNING neutron.db.securitygroups_db [None req-dcb67755-d41d-45b1-8ac8-1c504f0cb4b5 1c2db2a627fc43c2820da515903d6096 e4c40ceefa6942449a31bc419ab32f09 - - default default] project_id key not found in filters, using tenant_id instead. This support has been deprecated and will be removed in a future release.
2026-07-15 06:10:47.945 8 INFO neutron.db.ovn_revision_numbers_db [None req-dcb67755-d41d-45b1-8ac8-1c504f0cb4b5 1c2db2a627fc43c2820da515903d6096 e4c40ceefa6942449a31bc419ab32f09 - - default default] Successfully bumped revision number for resource d3f86a41-fff8-49cc-a5d2-085bf8d7e8aa (type: security_groups) to 1
2026-07-15 06:10:47.959 8 INFO neutron.db.ovn_revision_numbers_db [None req-dcb67755-d41d-45b1-8ac8-1c504f0cb4b5 1c2db2a627fc43c2820da515903d6096 e4c40ceefa6942449a31bc419ab32f09 - - default default] Successfully bumped revision number for resource 0c99cc72-afbe-4f15-9857-743ce23ca204 (type: security_group_rules) to 0
2026-07-15 06:10:47.969 8 INFO neutron.db.ovn_revision_numbers_db [None req-dcb67755-d41d-45b1-8ac8-1c504f0cb4b5 1c2db2a627fc43c2820da515903d6096 e4c40ceefa6942449a31bc419ab32f09 - - default default] Successfully bumped revision number for resource 1c760031-6aea-4976-b69c-5cb0c3c6dd01 (type: security_group_rules) to 0
2026-07-15 06:10:47.980 8 INFO neutron.db.ovn_revision_numbers_db [None req-dcb67755-d41d-45b1-8ac8-1c504f0cb4b5 1c2db2a627fc43c2820da515903d6096 e4c40ceefa6942449a31bc419ab32f09 - - default default] Successfully bumped revision number for resource 591507bd-fcd8-44ff-95b0-90bfec869c2f (type: security_group_rules) to 0
2026-07-15 06:10:47.992 8 INFO neutron.db.ovn_revision_numbers_db [None req-dcb67755-d41d-45b1-8ac8-1c504f0cb4b5 1c2db2a627fc43c2820da515903d6096 e4c40ceefa6942449a31bc419ab32f09 - - default default] Successfully bumped revision number for resource c3512a0f-a11d-4553-b2a3-d96608f11440 (type: security_group_rules) to 0 [pid: 8|app: 0|req: 1147/2434] 10.0.0.85 () {32 vars in 773 bytes} [Wed Jul 15 06:10:47 2026] GET /v2.0/security-groups?tenant_id=9df0b2e26fb74ed0b16ff8b12ccc157f&name=default => generated 2929 bytes in 219 msecs (HTTP/1.1 200) 4 headers in 158 bytes (1 switches on core 0)
2026-07-15 06:10:48.107 7 WARNING neutron.scheduler.dhcp_agent_scheduler [None req-fb6a7637-02c7-4a85-9d55-b0c10341df07 a180d7fc14754b4f9de51eaa79261d52 49704b35232041f9a9d39310f9ee4b29 - - default default] No more DHCP agents
2026-07-15 06:10:48.108 7 WARNING neutron.api.rpc.agentnotifiers.dhcp_rpc_agent_api [None req-fb6a7637-02c7-4a85-9d55-b0c10341df07 a180d7fc14754b4f9de51eaa79261d52 49704b35232041f9a9d39310f9ee4b29 - - default default] Unable to schedule network 0c87e584-60ea-41fe-aa3f-91827559531d: no agents available; will retry on subsequent port and subnet creation events. [pid: 8|app: 0|req: 1148/2435] 10.0.0.85 () {32 vars in 739 bytes} [Wed Jul 15 06:10:48 2026] DELETE /v2.0/security-groups/d3f86a41-fff8-49cc-a5d2-085bf8d7e8aa => generated 0 bytes in 155 msecs (HTTP/1.1 204) 2 headers in 112 bytes (1 switches on core 0)
2026-07-15 06:10:48.337 8 WARNING neutron.db.securitygroups_db [None req-81dca9b3-9c35-45d1-b16f-adca48d07af1 1c2db2a627fc43c2820da515903d6096 e4c40ceefa6942449a31bc419ab32f09 - - default default] project_id key not found in filters, using tenant_id instead. This support has been deprecated and will be removed in a future release. [pid: 7|app: 0|req: 1288/2436] 10.0.0.85 () {34 vars in 675 bytes} [Wed Jul 15 06:10:47 2026] POST /v2.0/floatingips => generated 552 bytes in 610 msecs (HTTP/1.1 201) 4 headers in 162 bytes (1 switches on core 0)
2026-07-15 06:10:48.442 7 WARNING tagging [None req-aa72db47-3731-45ae-90a2-346fa2d04d48 a180d7fc14754b4f9de51eaa79261d52 49704b35232041f9a9d39310f9ee4b29 - - default default] project_id key not found in request, using tenant_id instead. This support has been deprecated and will be removed in a future release.
2026-07-15 06:10:48.449 8 INFO neutron.db.ovn_revision_numbers_db [None req-81dca9b3-9c35-45d1-b16f-adca48d07af1 1c2db2a627fc43c2820da515903d6096 e4c40ceefa6942449a31bc419ab32f09 - - default default] Successfully bumped revision number for resource 2c8552e8-4b33-40e2-84d7-d637a03347a6 (type: security_groups) to 1
2026-07-15 06:10:48.457 8 INFO neutron.db.ovn_revision_numbers_db [None req-81dca9b3-9c35-45d1-b16f-adca48d07af1 1c2db2a627fc43c2820da515903d6096 e4c40ceefa6942449a31bc419ab32f09 - - default default] Successfully bumped revision number for resource 5c999ce6-af7f-4bd0-ad85-d0e0783ecb49 (type: security_group_rules) to 0
2026-07-15 06:10:48.465 8 INFO neutron.db.ovn_revision_numbers_db [None req-81dca9b3-9c35-45d1-b16f-adca48d07af1 1c2db2a627fc43c2820da515903d6096 e4c40ceefa6942449a31bc419ab32f09 - - default default] Successfully bumped revision number for resource 78b4c685-92f0-4515-8227-ed7e3aecd5e7 (type: security_group_rules) to 0
2026-07-15 06:10:48.474 8 INFO neutron.db.ovn_revision_numbers_db [None req-81dca9b3-9c35-45d1-b16f-adca48d07af1 1c2db2a627fc43c2820da515903d6096 e4c40ceefa6942449a31bc419ab32f09 - - default default] Successfully bumped revision number for resource b7c48930-f687-4abe-a2b1-b09ba90e8e47 (type: security_group_rules) to 0 [pid: 7|app: 0|req: 1289/2437] 10.0.0.85 () {34 vars in 758 bytes} [Wed Jul 15 06:10:48 2026] PUT /v2.0/floatingips/8f762804-9870-4c15-928e-5eca047fd582/tags => generated 25 bytes in 74 msecs (HTTP/1.1 200) 4 headers in 156 bytes (1 switches on core 0)
2026-07-15 06:10:48.483 8 INFO neutron.db.ovn_revision_numbers_db [None req-81dca9b3-9c35-45d1-b16f-adca48d07af1 1c2db2a627fc43c2820da515903d6096 e4c40ceefa6942449a31bc419ab32f09 - - default default] Successfully bumped revision number for resource f8f1247c-7021-4c4b-b703-9362925eef37 (type: security_group_rules) to 0
2026-07-15 06:10:48.503 7 WARNING tagging [None req-4a17afb2-0be8-42da-8b4c-7254ec58ea6b a180d7fc14754b4f9de51eaa79261d52 49704b35232041f9a9d39310f9ee4b29 - - default default] project_id key not found in request, using tenant_id instead. This support has been deprecated and will be removed in a future release. [pid: 8|app: 0|req: 1149/2438] 10.0.0.85 () {32 vars in 773 bytes} [Wed Jul 15 06:10:48 2026] GET /v2.0/security-groups?tenant_id=920aca1c8da849b0a659ccfaf6149a97&name=default => generated 2929 bytes in 178 msecs (HTTP/1.1 200) 4 headers in 158 bytes (1 switches on core 0) [pid: 7|app: 0|req: 1290/2439] 10.0.0.85 () {32 vars in 738 bytes} [Wed Jul 15 06:10:48 2026] GET /v2.0/floatingips/8f762804-9870-4c15-928e-5eca047fd582/tags => generated 25 bytes in 36 msecs (HTTP/1.1 200) 4 headers in 156 bytes (1 switches on core 0) [pid: 8|app: 0|req: 1150/2440] 10.0.0.223 () {34 vars in 1070 bytes} [Wed Jul 15 06:10:48 2026] GET /v2.0/ports?fields=security_groups&fields=device_id&device_id=50c8ec86-44ad-48e1-b7b8-41c547f85776 => generated 12 bytes in 13 msecs (HTTP/1.1 200) 4 headers in 156 bytes (1 switches on core 0)
2026-07-15 06:10:48.572 8 WARNING tagging [None req-5ebc5bc3-83cf-417b-8bab-e0e550cd7ed6 a180d7fc14754b4f9de51eaa79261d52 49704b35232041f9a9d39310f9ee4b29 - - default default] project_id key not found in request, using tenant_id instead. This support has been deprecated and will be removed in a future release. [pid: 8|app: 0|req: 1151/2441] 10.0.0.85 () {34 vars in 769 bytes} [Wed Jul 15 06:10:48 2026] PUT /v2.0/floatingips/8f762804-9870-4c15-928e-5eca047fd582/tags/green => generated 4 bytes in 122 msecs (HTTP/1.1 201) 4 headers in 160 bytes (1 switches on core 0) [pid: 8|app: 0|req: 1152/2442] 10.0.0.223 () {34 vars in 990 bytes} [Wed Jul 15 06:10:48 2026] GET /v2.0/ports?device_id=50c8ec86-44ad-48e1-b7b8-41c547f85776 => generated 12 bytes in 25 msecs (HTTP/1.1 200) 4 headers in 156 bytes (1 switches on core 0) [pid: 7|app: 0|req: 1291/2443] 10.0.0.85 () {32 vars in 739 bytes} [Wed Jul 15 06:10:48 2026] DELETE /v2.0/security-groups/2c8552e8-4b33-40e2-84d7-d637a03347a6 => generated 0 bytes in 180 msecs (HTTP/1.1 204) 2 headers in 112 bytes (1 switches on core 0)
2026-07-15 06:10:48.706 8 WARNING tagging [None req-bf2cb3a7-1e16-4c50-bccc-021564e0cfe2 a180d7fc14754b4f9de51eaa79261d52 49704b35232041f9a9d39310f9ee4b29 - - default default] project_id key not found in request, using tenant_id instead. This support has been deprecated and will be removed in a future release. [pid: 8|app: 0|req: 1153/2444] 10.0.0.85 () {32 vars in 738 bytes} [Wed Jul 15 06:10:48 2026] GET /v2.0/floatingips/8f762804-9870-4c15-928e-5eca047fd582/tags => generated 34 bytes in 44 msecs (HTTP/1.1 200) 4 headers in 156 bytes (1 switches on core 0)
2026-07-15 06:10:48.752 7 WARNING tagging [None req-ef6b3c48-2ac3-4f8b-8c02-30ca56295db4 a180d7fc14754b4f9de51eaa79261d52 49704b35232041f9a9d39310f9ee4b29 - - default default] project_id key not found in request, using tenant_id instead. This support has been deprecated and will be removed in a future release. [pid: 7|app: 0|req: 1292/2445] 10.0.0.85 () {34 vars in 765 bytes} [Wed Jul 15 06:10:48 2026] PUT /v2.0/floatingips/8f762804-9870-4c15-928e-5eca047fd582/tags/red => generated 4 bytes in 57 msecs (HTTP/1.1 201) 4 headers in 160 bytes (1 switches on core 0)
2026-07-15 06:10:48.809 8 WARNING tagging [None req-841b78a5-209d-4f04-80f8-3b12a300c01d a180d7fc14754b4f9de51eaa79261d52 49704b35232041f9a9d39310f9ee4b29 - - default default] project_id key not found in request, using tenant_id instead. This support has been deprecated and will be removed in a future release.
2026-07-15 06:10:48.826 7 WARNING neutron.db.securitygroups_db [None req-54ad8e7f-c542-4fcc-909e-4a6c71d30764 1c2db2a627fc43c2820da515903d6096 e4c40ceefa6942449a31bc419ab32f09 - - default default] project_id key not found in filters, using tenant_id instead. This support has been deprecated and will be removed in a future release. [pid: 8|app: 0|req: 1154/2446] 10.0.0.85 () {32 vars in 738 bytes} [Wed Jul 15 06:10:48 2026] GET /v2.0/floatingips/8f762804-9870-4c15-928e-5eca047fd582/tags => generated 34 bytes in 42 msecs (HTTP/1.1 200) 4 headers in 156 bytes (1 switches on core 0)
2026-07-15 06:10:48.857 8 WARNING tagging [None req-8df8b544-5430-4235-b700-aef3d4545665 a180d7fc14754b4f9de51eaa79261d52 49704b35232041f9a9d39310f9ee4b29 - - default default] project_id key not found in request, using tenant_id instead. This support has been deprecated and will be removed in a future release. [pid: 8|app: 0|req: 1155/2447] 10.0.0.85 () {34 vars in 787 bytes} [Wed Jul 15 06:10:48 2026] PUT /v2.0/floatingips/8f762804-9870-4c15-928e-5eca047fd582/tags/black.or.white => generated 4 bytes in 95 msecs (HTTP/1.1 201) 4 headers in 160 bytes (1 switches on core 0)
2026-07-15 06:10:48.940 7 INFO neutron.db.ovn_revision_numbers_db [None req-54ad8e7f-c542-4fcc-909e-4a6c71d30764 1c2db2a627fc43c2820da515903d6096 e4c40ceefa6942449a31bc419ab32f09 - - default default] Successfully bumped revision number for resource 505160be-8a84-436d-8fac-ef61a6050cc6 (type: security_groups) to 1
2026-07-15 06:10:48.951 7 INFO neutron.db.ovn_revision_numbers_db [None req-54ad8e7f-c542-4fcc-909e-4a6c71d30764 1c2db2a627fc43c2820da515903d6096 e4c40ceefa6942449a31bc419ab32f09 - - default default] Successfully bumped revision number for resource 1267d106-661a-46ef-a467-6f166791cd5b (type: security_group_rules) to 0
2026-07-15 06:10:48.975 7 INFO neutron.db.ovn_revision_numbers_db [None req-54ad8e7f-c542-4fcc-909e-4a6c71d30764 1c2db2a627fc43c2820da515903d6096 e4c40ceefa6942449a31bc419ab32f09 - - default default] Successfully bumped revision number for resource 458644b8-a910-4455-87bc-6a64a7dcc2be (type: security_group_rules) to 0
2026-07-15 06:10:48.989 7 INFO neutron.db.ovn_revision_numbers_db [None req-54ad8e7f-c542-4fcc-909e-4a6c71d30764 1c2db2a627fc43c2820da515903d6096 e4c40ceefa6942449a31bc419ab32f09 - - default default] Successfully bumped revision number for resource 8f9f799d-8b87-47b5-bc6e-2ddfcf8a0406 (type: security_group_rules) to 0
2026-07-15 06:10:49.003 7 INFO neutron.db.ovn_revision_numbers_db [None req-54ad8e7f-c542-4fcc-909e-4a6c71d30764 1c2db2a627fc43c2820da515903d6096 e4c40ceefa6942449a31bc419ab32f09 - - default default] Successfully bumped revision number for resource fd9816f1-407a-427c-8da9-9f2217d0a9ee (type: security_group_rules) to 0 [pid: 7|app: 0|req: 1293/2448] 10.0.0.85 () {32 vars in 773 bytes} [Wed Jul 15 06:10:48 2026] GET /v2.0/security-groups?tenant_id=73d6bfc12ca74b94a6de7dcedd031fee&name=default => generated 2929 bytes in 220 msecs (HTTP/1.1 200) 4 headers in 158 bytes (1 switches on core 0)
2026-07-15 06:10:49.064 7 WARNING tagging [None req-95aaeab3-ad55-402c-9ccb-ace81d2090db a180d7fc14754b4f9de51eaa79261d52 49704b35232041f9a9d39310f9ee4b29 - - default default] project_id key not found in request, using tenant_id instead. This support has been deprecated and will be removed in a future release. [pid: 7|app: 0|req: 1294/2449] 10.0.0.85 () {32 vars in 738 bytes} [Wed Jul 15 06:10:49 2026] GET /v2.0/floatingips/8f762804-9870-4c15-928e-5eca047fd582/tags => generated 52 bytes in 52 msecs (HTTP/1.1 200) 4 headers in 156 bytes (1 switches on core 0) [pid: 8|app: 0|req: 1156/2450] 10.0.0.85 () {32 vars in 739 bytes} [Wed Jul 15 06:10:48 2026] DELETE /v2.0/security-groups/9ea00e01-be72-4821-8531-6e1d5db9e9cb => generated 0 bytes in 209 msecs (HTTP/1.1 204) 2 headers in 112 bytes (1 switches on core 0)
2026-07-15 06:10:49.156 8 WARNING tagging [None req-6830971e-6997-4b85-bee5-8b3058d28564 a180d7fc14754b4f9de51eaa79261d52 49704b35232041f9a9d39310f9ee4b29 - - default default] project_id key not found in request, using tenant_id instead. This support has been deprecated and will be removed in a future release. [pid: 8|app: 0|req: 1157/2451] 10.0.0.85 () {34 vars in 758 bytes} [Wed Jul 15 06:10:49 2026] PUT /v2.0/floatingips/8f762804-9870-4c15-928e-5eca047fd582/tags => generated 37 bytes in 48 msecs (HTTP/1.1 200) 4 headers in 156 bytes (1 switches on core 0) [pid: 7|app: 0|req: 1295/2452] 10.0.0.85 () {32 vars in 739 bytes} [Wed Jul 15 06:10:49 2026] DELETE /v2.0/security-groups/505160be-8a84-436d-8fac-ef61a6050cc6 => generated 0 bytes in 198 msecs (HTTP/1.1 204) 2 headers in 112 bytes (1 switches on core 0)
2026-07-15 06:10:49.329 7 WARNING tagging [None req-8539192d-56ee-4302-9cf4-cf7b3b200347 a180d7fc14754b4f9de51eaa79261d52 49704b35232041f9a9d39310f9ee4b29 - - default default] project_id key not found in request, using tenant_id instead. This support has been deprecated and will be removed in a future release. [pid: 7|app: 0|req: 1296/2453] 10.0.0.85 () {32 vars in 738 bytes} [Wed Jul 15 06:10:49 2026] GET /v2.0/floatingips/8f762804-9870-4c15-928e-5eca047fd582/tags => generated 37 bytes in 51 msecs (HTTP/1.1 200) 4 headers in 156 bytes (1 switches on core 0)
2026-07-15 06:10:49.369 7 WARNING tagging [None req-3b279d02-0274-4077-a9c2-42008771ee19 a180d7fc14754b4f9de51eaa79261d52 49704b35232041f9a9d39310f9ee4b29 - - default default] project_id key not found in request, using tenant_id instead. This support has been deprecated and will be removed in a future release. [pid: 7|app: 0|req: 1297/2454] 10.0.0.85 () {32 vars in 746 bytes} [Wed Jul 15 06:10:49 2026] GET /v2.0/floatingips/8f762804-9870-4c15-928e-5eca047fd582/tags/red => generated 0 bytes in 38 msecs (HTTP/1.1 204) 2 headers in 112 bytes (1 switches on core 0)
2026-07-15 06:10:49.417 7 WARNING tagging [None req-b4adf1e4-995f-4f0a-89d7-48a45ccf0050 a180d7fc14754b4f9de51eaa79261d52 49704b35232041f9a9d39310f9ee4b29 - - default default] project_id key not found in request, using tenant_id instead. This support has been deprecated and will be removed in a future release.
2026-07-15 06:10:49.446 7 INFO neutron.api.v2.resource [None req-b4adf1e4-995f-4f0a-89d7-48a45ccf0050 a180d7fc14754b4f9de51eaa79261d52 49704b35232041f9a9d39310f9ee4b29 - - default default] show failed (client error): The resource could not be found. [pid: 7|app: 0|req: 1298/2455] 10.0.0.85 () {32 vars in 750 bytes} [Wed Jul 15 06:10:49 2026] GET /v2.0/floatingips/8f762804-9870-4c15-928e-5eca047fd582/tags/green => generated 99 bytes in 55 msecs (HTTP/1.1 404) 4 headers in 163 bytes (1 switches on core 0)
2026-07-15 06:10:49.453 8 INFO neutron_taas.services.taas.taas_plugin [None req-3f4d0768-b948-4911-8d7d-5c59aaa44cb9 2f90ecbd489d46a78e436e17067bae07 74019ebf85a4429bba41cf659127c173 - - default default] TaaS: Handle Delete Port: 94ebc15a-2af7-4789-9883-12b4dfc61651
2026-07-15 06:10:49.455 8 INFO neutron_taas.services.taas.tap_mirror_plugin [None req-3f4d0768-b948-4911-8d7d-5c59aaa44cb9 2f90ecbd489d46a78e436e17067bae07 74019ebf85a4429bba41cf659127c173 - - default default] Tap Mirror: Handle Delete Port: 94ebc15a-2af7-4789-9883-12b4dfc61651
2026-07-15 06:10:49.478 7 WARNING tagging [None req-e233d667-ffcd-4918-beb4-cd1aa8382f06 a180d7fc14754b4f9de51eaa79261d52 49704b35232041f9a9d39310f9ee4b29 - - default default] project_id key not found in request, using tenant_id instead. This support has been deprecated and will be removed in a future release. [pid: 7|app: 0|req: 1299/2456] 10.0.0.85 () {32 vars in 749 bytes} [Wed Jul 15 06:10:49 2026] DELETE /v2.0/floatingips/8f762804-9870-4c15-928e-5eca047fd582/tags/red => generated 0 bytes in 46 msecs (HTTP/1.1 204) 2 headers in 112 bytes (1 switches on core 0)
2026-07-15 06:10:49.508 7 WARNING neutron.db.securitygroups_db [None req-d8b1c1b9-ad4c-4ce9-b5fa-e3f3189ed812 1c2db2a627fc43c2820da515903d6096 e4c40ceefa6942449a31bc419ab32f09 - - default default] project_id key not found in filters, using tenant_id instead. This support has been deprecated and will be removed in a future release.
2026-07-15 06:10:49.652 7 INFO neutron.db.ovn_revision_numbers_db [None req-d8b1c1b9-ad4c-4ce9-b5fa-e3f3189ed812 1c2db2a627fc43c2820da515903d6096 e4c40ceefa6942449a31bc419ab32f09 - - default default] Successfully bumped revision number for resource fb537ed6-c8c4-4389-b4c0-b3782ad6a605 (type: security_groups) to 1
2026-07-15 06:10:49.682 7 INFO neutron.db.ovn_revision_numbers_db [None req-d8b1c1b9-ad4c-4ce9-b5fa-e3f3189ed812 1c2db2a627fc43c2820da515903d6096 e4c40ceefa6942449a31bc419ab32f09 - - default default] Successfully bumped revision number for resource 622f906e-0a1f-4e33-915a-1a781c2c98ad (type: security_group_rules) to 0
2026-07-15 06:10:49.693 7 INFO neutron.db.ovn_revision_numbers_db [None req-d8b1c1b9-ad4c-4ce9-b5fa-e3f3189ed812 1c2db2a627fc43c2820da515903d6096 e4c40ceefa6942449a31bc419ab32f09 - - default default] Successfully bumped revision number for resource 6b8c5896-9a29-4d27-81ad-853473ec8d67 (type: security_group_rules) to 0
2026-07-15 06:10:49.703 7 INFO neutron.db.ovn_revision_numbers_db [None req-d8b1c1b9-ad4c-4ce9-b5fa-e3f3189ed812 1c2db2a627fc43c2820da515903d6096 e4c40ceefa6942449a31bc419ab32f09 - - default default] Successfully bumped revision number for resource b754094b-bb87-439e-b721-9d4b509828f7 (type: security_group_rules) to 0
2026-07-15 06:10:49.715 7 INFO neutron.db.ovn_revision_numbers_db [None req-d8b1c1b9-ad4c-4ce9-b5fa-e3f3189ed812 1c2db2a627fc43c2820da515903d6096 e4c40ceefa6942449a31bc419ab32f09 - - default default] Successfully bumped revision number for resource d0630c8d-1068-4674-a02c-e60ae2bfa141 (type: security_group_rules) to 0 [pid: 7|app: 0|req: 1300/2457] 10.0.0.85 () {32 vars in 773 bytes} [Wed Jul 15 06:10:49 2026] GET /v2.0/security-groups?tenant_id=86d4669ad8d7437c88c0ceabd5040e7b&name=default => generated 2929 bytes in 247 msecs (HTTP/1.1 200) 4 headers in 158 bytes (1 switches on core 0)
2026-07-15 06:10:49.775 7 WARNING tagging [None req-7075a47b-9353-4a69-9703-ce26528a0246 a180d7fc14754b4f9de51eaa79261d52 49704b35232041f9a9d39310f9ee4b29 - - default default] project_id key not found in request, using tenant_id instead. This support has been deprecated and will be removed in a future release. [pid: 7|app: 0|req: 1301/2458] 10.0.0.85 () {32 vars in 738 bytes} [Wed Jul 15 06:10:49 2026] GET /v2.0/floatingips/8f762804-9870-4c15-928e-5eca047fd582/tags => generated 30 bytes in 45 msecs (HTTP/1.1 200) 4 headers in 156 bytes (1 switches on core 0) [pid: 8|app: 0|req: 1158/2459] 10.0.0.85 () {34 vars in 788 bytes} [Wed Jul 15 06:10:49 2026] PUT /v2.0/routers/c3e30ff1-5846-46d2-b859-48f0e6fa3e4d/remove_router_interface => generated 310 bytes in 750 msecs (HTTP/1.1 200) 4 headers in 157 bytes (1 switches on core 0) /var/lib/openstack/lib/python3.12/site-packages/pycadf/identifier.py:70: UserWarning: Invalid uuid: neutron. To ensure interoperability, identifiers should be a valid uuid. warnings.warn(('Invalid uuid: %s. To ensure interoperability, '
2026-07-15 06:10:49.956 8 WARNING tagging [None req-8746aed4-0404-4dc2-8446-d444d0605c29 a180d7fc14754b4f9de51eaa79261d52 49704b35232041f9a9d39310f9ee4b29 - - default default] project_id key not found in request, using tenant_id instead. This support has been deprecated and will be removed in a future release.
2026-07-15 06:10:49.974 8 INFO neutron.api.v2.resource [None req-8746aed4-0404-4dc2-8446-d444d0605c29 a180d7fc14754b4f9de51eaa79261d52 49704b35232041f9a9d39310f9ee4b29 - - default default] delete failed (client error): The resource could not be found. [pid: 8|app: 0|req: 1159/2460] 10.0.0.85 () {32 vars in 753 bytes} [Wed Jul 15 06:10:49 2026] DELETE /v2.0/floatingips/8f762804-9870-4c15-928e-5eca047fd582/tags/green => generated 99 bytes in 39 msecs (HTTP/1.1 404) 4 headers in 163 bytes (1 switches on core 0) [pid: 7|app: 0|req: 1302/2461] 10.0.0.85 () {32 vars in 739 bytes} [Wed Jul 15 06:10:49 2026] DELETE /v2.0/security-groups/fb537ed6-c8c4-4389-b4c0-b3782ad6a605 => generated 0 bytes in 204 msecs (HTTP/1.1 204) 2 headers in 112 bytes (1 switches on core 0)
2026-07-15 06:10:50.023 7 WARNING tagging [None req-3b72a96b-a02d-406e-97ed-29e44a34db1b a180d7fc14754b4f9de51eaa79261d52 49704b35232041f9a9d39310f9ee4b29 - - default default] project_id key not found in request, using tenant_id instead. This support has been deprecated and will be removed in a future release. [pid: 7|app: 0|req: 1303/2462] 10.0.0.85 () {32 vars in 741 bytes} [Wed Jul 15 06:10:50 2026] DELETE /v2.0/floatingips/8f762804-9870-4c15-928e-5eca047fd582/tags => generated 0 bytes in 53 msecs (HTTP/1.1 204) 2 headers in 112 bytes (1 switches on core 0)
2026-07-15 06:10:50.081 7 WARNING tagging [None req-d33defd4-444b-4784-9927-74a6dad641f8 a180d7fc14754b4f9de51eaa79261d52 49704b35232041f9a9d39310f9ee4b29 - - default default] project_id key not found in request, using tenant_id instead. This support has been deprecated and will be removed in a future release. [pid: 7|app: 0|req: 1304/2463] 10.0.0.85 () {32 vars in 738 bytes} [Wed Jul 15 06:10:50 2026] GET /v2.0/floatingips/8f762804-9870-4c15-928e-5eca047fd582/tags => generated 12 bytes in 36 msecs (HTTP/1.1 200) 4 headers in 156 bytes (1 switches on core 0) [pid: 8|app: 0|req: 1160/2464] 10.0.0.85 () {32 vars in 723 bytes} [Wed Jul 15 06:10:49 2026] DELETE /v2.0/subnets/4041ac4f-38cf-46b2-a055-1e8b24566f68 => generated 0 bytes in 159 msecs (HTTP/1.1 204) 3 headers in 131 bytes (1 switches on core 0)
2026-07-15 06:10:50.227 7 INFO neutron_taas.services.taas.taas_plugin [None req-26cee3ea-60be-4a74-a899-43563ad2c6f5 a180d7fc14754b4f9de51eaa79261d52 49704b35232041f9a9d39310f9ee4b29 - - default default] TaaS: Handle Delete Port: 2bb56e60-500f-418f-9e8e-b2b51ffa1b2b
2026-07-15 06:10:50.229 7 INFO neutron_taas.services.taas.tap_mirror_plugin [None req-26cee3ea-60be-4a74-a899-43563ad2c6f5 a180d7fc14754b4f9de51eaa79261d52 49704b35232041f9a9d39310f9ee4b29 - - default default] Tap Mirror: Handle Delete Port: 2bb56e60-500f-418f-9e8e-b2b51ffa1b2b [pid: 7|app: 0|req: 1305/2465] 10.0.0.85 () {32 vars in 731 bytes} [Wed Jul 15 06:10:50 2026] DELETE /v2.0/floatingips/8f762804-9870-4c15-928e-5eca047fd582 => generated 0 bytes in 294 msecs (HTTP/1.1 204) 2 headers in 112 bytes (1 switches on core 0)
2026-07-15 06:10:50.402 7 WARNING neutron.db.securitygroups_db [None req-e1406c77-ad83-46a4-8d51-be2d318c9d29 1c2db2a627fc43c2820da515903d6096 e4c40ceefa6942449a31bc419ab32f09 - - default default] project_id key not found in filters, using tenant_id instead. This support has been deprecated and will be removed in a future release.
2026-07-15 06:10:50.427 8 INFO neutron_taas.services.taas.taas_plugin [None req-9d02176e-131b-43d4-978f-f7537d804b27 2f90ecbd489d46a78e436e17067bae07 74019ebf85a4429bba41cf659127c173 - - default default] TaaS: Handle Delete Port: bbd25740-1f8e-4f60-a012-be0bc39ffcf6
2026-07-15 06:10:50.431 8 INFO neutron_taas.services.taas.tap_mirror_plugin [None req-9d02176e-131b-43d4-978f-f7537d804b27 2f90ecbd489d46a78e436e17067bae07 74019ebf85a4429bba41cf659127c173 - - default default] Tap Mirror: Handle Delete Port: bbd25740-1f8e-4f60-a012-be0bc39ffcf6
2026-07-15 06:10:50.534 7 INFO neutron.db.ovn_revision_numbers_db [None req-e1406c77-ad83-46a4-8d51-be2d318c9d29 1c2db2a627fc43c2820da515903d6096 e4c40ceefa6942449a31bc419ab32f09 - - default default] Successfully bumped revision number for resource 6fb1af0e-f8d9-4c62-8124-15ca6654bcc9 (type: security_groups) to 1
2026-07-15 06:10:50.546 7 INFO neutron.db.ovn_revision_numbers_db [None req-e1406c77-ad83-46a4-8d51-be2d318c9d29 1c2db2a627fc43c2820da515903d6096 e4c40ceefa6942449a31bc419ab32f09 - - default default] Successfully bumped revision number for resource 1848b4a1-9f7e-44dc-96a7-07b0e17586a2 (type: security_group_rules) to 0
2026-07-15 06:10:50.558 7 INFO neutron.db.ovn_revision_numbers_db [None req-e1406c77-ad83-46a4-8d51-be2d318c9d29 1c2db2a627fc43c2820da515903d6096 e4c40ceefa6942449a31bc419ab32f09 - - default default] Successfully bumped revision number for resource 2f9cb726-06c9-4f3f-96a0-0ee3089ee621 (type: security_group_rules) to 0
2026-07-15 06:10:50.570 7 INFO neutron.db.ovn_revision_numbers_db [None req-e1406c77-ad83-46a4-8d51-be2d318c9d29 1c2db2a627fc43c2820da515903d6096 e4c40ceefa6942449a31bc419ab32f09 - - default default] Successfully bumped revision number for resource 9e0fac0f-c2ae-4ccf-ba4a-989dfcfe933f (type: security_group_rules) to 0
2026-07-15 06:10:50.581 7 INFO neutron.db.ovn_revision_numbers_db [None req-e1406c77-ad83-46a4-8d51-be2d318c9d29 1c2db2a627fc43c2820da515903d6096 e4c40ceefa6942449a31bc419ab32f09 - - default default] Successfully bumped revision number for resource dd14ee4c-b1aa-41ec-b446-8990c4c26297 (type: security_group_rules) to 0 [pid: 7|app: 0|req: 1306/2466] 10.0.0.85 () {32 vars in 773 bytes} [Wed Jul 15 06:10:50 2026] GET /v2.0/security-groups?tenant_id=3db2a33238db4c818bf18cc9578f5d6d&name=default => generated 2929 bytes in 232 msecs (HTTP/1.1 200) 4 headers in 158 bytes (1 switches on core 0) [pid: 8|app: 0|req: 1161/2467] 10.0.0.85 () {32 vars in 723 bytes} [Wed Jul 15 06:10:50 2026] DELETE /v2.0/routers/c3e30ff1-5846-46d2-b859-48f0e6fa3e4d => generated 0 bytes in 700 msecs (HTTP/1.1 204) 2 headers in 112 bytes (1 switches on core 0) [pid: 7|app: 0|req: 1307/2468] 10.0.0.85 () {32 vars in 739 bytes} [Wed Jul 15 06:10:50 2026] DELETE /v2.0/security-groups/6fb1af0e-f8d9-4c62-8124-15ca6654bcc9 => generated 0 bytes in 220 msecs (HTTP/1.1 204) 2 headers in 112 bytes (1 switches on core 0)
2026-07-15 06:10:50.960 8 INFO neutron_taas.services.taas.taas_plugin [None req-6bbbc82c-0ee1-4cd3-a348-ab3372bd592f 2f90ecbd489d46a78e436e17067bae07 74019ebf85a4429bba41cf659127c173 - - default default] TaaS: Handle Delete Port: f5871b7a-e0e7-4e49-844b-1f155f486bc6
2026-07-15 06:10:50.964 8 INFO neutron_taas.services.taas.tap_mirror_plugin [None req-6bbbc82c-0ee1-4cd3-a348-ab3372bd592f 2f90ecbd489d46a78e436e17067bae07 74019ebf85a4429bba41cf659127c173 - - default default] Tap Mirror: Handle Delete Port: f5871b7a-e0e7-4e49-844b-1f155f486bc6
2026-07-15 06:10:51.015 7 WARNING neutron.db.securitygroups_db [None req-9c7e80f6-0a53-4e3e-abef-ab273b025009 1c2db2a627fc43c2820da515903d6096 e4c40ceefa6942449a31bc419ab32f09 - - default default] project_id key not found in filters, using tenant_id instead. This support has been deprecated and will be removed in a future release. [pid: 7|app: 0|req: 1308/2469] 10.0.0.85 () {32 vars in 773 bytes} [Wed Jul 15 06:10:51 2026] GET /v2.0/security-groups?tenant_id=1d62bc65bbd743f78ecf7a66f22a1e76&name=default => generated 2925 bytes in 42 msecs (HTTP/1.1 200) 4 headers in 158 bytes (1 switches on core 0)
2026-07-15 06:10:51.122 8 INFO neutron.services.segments.plugin [-] Segment 101b3f94-5633-4264-ba01-a8add9279d55 resource provider aggregate not found
2026-07-15 06:10:51.127 8 INFO neutron.services.segments.plugin [-] Segment 101b3f94-5633-4264-ba01-a8add9279d55 resource provider aggregate not found
2026-07-15 06:10:51.149 8 INFO neutron.services.segments.plugin [-] Client error retrieving segment 101b3f94-5633-4264-ba01-a8add9279d55 resource provider; error: Placement Client Error (4xx): {"errors": [{"status": 404, "title": "Not Found", "detail": "The resource could not be found.\n\n No resource provider with uuid 101b3f94-5633-4264-ba01-a8add9279d55 found for delete ", "request_id": "req-383a04aa-a034-4e23-bea1-2a7d4cd2c32f"}]}
2026-07-15 06:10:51.150 8 INFO neutron.services.segments.plugin [-] Client error retrieving segment 101b3f94-5633-4264-ba01-a8add9279d55 resource provider; error: Placement Client Error (4xx): {"errors": [{"status": 404, "title": "Not Found", "detail": "The resource could not be found.\n\n No resource provider with uuid 101b3f94-5633-4264-ba01-a8add9279d55 found for delete ", "request_id": "req-81a2014f-d1a7-4c12-9237-62036a8a74eb"}]} [pid: 8|app: 0|req: 1162/2470] 10.0.0.85 () {32 vars in 725 bytes} [Wed Jul 15 06:10:50 2026] DELETE /v2.0/networks/1a8d0848-bd7d-48d4-8f7d-3924b3383b52 => generated 0 bytes in 317 msecs (HTTP/1.1 204) 3 headers in 131 bytes (1 switches on core 0) [pid: 7|app: 0|req: 1309/2471] 10.0.0.85 () {32 vars in 739 bytes} [Wed Jul 15 06:10:51 2026] DELETE /v2.0/security-groups/1ad5731a-cd7d-4fba-b470-44a2f8b035a4 => generated 0 bytes in 193 msecs (HTTP/1.1 204) 2 headers in 112 bytes (1 switches on core 0)
2026-07-15 06:10:51.389 8 WARNING neutron.db.securitygroups_db [None req-e95c85e7-1f49-4c84-84df-c5d59a1a8d95 1c2db2a627fc43c2820da515903d6096 e4c40ceefa6942449a31bc419ab32f09 - - default default] project_id key not found in filters, using tenant_id instead. This support has been deprecated and will be removed in a future release.
2026-07-15 06:10:51.512 8 INFO neutron.db.ovn_revision_numbers_db [None req-e95c85e7-1f49-4c84-84df-c5d59a1a8d95 1c2db2a627fc43c2820da515903d6096 e4c40ceefa6942449a31bc419ab32f09 - - default default] Successfully bumped revision number for resource c2dc4dd3-83cc-401e-aaa9-fa1ed8ad5bc9 (type: security_groups) to 1
2026-07-15 06:10:51.523 8 INFO neutron.db.ovn_revision_numbers_db [None req-e95c85e7-1f49-4c84-84df-c5d59a1a8d95 1c2db2a627fc43c2820da515903d6096 e4c40ceefa6942449a31bc419ab32f09 - - default default] Successfully bumped revision number for resource 6eb7b763-caf1-4203-919c-7516654178b4 (type: security_group_rules) to 0
2026-07-15 06:10:51.533 8 INFO neutron.db.ovn_revision_numbers_db [None req-e95c85e7-1f49-4c84-84df-c5d59a1a8d95 1c2db2a627fc43c2820da515903d6096 e4c40ceefa6942449a31bc419ab32f09 - - default default] Successfully bumped revision number for resource 8ffe4d0b-e79d-43d0-a4bd-9bcc5ab0818c (type: security_group_rules) to 0
2026-07-15 06:10:51.546 8 INFO neutron.db.ovn_revision_numbers_db [None req-e95c85e7-1f49-4c84-84df-c5d59a1a8d95 1c2db2a627fc43c2820da515903d6096 e4c40ceefa6942449a31bc419ab32f09 - - default default] Successfully bumped revision number for resource ea7b2849-6769-4baf-a19b-71a24629393d (type: security_group_rules) to 0
2026-07-15 06:10:51.557 8 INFO neutron.db.ovn_revision_numbers_db [None req-e95c85e7-1f49-4c84-84df-c5d59a1a8d95 1c2db2a627fc43c2820da515903d6096 e4c40ceefa6942449a31bc419ab32f09 - - default default] Successfully bumped revision number for resource fe2bf60a-09df-45c6-8685-dd8256fa8b68 (type: security_group_rules) to 0 [pid: 8|app: 0|req: 1163/2472] 10.0.0.85 () {32 vars in 773 bytes} [Wed Jul 15 06:10:51 2026] GET /v2.0/security-groups?tenant_id=49704b35232041f9a9d39310f9ee4b29&name=default => generated 2929 bytes in 416 msecs (HTTP/1.1 200) 4 headers in 158 bytes (1 switches on core 0) [pid: 7|app: 0|req: 1310/2473] 10.0.0.85 () {32 vars in 739 bytes} [Wed Jul 15 06:10:51 2026] DELETE /v2.0/security-groups/c2dc4dd3-83cc-401e-aaa9-fa1ed8ad5bc9 => generated 0 bytes in 184 msecs (HTTP/1.1 204) 2 headers in 112 bytes (1 switches on core 0)
2026-07-15 06:10:51.867 8 WARNING neutron.db.securitygroups_db [None req-dfe18362-5f43-4e8f-9b10-706930f37f82 1c2db2a627fc43c2820da515903d6096 e4c40ceefa6942449a31bc419ab32f09 - - default default] project_id key not found in filters, using tenant_id instead. This support has been deprecated and will be removed in a future release.
2026-07-15 06:10:51.923 7 WARNING neutron.db.securitygroups_db [None req-46cf61f3-242b-4323-8f74-745df07d749e 1c2db2a627fc43c2820da515903d6096 e4c40ceefa6942449a31bc419ab32f09 - - default default] project_id key not found in filters, using tenant_id instead. This support has been deprecated and will be removed in a future release.
2026-07-15 06:10:51.990 8 INFO neutron.db.ovn_revision_numbers_db [None req-dfe18362-5f43-4e8f-9b10-706930f37f82 1c2db2a627fc43c2820da515903d6096 e4c40ceefa6942449a31bc419ab32f09 - - default default] Successfully bumped revision number for resource b879f08e-5273-4309-8195-9aa91a94a727 (type: security_groups) to 1
2026-07-15 06:10:52.000 8 INFO neutron.db.ovn_revision_numbers_db [None req-dfe18362-5f43-4e8f-9b10-706930f37f82 1c2db2a627fc43c2820da515903d6096 e4c40ceefa6942449a31bc419ab32f09 - - default default] Successfully bumped revision number for resource a6deadce-c25d-4b24-8478-39b2c6cb0b7e (type: security_group_rules) to 0
2026-07-15 06:10:52.015 8 INFO neutron.db.ovn_revision_numbers_db [None req-dfe18362-5f43-4e8f-9b10-706930f37f82 1c2db2a627fc43c2820da515903d6096 e4c40ceefa6942449a31bc419ab32f09 - - default default] Successfully bumped revision number for resource bc4d76c4-4229-4c31-9d3b-37ec81f26d05 (type: security_group_rules) to 0
2026-07-15 06:10:52.031 8 INFO neutron.db.ovn_revision_numbers_db [None req-dfe18362-5f43-4e8f-9b10-706930f37f82 1c2db2a627fc43c2820da515903d6096 e4c40ceefa6942449a31bc419ab32f09 - - default default] Successfully bumped revision number for resource be21ac9a-daa6-41b6-819d-d8522f403ec2 (type: security_group_rules) to 0
2026-07-15 06:10:52.047 8 INFO neutron.db.ovn_revision_numbers_db [None req-dfe18362-5f43-4e8f-9b10-706930f37f82 1c2db2a627fc43c2820da515903d6096 e4c40ceefa6942449a31bc419ab32f09 - - default default] Successfully bumped revision number for resource d9a83731-c196-4efe-ba23-3ce1ce624ab1 (type: security_group_rules) to 0
2026-07-15 06:10:52.055 7 INFO neutron.db.ovn_revision_numbers_db [None req-46cf61f3-242b-4323-8f74-745df07d749e 1c2db2a627fc43c2820da515903d6096 e4c40ceefa6942449a31bc419ab32f09 - - default default] Successfully bumped revision number for resource 6d00fbb3-5231-4ec3-871b-d5bd15396dd6 (type: security_groups) to 1
2026-07-15 06:10:52.070 7 INFO neutron.db.ovn_revision_numbers_db [None req-46cf61f3-242b-4323-8f74-745df07d749e 1c2db2a627fc43c2820da515903d6096 e4c40ceefa6942449a31bc419ab32f09 - - default default] Successfully bumped revision number for resource 1aa29efb-3b32-4e8b-b055-5e4f70f14c71 (type: security_group_rules) to 0 [pid: 8|app: 0|req: 1164/2474] 10.0.0.85 () {32 vars in 773 bytes} [Wed Jul 15 06:10:51 2026] GET /v2.0/security-groups?tenant_id=30f78ce154d84611a864c7f87e9a0d76&name=default => generated 2929 bytes in 309 msecs (HTTP/1.1 200) 4 headers in 158 bytes (1 switches on core 0)
2026-07-15 06:10:52.083 7 INFO neutron.db.ovn_revision_numbers_db [None req-46cf61f3-242b-4323-8f74-745df07d749e 1c2db2a627fc43c2820da515903d6096 e4c40ceefa6942449a31bc419ab32f09 - - default default] Successfully bumped revision number for resource 43e1d73f-0e9f-458a-8fd5-70a69003b3de (type: security_group_rules) to 0
2026-07-15 06:10:52.095 7 INFO neutron.db.ovn_revision_numbers_db [None req-46cf61f3-242b-4323-8f74-745df07d749e 1c2db2a627fc43c2820da515903d6096 e4c40ceefa6942449a31bc419ab32f09 - - default default] Successfully bumped revision number for resource 9db5448e-5aa4-444d-9353-0a7c9859879f (type: security_group_rules) to 0
2026-07-15 06:10:52.106 7 INFO neutron.db.ovn_revision_numbers_db [None req-46cf61f3-242b-4323-8f74-745df07d749e 1c2db2a627fc43c2820da515903d6096 e4c40ceefa6942449a31bc419ab32f09 - - default default] Successfully bumped revision number for resource c49e0595-3b60-4d7c-a07c-a97741bda3c8 (type: security_group_rules) to 0 [pid: 7|app: 0|req: 1311/2475] 10.0.0.85 () {32 vars in 773 bytes} [Wed Jul 15 06:10:51 2026] GET /v2.0/security-groups?tenant_id=6ddb490132724e5789a09ce32ceaf9e6&name=default => generated 2929 bytes in 225 msecs (HTTP/1.1 200) 4 headers in 158 bytes (1 switches on core 0) [pid: 8|app: 0|req: 1165/2476] 10.0.0.85 () {32 vars in 739 bytes} [Wed Jul 15 06:10:52 2026] DELETE /v2.0/security-groups/b879f08e-5273-4309-8195-9aa91a94a727 => generated 0 bytes in 181 msecs (HTTP/1.1 204) 2 headers in 112 bytes (1 switches on core 0) [pid: 7|app: 0|req: 1312/2477] 10.0.0.85 () {32 vars in 739 bytes} [Wed Jul 15 06:10:52 2026] DELETE /v2.0/security-groups/6d00fbb3-5231-4ec3-871b-d5bd15396dd6 => generated 0 bytes in 194 msecs (HTTP/1.1 204) 2 headers in 112 bytes (1 switches on core 0)
2026-07-15 06:10:52.407 8 WARNING neutron.db.securitygroups_db [None req-b9b9cfdb-eeee-42d4-8071-ba0943f02680 1c2db2a627fc43c2820da515903d6096 e4c40ceefa6942449a31bc419ab32f09 - - default default] project_id key not found in filters, using tenant_id instead. This support has been deprecated and will be removed in a future release. [pid: 8|app: 0|req: 1166/2478] 10.0.0.85 () {32 vars in 773 bytes} [Wed Jul 15 06:10:52 2026] GET /v2.0/security-groups?tenant_id=74019ebf85a4429bba41cf659127c173&name=default => generated 2929 bytes in 22 msecs (HTTP/1.1 200) 4 headers in 158 bytes (1 switches on core 0) [pid: 7|app: 0|req: 1313/2479] 10.0.0.85 () {32 vars in 739 bytes} [Wed Jul 15 06:10:52 2026] DELETE /v2.0/security-groups/19318a97-336e-4529-b177-79f7ab3c070c => generated 0 bytes in 172 msecs (HTTP/1.1 204) 2 headers in 112 bytes (1 switches on core 0)
2026-07-15 06:10:55.671 8 INFO neutron.db.ovn_revision_numbers_db [None req-350253f6-58a0-466e-8fc0-6415279650a9 4b8c8a4fc3b54e5489d77d45f1720a19 01f19ebabec84535bfaad4ea25e2c3c9 - - default default] Successfully bumped revision number for resource 7618ab40-6575-4ebe-81b9-93e39db6f941 (type: routers) to 1 [pid: 8|app: 0|req: 1167/2480] 10.0.0.85 () {34 vars in 667 bytes} [Wed Jul 15 06:10:55 2026] POST /v2.0/routers => generated 591 bytes in 337 msecs (HTTP/1.1 201) 4 headers in 162 bytes (1 switches on core 0)
2026-07-15 06:10:55.729 7 WARNING tagging [None req-a77ff376-79cb-4a22-ac4d-bdea5b4c2d14 4b8c8a4fc3b54e5489d77d45f1720a19 01f19ebabec84535bfaad4ea25e2c3c9 - - default default] project_id key not found in request, using tenant_id instead. This support has been deprecated and will be removed in a future release. [pid: 7|app: 0|req: 1314/2481] 10.0.0.85 () {34 vars in 750 bytes} [Wed Jul 15 06:10:55 2026] PUT /v2.0/routers/7618ab40-6575-4ebe-81b9-93e39db6f941/tags => generated 25 bytes in 71 msecs (HTTP/1.1 200) 4 headers in 156 bytes (1 switches on core 0)
2026-07-15 06:10:55.801 8 WARNING tagging [None req-77a16e04-25f0-4f4a-8ea1-c099de32c456 4b8c8a4fc3b54e5489d77d45f1720a19 01f19ebabec84535bfaad4ea25e2c3c9 - - default default] project_id key not found in request, using tenant_id instead. This support has been deprecated and will be removed in a future release. [pid: 8|app: 0|req: 1168/2482] 10.0.0.85 () {32 vars in 730 bytes} [Wed Jul 15 06:10:55 2026] GET /v2.0/routers/7618ab40-6575-4ebe-81b9-93e39db6f941/tags => generated 25 bytes in 62 msecs (HTTP/1.1 200) 4 headers in 156 bytes (1 switches on core 0)
2026-07-15 06:10:55.869 7 WARNING tagging [None req-01440c13-0c33-49f3-913c-11c1b19cd501 4b8c8a4fc3b54e5489d77d45f1720a19 01f19ebabec84535bfaad4ea25e2c3c9 - - default default] project_id key not found in request, using tenant_id instead. This support has been deprecated and will be removed in a future release. [pid: 7|app: 0|req: 1315/2483] 10.0.0.85 () {34 vars in 761 bytes} [Wed Jul 15 06:10:55 2026] PUT /v2.0/routers/7618ab40-6575-4ebe-81b9-93e39db6f941/tags/green => generated 4 bytes in 103 msecs (HTTP/1.1 201) 4 headers in 160 bytes (1 switches on core 0)
2026-07-15 06:10:55.977 8 WARNING tagging [None req-99098de0-a7b1-48be-8efc-ac50aff2f5d0 4b8c8a4fc3b54e5489d77d45f1720a19 01f19ebabec84535bfaad4ea25e2c3c9 - - default default] project_id key not found in request, using tenant_id instead. This support has been deprecated and will be removed in a future release. [pid: 8|app: 0|req: 1169/2484] 10.0.0.85 () {32 vars in 730 bytes} [Wed Jul 15 06:10:55 2026] GET /v2.0/routers/7618ab40-6575-4ebe-81b9-93e39db6f941/tags => generated 34 bytes in 61 msecs (HTTP/1.1 200) 4 headers in 156 bytes (1 switches on core 0)
2026-07-15 06:10:56.042 7 WARNING tagging [None req-1cce5be7-4a88-42d3-bce5-9c6400f02f12 4b8c8a4fc3b54e5489d77d45f1720a19 01f19ebabec84535bfaad4ea25e2c3c9 - - default default] project_id key not found in request, using tenant_id instead. This support has been deprecated and will be removed in a future release. [pid: 7|app: 0|req: 1316/2485] 10.0.0.85 () {34 vars in 757 bytes} [Wed Jul 15 06:10:56 2026] PUT /v2.0/routers/7618ab40-6575-4ebe-81b9-93e39db6f941/tags/red => generated 4 bytes in 90 msecs (HTTP/1.1 201) 4 headers in 160 bytes (1 switches on core 0)
