2026-07-15 06:07:42.190 7 INFO neutron.db.ovn_revision_numbers_db [None req-20f8ba28-7180-4cbc-97e8-574f24b1eb13 256458c0a4d140b39025b9004a85fa35 0eae7813b2784c28a8018e82d3ba7098 - - default default] Successfully bumped revision number for resource b26b5f69-aa5a-4166-b269-88f4a78fb205 (type: subnets) to 0 [pid: 8|app: 0|req: 577/1101] 199.204.45.72 () {36 vars in 996 bytes} [Wed Jul 15 06:07:41 2026] DELETE /v2.0/ports/3b58e753-1165-4e94-b509-80c27c34a502 => generated 0 bytes in 375 msecs (HTTP/1.1 204) 3 headers in 131 bytes (1 switches on core 0) [pid: 7|app: 0|req: 525/1102] 10.0.0.85 () {34 vars in 668 bytes} [Wed Jul 15 06:07:41 2026] POST /v2.0/subnets => generated 626 bytes in 653 msecs (HTTP/1.1 201) 4 headers in 162 bytes (1 switches on core 0) [pid: 8|app: 0|req: 578/1103] 10.0.0.223 () {34 vars in 1040 bytes} [Wed Jul 15 06:07:42 2026] GET /v2.0/security-groups?id=62a65e6e-bff3-413f-9579-85b7f202a8b8&fields=id&fields=name => generated 114 bytes in 30 msecs (HTTP/1.1 200) 4 headers in 157 bytes (1 switches on core 0)
2026-07-15 06:07:42.226 8 WARNING neutron.notifiers.nova [-] Nova event matching ['req-d9270e82-47b4-4c0d-b174-79ba565b1a52']: {'server_uuid': '55c6949e-7dcb-477a-b6d4-7f4d4593e85b', 'name': 'network-vif-deleted', 'tag': '3b58e753-1165-4e94-b509-80c27c34a502', 'status': 'failed', 'code': 422} returned with failed status [pid: 7|app: 0|req: 526/1104] 10.0.0.85 () {32 vars in 672 bytes} [Wed Jul 15 06:07:42 2026] GET /v2.0/security-group-rules => generated 4138 bytes in 73 msecs (HTTP/1.1 200) 4 headers in 158 bytes (1 switches on core 0)
2026-07-15 06:07:42.352 8 INFO neutron_taas.services.taas.taas_plugin [None req-f19134a8-a760-4602-adfb-2224fa9d99fb 1c2db2a627fc43c2820da515903d6096 e4c40ceefa6942449a31bc419ab32f09 - - default default] TaaS: Handle Delete Port: 89b1aae8-9d86-40b4-92e7-ca69a8a56e8f
2026-07-15 06:07:42.355 8 INFO neutron_taas.services.taas.tap_mirror_plugin [None req-f19134a8-a760-4602-adfb-2224fa9d99fb 1c2db2a627fc43c2820da515903d6096 e4c40ceefa6942449a31bc419ab32f09 - - default default] Tap Mirror: Handle Delete Port: 89b1aae8-9d86-40b4-92e7-ca69a8a56e8f
2026-07-15 06:07:42.589 8 INFO neutron.services.segments.plugin [-] Segment 648fd2da-a8e1-4100-ad24-dd11898968aa resource provider aggregate not found
2026-07-15 06:07:42.590 7 WARNING neutron.scheduler.dhcp_agent_scheduler [None req-6771cc28-e480-4188-846b-f4a0ff2421a3 256458c0a4d140b39025b9004a85fa35 0eae7813b2784c28a8018e82d3ba7098 - - default default] No more DHCP agents
2026-07-15 06:07:42.591 7 WARNING neutron.api.rpc.agentnotifiers.dhcp_rpc_agent_api [None req-6771cc28-e480-4188-846b-f4a0ff2421a3 256458c0a4d140b39025b9004a85fa35 0eae7813b2784c28a8018e82d3ba7098 - - default default] Unable to schedule network 0c23a839-1587-4ba4-9bf1-52f0bb005b4d: no agents available; will retry on subsequent port and subnet creation events.
2026-07-15 06:07:42.597 8 INFO neutron.services.segments.plugin [-] Segment 648fd2da-a8e1-4100-ad24-dd11898968aa resource provider aggregate not found
2026-07-15 06:07:42.615 8 INFO neutron.services.segments.plugin [-] Client error retrieving segment 648fd2da-a8e1-4100-ad24-dd11898968aa resource provider; error: Placement Client Error (4xx): {"errors": [{"status": 404, "title": "Not Found", "detail": "The resource could not be found.\n\n No resource provider with uuid 648fd2da-a8e1-4100-ad24-dd11898968aa found for delete ", "request_id": "req-5940321a-486e-4237-b254-f1579b2500b6"}]}
2026-07-15 06:07:42.623 8 INFO neutron.services.segments.plugin [-] Client error retrieving segment 648fd2da-a8e1-4100-ad24-dd11898968aa resource provider; error: Placement Client Error (4xx): {"errors": [{"status": 404, "title": "Not Found", "detail": "The resource could not be found.\n\n No resource provider with uuid 648fd2da-a8e1-4100-ad24-dd11898968aa found for delete ", "request_id": "req-e3900eb1-14c8-4c06-b410-03e0d92f3aa5"}]} [pid: 8|app: 0|req: 579/1105] 10.0.0.85 () {32 vars in 725 bytes} [Wed Jul 15 06:07:42 2026] DELETE /v2.0/networks/8f0ba2da-948c-4e8e-a5bd-088e6432d4b3 => generated 0 bytes in 436 msecs (HTTP/1.1 204) 3 headers in 131 bytes (1 switches on core 0)
2026-07-15 06:07:42.752 7 INFO neutron.plugins.ml2.drivers.ovn.mech_driver.mech_driver [None req-e024e6f8-2cf8-49c3-ac65-3a92d1eadada - - - - - -] OVN reports status down for port: e0cecf79-9d4e-4057-bd3b-0268262789ff [pid: 8|app: 0|req: 580/1106] 10.0.0.85 () {32 vars in 749 bytes} [Wed Jul 15 06:07:42 2026] DELETE /v2.0/security-group-rules/0d390eef-2571-49bc-b747-f21f7509813c => generated 0 bytes in 109 msecs (HTTP/1.1 204) 2 headers in 112 bytes (1 switches on core 0)
2026-07-15 06:07:42.819 7 INFO neutron.db.ovn_revision_numbers_db [None req-6771cc28-e480-4188-846b-f4a0ff2421a3 256458c0a4d140b39025b9004a85fa35 0eae7813b2784c28a8018e82d3ba7098 - - default default] Successfully bumped revision number for resource e0cecf79-9d4e-4057-bd3b-0268262789ff (type: ports) to 1 [pid: 8|app: 0|req: 581/1107] 10.0.0.85 () {32 vars in 672 bytes} [Wed Jul 15 06:07:42 2026] GET /v2.0/security-group-rules => generated 3560 bytes in 75 msecs (HTTP/1.1 200) 4 headers in 158 bytes (1 switches on core 0)
2026-07-15 06:07:42.863 8 WARNING neutron.db.securitygroups_db [None req-1cc4cfc7-7374-4d4a-a4dc-68c8ead0be34 1c2db2a627fc43c2820da515903d6096 e4c40ceefa6942449a31bc419ab32f09 - - default default] project_id key not found in filters, using tenant_id instead. This support has been deprecated and will be removed in a future release. [pid: 7|app: 0|req: 527/1108] 10.0.0.85 () {34 vars in 664 bytes} [Wed Jul 15 06:07:42 2026] POST /v2.0/ports => generated 950 bytes in 582 msecs (HTTP/1.1 201) 4 headers in 162 bytes (1 switches on core 0) /var/lib/openstack/lib/python3.12/site-packages/pycadf/identifier.py:70: UserWarning: Invalid uuid: neutron. To ensure interoperability, identifiers should be a valid uuid. warnings.warn(('Invalid uuid: %s. To ensure interoperability, ' [pid: 8|app: 0|req: 582/1109] 10.0.0.85 () {32 vars in 773 bytes} [Wed Jul 15 06:07:42 2026] GET /v2.0/security-groups?tenant_id=b041adb8f6ac4e6488a610ed91b37d2b&name=default => generated 2925 bytes in 31 msecs (HTTP/1.1 200) 4 headers in 158 bytes (1 switches on core 0)
2026-07-15 06:07:42.979 7 INFO neutron.db.ovn_revision_numbers_db [None req-4fc6c23a-498e-4e2c-800c-0ba3a1f2e197 806126f0f687495d91fce8973a0bdd1f 2018defab2734964b3da02a3d860dc61 - - default default] Successfully bumped revision number for resource 393f2962-a12d-4b14-8ce2-e31abaf0601d (type: security_group_rules) to 0 [pid: 7|app: 0|req: 528/1110] 10.0.0.85 () {34 vars in 694 bytes} [Wed Jul 15 06:07:42 2026] POST /v2.0/security-group-rules => generated 601 bytes in 137 msecs (HTTP/1.1 201) 4 headers in 162 bytes (1 switches on core 0)
2026-07-15 06:07:43.061 8 INFO neutron_taas.services.taas.taas_plugin [None req-84fade5d-3b06-4665-9444-a73c08765e13 256458c0a4d140b39025b9004a85fa35 0eae7813b2784c28a8018e82d3ba7098 - - default default] TaaS: Handle Delete Port: e0cecf79-9d4e-4057-bd3b-0268262789ff
2026-07-15 06:07:43.064 8 INFO neutron_taas.services.taas.tap_mirror_plugin [None req-84fade5d-3b06-4665-9444-a73c08765e13 256458c0a4d140b39025b9004a85fa35 0eae7813b2784c28a8018e82d3ba7098 - - default default] Tap Mirror: Handle Delete Port: e0cecf79-9d4e-4057-bd3b-0268262789ff [pid: 7|app: 0|req: 529/1111] 10.0.0.85 () {32 vars in 739 bytes} [Wed Jul 15 06:07:43 2026] DELETE /v2.0/security-groups/8a279e1c-e1a0-4aad-9158-0d5102d4f0cc => generated 0 bytes in 185 msecs (HTTP/1.1 204) 2 headers in 112 bytes (1 switches on core 0) [pid: 7|app: 0|req: 530/1112] 10.0.0.85 () {32 vars in 746 bytes} [Wed Jul 15 06:07:43 2026] GET /v2.0/security-group-rules/393f2962-a12d-4b14-8ce2-e31abaf0601d => generated 601 bytes in 15 msecs (HTTP/1.1 200) 4 headers in 157 bytes (1 switches on core 0) [pid: 8|app: 0|req: 583/1113] 10.0.0.85 () {32 vars in 719 bytes} [Wed Jul 15 06:07:42 2026] DELETE /v2.0/ports/e0cecf79-9d4e-4057-bd3b-0268262789ff => generated 0 bytes in 357 msecs (HTTP/1.1 204) 3 headers in 131 bytes (1 switches on core 0)
2026-07-15 06:07:43.268 8 INFO neutron.pecan_wsgi.hooks.translation [None req-348ea125-74b8-4937-ba4c-73d2a65b0f65 256458c0a4d140b39025b9004a85fa35 0eae7813b2784c28a8018e82d3ba7098 - - default default] DELETE failed (client error): The resource could not be found. [pid: 8|app: 0|req: 584/1114] 10.0.0.85 () {32 vars in 719 bytes} [Wed Jul 15 06:07:43 2026] DELETE /v2.0/ports/e0cecf79-9d4e-4057-bd3b-0268262789ff => generated 132 bytes in 17 msecs (HTTP/1.1 404) 4 headers in 164 bytes (1 switches on core 0) [pid: 7|app: 0|req: 531/1115] 10.0.0.85 () {32 vars in 672 bytes} [Wed Jul 15 06:07:43 2026] GET /v2.0/security-group-rules => generated 4138 bytes in 66 msecs (HTTP/1.1 200) 4 headers in 158 bytes (1 switches on core 0)
2026-07-15 06:07:43.286 8 INFO neutron.pecan_wsgi.hooks.translation [None req-9f117efc-6ba1-46ed-b4ce-762ad0da79e2 256458c0a4d140b39025b9004a85fa35 0eae7813b2784c28a8018e82d3ba7098 - - default default] GET failed (client error): The resource could not be found. [pid: 8|app: 0|req: 585/1116] 10.0.0.85 () {32 vars in 716 bytes} [Wed Jul 15 06:07:43 2026] GET /v2.0/ports/e0cecf79-9d4e-4057-bd3b-0268262789ff => generated 132 bytes in 13 msecs (HTTP/1.1 404) 4 headers in 164 bytes (1 switches on core 0) [pid: 7|app: 0|req: 532/1117] 10.0.0.85 () {32 vars in 749 bytes} [Wed Jul 15 06:07:43 2026] DELETE /v2.0/security-group-rules/393f2962-a12d-4b14-8ce2-e31abaf0601d => generated 0 bytes in 100 msecs (HTTP/1.1 204) 2 headers in 112 bytes (1 switches on core 0) [pid: 7|app: 0|req: 533/1118] 10.0.0.223 () {34 vars in 1070 bytes} [Wed Jul 15 06:07:43 2026] GET /v2.0/ports?fields=security_groups&fields=device_id&device_id=55c6949e-7dcb-477a-b6d4-7f4d4593e85b => generated 12 bytes in 15 msecs (HTTP/1.1 200) 4 headers in 156 bytes (1 switches on core 0) [pid: 7|app: 0|req: 534/1119] 10.0.0.85 () {32 vars in 672 bytes} [Wed Jul 15 06:07:43 2026] GET /v2.0/security-group-rules => generated 3560 bytes in 60 msecs (HTTP/1.1 200) 4 headers in 158 bytes (1 switches on core 0) [pid: 8|app: 0|req: 586/1120] 10.0.0.85 () {32 vars in 723 bytes} [Wed Jul 15 06:07:43 2026] DELETE /v2.0/subnets/b26b5f69-aa5a-4166-b269-88f4a78fb205 => generated 0 bytes in 176 msecs (HTTP/1.1 204) 3 headers in 131 bytes (1 switches on core 0)
2026-07-15 06:07:43.569 8 INFO neutron_taas.services.taas.taas_plugin [None req-fc34eae1-9786-4576-bacd-c9307cc379d2 256458c0a4d140b39025b9004a85fa35 0eae7813b2784c28a8018e82d3ba7098 - - default default] TaaS: Handle Delete Port: fe439d2f-932f-482c-9374-a046e9425d2d
2026-07-15 06:07:43.569 7 INFO neutron.db.ovn_revision_numbers_db [None req-be293755-23f0-412d-9abd-5c547fdcfa2f 806126f0f687495d91fce8973a0bdd1f 2018defab2734964b3da02a3d860dc61 - - default default] Successfully bumped revision number for resource 109db6d0-3384-40e8-b569-d773ae364a3f (type: security_group_rules) to 0
2026-07-15 06:07:43.571 8 INFO neutron_taas.services.taas.tap_mirror_plugin [None req-fc34eae1-9786-4576-bacd-c9307cc379d2 256458c0a4d140b39025b9004a85fa35 0eae7813b2784c28a8018e82d3ba7098 - - default default] Tap Mirror: Handle Delete Port: fe439d2f-932f-482c-9374-a046e9425d2d [pid: 7|app: 0|req: 535/1121] 10.0.0.85 () {34 vars in 694 bytes} [Wed Jul 15 06:07:43 2026] POST /v2.0/security-group-rules => generated 602 bytes in 131 msecs (HTTP/1.1 201) 4 headers in 162 bytes (1 switches on core 0) [pid: 7|app: 0|req: 536/1122] 10.0.0.85 () {32 vars in 746 bytes} [Wed Jul 15 06:07:43 2026] GET /v2.0/security-group-rules/109db6d0-3384-40e8-b569-d773ae364a3f => generated 602 bytes in 17 msecs (HTTP/1.1 200) 4 headers in 157 bytes (1 switches on core 0) [pid: 7|app: 0|req: 537/1123] 10.0.0.85 () {32 vars in 672 bytes} [Wed Jul 15 06:07:43 2026] GET /v2.0/security-group-rules => generated 4139 bytes in 80 msecs (HTTP/1.1 200) 4 headers in 158 bytes (1 switches on core 0) [pid: 8|app: 0|req: 587/1124] 10.0.0.85 () {32 vars in 725 bytes} [Wed Jul 15 06:07:43 2026] DELETE /v2.0/networks/0c23a839-1587-4ba4-9bf1-52f0bb005b4d => generated 0 bytes in 305 msecs (HTTP/1.1 204) 3 headers in 131 bytes (1 switches on core 0) [pid: 7|app: 0|req: 538/1125] 10.0.0.85 () {32 vars in 749 bytes} [Wed Jul 15 06:07:43 2026] DELETE /v2.0/security-group-rules/109db6d0-3384-40e8-b569-d773ae364a3f => generated 0 bytes in 112 msecs (HTTP/1.1 204) 2 headers in 112 bytes (1 switches on core 0)
2026-07-15 06:07:43.868 8 INFO neutron.db.segments_db [None req-eab7d6fe-a4d0-4310-9849-6ac7267a1ebc 256458c0a4d140b39025b9004a85fa35 0eae7813b2784c28a8018e82d3ba7098 - - default default] Added segment a2418bdf-d823-45eb-adf9-95fc154f6f73 of type geneve for network 60b89e53-68e6-44b6-9e9f-1de94c89d7c3 [pid: 7|app: 0|req: 539/1126] 10.0.0.85 () {32 vars in 672 bytes} [Wed Jul 15 06:07:43 2026] GET /v2.0/security-group-rules => generated 3560 bytes in 53 msecs (HTTP/1.1 200) 4 headers in 158 bytes (1 switches on core 0)
2026-07-15 06:07:43.966 8 INFO neutron.db.ovn_revision_numbers_db [None req-eab7d6fe-a4d0-4310-9849-6ac7267a1ebc 256458c0a4d140b39025b9004a85fa35 0eae7813b2784c28a8018e82d3ba7098 - - default default] Successfully bumped revision number for resource 60b89e53-68e6-44b6-9e9f-1de94c89d7c3 (type: networks) to 1 [pid: 7|app: 0|req: 540/1127] 10.0.0.85 () {32 vars in 739 bytes} [Wed Jul 15 06:07:43 2026] DELETE /v2.0/security-groups/772177a6-c1e0-44a0-b5ef-f567df4d5e20 => generated 0 bytes in 155 msecs (HTTP/1.1 204) 2 headers in 112 bytes (1 switches on core 0) [pid: 7|app: 0|req: 541/1128] 10.0.0.85 () {32 vars in 662 bytes} [Wed Jul 15 06:07:44 2026] GET /v2.0/security-groups => generated 2925 bytes in 27 msecs (HTTP/1.1 200) 4 headers in 158 bytes (1 switches on core 0) [pid: 7|app: 0|req: 542/1129] 10.0.0.85 () {32 vars in 662 bytes} [Wed Jul 15 06:07:44 2026] GET /v2.0/security-groups => generated 2925 bytes in 33 msecs (HTTP/1.1 200) 4 headers in 158 bytes (1 switches on core 0)
2026-07-15 06:07:44.118 8 WARNING neutron.scheduler.dhcp_agent_scheduler [None req-eab7d6fe-a4d0-4310-9849-6ac7267a1ebc 256458c0a4d140b39025b9004a85fa35 0eae7813b2784c28a8018e82d3ba7098 - - default default] No more DHCP agents
2026-07-15 06:07:44.119 8 WARNING neutron.api.rpc.agentnotifiers.dhcp_rpc_agent_api [None req-eab7d6fe-a4d0-4310-9849-6ac7267a1ebc 256458c0a4d140b39025b9004a85fa35 0eae7813b2784c28a8018e82d3ba7098 - - default default] Unable to schedule network 60b89e53-68e6-44b6-9e9f-1de94c89d7c3: no agents available; will retry on subsequent port and subnet creation events.
2026-07-15 06:07:44.170 7 INFO neutron.plugins.ml2.drivers.ovn.mech_driver.mech_driver [None req-e024e6f8-2cf8-49c3-ac65-3a92d1eadada - - - - - -] OVN reports status down for port: 180ed08f-6ff7-4362-a3fc-38473c72bfa0
2026-07-15 06:07:44.181 8 INFO neutron.db.ovn_revision_numbers_db [None req-eab7d6fe-a4d0-4310-9849-6ac7267a1ebc 256458c0a4d140b39025b9004a85fa35 0eae7813b2784c28a8018e82d3ba7098 - - default default] Successfully bumped revision number for resource 180ed08f-6ff7-4362-a3fc-38473c72bfa0 (type: ports) to 1 [pid: 8|app: 0|req: 588/1130] 10.0.0.85 () {34 vars in 669 bytes} [Wed Jul 15 06:07:43 2026] POST /v2.0/networks => generated 670 bytes in 413 msecs (HTTP/1.1 201) 4 headers in 162 bytes (1 switches on core 0) [pid: 8|app: 0|req: 589/1131] 10.0.0.159 () {34 vars in 990 bytes} [Wed Jul 15 06:07:44 2026] GET /v2.0/ports?device_id=55c6949e-7dcb-477a-b6d4-7f4d4593e85b => generated 12 bytes in 19 msecs (HTTP/1.1 200) 4 headers in 156 bytes (1 switches on core 0)
2026-07-15 06:07:44.386 7 WARNING neutron.scheduler.dhcp_agent_scheduler [None req-7fccc49a-7d3c-4410-80bc-4e6d98ac7323 256458c0a4d140b39025b9004a85fa35 0eae7813b2784c28a8018e82d3ba7098 - - default default] No more DHCP agents
2026-07-15 06:07:44.387 7 WARNING neutron.api.rpc.agentnotifiers.dhcp_rpc_agent_api [None req-7fccc49a-7d3c-4410-80bc-4e6d98ac7323 256458c0a4d140b39025b9004a85fa35 0eae7813b2784c28a8018e82d3ba7098 - - default default] Unable to schedule network 60b89e53-68e6-44b6-9e9f-1de94c89d7c3: no agents available; will retry on subsequent port and subnet creation events. [pid: 8|app: 0|req: 590/1132] 10.0.0.223 () {34 vars in 1070 bytes} [Wed Jul 15 06:07:44 2026] GET /v2.0/ports?fields=security_groups&fields=device_id&device_id=55c6949e-7dcb-477a-b6d4-7f4d4593e85b => generated 12 bytes in 27 msecs (HTTP/1.1 200) 4 headers in 156 bytes (1 switches on core 0)
2026-07-15 06:07:44.635 8 INFO neutron.services.segments.plugin [-] Segment cbe4873a-6484-401d-886e-1ec2d317e17f resource provider aggregate not found
2026-07-15 06:07:44.639 8 INFO neutron.services.segments.plugin [-] Segment cbe4873a-6484-401d-886e-1ec2d317e17f resource provider aggregate not found
2026-07-15 06:07:44.651 8 INFO neutron.services.segments.plugin [-] Client error retrieving segment cbe4873a-6484-401d-886e-1ec2d317e17f resource provider; error: Placement Client Error (4xx): {"errors": [{"status": 404, "title": "Not Found", "detail": "The resource could not be found.\n\n No resource provider with uuid cbe4873a-6484-401d-886e-1ec2d317e17f found for delete ", "request_id": "req-5aa0c86c-8807-4013-9a8c-cc3cfd80d5fe"}]}
2026-07-15 06:07:44.652 8 INFO neutron.services.segments.plugin [-] Client error retrieving segment cbe4873a-6484-401d-886e-1ec2d317e17f resource provider; error: Placement Client Error (4xx): {"errors": [{"status": 404, "title": "Not Found", "detail": "The resource could not be found.\n\n No resource provider with uuid cbe4873a-6484-401d-886e-1ec2d317e17f found for delete ", "request_id": "req-fda215c9-75d0-4930-8676-593dff71ede3"}]}
2026-07-15 06:07:44.778 8 WARNING neutron.db.securitygroups_db [None req-907eee05-ec27-419c-8d3f-30b192a312f9 1c2db2a627fc43c2820da515903d6096 e4c40ceefa6942449a31bc419ab32f09 - - default default] project_id key not found in filters, using tenant_id instead. This support has been deprecated and will be removed in a future release. [pid: 8|app: 0|req: 591/1133] 10.0.0.85 () {32 vars in 773 bytes} [Wed Jul 15 06:07:44 2026] GET /v2.0/security-groups?tenant_id=2018defab2734964b3da02a3d860dc61&name=default => generated 2925 bytes in 226 msecs (HTTP/1.1 200) 4 headers in 158 bytes (1 switches on core 0) [pid: 8|app: 0|req: 592/1134] 10.0.0.223 () {34 vars in 990 bytes} [Wed Jul 15 06:07:44 2026] GET /v2.0/ports?device_id=55c6949e-7dcb-477a-b6d4-7f4d4593e85b => generated 12 bytes in 14 msecs (HTTP/1.1 200) 4 headers in 156 bytes (1 switches on core 0)
2026-07-15 06:07:44.838 7 INFO neutron.db.ovn_revision_numbers_db [None req-7fccc49a-7d3c-4410-80bc-4e6d98ac7323 256458c0a4d140b39025b9004a85fa35 0eae7813b2784c28a8018e82d3ba7098 - - default default] Successfully bumped revision number for resource 180ed08f-6ff7-4362-a3fc-38473c72bfa0 (type: ports) to 2
2026-07-15 06:07:44.878 7 INFO neutron.db.ovn_revision_numbers_db [None req-7fccc49a-7d3c-4410-80bc-4e6d98ac7323 256458c0a4d140b39025b9004a85fa35 0eae7813b2784c28a8018e82d3ba7098 - - default default] Successfully bumped revision number for resource 244609cb-b33a-4b4c-b9f0-ddc040e7299c (type: subnets) to 0 [pid: 7|app: 0|req: 543/1135] 10.0.0.85 () {34 vars in 668 bytes} [Wed Jul 15 06:07:44 2026] POST /v2.0/subnets => generated 626 bytes in 691 msecs (HTTP/1.1 201) 4 headers in 162 bytes (1 switches on core 0) [pid: 8|app: 0|req: 593/1136] 10.0.0.85 () {32 vars in 739 bytes} [Wed Jul 15 06:07:44 2026] DELETE /v2.0/security-groups/28f4fe94-79fd-4eb8-9eab-b6499da42c52 => generated 0 bytes in 158 msecs (HTTP/1.1 204) 2 headers in 112 bytes (1 switches on core 0)
2026-07-15 06:07:45.094 7 WARNING neutron.scheduler.dhcp_agent_scheduler [None req-a5b0820d-40c4-4a7f-b229-fe2abd07447c 256458c0a4d140b39025b9004a85fa35 0eae7813b2784c28a8018e82d3ba7098 - - default default] No more DHCP agents
2026-07-15 06:07:45.096 7 WARNING neutron.api.rpc.agentnotifiers.dhcp_rpc_agent_api [None req-a5b0820d-40c4-4a7f-b229-fe2abd07447c 256458c0a4d140b39025b9004a85fa35 0eae7813b2784c28a8018e82d3ba7098 - - default default] Unable to schedule network 60b89e53-68e6-44b6-9e9f-1de94c89d7c3: no agents available; will retry on subsequent port and subnet creation events.
2026-07-15 06:07:45.227 7 INFO neutron.plugins.ml2.drivers.ovn.mech_driver.mech_driver [None req-e024e6f8-2cf8-49c3-ac65-3a92d1eadada - - - - - -] OVN reports status down for port: ab5a4360-0eb4-4bc6-bf82-53d82d42541a
2026-07-15 06:07:45.292 7 INFO neutron.db.ovn_revision_numbers_db [None req-a5b0820d-40c4-4a7f-b229-fe2abd07447c 256458c0a4d140b39025b9004a85fa35 0eae7813b2784c28a8018e82d3ba7098 - - default default] Successfully bumped revision number for resource ab5a4360-0eb4-4bc6-bf82-53d82d42541a (type: ports) to 1
2026-07-15 06:07:45.320 8 INFO neutron.db.ovn_revision_numbers_db [None req-e9af34fe-369d-4e9c-952d-69c2950e7158 1c2db2a627fc43c2820da515903d6096 e4c40ceefa6942449a31bc419ab32f09 - - default default] Successfully bumped revision number for resource 1fd00bb0-f6ab-4cc4-add3-e2553a9317f2 (type: security_groups) to 1
2026-07-15 06:07:45.332 8 INFO neutron.db.ovn_revision_numbers_db [None req-e9af34fe-369d-4e9c-952d-69c2950e7158 1c2db2a627fc43c2820da515903d6096 e4c40ceefa6942449a31bc419ab32f09 - - default default] Successfully bumped revision number for resource 07f058fe-0217-4c87-900a-9165ee96d16e (type: security_group_rules) to 0
2026-07-15 06:07:45.345 8 INFO neutron.db.ovn_revision_numbers_db [None req-e9af34fe-369d-4e9c-952d-69c2950e7158 1c2db2a627fc43c2820da515903d6096 e4c40ceefa6942449a31bc419ab32f09 - - default default] Successfully bumped revision number for resource 228952b7-ca83-4be7-b905-8f6be20fc425 (type: security_group_rules) to 0 [pid: 7|app: 0|req: 544/1137] 10.0.0.85 () {34 vars in 664 bytes} [Wed Jul 15 06:07:44 2026] POST /v2.0/ports => generated 911 bytes in 454 msecs (HTTP/1.1 201) 4 headers in 162 bytes (1 switches on core 0)
2026-07-15 06:07:45.363 8 INFO neutron.db.ovn_revision_numbers_db [None req-e9af34fe-369d-4e9c-952d-69c2950e7158 1c2db2a627fc43c2820da515903d6096 e4c40ceefa6942449a31bc419ab32f09 - - default default] Successfully bumped revision number for resource 75bbf1f5-cae9-4cf9-8d4c-96ab98d14d80 (type: security_group_rules) to 0
2026-07-15 06:07:45.378 8 INFO neutron.db.ovn_revision_numbers_db [None req-e9af34fe-369d-4e9c-952d-69c2950e7158 1c2db2a627fc43c2820da515903d6096 e4c40ceefa6942449a31bc419ab32f09 - - default default] Successfully bumped revision number for resource 7f30d54b-eb87-475c-887d-6b1c132c9beb (type: security_group_rules) to 0
2026-07-15 06:07:45.452 8 INFO neutron.db.segments_db [None req-e9af34fe-369d-4e9c-952d-69c2950e7158 1c2db2a627fc43c2820da515903d6096 e4c40ceefa6942449a31bc419ab32f09 - - default default] Added segment aa278a54-cd44-4049-8b8f-efbc18b6b1cd of type geneve for network ecbb8fa7-d20d-4cf0-b3c7-61171411f4d6 [pid: 7|app: 0|req: 545/1138] 10.0.0.85 () {32 vars in 739 bytes} [Wed Jul 15 06:07:45 2026] DELETE /v2.0/security-groups/62a65e6e-bff3-413f-9579-85b7f202a8b8 => generated 0 bytes in 147 msecs (HTTP/1.1 204) 2 headers in 112 bytes (1 switches on core 0)
2026-07-15 06:07:45.583 8 INFO neutron.db.ovn_revision_numbers_db [None req-e9af34fe-369d-4e9c-952d-69c2950e7158 1c2db2a627fc43c2820da515903d6096 e4c40ceefa6942449a31bc419ab32f09 - - default default] Successfully bumped revision number for resource ecbb8fa7-d20d-4cf0-b3c7-61171411f4d6 (type: networks) to 1
2026-07-15 06:07:45.606 7 INFO neutron_taas.services.taas.taas_plugin [None req-b2f9150d-8f8e-4d4f-99f8-a054859cc15c 256458c0a4d140b39025b9004a85fa35 0eae7813b2784c28a8018e82d3ba7098 - - default default] TaaS: Handle Delete Port: ab5a4360-0eb4-4bc6-bf82-53d82d42541a
2026-07-15 06:07:45.608 7 INFO neutron_taas.services.taas.tap_mirror_plugin [None req-b2f9150d-8f8e-4d4f-99f8-a054859cc15c 256458c0a4d140b39025b9004a85fa35 0eae7813b2784c28a8018e82d3ba7098 - - default default] Tap Mirror: Handle Delete Port: ab5a4360-0eb4-4bc6-bf82-53d82d42541a
2026-07-15 06:07:45.741 8 WARNING neutron.scheduler.dhcp_agent_scheduler [None req-e9af34fe-369d-4e9c-952d-69c2950e7158 1c2db2a627fc43c2820da515903d6096 e4c40ceefa6942449a31bc419ab32f09 - - default default] No more DHCP agents [pid: 7|app: 0|req: 546/1139] 10.0.0.85 () {32 vars in 719 bytes} [Wed Jul 15 06:07:45 2026] DELETE /v2.0/ports/ab5a4360-0eb4-4bc6-bf82-53d82d42541a => generated 0 bytes in 241 msecs (HTTP/1.1 204) 3 headers in 131 bytes (1 switches on core 0)
2026-07-15 06:07:45.743 8 WARNING neutron.api.rpc.agentnotifiers.dhcp_rpc_agent_api [None req-e9af34fe-369d-4e9c-952d-69c2950e7158 1c2db2a627fc43c2820da515903d6096 e4c40ceefa6942449a31bc419ab32f09 - - default default] Unable to schedule network ecbb8fa7-d20d-4cf0-b3c7-61171411f4d6: no agents available; will retry on subsequent port and subnet creation events.
2026-07-15 06:07:45.753 7 INFO neutron.api.v2.resource [None req-63746958-0926-466f-b66e-7bc92a4bf52a 02e9cffd39014319a0897c13b4063fa8 c18e2ce1ec6d40a68799e4522d8ef6c4 - - default default] show failed (client error): The resource could not be found. [pid: 7|app: 0|req: 547/1140] 10.0.0.85 () {32 vars in 736 bytes} [Wed Jul 15 06:07:45 2026] GET /v2.0/security-groups/62a65e6e-bff3-413f-9579-85b7f202a8b8 => generated 146 bytes in 10 msecs (HTTP/1.1 404) 4 headers in 164 bytes (1 switches on core 0)
2026-07-15 06:07:45.766 7 INFO neutron.pecan_wsgi.hooks.translation [None req-57a16ef1-1c5f-43eb-a9e9-01ff6970bcfe 256458c0a4d140b39025b9004a85fa35 0eae7813b2784c28a8018e82d3ba7098 - - default default] GET failed (client error): The resource could not be found. [pid: 7|app: 0|req: 548/1141] 10.0.0.85 () {32 vars in 716 bytes} [Wed Jul 15 06:07:45 2026] GET /v2.0/ports/ab5a4360-0eb4-4bc6-bf82-53d82d42541a => generated 132 bytes in 13 msecs (HTTP/1.1 404) 4 headers in 164 bytes (1 switches on core 0)
2026-07-15 06:07:45.798 8 INFO neutron.plugins.ml2.drivers.ovn.mech_driver.mech_driver [None req-e5faa62d-edb7-49e4-8860-8c5699f07cd8 - - - - - -] OVN reports status down for port: 0367a9ac-183d-4d07-bf72-1614c2182b36
2026-07-15 06:07:45.851 8 INFO neutron.db.ovn_revision_numbers_db [None req-e9af34fe-369d-4e9c-952d-69c2950e7158 1c2db2a627fc43c2820da515903d6096 e4c40ceefa6942449a31bc419ab32f09 - - default default] Successfully bumped revision number for resource 0367a9ac-183d-4d07-bf72-1614c2182b36 (type: ports) to 1 [pid: 8|app: 0|req: 594/1142] 10.0.0.85 () {34 vars in 670 bytes} [Wed Jul 15 06:07:44 2026] POST /v2.0/networks => generated 787 bytes in 896 msecs (HTTP/1.1 201) 4 headers in 162 bytes (1 switches on core 0)
2026-07-15 06:07:45.902 7 INFO neutron_taas.services.taas.taas_plugin [None req-6e3d1c3d-001b-4737-9d73-0294a3746014 02e9cffd39014319a0897c13b4063fa8 c18e2ce1ec6d40a68799e4522d8ef6c4 - - default default] TaaS: Handle Delete Port: 492b47a9-2dc8-4c8a-8908-c69028b03604
2026-07-15 06:07:45.905 7 INFO neutron_taas.services.taas.tap_mirror_plugin [None req-6e3d1c3d-001b-4737-9d73-0294a3746014 02e9cffd39014319a0897c13b4063fa8 c18e2ce1ec6d40a68799e4522d8ef6c4 - - default default] Tap Mirror: Handle Delete Port: 492b47a9-2dc8-4c8a-8908-c69028b03604 [pid: 8|app: 0|req: 595/1143] 10.0.0.85 () {32 vars in 723 bytes} [Wed Jul 15 06:07:45 2026] DELETE /v2.0/subnets/244609cb-b33a-4b4c-b9f0-ddc040e7299c => generated 0 bytes in 166 msecs (HTTP/1.1 204) 3 headers in 131 bytes (1 switches on core 0) [pid: 7|app: 0|req: 549/1144] 10.0.0.85 () {32 vars in 731 bytes} [Wed Jul 15 06:07:45 2026] DELETE /v2.0/floatingips/ab439445-9d29-4847-861d-350bb99e6e64 => generated 0 bytes in 298 msecs (HTTP/1.1 204) 2 headers in 112 bytes (1 switches on core 0)
2026-07-15 06:07:46.182 8 WARNING neutron.scheduler.dhcp_agent_scheduler [None req-1a6dfffe-0375-4ea5-a905-180393fb39bd 1c2db2a627fc43c2820da515903d6096 e4c40ceefa6942449a31bc419ab32f09 - - default default] No more DHCP agents
2026-07-15 06:07:46.184 8 WARNING neutron.api.rpc.agentnotifiers.dhcp_rpc_agent_api [None req-1a6dfffe-0375-4ea5-a905-180393fb39bd 1c2db2a627fc43c2820da515903d6096 e4c40ceefa6942449a31bc419ab32f09 - - default default] Unable to schedule network ecbb8fa7-d20d-4cf0-b3c7-61171411f4d6: no agents available; will retry on subsequent port and subnet creation events.
2026-07-15 06:07:46.187 7 INFO neutron_taas.services.taas.taas_plugin [None req-476a96fd-bdfb-4bb7-a016-4a0c9a060836 256458c0a4d140b39025b9004a85fa35 0eae7813b2784c28a8018e82d3ba7098 - - default default] TaaS: Handle Delete Port: 180ed08f-6ff7-4362-a3fc-38473c72bfa0
2026-07-15 06:07:46.190 7 INFO neutron_taas.services.taas.tap_mirror_plugin [None req-476a96fd-bdfb-4bb7-a016-4a0c9a060836 256458c0a4d140b39025b9004a85fa35 0eae7813b2784c28a8018e82d3ba7098 - - default default] Tap Mirror: Handle Delete Port: 180ed08f-6ff7-4362-a3fc-38473c72bfa0
2026-07-15 06:07:46.406 7 INFO neutron.services.segments.plugin [-] Segment a2418bdf-d823-45eb-adf9-95fc154f6f73 resource provider aggregate not found
2026-07-15 06:07:46.411 7 INFO neutron.services.segments.plugin [-] Segment a2418bdf-d823-45eb-adf9-95fc154f6f73 resource provider aggregate not found
2026-07-15 06:07:46.426 7 INFO neutron.services.segments.plugin [-] Client error retrieving segment a2418bdf-d823-45eb-adf9-95fc154f6f73 resource provider; error: Placement Client Error (4xx): {"errors": [{"status": 404, "title": "Not Found", "detail": "The resource could not be found.\n\n No resource provider with uuid a2418bdf-d823-45eb-adf9-95fc154f6f73 found for delete ", "request_id": "req-9cb45b48-b0bd-4c58-98ad-a5ecc1d97b8b"}]}
2026-07-15 06:07:46.435 7 INFO neutron.services.segments.plugin [-] Client error retrieving segment a2418bdf-d823-45eb-adf9-95fc154f6f73 resource provider; error: Placement Client Error (4xx): {"errors": [{"status": 404, "title": "Not Found", "detail": "The resource could not be found.\n\n No resource provider with uuid a2418bdf-d823-45eb-adf9-95fc154f6f73 found for delete ", "request_id": "req-bfe07abe-e429-4911-a60c-777904e96cc7"}]} [pid: 7|app: 0|req: 550/1145] 10.0.0.85 () {32 vars in 725 bytes} [Wed Jul 15 06:07:46 2026] DELETE /v2.0/networks/60b89e53-68e6-44b6-9e9f-1de94c89d7c3 => generated 0 bytes in 397 msecs (HTTP/1.1 204) 3 headers in 131 bytes (1 switches on core 0)
2026-07-15 06:07:46.715 8 INFO neutron.db.ovn_revision_numbers_db [None req-1a6dfffe-0375-4ea5-a905-180393fb39bd 1c2db2a627fc43c2820da515903d6096 e4c40ceefa6942449a31bc419ab32f09 - - default default] Successfully bumped revision number for resource 0367a9ac-183d-4d07-bf72-1614c2182b36 (type: ports) to 2
2026-07-15 06:07:46.746 8 INFO neutron.db.ovn_revision_numbers_db [None req-1a6dfffe-0375-4ea5-a905-180393fb39bd 1c2db2a627fc43c2820da515903d6096 e4c40ceefa6942449a31bc419ab32f09 - - default default] Successfully bumped revision number for resource ca5b58e1-dee2-4ebd-821f-f2eb177b4a37 (type: subnets) to 0
2026-07-15 06:07:46.761 7 INFO neutron_taas.services.taas.taas_plugin [None req-09f0c07f-9975-4f75-b015-044d33f08deb 1c2db2a627fc43c2820da515903d6096 e4c40ceefa6942449a31bc419ab32f09 - - default default] TaaS: Handle Delete Port: a524fa91-3488-4c0a-a1aa-3afb50cd6cc6 [pid: 8|app: 0|req: 596/1146] 10.0.0.85 () {34 vars in 668 bytes} [Wed Jul 15 06:07:46 2026] POST /v2.0/subnets => generated 693 bytes in 715 msecs (HTTP/1.1 201) 4 headers in 162 bytes (1 switches on core 0)
2026-07-15 06:07:46.764 7 INFO neutron_taas.services.taas.tap_mirror_plugin [None req-09f0c07f-9975-4f75-b015-044d33f08deb 1c2db2a627fc43c2820da515903d6096 e4c40ceefa6942449a31bc419ab32f09 - - default default] Tap Mirror: Handle Delete Port: a524fa91-3488-4c0a-a1aa-3afb50cd6cc6
2026-07-15 06:07:46.962 8 WARNING neutron.scheduler.dhcp_agent_scheduler [None req-32dc2ed0-fe2a-49b8-9220-c8ce23bdf594 256458c0a4d140b39025b9004a85fa35 0eae7813b2784c28a8018e82d3ba7098 - - default default] No more DHCP agents
2026-07-15 06:07:46.964 8 WARNING neutron.api.rpc.agentnotifiers.dhcp_rpc_agent_api [None req-32dc2ed0-fe2a-49b8-9220-c8ce23bdf594 256458c0a4d140b39025b9004a85fa35 0eae7813b2784c28a8018e82d3ba7098 - - default default] Unable to schedule network 4c99ab9a-0c71-44f9-819c-9572f0655f16: no agents available; will retry on subsequent port and subnet creation events.
2026-07-15 06:07:47.024 8 INFO neutron.plugins.ml2.drivers.ovn.mech_driver.mech_driver [None req-e5faa62d-edb7-49e4-8860-8c5699f07cd8 - - - - - -] OVN reports status down for port: 28e659ed-d152-460b-b2a1-fb156dd5cbba
2026-07-15 06:07:47.084 8 INFO neutron.db.ovn_revision_numbers_db [None req-32dc2ed0-fe2a-49b8-9220-c8ce23bdf594 256458c0a4d140b39025b9004a85fa35 0eae7813b2784c28a8018e82d3ba7098 - - default default] Successfully bumped revision number for resource 28e659ed-d152-460b-b2a1-fb156dd5cbba (type: ports) to 1 [pid: 8|app: 0|req: 597/1147] 10.0.0.85 () {34 vars in 664 bytes} [Wed Jul 15 06:07:46 2026] POST /v2.0/ports => generated 774 bytes in 363 msecs (HTTP/1.1 201) 4 headers in 162 bytes (1 switches on core 0) /var/lib/openstack/lib/python3.12/site-packages/pycadf/identifier.py:70: UserWarning: Invalid uuid: neutron. To ensure interoperability, identifiers should be a valid uuid. warnings.warn(('Invalid uuid: %s. To ensure interoperability, ' [pid: 7|app: 0|req: 551/1148] 10.0.0.85 () {34 vars in 788 bytes} [Wed Jul 15 06:07:46 2026] PUT /v2.0/routers/ffbe9ce4-cdf8-4194-96b9-aa4c06829e6b/remove_router_interface => generated 310 bytes in 875 msecs (HTTP/1.1 200) 4 headers in 157 bytes (1 switches on core 0) /var/lib/openstack/lib/python3.12/site-packages/pycadf/identifier.py:70: UserWarning: Invalid uuid: neutron. To ensure interoperability, identifiers should be a valid uuid. warnings.warn(('Invalid uuid: %s. To ensure interoperability, '
2026-07-15 06:07:47.554 8 WARNING neutron.scheduler.dhcp_agent_scheduler [None req-8b48be7f-acbe-49f4-9f18-30a612df862c 1c2db2a627fc43c2820da515903d6096 e4c40ceefa6942449a31bc419ab32f09 - - default default] No more DHCP agents
2026-07-15 06:07:47.556 8 WARNING neutron.api.rpc.agentnotifiers.dhcp_rpc_agent_api [None req-8b48be7f-acbe-49f4-9f18-30a612df862c 1c2db2a627fc43c2820da515903d6096 e4c40ceefa6942449a31bc419ab32f09 - - default default] Unable to schedule network 0c87e584-60ea-41fe-aa3f-91827559531d: no agents available; will retry on subsequent port and subnet creation events.
2026-07-15 06:07:47.705 8 INFO neutron.db.ovn_revision_numbers_db [None req-8b48be7f-acbe-49f4-9f18-30a612df862c 1c2db2a627fc43c2820da515903d6096 e4c40ceefa6942449a31bc419ab32f09 - - default default] Successfully bumped revision number for resource 93a2ea12-7b60-4ef4-a49f-f8af082799ea (type: ports) to 1
2026-07-15 06:07:47.953 7 INFO neutron.plugins.ml2.drivers.ovn.mech_driver.mech_driver [None req-e024e6f8-2cf8-49c3-ac65-3a92d1eadada - - - - - -] OVN reports status down for port: 93a2ea12-7b60-4ef4-a49f-f8af082799ea
2026-07-15 06:07:48.123 8 INFO neutron.plugins.ml2.drivers.ovn.mech_driver.mech_driver [None req-e5faa62d-edb7-49e4-8860-8c5699f07cd8 - - - - - -] OVN reports status down for port: 28e659ed-d152-460b-b2a1-fb156dd5cbba
2026-07-15 06:07:48.152 7 INFO neutron.db.ovn_revision_numbers_db [None req-61602887-aed5-47af-b26e-cd83cf7773b6 256458c0a4d140b39025b9004a85fa35 0eae7813b2784c28a8018e82d3ba7098 - - default default] Successfully bumped revision number for resource 28e659ed-d152-460b-b2a1-fb156dd5cbba (type: ports) to 2 [pid: 7|app: 0|req: 552/1149] 10.0.0.85 () {34 vars in 736 bytes} [Wed Jul 15 06:07:47 2026] PUT /v2.0/ports/28e659ed-d152-460b-b2a1-fb156dd5cbba => generated 752 bytes in 862 msecs (HTTP/1.1 200) 4 headers in 157 bytes (1 switches on core 0) /var/lib/openstack/lib/python3.12/site-packages/pycadf/identifier.py:70: UserWarning: Invalid uuid: neutron. To ensure interoperability, identifiers should be a valid uuid. warnings.warn(('Invalid uuid: %s. To ensure interoperability, '
2026-07-15 06:07:48.371 8 INFO neutron.plugins.ml2.drivers.ovn.mech_driver.ovsdb.ovsdb_monitor [None req-15048318-fcc1-4a24-b05d-c32015694ad1 - - - - - -] Router b5d328c6-33cc-40cf-891b-52cf9576cac5 is bound to host instance
2026-07-15 06:07:48.451 7 INFO neutron.plugins.ml2.drivers.ovn.mech_driver.mech_driver [None req-e024e6f8-2cf8-49c3-ac65-3a92d1eadada - - - - - -] OVN reports status up for port: 93a2ea12-7b60-4ef4-a49f-f8af082799ea
2026-07-15 06:07:48.453 8 INFO neutron.db.ovn_revision_numbers_db [None req-8b48be7f-acbe-49f4-9f18-30a612df862c 1c2db2a627fc43c2820da515903d6096 e4c40ceefa6942449a31bc419ab32f09 - - default default] Successfully bumped revision number for resource 93a2ea12-7b60-4ef4-a49f-f8af082799ea (type: router_ports) to 1
2026-07-15 06:07:48.475 7 INFO neutron.plugins.ml2.plugin [None req-e024e6f8-2cf8-49c3-ac65-3a92d1eadada - - - - - -] Attempt 1 to provision port 93a2ea12-7b60-4ef4-a49f-f8af082799ea
2026-07-15 06:07:48.592 8 INFO neutron.db.ovn_revision_numbers_db [None req-8b48be7f-acbe-49f4-9f18-30a612df862c 1c2db2a627fc43c2820da515903d6096 e4c40ceefa6942449a31bc419ab32f09 - - default default] Successfully bumped revision number for resource b5d328c6-33cc-40cf-891b-52cf9576cac5 (type: routers) to 2 [pid: 8|app: 0|req: 598/1152] 10.0.0.85 () {34 vars in 668 bytes} [Wed Jul 15 06:07:47 2026] POST /v2.0/routers => generated 992 bytes in 1495 msecs (HTTP/1.1 201) 4 headers in 162 bytes (1 switches on core 0)
2026-07-15 06:07:48.677 7 INFO neutron_taas.services.taas.taas_plugin [None req-1c37d381-d810-48b0-af5b-5855224f0f4e 1c2db2a627fc43c2820da515903d6096 e4c40ceefa6942449a31bc419ab32f09 - - default default] TaaS: Handle Delete Port: ebf3fcc0-5cee-4de2-b2d3-3a494e04cac6
2026-07-15 06:07:48.689 7 INFO neutron_taas.services.taas.tap_mirror_plugin [None req-1c37d381-d810-48b0-af5b-5855224f0f4e 1c2db2a627fc43c2820da515903d6096 e4c40ceefa6942449a31bc419ab32f09 - - default default] Tap Mirror: Handle Delete Port: ebf3fcc0-5cee-4de2-b2d3-3a494e04cac6
2026-07-15 06:07:48.853 8 INFO neutron_taas.services.taas.taas_plugin [None req-e7499c7a-18c9-4299-bb7e-5e3f48c85a4d 256458c0a4d140b39025b9004a85fa35 0eae7813b2784c28a8018e82d3ba7098 - - default default] TaaS: Handle Delete Port: 28e659ed-d152-460b-b2a1-fb156dd5cbba
2026-07-15 06:07:48.858 8 INFO neutron_taas.services.taas.tap_mirror_plugin [None req-e7499c7a-18c9-4299-bb7e-5e3f48c85a4d 256458c0a4d140b39025b9004a85fa35 0eae7813b2784c28a8018e82d3ba7098 - - default default] Tap Mirror: Handle Delete Port: 28e659ed-d152-460b-b2a1-fb156dd5cbba [pid: 8|app: 0|req: 599/1153] 10.0.0.85 () {32 vars in 719 bytes} [Wed Jul 15 06:07:48 2026] DELETE /v2.0/ports/28e659ed-d152-460b-b2a1-fb156dd5cbba => generated 0 bytes in 459 msecs (HTTP/1.1 204) 3 headers in 131 bytes (1 switches on core 0) [pid: 7|app: 0|req: 555/1154] 10.0.0.85 () {32 vars in 723 bytes} [Wed Jul 15 06:07:48 2026] DELETE /v2.0/routers/ffbe9ce4-cdf8-4194-96b9-aa4c06829e6b => generated 0 bytes in 897 msecs (HTTP/1.1 204) 2 headers in 112 bytes (1 switches on core 0)
2026-07-15 06:07:49.264 8 WARNING neutron.db.securitygroups_db [None req-18fc8667-64ae-4153-84cd-288a7a27e194 1c2db2a627fc43c2820da515903d6096 e4c40ceefa6942449a31bc419ab32f09 - - default default] project_id key not found in filters, using tenant_id instead. This support has been deprecated and will be removed in a future release.
2026-07-15 06:07:49.481 8 INFO neutron.db.ovn_revision_numbers_db [None req-18fc8667-64ae-4153-84cd-288a7a27e194 1c2db2a627fc43c2820da515903d6096 e4c40ceefa6942449a31bc419ab32f09 - - default default] Successfully bumped revision number for resource 0d00e1be-36b0-4d6b-81e4-1786cb5999aa (type: security_groups) to 1
2026-07-15 06:07:49.498 8 INFO neutron.db.ovn_revision_numbers_db [None req-18fc8667-64ae-4153-84cd-288a7a27e194 1c2db2a627fc43c2820da515903d6096 e4c40ceefa6942449a31bc419ab32f09 - - default default] Successfully bumped revision number for resource 25e543a2-2553-487c-899e-99c4b87f0b00 (type: security_group_rules) to 0
2026-07-15 06:07:49.528 8 INFO neutron.db.ovn_revision_numbers_db [None req-18fc8667-64ae-4153-84cd-288a7a27e194 1c2db2a627fc43c2820da515903d6096 e4c40ceefa6942449a31bc419ab32f09 - - default default] Successfully bumped revision number for resource 33b10054-6600-4fe3-92c8-41bc992098a5 (type: security_group_rules) to 0
2026-07-15 06:07:49.546 8 INFO neutron.db.ovn_revision_numbers_db [None req-18fc8667-64ae-4153-84cd-288a7a27e194 1c2db2a627fc43c2820da515903d6096 e4c40ceefa6942449a31bc419ab32f09 - - default default] Successfully bumped revision number for resource 8a6080e7-46ba-47ea-a1eb-796dab41d18f (type: security_group_rules) to 0
2026-07-15 06:07:49.553 7 WARNING neutron.scheduler.dhcp_agent_scheduler [None req-af6f8716-edaa-4e92-b89d-e70f735fdcc7 1c2db2a627fc43c2820da515903d6096 e4c40ceefa6942449a31bc419ab32f09 - - default default] No more DHCP agents
2026-07-15 06:07:49.555 7 WARNING neutron.api.rpc.agentnotifiers.dhcp_rpc_agent_api [None req-af6f8716-edaa-4e92-b89d-e70f735fdcc7 1c2db2a627fc43c2820da515903d6096 e4c40ceefa6942449a31bc419ab32f09 - - default default] Unable to schedule network ecbb8fa7-d20d-4cf0-b3c7-61171411f4d6: no agents available; will retry on subsequent port and subnet creation events.
2026-07-15 06:07:49.566 8 INFO neutron.db.ovn_revision_numbers_db [None req-18fc8667-64ae-4153-84cd-288a7a27e194 1c2db2a627fc43c2820da515903d6096 e4c40ceefa6942449a31bc419ab32f09 - - default default] Successfully bumped revision number for resource ddcd4a7f-4de6-49a4-a0a2-dcab60d734c3 (type: security_group_rules) to 0 [pid: 8|app: 0|req: 600/1155] 10.0.0.85 () {32 vars in 773 bytes} [Wed Jul 15 06:07:49 2026] GET /v2.0/security-groups?tenant_id=d9daf49a0e874ff1b0aee92bb936dbba&name=default => generated 2925 bytes in 554 msecs (HTTP/1.1 200) 4 headers in 158 bytes (1 switches on core 0)
2026-07-15 06:07:49.691 8 INFO neutron.plugins.ml2.drivers.ovn.mech_driver.mech_driver [None req-e5faa62d-edb7-49e4-8860-8c5699f07cd8 - - - - - -] OVN reports status down for port: c648ca96-a047-4617-ad3f-dc3f26208647
2026-07-15 06:07:49.696 7 INFO neutron.db.ovn_revision_numbers_db [None req-af6f8716-edaa-4e92-b89d-e70f735fdcc7 1c2db2a627fc43c2820da515903d6096 e4c40ceefa6942449a31bc419ab32f09 - - default default] Successfully bumped revision number for resource c648ca96-a047-4617-ad3f-dc3f26208647 (type: ports) to 1 [pid: 8|app: 0|req: 601/1156] 10.0.0.85 () {32 vars in 642 bytes} [Wed Jul 15 06:07:49 2026] GET /v2.0/ports => generated 1534 bytes in 100 msecs (HTTP/1.1 200) 4 headers in 158 bytes (1 switches on core 0)
2026-07-15 06:07:49.814 8 INFO neutron.db.ovn_revision_numbers_db [None req-821d81c9-0978-4014-ba21-4ccbe27e2a5f - - - - - -] Successfully bumped revision number for resource 93a2ea12-7b60-4ef4-a49f-f8af082799ea (type: ports) to 4 [pid: 8|app: 0|req: 602/1157] 10.0.0.85 () {32 vars in 723 bytes} [Wed Jul 15 06:07:49 2026] DELETE /v2.0/subnets/4fe11440-705c-4666-8a2c-a28a0f8ee230 => generated 0 bytes in 351 msecs (HTTP/1.1 204) 3 headers in 131 bytes (1 switches on core 0)
2026-07-15 06:07:50.293 8 INFO neutron.plugins.ml2.drivers.ovn.mech_driver.mech_driver [None req-e5faa62d-edb7-49e4-8860-8c5699f07cd8 - - - - - -] OVN reports status up for port: c648ca96-a047-4617-ad3f-dc3f26208647
2026-07-15 06:07:50.341 8 INFO neutron.plugins.ml2.plugin [None req-e5faa62d-edb7-49e4-8860-8c5699f07cd8 - - - - - -] Attempt 1 to provision port c648ca96-a047-4617-ad3f-dc3f26208647
2026-07-15 06:07:50.355 7 WARNING neutron.scheduler.dhcp_agent_scheduler [None req-af6f8716-edaa-4e92-b89d-e70f735fdcc7 1c2db2a627fc43c2820da515903d6096 e4c40ceefa6942449a31bc419ab32f09 - - default default] No more DHCP agents
2026-07-15 06:07:50.357 7 WARNING neutron.api.rpc.agentnotifiers.dhcp_rpc_agent_api [None req-af6f8716-edaa-4e92-b89d-e70f735fdcc7 1c2db2a627fc43c2820da515903d6096 e4c40ceefa6942449a31bc419ab32f09 - - default default] Unable to schedule network ecbb8fa7-d20d-4cf0-b3c7-61171411f4d6: no agents available; will retry on subsequent port and subnet creation events.
2026-07-15 06:07:50.406 8 INFO neutron.db.ovn_revision_numbers_db [None req-821d81c9-0978-4014-ba21-4ccbe27e2a5f - - - - - -] Successfully bumped revision number for resource 93a2ea12-7b60-4ef4-a49f-f8af082799ea (type: ports) to 5 [pid: 8|app: 0|req: 603/1158] 10.0.0.85 () {32 vars in 739 bytes} [Wed Jul 15 06:07:50 2026] DELETE /v2.0/security-groups/0d00e1be-36b0-4d6b-81e4-1786cb5999aa => generated 0 bytes in 406 msecs (HTTP/1.1 204) 2 headers in 112 bytes (1 switches on core 0)
2026-07-15 06:07:50.548 8 INFO neutron.pecan_wsgi.hooks.translation [None req-9ddca03a-f1d6-4456-bc73-57dee0e26b03 256458c0a4d140b39025b9004a85fa35 0eae7813b2784c28a8018e82d3ba7098 - - default default] GET failed (client error): The resource could not be found. [pid: 8|app: 0|req: 604/1159] 10.0.0.85 () {32 vars in 716 bytes} [Wed Jul 15 06:07:50 2026] GET /v2.0/ports/28e659ed-d152-460b-b2a1-fb156dd5cbba => generated 132 bytes in 54 msecs (HTTP/1.1 404) 4 headers in 164 bytes (1 switches on core 0)
2026-07-15 06:07:50.796 7 INFO neutron.db.ovn_revision_numbers_db [None req-af6f8716-edaa-4e92-b89d-e70f735fdcc7 1c2db2a627fc43c2820da515903d6096 e4c40ceefa6942449a31bc419ab32f09 - - default default] Successfully bumped revision number for resource c648ca96-a047-4617-ad3f-dc3f26208647 (type: router_ports) to 1 [pid: 7|app: 0|req: 556/1160] 10.0.0.85 () {34 vars in 782 bytes} [Wed Jul 15 06:07:49 2026] PUT /v2.0/routers/b5d328c6-33cc-40cf-891b-52cf9576cac5/add_router_interface => generated 310 bytes in 1696 msecs (HTTP/1.1 200) 4 headers in 157 bytes (1 switches on core 0) [pid: 7|app: 0|req: 557/1161] 10.0.0.85 () {32 vars in 642 bytes} [Wed Jul 15 06:07:50 2026] GET /v2.0/ports => generated 1534 bytes in 38 msecs (HTTP/1.1 200) 4 headers in 158 bytes (1 switches on core 0) [pid: 7|app: 0|req: 558/1162] 10.0.0.85 () {32 vars in 716 bytes} [Wed Jul 15 06:07:50 2026] GET /v2.0/ports/4ca9e30c-f05d-4004-ac6d-b98842af2594 => generated 775 bytes in 40 msecs (HTTP/1.1 200) 4 headers in 157 bytes (1 switches on core 0)
2026-07-15 06:07:50.903 7 INFO neutron.pecan_wsgi.hooks.translation [None req-4594ef26-54b6-482e-9358-9a1000fee6bc 256458c0a4d140b39025b9004a85fa35 0eae7813b2784c28a8018e82d3ba7098 - - default default] DELETE failed (client error): The resource could not be found. [pid: 7|app: 0|req: 559/1163] 10.0.0.85 () {32 vars in 719 bytes} [Wed Jul 15 06:07:50 2026] DELETE /v2.0/ports/ab5a4360-0eb4-4bc6-bf82-53d82d42541a => generated 132 bytes in 20 msecs (HTTP/1.1 404) 4 headers in 164 bytes (1 switches on core 0)
2026-07-15 06:07:50.921 8 INFO neutron_taas.services.taas.taas_plugin [None req-7a930e7c-cebc-4d84-a84f-58b5b3267ad2 1c2db2a627fc43c2820da515903d6096 e4c40ceefa6942449a31bc419ab32f09 - - default default] TaaS: Handle Delete Port: c0e4cf38-9d0a-450a-8edf-ffe125388157
2026-07-15 06:07:50.926 8 INFO neutron_taas.services.taas.tap_mirror_plugin [None req-7a930e7c-cebc-4d84-a84f-58b5b3267ad2 1c2db2a627fc43c2820da515903d6096 e4c40ceefa6942449a31bc419ab32f09 - - default default] Tap Mirror: Handle Delete Port: c0e4cf38-9d0a-450a-8edf-ffe125388157
2026-07-15 06:07:50.927 7 INFO neutron.pecan_wsgi.hooks.translation [None req-3f1141dd-dd15-40ca-9389-42e7e157dcf5 256458c0a4d140b39025b9004a85fa35 0eae7813b2784c28a8018e82d3ba7098 - - default default] DELETE failed (client error): The resource could not be found. [pid: 7|app: 0|req: 560/1164] 10.0.0.85 () {32 vars in 723 bytes} [Wed Jul 15 06:07:50 2026] DELETE /v2.0/subnets/244609cb-b33a-4b4c-b9f0-ddc040e7299c => generated 136 bytes in 15 msecs (HTTP/1.1 404) 4 headers in 164 bytes (1 switches on core 0)
2026-07-15 06:07:50.946 7 INFO neutron.pecan_wsgi.hooks.translation [None req-1e96e441-6cd2-4b0e-ad63-33070dfec61c 256458c0a4d140b39025b9004a85fa35 0eae7813b2784c28a8018e82d3ba7098 - - default default] DELETE failed (client error): The resource could not be found. [pid: 7|app: 0|req: 561/1165] 10.0.0.85 () {32 vars in 723 bytes} [Wed Jul 15 06:07:50 2026] DELETE /v2.0/subnets/b26b5f69-aa5a-4166-b269-88f4a78fb205 => generated 136 bytes in 15 msecs (HTTP/1.1 404) 4 headers in 164 bytes (1 switches on core 0)
2026-07-15 06:07:51.096 7 INFO neutron_taas.services.taas.taas_plugin [None req-bddf480a-4545-448d-ad8e-784b29252913 256458c0a4d140b39025b9004a85fa35 0eae7813b2784c28a8018e82d3ba7098 - - default default] TaaS: Handle Delete Port: 4ca9e30c-f05d-4004-ac6d-b98842af2594
2026-07-15 06:07:51.103 7 INFO neutron_taas.services.taas.tap_mirror_plugin [None req-bddf480a-4545-448d-ad8e-784b29252913 256458c0a4d140b39025b9004a85fa35 0eae7813b2784c28a8018e82d3ba7098 - - default default] Tap Mirror: Handle Delete Port: 4ca9e30c-f05d-4004-ac6d-b98842af2594 [pid: 7|app: 0|req: 562/1166] 10.0.0.85 () {32 vars in 719 bytes} [Wed Jul 15 06:07:50 2026] DELETE /v2.0/ports/4ca9e30c-f05d-4004-ac6d-b98842af2594 => generated 0 bytes in 280 msecs (HTTP/1.1 204) 3 headers in 131 bytes (1 switches on core 0)
2026-07-15 06:07:51.300 8 INFO neutron.db.ovn_revision_numbers_db [None req-e5faa62d-edb7-49e4-8860-8c5699f07cd8 - - - - - -] Successfully bumped revision number for resource c648ca96-a047-4617-ad3f-dc3f26208647 (type: ports) to 2
2026-07-15 06:07:51.324 8 INFO neutron.services.segments.plugin [-] Segment 78290db1-d960-423a-a3b4-892ee8a49936 resource provider aggregate not found
2026-07-15 06:07:51.328 8 INFO neutron.services.segments.plugin [-] Segment 78290db1-d960-423a-a3b4-892ee8a49936 resource provider aggregate not found
2026-07-15 06:07:51.345 8 INFO neutron.services.segments.plugin [-] Client error retrieving segment 78290db1-d960-423a-a3b4-892ee8a49936 resource provider; error: Placement Client Error (4xx): {"errors": [{"status": 404, "title": "Not Found", "detail": "The resource could not be found.\n\n No resource provider with uuid 78290db1-d960-423a-a3b4-892ee8a49936 found for delete ", "request_id": "req-5f3f02c5-15d9-4cb1-87b1-5801412c003d"}]}
2026-07-15 06:07:51.348 8 INFO neutron.services.segments.plugin [-] Client error retrieving segment 78290db1-d960-423a-a3b4-892ee8a49936 resource provider; error: Placement Client Error (4xx): {"errors": [{"status": 404, "title": "Not Found", "detail": "The resource could not be found.\n\n No resource provider with uuid 78290db1-d960-423a-a3b4-892ee8a49936 found for delete ", "request_id": "req-6834712e-de90-49c5-b15e-3df3a64ff786"}]}
