2026-07-15 06:09:26.243 7 WARNING neutron.api.rpc.agentnotifiers.dhcp_rpc_agent_api [None req-50d53704-e249-4fcb-8d06-a89d3036f3db 1c2db2a627fc43c2820da515903d6096 e4c40ceefa6942449a31bc419ab32f09 - - default default] Unable to schedule network 561a992d-d650-4afc-b3b9-bf3f62c4b55f: no agents available; will retry on subsequent port and subnet creation events. [pid: 8|app: 0|req: 880/1832] 10.0.0.85 () {32 vars in 723 bytes} [Wed Jul 15 06:09:26 2026] DELETE /v2.0/subnets/417039a5-4c35-4fc6-8e13-2fbc83f20bec => generated 0 bytes in 138 msecs (HTTP/1.1 204) 3 headers in 131 bytes (1 switches on core 0)
2026-07-15 06:09:26.432 8 INFO neutron_taas.services.taas.taas_plugin [None req-ac84d7f2-e0d3-460e-9481-a031741804b2 38874b5b3ec74c2c8cd0db7e1b0e5a53 e0da52900d244ad985163732054dd062 - - default default] TaaS: Handle Delete Port: 213f1c1f-ff7e-4d9f-8222-a3ecab049061
2026-07-15 06:09:26.435 8 INFO neutron_taas.services.taas.tap_mirror_plugin [None req-ac84d7f2-e0d3-460e-9481-a031741804b2 38874b5b3ec74c2c8cd0db7e1b0e5a53 e0da52900d244ad985163732054dd062 - - default default] Tap Mirror: Handle Delete Port: 213f1c1f-ff7e-4d9f-8222-a3ecab049061 [pid: 8|app: 0|req: 881/1833] 10.0.0.85 () {32 vars in 725 bytes} [Wed Jul 15 06:09:26 2026] DELETE /v2.0/networks/fe187f5b-3ee6-4d0c-9e64-b6e4937e51e5 => generated 0 bytes in 341 msecs (HTTP/1.1 204) 3 headers in 131 bytes (1 switches on core 0)
2026-07-15 06:09:26.708 7 INFO neutron.db.ovn_revision_numbers_db [None req-50d53704-e249-4fcb-8d06-a89d3036f3db 1c2db2a627fc43c2820da515903d6096 e4c40ceefa6942449a31bc419ab32f09 - - default default] Successfully bumped revision number for resource 9a30c470-edc6-4e01-ae6d-18420aff80eb (type: ports) to 2
2026-07-15 06:09:26.734 7 INFO neutron.db.ovn_revision_numbers_db [None req-50d53704-e249-4fcb-8d06-a89d3036f3db 1c2db2a627fc43c2820da515903d6096 e4c40ceefa6942449a31bc419ab32f09 - - default default] Successfully bumped revision number for resource 3413f815-04c2-4c0b-9216-0a81d373a33b (type: subnets) to 0 [pid: 7|app: 0|req: 953/1834] 10.0.0.85 () {34 vars in 668 bytes} [Wed Jul 15 06:09:26 2026] POST /v2.0/subnets => generated 688 bytes in 646 msecs (HTTP/1.1 201) 4 headers in 162 bytes (1 switches on core 0)
2026-07-15 06:09:26.761 8 INFO neutron_taas.services.taas.taas_plugin [None req-1a49135d-2b33-40fe-9004-0f2f0bed5812 8b6b2ed1f2a842e2a8aa4d83831848a1 2f679345f1e346e98a15accd98d3b70c - - default default] TaaS: Handle Delete Port: 7007f74c-ce90-4f06-b745-943c43451038
2026-07-15 06:09:26.763 8 INFO neutron_taas.services.taas.tap_mirror_plugin [None req-1a49135d-2b33-40fe-9004-0f2f0bed5812 8b6b2ed1f2a842e2a8aa4d83831848a1 2f679345f1e346e98a15accd98d3b70c - - default default] Tap Mirror: Handle Delete Port: 7007f74c-ce90-4f06-b745-943c43451038
2026-07-15 06:09:26.870 7 INFO neutron_taas.services.taas.taas_plugin [None req-3bc5558a-c190-449f-9cbf-e0ae87c0f677 38874b5b3ec74c2c8cd0db7e1b0e5a53 e0da52900d244ad985163732054dd062 - - default default] TaaS: Handle Delete Port: a5a55679-9d39-4cb9-87fb-e988f23c10c6
2026-07-15 06:09:26.874 7 INFO neutron_taas.services.taas.tap_mirror_plugin [None req-3bc5558a-c190-449f-9cbf-e0ae87c0f677 38874b5b3ec74c2c8cd0db7e1b0e5a53 e0da52900d244ad985163732054dd062 - - default default] Tap Mirror: Handle Delete Port: a5a55679-9d39-4cb9-87fb-e988f23c10c6 [pid: 8|app: 0|req: 882/1835] 10.0.0.85 () {32 vars in 725 bytes} [Wed Jul 15 06:09:26 2026] DELETE /v2.0/networks/ce6c3e45-d02d-4d4e-90e8-0cce9d628c57 => generated 0 bytes in 302 msecs (HTTP/1.1 204) 3 headers in 131 bytes (1 switches on core 0)
2026-07-15 06:09:27.055 7 INFO neutron.services.segments.plugin [-] Segment 01199181-10e4-4ea3-ad82-f42ee983864c resource provider aggregate not found
2026-07-15 06:09:27.060 7 INFO neutron.services.segments.plugin [-] Segment 01199181-10e4-4ea3-ad82-f42ee983864c resource provider aggregate not found
2026-07-15 06:09:27.079 7 INFO neutron.services.segments.plugin [-] Client error retrieving segment 01199181-10e4-4ea3-ad82-f42ee983864c resource provider; error: Placement Client Error (4xx): {"errors": [{"status": 404, "title": "Not Found", "detail": "The resource could not be found.\n\n No resource provider with uuid 01199181-10e4-4ea3-ad82-f42ee983864c found for delete ", "request_id": "req-7447d3a6-794c-42ab-9109-05a5759058bb"}]}
2026-07-15 06:09:27.082 7 INFO neutron.services.segments.plugin [-] Client error retrieving segment 01199181-10e4-4ea3-ad82-f42ee983864c resource provider; error: Placement Client Error (4xx): {"errors": [{"status": 404, "title": "Not Found", "detail": "The resource could not be found.\n\n No resource provider with uuid 01199181-10e4-4ea3-ad82-f42ee983864c found for delete ", "request_id": "req-a0d4321a-2e62-4339-9d64-82dabbf57cac"}]} [pid: 7|app: 0|req: 954/1836] 10.0.0.85 () {32 vars in 725 bytes} [Wed Jul 15 06:09:26 2026] DELETE /v2.0/networks/c0bdee58-c6b8-4f65-ac29-504739166642 => generated 0 bytes in 351 msecs (HTTP/1.1 204) 3 headers in 131 bytes (1 switches on core 0)
2026-07-15 06:09:27.189 7 INFO neutron.db.segments_db [None req-c1b631ca-9abe-49be-b9f7-e7dbf432138b 8b6b2ed1f2a842e2a8aa4d83831848a1 2f679345f1e346e98a15accd98d3b70c - - default default] Added segment 408a9cfa-a44c-43e6-8155-e95c13955b24 of type geneve for network 9a4e3114-e36b-4a04-92af-adae02844061
2026-07-15 06:09:27.278 7 INFO neutron.db.ovn_revision_numbers_db [None req-c1b631ca-9abe-49be-b9f7-e7dbf432138b 8b6b2ed1f2a842e2a8aa4d83831848a1 2f679345f1e346e98a15accd98d3b70c - - default default] Successfully bumped revision number for resource 9a4e3114-e36b-4a04-92af-adae02844061 (type: networks) to 1
2026-07-15 06:09:27.374 8 WARNING neutron.scheduler.dhcp_agent_scheduler [None req-610e9a7f-940a-4b46-9ae1-e01f938f8227 1c2db2a627fc43c2820da515903d6096 e4c40ceefa6942449a31bc419ab32f09 - - default default] No more DHCP agents
2026-07-15 06:09:27.375 8 WARNING neutron.api.rpc.agentnotifiers.dhcp_rpc_agent_api [None req-610e9a7f-940a-4b46-9ae1-e01f938f8227 1c2db2a627fc43c2820da515903d6096 e4c40ceefa6942449a31bc419ab32f09 - - default default] Unable to schedule network 0c87e584-60ea-41fe-aa3f-91827559531d: no agents available; will retry on subsequent port and subnet creation events.
2026-07-15 06:09:27.480 7 WARNING neutron.scheduler.dhcp_agent_scheduler [None req-c1b631ca-9abe-49be-b9f7-e7dbf432138b 8b6b2ed1f2a842e2a8aa4d83831848a1 2f679345f1e346e98a15accd98d3b70c - - default default] No more DHCP agents
2026-07-15 06:09:27.493 7 INFO neutron.plugins.ml2.drivers.ovn.mech_driver.mech_driver [None req-a350137f-06cc-4fb4-a32e-0d286845316a - - - - - -] OVN reports status down for port: 52c591ab-1b16-4bbc-866f-dbc6efbdba3f
2026-07-15 06:09:27.498 7 WARNING neutron.api.rpc.agentnotifiers.dhcp_rpc_agent_api [None req-c1b631ca-9abe-49be-b9f7-e7dbf432138b 8b6b2ed1f2a842e2a8aa4d83831848a1 2f679345f1e346e98a15accd98d3b70c - - default default] Unable to schedule network 9a4e3114-e36b-4a04-92af-adae02844061: no agents available; will retry on subsequent port and subnet creation events.
2026-07-15 06:09:27.528 8 INFO neutron.db.ovn_revision_numbers_db [None req-610e9a7f-940a-4b46-9ae1-e01f938f8227 1c2db2a627fc43c2820da515903d6096 e4c40ceefa6942449a31bc419ab32f09 - - default default] Successfully bumped revision number for resource 52c591ab-1b16-4bbc-866f-dbc6efbdba3f (type: ports) to 1
2026-07-15 06:09:27.634 7 INFO neutron.db.ovn_revision_numbers_db [None req-c1b631ca-9abe-49be-b9f7-e7dbf432138b 8b6b2ed1f2a842e2a8aa4d83831848a1 2f679345f1e346e98a15accd98d3b70c - - default default] Successfully bumped revision number for resource a6a1d548-b37c-4200-aa16-d1515dec5569 (type: ports) to 1 [pid: 7|app: 0|req: 955/1837] 10.0.0.85 () {34 vars in 669 bytes} [Wed Jul 15 06:09:27 2026] POST /v2.0/networks => generated 672 bytes in 555 msecs (HTTP/1.1 201) 4 headers in 162 bytes (1 switches on core 0)
2026-07-15 06:09:27.774 7 INFO neutron_taas.services.taas.taas_plugin [None req-dd73446a-6b4f-4131-90d7-5a1889935a6d 38874b5b3ec74c2c8cd0db7e1b0e5a53 e0da52900d244ad985163732054dd062 - - default default] TaaS: Handle Delete Port: ae32b9f1-51b5-4a35-8b7a-e69649717e7a
2026-07-15 06:09:27.777 7 INFO neutron_taas.services.taas.tap_mirror_plugin [None req-dd73446a-6b4f-4131-90d7-5a1889935a6d 38874b5b3ec74c2c8cd0db7e1b0e5a53 e0da52900d244ad985163732054dd062 - - default default] Tap Mirror: Handle Delete Port: ae32b9f1-51b5-4a35-8b7a-e69649717e7a [pid: 7|app: 0|req: 956/1838] 10.0.0.85 () {32 vars in 725 bytes} [Wed Jul 15 06:09:27 2026] DELETE /v2.0/networks/34f73ffd-c324-47d3-9615-e7feb14e3758 => generated 0 bytes in 319 msecs (HTTP/1.1 204) 3 headers in 131 bytes (1 switches on core 0)
2026-07-15 06:09:28.068 7 INFO neutron.plugins.ml2.drivers.ovn.mech_driver.ovsdb.ovsdb_monitor [None req-1f788c07-cf6a-4599-8fd4-95d161f4d03b - - - - - -] Router 53f1885a-7c18-40f1-bcac-c645fbab6ca0 is bound to host instance
2026-07-15 06:09:28.069 7 INFO neutron.plugins.ml2.drivers.ovn.mech_driver.mech_driver [None req-a350137f-06cc-4fb4-a32e-0d286845316a - - - - - -] OVN reports status up for port: 52c591ab-1b16-4bbc-866f-dbc6efbdba3f
2026-07-15 06:09:28.093 8 INFO neutron.db.ovn_revision_numbers_db [None req-610e9a7f-940a-4b46-9ae1-e01f938f8227 1c2db2a627fc43c2820da515903d6096 e4c40ceefa6942449a31bc419ab32f09 - - default default] Successfully bumped revision number for resource 52c591ab-1b16-4bbc-866f-dbc6efbdba3f (type: router_ports) to 1
2026-07-15 06:09:28.118 7 INFO neutron.plugins.ml2.plugin [None req-a350137f-06cc-4fb4-a32e-0d286845316a - - - - - -] Attempt 1 to provision port 52c591ab-1b16-4bbc-866f-dbc6efbdba3f
2026-07-15 06:09:28.152 8 INFO neutron.services.segments.plugin [-] Segment d361e424-a201-41f6-ac8d-5e38b659c4ed resource provider aggregate not found
2026-07-15 06:09:28.161 8 INFO neutron.services.segments.plugin [-] Segment d361e424-a201-41f6-ac8d-5e38b659c4ed resource provider aggregate not found
2026-07-15 06:09:28.172 8 INFO neutron.services.segments.plugin [-] Client error retrieving segment d361e424-a201-41f6-ac8d-5e38b659c4ed resource provider; error: Placement Client Error (4xx): {"errors": [{"status": 404, "title": "Not Found", "detail": "The resource could not be found.\n\n No resource provider with uuid d361e424-a201-41f6-ac8d-5e38b659c4ed found for delete ", "request_id": "req-2b8a1878-53d4-4b27-8b09-e280bdb6955b"}]}
2026-07-15 06:09:28.172 8 INFO neutron.db.ovn_revision_numbers_db [None req-610e9a7f-940a-4b46-9ae1-e01f938f8227 1c2db2a627fc43c2820da515903d6096 e4c40ceefa6942449a31bc419ab32f09 - - default default] Successfully bumped revision number for resource 53f1885a-7c18-40f1-bcac-c645fbab6ca0 (type: routers) to 2
2026-07-15 06:09:28.181 8 INFO neutron.services.segments.plugin [-] Client error retrieving segment d361e424-a201-41f6-ac8d-5e38b659c4ed resource provider; error: Placement Client Error (4xx): {"errors": [{"status": 404, "title": "Not Found", "detail": "The resource could not be found.\n\n No resource provider with uuid d361e424-a201-41f6-ac8d-5e38b659c4ed found for delete ", "request_id": "req-6a83a665-c8c9-435e-a7dc-fbfc3e78c2cd"}]}
2026-07-15 06:09:28.188 8 INFO neutron.services.segments.plugin [-] Segment 078ad9d5-4b6c-4d1b-9f61-cdd12f08872a resource provider aggregate not found
2026-07-15 06:09:28.196 8 INFO neutron.services.segments.plugin [-] Segment 078ad9d5-4b6c-4d1b-9f61-cdd12f08872a resource provider aggregate not found
2026-07-15 06:09:28.206 8 INFO neutron.services.segments.plugin [-] Client error retrieving segment 078ad9d5-4b6c-4d1b-9f61-cdd12f08872a resource provider; error: Placement Client Error (4xx): {"errors": [{"status": 404, "title": "Not Found", "detail": "The resource could not be found.\n\n No resource provider with uuid 078ad9d5-4b6c-4d1b-9f61-cdd12f08872a found for delete ", "request_id": "req-371a2448-0f45-4acb-ad53-671f4aa83d25"}]} [pid: 8|app: 0|req: 883/1839] 10.0.0.85 () {34 vars in 668 bytes} [Wed Jul 15 06:09:26 2026] POST /v2.0/routers => generated 987 bytes in 1262 msecs (HTTP/1.1 201) 4 headers in 162 bytes (1 switches on core 0)
2026-07-15 06:09:28.215 8 INFO neutron.services.segments.plugin [-] Client error retrieving segment 078ad9d5-4b6c-4d1b-9f61-cdd12f08872a resource provider; error: Placement Client Error (4xx): {"errors": [{"status": 404, "title": "Not Found", "detail": "The resource could not be found.\n\n No resource provider with uuid 078ad9d5-4b6c-4d1b-9f61-cdd12f08872a found for delete ", "request_id": "req-45d9da82-97e7-4de1-8f2c-8573b3188615"}]}
2026-07-15 06:09:28.315 8 INFO neutron_taas.services.taas.taas_plugin [None req-8be21104-3897-43a5-b835-7185976ed8f0 38874b5b3ec74c2c8cd0db7e1b0e5a53 e0da52900d244ad985163732054dd062 - - default default] TaaS: Handle Delete Port: b62bc29e-7a9a-4210-b1d4-12ced76d9e44
2026-07-15 06:09:28.317 8 INFO neutron_taas.services.taas.tap_mirror_plugin [None req-8be21104-3897-43a5-b835-7185976ed8f0 38874b5b3ec74c2c8cd0db7e1b0e5a53 e0da52900d244ad985163732054dd062 - - default default] Tap Mirror: Handle Delete Port: b62bc29e-7a9a-4210-b1d4-12ced76d9e44
2026-07-15 06:09:28.377 7 WARNING neutron.scheduler.dhcp_agent_scheduler [None req-c2d0ae66-ae7b-464e-b71e-65fae45c09a8 8b6b2ed1f2a842e2a8aa4d83831848a1 2f679345f1e346e98a15accd98d3b70c - - default default] No more DHCP agents
2026-07-15 06:09:28.384 7 WARNING neutron.api.rpc.agentnotifiers.dhcp_rpc_agent_api [None req-c2d0ae66-ae7b-464e-b71e-65fae45c09a8 8b6b2ed1f2a842e2a8aa4d83831848a1 2f679345f1e346e98a15accd98d3b70c - - default default] Unable to schedule network 9a4e3114-e36b-4a04-92af-adae02844061: no agents available; will retry on subsequent port and subnet creation events.
2026-07-15 06:09:28.449 7 INFO neutron.db.ovn_revision_numbers_db [None req-c2d0ae66-ae7b-464e-b71e-65fae45c09a8 8b6b2ed1f2a842e2a8aa4d83831848a1 2f679345f1e346e98a15accd98d3b70c - - default default] Successfully bumped revision number for resource 232b106f-d0f9-4626-b2df-b257a4a100f1 (type: subnets) to 0 [pid: 7|app: 0|req: 957/1840] 10.0.0.85 () {34 vars in 668 bytes} [Wed Jul 15 06:09:27 2026] POST /v2.0/subnets => generated 646 bytes in 507 msecs (HTTP/1.1 201) 4 headers in 162 bytes (1 switches on core 0) [pid: 8|app: 0|req: 884/1841] 10.0.0.85 () {32 vars in 725 bytes} [Wed Jul 15 06:09:28 2026] DELETE /v2.0/networks/54863ffd-6d6a-4b78-b4ea-7cf8c027a1d3 => generated 0 bytes in 311 msecs (HTTP/1.1 204) 3 headers in 131 bytes (1 switches on core 0)
2026-07-15 06:09:28.580 8 WARNING neutron.plugins.ml2.drivers.ovn.mech_driver.ovsdb.ovn_client [None req-88aa60ca-332d-471d-892e-d90ffba78f7c - - - - - -] No port found with ID 9fd26b33-3e7a-44ae-a5f7-bdd0d84909b1: RuntimeError: No port found with ID 9fd26b33-3e7a-44ae-a5f7-bdd0d84909b1
2026-07-15 06:09:28.580 8 INFO neutron.plugins.ml2.drivers.ovn.mech_driver.mech_driver [None req-88aa60ca-332d-471d-892e-d90ffba78f7c - - - - - -] OVN reports status down for port: 7419aa22-4c71-47b5-b32e-4a408665ad7c
2026-07-15 06:09:28.655 8 INFO neutron.db.ovn_revision_numbers_db [None req-2516143d-9823-4eb7-beca-3443ed9eec34 8b6b2ed1f2a842e2a8aa4d83831848a1 2f679345f1e346e98a15accd98d3b70c - - default default] Successfully bumped revision number for resource 93c914a7-a505-48ac-b1cd-cc28948486fb (type: routers) to 1 [pid: 8|app: 0|req: 885/1842] 10.0.0.85 () {34 vars in 668 bytes} [Wed Jul 15 06:09:28 2026] POST /v2.0/routers => generated 628 bytes in 175 msecs (HTTP/1.1 201) 4 headers in 162 bytes (1 switches on core 0)
2026-07-15 06:09:28.700 8 WARNING neutron.plugins.ml2.drivers.ovn.mech_driver.ovsdb.ovn_client [None req-88aa60ca-332d-471d-892e-d90ffba78f7c - - - - - -] Logical_Switch_Port 7419aa22-4c71-47b5-b32e-4a408665ad7c host information not removed, the port state is up
2026-07-15 06:09:28.700 8 INFO neutron.plugins.ml2.drivers.ovn.mech_driver.mech_driver [None req-88aa60ca-332d-471d-892e-d90ffba78f7c - - - - - -] OVN reports status up for port: 7419aa22-4c71-47b5-b32e-4a408665ad7c
2026-07-15 06:09:28.728 8 INFO neutron.plugins.ml2.plugin [None req-88aa60ca-332d-471d-892e-d90ffba78f7c - - - - - -] Attempt 1 to provision port 7419aa22-4c71-47b5-b32e-4a408665ad7c
2026-07-15 06:09:29.104 7 INFO neutron.services.segments.plugin [-] Segment d8b2376a-2419-477f-9b1e-cc22b3352821 resource provider aggregate not found
2026-07-15 06:09:29.112 7 INFO neutron.services.segments.plugin [-] Segment d8b2376a-2419-477f-9b1e-cc22b3352821 resource provider aggregate not found
2026-07-15 06:09:29.128 7 INFO neutron.services.segments.plugin [-] Client error retrieving segment d8b2376a-2419-477f-9b1e-cc22b3352821 resource provider; error: Placement Client Error (4xx): {"errors": [{"status": 404, "title": "Not Found", "detail": "The resource could not be found.\n\n No resource provider with uuid d8b2376a-2419-477f-9b1e-cc22b3352821 found for delete ", "request_id": "req-e5b20615-a0b9-4de8-a413-ed3b1646fa97"}]}
2026-07-15 06:09:29.131 7 INFO neutron.services.segments.plugin [-] Client error retrieving segment d8b2376a-2419-477f-9b1e-cc22b3352821 resource provider; error: Placement Client Error (4xx): {"errors": [{"status": 404, "title": "Not Found", "detail": "The resource could not be found.\n\n No resource provider with uuid d8b2376a-2419-477f-9b1e-cc22b3352821 found for delete ", "request_id": "req-347cb71d-1b58-4126-9423-707a4f90c79b"}]}
2026-07-15 06:09:29.311 8 WARNING neutron.scheduler.dhcp_agent_scheduler [None req-6fc34cdb-984d-4a03-a054-afc4b0693032 8b6b2ed1f2a842e2a8aa4d83831848a1 2f679345f1e346e98a15accd98d3b70c - - default default] No more DHCP agents
2026-07-15 06:09:29.312 8 WARNING neutron.api.rpc.agentnotifiers.dhcp_rpc_agent_api [None req-6fc34cdb-984d-4a03-a054-afc4b0693032 8b6b2ed1f2a842e2a8aa4d83831848a1 2f679345f1e346e98a15accd98d3b70c - - default default] Unable to schedule network 9a4e3114-e36b-4a04-92af-adae02844061: no agents available; will retry on subsequent port and subnet creation events.
2026-07-15 06:09:29.350 7 WARNING neutron.scheduler.dhcp_agent_scheduler [None req-3ad04939-253e-43ba-a232-b523d402cfa2 1c2db2a627fc43c2820da515903d6096 e4c40ceefa6942449a31bc419ab32f09 - - default default] No more DHCP agents
2026-07-15 06:09:29.354 7 WARNING neutron.api.rpc.agentnotifiers.dhcp_rpc_agent_api [None req-3ad04939-253e-43ba-a232-b523d402cfa2 1c2db2a627fc43c2820da515903d6096 e4c40ceefa6942449a31bc419ab32f09 - - default default] Unable to schedule network 561a992d-d650-4afc-b3b9-bf3f62c4b55f: no agents available; will retry on subsequent port and subnet creation events.
2026-07-15 06:09:29.521 8 INFO neutron.db.ovn_revision_numbers_db [None req-6fc34cdb-984d-4a03-a054-afc4b0693032 8b6b2ed1f2a842e2a8aa4d83831848a1 2f679345f1e346e98a15accd98d3b70c - - default default] Successfully bumped revision number for resource e49ac0e1-cd53-49ca-b537-14f15e99a1e7 (type: ports) to 1
2026-07-15 06:09:29.640 7 INFO neutron.db.ovn_revision_numbers_db [None req-3ad04939-253e-43ba-a232-b523d402cfa2 1c2db2a627fc43c2820da515903d6096 e4c40ceefa6942449a31bc419ab32f09 - - default default] Successfully bumped revision number for resource cb266ade-5b50-457c-8137-98a8c46030cf (type: ports) to 1
2026-07-15 06:09:29.669 8 INFO neutron.db.ovn_revision_numbers_db [None req-88aa60ca-332d-471d-892e-d90ffba78f7c - - - - - -] Successfully bumped revision number for resource 7419aa22-4c71-47b5-b32e-4a408665ad7c (type: ports) to 2
2026-07-15 06:09:29.744 7 INFO neutron.db.ovn_revision_numbers_db [None req-33e9fb04-c47e-4e5d-86b5-96ab33be525c - - - - - -] Successfully bumped revision number for resource 52c591ab-1b16-4bbc-866f-dbc6efbdba3f (type: ports) to 4
2026-07-15 06:09:30.221 8 WARNING neutron.scheduler.dhcp_agent_scheduler [None req-6fc34cdb-984d-4a03-a054-afc4b0693032 8b6b2ed1f2a842e2a8aa4d83831848a1 2f679345f1e346e98a15accd98d3b70c - - default default] No more DHCP agents
2026-07-15 06:09:30.223 8 WARNING neutron.api.rpc.agentnotifiers.dhcp_rpc_agent_api [None req-6fc34cdb-984d-4a03-a054-afc4b0693032 8b6b2ed1f2a842e2a8aa4d83831848a1 2f679345f1e346e98a15accd98d3b70c - - default default] Unable to schedule network 9a4e3114-e36b-4a04-92af-adae02844061: no agents available; will retry on subsequent port and subnet creation events.
2026-07-15 06:09:30.237 8 INFO neutron.services.segments.plugin [-] Segment b59c211e-a340-4327-9491-eebc3a46d667 resource provider aggregate not found
2026-07-15 06:09:30.242 8 INFO neutron.services.segments.plugin [-] Segment b59c211e-a340-4327-9491-eebc3a46d667 resource provider aggregate not found
2026-07-15 06:09:30.259 8 INFO neutron.services.segments.plugin [-] Client error retrieving segment b59c211e-a340-4327-9491-eebc3a46d667 resource provider; error: Placement Client Error (4xx): {"errors": [{"status": 404, "title": "Not Found", "detail": "The resource could not be found.\n\n No resource provider with uuid b59c211e-a340-4327-9491-eebc3a46d667 found for delete ", "request_id": "req-497d5f12-1d28-4670-8bc1-91f98f97af4e"}]}
2026-07-15 06:09:30.261 8 INFO neutron.services.segments.plugin [-] Client error retrieving segment b59c211e-a340-4327-9491-eebc3a46d667 resource provider; error: Placement Client Error (4xx): {"errors": [{"status": 404, "title": "Not Found", "detail": "The resource could not be found.\n\n No resource provider with uuid b59c211e-a340-4327-9491-eebc3a46d667 found for delete ", "request_id": "req-2b1857d1-1e9e-4b1f-acbb-775c0a225cf6"}]}
2026-07-15 06:09:30.338 7 INFO neutron.db.ovn_revision_numbers_db [None req-33e9fb04-c47e-4e5d-86b5-96ab33be525c - - - - - -] Successfully bumped revision number for resource 52c591ab-1b16-4bbc-866f-dbc6efbdba3f (type: ports) to 5
2026-07-15 06:09:30.445 8 INFO neutron.db.ovn_revision_numbers_db [None req-6fc34cdb-984d-4a03-a054-afc4b0693032 8b6b2ed1f2a842e2a8aa4d83831848a1 2f679345f1e346e98a15accd98d3b70c - - default default] Successfully bumped revision number for resource e49ac0e1-cd53-49ca-b537-14f15e99a1e7 (type: router_ports) to 1 [pid: 8|app: 0|req: 886/1843] 10.0.0.85 () {34 vars in 782 bytes} [Wed Jul 15 06:09:28 2026] PUT /v2.0/routers/93c914a7-a505-48ac-b1cd-cc28948486fb/add_router_interface => generated 310 bytes in 1751 msecs (HTTP/1.1 200) 4 headers in 157 bytes (1 switches on core 0)
2026-07-15 06:09:30.591 8 WARNING neutron.db.securitygroups_db [None req-888acd30-cb8f-4ded-8fd3-3763cbcfcca9 1c2db2a627fc43c2820da515903d6096 e4c40ceefa6942449a31bc419ab32f09 - - default default] project_id key not found in filters, using tenant_id instead. This support has been deprecated and will be removed in a future release.
2026-07-15 06:09:30.679 8 INFO neutron.db.ovn_revision_numbers_db [None req-888acd30-cb8f-4ded-8fd3-3763cbcfcca9 1c2db2a627fc43c2820da515903d6096 e4c40ceefa6942449a31bc419ab32f09 - - default default] Successfully bumped revision number for resource 9631bdbd-2b98-4503-b40c-adc1b936a77d (type: security_groups) to 1
2026-07-15 06:09:30.689 8 INFO neutron.db.ovn_revision_numbers_db [None req-888acd30-cb8f-4ded-8fd3-3763cbcfcca9 1c2db2a627fc43c2820da515903d6096 e4c40ceefa6942449a31bc419ab32f09 - - default default] Successfully bumped revision number for resource 1cf41369-91b4-4ead-9080-7aa6979c6e34 (type: security_group_rules) to 0
2026-07-15 06:09:30.708 8 INFO neutron.db.ovn_revision_numbers_db [None req-888acd30-cb8f-4ded-8fd3-3763cbcfcca9 1c2db2a627fc43c2820da515903d6096 e4c40ceefa6942449a31bc419ab32f09 - - default default] Successfully bumped revision number for resource 5ae38908-3663-4fa5-9456-24b4e796202a (type: security_group_rules) to 0
2026-07-15 06:09:30.723 8 INFO neutron.db.ovn_revision_numbers_db [None req-888acd30-cb8f-4ded-8fd3-3763cbcfcca9 1c2db2a627fc43c2820da515903d6096 e4c40ceefa6942449a31bc419ab32f09 - - default default] Successfully bumped revision number for resource 90debe8a-59f6-4912-850e-3db0b6019c28 (type: security_group_rules) to 0
2026-07-15 06:09:30.734 8 INFO neutron.db.ovn_revision_numbers_db [None req-888acd30-cb8f-4ded-8fd3-3763cbcfcca9 1c2db2a627fc43c2820da515903d6096 e4c40ceefa6942449a31bc419ab32f09 - - default default] Successfully bumped revision number for resource abddf4b2-c224-4d61-8e23-a86a5740d98b (type: security_group_rules) to 0 [pid: 8|app: 0|req: 887/1844] 10.0.0.85 () {32 vars in 773 bytes} [Wed Jul 15 06:09:30 2026] GET /v2.0/security-groups?tenant_id=427a2792df3c427490967a429cbb6a85&name=default => generated 2925 bytes in 321 msecs (HTTP/1.1 200) 4 headers in 158 bytes (1 switches on core 0)
2026-07-15 06:09:30.779 7 WARNING neutron.scheduler.dhcp_agent_scheduler [None req-3ad04939-253e-43ba-a232-b523d402cfa2 1c2db2a627fc43c2820da515903d6096 e4c40ceefa6942449a31bc419ab32f09 - - default default] No more DHCP agents
2026-07-15 06:09:30.780 7 WARNING neutron.api.rpc.agentnotifiers.dhcp_rpc_agent_api [None req-3ad04939-253e-43ba-a232-b523d402cfa2 1c2db2a627fc43c2820da515903d6096 e4c40ceefa6942449a31bc419ab32f09 - - default default] Unable to schedule network 561a992d-d650-4afc-b3b9-bf3f62c4b55f: no agents available; will retry on subsequent port and subnet creation events. [pid: 8|app: 0|req: 888/1845] 10.0.0.85 () {32 vars in 716 bytes} [Wed Jul 15 06:09:30 2026] GET /v2.0/ports/e49ac0e1-cd53-49ca-b537-14f15e99a1e7 => generated 945 bytes in 58 msecs (HTTP/1.1 200) 4 headers in 157 bytes (1 switches on core 0) [pid: 8|app: 0|req: 889/1846] 10.0.0.85 () {32 vars in 739 bytes} [Wed Jul 15 06:09:30 2026] DELETE /v2.0/security-groups/9631bdbd-2b98-4503-b40c-adc1b936a77d => generated 0 bytes in 145 msecs (HTTP/1.1 204) 2 headers in 112 bytes (1 switches on core 0) [pid: 8|app: 0|req: 890/1847] 10.0.0.85 () {32 vars in 716 bytes} [Wed Jul 15 06:09:30 2026] GET /v2.0/ports/e49ac0e1-cd53-49ca-b537-14f15e99a1e7 => generated 945 bytes in 26 msecs (HTTP/1.1 200) 4 headers in 157 bytes (1 switches on core 0)
2026-07-15 06:09:31.061 8 WARNING neutron.db.securitygroups_db [None req-f2e9b02e-e250-487d-8371-1e3a372bf313 1c2db2a627fc43c2820da515903d6096 e4c40ceefa6942449a31bc419ab32f09 - - default default] project_id key not found in filters, using tenant_id instead. This support has been deprecated and will be removed in a future release.
2026-07-15 06:09:31.204 8 INFO neutron.db.ovn_revision_numbers_db [None req-f2e9b02e-e250-487d-8371-1e3a372bf313 1c2db2a627fc43c2820da515903d6096 e4c40ceefa6942449a31bc419ab32f09 - - default default] Successfully bumped revision number for resource 9cde11af-4b66-4d16-bc24-54c9b16e4d3d (type: security_groups) to 1
2026-07-15 06:09:31.215 8 INFO neutron.db.ovn_revision_numbers_db [None req-f2e9b02e-e250-487d-8371-1e3a372bf313 1c2db2a627fc43c2820da515903d6096 e4c40ceefa6942449a31bc419ab32f09 - - default default] Successfully bumped revision number for resource 5091b076-7852-4e43-b047-f76b7622d232 (type: security_group_rules) to 0
2026-07-15 06:09:31.234 8 INFO neutron.db.ovn_revision_numbers_db [None req-f2e9b02e-e250-487d-8371-1e3a372bf313 1c2db2a627fc43c2820da515903d6096 e4c40ceefa6942449a31bc419ab32f09 - - default default] Successfully bumped revision number for resource 915df8ad-111c-489a-b126-364c40eb3302 (type: security_group_rules) to 0
2026-07-15 06:09:31.246 8 INFO neutron.db.ovn_revision_numbers_db [None req-f2e9b02e-e250-487d-8371-1e3a372bf313 1c2db2a627fc43c2820da515903d6096 e4c40ceefa6942449a31bc419ab32f09 - - default default] Successfully bumped revision number for resource a5747b99-e3b5-4cde-b077-0daf64b1bed4 (type: security_group_rules) to 0
2026-07-15 06:09:31.256 8 INFO neutron.db.ovn_revision_numbers_db [None req-f2e9b02e-e250-487d-8371-1e3a372bf313 1c2db2a627fc43c2820da515903d6096 e4c40ceefa6942449a31bc419ab32f09 - - default default] Successfully bumped revision number for resource f5de30fc-753e-4d8c-9e4a-800e235b1c81 (type: security_group_rules) to 0 [pid: 8|app: 0|req: 891/1848] 10.0.0.85 () {32 vars in 773 bytes} [Wed Jul 15 06:09:31 2026] GET /v2.0/security-groups?tenant_id=c9b138c2d97842888596a7d23c5f973c&name=default => generated 2925 bytes in 236 msecs (HTTP/1.1 200) 4 headers in 158 bytes (1 switches on core 0) [pid: 8|app: 0|req: 892/1849] 10.0.0.85 () {32 vars in 739 bytes} [Wed Jul 15 06:09:31 2026] DELETE /v2.0/security-groups/9cde11af-4b66-4d16-bc24-54c9b16e4d3d => generated 0 bytes in 191 msecs (HTTP/1.1 204) 2 headers in 112 bytes (1 switches on core 0)
2026-07-15 06:09:31.608 8 WARNING neutron.db.securitygroups_db [None req-011fadce-c004-43c6-a3ad-f491171a0ae0 1c2db2a627fc43c2820da515903d6096 e4c40ceefa6942449a31bc419ab32f09 - - default default] project_id key not found in filters, using tenant_id instead. This support has been deprecated and will be removed in a future release. [pid: 8|app: 0|req: 893/1850] 10.0.0.85 () {32 vars in 773 bytes} [Wed Jul 15 06:09:31 2026] GET /v2.0/security-groups?tenant_id=e0da52900d244ad985163732054dd062&name=default => generated 2925 bytes in 30 msecs (HTTP/1.1 200) 4 headers in 158 bytes (1 switches on core 0) [pid: 8|app: 0|req: 894/1851] 10.0.0.85 () {32 vars in 739 bytes} [Wed Jul 15 06:09:31 2026] DELETE /v2.0/security-groups/e205494a-e1cd-4234-8bdf-c761f3d842ad => generated 0 bytes in 172 msecs (HTTP/1.1 204) 2 headers in 112 bytes (1 switches on core 0)
2026-07-15 06:09:31.861 7 INFO neutron.plugins.ml2.drivers.ovn.mech_driver.mech_driver [None req-a350137f-06cc-4fb4-a32e-0d286845316a - - - - - -] OVN reports status down for port: e49ac0e1-cd53-49ca-b537-14f15e99a1e7
2026-07-15 06:09:31.966 7 INFO neutron.db.ovn_revision_numbers_db [None req-3ad04939-253e-43ba-a232-b523d402cfa2 1c2db2a627fc43c2820da515903d6096 e4c40ceefa6942449a31bc419ab32f09 - - default default] Successfully bumped revision number for resource cb266ade-5b50-457c-8137-98a8c46030cf (type: router_ports) to 1
2026-07-15 06:09:31.973 7 WARNING neutron.plugins.ml2.drivers.ovn.mech_driver.ovsdb.ovn_client [None req-a350137f-06cc-4fb4-a32e-0d286845316a - - - - - -] Logical_Switch_Port e49ac0e1-cd53-49ca-b537-14f15e99a1e7 host information not removed, the port state is up
2026-07-15 06:09:31.973 7 INFO neutron.plugins.ml2.drivers.ovn.mech_driver.mech_driver [None req-a350137f-06cc-4fb4-a32e-0d286845316a - - - - - -] OVN reports status up for port: e49ac0e1-cd53-49ca-b537-14f15e99a1e7 [pid: 7|app: 0|req: 958/1852] 10.0.0.85 () {34 vars in 782 bytes} [Wed Jul 15 06:09:28 2026] PUT /v2.0/routers/53f1885a-7c18-40f1-bcac-c645fbab6ca0/add_router_interface => generated 310 bytes in 3489 msecs (HTTP/1.1 200) 4 headers in 157 bytes (1 switches on core 0)
2026-07-15 06:09:31.984 7 INFO neutron.plugins.ml2.plugin [None req-a350137f-06cc-4fb4-a32e-0d286845316a - - - - - -] Attempt 1 to provision port e49ac0e1-cd53-49ca-b537-14f15e99a1e7 [pid: 8|app: 0|req: 895/1853] 10.0.0.85 () {32 vars in 716 bytes} [Wed Jul 15 06:09:32 2026] GET /v2.0/ports/e49ac0e1-cd53-49ca-b537-14f15e99a1e7 => generated 945 bytes in 28 msecs (HTTP/1.1 200) 4 headers in 157 bytes (1 switches on core 0)
2026-07-15 06:09:32.395 7 INFO neutron.db.ovn_revision_numbers_db [None req-a350137f-06cc-4fb4-a32e-0d286845316a - - - - - -] Successfully bumped revision number for resource e49ac0e1-cd53-49ca-b537-14f15e99a1e7 (type: ports) to 2
2026-07-15 06:09:32.718 8 INFO neutron.db.ovn_revision_numbers_db [None req-1dbc6729-905d-40b7-9a0e-2b74060b6538 b5f723dcaa494abb94fa3117937ee2df 4b5b7d2943584e99900c4b3dca14eb08 - - default default] Successfully bumped revision number for resource 3767a423-83b1-41dd-8980-dcbf7a16e924 (type: security_groups) to 1
2026-07-15 06:09:32.727 8 INFO neutron.db.ovn_revision_numbers_db [None req-1dbc6729-905d-40b7-9a0e-2b74060b6538 b5f723dcaa494abb94fa3117937ee2df 4b5b7d2943584e99900c4b3dca14eb08 - - default default] Successfully bumped revision number for resource d1e01f75-1fe3-442d-94e7-109e4e3d233d (type: security_group_rules) to 0
2026-07-15 06:09:32.737 8 INFO neutron.db.ovn_revision_numbers_db [None req-1dbc6729-905d-40b7-9a0e-2b74060b6538 b5f723dcaa494abb94fa3117937ee2df 4b5b7d2943584e99900c4b3dca14eb08 - - default default] Successfully bumped revision number for resource e0776bf2-2c09-4fbf-9b35-7d31d905e07d (type: security_group_rules) to 0 [pid: 8|app: 0|req: 897/1856] 10.0.0.85 () {34 vars in 684 bytes} [Wed Jul 15 06:09:32 2026] POST /v2.0/security-groups => generated 1675 bytes in 186 msecs (HTTP/1.1 201) 4 headers in 163 bytes (1 switches on core 0)
2026-07-15 06:09:32.877 7 INFO neutron.db.ovn_revision_numbers_db [None req-3e5c1c2f-e487-47d4-a650-d982bfed9b8b b5f723dcaa494abb94fa3117937ee2df 4b5b7d2943584e99900c4b3dca14eb08 - - default default] Successfully bumped revision number for resource ad280692-bf6b-4277-bc4f-eb2df067a6ac (type: security_group_rules) to 0 [pid: 7|app: 0|req: 960/1857] 10.0.0.85 () {34 vars in 694 bytes} [Wed Jul 15 06:09:32 2026] POST /v2.0/security-group-rules => generated 597 bytes in 154 msecs (HTTP/1.1 201) 4 headers in 162 bytes (1 switches on core 0)
2026-07-15 06:09:33.055 8 INFO neutron.db.ovn_revision_numbers_db [None req-4e3ed2ce-d1ec-41c8-839d-904ad3601388 b5f723dcaa494abb94fa3117937ee2df 4b5b7d2943584e99900c4b3dca14eb08 - - default default] Successfully bumped revision number for resource 28031585-b620-4b85-a0ff-d681fae8ee7f (type: security_group_rules) to 0 [pid: 8|app: 0|req: 898/1858] 10.0.0.85 () {34 vars in 694 bytes} [Wed Jul 15 06:09:32 2026] POST /v2.0/security-group-rules => generated 596 bytes in 160 msecs (HTTP/1.1 201) 4 headers in 162 bytes (1 switches on core 0) [pid: 7|app: 0|req: 961/1859] 10.0.0.85 () {32 vars in 716 bytes} [Wed Jul 15 06:09:33 2026] GET /v2.0/ports/e49ac0e1-cd53-49ca-b537-14f15e99a1e7 => generated 947 bytes in 76 msecs (HTTP/1.1 200) 4 headers in 157 bytes (1 switches on core 0)
2026-07-15 06:09:33.209 8 INFO neutron.db.ovn_revision_numbers_db [None req-6e2e8f73-efb2-47e3-9cb6-93f122d9fbe5 b5f723dcaa494abb94fa3117937ee2df 4b5b7d2943584e99900c4b3dca14eb08 - - default default] Successfully bumped revision number for resource 33847e58-9ead-43fb-8267-eff15fa0a5c7 (type: security_group_rules) to 0 [pid: 8|app: 0|req: 899/1860] 10.0.0.85 () {34 vars in 694 bytes} [Wed Jul 15 06:09:33 2026] POST /v2.0/security-group-rules => generated 602 bytes in 137 msecs (HTTP/1.1 201) 4 headers in 162 bytes (1 switches on core 0)
2026-07-15 06:09:33.351 8 INFO neutron.db.ovn_revision_numbers_db [None req-b32792e7-20a7-4114-ad78-5b57e87a9f85 b5f723dcaa494abb94fa3117937ee2df 4b5b7d2943584e99900c4b3dca14eb08 - - default default] Successfully bumped revision number for resource f5b8ca88-d743-4acb-9dd9-d091eaceb034 (type: security_group_rules) to 0
2026-07-15 06:09:33.364 7 INFO neutron_taas.services.taas.taas_plugin [None req-41de55bd-6874-4edf-8b4b-2fb2207ddc72 8b6b2ed1f2a842e2a8aa4d83831848a1 2f679345f1e346e98a15accd98d3b70c - - default default] TaaS: Handle Delete Port: e49ac0e1-cd53-49ca-b537-14f15e99a1e7
2026-07-15 06:09:33.366 7 INFO neutron_taas.services.taas.tap_mirror_plugin [None req-41de55bd-6874-4edf-8b4b-2fb2207ddc72 8b6b2ed1f2a842e2a8aa4d83831848a1 2f679345f1e346e98a15accd98d3b70c - - default default] Tap Mirror: Handle Delete Port: e49ac0e1-cd53-49ca-b537-14f15e99a1e7 [pid: 8|app: 0|req: 900/1861] 10.0.0.85 () {34 vars in 694 bytes} [Wed Jul 15 06:09:33 2026] POST /v2.0/security-group-rules => generated 601 bytes in 141 msecs (HTTP/1.1 201) 4 headers in 162 bytes (1 switches on core 0)
2026-07-15 06:09:33.436 8 INFO neutron.db.securitygroups_db [None req-5b748e4a-ed7a-44cd-b422-a40efd3642e8 b5f723dcaa494abb94fa3117937ee2df 4b5b7d2943584e99900c4b3dca14eb08 - - default default] Project 4b5b7d2943584e99900c4b3dca14eb08 added a security group rule with legacy IPv6 ICMP protocol name icmp, ipv6-icmp should be used instead. It was automatically converted.
2026-07-15 06:09:33.525 8 INFO neutron.db.ovn_revision_numbers_db [None req-5b748e4a-ed7a-44cd-b422-a40efd3642e8 b5f723dcaa494abb94fa3117937ee2df 4b5b7d2943584e99900c4b3dca14eb08 - - default default] Successfully bumped revision number for resource 04474bd0-f44f-4140-94b5-999ae4a7bc8b (type: security_group_rules) to 0 [pid: 8|app: 0|req: 901/1862] 10.0.0.85 () {34 vars in 694 bytes} [Wed Jul 15 06:09:33 2026] POST /v2.0/security-group-rules => generated 607 bytes in 165 msecs (HTTP/1.1 201) 4 headers in 162 bytes (1 switches on core 0)
2026-07-15 06:09:33.591 8 INFO neutron.db.securitygroups_db [None req-11e8d890-28fe-42fc-bf4c-1a9cb131d6d7 b5f723dcaa494abb94fa3117937ee2df 4b5b7d2943584e99900c4b3dca14eb08 - - default default] Project 4b5b7d2943584e99900c4b3dca14eb08 added a security group rule with legacy IPv6 ICMP protocol name icmp, ipv6-icmp should be used instead. It was automatically converted. [pid: 7|app: 0|req: 962/1863] 10.0.0.85 () {34 vars in 788 bytes} [Wed Jul 15 06:09:33 2026] PUT /v2.0/routers/93c914a7-a505-48ac-b1cd-cc28948486fb/remove_router_interface => generated 310 bytes in 518 msecs (HTTP/1.1 200) 4 headers in 157 bytes (1 switches on core 0) /var/lib/openstack/lib/python3.12/site-packages/pycadf/identifier.py:70: UserWarning: Invalid uuid: neutron. To ensure interoperability, identifiers should be a valid uuid. warnings.warn(('Invalid uuid: %s. To ensure interoperability, ' [pid: 7|app: 0|req: 963/1864] 10.0.0.85 () {32 vars in 735 bytes} [Wed Jul 15 06:09:33 2026] GET /v2.0/ports?device_id=93c914a7-a505-48ac-b1cd-cc28948486fb => generated 12 bytes in 16 msecs (HTTP/1.1 200) 4 headers in 156 bytes (1 switches on core 0)
2026-07-15 06:09:33.692 8 INFO neutron.db.ovn_revision_numbers_db [None req-11e8d890-28fe-42fc-bf4c-1a9cb131d6d7 b5f723dcaa494abb94fa3117937ee2df 4b5b7d2943584e99900c4b3dca14eb08 - - default default] Successfully bumped revision number for resource 5faadd61-3166-4ebe-a111-89c2635279ed (type: security_group_rules) to 0 [pid: 8|app: 0|req: 902/1865] 10.0.0.85 () {34 vars in 694 bytes} [Wed Jul 15 06:09:33 2026] POST /v2.0/security-group-rules => generated 606 bytes in 169 msecs (HTTP/1.1 201) 4 headers in 162 bytes (1 switches on core 0) [pid: 7|app: 0|req: 964/1866] 10.0.0.85 () {32 vars in 723 bytes} [Wed Jul 15 06:09:33 2026] DELETE /v2.0/routers/93c914a7-a505-48ac-b1cd-cc28948486fb => generated 0 bytes in 223 msecs (HTTP/1.1 204) 2 headers in 112 bytes (1 switches on core 0) [pid: 8|app: 0|req: 903/1867] 10.0.0.85 () {32 vars in 723 bytes} [Wed Jul 15 06:09:33 2026] DELETE /v2.0/subnets/232b106f-d0f9-4626-b2df-b257a4a100f1 => generated 0 bytes in 159 msecs (HTTP/1.1 204) 3 headers in 131 bytes (1 switches on core 0)
2026-07-15 06:09:34.173 7 INFO neutron_taas.services.taas.taas_plugin [None req-aa5fe15b-f81f-4242-ad84-e33f3a5fff56 8b6b2ed1f2a842e2a8aa4d83831848a1 2f679345f1e346e98a15accd98d3b70c - - default default] TaaS: Handle Delete Port: a6a1d548-b37c-4200-aa16-d1515dec5569
2026-07-15 06:09:34.176 7 INFO neutron_taas.services.taas.tap_mirror_plugin [None req-aa5fe15b-f81f-4242-ad84-e33f3a5fff56 8b6b2ed1f2a842e2a8aa4d83831848a1 2f679345f1e346e98a15accd98d3b70c - - default default] Tap Mirror: Handle Delete Port: a6a1d548-b37c-4200-aa16-d1515dec5569
2026-07-15 06:09:34.255 8 INFO neutron.db.ovn_revision_numbers_db [None req-b4549e4a-de0a-4a2d-a9c5-a19c824e0cbc b5f723dcaa494abb94fa3117937ee2df 4b5b7d2943584e99900c4b3dca14eb08 - - default default] Successfully bumped revision number for resource 9e7ce646-9d53-4b70-919e-e6843eb592c6 (type: security_groups) to 1
2026-07-15 06:09:34.271 8 INFO neutron.db.ovn_revision_numbers_db [None req-b4549e4a-de0a-4a2d-a9c5-a19c824e0cbc b5f723dcaa494abb94fa3117937ee2df 4b5b7d2943584e99900c4b3dca14eb08 - - default default] Successfully bumped revision number for resource 485885b6-0a69-4c7c-84b0-3e92db48d70b (type: security_group_rules) to 0
2026-07-15 06:09:34.292 8 INFO neutron.db.ovn_revision_numbers_db [None req-b4549e4a-de0a-4a2d-a9c5-a19c824e0cbc b5f723dcaa494abb94fa3117937ee2df 4b5b7d2943584e99900c4b3dca14eb08 - - default default] Successfully bumped revision number for resource 8cfb4b3a-7096-4f77-a70b-827a700cac77 (type: security_group_rules) to 0 [pid: 8|app: 0|req: 904/1868] 10.0.0.85 () {34 vars in 684 bytes} [Wed Jul 15 06:09:34 2026] POST /v2.0/security-groups => generated 1659 bytes in 212 msecs (HTTP/1.1 201) 4 headers in 163 bytes (1 switches on core 0)
2026-07-15 06:09:34.377 7 INFO neutron.services.segments.plugin [-] Segment 408a9cfa-a44c-43e6-8155-e95c13955b24 resource provider aggregate not found
2026-07-15 06:09:34.388 7 INFO neutron.services.segments.plugin [-] Segment 408a9cfa-a44c-43e6-8155-e95c13955b24 resource provider aggregate not found
2026-07-15 06:09:34.401 7 INFO neutron.services.segments.plugin [-] Client error retrieving segment 408a9cfa-a44c-43e6-8155-e95c13955b24 resource provider; error: Placement Client Error (4xx): {"errors": [{"status": 404, "title": "Not Found", "detail": "The resource could not be found.\n\n No resource provider with uuid 408a9cfa-a44c-43e6-8155-e95c13955b24 found for delete ", "request_id": "req-cd4e95a6-5a3f-4465-abb2-60ccdf5a632e"}]}
2026-07-15 06:09:34.409 7 INFO neutron.services.segments.plugin [-] Client error retrieving segment 408a9cfa-a44c-43e6-8155-e95c13955b24 resource provider; error: Placement Client Error (4xx): {"errors": [{"status": 404, "title": "Not Found", "detail": "The resource could not be found.\n\n No resource provider with uuid 408a9cfa-a44c-43e6-8155-e95c13955b24 found for delete ", "request_id": "req-bc921047-99b6-4dd2-a554-65abc51c4b7a"}]} [pid: 7|app: 0|req: 965/1869] 10.0.0.85 () {32 vars in 725 bytes} [Wed Jul 15 06:09:34 2026] DELETE /v2.0/networks/9a4e3114-e36b-4a04-92af-adae02844061 => generated 0 bytes in 378 msecs (HTTP/1.1 204) 3 headers in 131 bytes (1 switches on core 0)
2026-07-15 06:09:34.515 8 INFO neutron.db.ovn_revision_numbers_db [None req-9e9a876f-e8ef-45f7-ac1b-cbbc869a9686 b5f723dcaa494abb94fa3117937ee2df 4b5b7d2943584e99900c4b3dca14eb08 - - default default] Successfully bumped revision number for resource 67937df0-ec70-4862-b7b9-cf6f30dd9576 (type: security_group_rules) to 0 [pid: 8|app: 0|req: 905/1870] 10.0.0.85 () {34 vars in 694 bytes} [Wed Jul 15 06:09:34 2026] POST /v2.0/security-group-rules => generated 597 bytes in 197 msecs (HTTP/1.1 201) 4 headers in 162 bytes (1 switches on core 0)
2026-07-15 06:09:34.602 8 WARNING neutron.plugins.ml2.drivers.ovn.mech_driver.ovsdb.ovn_client [None req-e9e29c11-1eb6-4cd9-af51-54a20b1afc06 - - - - - -] No hosting information found for port 7419aa22-4c71-47b5-b32e-4a408665ad7c: RuntimeError: No hosting information found for port 7419aa22-4c71-47b5-b32e-4a408665ad7c
2026-07-15 06:09:34.733 8 INFO neutron.db.ovn_revision_numbers_db [None req-4d629195-10da-45d7-8313-f8413780b309 b5f723dcaa494abb94fa3117937ee2df 4b5b7d2943584e99900c4b3dca14eb08 - - default default] Successfully bumped revision number for resource 18883ad9-0e18-46e7-aa4a-c64d3fa4db0a (type: security_group_rules) to 0
2026-07-15 06:09:34.758 8 INFO neutron.db.ovn_revision_numbers_db [None req-e9e29c11-1eb6-4cd9-af51-54a20b1afc06 - - - - - -] Successfully bumped revision number for resource 7419aa22-4c71-47b5-b32e-4a408665ad7c (type: router_ports) to 2
2026-07-15 06:09:34.758 8 INFO neutron.plugins.ml2.drivers.ovn.mech_driver.mech_driver [None req-e9e29c11-1eb6-4cd9-af51-54a20b1afc06 - - - - - -] OVN reports status down for port: 9a30c470-edc6-4e01-ae6d-18420aff80eb [pid: 8|app: 0|req: 906/1871] 10.0.0.85 () {34 vars in 694 bytes} [Wed Jul 15 06:09:34 2026] POST /v2.0/security-group-rules => generated 602 bytes in 234 msecs (HTTP/1.1 201) 4 headers in 162 bytes (1 switches on core 0)
2026-07-15 06:09:34.850 8 INFO neutron.plugins.ml2.drivers.ovn.mech_driver.mech_driver [None req-e9e29c11-1eb6-4cd9-af51-54a20b1afc06 - - - - - -] OVN reports status down for port: a6a1d548-b37c-4200-aa16-d1515dec5569
2026-07-15 06:09:34.923 8 INFO neutron.common.ovn.utils [None req-e9e29c11-1eb6-4cd9-af51-54a20b1afc06 - - - - - -] HA Chassis Group neutron-561a992d-d650-4afc-b3b9-bf3f62c4b55f synchronized; highest priority chassis 4d7a1937-13f1-49d2-9b5d-069ea7063914
2026-07-15 06:09:34.955 7 WARNING neutron.scheduler.dhcp_agent_scheduler [None req-5552e8bc-2978-45d2-8fe1-35e1aab14ef0 8b6b2ed1f2a842e2a8aa4d83831848a1 2f679345f1e346e98a15accd98d3b70c - - default default] No more DHCP agents
2026-07-15 06:09:34.957 7 WARNING neutron.api.rpc.agentnotifiers.dhcp_rpc_agent_api [None req-5552e8bc-2978-45d2-8fe1-35e1aab14ef0 8b6b2ed1f2a842e2a8aa4d83831848a1 2f679345f1e346e98a15accd98d3b70c - - default default] Unable to schedule network 0c87e584-60ea-41fe-aa3f-91827559531d: no agents available; will retry on subsequent port and subnet creation events.
2026-07-15 06:09:35.000 8 INFO neutron.plugins.ml2.drivers.ovn.mech_driver.mech_driver [None req-e9e29c11-1eb6-4cd9-af51-54a20b1afc06 - - - - - -] OVN reports status down for port: cb266ade-5b50-457c-8137-98a8c46030cf
2026-07-15 06:09:35.071 8 WARNING neutron.plugins.ml2.drivers.ovn.mech_driver.ovsdb.ovn_client [None req-e9e29c11-1eb6-4cd9-af51-54a20b1afc06 - - - - - -] Logical_Switch_Port cb266ade-5b50-457c-8137-98a8c46030cf host information not removed, the port state is up
2026-07-15 06:09:35.072 8 INFO neutron.plugins.ml2.drivers.ovn.mech_driver.mech_driver [None req-e9e29c11-1eb6-4cd9-af51-54a20b1afc06 - - - - - -] OVN reports status up for port: cb266ade-5b50-457c-8137-98a8c46030cf
2026-07-15 06:09:35.083 8 INFO neutron.plugins.ml2.plugin [None req-e9e29c11-1eb6-4cd9-af51-54a20b1afc06 - - - - - -] Attempt 1 to provision port cb266ade-5b50-457c-8137-98a8c46030cf
2026-07-15 06:09:35.102 7 INFO neutron.db.ovn_revision_numbers_db [None req-5552e8bc-2978-45d2-8fe1-35e1aab14ef0 8b6b2ed1f2a842e2a8aa4d83831848a1 2f679345f1e346e98a15accd98d3b70c - - default default] Successfully bumped revision number for resource 4879373a-f9f4-4e80-b82d-4a1eb269c5bd (type: ports) to 1
2026-07-15 06:09:35.463 8 INFO neutron.db.ovn_revision_numbers_db [None req-e9e29c11-1eb6-4cd9-af51-54a20b1afc06 - - - - - -] Successfully bumped revision number for resource cb266ade-5b50-457c-8137-98a8c46030cf (type: ports) to 2
2026-07-15 06:09:35.636 7 INFO neutron.db.ovn_revision_numbers_db [None req-5552e8bc-2978-45d2-8fe1-35e1aab14ef0 8b6b2ed1f2a842e2a8aa4d83831848a1 2f679345f1e346e98a15accd98d3b70c - - default default] Successfully bumped revision number for resource 4879373a-f9f4-4e80-b82d-4a1eb269c5bd (type: router_ports) to 1
2026-07-15 06:09:35.693 7 INFO neutron.db.ovn_revision_numbers_db [None req-5552e8bc-2978-45d2-8fe1-35e1aab14ef0 8b6b2ed1f2a842e2a8aa4d83831848a1 2f679345f1e346e98a15accd98d3b70c - - default default] Successfully bumped revision number for resource ac7eb79b-c257-473f-b3f6-2324338ddb84 (type: routers) to 2 [pid: 7|app: 0|req: 966/1872] 10.0.0.85 () {34 vars in 668 bytes} [Wed Jul 15 06:09:34 2026] POST /v2.0/routers => generated 973 bytes in 1259 msecs (HTTP/1.1 201) 4 headers in 162 bytes (1 switches on core 0)
2026-07-15 06:09:35.771 8 WARNING neutron.scheduler.dhcp_agent_scheduler [None req-faf709da-9cb5-4803-b682-53e5bfce8e44 b5f723dcaa494abb94fa3117937ee2df 4b5b7d2943584e99900c4b3dca14eb08 - - default default] No more DHCP agents
2026-07-15 06:09:35.773 8 WARNING neutron.api.rpc.agentnotifiers.dhcp_rpc_agent_api [None req-faf709da-9cb5-4803-b682-53e5bfce8e44 b5f723dcaa494abb94fa3117937ee2df 4b5b7d2943584e99900c4b3dca14eb08 - - default default] Unable to schedule network 0c87e584-60ea-41fe-aa3f-91827559531d: no agents available; will retry on subsequent port and subnet creation events.
2026-07-15 06:09:36.005 7 INFO neutron.db.ovn_revision_numbers_db [None req-24805db6-14f4-4541-89b7-218b3c02eafa 8a195af7dad74dd1befff7c190d9e550 1bd6b48a72be40c89cabca469fe75a0c - - default default] Successfully bumped revision number for resource e720c914-55ca-4d9f-afee-23a07d0b84cf (type: security_groups) to 1
2026-07-15 06:09:36.015 7 INFO neutron.db.ovn_revision_numbers_db [None req-24805db6-14f4-4541-89b7-218b3c02eafa 8a195af7dad74dd1befff7c190d9e550 1bd6b48a72be40c89cabca469fe75a0c - - default default] Successfully bumped revision number for resource 241ec047-44ea-4402-ba1c-4b798882e9ac (type: security_group_rules) to 0
2026-07-15 06:09:36.026 7 INFO neutron.db.ovn_revision_numbers_db [None req-24805db6-14f4-4541-89b7-218b3c02eafa 8a195af7dad74dd1befff7c190d9e550 1bd6b48a72be40c89cabca469fe75a0c - - default default] Successfully bumped revision number for resource 2a901a3c-0078-4421-88c7-11294fa13c14 (type: security_group_rules) to 0
2026-07-15 06:09:36.037 7 INFO neutron.db.ovn_revision_numbers_db [None req-24805db6-14f4-4541-89b7-218b3c02eafa 8a195af7dad74dd1befff7c190d9e550 1bd6b48a72be40c89cabca469fe75a0c - - default default] Successfully bumped revision number for resource 39cc6e1b-6fa9-4db3-8020-93b01387ea7c (type: security_group_rules) to 0 [pid: 8|app: 0|req: 907/1873] 10.0.0.85 () {34 vars in 675 bytes} [Wed Jul 15 06:09:34 2026] POST /v2.0/floatingips => generated 552 bytes in 1250 msecs (HTTP/1.1 201) 4 headers in 162 bytes (1 switches on core 0)
2026-07-15 06:09:36.052 7 INFO neutron.db.ovn_revision_numbers_db [None req-24805db6-14f4-4541-89b7-218b3c02eafa 8a195af7dad74dd1befff7c190d9e550 1bd6b48a72be40c89cabca469fe75a0c - - default default] Successfully bumped revision number for resource e3e0574f-2642-405d-a8c0-6952e785c177 (type: security_group_rules) to 0 [pid: 8|app: 0|req: 908/1874] 10.0.0.85 () {32 vars in 720 bytes} [Wed Jul 15 06:09:36 2026] GET /v2.0/routers/ac7eb79b-c257-473f-b3f6-2324338ddb84 => generated 979 bytes in 55 msecs (HTTP/1.1 200) 4 headers in 157 bytes (1 switches on core 0)
2026-07-15 06:09:36.126 7 INFO neutron.db.segments_db [None req-24805db6-14f4-4541-89b7-218b3c02eafa 8a195af7dad74dd1befff7c190d9e550 1bd6b48a72be40c89cabca469fe75a0c - - default default] Added segment 78cca5bc-004f-4b5b-8d4a-7c4915081675 of type geneve for network b82a5794-e0a0-498e-bad2-360db99d8d33 [pid: 8|app: 0|req: 909/1875] 10.0.0.85 () {32 vars in 646 bytes} [Wed Jul 15 06:09:36 2026] GET /v2.0/routers => generated 982 bytes in 57 msecs (HTTP/1.1 200) 4 headers in 157 bytes (1 switches on core 0)
