2026-07-15 06:10:17.915 8 INFO neutron.db.ovn_revision_numbers_db [None req-f88f7ea9-961c-4b86-b652-d5428fa0c547 a07f8d3b2ab845228b1fd9a6e57e5e2d 1d62bc65bbd743f78ecf7a66f22a1e76 - - default default] Successfully bumped revision number for resource 97fdd226-8cc4-4f24-b862-ab2c51cd89d6 (type: security_group_rules) to 0
2026-07-15 06:10:17.927 8 INFO neutron.db.ovn_revision_numbers_db [None req-f88f7ea9-961c-4b86-b652-d5428fa0c547 a07f8d3b2ab845228b1fd9a6e57e5e2d 1d62bc65bbd743f78ecf7a66f22a1e76 - - default default] Successfully bumped revision number for resource bf0afd9d-278a-4a99-a857-209263f0c175 (type: security_group_rules) to 0
2026-07-15 06:10:17.930 7 INFO neutron_taas.services.taas.taas_plugin [None req-142f1607-3b0b-468f-badc-96f4dcc0f4ac 1c2db2a627fc43c2820da515903d6096 e4c40ceefa6942449a31bc419ab32f09 - - default default] TaaS: Handle Delete Port: f8beacf4-b333-40f3-9a42-91afe1fae911
2026-07-15 06:10:17.933 7 INFO neutron_taas.services.taas.tap_mirror_plugin [None req-142f1607-3b0b-468f-badc-96f4dcc0f4ac 1c2db2a627fc43c2820da515903d6096 e4c40ceefa6942449a31bc419ab32f09 - - default default] Tap Mirror: Handle Delete Port: f8beacf4-b333-40f3-9a42-91afe1fae911 [pid: 8|app: 0|req: 1037/2175] 10.0.0.85 () {34 vars in 683 bytes} [Wed Jul 15 06:10:17 2026] POST /v2.0/security-groups => generated 1626 bytes in 184 msecs (HTTP/1.1 201) 4 headers in 163 bytes (1 switches on core 0)
2026-07-15 06:10:17.972 8 WARNING neutron.db.securitygroups_db [None req-95af3c3b-4073-4786-8342-9bb046802eee 1c2db2a627fc43c2820da515903d6096 e4c40ceefa6942449a31bc419ab32f09 - - default default] project_id key not found in filters, using tenant_id instead. This support has been deprecated and will be removed in a future release.
2026-07-15 06:10:18.087 8 INFO neutron.db.ovn_revision_numbers_db [None req-95af3c3b-4073-4786-8342-9bb046802eee 1c2db2a627fc43c2820da515903d6096 e4c40ceefa6942449a31bc419ab32f09 - - default default] Successfully bumped revision number for resource 258d54c6-dff8-431c-b38c-88f0388466d8 (type: security_groups) to 1
2026-07-15 06:10:18.102 8 INFO neutron.db.ovn_revision_numbers_db [None req-95af3c3b-4073-4786-8342-9bb046802eee 1c2db2a627fc43c2820da515903d6096 e4c40ceefa6942449a31bc419ab32f09 - - default default] Successfully bumped revision number for resource 58be9f83-efc5-4a78-8710-7dc53217323c (type: security_group_rules) to 0
2026-07-15 06:10:18.113 8 INFO neutron.db.ovn_revision_numbers_db [None req-95af3c3b-4073-4786-8342-9bb046802eee 1c2db2a627fc43c2820da515903d6096 e4c40ceefa6942449a31bc419ab32f09 - - default default] Successfully bumped revision number for resource a410feda-86b3-4c32-ae56-3e81ba339f53 (type: security_group_rules) to 0
2026-07-15 06:10:18.125 8 INFO neutron.db.ovn_revision_numbers_db [None req-95af3c3b-4073-4786-8342-9bb046802eee 1c2db2a627fc43c2820da515903d6096 e4c40ceefa6942449a31bc419ab32f09 - - default default] Successfully bumped revision number for resource d1baac69-f8e9-4fca-9c91-0ccf2302990f (type: security_group_rules) to 0
2026-07-15 06:10:18.141 8 INFO neutron.db.ovn_revision_numbers_db [None req-95af3c3b-4073-4786-8342-9bb046802eee 1c2db2a627fc43c2820da515903d6096 e4c40ceefa6942449a31bc419ab32f09 - - default default] Successfully bumped revision number for resource de77b09f-fe6f-4148-a86f-c18989505fb1 (type: security_group_rules) to 0 [pid: 8|app: 0|req: 1038/2176] 10.0.0.85 () {32 vars in 773 bytes} [Wed Jul 15 06:10:17 2026] GET /v2.0/security-groups?tenant_id=a28f9459a4e046358d4cb85d2b70a2be&name=default => generated 2925 bytes in 211 msecs (HTTP/1.1 200) 4 headers in 158 bytes (1 switches on core 0)
2026-07-15 06:10:18.277 8 INFO neutron.db.ovn_revision_numbers_db [None req-764df37e-85e5-4873-be2f-1eea0d598bc5 a07f8d3b2ab845228b1fd9a6e57e5e2d 1d62bc65bbd743f78ecf7a66f22a1e76 - - default default] Successfully bumped revision number for resource b934c5ee-c414-41e9-9079-e3563e72906a (type: security_group_rules) to 0 [pid: 8|app: 0|req: 1039/2177] 10.0.0.85 () {34 vars in 694 bytes} [Wed Jul 15 06:10:18 2026] POST /v2.0/security-group-rules => generated 597 bytes in 128 msecs (HTTP/1.1 201) 4 headers in 162 bytes (1 switches on core 0) [pid: 7|app: 0|req: 1139/2178] 10.0.0.85 () {34 vars in 788 bytes} [Wed Jul 15 06:10:17 2026] PUT /v2.0/routers/5cadbd43-c7b6-4f3c-91fe-dcc480ad23bd/remove_router_interface => generated 310 bytes in 737 msecs (HTTP/1.1 200) 4 headers in 157 bytes (1 switches on core 0) /var/lib/openstack/lib/python3.12/site-packages/pycadf/identifier.py:70: UserWarning: Invalid uuid: neutron. To ensure interoperability, identifiers should be a valid uuid. warnings.warn(('Invalid uuid: %s. To ensure interoperability, ' [pid: 8|app: 0|req: 1040/2179] 10.0.0.85 () {32 vars in 739 bytes} [Wed Jul 15 06:10:18 2026] DELETE /v2.0/security-groups/258d54c6-dff8-431c-b38c-88f0388466d8 => generated 0 bytes in 174 msecs (HTTP/1.1 204) 2 headers in 112 bytes (1 switches on core 0)
2026-07-15 06:10:18.514 7 INFO neutron.db.ovn_revision_numbers_db [None req-b123b7d8-09e1-4528-9f44-2301202fde5f a07f8d3b2ab845228b1fd9a6e57e5e2d 1d62bc65bbd743f78ecf7a66f22a1e76 - - default default] Successfully bumped revision number for resource 85c74c17-319f-44ef-869c-2991dc93714d (type: security_group_rules) to 0 [pid: 7|app: 0|req: 1140/2180] 10.0.0.85 () {34 vars in 694 bytes} [Wed Jul 15 06:10:18 2026] POST /v2.0/security-group-rules => generated 597 bytes in 128 msecs (HTTP/1.1 201) 4 headers in 162 bytes (1 switches on core 0)
2026-07-15 06:10:18.631 7 INFO neutron.db.ovn_revision_numbers_db [None req-26dff16e-b169-4546-8195-1c0f3e904a24 a07f8d3b2ab845228b1fd9a6e57e5e2d 1d62bc65bbd743f78ecf7a66f22a1e76 - - default default] Successfully bumped revision number for resource 51ee6844-6f58-4fbb-85cc-b7a90de2cf62 (type: security_group_rules) to 0 [pid: 7|app: 0|req: 1141/2181] 10.0.0.85 () {34 vars in 694 bytes} [Wed Jul 15 06:10:18 2026] POST /v2.0/security-group-rules => generated 599 bytes in 123 msecs (HTTP/1.1 201) 4 headers in 162 bytes (1 switches on core 0)
2026-07-15 06:10:18.801 7 INFO neutron.db.ovn_revision_numbers_db [None req-d410ad95-2858-4475-9aa9-ba37a09b86d7 a07f8d3b2ab845228b1fd9a6e57e5e2d 1d62bc65bbd743f78ecf7a66f22a1e76 - - default default] Successfully bumped revision number for resource d37d80ef-89d3-4367-b1c9-9a91c56e44ca (type: security_group_rules) to 0 [pid: 7|app: 0|req: 1142/2182] 10.0.0.85 () {34 vars in 694 bytes} [Wed Jul 15 06:10:18 2026] POST /v2.0/security-group-rules => generated 601 bytes in 161 msecs (HTTP/1.1 201) 4 headers in 162 bytes (1 switches on core 0)
2026-07-15 06:10:18.859 8 INFO neutron_taas.services.taas.taas_plugin [None req-1f069ccf-a0f2-4a04-81fa-01aa9bb7d025 1c2db2a627fc43c2820da515903d6096 e4c40ceefa6942449a31bc419ab32f09 - - default default] TaaS: Handle Delete Port: a861845d-a5db-400c-8b3d-36a7dd5b2d2b
2026-07-15 06:10:18.863 8 INFO neutron_taas.services.taas.tap_mirror_plugin [None req-1f069ccf-a0f2-4a04-81fa-01aa9bb7d025 1c2db2a627fc43c2820da515903d6096 e4c40ceefa6942449a31bc419ab32f09 - - default default] Tap Mirror: Handle Delete Port: a861845d-a5db-400c-8b3d-36a7dd5b2d2b
2026-07-15 06:10:18.961 7 INFO neutron.db.ovn_revision_numbers_db [None req-f3b7b33e-94cc-478d-b2bf-d3e48400ec72 a07f8d3b2ab845228b1fd9a6e57e5e2d 1d62bc65bbd743f78ecf7a66f22a1e76 - - default default] Successfully bumped revision number for resource e8cff609-4713-411a-b354-16a7e1aa35ae (type: security_group_rules) to 0 [pid: 7|app: 0|req: 1143/2183] 10.0.0.85 () {34 vars in 694 bytes} [Wed Jul 15 06:10:18 2026] POST /v2.0/security-group-rules => generated 601 bytes in 172 msecs (HTTP/1.1 201) 4 headers in 162 bytes (1 switches on core 0)
2026-07-15 06:10:19.148 7 INFO neutron.db.ovn_revision_numbers_db [None req-e2326b8a-042e-4c54-b3f3-64fd4f149900 a07f8d3b2ab845228b1fd9a6e57e5e2d 1d62bc65bbd743f78ecf7a66f22a1e76 - - default default] Successfully bumped revision number for resource 0b01d9f9-074e-489c-9a92-96d32914d975 (type: security_group_rules) to 0 [pid: 7|app: 0|req: 1144/2184] 10.0.0.85 () {34 vars in 694 bytes} [Wed Jul 15 06:10:19 2026] POST /v2.0/security-group-rules => generated 597 bytes in 164 msecs (HTTP/1.1 201) 4 headers in 162 bytes (1 switches on core 0) [pid: 8|app: 0|req: 1041/2185] 10.0.0.85 () {32 vars in 723 bytes} [Wed Jul 15 06:10:18 2026] DELETE /v2.0/routers/5cadbd43-c7b6-4f3c-91fe-dcc480ad23bd => generated 0 bytes in 776 msecs (HTTP/1.1 204) 2 headers in 112 bytes (1 switches on core 0)
2026-07-15 06:10:19.312 7 INFO neutron.db.ovn_revision_numbers_db [None req-7e3182e6-319a-441e-9838-cd0ab0fb327a a07f8d3b2ab845228b1fd9a6e57e5e2d 1d62bc65bbd743f78ecf7a66f22a1e76 - - default default] Successfully bumped revision number for resource 8ea4f4bf-5bcd-43b7-bfbd-aeabad8e5d67 (type: security_group_rules) to 0 [pid: 7|app: 0|req: 1145/2186] 10.0.0.85 () {34 vars in 694 bytes} [Wed Jul 15 06:10:19 2026] POST /v2.0/security-group-rules => generated 597 bytes in 165 msecs (HTTP/1.1 201) 4 headers in 162 bytes (1 switches on core 0) [pid: 8|app: 0|req: 1042/2187] 10.0.0.85 () {32 vars in 723 bytes} [Wed Jul 15 06:10:19 2026] DELETE /v2.0/subnets/d45b838c-4b06-4304-a519-d96b560e50c5 => generated 0 bytes in 156 msecs (HTTP/1.1 204) 3 headers in 131 bytes (1 switches on core 0)
2026-07-15 06:10:19.477 7 INFO neutron.db.ovn_revision_numbers_db [None req-f7e71d63-5f04-469f-85bb-44627f1bc77a a07f8d3b2ab845228b1fd9a6e57e5e2d 1d62bc65bbd743f78ecf7a66f22a1e76 - - default default] Successfully bumped revision number for resource ea869469-c91e-4463-972b-fb2111321b95 (type: security_group_rules) to 0 [pid: 7|app: 0|req: 1146/2188] 10.0.0.85 () {34 vars in 694 bytes} [Wed Jul 15 06:10:19 2026] POST /v2.0/security-group-rules => generated 597 bytes in 151 msecs (HTTP/1.1 201) 4 headers in 162 bytes (1 switches on core 0)
2026-07-15 06:10:19.549 8 INFO neutron_taas.services.taas.taas_plugin [None req-2603bd64-8d30-42ef-a5c0-142849a047c6 1c2db2a627fc43c2820da515903d6096 e4c40ceefa6942449a31bc419ab32f09 - - default default] TaaS: Handle Delete Port: f45219ba-df30-4332-9f63-418771ad2bbf
2026-07-15 06:10:19.552 8 INFO neutron_taas.services.taas.tap_mirror_plugin [None req-2603bd64-8d30-42ef-a5c0-142849a047c6 1c2db2a627fc43c2820da515903d6096 e4c40ceefa6942449a31bc419ab32f09 - - default default] Tap Mirror: Handle Delete Port: f45219ba-df30-4332-9f63-418771ad2bbf
2026-07-15 06:10:19.632 7 INFO neutron.db.ovn_revision_numbers_db [None req-cf3a5a5f-81e2-424b-9ffe-2b6a1497bfe8 a07f8d3b2ab845228b1fd9a6e57e5e2d 1d62bc65bbd743f78ecf7a66f22a1e76 - - default default] Successfully bumped revision number for resource ec46abd3-4ef1-4b98-b5ed-400424787076 (type: security_group_rules) to 0 [pid: 7|app: 0|req: 1147/2189] 10.0.0.85 () {34 vars in 694 bytes} [Wed Jul 15 06:10:19 2026] POST /v2.0/security-group-rules => generated 599 bytes in 159 msecs (HTTP/1.1 201) 4 headers in 162 bytes (1 switches on core 0)
2026-07-15 06:10:19.742 8 INFO neutron.services.segments.plugin [-] Segment 945dcb88-bc5e-4e34-891e-46450d73f830 resource provider aggregate not found
2026-07-15 06:10:19.747 8 INFO neutron.services.segments.plugin [-] Segment 945dcb88-bc5e-4e34-891e-46450d73f830 resource provider aggregate not found
2026-07-15 06:10:19.762 8 INFO neutron.services.segments.plugin [-] Client error retrieving segment 945dcb88-bc5e-4e34-891e-46450d73f830 resource provider; error: Placement Client Error (4xx): {"errors": [{"status": 404, "title": "Not Found", "detail": "The resource could not be found.\n\n No resource provider with uuid 945dcb88-bc5e-4e34-891e-46450d73f830 found for delete ", "request_id": "req-0dbadf83-7173-43fb-a5fc-44fc77bdf065"}]}
2026-07-15 06:10:19.764 8 INFO neutron.services.segments.plugin [-] Client error retrieving segment 945dcb88-bc5e-4e34-891e-46450d73f830 resource provider; error: Placement Client Error (4xx): {"errors": [{"status": 404, "title": "Not Found", "detail": "The resource could not be found.\n\n No resource provider with uuid 945dcb88-bc5e-4e34-891e-46450d73f830 found for delete ", "request_id": "req-421541a5-7242-4b8c-810c-b2d408f6dedc"}]} [pid: 8|app: 0|req: 1043/2190] 10.0.0.85 () {32 vars in 725 bytes} [Wed Jul 15 06:10:19 2026] DELETE /v2.0/networks/008541fb-585e-4db4-8e14-66d6155c0122 => generated 0 bytes in 359 msecs (HTTP/1.1 204) 3 headers in 131 bytes (1 switches on core 0)
2026-07-15 06:10:19.793 7 INFO neutron.db.ovn_revision_numbers_db [None req-403b669b-7476-4a1f-97a7-7b4a9494440d a07f8d3b2ab845228b1fd9a6e57e5e2d 1d62bc65bbd743f78ecf7a66f22a1e76 - - default default] Successfully bumped revision number for resource 4a7ff3fb-e8c8-42dc-9985-c414e9ed8929 (type: security_group_rules) to 0 [pid: 7|app: 0|req: 1148/2191] 10.0.0.85 () {34 vars in 694 bytes} [Wed Jul 15 06:10:19 2026] POST /v2.0/security-group-rules => generated 601 bytes in 149 msecs (HTTP/1.1 201) 4 headers in 162 bytes (1 switches on core 0)
2026-07-15 06:10:19.935 7 WARNING neutron.db.securitygroups_db [None req-1fd0e864-f2a0-4e00-a983-fb79f06704c0 1c2db2a627fc43c2820da515903d6096 e4c40ceefa6942449a31bc419ab32f09 - - default default] project_id key not found in filters, using tenant_id instead. This support has been deprecated and will be removed in a future release. [pid: 7|app: 0|req: 1149/2192] 10.0.0.85 () {32 vars in 773 bytes} [Wed Jul 15 06:10:19 2026] GET /v2.0/security-groups?tenant_id=275ce650000f49f5be3f01cf0f2eca3a&name=default => generated 2925 bytes in 44 msecs (HTTP/1.1 200) 4 headers in 158 bytes (1 switches on core 0)
2026-07-15 06:10:19.993 8 INFO neutron.db.ovn_revision_numbers_db [None req-cf38c02a-3e33-4f17-905d-a7faf9951a43 a07f8d3b2ab845228b1fd9a6e57e5e2d 1d62bc65bbd743f78ecf7a66f22a1e76 - - default default] Successfully bumped revision number for resource c98e21df-cd56-4c18-aeeb-ee834aee1be6 (type: security_group_rules) to 0 [pid: 8|app: 0|req: 1044/2193] 10.0.0.85 () {34 vars in 694 bytes} [Wed Jul 15 06:10:19 2026] POST /v2.0/security-group-rules => generated 597 bytes in 195 msecs (HTTP/1.1 201) 4 headers in 162 bytes (1 switches on core 0) [pid: 7|app: 0|req: 1150/2194] 10.0.0.85 () {32 vars in 739 bytes} [Wed Jul 15 06:10:19 2026] DELETE /v2.0/security-groups/c0911ef1-aae8-483c-aead-c3512ad25345 => generated 0 bytes in 159 msecs (HTTP/1.1 204) 2 headers in 112 bytes (1 switches on core 0)
2026-07-15 06:10:20.346 8 WARNING neutron.db.securitygroups_db [req-c7dbc53c-a5d8-4de3-b32e-c3d6cba7d2e4 req-4c5ac452-7931-46f1-b93f-7fd4fe0314b9 a07f8d3b2ab845228b1fd9a6e57e5e2d 1d62bc65bbd743f78ecf7a66f22a1e76 - - default default] project_id key not found in filters, using tenant_id instead. This support has been deprecated and will be removed in a future release.
2026-07-15 06:10:20.367 7 WARNING neutron.plugins.ml2.drivers.ovn.mech_driver.ovsdb.ovn_client [None req-b7742fcd-89ec-486e-a277-329578c93cf4 - - - - - -] No hosting information found for port 6e3c814b-e59b-4362-8a72-bb79f1fa163e: RuntimeError: No hosting information found for port 6e3c814b-e59b-4362-8a72-bb79f1fa163e [pid: 8|app: 0|req: 1045/2195] 10.0.0.223 () {34 vars in 1092 bytes} [Wed Jul 15 06:10:20 2026] GET /v2.0/security-groups?name=tempest-lb_member_SG-20767982&fields=id&tenant_id=1d62bc65bbd743f78ecf7a66f22a1e76 => generated 69 bytes in 37 msecs (HTTP/1.1 200) 4 headers in 156 bytes (1 switches on core 0)
2026-07-15 06:10:20.443 7 INFO neutron.common.ovn.utils [None req-b7742fcd-89ec-486e-a277-329578c93cf4 - - - - - -] HA Chassis Group neutron-78866cd0-8a7b-4d3d-a7b0-0b5b60a22e95 synchronized; highest priority chassis 4d7a1937-13f1-49d2-9b5d-069ea7063914 [pid: 7|app: 0|req: 1151/2196] 10.0.0.223 () {34 vars in 982 bytes} [Wed Jul 15 06:10:20 2026] GET /v2.0/networks?id=102b4b81-644e-4005-ac31-d0af3fb9feba => generated 743 bytes in 90 msecs (HTTP/1.1 200) 4 headers in 157 bytes (1 switches on core 0) [pid: 8|app: 0|req: 1046/2197] 10.0.0.223 () {34 vars in 965 bytes} [Wed Jul 15 06:10:20 2026] GET /v2.0/quotas/1d62bc65bbd743f78ecf7a66f22a1e76 => generated 312 bytes in 9 msecs (HTTP/1.1 200) 4 headers in 157 bytes (1 switches on core 0)
2026-07-15 06:10:20.590 7 INFO neutron.db.ovn_revision_numbers_db [None req-b7742fcd-89ec-486e-a277-329578c93cf4 - - - - - -] Successfully bumped revision number for resource 6e3c814b-e59b-4362-8a72-bb79f1fa163e (type: router_ports) to 2 [pid: 7|app: 0|req: 1152/2198] 10.0.0.223 () {34 vars in 1002 bytes} [Wed Jul 15 06:10:20 2026] GET /v2.0/ports?tenant_id=1d62bc65bbd743f78ecf7a66f22a1e76&fields=id => generated 287 bytes in 230 msecs (HTTP/1.1 200) 4 headers in 157 bytes (1 switches on core 0)
2026-07-15 06:10:20.739 7 INFO neutron.common.ovn.utils [None req-b7742fcd-89ec-486e-a277-329578c93cf4 - - - - - -] HA Chassis Group neutron-102b4b81-644e-4005-ac31-d0af3fb9feba synchronized; highest priority chassis 4d7a1937-13f1-49d2-9b5d-069ea7063914 [pid: 8|app: 0|req: 1047/2199] 10.0.0.223 () {34 vars in 1008 bytes} [Wed Jul 15 06:10:20 2026] GET /v2.0/networks/102b4b81-644e-4005-ac31-d0af3fb9feba?fields=segments => generated 14 bytes in 31 msecs (HTTP/1.1 200) 4 headers in 156 bytes (1 switches on core 0)
2026-07-15 06:10:20.805 7 INFO neutron.common.ovn.utils [None req-b7742fcd-89ec-486e-a277-329578c93cf4 - - - - - -] HA Chassis Group neutron-d40fccf6-33e9-4220-939c-5f860b5e2b66 synchronized; highest priority chassis 4d7a1937-13f1-49d2-9b5d-069ea7063914 [pid: 7|app: 0|req: 1153/2200] 10.0.0.223 () {34 vars in 1108 bytes} [Wed Jul 15 06:10:20 2026] GET /v2.0/networks/102b4b81-644e-4005-ac31-d0af3fb9feba?fields=provider%3Aphysical_network&fields=provider%3Anetwork_type => generated 79 bytes in 56 msecs (HTTP/1.1 200) 4 headers in 156 bytes (1 switches on core 0) [pid: 8|app: 0|req: 1048/2201] 10.0.0.223 () {34 vars in 1070 bytes} [Wed Jul 15 06:10:20 2026] GET /v2.0/ports?fields=security_groups&fields=device_id&device_id=80e4a7e8-592f-44fe-b803-7281bc4c7024 => generated 12 bytes in 24 msecs (HTTP/1.1 200) 4 headers in 156 bytes (1 switches on core 0)
2026-07-15 06:10:21.068 8 WARNING neutron.plugins.ml2.drivers.ovn.mech_driver.ovsdb.ovn_client [None req-1df8f423-49bd-463e-8268-07375d7c587b - - - - - -] No hosting information found for port 3e899f12-d4e0-42e2-a06f-e8d67687f50d: RuntimeError: No hosting information found for port 3e899f12-d4e0-42e2-a06f-e8d67687f50d
2026-07-15 06:10:21.147 8 INFO neutron.db.ovn_revision_numbers_db [None req-1df8f423-49bd-463e-8268-07375d7c587b - - - - - -] Successfully bumped revision number for resource 3e899f12-d4e0-42e2-a06f-e8d67687f50d (type: router_ports) to 2
2026-07-15 06:10:21.187 8 INFO neutron.plugins.ml2.drivers.ovn.mech_driver.mech_driver [None req-1df8f423-49bd-463e-8268-07375d7c587b - - - - - -] OVN reports status down for port: 4c424758-2951-4347-a2cb-05aa658cb72a
2026-07-15 06:10:21.245 8 WARNING neutron.plugins.ml2.drivers.ovn.mech_driver.ovsdb.ovn_client [None req-1df8f423-49bd-463e-8268-07375d7c587b - - - - - -] Logical_Switch_Port 4c424758-2951-4347-a2cb-05aa658cb72a host information not removed, the port state is up
2026-07-15 06:10:21.245 8 INFO neutron.plugins.ml2.drivers.ovn.mech_driver.mech_driver [None req-1df8f423-49bd-463e-8268-07375d7c587b - - - - - -] OVN reports status up for port: 4c424758-2951-4347-a2cb-05aa658cb72a
2026-07-15 06:10:21.256 8 INFO neutron.plugins.ml2.plugin [None req-1df8f423-49bd-463e-8268-07375d7c587b - - - - - -] Attempt 1 to provision port 4c424758-2951-4347-a2cb-05aa658cb72a
2026-07-15 06:10:21.752 8 INFO neutron.db.ovn_revision_numbers_db [None req-1df8f423-49bd-463e-8268-07375d7c587b - - - - - -] Successfully bumped revision number for resource 4c424758-2951-4347-a2cb-05aa658cb72a (type: ports) to 2 [pid: 7|app: 0|req: 1154/2202] 10.0.0.85 () {34 vars in 675 bytes} [Wed Jul 15 06:10:22 2026] POST /v2.0/subnetpools => generated 516 bytes in 199 msecs (HTTP/1.1 201) 4 headers in 162 bytes (1 switches on core 0) [pid: 8|app: 0|req: 1049/2203] 10.0.0.85 () {34 vars in 675 bytes} [Wed Jul 15 06:10:22 2026] POST /v2.0/subnetpools => generated 516 bytes in 66 msecs (HTTP/1.1 201) 4 headers in 162 bytes (1 switches on core 0) [pid: 7|app: 0|req: 1155/2204] 10.0.0.85 () {34 vars in 675 bytes} [Wed Jul 15 06:10:22 2026] POST /v2.0/subnetpools => generated 516 bytes in 58 msecs (HTTP/1.1 201) 4 headers in 162 bytes (1 switches on core 0) [pid: 7|app: 0|req: 1156/2205] 10.0.0.85 () {34 vars in 675 bytes} [Wed Jul 15 06:10:22 2026] POST /v2.0/subnetpools => generated 516 bytes in 48 msecs (HTTP/1.1 201) 4 headers in 162 bytes (1 switches on core 0) [pid: 7|app: 0|req: 1157/2206] 10.0.0.85 () {34 vars in 675 bytes} [Wed Jul 15 06:10:22 2026] POST /v2.0/subnetpools => generated 516 bytes in 43 msecs (HTTP/1.1 201) 4 headers in 162 bytes (1 switches on core 0) [pid: 7|app: 0|req: 1158/2207] 10.0.0.85 () {34 vars in 758 bytes} [Wed Jul 15 06:10:22 2026] PUT /v2.0/subnetpools/d1965787-4b64-4afe-a533-f40eb717101d/tags => generated 17 bytes in 48 msecs (HTTP/1.1 200) 4 headers in 156 bytes (1 switches on core 0)
2026-07-15 06:10:23.087 8 INFO neutron.db.ovn_revision_numbers_db [None req-4927a066-3b5c-4848-af67-d970003b443e 2f90ecbd489d46a78e436e17067bae07 74019ebf85a4429bba41cf659127c173 - - default default] Successfully bumped revision number for resource 19318a97-336e-4529-b177-79f7ab3c070c (type: security_groups) to 1 [pid: 7|app: 0|req: 1159/2208] 10.0.0.85 () {34 vars in 758 bytes} [Wed Jul 15 06:10:23 2026] PUT /v2.0/subnetpools/cb885a3d-4ef7-432d-ac44-9055fdd416e0/tags => generated 25 bytes in 39 msecs (HTTP/1.1 200) 4 headers in 156 bytes (1 switches on core 0)
2026-07-15 06:10:23.103 8 INFO neutron.db.ovn_revision_numbers_db [None req-4927a066-3b5c-4848-af67-d970003b443e 2f90ecbd489d46a78e436e17067bae07 74019ebf85a4429bba41cf659127c173 - - default default] Successfully bumped revision number for resource 45c16885-0ae1-47b4-9613-7ad68cebdb1e (type: security_group_rules) to 0
2026-07-15 06:10:23.114 8 INFO neutron.db.ovn_revision_numbers_db [None req-4927a066-3b5c-4848-af67-d970003b443e 2f90ecbd489d46a78e436e17067bae07 74019ebf85a4429bba41cf659127c173 - - default default] Successfully bumped revision number for resource 62ef541e-4c37-45db-b621-29e292224136 (type: security_group_rules) to 0
2026-07-15 06:10:23.125 8 INFO neutron.db.ovn_revision_numbers_db [None req-4927a066-3b5c-4848-af67-d970003b443e 2f90ecbd489d46a78e436e17067bae07 74019ebf85a4429bba41cf659127c173 - - default default] Successfully bumped revision number for resource 89edff16-ce25-4897-b740-05fbd3062af9 (type: security_group_rules) to 0 [pid: 7|app: 0|req: 1160/2209] 10.0.0.85 () {34 vars in 758 bytes} [Wed Jul 15 06:10:23 2026] PUT /v2.0/subnetpools/f69f9474-6ab5-453b-b955-24db46e3eaec/tags => generated 34 bytes in 36 msecs (HTTP/1.1 200) 4 headers in 156 bytes (1 switches on core 0)
2026-07-15 06:10:23.137 8 INFO neutron.db.ovn_revision_numbers_db [None req-4927a066-3b5c-4848-af67-d970003b443e 2f90ecbd489d46a78e436e17067bae07 74019ebf85a4429bba41cf659127c173 - - default default] Successfully bumped revision number for resource e13a685d-4a29-407c-ac3d-978002a2079c (type: security_group_rules) to 0 [pid: 7|app: 0|req: 1161/2210] 10.0.0.85 () {34 vars in 758 bytes} [Wed Jul 15 06:10:23 2026] PUT /v2.0/subnetpools/d1504de5-8c7b-4257-9cb7-7dbacb235a9d/tags => generated 19 bytes in 35 msecs (HTTP/1.1 200) 4 headers in 156 bytes (1 switches on core 0) [pid: 7|app: 0|req: 1162/2211] 10.0.0.85 () {32 vars in 671 bytes} [Wed Jul 15 06:10:23 2026] GET /v2.0/subnetpools?tags=red => generated 1563 bytes in 22 msecs (HTTP/1.1 200) 4 headers in 158 bytes (1 switches on core 0)
2026-07-15 06:10:23.210 8 INFO neutron.db.segments_db [None req-4927a066-3b5c-4848-af67-d970003b443e 2f90ecbd489d46a78e436e17067bae07 74019ebf85a4429bba41cf659127c173 - - default default] Added segment 101b3f94-5633-4264-ba01-a8add9279d55 of type geneve for network 1a8d0848-bd7d-48d4-8f7d-3924b3383b52 [pid: 7|app: 0|req: 1163/2212] 10.0.0.85 () {32 vars in 685 bytes} [Wed Jul 15 06:10:23 2026] GET /v2.0/subnetpools?tags=red%2Cblue => generated 1056 bytes in 18 msecs (HTTP/1.1 200) 4 headers in 158 bytes (1 switches on core 0) [pid: 7|app: 0|req: 1164/2213] 10.0.0.85 () {32 vars in 681 bytes} [Wed Jul 15 06:10:23 2026] GET /v2.0/subnetpools?tags-any=blue => generated 1056 bytes in 19 msecs (HTTP/1.1 200) 4 headers in 158 bytes (1 switches on core 0) [pid: 7|app: 0|req: 1165/2214] 10.0.0.85 () {32 vars in 693 bytes} [Wed Jul 15 06:10:23 2026] GET /v2.0/subnetpools?tags-any=red%2Cblue => generated 1563 bytes in 17 msecs (HTTP/1.1 200) 4 headers in 158 bytes (1 switches on core 0) [pid: 7|app: 0|req: 1166/2215] 10.0.0.85 () {32 vars in 679 bytes} [Wed Jul 15 06:10:23 2026] GET /v2.0/subnetpools?not-tags=red => generated 1028 bytes in 18 msecs (HTTP/1.1 200) 4 headers in 158 bytes (1 switches on core 0) [pid: 7|app: 0|req: 1167/2216] 10.0.0.85 () {32 vars in 693 bytes} [Wed Jul 15 06:10:23 2026] GET /v2.0/subnetpools?not-tags=red%2Cblue => generated 1535 bytes in 23 msecs (HTTP/1.1 200) 4 headers in 158 bytes (1 switches on core 0)
2026-07-15 06:10:23.324 8 INFO neutron.db.ovn_revision_numbers_db [None req-4927a066-3b5c-4848-af67-d970003b443e 2f90ecbd489d46a78e436e17067bae07 74019ebf85a4429bba41cf659127c173 - - default default] Successfully bumped revision number for resource 1a8d0848-bd7d-48d4-8f7d-3924b3383b52 (type: networks) to 1 [pid: 7|app: 0|req: 1168/2217] 10.0.0.85 () {32 vars in 689 bytes} [Wed Jul 15 06:10:23 2026] GET /v2.0/subnetpools?not-tags-any=blue => generated 1535 bytes in 28 msecs (HTTP/1.1 200) 4 headers in 158 bytes (1 switches on core 0) [pid: 7|app: 0|req: 1169/2218] 10.0.0.85 () {32 vars in 701 bytes} [Wed Jul 15 06:10:23 2026] GET /v2.0/subnetpools?not-tags-any=red%2Cblue => generated 1028 bytes in 23 msecs (HTTP/1.1 200) 4 headers in 158 bytes (1 switches on core 0) [pid: 7|app: 0|req: 1170/2219] 10.0.0.85 () {32 vars in 731 bytes} [Wed Jul 15 06:10:23 2026] DELETE /v2.0/subnetpools/d1965787-4b64-4afe-a533-f40eb717101d => generated 0 bytes in 63 msecs (HTTP/1.1 204) 2 headers in 112 bytes (1 switches on core 0) [pid: 7|app: 0|req: 1171/2220] 10.0.0.85 () {32 vars in 731 bytes} [Wed Jul 15 06:10:23 2026] DELETE /v2.0/subnetpools/cb885a3d-4ef7-432d-ac44-9055fdd416e0 => generated 0 bytes in 40 msecs (HTTP/1.1 204) 2 headers in 112 bytes (1 switches on core 0)
2026-07-15 06:10:23.498 8 WARNING neutron.scheduler.dhcp_agent_scheduler [None req-4927a066-3b5c-4848-af67-d970003b443e 2f90ecbd489d46a78e436e17067bae07 74019ebf85a4429bba41cf659127c173 - - default default] No more DHCP agents
2026-07-15 06:10:23.499 8 WARNING neutron.api.rpc.agentnotifiers.dhcp_rpc_agent_api [None req-4927a066-3b5c-4848-af67-d970003b443e 2f90ecbd489d46a78e436e17067bae07 74019ebf85a4429bba41cf659127c173 - - default default] Unable to schedule network 1a8d0848-bd7d-48d4-8f7d-3924b3383b52: no agents available; will retry on subsequent port and subnet creation events. [pid: 7|app: 0|req: 1172/2221] 10.0.0.85 () {32 vars in 731 bytes} [Wed Jul 15 06:10:23 2026] DELETE /v2.0/subnetpools/f69f9474-6ab5-453b-b955-24db46e3eaec => generated 0 bytes in 44 msecs (HTTP/1.1 204) 2 headers in 112 bytes (1 switches on core 0)
2026-07-15 06:10:23.548 7 INFO neutron.plugins.ml2.drivers.ovn.mech_driver.mech_driver [None req-b7742fcd-89ec-486e-a277-329578c93cf4 - - - - - -] OVN reports status down for port: f5871b7a-e0e7-4e49-844b-1f155f486bc6
2026-07-15 06:10:23.576 8 INFO neutron.db.ovn_revision_numbers_db [None req-4927a066-3b5c-4848-af67-d970003b443e 2f90ecbd489d46a78e436e17067bae07 74019ebf85a4429bba41cf659127c173 - - default default] Successfully bumped revision number for resource f5871b7a-e0e7-4e49-844b-1f155f486bc6 (type: ports) to 1 [pid: 8|app: 0|req: 1050/2222] 10.0.0.85 () {34 vars in 670 bytes} [Wed Jul 15 06:10:22 2026] POST /v2.0/networks => generated 671 bytes in 736 msecs (HTTP/1.1 201) 4 headers in 162 bytes (1 switches on core 0) [pid: 7|app: 0|req: 1173/2223] 10.0.0.85 () {32 vars in 731 bytes} [Wed Jul 15 06:10:23 2026] DELETE /v2.0/subnetpools/d1504de5-8c7b-4257-9cb7-7dbacb235a9d => generated 0 bytes in 93 msecs (HTTP/1.1 204) 2 headers in 112 bytes (1 switches on core 0) [pid: 7|app: 0|req: 1174/2224] 10.0.0.85 () {32 vars in 731 bytes} [Wed Jul 15 06:10:23 2026] DELETE /v2.0/subnetpools/bc623589-b357-49c6-a959-df31ff2f7c8d => generated 0 bytes in 56 msecs (HTTP/1.1 204) 2 headers in 112 bytes (1 switches on core 0)
2026-07-15 06:10:23.972 8 WARNING neutron.scheduler.dhcp_agent_scheduler [None req-ac3d3368-c961-4e74-9c0a-dd022c0d9470 2f90ecbd489d46a78e436e17067bae07 74019ebf85a4429bba41cf659127c173 - - default default] No more DHCP agents
2026-07-15 06:10:23.973 8 WARNING neutron.api.rpc.agentnotifiers.dhcp_rpc_agent_api [None req-ac3d3368-c961-4e74-9c0a-dd022c0d9470 2f90ecbd489d46a78e436e17067bae07 74019ebf85a4429bba41cf659127c173 - - default default] Unable to schedule network 0c87e584-60ea-41fe-aa3f-91827559531d: no agents available; will retry on subsequent port and subnet creation events.
2026-07-15 06:10:24.069 7 INFO neutron.plugins.ml2.drivers.ovn.mech_driver.mech_driver [None req-b7742fcd-89ec-486e-a277-329578c93cf4 - - - - - -] OVN reports status down for port: bbd25740-1f8e-4f60-a012-be0bc39ffcf6
2026-07-15 06:10:24.091 8 INFO neutron.db.ovn_revision_numbers_db [None req-ac3d3368-c961-4e74-9c0a-dd022c0d9470 2f90ecbd489d46a78e436e17067bae07 74019ebf85a4429bba41cf659127c173 - - default default] Successfully bumped revision number for resource bbd25740-1f8e-4f60-a012-be0bc39ffcf6 (type: ports) to 1
2026-07-15 06:10:24.644 7 WARNING neutron.db.securitygroups_db [None req-3aafb563-8eb8-45b2-aaa3-4866b6dd0b81 1c2db2a627fc43c2820da515903d6096 e4c40ceefa6942449a31bc419ab32f09 - - default default] project_id key not found in filters, using tenant_id instead. This support has been deprecated and will be removed in a future release.
2026-07-15 06:10:24.763 7 INFO neutron.db.ovn_revision_numbers_db [None req-3aafb563-8eb8-45b2-aaa3-4866b6dd0b81 1c2db2a627fc43c2820da515903d6096 e4c40ceefa6942449a31bc419ab32f09 - - default default] Successfully bumped revision number for resource 9fe6cc90-34ca-4400-b86e-42afee6bef17 (type: security_groups) to 1
2026-07-15 06:10:24.774 7 INFO neutron.db.ovn_revision_numbers_db [None req-3aafb563-8eb8-45b2-aaa3-4866b6dd0b81 1c2db2a627fc43c2820da515903d6096 e4c40ceefa6942449a31bc419ab32f09 - - default default] Successfully bumped revision number for resource 878b555c-1f50-47e5-8199-af5ce256e36c (type: security_group_rules) to 0
2026-07-15 06:10:24.785 7 INFO neutron.db.ovn_revision_numbers_db [None req-3aafb563-8eb8-45b2-aaa3-4866b6dd0b81 1c2db2a627fc43c2820da515903d6096 e4c40ceefa6942449a31bc419ab32f09 - - default default] Successfully bumped revision number for resource cdb60db9-7b9b-4ebe-9887-8057cdf9f763 (type: security_group_rules) to 0
2026-07-15 06:10:24.795 7 INFO neutron.db.ovn_revision_numbers_db [None req-3aafb563-8eb8-45b2-aaa3-4866b6dd0b81 1c2db2a627fc43c2820da515903d6096 e4c40ceefa6942449a31bc419ab32f09 - - default default] Successfully bumped revision number for resource e0807486-332e-4407-94f9-7d879b291388 (type: security_group_rules) to 0
2026-07-15 06:10:24.810 7 INFO neutron.db.ovn_revision_numbers_db [None req-3aafb563-8eb8-45b2-aaa3-4866b6dd0b81 1c2db2a627fc43c2820da515903d6096 e4c40ceefa6942449a31bc419ab32f09 - - default default] Successfully bumped revision number for resource ffd83e1a-1eba-43f4-a0c5-8250b1f73d4d (type: security_group_rules) to 0 [pid: 7|app: 0|req: 1175/2225] 10.0.0.85 () {32 vars in 773 bytes} [Wed Jul 15 06:10:24 2026] GET /v2.0/security-groups?tenant_id=a2cbed6c510049a2b8e7921a80dd369d&name=default => generated 2929 bytes in 348 msecs (HTTP/1.1 200) 4 headers in 158 bytes (1 switches on core 0) [pid: 7|app: 0|req: 1176/2226] 10.0.0.85 () {32 vars in 739 bytes} [Wed Jul 15 06:10:24 2026] DELETE /v2.0/security-groups/9fe6cc90-34ca-4400-b86e-42afee6bef17 => generated 0 bytes in 154 msecs (HTTP/1.1 204) 2 headers in 112 bytes (1 switches on core 0)
2026-07-15 06:10:25.094 7 WARNING neutron.db.securitygroups_db [None req-25dd1dd0-b3b0-486c-a0d4-c16a864f23e9 1c2db2a627fc43c2820da515903d6096 e4c40ceefa6942449a31bc419ab32f09 - - default default] project_id key not found in filters, using tenant_id instead. This support has been deprecated and will be removed in a future release.
2026-07-15 06:10:25.148 7 INFO neutron.plugins.ml2.drivers.ovn.mech_driver.ovsdb.ovsdb_monitor [None req-f0a12dcf-10b5-4181-99df-e731e9e414a5 - - - - - -] Router c3e30ff1-5846-46d2-b859-48f0e6fa3e4d is bound to host instance
2026-07-15 06:10:25.155 7 INFO neutron.plugins.ml2.drivers.ovn.mech_driver.mech_driver [None req-b7742fcd-89ec-486e-a277-329578c93cf4 - - - - - -] OVN reports status up for port: bbd25740-1f8e-4f60-a012-be0bc39ffcf6
2026-07-15 06:10:25.164 8 INFO neutron.db.ovn_revision_numbers_db [None req-ac3d3368-c961-4e74-9c0a-dd022c0d9470 2f90ecbd489d46a78e436e17067bae07 74019ebf85a4429bba41cf659127c173 - - default default] Successfully bumped revision number for resource bbd25740-1f8e-4f60-a012-be0bc39ffcf6 (type: router_ports) to 1
2026-07-15 06:10:25.189 7 INFO neutron.plugins.ml2.plugin [None req-b7742fcd-89ec-486e-a277-329578c93cf4 - - - - - -] Attempt 1 to provision port bbd25740-1f8e-4f60-a012-be0bc39ffcf6
2026-07-15 06:10:25.217 8 INFO neutron.db.ovn_revision_numbers_db [None req-ac3d3368-c961-4e74-9c0a-dd022c0d9470 2f90ecbd489d46a78e436e17067bae07 74019ebf85a4429bba41cf659127c173 - - default default] Successfully bumped revision number for resource c3e30ff1-5846-46d2-b859-48f0e6fa3e4d (type: routers) to 2 [pid: 8|app: 0|req: 1051/2227] 10.0.0.85 () {34 vars in 668 bytes} [Wed Jul 15 06:10:23 2026] POST /v2.0/routers => generated 976 bytes in 1630 msecs (HTTP/1.1 201) 4 headers in 162 bytes (1 switches on core 0)
2026-07-15 06:10:25.353 7 INFO neutron.db.ovn_revision_numbers_db [None req-25dd1dd0-b3b0-486c-a0d4-c16a864f23e9 1c2db2a627fc43c2820da515903d6096 e4c40ceefa6942449a31bc419ab32f09 - - default default] Successfully bumped revision number for resource 59db27d3-46e3-44c3-8d9a-e7a9429248d7 (type: security_groups) to 1
2026-07-15 06:10:25.394 7 INFO neutron.db.ovn_revision_numbers_db [None req-25dd1dd0-b3b0-486c-a0d4-c16a864f23e9 1c2db2a627fc43c2820da515903d6096 e4c40ceefa6942449a31bc419ab32f09 - - default default] Successfully bumped revision number for resource 028a3e4b-7cdb-40f7-9a43-88160ba2146e (type: security_group_rules) to 0 [pid: 8|app: 0|req: 1052/2228] 10.0.0.85 () {32 vars in 775 bytes} [Wed Jul 15 06:10:25 2026] GET /v2.0/subnets?project_id=74019ebf85a4429bba41cf659127c173&cidr=10.100.0.0%2F28 => generated 14 bytes in 184 msecs (HTTP/1.1 200) 4 headers in 156 bytes (1 switches on core 0)
2026-07-15 06:10:25.422 7 INFO neutron.db.ovn_revision_numbers_db [None req-25dd1dd0-b3b0-486c-a0d4-c16a864f23e9 1c2db2a627fc43c2820da515903d6096 e4c40ceefa6942449a31bc419ab32f09 - - default default] Successfully bumped revision number for resource 3a428092-8774-4709-a60a-63f50a057f73 (type: security_group_rules) to 0
2026-07-15 06:10:25.445 7 INFO neutron.db.ovn_revision_numbers_db [None req-25dd1dd0-b3b0-486c-a0d4-c16a864f23e9 1c2db2a627fc43c2820da515903d6096 e4c40ceefa6942449a31bc419ab32f09 - - default default] Successfully bumped revision number for resource e657db3f-ffef-479d-b9cc-bed671934b2f (type: security_group_rules) to 0
2026-07-15 06:10:25.470 7 INFO neutron.db.ovn_revision_numbers_db [None req-25dd1dd0-b3b0-486c-a0d4-c16a864f23e9 1c2db2a627fc43c2820da515903d6096 e4c40ceefa6942449a31bc419ab32f09 - - default default] Successfully bumped revision number for resource f9e2e0ec-29c1-41b4-b584-a1cd701b858e (type: security_group_rules) to 0 [pid: 8|app: 0|req: 1053/2229] 10.0.0.85 () {32 vars in 693 bytes} [Wed Jul 15 06:10:25 2026] GET /v2.0/networks?router%3Aexternal=True => generated 791 bytes in 47 msecs (HTTP/1.1 200) 4 headers in 157 bytes (1 switches on core 0) [pid: 8|app: 0|req: 1054/2230] 10.0.0.85 () {32 vars in 783 bytes} [Wed Jul 15 06:10:25 2026] GET /v2.0/subnets?network_id=0c87e584-60ea-41fe-aa3f-91827559531d&cidr=10.100.0.0%2F28 => generated 14 bytes in 20 msecs (HTTP/1.1 200) 4 headers in 156 bytes (1 switches on core 0) [pid: 7|app: 0|req: 1177/2231] 10.0.0.85 () {32 vars in 773 bytes} [Wed Jul 15 06:10:25 2026] GET /v2.0/security-groups?tenant_id=40eb5eb393d04233b6775e4fbf593df1&name=default => generated 2929 bytes in 451 msecs (HTTP/1.1 200) 4 headers in 158 bytes (1 switches on core 0)
2026-07-15 06:10:25.706 8 WARNING neutron.scheduler.dhcp_agent_scheduler [None req-67602253-ac58-4921-a581-c8bde5d512c5 2f90ecbd489d46a78e436e17067bae07 74019ebf85a4429bba41cf659127c173 - - default default] No more DHCP agents
2026-07-15 06:10:25.707 8 WARNING neutron.api.rpc.agentnotifiers.dhcp_rpc_agent_api [None req-67602253-ac58-4921-a581-c8bde5d512c5 2f90ecbd489d46a78e436e17067bae07 74019ebf85a4429bba41cf659127c173 - - default default] Unable to schedule network 1a8d0848-bd7d-48d4-8f7d-3924b3383b52: no agents available; will retry on subsequent port and subnet creation events. [pid: 7|app: 0|req: 1178/2232] 10.0.0.85 () {32 vars in 739 bytes} [Wed Jul 15 06:10:25 2026] DELETE /v2.0/security-groups/59db27d3-46e3-44c3-8d9a-e7a9429248d7 => generated 0 bytes in 270 msecs (HTTP/1.1 204) 2 headers in 112 bytes (1 switches on core 0) [pid: 7|app: 0|req: 1179/2233] 199.204.45.72 () {34 vars in 985 bytes} [Wed Jul 15 06:10:25 2026] GET /v2.0/networks?id=102b4b81-644e-4005-ac31-d0af3fb9feba => generated 743 bytes in 70 msecs (HTTP/1.1 200) 4 headers in 157 bytes (1 switches on core 0)
2026-07-15 06:10:25.997 7 WARNING neutron.db.securitygroups_db [None req-7ecde056-91d0-4ec9-b6dd-37edc6396598 1c2db2a627fc43c2820da515903d6096 e4c40ceefa6942449a31bc419ab32f09 - - default default] project_id key not found in filters, using tenant_id instead. This support has been deprecated and will be removed in a future release.
2026-07-15 06:10:26.111 8 INFO neutron.db.ovn_revision_numbers_db [None req-67602253-ac58-4921-a581-c8bde5d512c5 2f90ecbd489d46a78e436e17067bae07 74019ebf85a4429bba41cf659127c173 - - default default] Successfully bumped revision number for resource f5871b7a-e0e7-4e49-844b-1f155f486bc6 (type: ports) to 2
2026-07-15 06:10:26.144 8 INFO neutron.db.ovn_revision_numbers_db [None req-67602253-ac58-4921-a581-c8bde5d512c5 2f90ecbd489d46a78e436e17067bae07 74019ebf85a4429bba41cf659127c173 - - default default] Successfully bumped revision number for resource 4041ac4f-38cf-46b2-a055-1e8b24566f68 (type: subnets) to 0 [pid: 8|app: 0|req: 1055/2234] 10.0.0.85 () {34 vars in 668 bytes} [Wed Jul 15 06:10:25 2026] POST /v2.0/subnets => generated 657 bytes in 659 msecs (HTTP/1.1 201) 4 headers in 162 bytes (1 switches on core 0)
2026-07-15 06:10:26.170 8 WARNING neutron.db.securitygroups_db [req-c7dbc53c-a5d8-4de3-b32e-c3d6cba7d2e4 req-bc507d77-faf9-4b02-ab2b-dc7296fea72b a07f8d3b2ab845228b1fd9a6e57e5e2d 1d62bc65bbd743f78ecf7a66f22a1e76 - - default default] project_id key not found in filters, using tenant_id instead. This support has been deprecated and will be removed in a future release.
2026-07-15 06:10:26.189 7 INFO neutron.db.ovn_revision_numbers_db [None req-7ecde056-91d0-4ec9-b6dd-37edc6396598 1c2db2a627fc43c2820da515903d6096 e4c40ceefa6942449a31bc419ab32f09 - - default default] Successfully bumped revision number for resource e8667e16-f5a2-4ef0-89ff-829ecbda3079 (type: security_groups) to 1 [pid: 8|app: 0|req: 1056/2235] 199.204.45.72 () {34 vars in 1049 bytes} [Wed Jul 15 06:10:26 2026] GET /v2.0/security-groups?fields=id&fields=name&tenant_id=1d62bc65bbd743f78ecf7a66f22a1e76 => generated 177 bytes in 30 msecs (HTTP/1.1 200) 4 headers in 157 bytes (1 switches on core 0)
2026-07-15 06:10:26.208 7 INFO neutron.db.ovn_revision_numbers_db [None req-7ecde056-91d0-4ec9-b6dd-37edc6396598 1c2db2a627fc43c2820da515903d6096 e4c40ceefa6942449a31bc419ab32f09 - - default default] Successfully bumped revision number for resource 387c79f3-afc9-406f-8959-afc0821879e3 (type: security_group_rules) to 0 [pid: 8|app: 0|req: 1057/2236] 10.0.0.223 () {34 vars in 1070 bytes} [Wed Jul 15 06:10:26 2026] GET /v2.0/ports?fields=security_groups&fields=device_id&device_id=80e4a7e8-592f-44fe-b803-7281bc4c7024 => generated 12 bytes in 15 msecs (HTTP/1.1 200) 4 headers in 156 bytes (1 switches on core 0)
2026-07-15 06:10:26.228 7 INFO neutron.db.ovn_revision_numbers_db [None req-7ecde056-91d0-4ec9-b6dd-37edc6396598 1c2db2a627fc43c2820da515903d6096 e4c40ceefa6942449a31bc419ab32f09 - - default default] Successfully bumped revision number for resource 4b3f4b6d-eeb2-4e6d-ad90-d886d3a938b4 (type: security_group_rules) to 0
2026-07-15 06:10:26.248 7 INFO neutron.db.ovn_revision_numbers_db [None req-7ecde056-91d0-4ec9-b6dd-37edc6396598 1c2db2a627fc43c2820da515903d6096 e4c40ceefa6942449a31bc419ab32f09 - - default default] Successfully bumped revision number for resource 503ead02-dcc5-4879-aefb-e3bf9add42d8 (type: security_group_rules) to 0
2026-07-15 06:10:26.264 7 INFO neutron.db.ovn_revision_numbers_db [None req-7ecde056-91d0-4ec9-b6dd-37edc6396598 1c2db2a627fc43c2820da515903d6096 e4c40ceefa6942449a31bc419ab32f09 - - default default] Successfully bumped revision number for resource c66f3c50-2acd-468d-a0c4-fe1a077da4cd (type: security_group_rules) to 0 [pid: 7|app: 0|req: 1180/2237] 10.0.0.85 () {32 vars in 773 bytes} [Wed Jul 15 06:10:25 2026] GET /v2.0/security-groups?tenant_id=58287095ba324533b6ffd9555117d112&name=default => generated 2929 bytes in 338 msecs (HTTP/1.1 200) 4 headers in 158 bytes (1 switches on core 0)
2026-07-15 06:10:26.533 7 INFO neutron.db.ovn_revision_numbers_db [None req-1e548476-efbf-4b98-9822-dc70d95aadfc - - - - - -] Successfully bumped revision number for resource bbd25740-1f8e-4f60-a012-be0bc39ffcf6 (type: ports) to 4
2026-07-15 06:10:26.729 8 WARNING neutron.scheduler.dhcp_agent_scheduler [None req-03801d1f-ed00-4771-8464-4a27f80570a3 2f90ecbd489d46a78e436e17067bae07 74019ebf85a4429bba41cf659127c173 - - default default] No more DHCP agents
2026-07-15 06:10:26.730 8 WARNING neutron.api.rpc.agentnotifiers.dhcp_rpc_agent_api [None req-03801d1f-ed00-4771-8464-4a27f80570a3 2f90ecbd489d46a78e436e17067bae07 74019ebf85a4429bba41cf659127c173 - - default default] Unable to schedule network 1a8d0848-bd7d-48d4-8f7d-3924b3383b52: no agents available; will retry on subsequent port and subnet creation events.
2026-07-15 06:10:26.866 8 INFO neutron.db.ovn_revision_numbers_db [None req-03801d1f-ed00-4771-8464-4a27f80570a3 2f90ecbd489d46a78e436e17067bae07 74019ebf85a4429bba41cf659127c173 - - default default] Successfully bumped revision number for resource 94ebc15a-2af7-4789-9883-12b4dfc61651 (type: ports) to 1
2026-07-15 06:10:26.939 7 WARNING neutron.scheduler.dhcp_agent_scheduler [req-c7dbc53c-a5d8-4de3-b32e-c3d6cba7d2e4 req-fa3d86a8-e742-42f9-9d0c-6566ca2fea60 a07f8d3b2ab845228b1fd9a6e57e5e2d 1d62bc65bbd743f78ecf7a66f22a1e76 - - default default] No more DHCP agents
2026-07-15 06:10:26.942 7 WARNING neutron.api.rpc.agentnotifiers.dhcp_rpc_agent_api [req-c7dbc53c-a5d8-4de3-b32e-c3d6cba7d2e4 req-fa3d86a8-e742-42f9-9d0c-6566ca2fea60 a07f8d3b2ab845228b1fd9a6e57e5e2d 1d62bc65bbd743f78ecf7a66f22a1e76 - - default default] Unable to schedule network 102b4b81-644e-4005-ac31-d0af3fb9feba: no agents available; will retry on subsequent port and subnet creation events.
2026-07-15 06:10:27.125 7 INFO neutron.db.ovn_revision_numbers_db [None req-1e548476-efbf-4b98-9822-dc70d95aadfc - - - - - -] Successfully bumped revision number for resource bbd25740-1f8e-4f60-a012-be0bc39ffcf6 (type: ports) to 5
2026-07-15 06:10:27.191 7 INFO neutron.db.ovn_revision_numbers_db [req-c7dbc53c-a5d8-4de3-b32e-c3d6cba7d2e4 req-fa3d86a8-e742-42f9-9d0c-6566ca2fea60 a07f8d3b2ab845228b1fd9a6e57e5e2d 1d62bc65bbd743f78ecf7a66f22a1e76 - - default default] Successfully bumped revision number for resource 59f1732f-fc66-425d-9608-cbf2c222f91f (type: ports) to 1 [pid: 7|app: 0|req: 1181/2238] 199.204.45.72 () {38 vars in 954 bytes} [Wed Jul 15 06:10:26 2026] POST /v2.0/ports => generated 1183 bytes in 902 msecs (HTTP/1.1 201) 4 headers in 163 bytes (1 switches on core 0) /var/lib/openstack/lib/python3.12/site-packages/pycadf/identifier.py:70: UserWarning: Invalid uuid: neutron. To ensure interoperability, identifiers should be a valid uuid. warnings.warn(('Invalid uuid: %s. To ensure interoperability, ' [pid: 7|app: 0|req: 1182/2239] 10.0.0.85 () {32 vars in 739 bytes} [Wed Jul 15 06:10:27 2026] DELETE /v2.0/security-groups/e8667e16-f5a2-4ef0-89ff-829ecbda3079 => generated 0 bytes in 182 msecs (HTTP/1.1 204) 2 headers in 112 bytes (1 switches on core 0)
2026-07-15 06:10:27.550 8 WARNING neutron.scheduler.dhcp_agent_scheduler [None req-03801d1f-ed00-4771-8464-4a27f80570a3 2f90ecbd489d46a78e436e17067bae07 74019ebf85a4429bba41cf659127c173 - - default default] No more DHCP agents
2026-07-15 06:10:27.551 8 WARNING neutron.api.rpc.agentnotifiers.dhcp_rpc_agent_api [None req-03801d1f-ed00-4771-8464-4a27f80570a3 2f90ecbd489d46a78e436e17067bae07 74019ebf85a4429bba41cf659127c173 - - default default] Unable to schedule network 1a8d0848-bd7d-48d4-8f7d-3924b3383b52: no agents available; will retry on subsequent port and subnet creation events.
2026-07-15 06:10:27.742 7 INFO neutron.db.ovn_revision_numbers_db [req-c7dbc53c-a5d8-4de3-b32e-c3d6cba7d2e4 req-7dba2a8c-c8ff-498b-8f18-5e6371c41e5c a99e514ad1de4d4595bcbfe0675486b5 9f5f765e6d134797bb729f45ecb27604 - - 13dd61c2031c4070ab68ecfc059daba7 13dd61c2031c4070ab68ecfc059daba7] Successfully bumped revision number for resource 59f1732f-fc66-425d-9608-cbf2c222f91f (type: ports) to 2
2026-07-15 06:10:27.832 7 INFO neutron.plugins.ml2.drivers.ovn.mech_driver.mech_driver [None req-b7742fcd-89ec-486e-a277-329578c93cf4 - - - - - -] OVN reports status down for port: 59f1732f-fc66-425d-9608-cbf2c222f91f
2026-07-15 06:10:27.842 8 WARNING neutron.plugins.ml2.drivers.ovn.mech_driver.ovsdb.ovn_client [None req-0f658957-8ce7-47f8-bf5e-1bc0076583b7 - - - - - -] No hosting information found for port 4c424758-2951-4347-a2cb-05aa658cb72a: RuntimeError: No hosting information found for port 4c424758-2951-4347-a2cb-05aa658cb72a
2026-07-15 06:10:27.905 8 INFO neutron.db.ovn_revision_numbers_db [None req-03801d1f-ed00-4771-8464-4a27f80570a3 2f90ecbd489d46a78e436e17067bae07 74019ebf85a4429bba41cf659127c173 - - default default] Successfully bumped revision number for resource 94ebc15a-2af7-4789-9883-12b4dfc61651 (type: router_ports) to 1 [pid: 8|app: 0|req: 1058/2240] 10.0.0.85 () {34 vars in 782 bytes} [Wed Jul 15 06:10:26 2026] PUT /v2.0/routers/c3e30ff1-5846-46d2-b859-48f0e6fa3e4d/add_router_interface => generated 310 bytes in 1703 msecs (HTTP/1.1 200) 4 headers in 157 bytes (1 switches on core 0)
2026-07-15 06:10:27.964 8 INFO neutron.db.ovn_revision_numbers_db [None req-0f658957-8ce7-47f8-bf5e-1bc0076583b7 - - - - - -] Successfully bumped revision number for resource 4c424758-2951-4347-a2cb-05aa658cb72a (type: router_ports) to 2
2026-07-15 06:10:27.985 7 INFO neutron.notifiers.nova [-] Nova event matching ['req-797885b2-b389-4e46-8831-b6578129a9a0'] response: {'server_uuid': '80e4a7e8-592f-44fe-b803-7281bc4c7024', 'name': 'network-vif-unplugged', 'status': 'completed', 'tag': '59f1732f-fc66-425d-9608-cbf2c222f91f', 'code': 200} [pid: 8|app: 0|req: 1059/2241] 10.0.0.85 () {32 vars in 648 bytes} [Wed Jul 15 06:10:27 2026] GET /v2.0/networks => generated 5556 bytes in 90 msecs (HTTP/1.1 200) 4 headers in 158 bytes (1 switches on core 0)
2026-07-15 06:10:28.037 7 INFO neutron.db.ovn_revision_numbers_db [req-c7dbc53c-a5d8-4de3-b32e-c3d6cba7d2e4 req-7dba2a8c-c8ff-498b-8f18-5e6371c41e5c a99e514ad1de4d4595bcbfe0675486b5 9f5f765e6d134797bb729f45ecb27604 - - 13dd61c2031c4070ab68ecfc059daba7 13dd61c2031c4070ab68ecfc059daba7] Successfully bumped revision number for resource 59f1732f-fc66-425d-9608-cbf2c222f91f (type: ports) to 4
2026-07-15 06:10:28.054 8 INFO neutron.plugins.ml2.drivers.ovn.mech_driver.mech_driver [None req-0f658957-8ce7-47f8-bf5e-1bc0076583b7 - - - - - -] OVN reports status down for port: 94ebc15a-2af7-4789-9883-12b4dfc61651 [pid: 7|app: 0|req: 1183/2242] 199.204.45.72 () {38 vars in 1027 bytes} [Wed Jul 15 06:10:27 2026] PUT /v2.0/ports/59f1732f-fc66-425d-9608-cbf2c222f91f => generated 1455 bytes in 644 msecs (HTTP/1.1 200) 4 headers in 158 bytes (1 switches on core 0) [pid: 8|app: 0|req: 1060/2243] 10.0.0.85 () {32 vars in 646 bytes} [Wed Jul 15 06:10:28 2026] GET /v2.0/subnets => generated 6173 bytes in 69 msecs (HTTP/1.1 200) 4 headers in 158 bytes (1 switches on core 0) /var/lib/openstack/lib/python3.12/site-packages/pycadf/identifier.py:70: UserWarning: Invalid uuid: neutron. To ensure interoperability, identifiers should be a valid uuid. warnings.warn(('Invalid uuid: %s. To ensure interoperability, '
2026-07-15 06:10:28.137 8 WARNING neutron.plugins.ml2.drivers.ovn.mech_driver.ovsdb.ovn_client [None req-0f658957-8ce7-47f8-bf5e-1bc0076583b7 - - - - - -] Logical_Switch_Port 94ebc15a-2af7-4789-9883-12b4dfc61651 host information not removed, the port state is up
2026-07-15 06:10:28.137 8 INFO neutron.plugins.ml2.drivers.ovn.mech_driver.mech_driver [None req-0f658957-8ce7-47f8-bf5e-1bc0076583b7 - - - - - -] OVN reports status up for port: 94ebc15a-2af7-4789-9883-12b4dfc61651
2026-07-15 06:10:28.147 8 INFO neutron.plugins.ml2.plugin [None req-0f658957-8ce7-47f8-bf5e-1bc0076583b7 - - - - - -] Attempt 1 to provision port 94ebc15a-2af7-4789-9883-12b4dfc61651 [pid: 7|app: 0|req: 1184/2244] 10.0.0.85 () {32 vars in 646 bytes} [Wed Jul 15 06:10:28 2026] GET /v2.0/routers => generated 1970 bytes in 64 msecs (HTTP/1.1 200) 4 headers in 158 bytes (1 switches on core 0)
2026-07-15 06:10:28.427 8 INFO neutron.db.ovn_revision_numbers_db [None req-dccd15ee-8ff8-41bc-961c-d3d62ca63668 2f90ecbd489d46a78e436e17067bae07 74019ebf85a4429bba41cf659127c173 - - default default] Successfully bumped revision number for resource 9ea00e01-be72-4821-8531-6e1d5db9e9cb (type: security_groups) to 1
2026-07-15 06:10:28.460 8 INFO neutron.db.ovn_revision_numbers_db [None req-dccd15ee-8ff8-41bc-961c-d3d62ca63668 2f90ecbd489d46a78e436e17067bae07 74019ebf85a4429bba41cf659127c173 - - default default] Successfully bumped revision number for resource 3da08471-d731-478c-abec-25897ce72855 (type: security_group_rules) to 0
