2026-07-15 06:06:34.288 8 INFO neutron.db.ovn_revision_numbers_db [None req-f988ed74-7716-4508-84cb-dfc408127c11 2c875d1b012b480c905ceb2163e65e07 72115b74dc48403281c5dc9fb11f9bf5 - - default default] Successfully bumped revision number for resource f91b474e-83c6-446a-85d3-93863800b998 (type: security_group_rules) to 0 [pid: 8|app: 0|req: 316/630] 10.0.0.85 () {34 vars in 694 bytes} [Wed Jul 15 06:06:34 2026] POST /v2.0/security-group-rules => generated 597 bytes in 114 msecs (HTTP/1.1 201) 4 headers in 162 bytes (1 switches on core 0)
2026-07-15 06:06:34.432 8 INFO neutron.db.ovn_revision_numbers_db [None req-c7c6c54f-8399-4fa2-b8f0-00875b0d6bc4 2c875d1b012b480c905ceb2163e65e07 72115b74dc48403281c5dc9fb11f9bf5 - - default default] Successfully bumped revision number for resource e55575f8-bc03-4ef3-a770-ed410092f352 (type: security_group_rules) to 0 [pid: 8|app: 0|req: 317/631] 10.0.0.85 () {34 vars in 694 bytes} [Wed Jul 15 06:06:34 2026] POST /v2.0/security-group-rules => generated 602 bytes in 150 msecs (HTTP/1.1 201) 4 headers in 162 bytes (1 switches on core 0)
2026-07-15 06:06:34.519 7 INFO neutron.db.ovn_revision_numbers_db [None req-bd601214-2a3a-4410-a728-faa17405a20a 1c2db2a627fc43c2820da515903d6096 e4c40ceefa6942449a31bc419ab32f09 - - default default] Successfully bumped revision number for resource d8ca9daa-1576-4d2a-a84c-28d58de16c21 (type: router_ports) to 1 [pid: 7|app: 0|req: 315/632] 10.0.0.85 () {34 vars in 782 bytes} [Wed Jul 15 06:06:31 2026] PUT /v2.0/routers/e5eb0b4b-5fa7-4730-ade5-db713a9c8ca0/add_router_interface => generated 310 bytes in 2950 msecs (HTTP/1.1 200) 4 headers in 157 bytes (1 switches on core 0)
2026-07-15 06:06:34.800 7 INFO neutron.db.ovn_revision_numbers_db [None req-d888bf50-24f2-4a73-86f6-72d0777c87d5 - - - - - -] Successfully bumped revision number for resource f6e13d80-2dc4-4935-83fd-9e640f1adc38 (type: ports) to 2
2026-07-15 06:06:34.816 8 INFO neutron.db.ovn_revision_numbers_db [req-1f4201d9-025f-4014-a009-08b7516727fa req-d03773d2-2333-4815-8e17-c51aaec2f5f2 ebe8b00b1ba44599b12951ca5b4988de 5c891235507b45408f2998d4b86e7eff - - default default] Successfully bumped revision number for resource 1aeefc8e-3599-435f-bd61-8c230bad1b05 (type: security_groups) to 1
2026-07-15 06:06:34.828 8 INFO neutron.db.ovn_revision_numbers_db [req-1f4201d9-025f-4014-a009-08b7516727fa req-d03773d2-2333-4815-8e17-c51aaec2f5f2 ebe8b00b1ba44599b12951ca5b4988de 5c891235507b45408f2998d4b86e7eff - - default default] Successfully bumped revision number for resource afd5d220-4d98-43c6-b44b-e4dfaf91e046 (type: security_group_rules) to 0
2026-07-15 06:06:34.841 8 INFO neutron.db.ovn_revision_numbers_db [req-1f4201d9-025f-4014-a009-08b7516727fa req-d03773d2-2333-4815-8e17-c51aaec2f5f2 ebe8b00b1ba44599b12951ca5b4988de 5c891235507b45408f2998d4b86e7eff - - default default] Successfully bumped revision number for resource be695e4a-a113-40cf-9975-6edc8cb18ead (type: security_group_rules) to 0 [pid: 8|app: 0|req: 318/633] 10.0.0.223 () {38 vars in 971 bytes} [Wed Jul 15 06:06:34 2026] POST /v2.0/security-groups => generated 1681 bytes in 411 msecs (HTTP/1.1 201) 4 headers in 163 bytes (1 switches on core 0)
2026-07-15 06:06:34.910 8 WARNING neutron.db.securitygroups_db [req-3d3e9828-c414-46fe-89ae-93906b752999 req-ce281087-9e4f-4693-bc50-1a8cd98381d6 ebe8b00b1ba44599b12951ca5b4988de 5c891235507b45408f2998d4b86e7eff - - default default] project_id key not found in filters, using tenant_id instead. This support has been deprecated and will be removed in a future release.
2026-07-15 06:06:34.948 7 WARNING neutron.scheduler.dhcp_agent_scheduler [None req-643b54f2-eb8c-4f00-85d0-6788c7f15e84 2c875d1b012b480c905ceb2163e65e07 72115b74dc48403281c5dc9fb11f9bf5 - - default default] No more DHCP agents
2026-07-15 06:06:34.949 7 WARNING neutron.api.rpc.agentnotifiers.dhcp_rpc_agent_api [None req-643b54f2-eb8c-4f00-85d0-6788c7f15e84 2c875d1b012b480c905ceb2163e65e07 72115b74dc48403281c5dc9fb11f9bf5 - - default default] Unable to schedule network 0c87e584-60ea-41fe-aa3f-91827559531d: no agents available; will retry on subsequent port and subnet creation events. [pid: 8|app: 0|req: 319/634] 10.0.0.223 () {34 vars in 1002 bytes} [Wed Jul 15 06:06:34 2026] GET /v2.0/security-groups?tenant_id=5c891235507b45408f2998d4b86e7eff => generated 7898 bytes in 47 msecs (HTTP/1.1 200) 4 headers in 158 bytes (1 switches on core 0) [pid: 8|app: 0|req: 320/635] 10.0.0.223 () {34 vars in 991 bytes} [Wed Jul 15 06:06:34 2026] GET /v2.0/security-groups/56860210-3b86-4c57-9fc1-14334e8fc624 => generated 2918 bytes in 30 msecs (HTTP/1.1 200) 4 headers in 158 bytes (1 switches on core 0) [pid: 8|app: 0|req: 321/636] 10.0.0.223 () {34 vars in 991 bytes} [Wed Jul 15 06:06:34 2026] GET /v2.0/security-groups/56860210-3b86-4c57-9fc1-14334e8fc624 => generated 2918 bytes in 27 msecs (HTTP/1.1 200) 4 headers in 158 bytes (1 switches on core 0)
2026-07-15 06:06:35.147 8 INFO neutron.db.ovn_revision_numbers_db [req-d8b4ef53-f4fd-4234-83c9-3e304bf71739 req-02512191-9d0b-4921-b281-afdaf7ed51c2 c5855e23c2574c2290c67e4750318fe8 38324557b96647ffad17422d4fe5316a - - default default] Successfully bumped revision number for resource c91fb6c8-f755-4b70-b029-56214e622bfa (type: security_groups) to 1
2026-07-15 06:06:35.160 8 INFO neutron.db.ovn_revision_numbers_db [req-d8b4ef53-f4fd-4234-83c9-3e304bf71739 req-02512191-9d0b-4921-b281-afdaf7ed51c2 c5855e23c2574c2290c67e4750318fe8 38324557b96647ffad17422d4fe5316a - - default default] Successfully bumped revision number for resource 20d7dd66-605a-4b35-ae6c-c8d9745fea1f (type: security_group_rules) to 0
2026-07-15 06:06:35.171 8 INFO neutron.db.ovn_revision_numbers_db [req-d8b4ef53-f4fd-4234-83c9-3e304bf71739 req-02512191-9d0b-4921-b281-afdaf7ed51c2 c5855e23c2574c2290c67e4750318fe8 38324557b96647ffad17422d4fe5316a - - default default] Successfully bumped revision number for resource f8e1c953-f38c-4bbe-83e0-378a869f7140 (type: security_group_rules) to 0 [pid: 8|app: 0|req: 322/637] 10.0.0.223 () {38 vars in 971 bytes} [Wed Jul 15 06:06:35 2026] POST /v2.0/security-groups => generated 1686 bytes in 173 msecs (HTTP/1.1 201) 4 headers in 163 bytes (1 switches on core 0) [pid: 8|app: 0|req: 323/638] 10.0.0.223 () {34 vars in 991 bytes} [Wed Jul 15 06:06:35 2026] GET /v2.0/security-groups/d448d48d-3152-4500-86f5-8c26118f0d62 => generated 1676 bytes in 21 msecs (HTTP/1.1 200) 4 headers in 158 bytes (1 switches on core 0) [pid: 7|app: 0|req: 316/639] 10.0.0.85 () {34 vars in 675 bytes} [Wed Jul 15 06:06:34 2026] POST /v2.0/floatingips => generated 552 bytes in 720 msecs (HTTP/1.1 201) 4 headers in 162 bytes (1 switches on core 0) [pid: 7|app: 0|req: 317/640] 10.0.0.223 () {34 vars in 991 bytes} [Wed Jul 15 06:06:35 2026] GET /v2.0/security-groups/c91fb6c8-f755-4b70-b029-56214e622bfa => generated 1686 bytes in 37 msecs (HTTP/1.1 200) 4 headers in 158 bytes (1 switches on core 0) [pid: 8|app: 0|req: 324/641] 10.0.0.223 () {36 vars in 1013 bytes} [Wed Jul 15 06:06:35 2026] DELETE /v2.0/security-groups/d448d48d-3152-4500-86f5-8c26118f0d62 => generated 0 bytes in 143 msecs (HTTP/1.1 204) 2 headers in 112 bytes (1 switches on core 0)
2026-07-15 06:06:35.507 8 INFO neutron.db.ovn_revision_numbers_db [req-55182b1e-cf8f-4942-9fcd-3744872d9ce8 req-d09e0e2a-7baa-4097-a52a-97f24c64fdc0 c5855e23c2574c2290c67e4750318fe8 38324557b96647ffad17422d4fe5316a - - default default] Successfully bumped revision number for resource f0f41e29-c763-46c7-bfd7-5395c7761d83 (type: security_group_rules) to 0 [pid: 8|app: 0|req: 325/642] 10.0.0.223 () {38 vars in 981 bytes} [Wed Jul 15 06:06:35 2026] POST /v2.0/security-group-rules => generated 614 bytes in 155 msecs (HTTP/1.1 201) 4 headers in 162 bytes (1 switches on core 0)
2026-07-15 06:06:35.547 8 INFO neutron.api.v2.resource [req-5cf19270-254a-4b5f-9a14-35c0fa81952a req-4f444995-d44a-4370-bdee-caa9f69d2df2 ebe8b00b1ba44599b12951ca5b4988de 5c891235507b45408f2998d4b86e7eff - - default default] show failed (client error): The resource could not be found. [pid: 8|app: 0|req: 326/643] 10.0.0.223 () {34 vars in 991 bytes} [Wed Jul 15 06:06:35 2026] GET /v2.0/security-groups/d448d48d-3152-4500-86f5-8c26118f0d62 => generated 146 bytes in 15 msecs (HTTP/1.1 404) 4 headers in 164 bytes (1 switches on core 0)
2026-07-15 06:06:35.581 7 INFO neutron.db.ovn_revision_numbers_db [None req-a114dbaf-0c7b-4295-a281-764c803ac53b 4ff5142ac5854be9addd2c9c27157f89 285639bce948466ca7f78c96486f47a5 - - default default] Successfully bumped revision number for resource b36ef55a-44d4-4bc2-9d48-2f88a0254ed8 (type: security_groups) to 1
2026-07-15 06:06:35.591 7 INFO neutron.db.ovn_revision_numbers_db [None req-a114dbaf-0c7b-4295-a281-764c803ac53b 4ff5142ac5854be9addd2c9c27157f89 285639bce948466ca7f78c96486f47a5 - - default default] Successfully bumped revision number for resource 05f3ab4f-6727-4de7-a7ba-e71a2b6aea36 (type: security_group_rules) to 0
2026-07-15 06:06:35.602 7 INFO neutron.db.ovn_revision_numbers_db [None req-a114dbaf-0c7b-4295-a281-764c803ac53b 4ff5142ac5854be9addd2c9c27157f89 285639bce948466ca7f78c96486f47a5 - - default default] Successfully bumped revision number for resource 111cc274-2924-48f6-a696-11d502c9a007 (type: security_group_rules) to 0
2026-07-15 06:06:35.619 7 INFO neutron.db.ovn_revision_numbers_db [None req-a114dbaf-0c7b-4295-a281-764c803ac53b 4ff5142ac5854be9addd2c9c27157f89 285639bce948466ca7f78c96486f47a5 - - default default] Successfully bumped revision number for resource 7f90a379-5a39-4cb9-b0b7-46cd167ef60f (type: security_group_rules) to 0
2026-07-15 06:06:35.631 7 INFO neutron.db.ovn_revision_numbers_db [None req-a114dbaf-0c7b-4295-a281-764c803ac53b 4ff5142ac5854be9addd2c9c27157f89 285639bce948466ca7f78c96486f47a5 - - default default] Successfully bumped revision number for resource 8b03d125-8968-482f-b602-b94312a50be0 (type: security_group_rules) to 0
2026-07-15 06:06:35.684 8 INFO neutron.db.ovn_revision_numbers_db [req-80bc6e1a-97da-468e-b924-bcff8112dd04 req-5cfe822b-94d9-4386-82dc-b056e0647002 c5855e23c2574c2290c67e4750318fe8 38324557b96647ffad17422d4fe5316a - - default default] Successfully bumped revision number for resource d10f4592-0aa6-416f-9f27-866bf6579ac9 (type: security_groups) to 1
2026-07-15 06:06:35.694 8 INFO neutron.db.ovn_revision_numbers_db [req-80bc6e1a-97da-468e-b924-bcff8112dd04 req-5cfe822b-94d9-4386-82dc-b056e0647002 c5855e23c2574c2290c67e4750318fe8 38324557b96647ffad17422d4fe5316a - - default default] Successfully bumped revision number for resource a86b2118-1c44-43bb-bfc5-25f3c7f87c0b (type: security_group_rules) to 0
2026-07-15 06:06:35.705 8 INFO neutron.db.ovn_revision_numbers_db [req-80bc6e1a-97da-468e-b924-bcff8112dd04 req-5cfe822b-94d9-4386-82dc-b056e0647002 c5855e23c2574c2290c67e4750318fe8 38324557b96647ffad17422d4fe5316a - - default default] Successfully bumped revision number for resource f8a425b3-465d-4d0f-8349-ce88a16d761b (type: security_group_rules) to 0
2026-07-15 06:06:35.731 7 INFO neutron.db.segments_db [None req-a114dbaf-0c7b-4295-a281-764c803ac53b 4ff5142ac5854be9addd2c9c27157f89 285639bce948466ca7f78c96486f47a5 - - default default] Added segment 4efb1e43-b47f-433c-bc55-a25b274a3a55 of type geneve for network ca27a7d0-cbc9-4b18-be13-6113cad1efc1 [pid: 8|app: 0|req: 327/644] 10.0.0.223 () {38 vars in 971 bytes} [Wed Jul 15 06:06:35 2026] POST /v2.0/security-groups => generated 1685 bytes in 186 msecs (HTTP/1.1 201) 4 headers in 163 bytes (1 switches on core 0) [pid: 8|app: 0|req: 328/645] 10.0.0.223 () {34 vars in 991 bytes} [Wed Jul 15 06:06:35 2026] GET /v2.0/security-groups/d59c56cf-3fc7-4cb2-be47-9a9859e47aa2 => generated 1680 bytes in 28 msecs (HTTP/1.1 200) 4 headers in 158 bytes (1 switches on core 0) [pid: 8|app: 0|req: 329/646] 10.0.0.223 () {34 vars in 991 bytes} [Wed Jul 15 06:06:35 2026] GET /v2.0/security-groups/d10f4592-0aa6-416f-9f27-866bf6579ac9 => generated 1685 bytes in 21 msecs (HTTP/1.1 200) 4 headers in 158 bytes (1 switches on core 0)
2026-07-15 06:06:35.846 7 INFO neutron.db.segments_db [None req-a114dbaf-0c7b-4295-a281-764c803ac53b 4ff5142ac5854be9addd2c9c27157f89 285639bce948466ca7f78c96486f47a5 - - default default] Added segment 454ed710-1670-4694-9675-5cbc972788e4 of type geneve for network 89872d63-7bb6-4377-bcae-173e95fa68e0 [pid: 8|app: 0|req: 330/647] 10.0.0.223 () {36 vars in 1013 bytes} [Wed Jul 15 06:06:35 2026] DELETE /v2.0/security-groups/d59c56cf-3fc7-4cb2-be47-9a9859e47aa2 => generated 0 bytes in 118 msecs (HTTP/1.1 204) 2 headers in 112 bytes (1 switches on core 0)
2026-07-15 06:06:35.989 7 INFO neutron.db.ovn_revision_numbers_db [None req-a114dbaf-0c7b-4295-a281-764c803ac53b 4ff5142ac5854be9addd2c9c27157f89 285639bce948466ca7f78c96486f47a5 - - default default] Successfully bumped revision number for resource ca27a7d0-cbc9-4b18-be13-6113cad1efc1 (type: networks) to 1
2026-07-15 06:06:36.028 8 INFO neutron.db.ovn_revision_numbers_db [req-25e24f42-2607-43d7-80ba-110b9f600ea1 req-1a504ba9-77d2-4af1-bcdb-c6b47695bb49 c5855e23c2574c2290c67e4750318fe8 38324557b96647ffad17422d4fe5316a - - default default] Successfully bumped revision number for resource a708a07d-6986-46a5-b124-157f5eef7be9 (type: security_group_rules) to 0 [pid: 8|app: 0|req: 331/648] 10.0.0.223 () {38 vars in 981 bytes} [Wed Jul 15 06:06:35 2026] POST /v2.0/security-group-rules => generated 614 bytes in 138 msecs (HTTP/1.1 201) 4 headers in 162 bytes (1 switches on core 0)
2026-07-15 06:06:36.072 8 INFO neutron.api.v2.resource [req-3bfb9423-0fa0-4a14-98b8-9984545765f9 req-a6c19bef-955b-4b36-be6b-6556c3a2aeca ebe8b00b1ba44599b12951ca5b4988de 5c891235507b45408f2998d4b86e7eff - - default default] show failed (client error): The resource could not be found. [pid: 8|app: 0|req: 332/649] 10.0.0.223 () {34 vars in 991 bytes} [Wed Jul 15 06:06:36 2026] GET /v2.0/security-groups/d59c56cf-3fc7-4cb2-be47-9a9859e47aa2 => generated 146 bytes in 12 msecs (HTTP/1.1 404) 4 headers in 164 bytes (1 switches on core 0) [pid: 8|app: 0|req: 333/650] 10.0.0.223 () {34 vars in 991 bytes} [Wed Jul 15 06:06:36 2026] GET /v2.0/security-groups/d10f4592-0aa6-416f-9f27-866bf6579ac9 => generated 2310 bytes in 32 msecs (HTTP/1.1 200) 4 headers in 158 bytes (1 switches on core 0) [pid: 8|app: 0|req: 334/651] 10.0.0.223 () {34 vars in 991 bytes} [Wed Jul 15 06:06:36 2026] GET /v2.0/security-groups/1aeefc8e-3599-435f-bd61-8c230bad1b05 => generated 1681 bytes in 23 msecs (HTTP/1.1 200) 4 headers in 158 bytes (1 switches on core 0)
2026-07-15 06:06:36.259 8 INFO neutron.db.ovn_revision_numbers_db [req-ea8b870f-2bbf-4ae5-8947-a599fa61c218 req-c7fe54d0-9056-47ce-b160-e80ab3633202 c5855e23c2574c2290c67e4750318fe8 38324557b96647ffad17422d4fe5316a - - default default] Successfully bumped revision number for resource af5522e4-905e-491b-a354-d998b31b511f (type: security_group_rules) to 0 [pid: 8|app: 0|req: 335/652] 10.0.0.223 () {38 vars in 981 bytes} [Wed Jul 15 06:06:36 2026] POST /v2.0/security-group-rules => generated 619 bytes in 161 msecs (HTTP/1.1 201) 4 headers in 162 bytes (1 switches on core 0) [pid: 8|app: 0|req: 336/653] 10.0.0.223 () {36 vars in 1013 bytes} [Wed Jul 15 06:06:36 2026] DELETE /v2.0/security-groups/1aeefc8e-3599-435f-bd61-8c230bad1b05 => generated 0 bytes in 146 msecs (HTTP/1.1 204) 2 headers in 112 bytes (1 switches on core 0) [pid: 8|app: 0|req: 337/654] 10.0.0.223 () {34 vars in 991 bytes} [Wed Jul 15 06:06:36 2026] GET /v2.0/security-groups/d10f4592-0aa6-416f-9f27-866bf6579ac9 => generated 2940 bytes in 24 msecs (HTTP/1.1 200) 4 headers in 158 bytes (1 switches on core 0)
2026-07-15 06:06:36.480 8 INFO neutron.api.v2.resource [req-a0b1b2b2-d125-4678-a4f0-ef9157197527 req-32a76029-cfc8-427e-95a1-f81e9eb67c08 ebe8b00b1ba44599b12951ca5b4988de 5c891235507b45408f2998d4b86e7eff - - default default] show failed (client error): The resource could not be found. [pid: 8|app: 0|req: 338/655] 10.0.0.223 () {34 vars in 991 bytes} [Wed Jul 15 06:06:36 2026] GET /v2.0/security-groups/1aeefc8e-3599-435f-bd61-8c230bad1b05 => generated 146 bytes in 7 msecs (HTTP/1.1 404) 4 headers in 164 bytes (1 switches on core 0) [pid: 8|app: 0|req: 339/656] 10.0.0.223 () {34 vars in 1001 bytes} [Wed Jul 15 06:06:36 2026] GET /v2.0/security-group-rules/af5522e4-905e-491b-a354-d998b31b511f => generated 616 bytes in 17 msecs (HTTP/1.1 200) 4 headers in 157 bytes (1 switches on core 0)
2026-07-15 06:06:36.516 8 WARNING neutron.db.securitygroups_db [req-90d14802-8a5e-4964-b423-d3fdf9a524a3 req-60b1e088-b199-4a5a-9e3d-44f6369f4fe0 ebe8b00b1ba44599b12951ca5b4988de 5c891235507b45408f2998d4b86e7eff - - default default] project_id key not found in filters, using tenant_id instead. This support has been deprecated and will be removed in a future release. [pid: 8|app: 0|req: 340/657] 10.0.0.223 () {34 vars in 1002 bytes} [Wed Jul 15 06:06:36 2026] GET /v2.0/security-groups?tenant_id=5c891235507b45408f2998d4b86e7eff => generated 2921 bytes in 28 msecs (HTTP/1.1 200) 4 headers in 158 bytes (1 switches on core 0)
2026-07-15 06:06:36.546 7 WARNING neutron.scheduler.dhcp_agent_scheduler [None req-a114dbaf-0c7b-4295-a281-764c803ac53b 4ff5142ac5854be9addd2c9c27157f89 285639bce948466ca7f78c96486f47a5 - - default default] No more DHCP agents
2026-07-15 06:06:36.547 7 WARNING neutron.api.rpc.agentnotifiers.dhcp_rpc_agent_api [None req-a114dbaf-0c7b-4295-a281-764c803ac53b 4ff5142ac5854be9addd2c9c27157f89 285639bce948466ca7f78c96486f47a5 - - default default] Unable to schedule network ca27a7d0-cbc9-4b18-be13-6113cad1efc1: no agents available; will retry on subsequent port and subnet creation events. [pid: 8|app: 0|req: 341/658] 10.0.0.223 () {34 vars in 991 bytes} [Wed Jul 15 06:06:36 2026] GET /v2.0/security-groups/d10f4592-0aa6-416f-9f27-866bf6579ac9 => generated 2940 bytes in 22 msecs (HTTP/1.1 200) 4 headers in 158 bytes (1 switches on core 0)
2026-07-15 06:06:36.607 8 INFO neutron.plugins.ml2.drivers.ovn.mech_driver.mech_driver [None req-f020bd76-de68-48a5-9b19-863971d09b04 - - - - - -] OVN reports status down for port: d8631041-1d1d-4231-b6b9-b69a9aec9f44 [pid: 8|app: 0|req: 342/659] 10.0.0.223 () {34 vars in 991 bytes} [Wed Jul 15 06:06:36 2026] GET /v2.0/security-groups/56860210-3b86-4c57-9fc1-14334e8fc624 => generated 2918 bytes in 56 msecs (HTTP/1.1 200) 4 headers in 158 bytes (1 switches on core 0)
2026-07-15 06:06:36.619 7 INFO neutron.db.ovn_revision_numbers_db [None req-a114dbaf-0c7b-4295-a281-764c803ac53b 4ff5142ac5854be9addd2c9c27157f89 285639bce948466ca7f78c96486f47a5 - - default default] Successfully bumped revision number for resource d8631041-1d1d-4231-b6b9-b69a9aec9f44 (type: ports) to 1
2026-07-15 06:06:36.687 7 INFO neutron.db.ovn_revision_numbers_db [None req-a114dbaf-0c7b-4295-a281-764c803ac53b 4ff5142ac5854be9addd2c9c27157f89 285639bce948466ca7f78c96486f47a5 - - default default] Successfully bumped revision number for resource 89872d63-7bb6-4377-bcae-173e95fa68e0 (type: networks) to 1 [pid: 8|app: 0|req: 343/660] 10.0.0.223 () {36 vars in 1023 bytes} [Wed Jul 15 06:06:36 2026] DELETE /v2.0/security-group-rules/af5522e4-905e-491b-a354-d998b31b511f => generated 0 bytes in 200 msecs (HTTP/1.1 204) 2 headers in 112 bytes (1 switches on core 0) [pid: 8|app: 0|req: 344/661] 10.0.0.223 () {34 vars in 991 bytes} [Wed Jul 15 06:06:36 2026] GET /v2.0/security-groups/56860210-3b86-4c57-9fc1-14334e8fc624 => generated 2918 bytes in 32 msecs (HTTP/1.1 200) 4 headers in 158 bytes (1 switches on core 0)
2026-07-15 06:06:36.852 7 WARNING neutron.scheduler.dhcp_agent_scheduler [None req-a114dbaf-0c7b-4295-a281-764c803ac53b 4ff5142ac5854be9addd2c9c27157f89 285639bce948466ca7f78c96486f47a5 - - default default] No more DHCP agents
2026-07-15 06:06:36.853 7 WARNING neutron.api.rpc.agentnotifiers.dhcp_rpc_agent_api [None req-a114dbaf-0c7b-4295-a281-764c803ac53b 4ff5142ac5854be9addd2c9c27157f89 285639bce948466ca7f78c96486f47a5 - - default default] Unable to schedule network 89872d63-7bb6-4377-bcae-173e95fa68e0: no agents available; will retry on subsequent port and subnet creation events. [pid: 8|app: 0|req: 345/662] 10.0.0.223 () {34 vars in 991 bytes} [Wed Jul 15 06:06:36 2026] GET /v2.0/security-groups/d10f4592-0aa6-416f-9f27-866bf6579ac9 => generated 2310 bytes in 24 msecs (HTTP/1.1 200) 4 headers in 158 bytes (1 switches on core 0)
2026-07-15 06:06:36.955 7 INFO neutron.db.ovn_revision_numbers_db [None req-a114dbaf-0c7b-4295-a281-764c803ac53b 4ff5142ac5854be9addd2c9c27157f89 285639bce948466ca7f78c96486f47a5 - - default default] Successfully bumped revision number for resource 49124057-b5c1-4e44-b85d-2270c8003548 (type: ports) to 1 [pid: 7|app: 0|req: 318/663] 10.0.0.85 () {34 vars in 669 bytes} [Wed Jul 15 06:06:35 2026] POST /v2.0/networks => generated 1322 bytes in 1696 msecs (HTTP/1.1 201) 4 headers in 163 bytes (1 switches on core 0)
2026-07-15 06:06:36.993 7 INFO neutron.api.v2.resource [req-659874bd-75b8-4ee7-a0b8-9b375b50d25f req-15991a4f-6b15-4189-8d62-21f745bf2d91 ebe8b00b1ba44599b12951ca5b4988de 5c891235507b45408f2998d4b86e7eff - - default default] show failed (client error): The resource could not be found. [pid: 7|app: 0|req: 319/664] 10.0.0.223 () {34 vars in 991 bytes} [Wed Jul 15 06:06:36 2026] GET /v2.0/security-groups/1aeefc8e-3599-435f-bd61-8c230bad1b05 => generated 146 bytes in 10 msecs (HTTP/1.1 404) 4 headers in 164 bytes (1 switches on core 0) [pid: 8|app: 0|req: 346/665] 10.0.0.223 () {36 vars in 1013 bytes} [Wed Jul 15 06:06:36 2026] DELETE /v2.0/security-groups/d10f4592-0aa6-416f-9f27-866bf6579ac9 => generated 0 bytes in 129 msecs (HTTP/1.1 204) 2 headers in 112 bytes (1 switches on core 0)
2026-07-15 06:06:37.028 8 INFO neutron.api.v2.resource [req-4c7543cc-6d81-4655-94f1-f4fe2ff13dc2 req-875f8dab-246a-4b99-b184-0e5c998392de ebe8b00b1ba44599b12951ca5b4988de 5c891235507b45408f2998d4b86e7eff - - default default] show failed (client error): The resource could not be found. [pid: 8|app: 0|req: 347/666] 10.0.0.223 () {34 vars in 991 bytes} [Wed Jul 15 06:06:37 2026] GET /v2.0/security-groups/d59c56cf-3fc7-4cb2-be47-9a9859e47aa2 => generated 146 bytes in 17 msecs (HTTP/1.1 404) 4 headers in 164 bytes (1 switches on core 0) [pid: 7|app: 0|req: 320/667] 10.0.0.85 () {32 vars in 648 bytes} [Wed Jul 15 06:06:36 2026] GET /v2.0/networks => generated 1971 bytes in 56 msecs (HTTP/1.1 200) 4 headers in 158 bytes (1 switches on core 0) [pid: 8|app: 0|req: 348/668] 10.0.0.223 () {34 vars in 991 bytes} [Wed Jul 15 06:06:37 2026] GET /v2.0/security-groups/c91fb6c8-f755-4b70-b029-56214e622bfa => generated 2311 bytes in 24 msecs (HTTP/1.1 200) 4 headers in 158 bytes (1 switches on core 0)
2026-07-15 06:06:37.072 7 INFO neutron.api.v2.resource [req-62268caf-0e90-4152-a945-ad3af0c0c6ce req-f823b466-aa37-4e68-b752-59122ff527e0 ebe8b00b1ba44599b12951ca5b4988de 5c891235507b45408f2998d4b86e7eff - - default default] show failed (client error): The resource could not be found. [pid: 7|app: 0|req: 321/669] 10.0.0.223 () {34 vars in 991 bytes} [Wed Jul 15 06:06:37 2026] GET /v2.0/security-groups/d448d48d-3152-4500-86f5-8c26118f0d62 => generated 146 bytes in 22 msecs (HTTP/1.1 404) 4 headers in 164 bytes (1 switches on core 0)
2026-07-15 06:06:37.189 8 INFO neutron_taas.services.taas.taas_plugin [None req-20842ed6-980e-41f4-bea0-36222a0dbe93 4ff5142ac5854be9addd2c9c27157f89 285639bce948466ca7f78c96486f47a5 - - default default] TaaS: Handle Delete Port: d8631041-1d1d-4231-b6b9-b69a9aec9f44
2026-07-15 06:06:37.198 8 INFO neutron_taas.services.taas.tap_mirror_plugin [None req-20842ed6-980e-41f4-bea0-36222a0dbe93 4ff5142ac5854be9addd2c9c27157f89 285639bce948466ca7f78c96486f47a5 - - default default] Tap Mirror: Handle Delete Port: d8631041-1d1d-4231-b6b9-b69a9aec9f44 [pid: 7|app: 0|req: 322/670] 10.0.0.223 () {36 vars in 1013 bytes} [Wed Jul 15 06:06:37 2026] DELETE /v2.0/security-groups/c91fb6c8-f755-4b70-b029-56214e622bfa => generated 0 bytes in 131 msecs (HTTP/1.1 204) 2 headers in 112 bytes (1 switches on core 0) [pid: 8|app: 0|req: 349/671] 10.0.0.85 () {32 vars in 725 bytes} [Wed Jul 15 06:06:37 2026] DELETE /v2.0/networks/ca27a7d0-cbc9-4b18-be13-6113cad1efc1 => generated 0 bytes in 507 msecs (HTTP/1.1 204) 3 headers in 131 bytes (1 switches on core 0)
2026-07-15 06:06:37.578 7 INFO neutron_taas.services.taas.taas_plugin [None req-787088d2-ae8b-4dad-932c-84966bd05688 1c2db2a627fc43c2820da515903d6096 e4c40ceefa6942449a31bc419ab32f09 - - default default] TaaS: Handle Delete Port: f6e13d80-2dc4-4935-83fd-9e640f1adc38
2026-07-15 06:06:37.584 7 INFO neutron_taas.services.taas.tap_mirror_plugin [None req-787088d2-ae8b-4dad-932c-84966bd05688 1c2db2a627fc43c2820da515903d6096 e4c40ceefa6942449a31bc419ab32f09 - - default default] Tap Mirror: Handle Delete Port: f6e13d80-2dc4-4935-83fd-9e640f1adc38
2026-07-15 06:06:38.146 8 INFO neutron.services.segments.plugin [-] Segment 4efb1e43-b47f-433c-bc55-a25b274a3a55 resource provider aggregate not found [pid: 7|app: 0|req: 323/672] 10.0.0.85 () {34 vars in 788 bytes} [Wed Jul 15 06:06:37 2026] PUT /v2.0/routers/af9eef0e-3cf3-45de-8f90-65874fcb814b/remove_router_interface => generated 310 bytes in 957 msecs (HTTP/1.1 200) 4 headers in 157 bytes (1 switches on core 0) /var/lib/openstack/lib/python3.12/site-packages/pycadf/identifier.py:70: UserWarning: Invalid uuid: neutron. To ensure interoperability, identifiers should be a valid uuid. warnings.warn(('Invalid uuid: %s. To ensure interoperability, '
2026-07-15 06:06:38.181 8 INFO neutron.services.segments.plugin [-] Client error retrieving segment 4efb1e43-b47f-433c-bc55-a25b274a3a55 resource provider; error: Placement Client Error (4xx): {"errors": [{"status": 404, "title": "Not Found", "detail": "The resource could not be found.\n\n No resource provider with uuid 4efb1e43-b47f-433c-bc55-a25b274a3a55 found for delete ", "request_id": "req-716ab0a5-7ecd-45d4-8236-298aa39d697b"}]}
2026-07-15 06:06:38.211 8 INFO neutron.services.segments.plugin [-] Segment 4efb1e43-b47f-433c-bc55-a25b274a3a55 resource provider aggregate not found
2026-07-15 06:06:38.231 8 INFO neutron.services.segments.plugin [-] Client error retrieving segment 4efb1e43-b47f-433c-bc55-a25b274a3a55 resource provider; error: Placement Client Error (4xx): {"errors": [{"status": 404, "title": "Not Found", "detail": "The resource could not be found.\n\n No resource provider with uuid 4efb1e43-b47f-433c-bc55-a25b274a3a55 found for delete ", "request_id": "req-576ec5a2-e576-46f2-b804-311a07b3822c"}]}
2026-07-15 06:06:38.268 8 INFO neutron_taas.services.taas.taas_plugin [None req-ad3d02e3-a3b9-4b64-8647-ac76cdbe710c 1c2db2a627fc43c2820da515903d6096 e4c40ceefa6942449a31bc419ab32f09 - - default default] TaaS: Handle Delete Port: d8ca9daa-1576-4d2a-a84c-28d58de16c21
2026-07-15 06:06:38.270 8 INFO neutron_taas.services.taas.tap_mirror_plugin [None req-ad3d02e3-a3b9-4b64-8647-ac76cdbe710c 1c2db2a627fc43c2820da515903d6096 e4c40ceefa6942449a31bc419ab32f09 - - default default] Tap Mirror: Handle Delete Port: d8ca9daa-1576-4d2a-a84c-28d58de16c21
2026-07-15 06:06:38.276 7 INFO neutron_taas.services.taas.taas_plugin [None req-a5eaafa7-f21f-4010-8705-bb55e476b2d6 4ff5142ac5854be9addd2c9c27157f89 285639bce948466ca7f78c96486f47a5 - - default default] TaaS: Handle Delete Port: 49124057-b5c1-4e44-b85d-2270c8003548
2026-07-15 06:06:38.279 7 INFO neutron_taas.services.taas.tap_mirror_plugin [None req-a5eaafa7-f21f-4010-8705-bb55e476b2d6 4ff5142ac5854be9addd2c9c27157f89 285639bce948466ca7f78c96486f47a5 - - default default] Tap Mirror: Handle Delete Port: 49124057-b5c1-4e44-b85d-2270c8003548 [pid: 7|app: 0|req: 324/673] 10.0.0.85 () {32 vars in 725 bytes} [Wed Jul 15 06:06:38 2026] DELETE /v2.0/networks/89872d63-7bb6-4377-bcae-173e95fa68e0 => generated 0 bytes in 452 msecs (HTTP/1.1 204) 3 headers in 131 bytes (1 switches on core 0) [pid: 8|app: 0|req: 350/674] 10.0.0.85 () {34 vars in 788 bytes} [Wed Jul 15 06:06:37 2026] PUT /v2.0/routers/e5eb0b4b-5fa7-4730-ade5-db713a9c8ca0/remove_router_interface => generated 310 bytes in 1289 msecs (HTTP/1.1 200) 4 headers in 157 bytes (1 switches on core 0) /var/lib/openstack/lib/python3.12/site-packages/pycadf/identifier.py:70: UserWarning: Invalid uuid: neutron. To ensure interoperability, identifiers should be a valid uuid. warnings.warn(('Invalid uuid: %s. To ensure interoperability, ' [pid: 8|app: 0|req: 351/675] 10.0.0.85 () {32 vars in 648 bytes} [Wed Jul 15 06:06:38 2026] GET /v2.0/networks => generated 689 bytes in 73 msecs (HTTP/1.1 200) 4 headers in 157 bytes (1 switches on core 0)
2026-07-15 06:06:38.945 7 INFO neutron.services.segments.plugin [-] Segment 454ed710-1670-4694-9675-5cbc972788e4 resource provider aggregate not found
2026-07-15 06:06:38.949 7 INFO neutron.services.segments.plugin [-] Segment 454ed710-1670-4694-9675-5cbc972788e4 resource provider aggregate not found
2026-07-15 06:06:38.965 7 INFO neutron.services.segments.plugin [-] Client error retrieving segment 454ed710-1670-4694-9675-5cbc972788e4 resource provider; error: Placement Client Error (4xx): {"errors": [{"status": 404, "title": "Not Found", "detail": "The resource could not be found.\n\n No resource provider with uuid 454ed710-1670-4694-9675-5cbc972788e4 found for delete ", "request_id": "req-2fe201cd-50d5-4628-9fd5-23ef6a15d77d"}]}
2026-07-15 06:06:38.971 7 INFO neutron.services.segments.plugin [-] Client error retrieving segment 454ed710-1670-4694-9675-5cbc972788e4 resource provider; error: Placement Client Error (4xx): {"errors": [{"status": 404, "title": "Not Found", "detail": "The resource could not be found.\n\n No resource provider with uuid 454ed710-1670-4694-9675-5cbc972788e4 found for delete ", "request_id": "req-ee96c617-e1ec-4bce-b017-cc3d5a67b666"}]}
2026-07-15 06:06:38.982 7 INFO neutron_taas.services.taas.taas_plugin [None req-6cc3493a-bfba-4b7d-aee8-e916e182b82f 1c2db2a627fc43c2820da515903d6096 e4c40ceefa6942449a31bc419ab32f09 - - default default] TaaS: Handle Delete Port: 116e9977-f141-405f-b4ac-134c779faf52
2026-07-15 06:06:38.986 7 INFO neutron_taas.services.taas.tap_mirror_plugin [None req-6cc3493a-bfba-4b7d-aee8-e916e182b82f 1c2db2a627fc43c2820da515903d6096 e4c40ceefa6942449a31bc419ab32f09 - - default default] Tap Mirror: Handle Delete Port: 116e9977-f141-405f-b4ac-134c779faf52
2026-07-15 06:06:39.241 7 WARNING neutron.plugins.ml2.drivers.ovn.mech_driver.ovsdb.ovn_client [None req-7e2e1a94-e1cf-458c-9225-77b79dc8b23f - - - - - -] No port found with ID f6e13d80-2dc4-4935-83fd-9e640f1adc38: RuntimeError: No port found with ID f6e13d80-2dc4-4935-83fd-9e640f1adc38
2026-07-15 06:06:39.285 8 INFO neutron_taas.services.taas.taas_plugin [None req-faf181c8-9e33-4cc5-9b80-1c0f09403277 1c2db2a627fc43c2820da515903d6096 e4c40ceefa6942449a31bc419ab32f09 - - default default] TaaS: Handle Delete Port: ad6b835d-f252-4c7e-8f0c-cae5bf8955ac
2026-07-15 06:06:39.290 8 INFO neutron_taas.services.taas.tap_mirror_plugin [None req-faf181c8-9e33-4cc5-9b80-1c0f09403277 1c2db2a627fc43c2820da515903d6096 e4c40ceefa6942449a31bc419ab32f09 - - default default] Tap Mirror: Handle Delete Port: ad6b835d-f252-4c7e-8f0c-cae5bf8955ac
2026-07-15 06:06:39.316 7 INFO neutron.common.ovn.utils [None req-7e2e1a94-e1cf-458c-9225-77b79dc8b23f - - - - - -] HA Chassis Group neutron-5bedc45d-d7d3-4103-848e-cc6531d65951 synchronized; highest priority chassis 4d7a1937-13f1-49d2-9b5d-069ea7063914
2026-07-15 06:06:39.435 7 INFO neutron.plugins.ml2.drivers.ovn.mech_driver.mech_driver [None req-7e2e1a94-e1cf-458c-9225-77b79dc8b23f - - - - - -] OVN reports status down for port: 3849137e-3062-4e49-8642-3fb507bed953
2026-07-15 06:06:39.597 7 WARNING neutron.plugins.ml2.drivers.ovn.mech_driver.ovsdb.ovn_client [None req-7e2e1a94-e1cf-458c-9225-77b79dc8b23f - - - - - -] Logical_Switch_Port 3849137e-3062-4e49-8642-3fb507bed953 host information not removed, the port state is up
2026-07-15 06:06:39.598 7 INFO neutron.plugins.ml2.drivers.ovn.mech_driver.mech_driver [None req-7e2e1a94-e1cf-458c-9225-77b79dc8b23f - - - - - -] OVN reports status down for port: d8ca9daa-1576-4d2a-a84c-28d58de16c21 [pid: 7|app: 0|req: 325/676] 10.0.0.85 () {32 vars in 723 bytes} [Wed Jul 15 06:06:38 2026] DELETE /v2.0/routers/af9eef0e-3cf3-45de-8f90-65874fcb814b => generated 0 bytes in 982 msecs (HTTP/1.1 204) 2 headers in 112 bytes (1 switches on core 0)
2026-07-15 06:06:39.612 7 INFO neutron.plugins.ml2.drivers.ovn.mech_driver.mech_driver [None req-7e2e1a94-e1cf-458c-9225-77b79dc8b23f - - - - - -] OVN reports status up for port: 3849137e-3062-4e49-8642-3fb507bed953
2026-07-15 06:06:39.630 7 INFO neutron.plugins.ml2.plugin [None req-7e2e1a94-e1cf-458c-9225-77b79dc8b23f - - - - - -] Attempt 1 to provision port 3849137e-3062-4e49-8642-3fb507bed953
2026-07-15 06:06:39.742 7 INFO neutron.db.segments_db [None req-032e1764-61a7-4010-bac6-77e076248b09 4ff5142ac5854be9addd2c9c27157f89 285639bce948466ca7f78c96486f47a5 - - default default] Added segment 0420db3d-f361-4b7b-af84-a18cac3fa11e of type geneve for network 35aa38c7-b930-4c20-9fd5-9f2ac177512a [pid: 8|app: 0|req: 352/677] 10.0.0.85 () {32 vars in 723 bytes} [Wed Jul 15 06:06:38 2026] DELETE /v2.0/routers/e5eb0b4b-5fa7-4730-ade5-db713a9c8ca0 => generated 0 bytes in 833 msecs (HTTP/1.1 204) 2 headers in 112 bytes (1 switches on core 0)
2026-07-15 06:06:39.945 7 INFO neutron.db.ovn_revision_numbers_db [None req-032e1764-61a7-4010-bac6-77e076248b09 4ff5142ac5854be9addd2c9c27157f89 285639bce948466ca7f78c96486f47a5 - - default default] Successfully bumped revision number for resource 35aa38c7-b930-4c20-9fd5-9f2ac177512a (type: networks) to 1 [pid: 8|app: 0|req: 353/678] 10.0.0.85 () {32 vars in 723 bytes} [Wed Jul 15 06:06:39 2026] DELETE /v2.0/subnets/dd053546-82c7-4df4-b2f3-bf53b172a002 => generated 0 bytes in 190 msecs (HTTP/1.1 204) 3 headers in 131 bytes (1 switches on core 0) [pid: 8|app: 0|req: 354/679] 10.0.0.85 () {32 vars in 723 bytes} [Wed Jul 15 06:06:39 2026] DELETE /v2.0/subnets/96399ce6-7f47-47ab-902c-62cf748fc711 => generated 0 bytes in 190 msecs (HTTP/1.1 204) 3 headers in 131 bytes (1 switches on core 0)
2026-07-15 06:06:40.145 8 WARNING neutron.db.securitygroups_db [req-15d8c624-845e-4115-b3b3-d41910ca6708 req-d47fad14-08cb-4cee-aed0-2fc4a2f127c7 2c875d1b012b480c905ceb2163e65e07 72115b74dc48403281c5dc9fb11f9bf5 - - default default] project_id key not found in filters, using tenant_id instead. This support has been deprecated and will be removed in a future release. [pid: 8|app: 0|req: 355/680] 10.0.0.223 () {34 vars in 1100 bytes} [Wed Jul 15 06:06:40 2026] GET /v2.0/security-groups?name=tempest-securitygroup--1967492930&fields=id&tenant_id=72115b74dc48403281c5dc9fb11f9bf5 => generated 69 bytes in 37 msecs (HTTP/1.1 200) 4 headers in 156 bytes (1 switches on core 0)
2026-07-15 06:06:40.212 7 WARNING neutron.scheduler.dhcp_agent_scheduler [None req-032e1764-61a7-4010-bac6-77e076248b09 4ff5142ac5854be9addd2c9c27157f89 285639bce948466ca7f78c96486f47a5 - - default default] No more DHCP agents
2026-07-15 06:06:40.215 7 WARNING neutron.api.rpc.agentnotifiers.dhcp_rpc_agent_api [None req-032e1764-61a7-4010-bac6-77e076248b09 4ff5142ac5854be9addd2c9c27157f89 285639bce948466ca7f78c96486f47a5 - - default default] Unable to schedule network 35aa38c7-b930-4c20-9fd5-9f2ac177512a: no agents available; will retry on subsequent port and subnet creation events.
2026-07-15 06:06:40.303 8 INFO neutron_taas.services.taas.taas_plugin [None req-da2169b9-8b6b-4558-bd45-3988ccf47906 1c2db2a627fc43c2820da515903d6096 e4c40ceefa6942449a31bc419ab32f09 - - default default] TaaS: Handle Delete Port: 3f0e9a70-8709-4b04-9d3e-5ad5a6f3d61e
2026-07-15 06:06:40.309 8 INFO neutron_taas.services.taas.tap_mirror_plugin [None req-da2169b9-8b6b-4558-bd45-3988ccf47906 1c2db2a627fc43c2820da515903d6096 e4c40ceefa6942449a31bc419ab32f09 - - default default] Tap Mirror: Handle Delete Port: 3f0e9a70-8709-4b04-9d3e-5ad5a6f3d61e
2026-07-15 06:06:40.314 7 INFO neutron.db.ovn_revision_numbers_db [None req-7e2e1a94-e1cf-458c-9225-77b79dc8b23f - - - - - -] Successfully bumped revision number for resource 3849137e-3062-4e49-8642-3fb507bed953 (type: ports) to 2
2026-07-15 06:06:40.317 8 INFO neutron.plugins.ml2.drivers.ovn.mech_driver.mech_driver [None req-f020bd76-de68-48a5-9b19-863971d09b04 - - - - - -] OVN reports status down for port: c033be86-ff02-4f4f-9921-0a7b8234a55d
2026-07-15 06:06:40.370 7 INFO neutron.db.ovn_revision_numbers_db [None req-032e1764-61a7-4010-bac6-77e076248b09 4ff5142ac5854be9addd2c9c27157f89 285639bce948466ca7f78c96486f47a5 - - default default] Successfully bumped revision number for resource c033be86-ff02-4f4f-9921-0a7b8234a55d (type: ports) to 1 [pid: 7|app: 0|req: 326/681] 10.0.0.85 () {34 vars in 669 bytes} [Wed Jul 15 06:06:39 2026] POST /v2.0/networks => generated 691 bytes in 814 msecs (HTTP/1.1 201) 4 headers in 162 bytes (1 switches on core 0)
2026-07-15 06:06:40.527 8 INFO neutron.services.segments.plugin [-] Segment a79911b4-379e-4675-b2f9-596fdd0415e0 resource provider aggregate not found
2026-07-15 06:06:40.532 8 INFO neutron.services.segments.plugin [-] Segment a79911b4-379e-4675-b2f9-596fdd0415e0 resource provider aggregate not found
2026-07-15 06:06:40.551 8 INFO neutron.services.segments.plugin [-] Client error retrieving segment a79911b4-379e-4675-b2f9-596fdd0415e0 resource provider; error: Placement Client Error (4xx): {"errors": [{"status": 404, "title": "Not Found", "detail": "The resource could not be found.\n\n No resource provider with uuid a79911b4-379e-4675-b2f9-596fdd0415e0 found for delete ", "request_id": "req-bd13bb7d-a6a3-401a-aa2d-d155f31ffebf"}]}
2026-07-15 06:06:40.554 8 INFO neutron.services.segments.plugin [-] Client error retrieving segment a79911b4-379e-4675-b2f9-596fdd0415e0 resource provider; error: Placement Client Error (4xx): {"errors": [{"status": 404, "title": "Not Found", "detail": "The resource could not be found.\n\n No resource provider with uuid a79911b4-379e-4675-b2f9-596fdd0415e0 found for delete ", "request_id": "req-13d81eb0-2b44-490f-995d-804d08083e0b"}]} [pid: 8|app: 0|req: 356/682] 10.0.0.85 () {32 vars in 725 bytes} [Wed Jul 15 06:06:40 2026] DELETE /v2.0/networks/5bedc45d-d7d3-4103-848e-cc6531d65951 => generated 0 bytes in 391 msecs (HTTP/1.1 204) 3 headers in 131 bytes (1 switches on core 0)
2026-07-15 06:06:40.581 7 INFO neutron_taas.services.taas.taas_plugin [None req-a1e8d8d0-edcb-4779-ad5b-1f7e29cd87a6 1c2db2a627fc43c2820da515903d6096 e4c40ceefa6942449a31bc419ab32f09 - - default default] TaaS: Handle Delete Port: e6e30ae6-4b32-413b-8b2f-62210a5a181b
2026-07-15 06:06:40.584 7 INFO neutron_taas.services.taas.tap_mirror_plugin [None req-a1e8d8d0-edcb-4779-ad5b-1f7e29cd87a6 1c2db2a627fc43c2820da515903d6096 e4c40ceefa6942449a31bc419ab32f09 - - default default] Tap Mirror: Handle Delete Port: e6e30ae6-4b32-413b-8b2f-62210a5a181b [pid: 8|app: 0|req: 357/683] 10.0.0.223 () {34 vars in 982 bytes} [Wed Jul 15 06:06:40 2026] GET /v2.0/networks?id=280297f2-3af5-44ae-9127-65649ba1b01e => generated 718 bytes in 49 msecs (HTTP/1.1 200) 4 headers in 157 bytes (1 switches on core 0)
2026-07-15 06:06:40.697 8 INFO neutron.db.segments_db [None req-a625d7a3-0a2a-43cd-91ed-2d4de57da5bf 4ff5142ac5854be9addd2c9c27157f89 285639bce948466ca7f78c96486f47a5 - - default default] Added segment 5fd06009-c023-4ef9-a9b7-dfb47f4e4aad of type geneve for network 1dd8d262-8857-4c50-a276-773143a352b6
2026-07-15 06:06:40.813 8 INFO neutron.db.ovn_revision_numbers_db [None req-a625d7a3-0a2a-43cd-91ed-2d4de57da5bf 4ff5142ac5854be9addd2c9c27157f89 285639bce948466ca7f78c96486f47a5 - - default default] Successfully bumped revision number for resource 1dd8d262-8857-4c50-a276-773143a352b6 (type: networks) to 1 [pid: 7|app: 0|req: 327/684] 10.0.0.85 () {32 vars in 725 bytes} [Wed Jul 15 06:06:40 2026] DELETE /v2.0/networks/32409095-b74b-4054-bf6f-1b8914b2448d => generated 0 bytes in 440 msecs (HTTP/1.1 204) 3 headers in 131 bytes (1 switches on core 0) [pid: 7|app: 0|req: 328/685] 10.0.0.223 () {34 vars in 965 bytes} [Wed Jul 15 06:06:40 2026] GET /v2.0/quotas/72115b74dc48403281c5dc9fb11f9bf5 => generated 312 bytes in 9 msecs (HTTP/1.1 200) 4 headers in 157 bytes (1 switches on core 0)
2026-07-15 06:06:40.868 7 WARNING neutron.db.securitygroups_db [None req-dfa2da72-5bda-4c12-b845-c053034d81e4 1c2db2a627fc43c2820da515903d6096 e4c40ceefa6942449a31bc419ab32f09 - - default default] project_id key not found in filters, using tenant_id instead. This support has been deprecated and will be removed in a future release. [pid: 7|app: 0|req: 329/686] 10.0.0.85 () {32 vars in 773 bytes} [Wed Jul 15 06:06:40 2026] GET /v2.0/security-groups?tenant_id=5c891235507b45408f2998d4b86e7eff&name=default => generated 2921 bytes in 27 msecs (HTTP/1.1 200) 4 headers in 158 bytes (1 switches on core 0)
2026-07-15 06:06:40.990 7 INFO neutron.services.segments.plugin [-] Segment 5f58ceec-2e4b-424e-8f9c-044e3ec944ce resource provider aggregate not found
2026-07-15 06:06:40.997 7 INFO neutron.services.segments.plugin [-] Segment 5f58ceec-2e4b-424e-8f9c-044e3ec944ce resource provider aggregate not found
2026-07-15 06:06:41.010 7 INFO neutron.services.segments.plugin [-] Client error retrieving segment 5f58ceec-2e4b-424e-8f9c-044e3ec944ce resource provider; error: Placement Client Error (4xx): {"errors": [{"status": 404, "title": "Not Found", "detail": "The resource could not be found.\n\n No resource provider with uuid 5f58ceec-2e4b-424e-8f9c-044e3ec944ce found for delete ", "request_id": "req-27a9c748-f41c-4d42-90b3-2c346098c66c"}]}
2026-07-15 06:06:41.014 7 INFO neutron.services.segments.plugin [-] Client error retrieving segment 5f58ceec-2e4b-424e-8f9c-044e3ec944ce resource provider; error: Placement Client Error (4xx): {"errors": [{"status": 404, "title": "Not Found", "detail": "The resource could not be found.\n\n No resource provider with uuid 5f58ceec-2e4b-424e-8f9c-044e3ec944ce found for delete ", "request_id": "req-3ce64eb9-92e0-4833-bfbb-6c005c642e79"}]} [pid: 7|app: 0|req: 330/687] 10.0.0.223 () {34 vars in 1002 bytes} [Wed Jul 15 06:06:40 2026] GET /v2.0/ports?tenant_id=72115b74dc48403281c5dc9fb11f9bf5&fields=id => generated 103 bytes in 133 msecs (HTTP/1.1 200) 4 headers in 157 bytes (1 switches on core 0)
2026-07-15 06:06:41.052 8 WARNING neutron.scheduler.dhcp_agent_scheduler [None req-a625d7a3-0a2a-43cd-91ed-2d4de57da5bf 4ff5142ac5854be9addd2c9c27157f89 285639bce948466ca7f78c96486f47a5 - - default default] No more DHCP agents
2026-07-15 06:06:41.054 8 WARNING neutron.api.rpc.agentnotifiers.dhcp_rpc_agent_api [None req-a625d7a3-0a2a-43cd-91ed-2d4de57da5bf 4ff5142ac5854be9addd2c9c27157f89 285639bce948466ca7f78c96486f47a5 - - default default] Unable to schedule network 1dd8d262-8857-4c50-a276-773143a352b6: no agents available; will retry on subsequent port and subnet creation events.
2026-07-15 06:06:41.134 8 INFO neutron.db.ovn_revision_numbers_db [None req-a625d7a3-0a2a-43cd-91ed-2d4de57da5bf 4ff5142ac5854be9addd2c9c27157f89 285639bce948466ca7f78c96486f47a5 - - default default] Successfully bumped revision number for resource 06d7866e-44ba-4b1f-91eb-ffc462fc2fb2 (type: ports) to 1 [pid: 8|app: 0|req: 358/688] 10.0.0.85 () {34 vars in 669 bytes} [Wed Jul 15 06:06:40 2026] POST /v2.0/networks => generated 691 bytes in 539 msecs (HTTP/1.1 201) 4 headers in 162 bytes (1 switches on core 0)
2026-07-15 06:06:41.165 8 WARNING neutron.db.securitygroups_db [None req-0a7aba50-6f08-4595-9e74-64d3336b366e 1c2db2a627fc43c2820da515903d6096 e4c40ceefa6942449a31bc419ab32f09 - - default default] project_id key not found in filters, using tenant_id instead. This support has been deprecated and will be removed in a future release. [pid: 8|app: 0|req: 359/689] 10.0.0.85 () {32 vars in 773 bytes} [Wed Jul 15 06:06:41 2026] GET /v2.0/security-groups?tenant_id=38324557b96647ffad17422d4fe5316a&name=default => generated 2921 bytes in 36 msecs (HTTP/1.1 200) 4 headers in 158 bytes (1 switches on core 0) [pid: 7|app: 0|req: 331/690] 10.0.0.85 () {32 vars in 739 bytes} [Wed Jul 15 06:06:41 2026] DELETE /v2.0/security-groups/56860210-3b86-4c57-9fc1-14334e8fc624 => generated 0 bytes in 255 msecs (HTTP/1.1 204) 2 headers in 112 bytes (1 switches on core 0) [pid: 7|app: 0|req: 332/691] 10.0.0.85 () {32 vars in 739 bytes} [Wed Jul 15 06:06:41 2026] DELETE /v2.0/security-groups/664de538-997f-4471-b5ca-dfeccfea5c43 => generated 0 bytes in 237 msecs (HTTP/1.1 204) 2 headers in 112 bytes (1 switches on core 0) [pid: 7|app: 0|req: 333/692] 10.0.0.223 () {34 vars in 907 bytes} [Wed Jul 15 06:06:41 2026] GET /v2.0/extensions => generated 22668 bytes in 98 msecs (HTTP/1.1 200) 4 headers in 159 bytes (1 switches on core 0) [pid: 7|app: 0|req: 334/693] 10.0.0.223 () {34 vars in 1008 bytes} [Wed Jul 15 06:06:41 2026] GET /v2.0/networks/280297f2-3af5-44ae-9127-65649ba1b01e?fields=segments => generated 14 bytes in 50 msecs (HTTP/1.1 200) 4 headers in 156 bytes (1 switches on core 0)
2026-07-15 06:06:41.689 8 WARNING neutron.scheduler.dhcp_agent_scheduler [None req-0448223e-2d66-4594-bc77-1bb4b0945d06 4ff5142ac5854be9addd2c9c27157f89 285639bce948466ca7f78c96486f47a5 - - default default] No more DHCP agents
2026-07-15 06:06:41.690 8 WARNING neutron.api.rpc.agentnotifiers.dhcp_rpc_agent_api [None req-0448223e-2d66-4594-bc77-1bb4b0945d06 4ff5142ac5854be9addd2c9c27157f89 285639bce948466ca7f78c96486f47a5 - - default default] Unable to schedule network 35aa38c7-b930-4c20-9fd5-9f2ac177512a: no agents available; will retry on subsequent port and subnet creation events. [pid: 7|app: 0|req: 335/694] 10.0.0.223 () {34 vars in 1108 bytes} [Wed Jul 15 06:06:41 2026] GET /v2.0/networks/280297f2-3af5-44ae-9127-65649ba1b01e?fields=provider%3Aphysical_network&fields=provider%3Anetwork_type => generated 79 bytes in 49 msecs (HTTP/1.1 200) 4 headers in 156 bytes (1 switches on core 0)
2026-07-15 06:06:41.743 8 INFO neutron.plugins.ml2.drivers.ovn.mech_driver.mech_driver [None req-f020bd76-de68-48a5-9b19-863971d09b04 - - - - - -] OVN reports status down for port: 098312c5-13af-4bec-8bb3-86f02ffd8153
2026-07-15 06:06:41.812 8 INFO neutron.db.ovn_revision_numbers_db [None req-0448223e-2d66-4594-bc77-1bb4b0945d06 4ff5142ac5854be9addd2c9c27157f89 285639bce948466ca7f78c96486f47a5 - - default default] Successfully bumped revision number for resource 098312c5-13af-4bec-8bb3-86f02ffd8153 (type: ports) to 1
2026-07-15 06:06:41.884 8 WARNING neutron.scheduler.dhcp_agent_scheduler [None req-0448223e-2d66-4594-bc77-1bb4b0945d06 4ff5142ac5854be9addd2c9c27157f89 285639bce948466ca7f78c96486f47a5 - - default default] No more DHCP agents
2026-07-15 06:06:41.890 8 WARNING neutron.api.rpc.agentnotifiers.dhcp_rpc_agent_api [None req-0448223e-2d66-4594-bc77-1bb4b0945d06 4ff5142ac5854be9addd2c9c27157f89 285639bce948466ca7f78c96486f47a5 - - default default] Unable to schedule network 1dd8d262-8857-4c50-a276-773143a352b6: no agents available; will retry on subsequent port and subnet creation events.
2026-07-15 06:06:41.976 8 INFO neutron.db.ovn_revision_numbers_db [None req-0448223e-2d66-4594-bc77-1bb4b0945d06 4ff5142ac5854be9addd2c9c27157f89 285639bce948466ca7f78c96486f47a5 - - default default] Successfully bumped revision number for resource fbac2d94-75ae-441c-86ed-858f132c6a24 (type: ports) to 1 [pid: 8|app: 0|req: 360/695] 10.0.0.85 () {34 vars in 664 bytes} [Wed Jul 15 06:06:41 2026] POST /v2.0/ports => generated 1505 bytes in 809 msecs (HTTP/1.1 201) 4 headers in 163 bytes (1 switches on core 0) [pid: 7|app: 0|req: 336/696] 10.0.0.85 () {32 vars in 642 bytes} [Wed Jul 15 06:06:42 2026] GET /v2.0/ports => generated 3017 bytes in 140 msecs (HTTP/1.1 200) 4 headers in 158 bytes (1 switches on core 0) /var/lib/openstack/lib/python3.12/site-packages/pycadf/identifier.py:70: UserWarning: Invalid uuid: neutron. To ensure interoperability, identifiers should be a valid uuid. warnings.warn(('Invalid uuid: %s. To ensure interoperability, ' [pid: 7|app: 0|req: 337/697] 10.0.0.223 () {34 vars in 1070 bytes} [Wed Jul 15 06:06:42 2026] GET /v2.0/ports?fields=security_groups&fields=device_id&device_id=11f81beb-08a8-4e62-9719-c318c2c17cb5 => generated 12 bytes in 41 msecs (HTTP/1.1 200) 4 headers in 156 bytes (1 switches on core 0)
2026-07-15 06:06:42.333 8 INFO neutron_taas.services.taas.taas_plugin [None req-f4e9e195-9653-4579-ba81-b915c2873786 4ff5142ac5854be9addd2c9c27157f89 285639bce948466ca7f78c96486f47a5 - - default default] TaaS: Handle Delete Port: 098312c5-13af-4bec-8bb3-86f02ffd8153
2026-07-15 06:06:42.341 8 INFO neutron_taas.services.taas.tap_mirror_plugin [None req-f4e9e195-9653-4579-ba81-b915c2873786 4ff5142ac5854be9addd2c9c27157f89 285639bce948466ca7f78c96486f47a5 - - default default] Tap Mirror: Handle Delete Port: 098312c5-13af-4bec-8bb3-86f02ffd8153 [pid: 8|app: 0|req: 361/698] 10.0.0.85 () {32 vars in 719 bytes} [Wed Jul 15 06:06:42 2026] DELETE /v2.0/ports/098312c5-13af-4bec-8bb3-86f02ffd8153 => generated 0 bytes in 321 msecs (HTTP/1.1 204) 3 headers in 131 bytes (1 switches on core 0)
2026-07-15 06:06:42.666 7 INFO neutron_taas.services.taas.taas_plugin [None req-9d99f1f9-a82a-4fdd-9946-31a0529f7ea5 4ff5142ac5854be9addd2c9c27157f89 285639bce948466ca7f78c96486f47a5 - - default default] TaaS: Handle Delete Port: fbac2d94-75ae-441c-86ed-858f132c6a24
2026-07-15 06:06:42.673 7 INFO neutron_taas.services.taas.tap_mirror_plugin [None req-9d99f1f9-a82a-4fdd-9946-31a0529f7ea5 4ff5142ac5854be9addd2c9c27157f89 285639bce948466ca7f78c96486f47a5 - - default default] Tap Mirror: Handle Delete Port: fbac2d94-75ae-441c-86ed-858f132c6a24 [pid: 7|app: 0|req: 338/699] 10.0.0.85 () {32 vars in 719 bytes} [Wed Jul 15 06:06:42 2026] DELETE /v2.0/ports/fbac2d94-75ae-441c-86ed-858f132c6a24 => generated 0 bytes in 325 msecs (HTTP/1.1 204) 3 headers in 131 bytes (1 switches on core 0) [pid: 8|app: 0|req: 362/700] 10.0.0.85 () {32 vars in 642 bytes} [Wed Jul 15 06:06:42 2026] GET /v2.0/ports => generated 1523 bytes in 57 msecs (HTTP/1.1 200) 4 headers in 158 bytes (1 switches on core 0)
