2026-07-15 06:09:05.139 8 INFO neutron.db.ovn_revision_numbers_db [None req-091643c9-ad75-41ec-b838-f4779028f8c4 95da0059b25d480989bd494dad3ab627 f5270ec80d1e4f6f986a5095a3380199 - - default default] Successfully bumped revision number for resource 91d3d3d3-96d6-4263-ac34-35f534d6153e (type: security_groups) to 1
2026-07-15 06:09:05.151 8 INFO neutron.db.ovn_revision_numbers_db [None req-091643c9-ad75-41ec-b838-f4779028f8c4 95da0059b25d480989bd494dad3ab627 f5270ec80d1e4f6f986a5095a3380199 - - default default] Successfully bumped revision number for resource 2d3fe9b8-1688-4bd8-b8af-69194da0d435 (type: security_group_rules) to 0
2026-07-15 06:09:05.170 8 INFO neutron.db.ovn_revision_numbers_db [None req-091643c9-ad75-41ec-b838-f4779028f8c4 95da0059b25d480989bd494dad3ab627 f5270ec80d1e4f6f986a5095a3380199 - - default default] Successfully bumped revision number for resource 3dd3929d-d0b4-4ade-bdb6-aa2de267ed47 (type: security_group_rules) to 0
2026-07-15 06:09:05.200 8 INFO neutron.services.segments.plugin [-] Segment c45a0167-ba55-460a-ba65-e89df6a26e97 resource provider aggregate not found
2026-07-15 06:09:05.200 8 INFO neutron.services.segments.plugin [-] Segment c45a0167-ba55-460a-ba65-e89df6a26e97 resource provider aggregate not found
2026-07-15 06:09:05.218 8 INFO neutron.services.segments.plugin [-] Client error retrieving segment c45a0167-ba55-460a-ba65-e89df6a26e97 resource provider; error: Placement Client Error (4xx): {"errors": [{"status": 404, "title": "Not Found", "detail": "The resource could not be found.\n\n No resource provider with uuid c45a0167-ba55-460a-ba65-e89df6a26e97 found for delete ", "request_id": "req-faaddc4c-32d8-4433-b9b8-20221fda67e6"}]} [pid: 7|app: 0|req: 891/1718] 10.0.0.85 () {32 vars in 739 bytes} [Wed Jul 15 06:09:05 2026] DELETE /v2.0/security-groups/9c5de4ba-2c20-4a35-a08b-3f3102be6205 => generated 0 bytes in 183 msecs (HTTP/1.1 204) 2 headers in 112 bytes (1 switches on core 0)
2026-07-15 06:09:05.231 8 INFO neutron.services.segments.plugin [-] Client error retrieving segment c45a0167-ba55-460a-ba65-e89df6a26e97 resource provider; error: Placement Client Error (4xx): {"errors": [{"status": 404, "title": "Not Found", "detail": "The resource could not be found.\n\n No resource provider with uuid c45a0167-ba55-460a-ba65-e89df6a26e97 found for delete ", "request_id": "req-fc8f7884-b36c-4e76-97b3-cc79e4807031"}]} [pid: 8|app: 0|req: 828/1719] 10.0.0.85 () {34 vars in 683 bytes} [Wed Jul 15 06:09:05 2026] POST /v2.0/security-groups => generated 1601 bytes in 228 msecs (HTTP/1.1 201) 4 headers in 163 bytes (1 switches on core 0)
2026-07-15 06:09:05.415 7 INFO neutron.db.ovn_revision_numbers_db [None req-37791063-efac-47c3-9009-b7b049ff6c64 95da0059b25d480989bd494dad3ab627 f5270ec80d1e4f6f986a5095a3380199 - - default default] Successfully bumped revision number for resource 11e61b65-8818-4579-b035-bbf86f53ea54 (type: security_groups) to 1
2026-07-15 06:09:05.431 7 INFO neutron.db.ovn_revision_numbers_db [None req-37791063-efac-47c3-9009-b7b049ff6c64 95da0059b25d480989bd494dad3ab627 f5270ec80d1e4f6f986a5095a3380199 - - default default] Successfully bumped revision number for resource 21407afb-26c9-4458-ac6c-55ebdd7addda (type: security_group_rules) to 0
2026-07-15 06:09:05.447 7 INFO neutron.db.ovn_revision_numbers_db [None req-37791063-efac-47c3-9009-b7b049ff6c64 95da0059b25d480989bd494dad3ab627 f5270ec80d1e4f6f986a5095a3380199 - - default default] Successfully bumped revision number for resource ec2f6612-41ff-4ad6-946f-16483a76ee8b (type: security_group_rules) to 0 [pid: 7|app: 0|req: 892/1720] 10.0.0.85 () {34 vars in 683 bytes} [Wed Jul 15 06:09:05 2026] POST /v2.0/security-groups => generated 1601 bytes in 237 msecs (HTTP/1.1 201) 4 headers in 163 bytes (1 switches on core 0)
2026-07-15 06:09:05.518 8 WARNING tagging [None req-336fcef7-08ef-4f8a-98db-32ec870cd33c 95da0059b25d480989bd494dad3ab627 f5270ec80d1e4f6f986a5095a3380199 - - default default] project_id key not found in request, using tenant_id instead. This support has been deprecated and will be removed in a future release. [pid: 8|app: 0|req: 829/1721] 10.0.0.85 () {34 vars in 766 bytes} [Wed Jul 15 06:09:05 2026] PUT /v2.0/security-groups/fda64e8c-b940-4bde-9785-5467dae415ab/tags => generated 17 bytes in 61 msecs (HTTP/1.1 200) 4 headers in 156 bytes (1 switches on core 0)
2026-07-15 06:09:05.579 7 WARNING tagging [None req-b5258653-bddf-4187-a52e-233a5dc91b4a 95da0059b25d480989bd494dad3ab627 f5270ec80d1e4f6f986a5095a3380199 - - default default] project_id key not found in request, using tenant_id instead. This support has been deprecated and will be removed in a future release. [pid: 7|app: 0|req: 893/1722] 10.0.0.85 () {34 vars in 766 bytes} [Wed Jul 15 06:09:05 2026] PUT /v2.0/security-groups/627a58a1-caa1-4386-adb8-cf9d035ecc23/tags => generated 25 bytes in 51 msecs (HTTP/1.1 200) 4 headers in 156 bytes (1 switches on core 0)
2026-07-15 06:09:05.631 7 WARNING tagging [None req-712a4997-cb3e-4fe5-b02d-bf34432d898c 95da0059b25d480989bd494dad3ab627 f5270ec80d1e4f6f986a5095a3380199 - - default default] project_id key not found in request, using tenant_id instead. This support has been deprecated and will be removed in a future release. [pid: 7|app: 0|req: 894/1723] 10.0.0.85 () {34 vars in 766 bytes} [Wed Jul 15 06:09:05 2026] PUT /v2.0/security-groups/5affc33e-e510-4be8-9ba9-c59e0286f653/tags => generated 34 bytes in 39 msecs (HTTP/1.1 200) 4 headers in 156 bytes (1 switches on core 0)
2026-07-15 06:09:05.677 7 WARNING tagging [None req-de52b479-8f2d-4548-a4b1-8cdfda96edad 95da0059b25d480989bd494dad3ab627 f5270ec80d1e4f6f986a5095a3380199 - - default default] project_id key not found in request, using tenant_id instead. This support has been deprecated and will be removed in a future release. [pid: 7|app: 0|req: 895/1724] 10.0.0.85 () {34 vars in 766 bytes} [Wed Jul 15 06:09:05 2026] PUT /v2.0/security-groups/91d3d3d3-96d6-4263-ac34-35f534d6153e/tags => generated 19 bytes in 46 msecs (HTTP/1.1 200) 4 headers in 156 bytes (1 switches on core 0) [pid: 7|app: 0|req: 896/1725] 10.0.0.85 () {32 vars in 679 bytes} [Wed Jul 15 06:09:05 2026] GET /v2.0/security-groups?tags=red => generated 4804 bytes in 35 msecs (HTTP/1.1 200) 4 headers in 158 bytes (1 switches on core 0) [pid: 7|app: 0|req: 897/1726] 10.0.0.85 () {32 vars in 693 bytes} [Wed Jul 15 06:09:05 2026] GET /v2.0/security-groups?tags=red%2Cblue => generated 3218 bytes in 34 msecs (HTTP/1.1 200) 4 headers in 158 bytes (1 switches on core 0) [pid: 7|app: 0|req: 898/1727] 10.0.0.85 () {32 vars in 689 bytes} [Wed Jul 15 06:09:05 2026] GET /v2.0/security-groups?tags-any=blue => generated 3218 bytes in 37 msecs (HTTP/1.1 200) 4 headers in 158 bytes (1 switches on core 0) [pid: 7|app: 0|req: 899/1728] 10.0.0.85 () {32 vars in 701 bytes} [Wed Jul 15 06:09:05 2026] GET /v2.0/security-groups?tags-any=red%2Cblue => generated 4804 bytes in 36 msecs (HTTP/1.1 200) 4 headers in 158 bytes (1 switches on core 0)
2026-07-15 06:09:05.877 8 INFO neutron.db.ovn_revision_numbers_db [None req-e78e3f3b-5757-4c24-ba5a-3a722d795ad4 8b6b2ed1f2a842e2a8aa4d83831848a1 2f679345f1e346e98a15accd98d3b70c - - default default] Successfully bumped revision number for resource 666095f7-acc0-4ddf-a09c-ae9803baa6a6 (type: security_groups) to 1
2026-07-15 06:09:05.889 8 INFO neutron.db.ovn_revision_numbers_db [None req-e78e3f3b-5757-4c24-ba5a-3a722d795ad4 8b6b2ed1f2a842e2a8aa4d83831848a1 2f679345f1e346e98a15accd98d3b70c - - default default] Successfully bumped revision number for resource 622c105a-8811-45ce-bbda-ec21e88abde6 (type: security_group_rules) to 0
2026-07-15 06:09:05.900 8 INFO neutron.db.ovn_revision_numbers_db [None req-e78e3f3b-5757-4c24-ba5a-3a722d795ad4 8b6b2ed1f2a842e2a8aa4d83831848a1 2f679345f1e346e98a15accd98d3b70c - - default default] Successfully bumped revision number for resource 7f51f6ed-1229-4be0-a2a4-fee6316dd659 (type: security_group_rules) to 0 [pid: 7|app: 0|req: 900/1729] 10.0.0.85 () {32 vars in 687 bytes} [Wed Jul 15 06:09:05 2026] GET /v2.0/security-groups?not-tags=red => generated 6094 bytes in 43 msecs (HTTP/1.1 200) 4 headers in 158 bytes (1 switches on core 0)
2026-07-15 06:09:05.911 8 INFO neutron.db.ovn_revision_numbers_db [None req-e78e3f3b-5757-4c24-ba5a-3a722d795ad4 8b6b2ed1f2a842e2a8aa4d83831848a1 2f679345f1e346e98a15accd98d3b70c - - default default] Successfully bumped revision number for resource b82233d9-1677-42e4-9dd1-6e9d8364d7cc (type: security_group_rules) to 0
2026-07-15 06:09:05.923 8 INFO neutron.db.ovn_revision_numbers_db [None req-e78e3f3b-5757-4c24-ba5a-3a722d795ad4 8b6b2ed1f2a842e2a8aa4d83831848a1 2f679345f1e346e98a15accd98d3b70c - - default default] Successfully bumped revision number for resource f6e95e26-08ce-4136-b61f-9c6275c8f383 (type: security_group_rules) to 0 [pid: 7|app: 0|req: 901/1730] 10.0.0.85 () {32 vars in 701 bytes} [Wed Jul 15 06:09:05 2026] GET /v2.0/security-groups?not-tags=red%2Cblue => generated 7680 bytes in 44 msecs (HTTP/1.1 200) 4 headers in 158 bytes (1 switches on core 0)
2026-07-15 06:09:05.993 8 INFO neutron.db.segments_db [None req-e78e3f3b-5757-4c24-ba5a-3a722d795ad4 8b6b2ed1f2a842e2a8aa4d83831848a1 2f679345f1e346e98a15accd98d3b70c - - default default] Added segment 9265a6a5-5989-424e-949c-db98b89675d3 of type geneve for network bed31920-ae1f-4a73-bccd-b988166344b0 [pid: 7|app: 0|req: 902/1731] 10.0.0.85 () {32 vars in 697 bytes} [Wed Jul 15 06:09:05 2026] GET /v2.0/security-groups?not-tags-any=blue => generated 7680 bytes in 45 msecs (HTTP/1.1 200) 4 headers in 158 bytes (1 switches on core 0) [pid: 7|app: 0|req: 903/1732] 10.0.0.85 () {32 vars in 709 bytes} [Wed Jul 15 06:09:06 2026] GET /v2.0/security-groups?not-tags-any=red%2Cblue => generated 6094 bytes in 24 msecs (HTTP/1.1 200) 4 headers in 158 bytes (1 switches on core 0)
2026-07-15 06:09:06.100 8 INFO neutron.db.ovn_revision_numbers_db [None req-e78e3f3b-5757-4c24-ba5a-3a722d795ad4 8b6b2ed1f2a842e2a8aa4d83831848a1 2f679345f1e346e98a15accd98d3b70c - - default default] Successfully bumped revision number for resource bed31920-ae1f-4a73-bccd-b988166344b0 (type: networks) to 1 [pid: 7|app: 0|req: 904/1733] 10.0.0.85 () {32 vars in 739 bytes} [Wed Jul 15 06:09:06 2026] DELETE /v2.0/security-groups/fda64e8c-b940-4bde-9785-5467dae415ab => generated 0 bytes in 125 msecs (HTTP/1.1 204) 2 headers in 112 bytes (1 switches on core 0) [pid: 7|app: 0|req: 905/1734] 10.0.0.85 () {32 vars in 739 bytes} [Wed Jul 15 06:09:06 2026] DELETE /v2.0/security-groups/627a58a1-caa1-4386-adb8-cf9d035ecc23 => generated 0 bytes in 121 msecs (HTTP/1.1 204) 2 headers in 112 bytes (1 switches on core 0)
2026-07-15 06:09:06.295 8 WARNING neutron.scheduler.dhcp_agent_scheduler [None req-e78e3f3b-5757-4c24-ba5a-3a722d795ad4 8b6b2ed1f2a842e2a8aa4d83831848a1 2f679345f1e346e98a15accd98d3b70c - - default default] No more DHCP agents
2026-07-15 06:09:06.297 8 WARNING neutron.api.rpc.agentnotifiers.dhcp_rpc_agent_api [None req-e78e3f3b-5757-4c24-ba5a-3a722d795ad4 8b6b2ed1f2a842e2a8aa4d83831848a1 2f679345f1e346e98a15accd98d3b70c - - default default] Unable to schedule network bed31920-ae1f-4a73-bccd-b988166344b0: no agents available; will retry on subsequent port and subnet creation events.
2026-07-15 06:09:06.352 8 INFO neutron.plugins.ml2.drivers.ovn.mech_driver.mech_driver [None req-636bd093-c057-4d66-9246-dc6d0702ecd9 - - - - - -] OVN reports status down for port: 655bdad5-19b9-4320-8549-6e55a1f111d4
2026-07-15 06:09:06.424 8 INFO neutron.db.ovn_revision_numbers_db [None req-e78e3f3b-5757-4c24-ba5a-3a722d795ad4 8b6b2ed1f2a842e2a8aa4d83831848a1 2f679345f1e346e98a15accd98d3b70c - - default default] Successfully bumped revision number for resource 655bdad5-19b9-4320-8549-6e55a1f111d4 (type: ports) to 1 [pid: 7|app: 0|req: 906/1735] 10.0.0.85 () {32 vars in 739 bytes} [Wed Jul 15 06:09:06 2026] DELETE /v2.0/security-groups/5affc33e-e510-4be8-9ba9-c59e0286f653 => generated 0 bytes in 161 msecs (HTTP/1.1 204) 2 headers in 112 bytes (1 switches on core 0) [pid: 8|app: 0|req: 830/1736] 10.0.0.85 () {34 vars in 669 bytes} [Wed Jul 15 06:09:05 2026] POST /v2.0/networks => generated 672 bytes in 864 msecs (HTTP/1.1 201) 4 headers in 162 bytes (1 switches on core 0)
2026-07-15 06:09:06.572 8 INFO neutron.db.segments_db [None req-f3b4d4e4-f33a-4d94-9584-5c61e6b2f8a4 8b6b2ed1f2a842e2a8aa4d83831848a1 2f679345f1e346e98a15accd98d3b70c - - default default] Added segment 7e1b11b7-1b3b-4e61-8c71-a42930766d8b of type geneve for network 5f2a9961-a6a9-4064-963b-a7dcd1a9ef49 [pid: 7|app: 0|req: 907/1737] 10.0.0.85 () {32 vars in 739 bytes} [Wed Jul 15 06:09:06 2026] DELETE /v2.0/security-groups/91d3d3d3-96d6-4263-ac34-35f534d6153e => generated 0 bytes in 130 msecs (HTTP/1.1 204) 2 headers in 112 bytes (1 switches on core 0)
2026-07-15 06:09:06.692 8 INFO neutron.db.ovn_revision_numbers_db [None req-f3b4d4e4-f33a-4d94-9584-5c61e6b2f8a4 8b6b2ed1f2a842e2a8aa4d83831848a1 2f679345f1e346e98a15accd98d3b70c - - default default] Successfully bumped revision number for resource 5f2a9961-a6a9-4064-963b-a7dcd1a9ef49 (type: networks) to 1 [pid: 7|app: 0|req: 908/1738] 10.0.0.85 () {32 vars in 739 bytes} [Wed Jul 15 06:09:06 2026] DELETE /v2.0/security-groups/11e61b65-8818-4579-b035-bbf86f53ea54 => generated 0 bytes in 115 msecs (HTTP/1.1 204) 2 headers in 112 bytes (1 switches on core 0)
2026-07-15 06:09:06.897 8 WARNING neutron.scheduler.dhcp_agent_scheduler [None req-f3b4d4e4-f33a-4d94-9584-5c61e6b2f8a4 8b6b2ed1f2a842e2a8aa4d83831848a1 2f679345f1e346e98a15accd98d3b70c - - default default] No more DHCP agents
2026-07-15 06:09:06.898 8 WARNING neutron.api.rpc.agentnotifiers.dhcp_rpc_agent_api [None req-f3b4d4e4-f33a-4d94-9584-5c61e6b2f8a4 8b6b2ed1f2a842e2a8aa4d83831848a1 2f679345f1e346e98a15accd98d3b70c - - default default] Unable to schedule network 5f2a9961-a6a9-4064-963b-a7dcd1a9ef49: no agents available; will retry on subsequent port and subnet creation events.
2026-07-15 06:09:06.947 7 INFO neutron.plugins.ml2.drivers.ovn.mech_driver.mech_driver [None req-a350137f-06cc-4fb4-a32e-0d286845316a - - - - - -] OVN reports status down for port: 01698ff1-22a9-4dea-a132-29283b115148
2026-07-15 06:09:06.977 8 INFO neutron.db.ovn_revision_numbers_db [None req-f3b4d4e4-f33a-4d94-9584-5c61e6b2f8a4 8b6b2ed1f2a842e2a8aa4d83831848a1 2f679345f1e346e98a15accd98d3b70c - - default default] Successfully bumped revision number for resource 01698ff1-22a9-4dea-a132-29283b115148 (type: ports) to 1 [pid: 8|app: 0|req: 831/1739] 10.0.0.85 () {34 vars in 669 bytes} [Wed Jul 15 06:09:06 2026] POST /v2.0/networks => generated 671 bytes in 528 msecs (HTTP/1.1 201) 4 headers in 162 bytes (1 switches on core 0)
2026-07-15 06:09:07.172 7 WARNING neutron.scheduler.dhcp_agent_scheduler [None req-b073a3a7-5e89-4db3-a600-995ac989b1cd 8b6b2ed1f2a842e2a8aa4d83831848a1 2f679345f1e346e98a15accd98d3b70c - - default default] No more DHCP agents
2026-07-15 06:09:07.173 7 WARNING neutron.api.rpc.agentnotifiers.dhcp_rpc_agent_api [None req-b073a3a7-5e89-4db3-a600-995ac989b1cd 8b6b2ed1f2a842e2a8aa4d83831848a1 2f679345f1e346e98a15accd98d3b70c - - default default] Unable to schedule network bed31920-ae1f-4a73-bccd-b988166344b0: no agents available; will retry on subsequent port and subnet creation events.
2026-07-15 06:09:07.203 7 INFO neutron.db.ovn_revision_numbers_db [None req-b073a3a7-5e89-4db3-a600-995ac989b1cd 8b6b2ed1f2a842e2a8aa4d83831848a1 2f679345f1e346e98a15accd98d3b70c - - default default] Successfully bumped revision number for resource f4f1cc20-82df-4471-80b1-35d3080b2406 (type: subnets) to 0 [pid: 7|app: 0|req: 909/1740] 10.0.0.85 () {34 vars in 668 bytes} [Wed Jul 15 06:09:06 2026] POST /v2.0/subnets => generated 646 bytes in 218 msecs (HTTP/1.1 201) 4 headers in 162 bytes (1 switches on core 0)
2026-07-15 06:09:07.386 8 WARNING neutron.scheduler.dhcp_agent_scheduler [None req-3d070640-1c62-4747-9fd4-992ba8bbfa62 8b6b2ed1f2a842e2a8aa4d83831848a1 2f679345f1e346e98a15accd98d3b70c - - default default] No more DHCP agents
2026-07-15 06:09:07.387 8 WARNING neutron.api.rpc.agentnotifiers.dhcp_rpc_agent_api [None req-3d070640-1c62-4747-9fd4-992ba8bbfa62 8b6b2ed1f2a842e2a8aa4d83831848a1 2f679345f1e346e98a15accd98d3b70c - - default default] Unable to schedule network 5f2a9961-a6a9-4064-963b-a7dcd1a9ef49: no agents available; will retry on subsequent port and subnet creation events.
2026-07-15 06:09:07.414 8 INFO neutron.db.ovn_revision_numbers_db [None req-3d070640-1c62-4747-9fd4-992ba8bbfa62 8b6b2ed1f2a842e2a8aa4d83831848a1 2f679345f1e346e98a15accd98d3b70c - - default default] Successfully bumped revision number for resource 3fe2a896-bfbc-4b5d-b77a-49cdda734cbd (type: subnets) to 0 [pid: 8|app: 0|req: 832/1741] 10.0.0.85 () {34 vars in 668 bytes} [Wed Jul 15 06:09:07 2026] POST /v2.0/subnets => generated 655 bytes in 209 msecs (HTTP/1.1 201) 4 headers in 162 bytes (1 switches on core 0)
2026-07-15 06:09:07.546 7 INFO neutron.db.ovn_revision_numbers_db [None req-d779b61c-50b4-467a-a529-4fdd21746bf2 8b6b2ed1f2a842e2a8aa4d83831848a1 2f679345f1e346e98a15accd98d3b70c - - default default] Successfully bumped revision number for resource 8df0c1ef-4a2d-45ed-9da5-495ae2b34b66 (type: routers) to 1 [pid: 7|app: 0|req: 910/1742] 10.0.0.85 () {34 vars in 668 bytes} [Wed Jul 15 06:09:07 2026] POST /v2.0/routers => generated 628 bytes in 122 msecs (HTTP/1.1 201) 4 headers in 162 bytes (1 switches on core 0)
2026-07-15 06:09:07.710 8 WARNING neutron.db.securitygroups_db [None req-cea024b7-f711-44bd-85b3-71bc9167311d 1c2db2a627fc43c2820da515903d6096 e4c40ceefa6942449a31bc419ab32f09 - - default default] project_id key not found in filters, using tenant_id instead. This support has been deprecated and will be removed in a future release.
2026-07-15 06:09:07.812 8 INFO neutron.db.ovn_revision_numbers_db [None req-cea024b7-f711-44bd-85b3-71bc9167311d 1c2db2a627fc43c2820da515903d6096 e4c40ceefa6942449a31bc419ab32f09 - - default default] Successfully bumped revision number for resource 22b5936e-e046-4528-9280-aa6ba36c7834 (type: security_groups) to 1
2026-07-15 06:09:07.822 8 INFO neutron.db.ovn_revision_numbers_db [None req-cea024b7-f711-44bd-85b3-71bc9167311d 1c2db2a627fc43c2820da515903d6096 e4c40ceefa6942449a31bc419ab32f09 - - default default] Successfully bumped revision number for resource 098a275d-a997-4808-bcf2-f3841ba36110 (type: security_group_rules) to 0
2026-07-15 06:09:07.846 8 INFO neutron.db.ovn_revision_numbers_db [None req-cea024b7-f711-44bd-85b3-71bc9167311d 1c2db2a627fc43c2820da515903d6096 e4c40ceefa6942449a31bc419ab32f09 - - default default] Successfully bumped revision number for resource 52c20b2e-83f0-4467-af2d-a4f3de07c53a (type: security_group_rules) to 0
2026-07-15 06:09:07.862 8 INFO neutron.db.ovn_revision_numbers_db [None req-cea024b7-f711-44bd-85b3-71bc9167311d 1c2db2a627fc43c2820da515903d6096 e4c40ceefa6942449a31bc419ab32f09 - - default default] Successfully bumped revision number for resource 901e1bcd-4624-491b-8526-1d74a161fdd4 (type: security_group_rules) to 0
2026-07-15 06:09:07.864 7 WARNING neutron.scheduler.dhcp_agent_scheduler [None req-7b8c3599-1886-4626-97f1-425a020b913c 8b6b2ed1f2a842e2a8aa4d83831848a1 2f679345f1e346e98a15accd98d3b70c - - default default] No more DHCP agents
2026-07-15 06:09:07.866 7 WARNING neutron.api.rpc.agentnotifiers.dhcp_rpc_agent_api [None req-7b8c3599-1886-4626-97f1-425a020b913c 8b6b2ed1f2a842e2a8aa4d83831848a1 2f679345f1e346e98a15accd98d3b70c - - default default] Unable to schedule network bed31920-ae1f-4a73-bccd-b988166344b0: no agents available; will retry on subsequent port and subnet creation events.
2026-07-15 06:09:07.872 8 INFO neutron.db.ovn_revision_numbers_db [None req-cea024b7-f711-44bd-85b3-71bc9167311d 1c2db2a627fc43c2820da515903d6096 e4c40ceefa6942449a31bc419ab32f09 - - default default] Successfully bumped revision number for resource fe0d88d1-b633-41f0-8553-350e63ddd305 (type: security_group_rules) to 0 [pid: 8|app: 0|req: 833/1743] 10.0.0.85 () {32 vars in 773 bytes} [Wed Jul 15 06:09:07 2026] GET /v2.0/security-groups?tenant_id=f1d0aa14ddb449b086ca2246ecb3b8f5&name=default => generated 2925 bytes in 381 msecs (HTTP/1.1 200) 4 headers in 158 bytes (1 switches on core 0)
2026-07-15 06:09:07.954 8 INFO neutron.plugins.ml2.drivers.ovn.mech_driver.mech_driver [None req-636bd093-c057-4d66-9246-dc6d0702ecd9 - - - - - -] OVN reports status down for port: 75e08c14-5cfd-46c6-a429-9bd9c95877c5
2026-07-15 06:09:07.982 7 INFO neutron.db.ovn_revision_numbers_db [None req-7b8c3599-1886-4626-97f1-425a020b913c 8b6b2ed1f2a842e2a8aa4d83831848a1 2f679345f1e346e98a15accd98d3b70c - - default default] Successfully bumped revision number for resource 75e08c14-5cfd-46c6-a429-9bd9c95877c5 (type: ports) to 1 [pid: 8|app: 0|req: 834/1744] 10.0.0.85 () {32 vars in 739 bytes} [Wed Jul 15 06:09:07 2026] DELETE /v2.0/security-groups/22b5936e-e046-4528-9280-aa6ba36c7834 => generated 0 bytes in 221 msecs (HTTP/1.1 204) 2 headers in 112 bytes (1 switches on core 0)
2026-07-15 06:09:08.242 8 WARNING neutron.db.securitygroups_db [None req-907cedbd-db44-4293-8c97-1b7df6e613c1 1c2db2a627fc43c2820da515903d6096 e4c40ceefa6942449a31bc419ab32f09 - - default default] project_id key not found in filters, using tenant_id instead. This support has been deprecated and will be removed in a future release.
2026-07-15 06:09:08.383 8 INFO neutron.db.ovn_revision_numbers_db [None req-907cedbd-db44-4293-8c97-1b7df6e613c1 1c2db2a627fc43c2820da515903d6096 e4c40ceefa6942449a31bc419ab32f09 - - default default] Successfully bumped revision number for resource eaf96c1a-5c5d-4a84-a411-a152b40815c2 (type: security_groups) to 1
2026-07-15 06:09:08.396 8 INFO neutron.db.ovn_revision_numbers_db [None req-907cedbd-db44-4293-8c97-1b7df6e613c1 1c2db2a627fc43c2820da515903d6096 e4c40ceefa6942449a31bc419ab32f09 - - default default] Successfully bumped revision number for resource 0a369fbf-6def-40c6-b4b1-dccf112a9fb0 (type: security_group_rules) to 0
2026-07-15 06:09:08.410 8 INFO neutron.db.ovn_revision_numbers_db [None req-907cedbd-db44-4293-8c97-1b7df6e613c1 1c2db2a627fc43c2820da515903d6096 e4c40ceefa6942449a31bc419ab32f09 - - default default] Successfully bumped revision number for resource 34f02994-a8f0-4797-a5e2-d58b94c15b58 (type: security_group_rules) to 0
2026-07-15 06:09:08.428 8 INFO neutron.db.ovn_revision_numbers_db [None req-907cedbd-db44-4293-8c97-1b7df6e613c1 1c2db2a627fc43c2820da515903d6096 e4c40ceefa6942449a31bc419ab32f09 - - default default] Successfully bumped revision number for resource 54e7ecfe-508b-4bb0-af1b-eb7fe6f6fe8a (type: security_group_rules) to 0
2026-07-15 06:09:08.450 8 INFO neutron.db.ovn_revision_numbers_db [None req-907cedbd-db44-4293-8c97-1b7df6e613c1 1c2db2a627fc43c2820da515903d6096 e4c40ceefa6942449a31bc419ab32f09 - - default default] Successfully bumped revision number for resource 6b4d24bf-f73b-483a-ae46-1336eb816e9a (type: security_group_rules) to 0
2026-07-15 06:09:08.478 8 INFO neutron.plugins.ml2.drivers.ovn.mech_driver.mech_driver [None req-636bd093-c057-4d66-9246-dc6d0702ecd9 - - - - - -] OVN reports status up for port: 75e08c14-5cfd-46c6-a429-9bd9c95877c5
2026-07-15 06:09:08.497 8 INFO neutron.plugins.ml2.plugin [None req-636bd093-c057-4d66-9246-dc6d0702ecd9 - - - - - -] Attempt 1 to provision port 75e08c14-5cfd-46c6-a429-9bd9c95877c5 [pid: 8|app: 0|req: 835/1745] 10.0.0.85 () {32 vars in 773 bytes} [Wed Jul 15 06:09:08 2026] GET /v2.0/security-groups?tenant_id=888168911fd14eb196df9782db03d0aa&name=default => generated 2925 bytes in 272 msecs (HTTP/1.1 200) 4 headers in 158 bytes (1 switches on core 0)
2026-07-15 06:09:08.544 7 WARNING neutron.scheduler.dhcp_agent_scheduler [None req-7b8c3599-1886-4626-97f1-425a020b913c 8b6b2ed1f2a842e2a8aa4d83831848a1 2f679345f1e346e98a15accd98d3b70c - - default default] No more DHCP agents
2026-07-15 06:09:08.545 7 WARNING neutron.api.rpc.agentnotifiers.dhcp_rpc_agent_api [None req-7b8c3599-1886-4626-97f1-425a020b913c 8b6b2ed1f2a842e2a8aa4d83831848a1 2f679345f1e346e98a15accd98d3b70c - - default default] Unable to schedule network bed31920-ae1f-4a73-bccd-b988166344b0: no agents available; will retry on subsequent port and subnet creation events.
2026-07-15 06:09:08.741 7 INFO neutron.db.ovn_revision_numbers_db [None req-7b8c3599-1886-4626-97f1-425a020b913c 8b6b2ed1f2a842e2a8aa4d83831848a1 2f679345f1e346e98a15accd98d3b70c - - default default] Successfully bumped revision number for resource 75e08c14-5cfd-46c6-a429-9bd9c95877c5 (type: router_ports) to 1 [pid: 7|app: 0|req: 911/1746] 10.0.0.85 () {34 vars in 782 bytes} [Wed Jul 15 06:09:07 2026] PUT /v2.0/routers/8df0c1ef-4a2d-45ed-9da5-495ae2b34b66/add_router_interface => generated 310 bytes in 1177 msecs (HTTP/1.1 200) 4 headers in 157 bytes (1 switches on core 0) [pid: 7|app: 0|req: 912/1747] 10.0.0.85 () {32 vars in 716 bytes} [Wed Jul 15 06:09:08 2026] GET /v2.0/ports/75e08c14-5cfd-46c6-a429-9bd9c95877c5 => generated 945 bytes in 40 msecs (HTTP/1.1 200) 4 headers in 157 bytes (1 switches on core 0) [pid: 8|app: 0|req: 836/1748] 10.0.0.85 () {32 vars in 739 bytes} [Wed Jul 15 06:09:08 2026] DELETE /v2.0/security-groups/eaf96c1a-5c5d-4a84-a411-a152b40815c2 => generated 0 bytes in 486 msecs (HTTP/1.1 204) 2 headers in 112 bytes (1 switches on core 0)
2026-07-15 06:09:09.125 8 INFO neutron.db.ovn_revision_numbers_db [None req-636bd093-c057-4d66-9246-dc6d0702ecd9 - - - - - -] Successfully bumped revision number for resource 75e08c14-5cfd-46c6-a429-9bd9c95877c5 (type: ports) to 2
2026-07-15 06:09:09.210 8 WARNING neutron.db.securitygroups_db [None req-0188ce85-256a-4428-9e8f-94e9ae57d6ac 1c2db2a627fc43c2820da515903d6096 e4c40ceefa6942449a31bc419ab32f09 - - default default] project_id key not found in filters, using tenant_id instead. This support has been deprecated and will be removed in a future release. [pid: 8|app: 0|req: 837/1749] 10.0.0.85 () {32 vars in 773 bytes} [Wed Jul 15 06:09:09 2026] GET /v2.0/security-groups?tenant_id=f5270ec80d1e4f6f986a5095a3380199&name=default => generated 2925 bytes in 28 msecs (HTTP/1.1 200) 4 headers in 158 bytes (1 switches on core 0)
2026-07-15 06:09:09.256 7 WARNING neutron.scheduler.dhcp_agent_scheduler [None req-76117ee5-8bf5-48e5-96a9-c6a23a05a378 8b6b2ed1f2a842e2a8aa4d83831848a1 2f679345f1e346e98a15accd98d3b70c - - default default] No more DHCP agents
2026-07-15 06:09:09.258 7 WARNING neutron.api.rpc.agentnotifiers.dhcp_rpc_agent_api [None req-76117ee5-8bf5-48e5-96a9-c6a23a05a378 8b6b2ed1f2a842e2a8aa4d83831848a1 2f679345f1e346e98a15accd98d3b70c - - default default] Unable to schedule network 5f2a9961-a6a9-4064-963b-a7dcd1a9ef49: no agents available; will retry on subsequent port and subnet creation events.
2026-07-15 06:09:09.376 7 INFO neutron.db.ovn_revision_numbers_db [None req-76117ee5-8bf5-48e5-96a9-c6a23a05a378 8b6b2ed1f2a842e2a8aa4d83831848a1 2f679345f1e346e98a15accd98d3b70c - - default default] Successfully bumped revision number for resource 98e6c426-385c-46d7-b42b-326e5c347834 (type: ports) to 1 [pid: 8|app: 0|req: 838/1750] 10.0.0.85 () {32 vars in 739 bytes} [Wed Jul 15 06:09:09 2026] DELETE /v2.0/security-groups/6a83f438-c9fc-40d0-bb2b-cb167568e3c6 => generated 0 bytes in 233 msecs (HTTP/1.1 204) 2 headers in 112 bytes (1 switches on core 0)
2026-07-15 06:09:09.770 8 WARNING neutron.db.securitygroups_db [None req-c8898c4e-39b5-48f9-aaa0-5cad18c4a381 1c2db2a627fc43c2820da515903d6096 e4c40ceefa6942449a31bc419ab32f09 - - default default] project_id key not found in filters, using tenant_id instead. This support has been deprecated and will be removed in a future release.
2026-07-15 06:09:09.909 8 INFO neutron.db.ovn_revision_numbers_db [None req-c8898c4e-39b5-48f9-aaa0-5cad18c4a381 1c2db2a627fc43c2820da515903d6096 e4c40ceefa6942449a31bc419ab32f09 - - default default] Successfully bumped revision number for resource b71bd53d-f287-49f0-a3a6-f1a7d10eb9c9 (type: security_groups) to 1
2026-07-15 06:09:09.937 8 INFO neutron.db.ovn_revision_numbers_db [None req-c8898c4e-39b5-48f9-aaa0-5cad18c4a381 1c2db2a627fc43c2820da515903d6096 e4c40ceefa6942449a31bc419ab32f09 - - default default] Successfully bumped revision number for resource 21528cb8-3bcb-4e62-afef-7feead23ab02 (type: security_group_rules) to 0
2026-07-15 06:09:09.951 8 INFO neutron.db.ovn_revision_numbers_db [None req-c8898c4e-39b5-48f9-aaa0-5cad18c4a381 1c2db2a627fc43c2820da515903d6096 e4c40ceefa6942449a31bc419ab32f09 - - default default] Successfully bumped revision number for resource 95ccf9b1-8a1c-45dc-a350-521e7f04f1b8 (type: security_group_rules) to 0
2026-07-15 06:09:09.963 8 INFO neutron.db.ovn_revision_numbers_db [None req-c8898c4e-39b5-48f9-aaa0-5cad18c4a381 1c2db2a627fc43c2820da515903d6096 e4c40ceefa6942449a31bc419ab32f09 - - default default] Successfully bumped revision number for resource a1a5fc18-6fce-4d43-91ab-d6174dcdf13d (type: security_group_rules) to 0
2026-07-15 06:09:09.974 8 INFO neutron.db.ovn_revision_numbers_db [None req-c8898c4e-39b5-48f9-aaa0-5cad18c4a381 1c2db2a627fc43c2820da515903d6096 e4c40ceefa6942449a31bc419ab32f09 - - default default] Successfully bumped revision number for resource ee6fdd82-3b20-40e3-9ee1-276d14717480 (type: security_group_rules) to 0
2026-07-15 06:09:10.001 7 WARNING neutron.scheduler.dhcp_agent_scheduler [None req-76117ee5-8bf5-48e5-96a9-c6a23a05a378 8b6b2ed1f2a842e2a8aa4d83831848a1 2f679345f1e346e98a15accd98d3b70c - - default default] No more DHCP agents
2026-07-15 06:09:10.003 7 WARNING neutron.api.rpc.agentnotifiers.dhcp_rpc_agent_api [None req-76117ee5-8bf5-48e5-96a9-c6a23a05a378 8b6b2ed1f2a842e2a8aa4d83831848a1 2f679345f1e346e98a15accd98d3b70c - - default default] Unable to schedule network 5f2a9961-a6a9-4064-963b-a7dcd1a9ef49: no agents available; will retry on subsequent port and subnet creation events. [pid: 8|app: 0|req: 839/1751] 10.0.0.85 () {32 vars in 773 bytes} [Wed Jul 15 06:09:09 2026] GET /v2.0/security-groups?tenant_id=f97c8ab140bf4bc49f84473d375c41ae&name=default => generated 2925 bytes in 400 msecs (HTTP/1.1 200) 4 headers in 158 bytes (1 switches on core 0) [pid: 8|app: 0|req: 840/1752] 10.0.0.85 () {32 vars in 739 bytes} [Wed Jul 15 06:09:10 2026] DELETE /v2.0/security-groups/b71bd53d-f287-49f0-a3a6-f1a7d10eb9c9 => generated 0 bytes in 175 msecs (HTTP/1.1 204) 2 headers in 112 bytes (1 switches on core 0)
2026-07-15 06:09:10.226 7 INFO neutron.db.ovn_revision_numbers_db [None req-76117ee5-8bf5-48e5-96a9-c6a23a05a378 8b6b2ed1f2a842e2a8aa4d83831848a1 2f679345f1e346e98a15accd98d3b70c - - default default] Successfully bumped revision number for resource 98e6c426-385c-46d7-b42b-326e5c347834 (type: router_ports) to 1 [pid: 7|app: 0|req: 913/1753] 10.0.0.85 () {34 vars in 782 bytes} [Wed Jul 15 06:09:08 2026] PUT /v2.0/routers/8df0c1ef-4a2d-45ed-9da5-495ae2b34b66/add_router_interface => generated 310 bytes in 1437 msecs (HTTP/1.1 200) 4 headers in 157 bytes (1 switches on core 0) [pid: 8|app: 0|req: 841/1754] 10.0.0.85 () {32 vars in 716 bytes} [Wed Jul 15 06:09:10 2026] GET /v2.0/ports/98e6c426-385c-46d7-b42b-326e5c347834 => generated 953 bytes in 46 msecs (HTTP/1.1 200) 4 headers in 157 bytes (1 switches on core 0)
2026-07-15 06:09:10.287 7 WARNING neutron.db.securitygroups_db [None req-25f531e3-9cd7-42ce-a239-340e7b2f2168 1c2db2a627fc43c2820da515903d6096 e4c40ceefa6942449a31bc419ab32f09 - - default default] project_id key not found in filters, using tenant_id instead. This support has been deprecated and will be removed in a future release. [pid: 8|app: 0|req: 842/1755] 10.0.0.85 () {32 vars in 716 bytes} [Wed Jul 15 06:09:10 2026] GET /v2.0/ports/98e6c426-385c-46d7-b42b-326e5c347834 => generated 953 bytes in 41 msecs (HTTP/1.1 200) 4 headers in 157 bytes (1 switches on core 0)
2026-07-15 06:09:10.421 7 INFO neutron.db.ovn_revision_numbers_db [None req-25f531e3-9cd7-42ce-a239-340e7b2f2168 1c2db2a627fc43c2820da515903d6096 e4c40ceefa6942449a31bc419ab32f09 - - default default] Successfully bumped revision number for resource 2c6f30b4-6dd0-4f89-bc9f-b663b28d1163 (type: security_groups) to 1
2026-07-15 06:09:10.435 7 INFO neutron.db.ovn_revision_numbers_db [None req-25f531e3-9cd7-42ce-a239-340e7b2f2168 1c2db2a627fc43c2820da515903d6096 e4c40ceefa6942449a31bc419ab32f09 - - default default] Successfully bumped revision number for resource 3842273c-a5bf-46ad-a5d1-f1b170e13ad4 (type: security_group_rules) to 0
2026-07-15 06:09:10.450 7 INFO neutron.db.ovn_revision_numbers_db [None req-25f531e3-9cd7-42ce-a239-340e7b2f2168 1c2db2a627fc43c2820da515903d6096 e4c40ceefa6942449a31bc419ab32f09 - - default default] Successfully bumped revision number for resource 387d66a6-1006-454a-8065-0bbde39281f3 (type: security_group_rules) to 0
2026-07-15 06:09:10.468 7 INFO neutron.db.ovn_revision_numbers_db [None req-25f531e3-9cd7-42ce-a239-340e7b2f2168 1c2db2a627fc43c2820da515903d6096 e4c40ceefa6942449a31bc419ab32f09 - - default default] Successfully bumped revision number for resource 8112ee29-5ad0-4dbd-ac57-bfad73bcc5e0 (type: security_group_rules) to 0
2026-07-15 06:09:10.480 7 INFO neutron.db.ovn_revision_numbers_db [None req-25f531e3-9cd7-42ce-a239-340e7b2f2168 1c2db2a627fc43c2820da515903d6096 e4c40ceefa6942449a31bc419ab32f09 - - default default] Successfully bumped revision number for resource f31f6dd4-80a8-49a4-9acd-3292ac4f83c5 (type: security_group_rules) to 0 [pid: 7|app: 0|req: 914/1756] 10.0.0.85 () {32 vars in 773 bytes} [Wed Jul 15 06:09:10 2026] GET /v2.0/security-groups?tenant_id=7de8c89073c94c33ae8b52a7d3d24db5&name=default => generated 2925 bytes in 239 msecs (HTTP/1.1 200) 4 headers in 158 bytes (1 switches on core 0) [pid: 8|app: 0|req: 843/1757] 10.0.0.85 () {32 vars in 739 bytes} [Wed Jul 15 06:09:10 2026] DELETE /v2.0/security-groups/2c6f30b4-6dd0-4f89-bc9f-b663b28d1163 => generated 0 bytes in 179 msecs (HTTP/1.1 204) 2 headers in 112 bytes (1 switches on core 0) [pid: 7|app: 0|req: 915/1758] 10.0.0.85 () {32 vars in 716 bytes} [Wed Jul 15 06:09:11 2026] GET /v2.0/ports/98e6c426-385c-46d7-b42b-326e5c347834 => generated 953 bytes in 80 msecs (HTTP/1.1 200) 4 headers in 157 bytes (1 switches on core 0) [pid: 8|app: 0|req: 844/1759] 10.0.0.85 () {32 vars in 716 bytes} [Wed Jul 15 06:09:12 2026] GET /v2.0/ports/98e6c426-385c-46d7-b42b-326e5c347834 => generated 953 bytes in 111 msecs (HTTP/1.1 200) 4 headers in 157 bytes (1 switches on core 0) [pid: 7|app: 0|req: 916/1760] 10.0.0.85 () {32 vars in 716 bytes} [Wed Jul 15 06:09:13 2026] GET /v2.0/ports/98e6c426-385c-46d7-b42b-326e5c347834 => generated 953 bytes in 27 msecs (HTTP/1.1 200) 4 headers in 157 bytes (1 switches on core 0)
2026-07-15 06:09:13.876 8 INFO neutron.db.ovn_revision_numbers_db [None req-2538e195-f908-441c-b19f-0a2368ff21aa 38874b5b3ec74c2c8cd0db7e1b0e5a53 e0da52900d244ad985163732054dd062 - - default default] Successfully bumped revision number for resource e205494a-e1cd-4234-8bdf-c761f3d842ad (type: security_groups) to 1
2026-07-15 06:09:13.889 8 INFO neutron.db.ovn_revision_numbers_db [None req-2538e195-f908-441c-b19f-0a2368ff21aa 38874b5b3ec74c2c8cd0db7e1b0e5a53 e0da52900d244ad985163732054dd062 - - default default] Successfully bumped revision number for resource 9423274d-15f1-4e3e-9680-f52446300319 (type: security_group_rules) to 0
2026-07-15 06:09:13.901 8 INFO neutron.db.ovn_revision_numbers_db [None req-2538e195-f908-441c-b19f-0a2368ff21aa 38874b5b3ec74c2c8cd0db7e1b0e5a53 e0da52900d244ad985163732054dd062 - - default default] Successfully bumped revision number for resource b79e88cf-d5d3-4ac5-bda0-c7ce21069812 (type: security_group_rules) to 0
2026-07-15 06:09:13.912 8 INFO neutron.db.ovn_revision_numbers_db [None req-2538e195-f908-441c-b19f-0a2368ff21aa 38874b5b3ec74c2c8cd0db7e1b0e5a53 e0da52900d244ad985163732054dd062 - - default default] Successfully bumped revision number for resource ca5f39e9-77c1-416d-8b14-3a13592d8a40 (type: security_group_rules) to 0
2026-07-15 06:09:13.931 8 INFO neutron.db.ovn_revision_numbers_db [None req-2538e195-f908-441c-b19f-0a2368ff21aa 38874b5b3ec74c2c8cd0db7e1b0e5a53 e0da52900d244ad985163732054dd062 - - default default] Successfully bumped revision number for resource d621da7f-6cbc-4e6c-8b7b-65109639847b (type: security_group_rules) to 0
2026-07-15 06:09:14.018 8 INFO neutron.db.segments_db [None req-2538e195-f908-441c-b19f-0a2368ff21aa 38874b5b3ec74c2c8cd0db7e1b0e5a53 e0da52900d244ad985163732054dd062 - - default default] Added segment e909f826-7cc4-403e-94d2-65f8b129acfc of type geneve for network 8efa0e62-a4cb-4a09-b34b-2622a56a2a6e
2026-07-15 06:09:14.135 8 INFO neutron.db.ovn_revision_numbers_db [None req-2538e195-f908-441c-b19f-0a2368ff21aa 38874b5b3ec74c2c8cd0db7e1b0e5a53 e0da52900d244ad985163732054dd062 - - default default] Successfully bumped revision number for resource 8efa0e62-a4cb-4a09-b34b-2622a56a2a6e (type: networks) to 1
2026-07-15 06:09:14.335 8 WARNING neutron.plugins.ml2.drivers.ovn.mech_driver.ovsdb.ovn_client [None req-40b116b2-48fd-4c90-9079-b3b0135c3351 - - - - - -] No hosting information found for port 75e08c14-5cfd-46c6-a429-9bd9c95877c5: RuntimeError: No hosting information found for port 75e08c14-5cfd-46c6-a429-9bd9c95877c5
2026-07-15 06:09:14.466 8 WARNING neutron.scheduler.dhcp_agent_scheduler [None req-2538e195-f908-441c-b19f-0a2368ff21aa 38874b5b3ec74c2c8cd0db7e1b0e5a53 e0da52900d244ad985163732054dd062 - - default default] No more DHCP agents
2026-07-15 06:09:14.475 8 WARNING neutron.api.rpc.agentnotifiers.dhcp_rpc_agent_api [None req-2538e195-f908-441c-b19f-0a2368ff21aa 38874b5b3ec74c2c8cd0db7e1b0e5a53 e0da52900d244ad985163732054dd062 - - default default] Unable to schedule network 8efa0e62-a4cb-4a09-b34b-2622a56a2a6e: no agents available; will retry on subsequent port and subnet creation events.
2026-07-15 06:09:14.515 8 INFO neutron.db.ovn_revision_numbers_db [None req-40b116b2-48fd-4c90-9079-b3b0135c3351 - - - - - -] Successfully bumped revision number for resource 75e08c14-5cfd-46c6-a429-9bd9c95877c5 (type: router_ports) to 2
2026-07-15 06:09:14.557 7 INFO neutron.plugins.ml2.drivers.ovn.mech_driver.mech_driver [None req-a350137f-06cc-4fb4-a32e-0d286845316a - - - - - -] OVN reports status down for port: 02085b89-7aa6-4a98-bc93-8dd2573a6596
2026-07-15 06:09:14.609 8 INFO neutron.plugins.ml2.drivers.ovn.mech_driver.mech_driver [None req-40b116b2-48fd-4c90-9079-b3b0135c3351 - - - - - -] OVN reports status down for port: 98e6c426-385c-46d7-b42b-326e5c347834
2026-07-15 06:09:14.622 8 INFO neutron.db.ovn_revision_numbers_db [None req-2538e195-f908-441c-b19f-0a2368ff21aa 38874b5b3ec74c2c8cd0db7e1b0e5a53 e0da52900d244ad985163732054dd062 - - default default] Successfully bumped revision number for resource 02085b89-7aa6-4a98-bc93-8dd2573a6596 (type: ports) to 1 [pid: 7|app: 0|req: 917/1761] 10.0.0.85 () {32 vars in 716 bytes} [Wed Jul 15 06:09:14 2026] GET /v2.0/ports/98e6c426-385c-46d7-b42b-326e5c347834 => generated 953 bytes in 62 msecs (HTTP/1.1 200) 4 headers in 157 bytes (1 switches on core 0) [pid: 8|app: 0|req: 845/1762] 10.0.0.85 () {34 vars in 669 bytes} [Wed Jul 15 06:09:13 2026] POST /v2.0/networks => generated 669 bytes in 1059 msecs (HTTP/1.1 201) 4 headers in 162 bytes (1 switches on core 0)
2026-07-15 06:09:14.681 8 WARNING neutron.plugins.ml2.drivers.ovn.mech_driver.ovsdb.ovn_client [None req-40b116b2-48fd-4c90-9079-b3b0135c3351 - - - - - -] Logical_Switch_Port 98e6c426-385c-46d7-b42b-326e5c347834 host information not removed, the port state is up
2026-07-15 06:09:14.681 8 INFO neutron.plugins.ml2.drivers.ovn.mech_driver.mech_driver [None req-40b116b2-48fd-4c90-9079-b3b0135c3351 - - - - - -] OVN reports status up for port: 98e6c426-385c-46d7-b42b-326e5c347834
2026-07-15 06:09:14.692 8 INFO neutron.plugins.ml2.plugin [None req-40b116b2-48fd-4c90-9079-b3b0135c3351 - - - - - -] Attempt 1 to provision port 98e6c426-385c-46d7-b42b-326e5c347834
2026-07-15 06:09:14.855 7 WARNING neutron.scheduler.dhcp_agent_scheduler [None req-bb1c07b3-8cb1-48f8-b5fc-e8c0bcad6913 38874b5b3ec74c2c8cd0db7e1b0e5a53 e0da52900d244ad985163732054dd062 - - default default] No more DHCP agents
2026-07-15 06:09:14.856 7 WARNING neutron.api.rpc.agentnotifiers.dhcp_rpc_agent_api [None req-bb1c07b3-8cb1-48f8-b5fc-e8c0bcad6913 38874b5b3ec74c2c8cd0db7e1b0e5a53 e0da52900d244ad985163732054dd062 - - default default] Unable to schedule network 8efa0e62-a4cb-4a09-b34b-2622a56a2a6e: no agents available; will retry on subsequent port and subnet creation events.
2026-07-15 06:09:15.045 8 INFO neutron.db.ovn_revision_numbers_db [None req-40b116b2-48fd-4c90-9079-b3b0135c3351 - - - - - -] Successfully bumped revision number for resource 98e6c426-385c-46d7-b42b-326e5c347834 (type: ports) to 2
2026-07-15 06:09:15.322 7 INFO neutron.db.ovn_revision_numbers_db [None req-bb1c07b3-8cb1-48f8-b5fc-e8c0bcad6913 38874b5b3ec74c2c8cd0db7e1b0e5a53 e0da52900d244ad985163732054dd062 - - default default] Successfully bumped revision number for resource 02085b89-7aa6-4a98-bc93-8dd2573a6596 (type: ports) to 2
2026-07-15 06:09:15.364 7 INFO neutron.db.ovn_revision_numbers_db [None req-bb1c07b3-8cb1-48f8-b5fc-e8c0bcad6913 38874b5b3ec74c2c8cd0db7e1b0e5a53 e0da52900d244ad985163732054dd062 - - default default] Successfully bumped revision number for resource 7cc8c31a-aeca-4bec-be66-68c79138f748 (type: subnets) to 0 [pid: 7|app: 0|req: 918/1763] 10.0.0.85 () {34 vars in 668 bytes} [Wed Jul 15 06:09:14 2026] POST /v2.0/subnets => generated 626 bytes in 727 msecs (HTTP/1.1 201) 4 headers in 162 bytes (1 switches on core 0)
2026-07-15 06:09:15.482 8 INFO neutron.db.segments_db [None req-5a8b1e02-86c6-456f-8448-ab5d0d90c1a6 38874b5b3ec74c2c8cd0db7e1b0e5a53 e0da52900d244ad985163732054dd062 - - default default] Added segment d361e424-a201-41f6-ac8d-5e38b659c4ed of type geneve for network fe187f5b-3ee6-4d0c-9e64-b6e4937e51e5
2026-07-15 06:09:15.592 8 INFO neutron.db.ovn_revision_numbers_db [None req-5a8b1e02-86c6-456f-8448-ab5d0d90c1a6 38874b5b3ec74c2c8cd0db7e1b0e5a53 e0da52900d244ad985163732054dd062 - - default default] Successfully bumped revision number for resource fe187f5b-3ee6-4d0c-9e64-b6e4937e51e5 (type: networks) to 1
2026-07-15 06:09:15.629 7 WARNING neutron.db.securitygroups_db [None req-d40c8acf-fcde-41ef-8d63-22ab9bb310e6 1c2db2a627fc43c2820da515903d6096 e4c40ceefa6942449a31bc419ab32f09 - - default default] project_id key not found in filters, using tenant_id instead. This support has been deprecated and will be removed in a future release.
2026-07-15 06:09:15.777 7 INFO neutron.db.ovn_revision_numbers_db [None req-d40c8acf-fcde-41ef-8d63-22ab9bb310e6 1c2db2a627fc43c2820da515903d6096 e4c40ceefa6942449a31bc419ab32f09 - - default default] Successfully bumped revision number for resource 4bfe0fca-7172-4efa-b8eb-10dd0d2d8684 (type: security_groups) to 1
2026-07-15 06:09:15.789 7 INFO neutron.db.ovn_revision_numbers_db [None req-d40c8acf-fcde-41ef-8d63-22ab9bb310e6 1c2db2a627fc43c2820da515903d6096 e4c40ceefa6942449a31bc419ab32f09 - - default default] Successfully bumped revision number for resource 0b4e62f6-ebd7-420c-bcb5-4d668364f1a9 (type: security_group_rules) to 0
2026-07-15 06:09:15.793 8 WARNING neutron.scheduler.dhcp_agent_scheduler [None req-5a8b1e02-86c6-456f-8448-ab5d0d90c1a6 38874b5b3ec74c2c8cd0db7e1b0e5a53 e0da52900d244ad985163732054dd062 - - default default] No more DHCP agents
2026-07-15 06:09:15.795 8 WARNING neutron.api.rpc.agentnotifiers.dhcp_rpc_agent_api [None req-5a8b1e02-86c6-456f-8448-ab5d0d90c1a6 38874b5b3ec74c2c8cd0db7e1b0e5a53 e0da52900d244ad985163732054dd062 - - default default] Unable to schedule network fe187f5b-3ee6-4d0c-9e64-b6e4937e51e5: no agents available; will retry on subsequent port and subnet creation events.
2026-07-15 06:09:15.805 7 INFO neutron.db.ovn_revision_numbers_db [None req-d40c8acf-fcde-41ef-8d63-22ab9bb310e6 1c2db2a627fc43c2820da515903d6096 e4c40ceefa6942449a31bc419ab32f09 - - default default] Successfully bumped revision number for resource 40f8682f-d9d8-4f69-b643-809bd4f8a988 (type: security_group_rules) to 0
2026-07-15 06:09:15.820 7 INFO neutron.db.ovn_revision_numbers_db [None req-d40c8acf-fcde-41ef-8d63-22ab9bb310e6 1c2db2a627fc43c2820da515903d6096 e4c40ceefa6942449a31bc419ab32f09 - - default default] Successfully bumped revision number for resource 7c7bd45a-ae10-4e89-a7d5-b124269d72f8 (type: security_group_rules) to 0
2026-07-15 06:09:15.849 7 INFO neutron.db.ovn_revision_numbers_db [None req-d40c8acf-fcde-41ef-8d63-22ab9bb310e6 1c2db2a627fc43c2820da515903d6096 e4c40ceefa6942449a31bc419ab32f09 - - default default] Successfully bumped revision number for resource e0c4eb6c-9b57-4adf-b044-ee05b04e16b5 (type: security_group_rules) to 0
2026-07-15 06:09:15.864 8 INFO neutron.db.ovn_revision_numbers_db [None req-5a8b1e02-86c6-456f-8448-ab5d0d90c1a6 38874b5b3ec74c2c8cd0db7e1b0e5a53 e0da52900d244ad985163732054dd062 - - default default] Successfully bumped revision number for resource 213f1c1f-ff7e-4d9f-8222-a3ecab049061 (type: ports) to 1
2026-07-15 06:09:15.869 7 INFO neutron.plugins.ml2.drivers.ovn.mech_driver.mech_driver [None req-a350137f-06cc-4fb4-a32e-0d286845316a - - - - - -] OVN reports status down for port: 213f1c1f-ff7e-4d9f-8222-a3ecab049061 [pid: 8|app: 0|req: 846/1764] 10.0.0.85 () {34 vars in 669 bytes} [Wed Jul 15 06:09:15 2026] POST /v2.0/networks => generated 670 bytes in 497 msecs (HTTP/1.1 201) 4 headers in 162 bytes (1 switches on core 0) [pid: 8|app: 0|req: 847/1765] 10.0.0.85 () {32 vars in 716 bytes} [Wed Jul 15 06:09:15 2026] GET /v2.0/ports/98e6c426-385c-46d7-b42b-326e5c347834 => generated 955 bytes in 31 msecs (HTTP/1.1 200) 4 headers in 157 bytes (1 switches on core 0) [pid: 7|app: 0|req: 919/1766] 10.0.0.85 () {32 vars in 773 bytes} [Wed Jul 15 06:09:15 2026] GET /v2.0/security-groups?tenant_id=e4621c9ddc4e49f6a93905b785fd69ec&name=default => generated 2925 bytes in 381 msecs (HTTP/1.1 200) 4 headers in 158 bytes (1 switches on core 0) [pid: 8|app: 0|req: 848/1767] 10.0.0.128 () {28 vars in 583 bytes} [Wed Jul 15 06:09:15 2026] GET /v2.0/subnets => generated 3259 bytes in 72 msecs (HTTP/1.1 200) 4 headers in 158 bytes (1 switches on core 0)
2026-07-15 06:09:16.121 7 WARNING neutron.scheduler.dhcp_agent_scheduler [None req-b1486b49-c096-4fc3-b211-1a106089dcf4 38874b5b3ec74c2c8cd0db7e1b0e5a53 e0da52900d244ad985163732054dd062 - - default default] No more DHCP agents
2026-07-15 06:09:16.122 7 WARNING neutron.api.rpc.agentnotifiers.dhcp_rpc_agent_api [None req-b1486b49-c096-4fc3-b211-1a106089dcf4 38874b5b3ec74c2c8cd0db7e1b0e5a53 e0da52900d244ad985163732054dd062 - - default default] Unable to schedule network fe187f5b-3ee6-4d0c-9e64-b6e4937e51e5: no agents available; will retry on subsequent port and subnet creation events.
2026-07-15 06:09:16.275 8 INFO neutron_taas.services.taas.taas_plugin [None req-d48223a0-f3bb-4f2f-b380-01c9a5f0f098 8b6b2ed1f2a842e2a8aa4d83831848a1 2f679345f1e346e98a15accd98d3b70c - - default default] TaaS: Handle Delete Port: 98e6c426-385c-46d7-b42b-326e5c347834
2026-07-15 06:09:16.278 8 INFO neutron_taas.services.taas.tap_mirror_plugin [None req-d48223a0-f3bb-4f2f-b380-01c9a5f0f098 8b6b2ed1f2a842e2a8aa4d83831848a1 2f679345f1e346e98a15accd98d3b70c - - default default] Tap Mirror: Handle Delete Port: 98e6c426-385c-46d7-b42b-326e5c347834 [pid: 8|app: 0|req: 849/1768] 10.0.0.85 () {34 vars in 788 bytes} [Wed Jul 15 06:09:15 2026] PUT /v2.0/routers/8df0c1ef-4a2d-45ed-9da5-495ae2b34b66/remove_router_interface => generated 310 bytes in 605 msecs (HTTP/1.1 200) 4 headers in 157 bytes (1 switches on core 0) /var/lib/openstack/lib/python3.12/site-packages/pycadf/identifier.py:70: UserWarning: Invalid uuid: neutron. To ensure interoperability, identifiers should be a valid uuid. warnings.warn(('Invalid uuid: %s. To ensure interoperability, '
2026-07-15 06:09:16.620 7 INFO neutron.db.ovn_revision_numbers_db [None req-b1486b49-c096-4fc3-b211-1a106089dcf4 38874b5b3ec74c2c8cd0db7e1b0e5a53 e0da52900d244ad985163732054dd062 - - default default] Successfully bumped revision number for resource 213f1c1f-ff7e-4d9f-8222-a3ecab049061 (type: ports) to 2
2026-07-15 06:09:16.653 7 INFO neutron.db.ovn_revision_numbers_db [None req-b1486b49-c096-4fc3-b211-1a106089dcf4 38874b5b3ec74c2c8cd0db7e1b0e5a53 e0da52900d244ad985163732054dd062 - - default default] Successfully bumped revision number for resource 302d817e-9f52-459d-b8b0-d1ebf850560b (type: subnets) to 0 [pid: 7|app: 0|req: 920/1769] 10.0.0.85 () {34 vars in 668 bytes} [Wed Jul 15 06:09:15 2026] POST /v2.0/subnets => generated 629 bytes in 740 msecs (HTTP/1.1 201) 4 headers in 162 bytes (1 switches on core 0) [pid: 7|app: 0|req: 921/1770] 10.0.0.128 () {28 vars in 591 bytes} [Wed Jul 15 06:09:16 2026] GET /v2.0/subnetpools => generated 19 bytes in 10 msecs (HTTP/1.1 200) 4 headers in 156 bytes (1 switches on core 0) [pid: 8|app: 0|req: 850/1771] 10.0.0.85 () {32 vars in 739 bytes} [Wed Jul 15 06:09:16 2026] DELETE /v2.0/security-groups/4bfe0fca-7172-4efa-b8eb-10dd0d2d8684 => generated 0 bytes in 156 msecs (HTTP/1.1 204) 2 headers in 112 bytes (1 switches on core 0) [pid: 7|app: 0|req: 922/1772] 10.0.0.85 () {32 vars in 716 bytes} [Wed Jul 15 06:09:16 2026] GET /v2.0/ports/75e08c14-5cfd-46c6-a429-9bd9c95877c5 => generated 947 bytes in 75 msecs (HTTP/1.1 200) 4 headers in 157 bytes (1 switches on core 0) [pid: 7|app: 0|req: 923/1773] 10.0.0.128 () {28 vars in 591 bytes} [Wed Jul 15 06:09:16 2026] GET /v2.0/floatingips => generated 19 bytes in 16 msecs (HTTP/1.1 200) 4 headers in 156 bytes (1 switches on core 0)
2026-07-15 06:09:16.835 8 INFO neutron.db.segments_db [None req-c38710bd-fe69-4c0d-a9fa-79c64cee09c0 38874b5b3ec74c2c8cd0db7e1b0e5a53 e0da52900d244ad985163732054dd062 - - default default] Added segment 01199181-10e4-4ea3-ad82-f42ee983864c of type geneve for network c0bdee58-c6b8-4f65-ac29-504739166642
2026-07-15 06:09:16.928 8 INFO neutron.db.ovn_revision_numbers_db [None req-c38710bd-fe69-4c0d-a9fa-79c64cee09c0 38874b5b3ec74c2c8cd0db7e1b0e5a53 e0da52900d244ad985163732054dd062 - - default default] Successfully bumped revision number for resource c0bdee58-c6b8-4f65-ac29-504739166642 (type: networks) to 1
