2026-07-15 06:07:04.505 8 INFO neutron_taas.services.taas.taas_plugin [None req-421acf44-bd64-476a-b322-14971e1697e0 1c2db2a627fc43c2820da515903d6096 e4c40ceefa6942449a31bc419ab32f09 - - default default] TaaS: Handle Delete Port: c8c3a66c-0e6c-4dcd-bbcb-fa3a90bd57b5
2026-07-15 06:07:04.509 8 INFO neutron_taas.services.taas.tap_mirror_plugin [None req-421acf44-bd64-476a-b322-14971e1697e0 1c2db2a627fc43c2820da515903d6096 e4c40ceefa6942449a31bc419ab32f09 - - default default] Tap Mirror: Handle Delete Port: c8c3a66c-0e6c-4dcd-bbcb-fa3a90bd57b5
2026-07-15 06:07:04.524 7 INFO neutron_taas.services.taas.taas_plugin [None req-3d32be50-0b18-4258-8a48-964f665468f7 b69f080ff7ce4c039aae5cadf8a7e168 ea2950f8ecfa4d30a4ecced9b27eb6ba - - default default] TaaS: Handle Delete Port: a768b29a-ce37-4e9b-bac2-1dd11a928a80
2026-07-15 06:07:04.527 7 INFO neutron_taas.services.taas.tap_mirror_plugin [None req-3d32be50-0b18-4258-8a48-964f665468f7 b69f080ff7ce4c039aae5cadf8a7e168 ea2950f8ecfa4d30a4ecced9b27eb6ba - - default default] Tap Mirror: Handle Delete Port: a768b29a-ce37-4e9b-bac2-1dd11a928a80 [pid: 7|app: 0|req: 414/838] 10.0.0.85 () {34 vars in 788 bytes} [Wed Jul 15 06:07:04 2026] PUT /v2.0/routers/da51caed-560e-4a7f-9606-f2be9f8a2090/remove_router_interface => generated 310 bytes in 620 msecs (HTTP/1.1 200) 4 headers in 157 bytes (1 switches on core 0) /var/lib/openstack/lib/python3.12/site-packages/pycadf/identifier.py:70: UserWarning: Invalid uuid: neutron. To ensure interoperability, identifiers should be a valid uuid. warnings.warn(('Invalid uuid: %s. To ensure interoperability, ' [pid: 8|app: 0|req: 425/839] 10.0.0.85 () {32 vars in 723 bytes} [Wed Jul 15 06:07:04 2026] DELETE /v2.0/routers/16a0dec8-09eb-4e51-9fe0-2f6ecd9fbc7c => generated 0 bytes in 752 msecs (HTTP/1.1 204) 2 headers in 112 bytes (1 switches on core 0) [pid: 8|app: 0|req: 426/840] 199.204.45.72 () {34 vars in 993 bytes} [Wed Jul 15 06:07:04 2026] GET /v2.0/ports?device_id=d249bcbd-7c2e-4c9b-8f4d-9371c2cb99a7 => generated 973 bytes in 37 msecs (HTTP/1.1 200) 4 headers in 157 bytes (1 switches on core 0) [pid: 7|app: 0|req: 415/841] 10.0.0.223 () {34 vars in 1070 bytes} [Wed Jul 15 06:07:04 2026] GET /v2.0/ports?fields=security_groups&fields=device_id&device_id=d249bcbd-7c2e-4c9b-8f4d-9371c2cb99a7 => generated 123 bytes in 106 msecs (HTTP/1.1 200) 4 headers in 157 bytes (1 switches on core 0) [pid: 8|app: 0|req: 427/842] 10.0.0.85 () {32 vars in 735 bytes} [Wed Jul 15 06:07:04 2026] GET /v2.0/ports?device_id=da51caed-560e-4a7f-9606-f2be9f8a2090 => generated 12 bytes in 20 msecs (HTTP/1.1 200) 4 headers in 156 bytes (1 switches on core 0)
2026-07-15 06:07:05.119 8 INFO neutron_taas.services.taas.taas_plugin [req-3f374953-fcf6-44d8-a1ba-28ea844e444b req-dc8cd140-2fd9-4271-aab8-43462df3ce41 22e6d565d9fe4140b993f36870275b70 aa7d02567a164541aa162c68c70ec9fc - - default default] TaaS: Handle Delete Port: da61aad2-2f8b-42ef-b38d-31657cd2434c
2026-07-15 06:07:05.122 8 INFO neutron_taas.services.taas.tap_mirror_plugin [req-3f374953-fcf6-44d8-a1ba-28ea844e444b req-dc8cd140-2fd9-4271-aab8-43462df3ce41 22e6d565d9fe4140b993f36870275b70 aa7d02567a164541aa162c68c70ec9fc - - default default] Tap Mirror: Handle Delete Port: da61aad2-2f8b-42ef-b38d-31657cd2434c [pid: 7|app: 0|req: 416/843] 10.0.0.85 () {32 vars in 723 bytes} [Wed Jul 15 06:07:04 2026] DELETE /v2.0/subnets/1813aae7-bc48-42c0-8ba1-efa893d70191 => generated 0 bytes in 192 msecs (HTTP/1.1 204) 3 headers in 131 bytes (1 switches on core 0) [pid: 7|app: 0|req: 417/844] 10.0.0.223 () {34 vars in 1040 bytes} [Wed Jul 15 06:07:05 2026] GET /v2.0/security-groups?id=a2328ca9-99a8-41c3-95c7-1e73c4c175c0&fields=id&fields=name => generated 114 bytes in 26 msecs (HTTP/1.1 200) 4 headers in 157 bytes (1 switches on core 0) [pid: 8|app: 0|req: 428/845] 199.204.45.72 () {36 vars in 996 bytes} [Wed Jul 15 06:07:04 2026] DELETE /v2.0/ports/da61aad2-2f8b-42ef-b38d-31657cd2434c => generated 0 bytes in 266 msecs (HTTP/1.1 204) 3 headers in 131 bytes (1 switches on core 0)
2026-07-15 06:07:05.287 8 WARNING neutron.notifiers.nova [-] Nova event matching ['req-696379c7-fc75-4baa-b6a7-f8d6ce990363']: {'server_uuid': 'd249bcbd-7c2e-4c9b-8f4d-9371c2cb99a7', 'name': 'network-vif-deleted', 'tag': 'da61aad2-2f8b-42ef-b38d-31657cd2434c', 'status': 'failed', 'code': 422} returned with failed status [pid: 7|app: 0|req: 418/846] 10.0.0.85 () {32 vars in 723 bytes} [Wed Jul 15 06:07:05 2026] DELETE /v2.0/routers/da51caed-560e-4a7f-9606-f2be9f8a2090 => generated 0 bytes in 195 msecs (HTTP/1.1 204) 2 headers in 112 bytes (1 switches on core 0)
2026-07-15 06:07:05.529 7 INFO neutron_taas.services.taas.taas_plugin [None req-07d6fc4f-8e60-43ac-8cc9-a33b8dd89f08 1c2db2a627fc43c2820da515903d6096 e4c40ceefa6942449a31bc419ab32f09 - - default default] TaaS: Handle Delete Port: ae9a0b79-1f23-4719-89c2-82bb354f7b29
2026-07-15 06:07:05.532 7 INFO neutron_taas.services.taas.tap_mirror_plugin [None req-07d6fc4f-8e60-43ac-8cc9-a33b8dd89f08 1c2db2a627fc43c2820da515903d6096 e4c40ceefa6942449a31bc419ab32f09 - - default default] Tap Mirror: Handle Delete Port: ae9a0b79-1f23-4719-89c2-82bb354f7b29
2026-07-15 06:07:05.567 8 INFO neutron.db.ovn_revision_numbers_db [None req-a852a499-813c-4d02-9fd2-fa0a9b14e7c6 1282366d87de4bc883718a898d993a61 9250a2db2d9347c89a94080d958006be - - default default] Successfully bumped revision number for resource cb30a8c9-36e7-4dbc-bd36-7c27f02a662e (type: security_groups) to 1
2026-07-15 06:07:05.579 8 INFO neutron.db.ovn_revision_numbers_db [None req-a852a499-813c-4d02-9fd2-fa0a9b14e7c6 1282366d87de4bc883718a898d993a61 9250a2db2d9347c89a94080d958006be - - default default] Successfully bumped revision number for resource 1e7b95d8-23bb-49d1-a6f3-83e1996b14bf (type: security_group_rules) to 0
2026-07-15 06:07:05.591 8 INFO neutron.db.ovn_revision_numbers_db [None req-a852a499-813c-4d02-9fd2-fa0a9b14e7c6 1282366d87de4bc883718a898d993a61 9250a2db2d9347c89a94080d958006be - - default default] Successfully bumped revision number for resource 306c4124-72b1-4637-a862-d13c0ddcdffe (type: security_group_rules) to 0
2026-07-15 06:07:05.603 8 INFO neutron.db.ovn_revision_numbers_db [None req-a852a499-813c-4d02-9fd2-fa0a9b14e7c6 1282366d87de4bc883718a898d993a61 9250a2db2d9347c89a94080d958006be - - default default] Successfully bumped revision number for resource d769fb61-1ff2-421f-974d-65479a69c014 (type: security_group_rules) to 0
2026-07-15 06:07:05.616 8 INFO neutron.db.ovn_revision_numbers_db [None req-a852a499-813c-4d02-9fd2-fa0a9b14e7c6 1282366d87de4bc883718a898d993a61 9250a2db2d9347c89a94080d958006be - - default default] Successfully bumped revision number for resource ec3709c1-6e4c-4630-b664-b1375068f699 (type: security_group_rules) to 0
2026-07-15 06:07:05.697 8 INFO neutron.db.segments_db [None req-a852a499-813c-4d02-9fd2-fa0a9b14e7c6 1282366d87de4bc883718a898d993a61 9250a2db2d9347c89a94080d958006be - - default default] Added segment 2a2d5393-0c60-46a2-9f60-ed505be34c82 of type geneve for network 9d9e4f34-f60a-4b9c-92e1-afc5928046ef
2026-07-15 06:07:05.744 7 INFO neutron.services.segments.plugin [-] Segment 32fcfd7d-a9ef-451d-8d62-ae445b3300d3 resource provider aggregate not found
2026-07-15 06:07:05.748 7 INFO neutron.services.segments.plugin [-] Segment 32fcfd7d-a9ef-451d-8d62-ae445b3300d3 resource provider aggregate not found
2026-07-15 06:07:05.767 7 INFO neutron.services.segments.plugin [-] Client error retrieving segment 32fcfd7d-a9ef-451d-8d62-ae445b3300d3 resource provider; error: Placement Client Error (4xx): {"errors": [{"status": 404, "title": "Not Found", "detail": "The resource could not be found.\n\n No resource provider with uuid 32fcfd7d-a9ef-451d-8d62-ae445b3300d3 found for delete ", "request_id": "req-a973ea57-1f20-427f-baa5-f06c28545dbf"}]}
2026-07-15 06:07:05.769 7 INFO neutron.services.segments.plugin [-] Client error retrieving segment 32fcfd7d-a9ef-451d-8d62-ae445b3300d3 resource provider; error: Placement Client Error (4xx): {"errors": [{"status": 404, "title": "Not Found", "detail": "The resource could not be found.\n\n No resource provider with uuid 32fcfd7d-a9ef-451d-8d62-ae445b3300d3 found for delete ", "request_id": "req-26b44c2d-25a2-4e50-866d-04fd0c129e46"}]} [pid: 7|app: 0|req: 419/847] 10.0.0.85 () {32 vars in 725 bytes} [Wed Jul 15 06:07:05 2026] DELETE /v2.0/networks/280297f2-3af5-44ae-9127-65649ba1b01e => generated 0 bytes in 413 msecs (HTTP/1.1 204) 3 headers in 131 bytes (1 switches on core 0)
2026-07-15 06:07:05.815 8 INFO neutron.db.ovn_revision_numbers_db [None req-a852a499-813c-4d02-9fd2-fa0a9b14e7c6 1282366d87de4bc883718a898d993a61 9250a2db2d9347c89a94080d958006be - - default default] Successfully bumped revision number for resource 9d9e4f34-f60a-4b9c-92e1-afc5928046ef (type: networks) to 1
2026-07-15 06:07:05.965 8 WARNING neutron.scheduler.dhcp_agent_scheduler [None req-a852a499-813c-4d02-9fd2-fa0a9b14e7c6 1282366d87de4bc883718a898d993a61 9250a2db2d9347c89a94080d958006be - - default default] No more DHCP agents
2026-07-15 06:07:05.966 8 WARNING neutron.api.rpc.agentnotifiers.dhcp_rpc_agent_api [None req-a852a499-813c-4d02-9fd2-fa0a9b14e7c6 1282366d87de4bc883718a898d993a61 9250a2db2d9347c89a94080d958006be - - default default] Unable to schedule network 9d9e4f34-f60a-4b9c-92e1-afc5928046ef: no agents available; will retry on subsequent port and subnet creation events. [pid: 7|app: 0|req: 420/848] 10.0.0.85 () {32 vars in 723 bytes} [Wed Jul 15 06:07:05 2026] DELETE /v2.0/subnets/c258fb06-c608-4375-88be-870475ac9563 => generated 0 bytes in 176 msecs (HTTP/1.1 204) 3 headers in 131 bytes (1 switches on core 0)
2026-07-15 06:07:05.990 7 WARNING neutron.db.securitygroups_db [None req-66988d1d-5733-41fa-941c-15e49091b797 1c2db2a627fc43c2820da515903d6096 e4c40ceefa6942449a31bc419ab32f09 - - default default] project_id key not found in filters, using tenant_id instead. This support has been deprecated and will be removed in a future release.
2026-07-15 06:07:06.044 8 INFO neutron.db.ovn_revision_numbers_db [None req-a852a499-813c-4d02-9fd2-fa0a9b14e7c6 1282366d87de4bc883718a898d993a61 9250a2db2d9347c89a94080d958006be - - default default] Successfully bumped revision number for resource b8340c2d-ef66-4c49-ba28-6e44935be5ae (type: ports) to 1 [pid: 7|app: 0|req: 421/849] 10.0.0.85 () {32 vars in 773 bytes} [Wed Jul 15 06:07:05 2026] GET /v2.0/security-groups?tenant_id=72115b74dc48403281c5dc9fb11f9bf5&name=default => generated 2921 bytes in 58 msecs (HTTP/1.1 200) 4 headers in 158 bytes (1 switches on core 0) [pid: 8|app: 0|req: 429/850] 10.0.0.85 () {34 vars in 669 bytes} [Wed Jul 15 06:07:05 2026] POST /v2.0/networks => generated 688 bytes in 803 msecs (HTTP/1.1 201) 4 headers in 162 bytes (1 switches on core 0) [pid: 7|app: 0|req: 422/851] 10.0.0.85 () {32 vars in 723 bytes} [Wed Jul 15 06:07:06 2026] DELETE /v2.0/subnets/9fa53191-80a8-4426-aec8-c02d10c12e8f => generated 0 bytes in 144 msecs (HTTP/1.1 204) 3 headers in 131 bytes (1 switches on core 0) [pid: 8|app: 0|req: 430/852] 10.0.0.85 () {32 vars in 739 bytes} [Wed Jul 15 06:07:06 2026] DELETE /v2.0/security-groups/1f3cd0b6-fbd3-48de-88a6-0c0a1aa39600 => generated 0 bytes in 163 msecs (HTTP/1.1 204) 2 headers in 112 bytes (1 switches on core 0)
2026-07-15 06:07:06.335 8 INFO neutron_taas.services.taas.taas_plugin [None req-451a4981-1456-4002-8324-e4561f7dcac5 b69f080ff7ce4c039aae5cadf8a7e168 ea2950f8ecfa4d30a4ecced9b27eb6ba - - default default] TaaS: Handle Delete Port: 55d35440-f141-4374-b3ab-636104d1d6ab
2026-07-15 06:07:06.338 8 INFO neutron_taas.services.taas.tap_mirror_plugin [None req-451a4981-1456-4002-8324-e4561f7dcac5 b69f080ff7ce4c039aae5cadf8a7e168 ea2950f8ecfa4d30a4ecced9b27eb6ba - - default default] Tap Mirror: Handle Delete Port: 55d35440-f141-4374-b3ab-636104d1d6ab
2026-07-15 06:07:06.380 7 WARNING neutron.scheduler.dhcp_agent_scheduler [None req-29b3ce93-d1eb-4fdb-b86e-3ac5a3e1289c 1282366d87de4bc883718a898d993a61 9250a2db2d9347c89a94080d958006be - - default default] No more DHCP agents
2026-07-15 06:07:06.382 7 WARNING neutron.api.rpc.agentnotifiers.dhcp_rpc_agent_api [None req-29b3ce93-d1eb-4fdb-b86e-3ac5a3e1289c 1282366d87de4bc883718a898d993a61 9250a2db2d9347c89a94080d958006be - - default default] Unable to schedule network 9d9e4f34-f60a-4b9c-92e1-afc5928046ef: no agents available; will retry on subsequent port and subnet creation events.
2026-07-15 06:07:06.410 7 INFO neutron.db.ovn_revision_numbers_db [None req-29b3ce93-d1eb-4fdb-b86e-3ac5a3e1289c 1282366d87de4bc883718a898d993a61 9250a2db2d9347c89a94080d958006be - - default default] Successfully bumped revision number for resource cedf93eb-6aa6-42fd-9894-59f2cad7a1d4 (type: subnets) to 0 [pid: 7|app: 0|req: 423/853] 10.0.0.85 () {34 vars in 668 bytes} [Wed Jul 15 06:07:06 2026] POST /v2.0/subnets => generated 627 bytes in 249 msecs (HTTP/1.1 201) 4 headers in 162 bytes (1 switches on core 0) [pid: 7|app: 0|req: 424/854] 10.0.0.223 () {34 vars in 1070 bytes} [Wed Jul 15 06:07:06 2026] GET /v2.0/ports?fields=security_groups&fields=device_id&device_id=d249bcbd-7c2e-4c9b-8f4d-9371c2cb99a7 => generated 12 bytes in 32 msecs (HTTP/1.1 200) 4 headers in 156 bytes (1 switches on core 0)
2026-07-15 06:07:06.517 8 INFO neutron.services.segments.plugin [-] Segment 44ab0e1b-4cb5-4597-a479-a9e5007b953a resource provider aggregate not found
2026-07-15 06:07:06.522 8 INFO neutron.services.segments.plugin [-] Segment 44ab0e1b-4cb5-4597-a479-a9e5007b953a resource provider aggregate not found
2026-07-15 06:07:06.535 8 INFO neutron.services.segments.plugin [-] Client error retrieving segment 44ab0e1b-4cb5-4597-a479-a9e5007b953a resource provider; error: Placement Client Error (4xx): {"errors": [{"status": 404, "title": "Not Found", "detail": "The resource could not be found.\n\n No resource provider with uuid 44ab0e1b-4cb5-4597-a479-a9e5007b953a found for delete ", "request_id": "req-55ec242e-2b65-4a61-97db-01bc8188979a"}]}
2026-07-15 06:07:06.539 8 INFO neutron.services.segments.plugin [-] Client error retrieving segment 44ab0e1b-4cb5-4597-a479-a9e5007b953a resource provider; error: Placement Client Error (4xx): {"errors": [{"status": 404, "title": "Not Found", "detail": "The resource could not be found.\n\n No resource provider with uuid 44ab0e1b-4cb5-4597-a479-a9e5007b953a found for delete ", "request_id": "req-dccba4bb-f551-4847-a686-a9541431e30f"}]} [pid: 8|app: 0|req: 431/855] 10.0.0.85 () {32 vars in 725 bytes} [Wed Jul 15 06:07:06 2026] DELETE /v2.0/networks/0ebb7b4a-bc56-4fe0-81a9-07da1b8a656a => generated 0 bytes in 337 msecs (HTTP/1.1 204) 3 headers in 131 bytes (1 switches on core 0)
2026-07-15 06:07:06.684 8 INFO neutron_taas.services.taas.taas_plugin [None req-a32be7ff-fad8-45ee-9f30-043cea9060c3 b69f080ff7ce4c039aae5cadf8a7e168 ea2950f8ecfa4d30a4ecced9b27eb6ba - - default default] TaaS: Handle Delete Port: 9de13a3c-d7e0-454f-b9ab-142088790310
2026-07-15 06:07:06.686 8 INFO neutron_taas.services.taas.tap_mirror_plugin [None req-a32be7ff-fad8-45ee-9f30-043cea9060c3 b69f080ff7ce4c039aae5cadf8a7e168 ea2950f8ecfa4d30a4ecced9b27eb6ba - - default default] Tap Mirror: Handle Delete Port: 9de13a3c-d7e0-454f-b9ab-142088790310 [pid: 8|app: 0|req: 432/856] 10.0.0.85 () {32 vars in 725 bytes} [Wed Jul 15 06:07:06 2026] DELETE /v2.0/networks/f291d07c-f56a-462d-a341-6077b87d9450 => generated 0 bytes in 333 msecs (HTTP/1.1 204) 3 headers in 131 bytes (1 switches on core 0)
2026-07-15 06:07:07.000 8 INFO neutron.db.segments_db [None req-ad04e8e0-a145-4423-ae0f-ab3e5b275c5f b69f080ff7ce4c039aae5cadf8a7e168 ea2950f8ecfa4d30a4ecced9b27eb6ba - - default default] Added segment 0c5bcb35-2814-40bf-a807-f51733f26327 of type geneve for network d79c5bdc-d3b5-40ae-9473-c4faa4ee4e80
2026-07-15 06:07:07.117 8 INFO neutron.db.ovn_revision_numbers_db [None req-ad04e8e0-a145-4423-ae0f-ab3e5b275c5f b69f080ff7ce4c039aae5cadf8a7e168 ea2950f8ecfa4d30a4ecced9b27eb6ba - - default default] Successfully bumped revision number for resource d79c5bdc-d3b5-40ae-9473-c4faa4ee4e80 (type: networks) to 1
2026-07-15 06:07:07.227 7 WARNING neutron.scheduler.dhcp_agent_scheduler [None req-9d4c5909-9bd3-4ed5-a7e6-db7f9d034522 1282366d87de4bc883718a898d993a61 9250a2db2d9347c89a94080d958006be - - default default] No more DHCP agents
2026-07-15 06:07:07.228 7 WARNING neutron.api.rpc.agentnotifiers.dhcp_rpc_agent_api [None req-9d4c5909-9bd3-4ed5-a7e6-db7f9d034522 1282366d87de4bc883718a898d993a61 9250a2db2d9347c89a94080d958006be - - default default] Unable to schedule network 0c87e584-60ea-41fe-aa3f-91827559531d: no agents available; will retry on subsequent port and subnet creation events.
2026-07-15 06:07:07.284 8 WARNING neutron.scheduler.dhcp_agent_scheduler [None req-ad04e8e0-a145-4423-ae0f-ab3e5b275c5f b69f080ff7ce4c039aae5cadf8a7e168 ea2950f8ecfa4d30a4ecced9b27eb6ba - - default default] No more DHCP agents
2026-07-15 06:07:07.285 8 WARNING neutron.api.rpc.agentnotifiers.dhcp_rpc_agent_api [None req-ad04e8e0-a145-4423-ae0f-ab3e5b275c5f b69f080ff7ce4c039aae5cadf8a7e168 ea2950f8ecfa4d30a4ecced9b27eb6ba - - default default] Unable to schedule network d79c5bdc-d3b5-40ae-9473-c4faa4ee4e80: no agents available; will retry on subsequent port and subnet creation events.
2026-07-15 06:07:07.342 8 INFO neutron.plugins.ml2.drivers.ovn.mech_driver.mech_driver [None req-f020bd76-de68-48a5-9b19-863971d09b04 - - - - - -] OVN reports status down for port: fed8a198-c551-45d8-9613-9159db56a9de
2026-07-15 06:07:07.408 7 INFO neutron.db.ovn_revision_numbers_db [None req-9d4c5909-9bd3-4ed5-a7e6-db7f9d034522 1282366d87de4bc883718a898d993a61 9250a2db2d9347c89a94080d958006be - - default default] Successfully bumped revision number for resource f3af0870-1b23-4262-afc7-65819e2343ce (type: ports) to 1
2026-07-15 06:07:07.433 8 INFO neutron.db.ovn_revision_numbers_db [None req-ad04e8e0-a145-4423-ae0f-ab3e5b275c5f b69f080ff7ce4c039aae5cadf8a7e168 ea2950f8ecfa4d30a4ecced9b27eb6ba - - default default] Successfully bumped revision number for resource fed8a198-c551-45d8-9613-9159db56a9de (type: ports) to 1 [pid: 8|app: 0|req: 433/857] 10.0.0.85 () {34 vars in 669 bytes} [Wed Jul 15 06:07:06 2026] POST /v2.0/networks => generated 667 bytes in 564 msecs (HTTP/1.1 201) 4 headers in 162 bytes (1 switches on core 0) [pid: 8|app: 0|req: 434/858] 10.0.0.159 () {34 vars in 990 bytes} [Wed Jul 15 06:07:07 2026] GET /v2.0/ports?device_id=d249bcbd-7c2e-4c9b-8f4d-9371c2cb99a7 => generated 12 bytes in 19 msecs (HTTP/1.1 200) 4 headers in 156 bytes (1 switches on core 0)
2026-07-15 06:07:07.640 8 WARNING neutron.scheduler.dhcp_agent_scheduler [None req-b969bc88-e490-46a9-8a87-6d587ccaaf45 b69f080ff7ce4c039aae5cadf8a7e168 ea2950f8ecfa4d30a4ecced9b27eb6ba - - default default] No more DHCP agents
2026-07-15 06:07:07.642 8 WARNING neutron.api.rpc.agentnotifiers.dhcp_rpc_agent_api [None req-b969bc88-e490-46a9-8a87-6d587ccaaf45 b69f080ff7ce4c039aae5cadf8a7e168 ea2950f8ecfa4d30a4ecced9b27eb6ba - - default default] Unable to schedule network d79c5bdc-d3b5-40ae-9473-c4faa4ee4e80: no agents available; will retry on subsequent port and subnet creation events.
2026-07-15 06:07:07.979 7 INFO neutron.db.ovn_revision_numbers_db [None req-9d4c5909-9bd3-4ed5-a7e6-db7f9d034522 1282366d87de4bc883718a898d993a61 9250a2db2d9347c89a94080d958006be - - default default] Successfully bumped revision number for resource f3af0870-1b23-4262-afc7-65819e2343ce (type: router_ports) to 1
2026-07-15 06:07:08.050 7 INFO neutron.db.ovn_revision_numbers_db [None req-9d4c5909-9bd3-4ed5-a7e6-db7f9d034522 1282366d87de4bc883718a898d993a61 9250a2db2d9347c89a94080d958006be - - default default] Successfully bumped revision number for resource df1659b2-7b24-4d36-bdc0-435814ba58eb (type: routers) to 2 [pid: 7|app: 0|req: 425/859] 10.0.0.85 () {34 vars in 668 bytes} [Wed Jul 15 06:07:06 2026] POST /v2.0/routers => generated 976 bytes in 1602 msecs (HTTP/1.1 201) 4 headers in 162 bytes (1 switches on core 0)
2026-07-15 06:07:08.087 7 WARNING neutron.plugins.ml2.drivers.ovn.mech_driver.ovsdb.ovn_client [None req-75d4f3e3-9edc-49af-8f53-17c55b6336f7 - - - - - -] No port found with ID db9e973d-334c-4a46-8e86-43bd35b6f9a2: RuntimeError: No port found with ID db9e973d-334c-4a46-8e86-43bd35b6f9a2 [pid: 7|app: 0|req: 426/860] 10.0.0.223 () {34 vars in 1070 bytes} [Wed Jul 15 06:07:08 2026] GET /v2.0/ports?fields=security_groups&fields=device_id&device_id=d249bcbd-7c2e-4c9b-8f4d-9371c2cb99a7 => generated 12 bytes in 33 msecs (HTTP/1.1 200) 4 headers in 156 bytes (1 switches on core 0)
2026-07-15 06:07:08.110 8 INFO neutron.db.ovn_revision_numbers_db [None req-b969bc88-e490-46a9-8a87-6d587ccaaf45 b69f080ff7ce4c039aae5cadf8a7e168 ea2950f8ecfa4d30a4ecced9b27eb6ba - - default default] Successfully bumped revision number for resource fed8a198-c551-45d8-9613-9159db56a9de (type: ports) to 2
2026-07-15 06:07:08.124 7 INFO neutron.plugins.ml2.drivers.ovn.mech_driver.mech_driver [None req-75d4f3e3-9edc-49af-8f53-17c55b6336f7 - - - - - -] OVN reports status down for port: b8340c2d-ef66-4c49-ba28-6e44935be5ae
2026-07-15 06:07:08.146 8 INFO neutron.db.ovn_revision_numbers_db [None req-b969bc88-e490-46a9-8a87-6d587ccaaf45 b69f080ff7ce4c039aae5cadf8a7e168 ea2950f8ecfa4d30a4ecced9b27eb6ba - - default default] Successfully bumped revision number for resource 89f95fce-688d-4c8d-9fc7-aa31f8fa27c2 (type: subnets) to 0 [pid: 8|app: 0|req: 435/861] 10.0.0.85 () {34 vars in 668 bytes} [Wed Jul 15 06:07:07 2026] POST /v2.0/subnets => generated 626 bytes in 668 msecs (HTTP/1.1 201) 4 headers in 162 bytes (1 switches on core 0)
2026-07-15 06:07:08.177 7 INFO neutron.plugins.ml2.drivers.ovn.mech_driver.mech_driver [None req-75d4f3e3-9edc-49af-8f53-17c55b6336f7 - - - - - -] OVN reports status down for port: f3af0870-1b23-4262-afc7-65819e2343ce
2026-07-15 06:07:08.226 7 WARNING neutron.plugins.ml2.drivers.ovn.mech_driver.ovsdb.ovn_client [None req-75d4f3e3-9edc-49af-8f53-17c55b6336f7 - - - - - -] Logical_Switch_Port f3af0870-1b23-4262-afc7-65819e2343ce host information not removed, the port state is up
2026-07-15 06:07:08.226 7 INFO neutron.plugins.ml2.drivers.ovn.mech_driver.mech_driver [None req-75d4f3e3-9edc-49af-8f53-17c55b6336f7 - - - - - -] OVN reports status up for port: f3af0870-1b23-4262-afc7-65819e2343ce
2026-07-15 06:07:08.242 7 INFO neutron.plugins.ml2.plugin [None req-75d4f3e3-9edc-49af-8f53-17c55b6336f7 - - - - - -] Attempt 1 to provision port f3af0870-1b23-4262-afc7-65819e2343ce
2026-07-15 06:07:08.449 7 INFO neutron.db.ovn_revision_numbers_db [None req-b20cb3f7-4eef-4e52-81a2-673743984301 1c2db2a627fc43c2820da515903d6096 e4c40ceefa6942449a31bc419ab32f09 - - default default] Successfully bumped revision number for resource 8a279e1c-e1a0-4aad-9158-0d5102d4f0cc (type: security_groups) to 1
2026-07-15 06:07:08.463 7 INFO neutron.db.ovn_revision_numbers_db [None req-b20cb3f7-4eef-4e52-81a2-673743984301 1c2db2a627fc43c2820da515903d6096 e4c40ceefa6942449a31bc419ab32f09 - - default default] Successfully bumped revision number for resource 8c3b97b2-e0b9-4405-8858-57c5067f39f7 (type: security_group_rules) to 0
2026-07-15 06:07:08.474 7 INFO neutron.db.ovn_revision_numbers_db [None req-b20cb3f7-4eef-4e52-81a2-673743984301 1c2db2a627fc43c2820da515903d6096 e4c40ceefa6942449a31bc419ab32f09 - - default default] Successfully bumped revision number for resource 8e446067-a137-41c1-9a74-fd5656f7b18c (type: security_group_rules) to 0
2026-07-15 06:07:08.485 7 INFO neutron.db.ovn_revision_numbers_db [None req-b20cb3f7-4eef-4e52-81a2-673743984301 1c2db2a627fc43c2820da515903d6096 e4c40ceefa6942449a31bc419ab32f09 - - default default] Successfully bumped revision number for resource d7965aff-71e6-43b4-b480-390d22917422 (type: security_group_rules) to 0
2026-07-15 06:07:08.496 7 INFO neutron.db.ovn_revision_numbers_db [None req-b20cb3f7-4eef-4e52-81a2-673743984301 1c2db2a627fc43c2820da515903d6096 e4c40ceefa6942449a31bc419ab32f09 - - default default] Successfully bumped revision number for resource defd4229-bdc9-4f2f-b499-65d4e7098ce2 (type: security_group_rules) to 0
2026-07-15 06:07:08.562 8 INFO neutron.services.segments.plugin [-] Segment 3b168ca6-276e-4f69-a334-deacc53fbb4b resource provider aggregate not found
2026-07-15 06:07:08.562 8 INFO neutron.services.segments.plugin [-] Segment 3b168ca6-276e-4f69-a334-deacc53fbb4b resource provider aggregate not found
2026-07-15 06:07:08.567 7 INFO neutron.db.segments_db [None req-b20cb3f7-4eef-4e52-81a2-673743984301 1c2db2a627fc43c2820da515903d6096 e4c40ceefa6942449a31bc419ab32f09 - - default default] Added segment 648fd2da-a8e1-4100-ad24-dd11898968aa of type geneve for network 8f0ba2da-948c-4e8e-a5bd-088e6432d4b3
2026-07-15 06:07:08.588 8 INFO neutron.services.segments.plugin [-] Client error retrieving segment 3b168ca6-276e-4f69-a334-deacc53fbb4b resource provider; error: Placement Client Error (4xx): {"errors": [{"status": 404, "title": "Not Found", "detail": "The resource could not be found.\n\n No resource provider with uuid 3b168ca6-276e-4f69-a334-deacc53fbb4b found for delete ", "request_id": "req-f4023812-0b53-4721-bc2a-2b0926f2bb4e"}]}
2026-07-15 06:07:08.592 8 INFO neutron.services.segments.plugin [-] Client error retrieving segment 3b168ca6-276e-4f69-a334-deacc53fbb4b resource provider; error: Placement Client Error (4xx): {"errors": [{"status": 404, "title": "Not Found", "detail": "The resource could not be found.\n\n No resource provider with uuid 3b168ca6-276e-4f69-a334-deacc53fbb4b found for delete ", "request_id": "req-9b923aa0-3a92-4da6-9f9e-79b23a43f5da"}]}
2026-07-15 06:07:08.644 7 INFO neutron.db.ovn_revision_numbers_db [None req-b20cb3f7-4eef-4e52-81a2-673743984301 1c2db2a627fc43c2820da515903d6096 e4c40ceefa6942449a31bc419ab32f09 - - default default] Successfully bumped revision number for resource 8f0ba2da-948c-4e8e-a5bd-088e6432d4b3 (type: networks) to 1
2026-07-15 06:07:08.753 8 WARNING neutron.scheduler.dhcp_agent_scheduler [None req-173bf7a2-7837-4488-9b2c-45e67bc323ae 1282366d87de4bc883718a898d993a61 9250a2db2d9347c89a94080d958006be - - default default] No more DHCP agents
2026-07-15 06:07:08.755 8 WARNING neutron.api.rpc.agentnotifiers.dhcp_rpc_agent_api [None req-173bf7a2-7837-4488-9b2c-45e67bc323ae 1282366d87de4bc883718a898d993a61 9250a2db2d9347c89a94080d958006be - - default default] Unable to schedule network 9d9e4f34-f60a-4b9c-92e1-afc5928046ef: no agents available; will retry on subsequent port and subnet creation events.
2026-07-15 06:07:08.774 7 WARNING neutron.scheduler.dhcp_agent_scheduler [None req-b20cb3f7-4eef-4e52-81a2-673743984301 1c2db2a627fc43c2820da515903d6096 e4c40ceefa6942449a31bc419ab32f09 - - default default] No more DHCP agents
2026-07-15 06:07:08.775 7 WARNING neutron.api.rpc.agentnotifiers.dhcp_rpc_agent_api [None req-b20cb3f7-4eef-4e52-81a2-673743984301 1c2db2a627fc43c2820da515903d6096 e4c40ceefa6942449a31bc419ab32f09 - - default default] Unable to schedule network 8f0ba2da-948c-4e8e-a5bd-088e6432d4b3: no agents available; will retry on subsequent port and subnet creation events.
2026-07-15 06:07:08.887 7 INFO neutron.db.ovn_revision_numbers_db [None req-b20cb3f7-4eef-4e52-81a2-673743984301 1c2db2a627fc43c2820da515903d6096 e4c40ceefa6942449a31bc419ab32f09 - - default default] Successfully bumped revision number for resource 89b1aae8-9d86-40b4-92e7-ca69a8a56e8f (type: ports) to 1
2026-07-15 06:07:08.892 8 INFO neutron.db.ovn_revision_numbers_db [None req-173bf7a2-7837-4488-9b2c-45e67bc323ae 1282366d87de4bc883718a898d993a61 9250a2db2d9347c89a94080d958006be - - default default] Successfully bumped revision number for resource 6253a87d-8e5e-4dea-876c-e1bff3134d63 (type: ports) to 1 [pid: 7|app: 0|req: 427/862] 10.0.0.85 () {34 vars in 670 bytes} [Wed Jul 15 06:07:08 2026] POST /v2.0/networks => generated 778 bytes in 809 msecs (HTTP/1.1 201) 4 headers in 162 bytes (1 switches on core 0)
2026-07-15 06:07:09.023 7 INFO neutron.db.ovn_revision_numbers_db [None req-784e9a38-072d-4bf6-bb50-7e961dd7e88d b69f080ff7ce4c039aae5cadf8a7e168 ea2950f8ecfa4d30a4ecced9b27eb6ba - - default default] Successfully bumped revision number for resource 1925749e-2273-4d3d-9185-e1030b695b56 (type: routers) to 1 [pid: 7|app: 0|req: 428/863] 10.0.0.85 () {34 vars in 668 bytes} [Wed Jul 15 06:07:08 2026] POST /v2.0/routers => generated 624 bytes in 121 msecs (HTTP/1.1 201) 4 headers in 162 bytes (1 switches on core 0) [pid: 7|app: 0|req: 429/864] 10.0.0.223 () {34 vars in 990 bytes} [Wed Jul 15 06:07:09 2026] GET /v2.0/ports?device_id=d249bcbd-7c2e-4c9b-8f4d-9371c2cb99a7 => generated 12 bytes in 25 msecs (HTTP/1.1 200) 4 headers in 156 bytes (1 switches on core 0)
2026-07-15 06:07:09.183 7 WARNING neutron.scheduler.dhcp_agent_scheduler [None req-71d477c7-11f4-4dbc-b1fd-ef6d7f484823 1c2db2a627fc43c2820da515903d6096 e4c40ceefa6942449a31bc419ab32f09 - - default default] No more DHCP agents
2026-07-15 06:07:09.185 7 WARNING neutron.api.rpc.agentnotifiers.dhcp_rpc_agent_api [None req-71d477c7-11f4-4dbc-b1fd-ef6d7f484823 1c2db2a627fc43c2820da515903d6096 e4c40ceefa6942449a31bc419ab32f09 - - default default] Unable to schedule network 8f0ba2da-948c-4e8e-a5bd-088e6432d4b3: no agents available; will retry on subsequent port and subnet creation events.
2026-07-15 06:07:09.662 7 INFO neutron.db.ovn_revision_numbers_db [None req-71d477c7-11f4-4dbc-b1fd-ef6d7f484823 1c2db2a627fc43c2820da515903d6096 e4c40ceefa6942449a31bc419ab32f09 - - default default] Successfully bumped revision number for resource 89b1aae8-9d86-40b4-92e7-ca69a8a56e8f (type: ports) to 2
2026-07-15 06:07:09.679 8 WARNING neutron.scheduler.dhcp_agent_scheduler [None req-173bf7a2-7837-4488-9b2c-45e67bc323ae 1282366d87de4bc883718a898d993a61 9250a2db2d9347c89a94080d958006be - - default default] No more DHCP agents
2026-07-15 06:07:09.681 8 WARNING neutron.api.rpc.agentnotifiers.dhcp_rpc_agent_api [None req-173bf7a2-7837-4488-9b2c-45e67bc323ae 1282366d87de4bc883718a898d993a61 9250a2db2d9347c89a94080d958006be - - default default] Unable to schedule network 9d9e4f34-f60a-4b9c-92e1-afc5928046ef: no agents available; will retry on subsequent port and subnet creation events.
2026-07-15 06:07:09.686 7 INFO neutron.db.ovn_revision_numbers_db [None req-71d477c7-11f4-4dbc-b1fd-ef6d7f484823 1c2db2a627fc43c2820da515903d6096 e4c40ceefa6942449a31bc419ab32f09 - - default default] Successfully bumped revision number for resource e51b71b1-5af8-45eb-ba96-15becfb8f425 (type: subnets) to 0 [pid: 7|app: 0|req: 430/865] 10.0.0.85 () {34 vars in 668 bytes} [Wed Jul 15 06:07:09 2026] POST /v2.0/subnets => generated 684 bytes in 638 msecs (HTTP/1.1 201) 4 headers in 162 bytes (1 switches on core 0)
2026-07-15 06:07:09.981 8 INFO neutron.db.ovn_revision_numbers_db [None req-173bf7a2-7837-4488-9b2c-45e67bc323ae 1282366d87de4bc883718a898d993a61 9250a2db2d9347c89a94080d958006be - - default default] Successfully bumped revision number for resource 6253a87d-8e5e-4dea-876c-e1bff3134d63 (type: router_ports) to 1 [pid: 8|app: 0|req: 436/866] 10.0.0.85 () {34 vars in 782 bytes} [Wed Jul 15 06:07:08 2026] PUT /v2.0/routers/df1659b2-7b24-4d36-bdc0-435814ba58eb/add_router_interface => generated 310 bytes in 1826 msecs (HTTP/1.1 200) 4 headers in 157 bytes (1 switches on core 0)
2026-07-15 06:07:09.994 8 INFO neutron.common.ovn.utils [None req-f020bd76-de68-48a5-9b19-863971d09b04 - - - - - -] HA Chassis Group neutron-9d9e4f34-f60a-4b9c-92e1-afc5928046ef synchronized; highest priority chassis 4d7a1937-13f1-49d2-9b5d-069ea7063914
2026-07-15 06:07:10.025 7 WARNING neutron.scheduler.dhcp_agent_scheduler [None req-7ab740e8-2360-4d67-85db-53a21a4efcfe b69f080ff7ce4c039aae5cadf8a7e168 ea2950f8ecfa4d30a4ecced9b27eb6ba - - default default] No more DHCP agents
2026-07-15 06:07:10.029 7 WARNING neutron.api.rpc.agentnotifiers.dhcp_rpc_agent_api [None req-7ab740e8-2360-4d67-85db-53a21a4efcfe b69f080ff7ce4c039aae5cadf8a7e168 ea2950f8ecfa4d30a4ecced9b27eb6ba - - default default] Unable to schedule network d79c5bdc-d3b5-40ae-9473-c4faa4ee4e80: no agents available; will retry on subsequent port and subnet creation events. [pid: 8|app: 0|req: 437/867] 10.0.0.85 () {32 vars in 739 bytes} [Wed Jul 15 06:07:09 2026] DELETE /v2.0/security-groups/a2328ca9-99a8-41c3-95c7-1e73c4c175c0 => generated 0 bytes in 154 msecs (HTTP/1.1 204) 2 headers in 112 bytes (1 switches on core 0)
2026-07-15 06:07:10.200 7 INFO neutron.db.ovn_revision_numbers_db [None req-7ab740e8-2360-4d67-85db-53a21a4efcfe b69f080ff7ce4c039aae5cadf8a7e168 ea2950f8ecfa4d30a4ecced9b27eb6ba - - default default] Successfully bumped revision number for resource 8c5850ab-c646-40d4-a05e-7fd16a54f7bf (type: ports) to 1 [pid: 7|app: 0|req: 431/868] 10.0.0.85 () {34 vars in 664 bytes} [Wed Jul 15 06:07:09 2026] POST /v2.0/ports => generated 947 bytes in 519 msecs (HTTP/1.1 201) 4 headers in 162 bytes (1 switches on core 0) /var/lib/openstack/lib/python3.12/site-packages/pycadf/identifier.py:70: UserWarning: Invalid uuid: neutron. To ensure interoperability, identifiers should be a valid uuid. warnings.warn(('Invalid uuid: %s. To ensure interoperability, '
2026-07-15 06:07:10.464 7 WARNING neutron.scheduler.dhcp_agent_scheduler [None req-3c7923ee-0126-4487-afb1-14f455ba4c32 1282366d87de4bc883718a898d993a61 9250a2db2d9347c89a94080d958006be - - default default] No more DHCP agents
2026-07-15 06:07:10.466 7 WARNING neutron.api.rpc.agentnotifiers.dhcp_rpc_agent_api [None req-3c7923ee-0126-4487-afb1-14f455ba4c32 1282366d87de4bc883718a898d993a61 9250a2db2d9347c89a94080d958006be - - default default] Unable to schedule network 9d9e4f34-f60a-4b9c-92e1-afc5928046ef: no agents available; will retry on subsequent port and subnet creation events.
2026-07-15 06:07:10.555 8 WARNING neutron.scheduler.dhcp_agent_scheduler [None req-d16358ae-40f9-46e4-88a1-ba54d8fcb3d2 1c2db2a627fc43c2820da515903d6096 e4c40ceefa6942449a31bc419ab32f09 - - default default] No more DHCP agents
2026-07-15 06:07:10.557 8 WARNING neutron.api.rpc.agentnotifiers.dhcp_rpc_agent_api [None req-d16358ae-40f9-46e4-88a1-ba54d8fcb3d2 1c2db2a627fc43c2820da515903d6096 e4c40ceefa6942449a31bc419ab32f09 - - default default] Unable to schedule network 0c87e584-60ea-41fe-aa3f-91827559531d: no agents available; will retry on subsequent port and subnet creation events.
2026-07-15 06:07:10.603 8 INFO neutron.plugins.ml2.drivers.ovn.mech_driver.mech_driver [None req-f020bd76-de68-48a5-9b19-863971d09b04 - - - - - -] OVN reports status down for port: e9ff9967-b5b0-4f66-be31-8f21e1bb646e
2026-07-15 06:07:10.626 7 INFO neutron.db.ovn_revision_numbers_db [None req-3c7923ee-0126-4487-afb1-14f455ba4c32 1282366d87de4bc883718a898d993a61 9250a2db2d9347c89a94080d958006be - - default default] Successfully bumped revision number for resource e9ff9967-b5b0-4f66-be31-8f21e1bb646e (type: ports) to 1 [pid: 7|app: 0|req: 432/869] 10.0.0.85 () {34 vars in 664 bytes} [Wed Jul 15 06:07:10 2026] POST /v2.0/ports => generated 958 bytes in 427 msecs (HTTP/1.1 201) 4 headers in 162 bytes (1 switches on core 0) /var/lib/openstack/lib/python3.12/site-packages/pycadf/identifier.py:70: UserWarning: Invalid uuid: neutron. To ensure interoperability, identifiers should be a valid uuid. warnings.warn(('Invalid uuid: %s. To ensure interoperability, '
2026-07-15 06:07:10.659 7 INFO neutron.api.v2.resource [None req-3bb22e80-da3b-4979-8e63-27b43b13d543 22e6d565d9fe4140b993f36870275b70 aa7d02567a164541aa162c68c70ec9fc - - default default] show failed (client error): The resource could not be found. [pid: 7|app: 0|req: 433/870] 10.0.0.85 () {32 vars in 736 bytes} [Wed Jul 15 06:07:10 2026] GET /v2.0/security-groups/a2328ca9-99a8-41c3-95c7-1e73c4c175c0 => generated 146 bytes in 9 msecs (HTTP/1.1 404) 4 headers in 164 bytes (1 switches on core 0)
2026-07-15 06:07:10.766 8 INFO neutron.db.ovn_revision_numbers_db [None req-d16358ae-40f9-46e4-88a1-ba54d8fcb3d2 1c2db2a627fc43c2820da515903d6096 e4c40ceefa6942449a31bc419ab32f09 - - default default] Successfully bumped revision number for resource 58cf243b-7801-4c7e-98cd-84d35b74812c (type: ports) to 1
2026-07-15 06:07:11.225 7 INFO neutron.db.ovn_revision_numbers_db [None req-eac51a60-043f-40db-bcc6-0ef32bb4b9f4 b69f080ff7ce4c039aae5cadf8a7e168 ea2950f8ecfa4d30a4ecced9b27eb6ba - - default default] Successfully bumped revision number for resource 8c5850ab-c646-40d4-a05e-7fd16a54f7bf (type: ports) to 2
2026-07-15 06:07:11.431 8 INFO neutron.db.ovn_revision_numbers_db [None req-d16358ae-40f9-46e4-88a1-ba54d8fcb3d2 1c2db2a627fc43c2820da515903d6096 e4c40ceefa6942449a31bc419ab32f09 - - default default] Successfully bumped revision number for resource 58cf243b-7801-4c7e-98cd-84d35b74812c (type: router_ports) to 1
2026-07-15 06:07:11.472 7 INFO neutron.plugins.ml2.drivers.ovn.mech_driver.ovsdb.ovsdb_monitor [None req-f23b46f5-c62f-47a1-9ccf-213080b79fbb - - - - - -] Router 390f1fbe-2485-47d5-9ed3-dd74f7b58de2 is bound to host instance
2026-07-15 06:07:11.503 8 INFO neutron.db.ovn_revision_numbers_db [None req-d16358ae-40f9-46e4-88a1-ba54d8fcb3d2 1c2db2a627fc43c2820da515903d6096 e4c40ceefa6942449a31bc419ab32f09 - - default default] Successfully bumped revision number for resource 390f1fbe-2485-47d5-9ed3-dd74f7b58de2 (type: routers) to 2 [pid: 8|app: 0|req: 438/871] 10.0.0.85 () {34 vars in 668 bytes} [Wed Jul 15 06:07:10 2026] POST /v2.0/routers => generated 983 bytes in 1388 msecs (HTTP/1.1 201) 4 headers in 162 bytes (1 switches on core 0)
2026-07-15 06:07:11.829 8 WARNING neutron.scheduler.dhcp_agent_scheduler [None req-5821e684-8ad8-4e17-a1e5-28a0957bd281 1282366d87de4bc883718a898d993a61 9250a2db2d9347c89a94080d958006be - - default default] No more DHCP agents
2026-07-15 06:07:11.830 8 WARNING neutron.api.rpc.agentnotifiers.dhcp_rpc_agent_api [None req-5821e684-8ad8-4e17-a1e5-28a0957bd281 1282366d87de4bc883718a898d993a61 9250a2db2d9347c89a94080d958006be - - default default] Unable to schedule network 9d9e4f34-f60a-4b9c-92e1-afc5928046ef: no agents available; will retry on subsequent port and subnet creation events.
2026-07-15 06:07:12.009 8 INFO neutron.db.ovn_revision_numbers_db [None req-5821e684-8ad8-4e17-a1e5-28a0957bd281 1282366d87de4bc883718a898d993a61 9250a2db2d9347c89a94080d958006be - - default default] Successfully bumped revision number for resource 46a0c471-2974-47a7-a7fe-715e0279f231 (type: ports) to 1 [pid: 8|app: 0|req: 439/872] 10.0.0.85 () {34 vars in 664 bytes} [Wed Jul 15 06:07:11 2026] POST /v2.0/ports => generated 955 bytes in 509 msecs (HTTP/1.1 201) 4 headers in 162 bytes (1 switches on core 0) /var/lib/openstack/lib/python3.12/site-packages/pycadf/identifier.py:70: UserWarning: Invalid uuid: neutron. To ensure interoperability, identifiers should be a valid uuid. warnings.warn(('Invalid uuid: %s. To ensure interoperability, '
2026-07-15 06:07:12.157 8 INFO neutron_taas.services.taas.taas_plugin [None req-5140b62b-fcad-4948-9ba7-962b98ba1c5f 22e6d565d9fe4140b993f36870275b70 aa7d02567a164541aa162c68c70ec9fc - - default default] TaaS: Handle Delete Port: bdb9ce7f-5f17-4aa2-87a3-1e2467b83239
2026-07-15 06:07:12.160 8 INFO neutron_taas.services.taas.tap_mirror_plugin [None req-5140b62b-fcad-4948-9ba7-962b98ba1c5f 22e6d565d9fe4140b993f36870275b70 aa7d02567a164541aa162c68c70ec9fc - - default default] Tap Mirror: Handle Delete Port: bdb9ce7f-5f17-4aa2-87a3-1e2467b83239 [pid: 8|app: 0|req: 440/873] 10.0.0.85 () {32 vars in 731 bytes} [Wed Jul 15 06:07:12 2026] DELETE /v2.0/floatingips/e46367f9-2542-4d77-b579-e7c7834367b9 => generated 0 bytes in 274 msecs (HTTP/1.1 204) 2 headers in 112 bytes (1 switches on core 0)
2026-07-15 06:07:12.407 7 WARNING neutron.scheduler.dhcp_agent_scheduler [None req-eac51a60-043f-40db-bcc6-0ef32bb4b9f4 b69f080ff7ce4c039aae5cadf8a7e168 ea2950f8ecfa4d30a4ecced9b27eb6ba - - default default] No more DHCP agents
2026-07-15 06:07:12.409 7 WARNING neutron.api.rpc.agentnotifiers.dhcp_rpc_agent_api [None req-eac51a60-043f-40db-bcc6-0ef32bb4b9f4 b69f080ff7ce4c039aae5cadf8a7e168 ea2950f8ecfa4d30a4ecced9b27eb6ba - - default default] Unable to schedule network d79c5bdc-d3b5-40ae-9473-c4faa4ee4e80: no agents available; will retry on subsequent port and subnet creation events.
2026-07-15 06:07:12.574 7 WARNING neutron.plugins.ml2.drivers.ovn.mech_driver.ovsdb.ovn_client [None req-75d4f3e3-9edc-49af-8f53-17c55b6336f7 - - - - - -] No hosting information found for port f3af0870-1b23-4262-afc7-65819e2343ce: RuntimeError: No hosting information found for port f3af0870-1b23-4262-afc7-65819e2343ce
2026-07-15 06:07:12.575 7 INFO neutron.plugins.ml2.drivers.ovn.mech_driver.mech_driver [None req-75d4f3e3-9edc-49af-8f53-17c55b6336f7 - - - - - -] OVN reports status down for port: 89b1aae8-9d86-40b4-92e7-ca69a8a56e8f
2026-07-15 06:07:12.764 8 WARNING neutron.scheduler.dhcp_agent_scheduler [None req-d5400440-dd5b-48d9-a641-a45737df5ab4 1c2db2a627fc43c2820da515903d6096 e4c40ceefa6942449a31bc419ab32f09 - - default default] No more DHCP agents
2026-07-15 06:07:12.766 8 WARNING neutron.api.rpc.agentnotifiers.dhcp_rpc_agent_api [None req-d5400440-dd5b-48d9-a641-a45737df5ab4 1c2db2a627fc43c2820da515903d6096 e4c40ceefa6942449a31bc419ab32f09 - - default default] Unable to schedule network 8f0ba2da-948c-4e8e-a5bd-088e6432d4b3: no agents available; will retry on subsequent port and subnet creation events.
2026-07-15 06:07:12.927 8 INFO neutron.db.ovn_revision_numbers_db [None req-d5400440-dd5b-48d9-a641-a45737df5ab4 1c2db2a627fc43c2820da515903d6096 e4c40ceefa6942449a31bc419ab32f09 - - default default] Successfully bumped revision number for resource b9c79a5e-adf5-4e96-a261-7d2c09a54893 (type: ports) to 1
2026-07-15 06:07:12.956 7 INFO neutron.plugins.ml2.drivers.ovn.mech_driver.mech_driver [None req-75d4f3e3-9edc-49af-8f53-17c55b6336f7 - - - - - -] OVN reports status down for port: 6253a87d-8e5e-4dea-876c-e1bff3134d63
2026-07-15 06:07:13.052 7 INFO neutron.db.ovn_revision_numbers_db [None req-eac51a60-043f-40db-bcc6-0ef32bb4b9f4 b69f080ff7ce4c039aae5cadf8a7e168 ea2950f8ecfa4d30a4ecced9b27eb6ba - - default default] Successfully bumped revision number for resource 8c5850ab-c646-40d4-a05e-7fd16a54f7bf (type: router_ports) to 2 [pid: 7|app: 0|req: 434/874] 10.0.0.85 () {34 vars in 782 bytes} [Wed Jul 15 06:07:10 2026] PUT /v2.0/routers/1925749e-2273-4d3d-9185-e1030b695b56/add_router_interface => generated 310 bytes in 2411 msecs (HTTP/1.1 200) 4 headers in 157 bytes (1 switches on core 0) /var/lib/openstack/lib/python3.12/site-packages/pycadf/identifier.py:70: UserWarning: Invalid uuid: neutron. To ensure interoperability, identifiers should be a valid uuid. warnings.warn(('Invalid uuid: %s. To ensure interoperability, '
2026-07-15 06:07:13.158 7 WARNING neutron.plugins.ml2.drivers.ovn.mech_driver.ovsdb.ovn_client [None req-75d4f3e3-9edc-49af-8f53-17c55b6336f7 - - - - - -] Logical_Switch_Port 6253a87d-8e5e-4dea-876c-e1bff3134d63 host information not removed, the port state is up
2026-07-15 06:07:13.159 7 INFO neutron.plugins.ml2.drivers.ovn.mech_driver.mech_driver [None req-75d4f3e3-9edc-49af-8f53-17c55b6336f7 - - - - - -] OVN reports status up for port: 6253a87d-8e5e-4dea-876c-e1bff3134d63
2026-07-15 06:07:13.195 7 INFO neutron.plugins.ml2.plugin [None req-75d4f3e3-9edc-49af-8f53-17c55b6336f7 - - - - - -] Attempt 1 to provision port 6253a87d-8e5e-4dea-876c-e1bff3134d63
2026-07-15 06:07:13.543 7 INFO neutron.db.ovn_revision_numbers_db [None req-1f788c07-cf6a-4599-8fd4-95d161f4d03b - - - - - -] Successfully bumped revision number for resource 58cf243b-7801-4c7e-98cd-84d35b74812c (type: ports) to 4
2026-07-15 06:07:13.628 8 WARNING neutron.scheduler.dhcp_agent_scheduler [None req-d5400440-dd5b-48d9-a641-a45737df5ab4 1c2db2a627fc43c2820da515903d6096 e4c40ceefa6942449a31bc419ab32f09 - - default default] No more DHCP agents
2026-07-15 06:07:13.630 8 WARNING neutron.api.rpc.agentnotifiers.dhcp_rpc_agent_api [None req-d5400440-dd5b-48d9-a641-a45737df5ab4 1c2db2a627fc43c2820da515903d6096 e4c40ceefa6942449a31bc419ab32f09 - - default default] Unable to schedule network 8f0ba2da-948c-4e8e-a5bd-088e6432d4b3: no agents available; will retry on subsequent port and subnet creation events.
2026-07-15 06:07:13.857 7 WARNING neutron.scheduler.dhcp_agent_scheduler [None req-2b166cfd-e5bf-4a26-b676-0c5ee63d768f 1282366d87de4bc883718a898d993a61 9250a2db2d9347c89a94080d958006be - - default default] No more DHCP agents
2026-07-15 06:07:13.860 7 WARNING neutron.api.rpc.agentnotifiers.dhcp_rpc_agent_api [None req-2b166cfd-e5bf-4a26-b676-0c5ee63d768f 1282366d87de4bc883718a898d993a61 9250a2db2d9347c89a94080d958006be - - default default] Unable to schedule network 0c87e584-60ea-41fe-aa3f-91827559531d: no agents available; will retry on subsequent port and subnet creation events.
2026-07-15 06:07:14.044 8 INFO neutron.db.ovn_revision_numbers_db [None req-d5400440-dd5b-48d9-a641-a45737df5ab4 1c2db2a627fc43c2820da515903d6096 e4c40ceefa6942449a31bc419ab32f09 - - default default] Successfully bumped revision number for resource b9c79a5e-adf5-4e96-a261-7d2c09a54893 (type: router_ports) to 1 [pid: 8|app: 0|req: 441/875] 10.0.0.85 () {34 vars in 782 bytes} [Wed Jul 15 06:07:12 2026] PUT /v2.0/routers/390f1fbe-2485-47d5-9ed3-dd74f7b58de2/add_router_interface => generated 310 bytes in 1736 msecs (HTTP/1.1 200) 4 headers in 157 bytes (1 switches on core 0)
2026-07-15 06:07:14.054 8 INFO neutron.common.ovn.utils [None req-f020bd76-de68-48a5-9b19-863971d09b04 - - - - - -] HA Chassis Group neutron-8f0ba2da-948c-4e8e-a5bd-088e6432d4b3 synchronized; highest priority chassis 4d7a1937-13f1-49d2-9b5d-069ea7063914
2026-07-15 06:07:14.356 8 INFO neutron_taas.services.taas.taas_plugin [None req-60db7ea8-acf2-4fd7-afc1-45d95e2692ef 1c2db2a627fc43c2820da515903d6096 e4c40ceefa6942449a31bc419ab32f09 - - default default] TaaS: Handle Delete Port: 477cdb20-7389-4838-855a-50fadeff8b7c
2026-07-15 06:07:14.359 8 INFO neutron_taas.services.taas.tap_mirror_plugin [None req-60db7ea8-acf2-4fd7-afc1-45d95e2692ef 1c2db2a627fc43c2820da515903d6096 e4c40ceefa6942449a31bc419ab32f09 - - default default] Tap Mirror: Handle Delete Port: 477cdb20-7389-4838-855a-50fadeff8b7c
2026-07-15 06:07:14.758 7 INFO neutron.db.ovn_revision_numbers_db [None req-75d4f3e3-9edc-49af-8f53-17c55b6336f7 - - - - - -] Successfully bumped revision number for resource 6253a87d-8e5e-4dea-876c-e1bff3134d63 (type: ports) to 2 [pid: 8|app: 0|req: 442/876] 10.0.0.85 () {34 vars in 788 bytes} [Wed Jul 15 06:07:14 2026] PUT /v2.0/routers/443d9cfe-4e7a-4727-a67f-77b5bbe1a47d/remove_router_interface => generated 310 bytes in 902 msecs (HTTP/1.1 200) 4 headers in 157 bytes (1 switches on core 0) /var/lib/openstack/lib/python3.12/site-packages/pycadf/identifier.py:70: UserWarning: Invalid uuid: neutron. To ensure interoperability, identifiers should be a valid uuid. warnings.warn(('Invalid uuid: %s. To ensure interoperability, '
2026-07-15 06:07:14.991 7 INFO neutron.db.ovn_revision_numbers_db [None req-1f788c07-cf6a-4599-8fd4-95d161f4d03b - - - - - -] Successfully bumped revision number for resource 58cf243b-7801-4c7e-98cd-84d35b74812c (type: ports) to 5 [pid: 8|app: 0|req: 443/877] 10.0.0.85 () {32 vars in 716 bytes} [Wed Jul 15 06:07:14 2026] GET /v2.0/ports/8c5850ab-c646-40d4-a05e-7fd16a54f7bf => generated 1007 bytes in 70 msecs (HTTP/1.1 200) 4 headers in 158 bytes (1 switches on core 0)
2026-07-15 06:07:15.141 8 INFO neutron.db.ovn_revision_numbers_db [None req-541df51a-a950-4202-a654-ac605a1ddf2a 46e10f0c3d8d42a8ac18d21e4eec3b16 b041adb8f6ac4e6488a610ed91b37d2b - - default default] Successfully bumped revision number for resource 28468075-7816-44b4-b6e9-16570400d602 (type: security_groups) to 1
2026-07-15 06:07:15.152 8 INFO neutron.db.ovn_revision_numbers_db [None req-541df51a-a950-4202-a654-ac605a1ddf2a 46e10f0c3d8d42a8ac18d21e4eec3b16 b041adb8f6ac4e6488a610ed91b37d2b - - default default] Successfully bumped revision number for resource d2ce6432-544a-4057-8a20-5c4dc0290ad6 (type: security_group_rules) to 0
2026-07-15 06:07:15.164 8 INFO neutron.db.ovn_revision_numbers_db [None req-541df51a-a950-4202-a654-ac605a1ddf2a 46e10f0c3d8d42a8ac18d21e4eec3b16 b041adb8f6ac4e6488a610ed91b37d2b - - default default] Successfully bumped revision number for resource dd8de9c2-1d84-434c-b874-5f8ee8056045 (type: security_group_rules) to 0 [pid: 8|app: 0|req: 444/878] 10.0.0.85 () {34 vars in 684 bytes} [Wed Jul 15 06:07:15 2026] POST /v2.0/security-groups => generated 1659 bytes in 173 msecs (HTTP/1.1 201) 4 headers in 163 bytes (1 switches on core 0)
2026-07-15 06:07:15.532 8 INFO neutron_taas.services.taas.taas_plugin [None req-e761f530-ed35-4b39-8b6e-4deeb481d516 1c2db2a627fc43c2820da515903d6096 e4c40ceefa6942449a31bc419ab32f09 - - default default] TaaS: Handle Delete Port: fd49ed5e-9c7a-43cc-8509-0684eb12f559
2026-07-15 06:07:15.536 8 INFO neutron_taas.services.taas.tap_mirror_plugin [None req-e761f530-ed35-4b39-8b6e-4deeb481d516 1c2db2a627fc43c2820da515903d6096 e4c40ceefa6942449a31bc419ab32f09 - - default default] Tap Mirror: Handle Delete Port: fd49ed5e-9c7a-43cc-8509-0684eb12f559
2026-07-15 06:07:15.549 7 INFO neutron.db.ovn_revision_numbers_db [None req-2b166cfd-e5bf-4a26-b676-0c5ee63d768f 1282366d87de4bc883718a898d993a61 9250a2db2d9347c89a94080d958006be - - default default] Successfully bumped revision number for resource 62653b39-eec1-49e8-a2d5-6c9d5071c38b (type: floatingips) to 1
2026-07-15 06:07:15.550 7 INFO neutron.db.l3_db [None req-2b166cfd-e5bf-4a26-b676-0c5ee63d768f 1282366d87de4bc883718a898d993a61 9250a2db2d9347c89a94080d958006be - - default default] Floating IP 62653b39-eec1-49e8-a2d5-6c9d5071c38b associated. External IP: 10.96.250.212, port: 46a0c471-2974-47a7-a7fe-715e0279f231. [pid: 7|app: 0|req: 435/879] 10.0.0.85 () {34 vars in 676 bytes} [Wed Jul 15 06:07:13 2026] POST /v2.0/floatingips => generated 842 bytes in 2515 msecs (HTTP/1.1 201) 4 headers in 162 bytes (1 switches on core 0)
2026-07-15 06:07:15.859 7 INFO neutron_taas.services.taas.taas_plugin [None req-7582a8df-c77d-4312-a9f3-74fbeebb5e98 b69f080ff7ce4c039aae5cadf8a7e168 ea2950f8ecfa4d30a4ecced9b27eb6ba - - default default] TaaS: Handle Delete Port: 8c5850ab-c646-40d4-a05e-7fd16a54f7bf
