2026-07-15 06:07:26.279 7 INFO neutron.db.ovn_revision_numbers_db [req-f89cdc33-2e27-4faa-87a5-9a59e729d0ca req-a0e15e81-8575-4c97-bac9-62380153e739 a99e514ad1de4d4595bcbfe0675486b5 9f5f765e6d134797bb729f45ecb27604 - - 13dd61c2031c4070ab68ecfc059daba7 13dd61c2031c4070ab68ecfc059daba7] Successfully bumped revision number for resource c7225155-b8ef-437f-984e-7926aa7645bc (type: ports) to 2
2026-07-15 06:07:26.353 8 INFO neutron.db.ovn_revision_numbers_db [None req-9232ebf7-98f8-4f1d-a9de-70a0f9c371b0 1c2db2a627fc43c2820da515903d6096 e4c40ceefa6942449a31bc419ab32f09 - - default default] Successfully bumped revision number for resource a524fa91-3488-4c0a-a1aa-3afb50cd6cc6 (type: router_ports) to 1 [pid: 8|app: 0|req: 484/947] 10.0.0.85 () {34 vars in 782 bytes} [Wed Jul 15 06:07:23 2026] PUT /v2.0/routers/ffbe9ce4-cdf8-4194-96b9-aa4c06829e6b/add_router_interface => generated 310 bytes in 3087 msecs (HTTP/1.1 200) 4 headers in 157 bytes (1 switches on core 0) [pid: 8|app: 0|req: 485/948] 10.0.0.223 () {34 vars in 1070 bytes} [Wed Jul 15 06:07:26 2026] GET /v2.0/ports?fields=security_groups&fields=device_id&device_id=11a251b5-7a15-4a0d-81e1-b8e05553a1c9 => generated 123 bytes in 92 msecs (HTTP/1.1 200) 4 headers in 157 bytes (1 switches on core 0)
2026-07-15 06:07:26.513 7 INFO neutron.db.ovn_revision_numbers_db [req-f89cdc33-2e27-4faa-87a5-9a59e729d0ca req-a0e15e81-8575-4c97-bac9-62380153e739 a99e514ad1de4d4595bcbfe0675486b5 9f5f765e6d134797bb729f45ecb27604 - - 13dd61c2031c4070ab68ecfc059daba7 13dd61c2031c4070ab68ecfc059daba7] Successfully bumped revision number for resource c7225155-b8ef-437f-984e-7926aa7645bc (type: ports) to 4 [pid: 7|app: 0|req: 464/949] 199.204.45.72 () {38 vars in 1027 bytes} [Wed Jul 15 06:07:25 2026] PUT /v2.0/ports/c7225155-b8ef-437f-984e-7926aa7645bc => generated 1226 bytes in 700 msecs (HTTP/1.1 200) 4 headers in 158 bytes (1 switches on core 0) /var/lib/openstack/lib/python3.12/site-packages/pycadf/identifier.py:70: UserWarning: Invalid uuid: neutron. To ensure interoperability, identifiers should be a valid uuid. warnings.warn(('Invalid uuid: %s. To ensure interoperability, '
2026-07-15 06:07:26.569 7 INFO neutron.notifiers.nova [-] Nova event matching ['req-3711271f-4d30-4223-b4b1-c62cb8614f5c'] response: {'name': 'network-changed', 'server_uuid': '11a251b5-7a15-4a0d-81e1-b8e05553a1c9', 'tag': 'c7225155-b8ef-437f-984e-7926aa7645bc', 'status': 'completed', 'code': 200}
2026-07-15 06:07:26.571 8 WARNING neutron.db.securitygroups_db [None req-023a5543-711b-4d08-9092-950b8c63065c 1c2db2a627fc43c2820da515903d6096 e4c40ceefa6942449a31bc419ab32f09 - - default default] project_id key not found in filters, using tenant_id instead. This support has been deprecated and will be removed in a future release. [pid: 7|app: 0|req: 465/950] 10.0.0.223 () {34 vars in 1040 bytes} [Wed Jul 15 06:07:26 2026] GET /v2.0/security-groups?id=28468075-7816-44b4-b6e9-16570400d602&fields=id&fields=name => generated 113 bytes in 50 msecs (HTTP/1.1 200) 4 headers in 157 bytes (1 switches on core 0) [pid: 8|app: 0|req: 486/951] 10.0.0.85 () {32 vars in 773 bytes} [Wed Jul 15 06:07:26 2026] GET /v2.0/security-groups?tenant_id=9250a2db2d9347c89a94080d958006be&name=default => generated 2925 bytes in 142 msecs (HTTP/1.1 200) 4 headers in 158 bytes (1 switches on core 0) [pid: 7|app: 0|req: 466/952] 10.0.0.85 () {32 vars in 739 bytes} [Wed Jul 15 06:07:26 2026] DELETE /v2.0/security-groups/cb30a8c9-36e7-4dbc-bd36-7c27f02a662e => generated 0 bytes in 145 msecs (HTTP/1.1 204) 2 headers in 112 bytes (1 switches on core 0) [pid: 8|app: 0|req: 487/953] 10.0.0.85 () {32 vars in 716 bytes} [Wed Jul 15 06:07:26 2026] GET /v2.0/ports/e7d9a923-adc9-4360-8214-936175304780 => generated 941 bytes in 84 msecs (HTTP/1.1 200) 4 headers in 157 bytes (1 switches on core 0) [pid: 8|app: 0|req: 488/954] 199.204.45.72 () {34 vars in 1079 bytes} [Wed Jul 15 06:07:27 2026] GET /v2.0/ports?tenant_id=b041adb8f6ac4e6488a610ed91b37d2b&device_id=11a251b5-7a15-4a0d-81e1-b8e05553a1c9 => generated 1229 bytes in 46 msecs (HTTP/1.1 200) 4 headers in 158 bytes (1 switches on core 0)
2026-07-15 06:07:27.127 7 INFO neutron.db.ovn_revision_numbers_db [None req-15803113-1cea-4722-a3c4-e0bd027290e8 02e9cffd39014319a0897c13b4063fa8 c18e2ce1ec6d40a68799e4522d8ef6c4 - - default default] Successfully bumped revision number for resource 62a65e6e-bff3-413f-9579-85b7f202a8b8 (type: security_groups) to 1
2026-07-15 06:07:27.138 7 INFO neutron.db.ovn_revision_numbers_db [None req-15803113-1cea-4722-a3c4-e0bd027290e8 02e9cffd39014319a0897c13b4063fa8 c18e2ce1ec6d40a68799e4522d8ef6c4 - - default default] Successfully bumped revision number for resource 96a62d57-7cf0-45ee-81a1-476deb1efd03 (type: security_group_rules) to 0
2026-07-15 06:07:27.152 7 INFO neutron.db.ovn_revision_numbers_db [None req-15803113-1cea-4722-a3c4-e0bd027290e8 02e9cffd39014319a0897c13b4063fa8 c18e2ce1ec6d40a68799e4522d8ef6c4 - - default default] Successfully bumped revision number for resource fa6e4969-4210-4e93-a083-615ffe33089d (type: security_group_rules) to 0 [pid: 8|app: 0|req: 489/955] 199.204.45.72 () {34 vars in 1017 bytes} [Wed Jul 15 06:07:27 2026] GET /v2.0/networks?tenant_id=b041adb8f6ac4e6488a610ed91b37d2b&shared=False => generated 806 bytes in 47 msecs (HTTP/1.1 200) 4 headers in 157 bytes (1 switches on core 0) [pid: 7|app: 0|req: 467/956] 10.0.0.85 () {34 vars in 684 bytes} [Wed Jul 15 06:07:27 2026] POST /v2.0/security-groups => generated 1661 bytes in 177 msecs (HTTP/1.1 201) 4 headers in 163 bytes (1 switches on core 0) [pid: 8|app: 0|req: 490/957] 199.204.45.72 () {34 vars in 929 bytes} [Wed Jul 15 06:07:27 2026] GET /v2.0/networks?shared=True => generated 791 bytes in 45 msecs (HTTP/1.1 200) 4 headers in 157 bytes (1 switches on core 0)
2026-07-15 06:07:27.306 7 INFO neutron.db.ovn_revision_numbers_db [None req-fef20d95-737a-4cdc-aa73-427eccddf351 02e9cffd39014319a0897c13b4063fa8 c18e2ce1ec6d40a68799e4522d8ef6c4 - - default default] Successfully bumped revision number for resource 89dcbeeb-9598-47e1-8bc1-d3d66b53efc8 (type: security_group_rules) to 0 [pid: 7|app: 0|req: 468/958] 10.0.0.85 () {34 vars in 694 bytes} [Wed Jul 15 06:07:27 2026] POST /v2.0/security-group-rules => generated 597 bytes in 151 msecs (HTTP/1.1 201) 4 headers in 162 bytes (1 switches on core 0)
2026-07-15 06:07:27.470 8 INFO neutron.db.ovn_revision_numbers_db [None req-79a3ded1-5b4d-4718-b8ba-76a32d537db3 02e9cffd39014319a0897c13b4063fa8 c18e2ce1ec6d40a68799e4522d8ef6c4 - - default default] Successfully bumped revision number for resource 0a44fb84-5ab6-462e-878d-b92916ea2d23 (type: security_group_rules) to 0 [pid: 8|app: 0|req: 491/959] 10.0.0.85 () {34 vars in 694 bytes} [Wed Jul 15 06:07:27 2026] POST /v2.0/security-group-rules => generated 602 bytes in 153 msecs (HTTP/1.1 201) 4 headers in 162 bytes (1 switches on core 0) [pid: 8|app: 0|req: 492/960] 10.0.0.223 () {34 vars in 1070 bytes} [Wed Jul 15 06:07:27 2026] GET /v2.0/ports?fields=security_groups&fields=device_id&device_id=11a251b5-7a15-4a0d-81e1-b8e05553a1c9 => generated 123 bytes in 33 msecs (HTTP/1.1 200) 4 headers in 157 bytes (1 switches on core 0)
2026-07-15 06:07:27.743 7 WARNING neutron.scheduler.dhcp_agent_scheduler [None req-3ce0a48e-4c23-4b47-a5c7-a7b8aecd935a 02e9cffd39014319a0897c13b4063fa8 c18e2ce1ec6d40a68799e4522d8ef6c4 - - default default] No more DHCP agents [pid: 8|app: 0|req: 493/961] 10.0.0.223 () {34 vars in 1040 bytes} [Wed Jul 15 06:07:27 2026] GET /v2.0/security-groups?id=28468075-7816-44b4-b6e9-16570400d602&fields=id&fields=name => generated 113 bytes in 29 msecs (HTTP/1.1 200) 4 headers in 157 bytes (1 switches on core 0)
2026-07-15 06:07:27.747 7 WARNING neutron.api.rpc.agentnotifiers.dhcp_rpc_agent_api [None req-3ce0a48e-4c23-4b47-a5c7-a7b8aecd935a 02e9cffd39014319a0897c13b4063fa8 c18e2ce1ec6d40a68799e4522d8ef6c4 - - default default] Unable to schedule network 0c87e584-60ea-41fe-aa3f-91827559531d: no agents available; will retry on subsequent port and subnet creation events.
2026-07-15 06:07:27.868 7 WARNING neutron.plugins.ml2.drivers.ovn.mech_driver.ovsdb.ovn_client [None req-c1fef8de-e8c2-423c-966c-738e3eff1917 - - - - - -] No hosting information found for port b9c79a5e-adf5-4e96-a261-7d2c09a54893: RuntimeError: No hosting information found for port b9c79a5e-adf5-4e96-a261-7d2c09a54893 [pid: 8|app: 0|req: 494/962] 10.0.0.85 () {32 vars in 716 bytes} [Wed Jul 15 06:07:27 2026] GET /v2.0/ports/e7d9a923-adc9-4360-8214-936175304780 => generated 941 bytes in 36 msecs (HTTP/1.1 200) 4 headers in 157 bytes (1 switches on core 0)
2026-07-15 06:07:27.990 7 INFO neutron.db.ovn_revision_numbers_db [None req-c1fef8de-e8c2-423c-966c-738e3eff1917 - - - - - -] Successfully bumped revision number for resource b9c79a5e-adf5-4e96-a261-7d2c09a54893 (type: router_ports) to 2
2026-07-15 06:07:28.055 7 INFO neutron.plugins.ml2.drivers.ovn.mech_driver.mech_driver [None req-c1fef8de-e8c2-423c-966c-738e3eff1917 - - - - - -] OVN reports status down for port: ede10792-47ec-4c70-ad19-5c31b9a72cae
2026-07-15 06:07:28.163 7 INFO neutron.plugins.ml2.drivers.ovn.mech_driver.mech_driver [None req-c1fef8de-e8c2-423c-966c-738e3eff1917 - - - - - -] OVN reports status down for port: e7d9a923-adc9-4360-8214-936175304780 [pid: 7|app: 0|req: 469/963] 10.0.0.85 () {34 vars in 675 bytes} [Wed Jul 15 06:07:27 2026] POST /v2.0/floatingips => generated 552 bytes in 665 msecs (HTTP/1.1 201) 4 headers in 162 bytes (1 switches on core 0)
2026-07-15 06:07:28.218 7 WARNING neutron.plugins.ml2.drivers.ovn.mech_driver.ovsdb.ovn_client [None req-c1fef8de-e8c2-423c-966c-738e3eff1917 - - - - - -] Logical_Switch_Port e7d9a923-adc9-4360-8214-936175304780 host information not removed, the port state is up
2026-07-15 06:07:28.218 7 INFO neutron.plugins.ml2.drivers.ovn.mech_driver.mech_driver [None req-c1fef8de-e8c2-423c-966c-738e3eff1917 - - - - - -] OVN reports status up for port: e7d9a923-adc9-4360-8214-936175304780
2026-07-15 06:07:28.230 7 INFO neutron.plugins.ml2.plugin [None req-c1fef8de-e8c2-423c-966c-738e3eff1917 - - - - - -] Attempt 1 to provision port e7d9a923-adc9-4360-8214-936175304780 [pid: 8|app: 0|req: 495/964] 199.204.45.72 () {34 vars in 1079 bytes} [Wed Jul 15 06:07:28 2026] GET /v2.0/ports?tenant_id=b041adb8f6ac4e6488a610ed91b37d2b&device_id=11a251b5-7a15-4a0d-81e1-b8e05553a1c9 => generated 1229 bytes in 36 msecs (HTTP/1.1 200) 4 headers in 158 bytes (1 switches on core 0) /var/lib/openstack/lib/python3.12/site-packages/pycadf/identifier.py:70: UserWarning: Invalid uuid: neutron. To ensure interoperability, identifiers should be a valid uuid. warnings.warn(('Invalid uuid: %s. To ensure interoperability, ' [pid: 7|app: 0|req: 470/965] 199.204.45.72 () {34 vars in 1057 bytes} [Wed Jul 15 06:07:28 2026] GET /v2.0/floatingips?fixed_ip_address=10.100.0.5&port_id=c7225155-b8ef-437f-984e-7926aa7645bc => generated 19 bytes in 38 msecs (HTTP/1.1 200) 4 headers in 156 bytes (1 switches on core 0) [pid: 8|app: 0|req: 496/966] 199.204.45.72 () {34 vars in 983 bytes} [Wed Jul 15 06:07:28 2026] GET /v2.0/subnets?id=e51b71b1-5af8-45eb-ba96-15becfb8f425 => generated 687 bytes in 40 msecs (HTTP/1.1 200) 4 headers in 157 bytes (1 switches on core 0) [pid: 8|app: 0|req: 497/967] 199.204.45.72 () {34 vars in 1051 bytes} [Wed Jul 15 06:07:28 2026] GET /v2.0/ports?network_id=8f0ba2da-948c-4e8e-a5bd-088e6432d4b3&device_owner=network%3Adhcp => generated 12 bytes in 28 msecs (HTTP/1.1 200) 4 headers in 156 bytes (1 switches on core 0) [pid: 8|app: 0|req: 498/968] 199.204.45.72 () {34 vars in 1011 bytes} [Wed Jul 15 06:07:28 2026] GET /v2.0/networks/8f0ba2da-948c-4e8e-a5bd-088e6432d4b3?fields=segments => generated 14 bytes in 44 msecs (HTTP/1.1 200) 4 headers in 156 bytes (1 switches on core 0) [pid: 8|app: 0|req: 499/969] 199.204.45.72 () {34 vars in 1111 bytes} [Wed Jul 15 06:07:28 2026] GET /v2.0/networks/8f0ba2da-948c-4e8e-a5bd-088e6432d4b3?fields=provider%3Aphysical_network&fields=provider%3Anetwork_type => generated 79 bytes in 49 msecs (HTTP/1.1 200) 4 headers in 156 bytes (1 switches on core 0)
2026-07-15 06:07:28.599 8 WARNING neutron.db.securitygroups_db [req-8767a5d5-f6b3-4308-86ab-82dbe72fc7d5 req-baf3dc91-04b1-4d68-b24a-0e057b02756e 02e9cffd39014319a0897c13b4063fa8 c18e2ce1ec6d40a68799e4522d8ef6c4 - - default default] project_id key not found in filters, using tenant_id instead. This support has been deprecated and will be removed in a future release. [pid: 8|app: 0|req: 500/970] 10.0.0.223 () {34 vars in 1100 bytes} [Wed Jul 15 06:07:28 2026] GET /v2.0/security-groups?name=tempest-securitygroup--1315987099&fields=id&tenant_id=c18e2ce1ec6d40a68799e4522d8ef6c4 => generated 69 bytes in 32 msecs (HTTP/1.1 200) 4 headers in 156 bytes (1 switches on core 0)
2026-07-15 06:07:28.666 7 INFO neutron.db.ovn_revision_numbers_db [None req-c1fef8de-e8c2-423c-966c-738e3eff1917 - - - - - -] Successfully bumped revision number for resource e7d9a923-adc9-4360-8214-936175304780 (type: ports) to 2 [pid: 8|app: 0|req: 501/971] 10.0.0.223 () {34 vars in 982 bytes} [Wed Jul 15 06:07:28 2026] GET /v2.0/networks?id=0437ea70-c947-4037-bd99-69440a36f6e1 => generated 714 bytes in 55 msecs (HTTP/1.1 200) 4 headers in 157 bytes (1 switches on core 0) [pid: 8|app: 0|req: 502/972] 10.0.0.223 () {34 vars in 965 bytes} [Wed Jul 15 06:07:28 2026] GET /v2.0/quotas/c18e2ce1ec6d40a68799e4522d8ef6c4 => generated 312 bytes in 8 msecs (HTTP/1.1 200) 4 headers in 157 bytes (1 switches on core 0) [pid: 8|app: 0|req: 503/973] 10.0.0.223 () {34 vars in 1002 bytes} [Wed Jul 15 06:07:28 2026] GET /v2.0/ports?tenant_id=c18e2ce1ec6d40a68799e4522d8ef6c4&fields=id => generated 103 bytes in 92 msecs (HTTP/1.1 200) 4 headers in 157 bytes (1 switches on core 0)
2026-07-15 06:07:28.852 7 INFO neutron.db.ovn_revision_numbers_db [None req-f32a27af-6520-48b4-879b-8edab6c59fa9 97f82cff08444446b082d1889d48364b a9fa98a038fe4f73b77d36d48be08f4f - - default default] Successfully bumped revision number for resource 199b005b-0766-4704-bc94-fbe2f8fe1ab6 (type: security_groups) to 1 [pid: 8|app: 0|req: 504/974] 10.0.0.223 () {34 vars in 1008 bytes} [Wed Jul 15 06:07:28 2026] GET /v2.0/networks/0437ea70-c947-4037-bd99-69440a36f6e1?fields=segments => generated 14 bytes in 41 msecs (HTTP/1.1 200) 4 headers in 156 bytes (1 switches on core 0)
2026-07-15 06:07:28.867 7 INFO neutron.db.ovn_revision_numbers_db [None req-f32a27af-6520-48b4-879b-8edab6c59fa9 97f82cff08444446b082d1889d48364b a9fa98a038fe4f73b77d36d48be08f4f - - default default] Successfully bumped revision number for resource 01b5b515-ecf3-4017-901d-8bdd83a7d4ff (type: security_group_rules) to 0 [pid: 8|app: 0|req: 505/975] 10.0.0.223 () {34 vars in 1070 bytes} [Wed Jul 15 06:07:28 2026] GET /v2.0/ports?fields=security_groups&fields=device_id&device_id=11a251b5-7a15-4a0d-81e1-b8e05553a1c9 => generated 123 bytes in 31 msecs (HTTP/1.1 200) 4 headers in 157 bytes (1 switches on core 0)
2026-07-15 06:07:28.892 7 INFO neutron.db.ovn_revision_numbers_db [None req-f32a27af-6520-48b4-879b-8edab6c59fa9 97f82cff08444446b082d1889d48364b a9fa98a038fe4f73b77d36d48be08f4f - - default default] Successfully bumped revision number for resource a23bc2ac-fe1c-497d-9f4d-7ec87267a276 (type: security_group_rules) to 0
2026-07-15 06:07:28.906 7 INFO neutron.db.ovn_revision_numbers_db [None req-f32a27af-6520-48b4-879b-8edab6c59fa9 97f82cff08444446b082d1889d48364b a9fa98a038fe4f73b77d36d48be08f4f - - default default] Successfully bumped revision number for resource adb4ee6d-42d5-43fa-b1c0-9c60da67d1c8 (type: security_group_rules) to 0
2026-07-15 06:07:28.918 7 INFO neutron.db.ovn_revision_numbers_db [None req-f32a27af-6520-48b4-879b-8edab6c59fa9 97f82cff08444446b082d1889d48364b a9fa98a038fe4f73b77d36d48be08f4f - - default default] Successfully bumped revision number for resource cabaefb7-ec87-42a0-9787-a04c5664c232 (type: security_group_rules) to 0 [pid: 8|app: 0|req: 506/976] 10.0.0.223 () {34 vars in 1108 bytes} [Wed Jul 15 06:07:28 2026] GET /v2.0/networks/0437ea70-c947-4037-bd99-69440a36f6e1?fields=provider%3Aphysical_network&fields=provider%3Anetwork_type => generated 79 bytes in 35 msecs (HTTP/1.1 200) 4 headers in 156 bytes (1 switches on core 0) [pid: 8|app: 0|req: 507/977] 10.0.0.223 () {34 vars in 1040 bytes} [Wed Jul 15 06:07:28 2026] GET /v2.0/security-groups?id=28468075-7816-44b4-b6e9-16570400d602&fields=id&fields=name => generated 113 bytes in 27 msecs (HTTP/1.1 200) 4 headers in 157 bytes (1 switches on core 0)
2026-07-15 06:07:28.995 7 INFO neutron.db.segments_db [None req-f32a27af-6520-48b4-879b-8edab6c59fa9 97f82cff08444446b082d1889d48364b a9fa98a038fe4f73b77d36d48be08f4f - - default default] Added segment 46b48091-ef43-4507-84ef-7d9f4f120567 of type geneve for network 2eb7862b-8137-426a-a877-79a6df125e3e [pid: 8|app: 0|req: 508/978] 10.0.0.85 () {32 vars in 716 bytes} [Wed Jul 15 06:07:28 2026] GET /v2.0/ports/e7d9a923-adc9-4360-8214-936175304780 => generated 943 bytes in 39 msecs (HTTP/1.1 200) 4 headers in 157 bytes (1 switches on core 0)
2026-07-15 06:07:29.124 7 INFO neutron.db.ovn_revision_numbers_db [None req-f32a27af-6520-48b4-879b-8edab6c59fa9 97f82cff08444446b082d1889d48364b a9fa98a038fe4f73b77d36d48be08f4f - - default default] Successfully bumped revision number for resource 2eb7862b-8137-426a-a877-79a6df125e3e (type: networks) to 1
2026-07-15 06:07:29.331 7 WARNING neutron.scheduler.dhcp_agent_scheduler [None req-f32a27af-6520-48b4-879b-8edab6c59fa9 97f82cff08444446b082d1889d48364b a9fa98a038fe4f73b77d36d48be08f4f - - default default] No more DHCP agents
2026-07-15 06:07:29.333 7 WARNING neutron.api.rpc.agentnotifiers.dhcp_rpc_agent_api [None req-f32a27af-6520-48b4-879b-8edab6c59fa9 97f82cff08444446b082d1889d48364b a9fa98a038fe4f73b77d36d48be08f4f - - default default] Unable to schedule network 2eb7862b-8137-426a-a877-79a6df125e3e: no agents available; will retry on subsequent port and subnet creation events.
2026-07-15 06:07:29.337 8 INFO neutron_taas.services.taas.taas_plugin [None req-ce149836-6c2a-46d5-8f4d-23da3811a1ac b69f080ff7ce4c039aae5cadf8a7e168 ea2950f8ecfa4d30a4ecced9b27eb6ba - - default default] TaaS: Handle Delete Port: e7d9a923-adc9-4360-8214-936175304780
2026-07-15 06:07:29.341 8 INFO neutron_taas.services.taas.tap_mirror_plugin [None req-ce149836-6c2a-46d5-8f4d-23da3811a1ac b69f080ff7ce4c039aae5cadf8a7e168 ea2950f8ecfa4d30a4ecced9b27eb6ba - - default default] Tap Mirror: Handle Delete Port: e7d9a923-adc9-4360-8214-936175304780
2026-07-15 06:07:29.426 7 INFO neutron.db.ovn_revision_numbers_db [None req-f32a27af-6520-48b4-879b-8edab6c59fa9 97f82cff08444446b082d1889d48364b a9fa98a038fe4f73b77d36d48be08f4f - - default default] Successfully bumped revision number for resource d25d7ead-88b8-4ed3-92c6-25c9294ca188 (type: ports) to 1 [pid: 7|app: 0|req: 471/979] 10.0.0.85 () {34 vars in 669 bytes} [Wed Jul 15 06:07:28 2026] POST /v2.0/networks => generated 686 bytes in 1075 msecs (HTTP/1.1 201) 4 headers in 162 bytes (1 switches on core 0) [pid: 7|app: 0|req: 472/980] 10.0.0.223 () {34 vars in 1070 bytes} [Wed Jul 15 06:07:29 2026] GET /v2.0/ports?fields=security_groups&fields=device_id&device_id=55c6949e-7dcb-477a-b6d4-7f4d4593e85b => generated 12 bytes in 22 msecs (HTTP/1.1 200) 4 headers in 156 bytes (1 switches on core 0)
2026-07-15 06:07:29.707 7 WARNING neutron.scheduler.dhcp_agent_scheduler [None req-d0d44eb3-cd37-4251-bbb6-63d6bb76d124 97f82cff08444446b082d1889d48364b a9fa98a038fe4f73b77d36d48be08f4f - - default default] No more DHCP agents
2026-07-15 06:07:29.708 7 WARNING neutron.api.rpc.agentnotifiers.dhcp_rpc_agent_api [None req-d0d44eb3-cd37-4251-bbb6-63d6bb76d124 97f82cff08444446b082d1889d48364b a9fa98a038fe4f73b77d36d48be08f4f - - default default] Unable to schedule network 2eb7862b-8137-426a-a877-79a6df125e3e: no agents available; will retry on subsequent port and subnet creation events. [pid: 8|app: 0|req: 509/981] 10.0.0.85 () {34 vars in 788 bytes} [Wed Jul 15 06:07:29 2026] PUT /v2.0/routers/1107b94e-ac5b-4c47-ac4f-9452895d2bd6/remove_router_interface => generated 310 bytes in 698 msecs (HTTP/1.1 200) 4 headers in 157 bytes (1 switches on core 0) /var/lib/openstack/lib/python3.12/site-packages/pycadf/identifier.py:70: UserWarning: Invalid uuid: neutron. To ensure interoperability, identifiers should be a valid uuid. warnings.warn(('Invalid uuid: %s. To ensure interoperability, ' [pid: 8|app: 0|req: 510/982] 10.0.0.85 () {32 vars in 735 bytes} [Wed Jul 15 06:07:29 2026] GET /v2.0/ports?device_id=1107b94e-ac5b-4c47-ac4f-9452895d2bd6 => generated 12 bytes in 45 msecs (HTTP/1.1 200) 4 headers in 156 bytes (1 switches on core 0)
2026-07-15 06:07:29.783 7 INFO neutron.db.ovn_revision_numbers_db [None req-d0d44eb3-cd37-4251-bbb6-63d6bb76d124 97f82cff08444446b082d1889d48364b a9fa98a038fe4f73b77d36d48be08f4f - - default default] Successfully bumped revision number for resource d73e8fbf-a5f0-4dbc-80f5-1294599df787 (type: ports) to 1 [pid: 7|app: 0|req: 473/983] 10.0.0.85 () {34 vars in 664 bytes} [Wed Jul 15 06:07:29 2026] POST /v2.0/ports => generated 779 bytes in 334 msecs (HTTP/1.1 201) 4 headers in 162 bytes (1 switches on core 0) /var/lib/openstack/lib/python3.12/site-packages/pycadf/identifier.py:70: UserWarning: Invalid uuid: neutron. To ensure interoperability, identifiers should be a valid uuid. warnings.warn(('Invalid uuid: %s. To ensure interoperability, '
2026-07-15 06:07:29.924 7 INFO neutron.db.segments_db [None req-89961956-bde4-492b-93e0-5af05fc47ade 97f82cff08444446b082d1889d48364b a9fa98a038fe4f73b77d36d48be08f4f - - default default] Added segment a035a926-71b5-4068-b1b6-4d88c2171ff1 of type geneve for network e0dae2de-7b69-406a-bd22-2ab9b3b0e572 [pid: 8|app: 0|req: 511/984] 10.0.0.85 () {32 vars in 723 bytes} [Wed Jul 15 06:07:29 2026] DELETE /v2.0/routers/1107b94e-ac5b-4c47-ac4f-9452895d2bd6 => generated 0 bytes in 195 msecs (HTTP/1.1 204) 2 headers in 112 bytes (1 switches on core 0)
2026-07-15 06:07:30.043 7 INFO neutron.db.ovn_revision_numbers_db [None req-89961956-bde4-492b-93e0-5af05fc47ade 97f82cff08444446b082d1889d48364b a9fa98a038fe4f73b77d36d48be08f4f - - default default] Successfully bumped revision number for resource e0dae2de-7b69-406a-bd22-2ab9b3b0e572 (type: networks) to 1 [pid: 8|app: 0|req: 512/985] 10.0.0.85 () {32 vars in 723 bytes} [Wed Jul 15 06:07:29 2026] DELETE /v2.0/subnets/b014e188-6f16-4a8a-a624-34029ebe5303 => generated 0 bytes in 196 msecs (HTTP/1.1 204) 3 headers in 131 bytes (1 switches on core 0) [pid: 8|app: 0|req: 513/986] 10.0.0.223 () {34 vars in 1070 bytes} [Wed Jul 15 06:07:30 2026] GET /v2.0/ports?fields=security_groups&fields=device_id&device_id=11a251b5-7a15-4a0d-81e1-b8e05553a1c9 => generated 123 bytes in 34 msecs (HTTP/1.1 200) 4 headers in 157 bytes (1 switches on core 0)
2026-07-15 06:07:30.220 7 WARNING neutron.scheduler.dhcp_agent_scheduler [None req-89961956-bde4-492b-93e0-5af05fc47ade 97f82cff08444446b082d1889d48364b a9fa98a038fe4f73b77d36d48be08f4f - - default default] No more DHCP agents
2026-07-15 06:07:30.222 7 WARNING neutron.api.rpc.agentnotifiers.dhcp_rpc_agent_api [None req-89961956-bde4-492b-93e0-5af05fc47ade 97f82cff08444446b082d1889d48364b a9fa98a038fe4f73b77d36d48be08f4f - - default default] Unable to schedule network e0dae2de-7b69-406a-bd22-2ab9b3b0e572: no agents available; will retry on subsequent port and subnet creation events.
2026-07-15 06:07:30.305 7 INFO neutron.db.ovn_revision_numbers_db [None req-89961956-bde4-492b-93e0-5af05fc47ade 97f82cff08444446b082d1889d48364b a9fa98a038fe4f73b77d36d48be08f4f - - default default] Successfully bumped revision number for resource 9e6749af-02d9-429c-9c33-b57c7b4f05ae (type: ports) to 1
2026-07-15 06:07:30.325 8 INFO neutron_taas.services.taas.taas_plugin [None req-09e2ad76-9138-4e96-a346-a41e581b0fd6 b69f080ff7ce4c039aae5cadf8a7e168 ea2950f8ecfa4d30a4ecced9b27eb6ba - - default default] TaaS: Handle Delete Port: ede10792-47ec-4c70-ad19-5c31b9a72cae [pid: 7|app: 0|req: 474/987] 10.0.0.85 () {34 vars in 669 bytes} [Wed Jul 15 06:07:29 2026] POST /v2.0/networks => generated 674 bytes in 515 msecs (HTTP/1.1 201) 4 headers in 162 bytes (1 switches on core 0)
2026-07-15 06:07:30.328 8 INFO neutron_taas.services.taas.tap_mirror_plugin [None req-09e2ad76-9138-4e96-a346-a41e581b0fd6 b69f080ff7ce4c039aae5cadf8a7e168 ea2950f8ecfa4d30a4ecced9b27eb6ba - - default default] Tap Mirror: Handle Delete Port: ede10792-47ec-4c70-ad19-5c31b9a72cae [pid: 7|app: 0|req: 475/988] 10.0.0.223 () {34 vars in 1040 bytes} [Wed Jul 15 06:07:30 2026] GET /v2.0/security-groups?id=28468075-7816-44b4-b6e9-16570400d602&fields=id&fields=name => generated 113 bytes in 27 msecs (HTTP/1.1 200) 4 headers in 157 bytes (1 switches on core 0)
2026-07-15 06:07:30.492 8 INFO neutron.services.segments.plugin [-] Segment 49bc989a-63be-43a0-a92a-8e1d33ab120a resource provider aggregate not found
2026-07-15 06:07:30.497 8 INFO neutron.services.segments.plugin [-] Segment 49bc989a-63be-43a0-a92a-8e1d33ab120a resource provider aggregate not found
2026-07-15 06:07:30.518 8 INFO neutron.services.segments.plugin [-] Client error retrieving segment 49bc989a-63be-43a0-a92a-8e1d33ab120a resource provider; error: Placement Client Error (4xx): {"errors": [{"status": 404, "title": "Not Found", "detail": "The resource could not be found.\n\n No resource provider with uuid 49bc989a-63be-43a0-a92a-8e1d33ab120a found for delete ", "request_id": "req-4104935e-61b3-4f99-bda3-db7c888c0a1e"}]}
2026-07-15 06:07:30.520 8 INFO neutron.services.segments.plugin [-] Client error retrieving segment 49bc989a-63be-43a0-a92a-8e1d33ab120a resource provider; error: Placement Client Error (4xx): {"errors": [{"status": 404, "title": "Not Found", "detail": "The resource could not be found.\n\n No resource provider with uuid 49bc989a-63be-43a0-a92a-8e1d33ab120a found for delete ", "request_id": "req-b7a437bb-cc7f-4540-b3fe-f4dfa9630169"}]} [pid: 8|app: 0|req: 514/989] 10.0.0.85 () {32 vars in 725 bytes} [Wed Jul 15 06:07:30 2026] DELETE /v2.0/networks/b619509c-8983-4651-966e-6bd665b11eee => generated 0 bytes in 326 msecs (HTTP/1.1 204) 3 headers in 131 bytes (1 switches on core 0)
2026-07-15 06:07:30.538 7 WARNING neutron.scheduler.dhcp_agent_scheduler [None req-0fdc3942-945c-4d27-ba79-0c0658205fcf 97f82cff08444446b082d1889d48364b a9fa98a038fe4f73b77d36d48be08f4f - - default default] No more DHCP agents
2026-07-15 06:07:30.539 7 WARNING neutron.api.rpc.agentnotifiers.dhcp_rpc_agent_api [None req-0fdc3942-945c-4d27-ba79-0c0658205fcf 97f82cff08444446b082d1889d48364b a9fa98a038fe4f73b77d36d48be08f4f - - default default] Unable to schedule network e0dae2de-7b69-406a-bd22-2ab9b3b0e572: no agents available; will retry on subsequent port and subnet creation events.
2026-07-15 06:07:30.590 7 INFO neutron.db.ovn_revision_numbers_db [None req-0fdc3942-945c-4d27-ba79-0c0658205fcf 97f82cff08444446b082d1889d48364b a9fa98a038fe4f73b77d36d48be08f4f - - default default] Successfully bumped revision number for resource 9c21cbc1-4b2b-4071-98e8-9c168a3c8ba5 (type: subnets) to 0 [pid: 7|app: 0|req: 476/990] 10.0.0.85 () {34 vars in 668 bytes} [Wed Jul 15 06:07:30 2026] POST /v2.0/subnets => generated 646 bytes in 248 msecs (HTTP/1.1 201) 4 headers in 162 bytes (1 switches on core 0) [pid: 7|app: 0|req: 477/991] 10.0.0.223 () {34 vars in 1070 bytes} [Wed Jul 15 06:07:30 2026] GET /v2.0/ports?fields=security_groups&fields=device_id&device_id=55c6949e-7dcb-477a-b6d4-7f4d4593e85b => generated 12 bytes in 22 msecs (HTTP/1.1 200) 4 headers in 156 bytes (1 switches on core 0)
2026-07-15 06:07:30.745 8 WARNING neutron.plugins.ml2.drivers.ovn.mech_driver.ovsdb.ovn_client [None req-e5faa62d-edb7-49e4-8860-8c5699f07cd8 - - - - - -] No hosting information found for port a524fa91-3488-4c0a-a1aa-3afb50cd6cc6: RuntimeError: No hosting information found for port a524fa91-3488-4c0a-a1aa-3afb50cd6cc6
2026-07-15 06:07:30.820 8 INFO neutron.common.ovn.utils [None req-e5faa62d-edb7-49e4-8860-8c5699f07cd8 - - - - - -] HA Chassis Group neutron-0437ea70-c947-4037-bd99-69440a36f6e1 synchronized; highest priority chassis 4d7a1937-13f1-49d2-9b5d-069ea7063914
2026-07-15 06:07:30.904 7 WARNING neutron.scheduler.dhcp_agent_scheduler [None req-e97c7b32-4610-4f0e-ad6d-aef9b4904f68 97f82cff08444446b082d1889d48364b a9fa98a038fe4f73b77d36d48be08f4f - - default default] No more DHCP agents
2026-07-15 06:07:30.906 7 WARNING neutron.api.rpc.agentnotifiers.dhcp_rpc_agent_api [None req-e97c7b32-4610-4f0e-ad6d-aef9b4904f68 97f82cff08444446b082d1889d48364b a9fa98a038fe4f73b77d36d48be08f4f - - default default] Unable to schedule network e0dae2de-7b69-406a-bd22-2ab9b3b0e572: no agents available; will retry on subsequent port and subnet creation events.
2026-07-15 06:07:31.053 7 INFO neutron.db.ovn_revision_numbers_db [None req-e97c7b32-4610-4f0e-ad6d-aef9b4904f68 97f82cff08444446b082d1889d48364b a9fa98a038fe4f73b77d36d48be08f4f - - default default] Successfully bumped revision number for resource 22e076cb-4700-43fb-9180-05c70c59d055 (type: ports) to 1 [pid: 7|app: 0|req: 478/992] 10.0.0.85 () {34 vars in 664 bytes} [Wed Jul 15 06:07:30 2026] POST /v2.0/ports => generated 962 bytes in 450 msecs (HTTP/1.1 201) 4 headers in 162 bytes (1 switches on core 0) /var/lib/openstack/lib/python3.12/site-packages/pycadf/identifier.py:70: UserWarning: Invalid uuid: neutron. To ensure interoperability, identifiers should be a valid uuid. warnings.warn(('Invalid uuid: %s. To ensure interoperability, '
2026-07-15 06:07:31.210 7 INFO neutron_taas.services.taas.taas_plugin [None req-b343ccca-3e19-4e5b-817d-d72954519d97 97f82cff08444446b082d1889d48364b a9fa98a038fe4f73b77d36d48be08f4f - - default default] TaaS: Handle Delete Port: 22e076cb-4700-43fb-9180-05c70c59d055
2026-07-15 06:07:31.213 7 INFO neutron_taas.services.taas.tap_mirror_plugin [None req-b343ccca-3e19-4e5b-817d-d72954519d97 97f82cff08444446b082d1889d48364b a9fa98a038fe4f73b77d36d48be08f4f - - default default] Tap Mirror: Handle Delete Port: 22e076cb-4700-43fb-9180-05c70c59d055 [pid: 7|app: 0|req: 479/993] 10.0.0.85 () {32 vars in 719 bytes} [Wed Jul 15 06:07:31 2026] DELETE /v2.0/ports/22e076cb-4700-43fb-9180-05c70c59d055 => generated 0 bytes in 282 msecs (HTTP/1.1 204) 3 headers in 131 bytes (1 switches on core 0)
2026-07-15 06:07:31.392 7 INFO neutron.pecan_wsgi.hooks.translation [None req-b6328f11-38b5-4164-9d2a-c6efbc09be1e 97f82cff08444446b082d1889d48364b a9fa98a038fe4f73b77d36d48be08f4f - - default default] DELETE failed (client error): The resource could not be found. [pid: 7|app: 0|req: 480/994] 10.0.0.85 () {32 vars in 719 bytes} [Wed Jul 15 06:07:31 2026] DELETE /v2.0/ports/22e076cb-4700-43fb-9180-05c70c59d055 => generated 132 bytes in 32 msecs (HTTP/1.1 404) 4 headers in 164 bytes (1 switches on core 0)
2026-07-15 06:07:31.422 7 INFO neutron.pecan_wsgi.hooks.translation [None req-1d1a13f1-414c-4581-a89c-a940e2acd711 97f82cff08444446b082d1889d48364b a9fa98a038fe4f73b77d36d48be08f4f - - default default] GET failed (client error): The resource could not be found. [pid: 7|app: 0|req: 481/995] 10.0.0.85 () {32 vars in 716 bytes} [Wed Jul 15 06:07:31 2026] GET /v2.0/ports/22e076cb-4700-43fb-9180-05c70c59d055 => generated 132 bytes in 20 msecs (HTTP/1.1 404) 4 headers in 164 bytes (1 switches on core 0)
2026-07-15 06:07:31.561 8 INFO neutron.db.ovn_revision_numbers_db [None req-e5faa62d-edb7-49e4-8860-8c5699f07cd8 - - - - - -] Successfully bumped revision number for resource a524fa91-3488-4c0a-a1aa-3afb50cd6cc6 (type: router_ports) to 2
2026-07-15 06:07:31.561 8 INFO neutron.plugins.ml2.drivers.ovn.mech_driver.mech_driver [None req-e5faa62d-edb7-49e4-8860-8c5699f07cd8 - - - - - -] OVN reports status down for port: d25d7ead-88b8-4ed3-92c6-25c9294ca188 [pid: 7|app: 0|req: 482/996] 10.0.0.85 () {32 vars in 723 bytes} [Wed Jul 15 06:07:31 2026] DELETE /v2.0/subnets/9c21cbc1-4b2b-4071-98e8-9c168a3c8ba5 => generated 0 bytes in 150 msecs (HTTP/1.1 204) 3 headers in 131 bytes (1 switches on core 0) [pid: 7|app: 0|req: 483/997] 10.0.0.223 () {34 vars in 1070 bytes} [Wed Jul 15 06:07:31 2026] GET /v2.0/ports?fields=security_groups&fields=device_id&device_id=11a251b5-7a15-4a0d-81e1-b8e05553a1c9 => generated 123 bytes in 68 msecs (HTTP/1.1 200) 4 headers in 157 bytes (1 switches on core 0)
2026-07-15 06:07:31.696 8 WARNING neutron.scheduler.dhcp_agent_scheduler [None req-57e13e43-684f-4bb0-82af-e2fda93fa148 b69f080ff7ce4c039aae5cadf8a7e168 ea2950f8ecfa4d30a4ecced9b27eb6ba - - default default] No more DHCP agents
2026-07-15 06:07:31.697 8 WARNING neutron.api.rpc.agentnotifiers.dhcp_rpc_agent_api [None req-57e13e43-684f-4bb0-82af-e2fda93fa148 b69f080ff7ce4c039aae5cadf8a7e168 ea2950f8ecfa4d30a4ecced9b27eb6ba - - default default] Unable to schedule network 0c87e584-60ea-41fe-aa3f-91827559531d: no agents available; will retry on subsequent port and subnet creation events.
2026-07-15 06:07:31.751 7 INFO neutron_taas.services.taas.taas_plugin [None req-14c59add-1d60-46ec-87d3-9921d7bdb4d3 97f82cff08444446b082d1889d48364b a9fa98a038fe4f73b77d36d48be08f4f - - default default] TaaS: Handle Delete Port: 9e6749af-02d9-429c-9c33-b57c7b4f05ae
2026-07-15 06:07:31.754 7 INFO neutron_taas.services.taas.tap_mirror_plugin [None req-14c59add-1d60-46ec-87d3-9921d7bdb4d3 97f82cff08444446b082d1889d48364b a9fa98a038fe4f73b77d36d48be08f4f - - default default] Tap Mirror: Handle Delete Port: 9e6749af-02d9-429c-9c33-b57c7b4f05ae
2026-07-15 06:07:31.835 8 INFO neutron.db.ovn_revision_numbers_db [None req-57e13e43-684f-4bb0-82af-e2fda93fa148 b69f080ff7ce4c039aae5cadf8a7e168 ea2950f8ecfa4d30a4ecced9b27eb6ba - - default default] Successfully bumped revision number for resource f7752587-d2c8-4bcd-95bb-d8cbeeb2802c (type: ports) to 1
2026-07-15 06:07:31.960 7 INFO neutron.services.segments.plugin [-] Segment a035a926-71b5-4068-b1b6-4d88c2171ff1 resource provider aggregate not found
2026-07-15 06:07:31.966 7 INFO neutron.services.segments.plugin [-] Segment a035a926-71b5-4068-b1b6-4d88c2171ff1 resource provider aggregate not found
2026-07-15 06:07:31.983 7 INFO neutron.services.segments.plugin [-] Client error retrieving segment a035a926-71b5-4068-b1b6-4d88c2171ff1 resource provider; error: Placement Client Error (4xx): {"errors": [{"status": 404, "title": "Not Found", "detail": "The resource could not be found.\n\n No resource provider with uuid a035a926-71b5-4068-b1b6-4d88c2171ff1 found for delete ", "request_id": "req-75d50f31-c924-4e7d-abb9-33a758312ce7"}]}
2026-07-15 06:07:31.984 7 INFO neutron.services.segments.plugin [-] Client error retrieving segment a035a926-71b5-4068-b1b6-4d88c2171ff1 resource provider; error: Placement Client Error (4xx): {"errors": [{"status": 404, "title": "Not Found", "detail": "The resource could not be found.\n\n No resource provider with uuid a035a926-71b5-4068-b1b6-4d88c2171ff1 found for delete ", "request_id": "req-053629c7-8f2d-4cad-9f97-ed797727e75a"}]} [pid: 7|app: 0|req: 484/998] 10.0.0.85 () {32 vars in 725 bytes} [Wed Jul 15 06:07:31 2026] DELETE /v2.0/networks/e0dae2de-7b69-406a-bd22-2ab9b3b0e572 => generated 0 bytes in 358 msecs (HTTP/1.1 204) 3 headers in 131 bytes (1 switches on core 0) [pid: 7|app: 0|req: 485/999] 10.0.0.223 () {34 vars in 1040 bytes} [Wed Jul 15 06:07:32 2026] GET /v2.0/security-groups?id=28468075-7816-44b4-b6e9-16570400d602&fields=id&fields=name => generated 113 bytes in 26 msecs (HTTP/1.1 200) 4 headers in 157 bytes (1 switches on core 0) [pid: 7|app: 0|req: 486/1000] 10.0.0.223 () {34 vars in 1070 bytes} [Wed Jul 15 06:07:32 2026] GET /v2.0/ports?fields=security_groups&fields=device_id&device_id=55c6949e-7dcb-477a-b6d4-7f4d4593e85b => generated 12 bytes in 16 msecs (HTTP/1.1 200) 4 headers in 156 bytes (1 switches on core 0)
2026-07-15 06:07:32.134 7 INFO neutron.db.segments_db [None req-5c7a9a1b-3ec2-4bc9-b139-9fce7bac2267 97f82cff08444446b082d1889d48364b a9fa98a038fe4f73b77d36d48be08f4f - - default default] Added segment f583897d-170c-4eaa-969f-8ac7c51d69b9 of type geneve for network 5b6813b7-da1b-45cf-9aae-9dd05dca5ff9
2026-07-15 06:07:32.249 7 INFO neutron.db.ovn_revision_numbers_db [None req-5c7a9a1b-3ec2-4bc9-b139-9fce7bac2267 97f82cff08444446b082d1889d48364b a9fa98a038fe4f73b77d36d48be08f4f - - default default] Successfully bumped revision number for resource 5b6813b7-da1b-45cf-9aae-9dd05dca5ff9 (type: networks) to 1
2026-07-15 06:07:32.421 8 INFO neutron.db.ovn_revision_numbers_db [None req-57e13e43-684f-4bb0-82af-e2fda93fa148 b69f080ff7ce4c039aae5cadf8a7e168 ea2950f8ecfa4d30a4ecced9b27eb6ba - - default default] Successfully bumped revision number for resource f7752587-d2c8-4bcd-95bb-d8cbeeb2802c (type: router_ports) to 1
2026-07-15 06:07:32.473 7 WARNING neutron.scheduler.dhcp_agent_scheduler [None req-5c7a9a1b-3ec2-4bc9-b139-9fce7bac2267 97f82cff08444446b082d1889d48364b a9fa98a038fe4f73b77d36d48be08f4f - - default default] No more DHCP agents
2026-07-15 06:07:32.474 7 WARNING neutron.api.rpc.agentnotifiers.dhcp_rpc_agent_api [None req-5c7a9a1b-3ec2-4bc9-b139-9fce7bac2267 97f82cff08444446b082d1889d48364b a9fa98a038fe4f73b77d36d48be08f4f - - default default] Unable to schedule network 5b6813b7-da1b-45cf-9aae-9dd05dca5ff9: no agents available; will retry on subsequent port and subnet creation events.
2026-07-15 06:07:32.488 8 INFO neutron.db.ovn_revision_numbers_db [None req-57e13e43-684f-4bb0-82af-e2fda93fa148 b69f080ff7ce4c039aae5cadf8a7e168 ea2950f8ecfa4d30a4ecced9b27eb6ba - - default default] Successfully bumped revision number for resource dbf1fb86-4597-4d16-abf3-26ae756489cc (type: routers) to 2 [pid: 8|app: 0|req: 515/1001] 10.0.0.85 () {34 vars in 668 bytes} [Wed Jul 15 06:07:30 2026] POST /v2.0/routers => generated 968 bytes in 1966 msecs (HTTP/1.1 201) 4 headers in 162 bytes (1 switches on core 0)
2026-07-15 06:07:32.560 7 INFO neutron.db.ovn_revision_numbers_db [None req-5c7a9a1b-3ec2-4bc9-b139-9fce7bac2267 97f82cff08444446b082d1889d48364b a9fa98a038fe4f73b77d36d48be08f4f - - default default] Successfully bumped revision number for resource da0fb078-3dc4-4e44-9619-00af01e9d895 (type: ports) to 1 [pid: 7|app: 0|req: 487/1004] 10.0.0.85 () {34 vars in 669 bytes} [Wed Jul 15 06:07:32 2026] POST /v2.0/networks => generated 674 bytes in 531 msecs (HTTP/1.1 201) 4 headers in 162 bytes (1 switches on core 0) [pid: 8|app: 0|req: 518/1005] 10.0.0.85 () {32 vars in 720 bytes} [Wed Jul 15 06:07:32 2026] GET /v2.0/routers/dbf1fb86-4597-4d16-abf3-26ae756489cc => generated 974 bytes in 83 msecs (HTTP/1.1 200) 4 headers in 157 bytes (1 switches on core 0) [pid: 8|app: 0|req: 519/1006] 10.0.0.85 () {32 vars in 646 bytes} [Wed Jul 15 06:07:32 2026] GET /v2.0/routers => generated 977 bytes in 84 msecs (HTTP/1.1 200) 4 headers in 157 bytes (1 switches on core 0)
2026-07-15 06:07:32.727 7 WARNING neutron.scheduler.dhcp_agent_scheduler [None req-ed4c91fe-c979-4783-a29f-b44f149a4a41 97f82cff08444446b082d1889d48364b a9fa98a038fe4f73b77d36d48be08f4f - - default default] No more DHCP agents
2026-07-15 06:07:32.728 7 WARNING neutron.api.rpc.agentnotifiers.dhcp_rpc_agent_api [None req-ed4c91fe-c979-4783-a29f-b44f149a4a41 97f82cff08444446b082d1889d48364b a9fa98a038fe4f73b77d36d48be08f4f - - default default] Unable to schedule network 5b6813b7-da1b-45cf-9aae-9dd05dca5ff9: no agents available; will retry on subsequent port and subnet creation events.
2026-07-15 06:07:32.754 7 INFO neutron.db.ovn_revision_numbers_db [None req-ed4c91fe-c979-4783-a29f-b44f149a4a41 97f82cff08444446b082d1889d48364b a9fa98a038fe4f73b77d36d48be08f4f - - default default] Successfully bumped revision number for resource a5a783ff-8019-4e6d-a067-bafe17406a3c (type: subnets) to 0 [pid: 7|app: 0|req: 488/1007] 10.0.0.85 () {34 vars in 668 bytes} [Wed Jul 15 06:07:32 2026] POST /v2.0/subnets => generated 646 bytes in 182 msecs (HTTP/1.1 201) 4 headers in 162 bytes (1 switches on core 0)
2026-07-15 06:07:32.975 7 WARNING neutron.scheduler.dhcp_agent_scheduler [None req-d6dffa83-fa23-4cf2-b808-76a747a09628 97f82cff08444446b082d1889d48364b a9fa98a038fe4f73b77d36d48be08f4f - - default default] No more DHCP agents
2026-07-15 06:07:32.976 7 WARNING neutron.api.rpc.agentnotifiers.dhcp_rpc_agent_api [None req-d6dffa83-fa23-4cf2-b808-76a747a09628 97f82cff08444446b082d1889d48364b a9fa98a038fe4f73b77d36d48be08f4f - - default default] Unable to schedule network 5b6813b7-da1b-45cf-9aae-9dd05dca5ff9: no agents available; will retry on subsequent port and subnet creation events.
2026-07-15 06:07:32.986 8 INFO neutron.db.ovn_revision_numbers_db [None req-d71c5ee1-9d99-4fb4-b3ab-939be3afa6a4 b69f080ff7ce4c039aae5cadf8a7e168 ea2950f8ecfa4d30a4ecced9b27eb6ba - - default default] Successfully bumped revision number for resource dbf1fb86-4597-4d16-abf3-26ae756489cc (type: routers) to 3 [pid: 8|app: 0|req: 520/1008] 10.0.0.85 () {34 vars in 740 bytes} [Wed Jul 15 06:07:32 2026] PUT /v2.0/routers/dbf1fb86-4597-4d16-abf3-26ae756489cc => generated 981 bytes in 302 msecs (HTTP/1.1 200) 4 headers in 157 bytes (1 switches on core 0) [pid: 8|app: 0|req: 521/1009] 10.0.0.85 () {32 vars in 720 bytes} [Wed Jul 15 06:07:32 2026] GET /v2.0/routers/dbf1fb86-4597-4d16-abf3-26ae756489cc => generated 981 bytes in 91 msecs (HTTP/1.1 200) 4 headers in 157 bytes (1 switches on core 0)
2026-07-15 06:07:33.108 7 INFO neutron.db.ovn_revision_numbers_db [None req-d6dffa83-fa23-4cf2-b808-76a747a09628 97f82cff08444446b082d1889d48364b a9fa98a038fe4f73b77d36d48be08f4f - - default default] Successfully bumped revision number for resource 08136167-51ed-47f0-8916-8cf851ef0684 (type: ports) to 1 [pid: 8|app: 0|req: 522/1010] 10.0.0.85 () {32 vars in 735 bytes} [Wed Jul 15 06:07:33 2026] GET /v2.0/ports?device_id=dbf1fb86-4597-4d16-abf3-26ae756489cc => generated 12 bytes in 22 msecs (HTTP/1.1 200) 4 headers in 156 bytes (1 switches on core 0) [pid: 7|app: 0|req: 489/1011] 10.0.0.85 () {34 vars in 664 bytes} [Wed Jul 15 06:07:32 2026] POST /v2.0/ports => generated 927 bytes in 361 msecs (HTTP/1.1 201) 4 headers in 162 bytes (1 switches on core 0) [pid: 7|app: 0|req: 490/1012] 10.0.0.223 () {34 vars in 1070 bytes} [Wed Jul 15 06:07:33 2026] GET /v2.0/ports?fields=security_groups&fields=device_id&device_id=55c6949e-7dcb-477a-b6d4-7f4d4593e85b => generated 12 bytes in 19 msecs (HTTP/1.1 200) 4 headers in 156 bytes (1 switches on core 0) [pid: 8|app: 0|req: 523/1013] 10.0.0.223 () {34 vars in 1070 bytes} [Wed Jul 15 06:07:33 2026] GET /v2.0/ports?fields=security_groups&fields=device_id&device_id=11a251b5-7a15-4a0d-81e1-b8e05553a1c9 => generated 123 bytes in 72 msecs (HTTP/1.1 200) 4 headers in 157 bytes (1 switches on core 0)
2026-07-15 06:07:33.334 8 INFO neutron_taas.services.taas.taas_plugin [None req-0cb5592c-36a4-4942-8a98-faa03627af9a 97f82cff08444446b082d1889d48364b a9fa98a038fe4f73b77d36d48be08f4f - - default default] TaaS: Handle Delete Port: 08136167-51ed-47f0-8916-8cf851ef0684
2026-07-15 06:07:33.336 8 INFO neutron_taas.services.taas.tap_mirror_plugin [None req-0cb5592c-36a4-4942-8a98-faa03627af9a 97f82cff08444446b082d1889d48364b a9fa98a038fe4f73b77d36d48be08f4f - - default default] Tap Mirror: Handle Delete Port: 08136167-51ed-47f0-8916-8cf851ef0684 [pid: 8|app: 0|req: 524/1014] 10.0.0.85 () {32 vars in 719 bytes} [Wed Jul 15 06:07:33 2026] DELETE /v2.0/ports/08136167-51ed-47f0-8916-8cf851ef0684 => generated 0 bytes in 303 msecs (HTTP/1.1 204) 3 headers in 131 bytes (1 switches on core 0)
2026-07-15 06:07:33.489 7 INFO neutron_taas.services.taas.taas_plugin [None req-02bf8e96-a4b2-4a98-8b69-8c79a8b96fa0 b69f080ff7ce4c039aae5cadf8a7e168 ea2950f8ecfa4d30a4ecced9b27eb6ba - - default default] TaaS: Handle Delete Port: f7752587-d2c8-4bcd-95bb-d8cbeeb2802c
2026-07-15 06:07:33.493 7 INFO neutron_taas.services.taas.tap_mirror_plugin [None req-02bf8e96-a4b2-4a98-8b69-8c79a8b96fa0 b69f080ff7ce4c039aae5cadf8a7e168 ea2950f8ecfa4d30a4ecced9b27eb6ba - - default default] Tap Mirror: Handle Delete Port: f7752587-d2c8-4bcd-95bb-d8cbeeb2802c [pid: 8|app: 0|req: 525/1015] 10.0.0.223 () {34 vars in 1040 bytes} [Wed Jul 15 06:07:33 2026] GET /v2.0/security-groups?id=28468075-7816-44b4-b6e9-16570400d602&fields=id&fields=name => generated 113 bytes in 24 msecs (HTTP/1.1 200) 4 headers in 157 bytes (1 switches on core 0) [pid: 8|app: 0|req: 526/1016] 199.204.45.72 () {34 vars in 985 bytes} [Wed Jul 15 06:07:33 2026] GET /v2.0/networks?id=0437ea70-c947-4037-bd99-69440a36f6e1 => generated 714 bytes in 42 msecs (HTTP/1.1 200) 4 headers in 157 bytes (1 switches on core 0)
2026-07-15 06:07:33.571 8 INFO neutron.pecan_wsgi.hooks.translation [None req-a5569d61-d925-456c-8f67-2b4d62d63bb9 97f82cff08444446b082d1889d48364b a9fa98a038fe4f73b77d36d48be08f4f - - default default] GET failed (client error): The resource could not be found. [pid: 8|app: 0|req: 527/1017] 10.0.0.85 () {32 vars in 716 bytes} [Wed Jul 15 06:07:33 2026] GET /v2.0/ports/08136167-51ed-47f0-8916-8cf851ef0684 => generated 132 bytes in 17 msecs (HTTP/1.1 404) 4 headers in 164 bytes (1 switches on core 0)
2026-07-15 06:07:33.577 8 WARNING neutron.db.securitygroups_db [req-8767a5d5-f6b3-4308-86ab-82dbe72fc7d5 req-a7a678ed-2f77-4e78-8b89-c16084c71b90 02e9cffd39014319a0897c13b4063fa8 c18e2ce1ec6d40a68799e4522d8ef6c4 - - default default] project_id key not found in filters, using tenant_id instead. This support has been deprecated and will be removed in a future release. [pid: 8|app: 0|req: 528/1018] 199.204.45.72 () {34 vars in 1049 bytes} [Wed Jul 15 06:07:33 2026] GET /v2.0/security-groups?fields=id&fields=name&tenant_id=c18e2ce1ec6d40a68799e4522d8ef6c4 => generated 181 bytes in 29 msecs (HTTP/1.1 200) 4 headers in 157 bytes (1 switches on core 0)
2026-07-15 06:07:33.682 7 WARNING neutron.plugins.ml2.drivers.ovn.mech_driver.ovsdb.ovn_client [None req-efbc79e7-f301-4ff5-98a8-3d3305e9af01 - - - - - -] No port found with ID e7d9a923-adc9-4360-8214-936175304780: RuntimeError: No port found with ID e7d9a923-adc9-4360-8214-936175304780
2026-07-15 06:07:33.702 7 INFO neutron.plugins.ml2.drivers.ovn.mech_driver.mech_driver [None req-efbc79e7-f301-4ff5-98a8-3d3305e9af01 - - - - - -] OVN reports status down for port: ebf3fcc0-5cee-4de2-b2d3-3a494e04cac6 [pid: 8|app: 0|req: 529/1019] 10.0.0.85 () {32 vars in 723 bytes} [Wed Jul 15 06:07:33 2026] DELETE /v2.0/subnets/a5a783ff-8019-4e6d-a067-bafe17406a3c => generated 0 bytes in 153 msecs (HTTP/1.1 204) 3 headers in 131 bytes (1 switches on core 0)
2026-07-15 06:07:34.003 8 WARNING neutron.scheduler.dhcp_agent_scheduler [req-8767a5d5-f6b3-4308-86ab-82dbe72fc7d5 req-aea10277-1d1a-4cc3-a089-21eb87e42ed9 02e9cffd39014319a0897c13b4063fa8 c18e2ce1ec6d40a68799e4522d8ef6c4 - - default default] No more DHCP agents
2026-07-15 06:07:34.004 8 WARNING neutron.api.rpc.agentnotifiers.dhcp_rpc_agent_api [req-8767a5d5-f6b3-4308-86ab-82dbe72fc7d5 req-aea10277-1d1a-4cc3-a089-21eb87e42ed9 02e9cffd39014319a0897c13b4063fa8 c18e2ce1ec6d40a68799e4522d8ef6c4 - - default default] Unable to schedule network 0437ea70-c947-4037-bd99-69440a36f6e1: no agents available; will retry on subsequent port and subnet creation events. [pid: 7|app: 0|req: 491/1020] 10.0.0.85 () {32 vars in 723 bytes} [Wed Jul 15 06:07:33 2026] DELETE /v2.0/routers/dbf1fb86-4597-4d16-abf3-26ae756489cc => generated 0 bytes in 962 msecs (HTTP/1.1 204) 2 headers in 112 bytes (1 switches on core 0)
2026-07-15 06:07:34.154 8 INFO neutron.db.ovn_revision_numbers_db [req-8767a5d5-f6b3-4308-86ab-82dbe72fc7d5 req-aea10277-1d1a-4cc3-a089-21eb87e42ed9 02e9cffd39014319a0897c13b4063fa8 c18e2ce1ec6d40a68799e4522d8ef6c4 - - default default] Successfully bumped revision number for resource 3b58e753-1165-4e94-b509-80c27c34a502 (type: ports) to 1 [pid: 8|app: 0|req: 530/1021] 199.204.45.72 () {38 vars in 954 bytes} [Wed Jul 15 06:07:33 2026] POST /v2.0/ports => generated 958 bytes in 458 msecs (HTTP/1.1 201) 4 headers in 162 bytes (1 switches on core 0) /var/lib/openstack/lib/python3.12/site-packages/pycadf/identifier.py:70: UserWarning: Invalid uuid: neutron. To ensure interoperability, identifiers should be a valid uuid. warnings.warn(('Invalid uuid: %s. To ensure interoperability, ' [pid: 8|app: 0|req: 531/1022] 10.0.0.85 () {32 vars in 735 bytes} [Wed Jul 15 06:07:34 2026] GET /v2.0/ports?device_id=dbf1fb86-4597-4d16-abf3-26ae756489cc => generated 12 bytes in 17 msecs (HTTP/1.1 200) 4 headers in 156 bytes (1 switches on core 0)
2026-07-15 06:07:34.327 7 INFO neutron.db.ovn_revision_numbers_db [None req-efbc79e7-f301-4ff5-98a8-3d3305e9af01 - - - - - -] Successfully bumped revision number for resource ebf3fcc0-5cee-4de2-b2d3-3a494e04cac6 (type: ports) to 6
2026-07-15 06:07:34.335 7 INFO neutron_taas.services.taas.taas_plugin [None req-069e0a10-b720-42a4-afbe-da15c0606ffb 97f82cff08444446b082d1889d48364b a9fa98a038fe4f73b77d36d48be08f4f - - default default] TaaS: Handle Delete Port: da0fb078-3dc4-4e44-9619-00af01e9d895
2026-07-15 06:07:34.340 7 INFO neutron_taas.services.taas.tap_mirror_plugin [None req-069e0a10-b720-42a4-afbe-da15c0606ffb 97f82cff08444446b082d1889d48364b a9fa98a038fe4f73b77d36d48be08f4f - - default default] Tap Mirror: Handle Delete Port: da0fb078-3dc4-4e44-9619-00af01e9d895
2026-07-15 06:07:34.479 7 WARNING neutron.plugins.ml2.drivers.ovn.mech_driver.ovsdb.ovn_client [None req-5b741f84-31e3-438b-9287-099e6813ffb3 - - - - - -] Logical_Switch_Port ebf3fcc0-5cee-4de2-b2d3-3a494e04cac6 host information not removed, the port state is up
2026-07-15 06:07:34.531 7 INFO neutron.common.ovn.utils [None req-5b741f84-31e3-438b-9287-099e6813ffb3 - - - - - -] HA Chassis Group neutron-0437ea70-c947-4037-bd99-69440a36f6e1 synchronized; highest priority chassis 4d7a1937-13f1-49d2-9b5d-069ea7063914
2026-07-15 06:07:34.533 7 INFO neutron.plugins.ml2.drivers.ovn.mech_driver.mech_driver [None req-5b741f84-31e3-438b-9287-099e6813ffb3 - - - - - -] OVN reports status up for port: ebf3fcc0-5cee-4de2-b2d3-3a494e04cac6
2026-07-15 06:07:34.553 7 INFO neutron.plugins.ml2.plugin [None req-5b741f84-31e3-438b-9287-099e6813ffb3 - - - - - -] Attempt 1 to provision port ebf3fcc0-5cee-4de2-b2d3-3a494e04cac6
