+ COMMAND=start + start + for KEYSTONE_WSGI_SCRIPT in keystone-wsgi-public ++ type -p keystone-wsgi-public + cp -a /var/lib/openstack/bin/keystone-wsgi-public /var/www/cgi-bin/keystone/ + '[' -f /etc/apache2/envvars ']' + source /etc/apache2/envvars ++ unset HOME ++ '[' '' '!=' '' ']' ++ SUFFIX= ++ export APACHE_RUN_USER=www-data ++ APACHE_RUN_USER=www-data ++ export APACHE_RUN_GROUP=www-data ++ APACHE_RUN_GROUP=www-data ++ export APACHE_PID_FILE=/var/run/apache2/apache2.pid ++ APACHE_PID_FILE=/var/run/apache2/apache2.pid ++ export APACHE_RUN_DIR=/var/run/apache2 ++ APACHE_RUN_DIR=/var/run/apache2 ++ export APACHE_LOCK_DIR=/var/lock/apache2 ++ APACHE_LOCK_DIR=/var/lock/apache2 ++ export APACHE_LOG_DIR=/var/log/apache2 ++ APACHE_LOG_DIR=/var/log/apache2 ++ export LANG=C ++ LANG=C ++ export LANG + '[' -f /var/run/apache2/apache2.pid ']' + exec apache2 -DFOREGROUND AH00558: apache2: Could not reliably determine the server's fully qualified domain name, using 10.0.0.4. Set the 'ServerName' directive globally to suppress this message AH00558: apache2: Could not reliably determine the server's fully qualified domain name, using 10.0.0.4. Set the 'ServerName' directive globally to suppress this message
[Tue Jul 14 10:41:42.354255 2026] [mpm_event:notice] [pid 1:tid 140052437067648] AH00489: Apache/2.4.58 (Ubuntu) mod_wsgi/5.0.0 Python/3.12 configured -- resuming normal operations
[Tue Jul 14 10:41:42.354438 2026] [core:notice] [pid 1:tid 140052437067648] AH00094: Command line: 'apache2 -D FOREGROUND'
[Tue Jul 14 10:42:43.467402 2026] [wsgi:error] [pid 12:tid 140051799246528] /var/lib/openstack/lib/python3.12/site-packages/oslo_utils/importutils.py:77: EventletDeprecationWarning:
[Tue Jul 14 10:42:43.467440 2026] [wsgi:error] [pid 12:tid 140051799246528] Eventlet is deprecated. It is currently being maintained in bugfix mode, and
[Tue Jul 14 10:42:43.467441 2026] [wsgi:error] [pid 12:tid 140051799246528] we strongly recommend against using it for new projects.
[Tue Jul 14 10:42:43.467443 2026] [wsgi:error] [pid 12:tid 140051799246528]
[Tue Jul 14 10:42:43.467444 2026] [wsgi:error] [pid 12:tid 140051799246528] If you are already using Eventlet, we recommend migrating to a different
[Tue Jul 14 10:42:43.467445 2026] [wsgi:error] [pid 12:tid 140051799246528] framework. For more detail see
[Tue Jul 14 10:42:43.467446 2026] [wsgi:error] [pid 12:tid 140051799246528] https://eventlet.readthedocs.io/en/latest/asyncio/migration.html
[Tue Jul 14 10:42:43.467447 2026] [wsgi:error] [pid 12:tid 140051799246528]
[Tue Jul 14 10:42:43.467448 2026] [wsgi:error] [pid 12:tid 140051799246528] __import__(import_str)
[Tue Jul 14 10:42:43.499222 2026] [wsgi:error] [pid 11:tid 140051799246528] /var/lib/openstack/lib/python3.12/site-packages/oslo_utils/importutils.py:77: EventletDeprecationWarning:
[Tue Jul 14 10:42:43.499286 2026] [wsgi:error] [pid 11:tid 140051799246528] Eventlet is deprecated. It is currently being maintained in bugfix mode, and
[Tue Jul 14 10:42:43.499289 2026] [wsgi:error] [pid 11:tid 140051799246528] we strongly recommend against using it for new projects.
[Tue Jul 14 10:42:43.499290 2026] [wsgi:error] [pid 11:tid 140051799246528]
[Tue Jul 14 10:42:43.499291 2026] [wsgi:error] [pid 11:tid 140051799246528] If you are already using Eventlet, we recommend migrating to a different
[Tue Jul 14 10:42:43.499292 2026] [wsgi:error] [pid 11:tid 140051799246528] framework. For more detail see
[Tue Jul 14 10:42:43.499293 2026] [wsgi:error] [pid 11:tid 140051799246528] https://eventlet.readthedocs.io/en/latest/asyncio/migration.html
[Tue Jul 14 10:42:43.499295 2026] [wsgi:error] [pid 11:tid 140051799246528]
[Tue Jul 14 10:42:43.499296 2026] [wsgi:error] [pid 11:tid 140051799246528] __import__(import_str) 10.0.0.92 - - [14/Jul/2026:10:42:42 +0000] "GET /v3/ HTTP/1.1" 200 248 10.0.0.92 - - [14/Jul/2026:10:42:42 +0000] "GET /v3/ HTTP/1.1" 200 248
[Tue Jul 14 10:42:56.394722 2026] [wsgi:error] [pid 9:tid 140051799246528] /var/lib/openstack/lib/python3.12/site-packages/oslo_utils/importutils.py:77: EventletDeprecationWarning:
[Tue Jul 14 10:42:56.394765 2026] [wsgi:error] [pid 9:tid 140051799246528] Eventlet is deprecated. It is currently being maintained in bugfix mode, and
[Tue Jul 14 10:42:56.394766 2026] [wsgi:error] [pid 9:tid 140051799246528] we strongly recommend against using it for new projects.
[Tue Jul 14 10:42:56.394768 2026] [wsgi:error] [pid 9:tid 140051799246528]
[Tue Jul 14 10:42:56.394769 2026] [wsgi:error] [pid 9:tid 140051799246528] If you are already using Eventlet, we recommend migrating to a different
[Tue Jul 14 10:42:56.394770 2026] [wsgi:error] [pid 9:tid 140051799246528] framework. For more detail see
[Tue Jul 14 10:42:56.394771 2026] [wsgi:error] [pid 9:tid 140051799246528] https://eventlet.readthedocs.io/en/latest/asyncio/migration.html
[Tue Jul 14 10:42:56.394773 2026] [wsgi:error] [pid 9:tid 140051799246528]
[Tue Jul 14 10:42:56.394774 2026] [wsgi:error] [pid 9:tid 140051799246528] __import__(import_str) 10.0.0.63 - - [14/Jul/2026:10:42:55 +0000] "GET / HTTP/1.1" 300 295
[Tue Jul 14 10:43:01.629008 2026] [wsgi:error] [pid 10:tid 140051799246528] /var/lib/openstack/lib/python3.12/site-packages/oslo_utils/importutils.py:77: EventletDeprecationWarning:
[Tue Jul 14 10:43:01.629045 2026] [wsgi:error] [pid 10:tid 140051799246528] Eventlet is deprecated. It is currently being maintained in bugfix mode, and
[Tue Jul 14 10:43:01.629046 2026] [wsgi:error] [pid 10:tid 140051799246528] we strongly recommend against using it for new projects.
[Tue Jul 14 10:43:01.629048 2026] [wsgi:error] [pid 10:tid 140051799246528]
[Tue Jul 14 10:43:01.629049 2026] [wsgi:error] [pid 10:tid 140051799246528] If you are already using Eventlet, we recommend migrating to a different
[Tue Jul 14 10:43:01.629050 2026] [wsgi:error] [pid 10:tid 140051799246528] framework. For more detail see
[Tue Jul 14 10:43:01.629051 2026] [wsgi:error] [pid 10:tid 140051799246528] https://eventlet.readthedocs.io/en/latest/asyncio/migration.html
[Tue Jul 14 10:43:01.629052 2026] [wsgi:error] [pid 10:tid 140051799246528]
[Tue Jul 14 10:43:01.629053 2026] [wsgi:error] [pid 10:tid 140051799246528] __import__(import_str)
[Tue Jul 14 10:43:06.410340 2026] [wsgi:error] [pid 10:tid 140051799246528] [remote 10.0.0.63:42428] 2026-07-14 10:43:06.406 10 WARNING keystone.identity.core [None req-91eafd29-f535-44eb-97dd-da96a30205d5 - - - - - -] Invalid domain name (atmosphere) found in config file name: keystone.exception.DomainNotFound: Could not find domain: atmosphere.
[Tue Jul 14 10:43:06.466331 2026] [wsgi:error] [pid 10:tid 140051799246528] [remote 10.0.0.63:42428] 2026-07-14 10:43:06.465 10 WARNING keystone.common.password_hashing [None req-91eafd29-f535-44eb-97dd-da96a30205d5 - - - - - -] Truncating password to algorithm specific maximum length 72 characters.
[Tue Jul 14 10:43:06.750367 2026] [wsgi:error] [pid 10:tid 140051799246528] [remote 10.0.0.63:42428] 2026-07-14 10:43:06.750 10 WARNING keystone.common.fernet_utils [None req-91eafd29-f535-44eb-97dd-da96a30205d5 - - - - - -] key_repository is world readable: /etc/keystone/fernet-keys/ 10.0.0.63 - - [14/Jul/2026:10:43:00 +0000] "POST /v3/auth/tokens HTTP/1.1" 201 1360
[Tue Jul 14 10:43:07.161898 2026] [wsgi:error] [pid 12:tid 140051799246528] [remote 10.0.0.63:42428] 2026-07-14 10:43:07.158 12 WARNING keystone.identity.core [None req-033c8bd2-6c40-4a77-b304-4e58299e6ace - - - - - -] Invalid domain name (atmosphere) found in config file name: keystone.exception.DomainNotFound: Could not find domain: atmosphere. 10.0.0.63 - - [14/Jul/2026:10:43:06 +0000] "POST /v3/domains HTTP/1.1" 201 261 10.0.0.44 - - [14/Jul/2026:10:43:19 +0000] "GET / HTTP/1.1" 300 295
[Tue Jul 14 10:43:19.378709 2026] [wsgi:error] [pid 9:tid 140051799246528] [remote 10.0.0.44:58148] 2026-07-14 10:43:19.378 9 WARNING keystone.common.password_hashing [None req-350c86cb-84bc-4c24-9e01-b3403f378565 - - - - - -] Truncating password to algorithm specific maximum length 72 characters.
[Tue Jul 14 10:43:19.654298 2026] [wsgi:error] [pid 9:tid 140051799246528] [remote 10.0.0.44:58148] 2026-07-14 10:43:19.653 9 WARNING keystone.common.fernet_utils [None req-350c86cb-84bc-4c24-9e01-b3403f378565 - - - - - -] key_repository is world readable: /etc/keystone/fernet-keys/ 10.0.0.44 - - [14/Jul/2026:10:43:19 +0000] "POST /v3/auth/tokens HTTP/1.1" 201 1360 10.0.0.44 - - [14/Jul/2026:10:43:19 +0000] "GET /v3/roles/admin HTTP/1.1" 404 83
[Tue Jul 14 10:43:19.909028 2026] [wsgi:error] [pid 12:tid 140051799246528] [remote 10.0.0.44:58148] 2026-07-14 10:43:19.908 12 WARNING keystone.common.rbac_enforcer.enforcer [None req-43c288af-8133-482e-b45e-8410a0a1e1c7 c77eee1ec5b342f2bcc2529b0c718935 7b0af817342749708ce45ee3cce4d4ae - - default default] Deprecated policy rules found. Use oslopolicy-policy-generator and oslopolicy-policy-upgrade to detect and resolve deprecated policies in your configuration. 10.0.0.44 - - [14/Jul/2026:10:43:19 +0000] "GET /v3/roles?name=admin HTTP/1.1" 200 389
[Tue Jul 14 10:43:20.460050 2026] [wsgi:error] [pid 11:tid 140051799246528] [remote 10.0.0.44:58148] 2026-07-14 10:43:20.459 11 WARNING keystone.common.rbac_enforcer.enforcer [None req-9e549de5-0633-419e-8708-64bd4d66cb01 c77eee1ec5b342f2bcc2529b0c718935 7b0af817342749708ce45ee3cce4d4ae - - default default] Deprecated policy rules found. Use oslopolicy-policy-generator and oslopolicy-policy-upgrade to detect and resolve deprecated policies in your configuration. 10.0.0.44 - - [14/Jul/2026:10:43:20 +0000] "GET /v3/users/admin-RegionOne HTTP/1.1" 404 93
[Tue Jul 14 10:43:20.602641 2026] [wsgi:error] [pid 9:tid 140051799246528] [remote 10.0.0.44:58148] 2026-07-14 10:43:20.602 9 WARNING keystone.common.rbac_enforcer.enforcer [None req-48d46dd5-988a-438f-8646-505785b90fbf c77eee1ec5b342f2bcc2529b0c718935 7b0af817342749708ce45ee3cce4d4ae - - default default] Deprecated policy rules found. Use oslopolicy-policy-generator and oslopolicy-policy-upgrade to detect and resolve deprecated policies in your configuration. 10.0.0.44 - - [14/Jul/2026:10:43:20 +0000] "GET /v3/users?name=admin-RegionOne HTTP/1.1" 200 422
[Tue Jul 14 10:43:20.763683 2026] [wsgi:error] [pid 10:tid 140051799246528] [remote 10.0.0.44:58148] 2026-07-14 10:43:20.763 10 WARNING keystone.common.rbac_enforcer.enforcer [None req-58d83c0d-6f73-41e8-8e00-8d9bc4e56702 c77eee1ec5b342f2bcc2529b0c718935 7b0af817342749708ce45ee3cce4d4ae - - default default] Deprecated policy rules found. Use oslopolicy-policy-generator and oslopolicy-policy-upgrade to detect and resolve deprecated policies in your configuration. 10.0.0.44 - - [14/Jul/2026:10:43:20 +0000] "GET /v3/domains/default HTTP/1.1" 200 224 10.0.0.44 - - [14/Jul/2026:10:43:20 +0000] "PUT /v3/domains/default/users/c77eee1ec5b342f2bcc2529b0c718935/roles/93db7b245bf64eadb1f45254ad54b3f1 HTTP/1.1" 204 - 10.0.0.92 - - [14/Jul/2026:10:43:30 +0000] "GET / HTTP/1.1" 300 281 10.0.0.92 - - [14/Jul/2026:10:43:32 +0000] "GET /v3 HTTP/1.1" 200 266
[Tue Jul 14 10:43:32.175922 2026] [wsgi:error] [pid 10:tid 140051799246528] [remote 10.0.0.92:55814] 2026-07-14 10:43:32.175 10 WARNING keystone.common.password_hashing [None req-58c263e6-c01b-4de0-8840-29c2ec093ee8 - - - - - -] Truncating password to algorithm specific maximum length 72 characters.
[Tue Jul 14 10:43:32.454562 2026] [wsgi:error] [pid 10:tid 140051799246528] [remote 10.0.0.92:55814] 2026-07-14 10:43:32.454 10 WARNING keystone.common.fernet_utils [None req-58c263e6-c01b-4de0-8840-29c2ec093ee8 - - - - - -] key_repository is world readable: /etc/keystone/fernet-keys/ 10.0.0.92 - - [14/Jul/2026:10:43:32 +0000] "POST /v3/auth/tokens HTTP/1.1" 201 1360 10.0.0.92 - - [14/Jul/2026:10:43:32 +0000] "GET / HTTP/1.1" 300 281 10.0.0.92 - - [14/Jul/2026:10:43:32 +0000] "GET /v3/domains/atmosphere HTTP/1.1" 404 90 10.0.0.92 - - [14/Jul/2026:10:43:32 +0000] "GET /v3/domains?name=atmosphere HTTP/1.1" 200 370 10.0.0.92 - - [14/Jul/2026:10:43:32 +0000] "GET /v3/domains/652774af7f5f4bebbc943886efcd33dd HTTP/1.1" 200 247 10.0.0.92 - - [14/Jul/2026:10:43:33 +0000] "GET /v3 HTTP/1.1" 200 266
[Tue Jul 14 10:43:33.700247 2026] [wsgi:error] [pid 11:tid 140051799246528] [remote 10.0.0.92:55814] 2026-07-14 10:43:33.699 11 WARNING keystone.common.password_hashing [None req-ebf19ef2-808b-46ad-8cf1-bf10a83810f9 - - - - - -] Truncating password to algorithm specific maximum length 72 characters.
[Tue Jul 14 10:43:33.969387 2026] [wsgi:error] [pid 11:tid 140051799246528] [remote 10.0.0.92:55814] 2026-07-14 10:43:33.969 11 WARNING keystone.common.fernet_utils [None req-ebf19ef2-808b-46ad-8cf1-bf10a83810f9 - - - - - -] key_repository is world readable: /etc/keystone/fernet-keys/ 10.0.0.92 - - [14/Jul/2026:10:43:33 +0000] "POST /v3/auth/tokens HTTP/1.1" 201 1360 10.0.0.92 - - [14/Jul/2026:10:43:33 +0000] "GET / HTTP/1.1" 300 281 10.0.0.92 - - [14/Jul/2026:10:43:33 +0000] "GET /v3/OS-FEDERATION/identity_providers/atmosphere HTTP/1.1" 404 101 10.0.0.92 - - [14/Jul/2026:10:43:34 +0000] "GET /v3/OS-FEDERATION/identity_providers HTTP/1.1" 200 156 10.0.0.92 - - [14/Jul/2026:10:43:34 +0000] "PUT /v3/OS-FEDERATION/identity_providers/atmosphere HTTP/1.1" 201 342 10.0.0.92 - - [14/Jul/2026:10:43:34 +0000] "GET /v3 HTTP/1.1" 200 266
[Tue Jul 14 10:43:34.814853 2026] [wsgi:error] [pid 10:tid 140051799246528] [remote 10.0.0.92:54732] 2026-07-14 10:43:34.814 10 WARNING keystone.common.password_hashing [None req-10b1bfb2-0eb1-48ef-9c49-23d85c0fd649 - - - - - -] Truncating password to algorithm specific maximum length 72 characters.
[Tue Jul 14 10:43:35.099778 2026] [wsgi:error] [pid 10:tid 140051799246528] [remote 10.0.0.92:54732] 2026-07-14 10:43:35.099 10 WARNING keystone.common.fernet_utils [None req-10b1bfb2-0eb1-48ef-9c49-23d85c0fd649 - - - - - -] key_repository is world readable: /etc/keystone/fernet-keys/ 10.0.0.92 - - [14/Jul/2026:10:43:34 +0000] "POST /v3/auth/tokens HTTP/1.1" 201 1360 10.0.0.92 - - [14/Jul/2026:10:43:35 +0000] "GET / HTTP/1.1" 300 281 10.0.0.92 - - [14/Jul/2026:10:43:35 +0000] "GET /v3/OS-FEDERATION/mappings/atmosphere-openid HTTP/1.1" 404 98 10.0.0.92 - - [14/Jul/2026:10:43:35 +0000] "GET /v3/OS-FEDERATION/mappings HTTP/1.1" 200 136 10.0.0.92 - - [14/Jul/2026:10:43:35 +0000] "PUT /v3/OS-FEDERATION/mappings/atmosphere-openid HTTP/1.1" 201 357 10.0.0.92 - - [14/Jul/2026:10:43:35 +0000] "GET /v3 HTTP/1.1" 200 266
[Tue Jul 14 10:43:35.904232 2026] [wsgi:error] [pid 11:tid 140051799246528] [remote 10.0.0.92:55814] 2026-07-14 10:43:35.904 11 WARNING keystone.common.password_hashing [None req-835d75ce-2aa1-49cd-99ba-4e4d4329fa22 - - - - - -] Truncating password to algorithm specific maximum length 72 characters.
[Tue Jul 14 10:43:36.180971 2026] [wsgi:error] [pid 11:tid 140051799246528] [remote 10.0.0.92:55814] 2026-07-14 10:43:36.180 11 WARNING keystone.common.fernet_utils [None req-835d75ce-2aa1-49cd-99ba-4e4d4329fa22 - - - - - -] key_repository is world readable: /etc/keystone/fernet-keys/ 10.0.0.92 - - [14/Jul/2026:10:43:35 +0000] "POST /v3/auth/tokens HTTP/1.1" 201 1360 10.0.0.92 - - [14/Jul/2026:10:43:36 +0000] "GET / HTTP/1.1" 300 281 10.0.0.92 - - [14/Jul/2026:10:43:36 +0000] "GET /v3/OS-FEDERATION/identity_providers/atmosphere/protocols/openid?idp_id=atmosphere HTTP/1.1" 404 131 10.0.0.92 - - [14/Jul/2026:10:43:36 +0000] "GET /v3/OS-FEDERATION/identity_providers/atmosphere/protocols HTTP/1.1" 200 168 10.0.0.92 - - [14/Jul/2026:10:43:36 +0000] "PUT /v3/OS-FEDERATION/identity_providers/atmosphere/protocols/openid HTTP/1.1" 201 224 10.0.0.92 - - [14/Jul/2026:10:43:42 +0000] "GET /v3/ HTTP/1.1" 200 248 10.0.0.92 - - [14/Jul/2026:10:43:42 +0000] "GET /v3/ HTTP/1.1" 200 248 10.0.0.92 - - [14/Jul/2026:10:44:42 +0000] "GET /v3/ HTTP/1.1" 200 248 10.0.0.92 - - [14/Jul/2026:10:44:42 +0000] "GET /v3/ HTTP/1.1" 200 248 10.0.0.192 - - [14/Jul/2026:10:44:58 +0000] "GET / HTTP/1.1" 300 295
[Tue Jul 14 10:44:58.730317 2026] [wsgi:error] [pid 10:tid 140051799246528] [remote 10.0.0.192:38464] 2026-07-14 10:44:58.730 10 WARNING keystone.common.password_hashing [None req-69332557-d921-4062-a08a-85ad26ef954c - - - - - -] Truncating password to algorithm specific maximum length 72 characters.
[Tue Jul 14 10:44:59.000470 2026] [wsgi:error] [pid 10:tid 140051799246528] [remote 10.0.0.192:38464] 2026-07-14 10:44:59.000 10 WARNING keystone.common.fernet_utils [None req-69332557-d921-4062-a08a-85ad26ef954c - - - - - -] key_repository is world readable: /etc/keystone/fernet-keys/ 10.0.0.192 - - [14/Jul/2026:10:44:58 +0000] "POST /v3/auth/tokens HTTP/1.1" 201 1360 10.0.0.192 - - [14/Jul/2026:10:44:59 +0000] "GET /v3/services HTTP/1.1" 200 355 10.0.0.192 - - [14/Jul/2026:10:45:03 +0000] "GET / HTTP/1.1" 300 295
[Tue Jul 14 10:45:03.026058 2026] [wsgi:error] [pid 9:tid 140051799246528] [remote 10.0.0.192:44464] 2026-07-14 10:45:03.025 9 WARNING keystone.common.password_hashing [None req-a21ab2e8-6717-4c59-b24e-93f994a32066 - - - - - -] Truncating password to algorithm specific maximum length 72 characters.
[Tue Jul 14 10:45:03.297392 2026] [wsgi:error] [pid 9:tid 140051799246528] [remote 10.0.0.192:44464] 2026-07-14 10:45:03.297 9 WARNING keystone.common.fernet_utils [None req-a21ab2e8-6717-4c59-b24e-93f994a32066 - - - - - -] key_repository is world readable: /etc/keystone/fernet-keys/ 10.0.0.192 - - [14/Jul/2026:10:45:03 +0000] "POST /v3/auth/tokens HTTP/1.1" 201 1360 10.0.0.192 - - [14/Jul/2026:10:45:03 +0000] "GET /v3/services HTTP/1.1" 200 355 10.0.0.192 - - [14/Jul/2026:10:45:06 +0000] "GET / HTTP/1.1" 300 295
[Tue Jul 14 10:45:07.020998 2026] [wsgi:error] [pid 12:tid 140051799246528] [remote 10.0.0.192:44480] 2026-07-14 10:45:07.020 12 WARNING keystone.common.password_hashing [None req-1ee6742e-298b-4ee2-a2ba-dea36e15072b - - - - - -] Truncating password to algorithm specific maximum length 72 characters.
[Tue Jul 14 10:45:07.306865 2026] [wsgi:error] [pid 12:tid 140051799246528] [remote 10.0.0.192:44480] 2026-07-14 10:45:07.306 12 WARNING keystone.common.fernet_utils [None req-1ee6742e-298b-4ee2-a2ba-dea36e15072b - - - - - -] key_repository is world readable: /etc/keystone/fernet-keys/ 10.0.0.192 - - [14/Jul/2026:10:45:06 +0000] "POST /v3/auth/tokens HTTP/1.1" 201 1360 10.0.0.192 - - [14/Jul/2026:10:45:07 +0000] "GET /v3/services HTTP/1.1" 200 355 10.0.0.192 - - [14/Jul/2026:10:45:10 +0000] "GET / HTTP/1.1" 300 295
[Tue Jul 14 10:45:10.913788 2026] [wsgi:error] [pid 11:tid 140051799246528] [remote 10.0.0.192:56154] 2026-07-14 10:45:10.913 11 WARNING keystone.common.password_hashing [None req-45378744-26bd-4177-a8e9-da7e4468410c - - - - - -] Truncating password to algorithm specific maximum length 72 characters.
[Tue Jul 14 10:45:11.196764 2026] [wsgi:error] [pid 11:tid 140051799246528] [remote 10.0.0.192:56154] 2026-07-14 10:45:11.196 11 WARNING keystone.common.fernet_utils [None req-45378744-26bd-4177-a8e9-da7e4468410c - - - - - -] key_repository is world readable: /etc/keystone/fernet-keys/ 10.0.0.192 - - [14/Jul/2026:10:45:10 +0000] "POST /v3/auth/tokens HTTP/1.1" 201 1360 10.0.0.192 - - [14/Jul/2026:10:45:11 +0000] "POST /v3/services HTTP/1.1" 201 296 10.0.0.145 - - [14/Jul/2026:10:45:23 +0000] "GET / HTTP/1.1" 300 295
[Tue Jul 14 10:45:23.096592 2026] [wsgi:error] [pid 10:tid 140051799246528] [remote 10.0.0.145:51648] 2026-07-14 10:45:23.096 10 WARNING keystone.common.password_hashing [None req-8b8b1d88-6d17-44d8-9a80-79ea519c22bd - - - - - -] Truncating password to algorithm specific maximum length 72 characters. 10.0.0.145 - - [14/Jul/2026:10:45:23 +0000] "GET / HTTP/1.1" 300 295
[Tue Jul 14 10:45:23.131144 2026] [wsgi:error] [pid 12:tid 140051799246528] [remote 10.0.0.145:51662] 2026-07-14 10:45:23.130 12 WARNING keystone.common.password_hashing [None req-687087bb-c950-4c20-b5c3-0cdc385aff12 - - - - - -] Truncating password to algorithm specific maximum length 72 characters. 10.0.0.145 - - [14/Jul/2026:10:45:23 +0000] "GET / HTTP/1.1" 300 295
[Tue Jul 14 10:45:23.174059 2026] [wsgi:error] [pid 11:tid 140051799246528] [remote 10.0.0.145:51678] 2026-07-14 10:45:23.173 11 WARNING keystone.common.password_hashing [None req-dc8ee390-384d-43cb-b9ef-162ff7b75396 - - - - - -] Truncating password to algorithm specific maximum length 72 characters.
[Tue Jul 14 10:45:23.375815 2026] [wsgi:error] [pid 10:tid 140051799246528] [remote 10.0.0.145:51648] 2026-07-14 10:45:23.375 10 WARNING keystone.common.fernet_utils [None req-8b8b1d88-6d17-44d8-9a80-79ea519c22bd - - - - - -] key_repository is world readable: /etc/keystone/fernet-keys/
[Tue Jul 14 10:45:23.412360 2026] [wsgi:error] [pid 12:tid 140051799246528] [remote 10.0.0.145:51662] 2026-07-14 10:45:23.412 12 WARNING keystone.common.fernet_utils [None req-687087bb-c950-4c20-b5c3-0cdc385aff12 - - - - - -] key_repository is world readable: /etc/keystone/fernet-keys/ 10.0.0.145 - - [14/Jul/2026:10:45:23 +0000] "POST /v3/auth/tokens HTTP/1.1" 201 1464 10.0.0.145 - - [14/Jul/2026:10:45:23 +0000] "POST /v3/auth/tokens HTTP/1.1" 201 1464
[Tue Jul 14 10:45:23.443472 2026] [wsgi:error] [pid 11:tid 140051799246528] [remote 10.0.0.145:51678] 2026-07-14 10:45:23.443 11 WARNING keystone.common.fernet_utils [None req-dc8ee390-384d-43cb-b9ef-162ff7b75396 - - - - - -] key_repository is world readable: /etc/keystone/fernet-keys/ 10.0.0.145 - - [14/Jul/2026:10:45:23 +0000] "POST /v3/auth/tokens HTTP/1.1" 201 1464 10.0.0.145 - - [14/Jul/2026:10:45:23 +0000] "GET /v3/services HTTP/1.1" 200 639 10.0.0.145 - - [14/Jul/2026:10:45:23 +0000] "GET /v3/services HTTP/1.1" 200 639 10.0.0.145 - - [14/Jul/2026:10:45:23 +0000] "GET /v3/services HTTP/1.1" 200 639 10.0.0.145 - - [14/Jul/2026:10:45:25 +0000] "GET / HTTP/1.1" 300 295
[Tue Jul 14 10:45:25.107861 2026] [wsgi:error] [pid 10:tid 140051799246528] [remote 10.0.0.145:51684] 2026-07-14 10:45:25.107 10 WARNING keystone.common.password_hashing [None req-caabf32e-d790-49e7-b7cf-f12fb3b27760 - - - - - -] Truncating password to algorithm specific maximum length 72 characters. 10.0.0.145 - - [14/Jul/2026:10:45:25 +0000] "GET / HTTP/1.1" 300 295
[Tue Jul 14 10:45:25.137977 2026] [wsgi:error] [pid 12:tid 140051799246528] [remote 10.0.0.145:51700] 2026-07-14 10:45:25.137 12 WARNING keystone.common.password_hashing [None req-06f825d1-7552-4e9c-9b06-da3abc4932fc - - - - - -] Truncating password to algorithm specific maximum length 72 characters. 10.0.0.145 - - [14/Jul/2026:10:45:25 +0000] "GET / HTTP/1.1" 300 295
[Tue Jul 14 10:45:25.173967 2026] [wsgi:error] [pid 9:tid 140051799246528] [remote 10.0.0.145:51702] 2026-07-14 10:45:25.173 9 WARNING keystone.common.password_hashing [None req-f098b814-5153-4711-ad26-0bbdb7443711 - - - - - -] Truncating password to algorithm specific maximum length 72 characters.
[Tue Jul 14 10:45:25.390420 2026] [wsgi:error] [pid 10:tid 140051799246528] [remote 10.0.0.145:51684] 2026-07-14 10:45:25.390 10 WARNING keystone.common.fernet_utils [None req-caabf32e-d790-49e7-b7cf-f12fb3b27760 - - - - - -] key_repository is world readable: /etc/keystone/fernet-keys/ 10.0.0.145 - - [14/Jul/2026:10:45:25 +0000] "POST /v3/auth/tokens HTTP/1.1" 201 1464
[Tue Jul 14 10:45:25.408694 2026] [wsgi:error] [pid 12:tid 140051799246528] [remote 10.0.0.145:51700] 2026-07-14 10:45:25.408 12 WARNING keystone.common.fernet_utils [None req-06f825d1-7552-4e9c-9b06-da3abc4932fc - - - - - -] key_repository is world readable: /etc/keystone/fernet-keys/ 10.0.0.145 - - [14/Jul/2026:10:45:25 +0000] "POST /v3/auth/tokens HTTP/1.1" 201 1464
[Tue Jul 14 10:45:25.459121 2026] [wsgi:error] [pid 9:tid 140051799246528] [remote 10.0.0.145:51702] 2026-07-14 10:45:25.458 9 WARNING keystone.common.fernet_utils [None req-f098b814-5153-4711-ad26-0bbdb7443711 - - - - - -] key_repository is world readable: /etc/keystone/fernet-keys/ 10.0.0.145 - - [14/Jul/2026:10:45:25 +0000] "POST /v3/auth/tokens HTTP/1.1" 201 1464 10.0.0.145 - - [14/Jul/2026:10:45:25 +0000] "GET /v3/endpoints HTTP/1.1" 200 1227 10.0.0.145 - - [14/Jul/2026:10:45:25 +0000] "GET /v3/endpoints HTTP/1.1" 200 1227 10.0.0.145 - - [14/Jul/2026:10:45:25 +0000] "GET /v3/services/a7c50128ab394948a842d10e7fa93611 HTTP/1.1" 200 233 10.0.0.145 - - [14/Jul/2026:10:45:25 +0000] "GET /v3/services/a7c50128ab394948a842d10e7fa93611 HTTP/1.1" 200 233 10.0.0.145 - - [14/Jul/2026:10:45:25 +0000] "GET /v3/services/a7c50128ab394948a842d10e7fa93611 HTTP/1.1" 200 233 10.0.0.145 - - [14/Jul/2026:10:45:25 +0000] "GET /v3/services/a7c50128ab394948a842d10e7fa93611 HTTP/1.1" 200 233 10.0.0.145 - - [14/Jul/2026:10:45:25 +0000] "GET /v3/endpoints HTTP/1.1" 200 1227 10.0.0.145 - - [14/Jul/2026:10:45:25 +0000] "GET /v3/services/a7c50128ab394948a842d10e7fa93611 HTTP/1.1" 200 233 10.0.0.145 - - [14/Jul/2026:10:45:25 +0000] "GET /v3/services/a7c50128ab394948a842d10e7fa93611 HTTP/1.1" 200 233 10.0.0.145 - - [14/Jul/2026:10:45:25 +0000] "GET /v3/services/a7c50128ab394948a842d10e7fa93611 HTTP/1.1" 200 233 10.0.0.145 - - [14/Jul/2026:10:45:25 +0000] "GET /v3/services/a7c50128ab394948a842d10e7fa93611 HTTP/1.1" 200 233 10.0.0.145 - - [14/Jul/2026:10:45:25 +0000] "GET /v3/services/a7c50128ab394948a842d10e7fa93611 HTTP/1.1" 200 233 10.0.0.145 - - [14/Jul/2026:10:45:27 +0000] "GET / HTTP/1.1" 300 295
[Tue Jul 14 10:45:27.092482 2026] [wsgi:error] [pid 12:tid 140051799246528] [remote 10.0.0.145:51708] 2026-07-14 10:45:27.092 12 WARNING keystone.common.password_hashing [None req-468da808-753e-4f9d-978b-ed4547a6efac - - - - - -] Truncating password to algorithm specific maximum length 72 characters. 10.0.0.145 - - [14/Jul/2026:10:45:27 +0000] "GET / HTTP/1.1" 300 295
[Tue Jul 14 10:45:27.158311 2026] [wsgi:error] [pid 9:tid 140051799246528] [remote 10.0.0.145:51714] 2026-07-14 10:45:27.158 9 WARNING keystone.common.password_hashing [None req-d8e4a3e5-0929-4b60-9005-0395b521272c - - - - - -] Truncating password to algorithm specific maximum length 72 characters. 10.0.0.145 - - [14/Jul/2026:10:45:27 +0000] "GET / HTTP/1.1" 300 295
[Tue Jul 14 10:45:27.211396 2026] [wsgi:error] [pid 10:tid 140051799246528] [remote 10.0.0.145:51724] 2026-07-14 10:45:27.211 10 WARNING keystone.common.password_hashing [None req-9070e0d2-bb11-44ce-83e5-aa3b5129d8c4 - - - - - -] Truncating password to algorithm specific maximum length 72 characters.
[Tue Jul 14 10:45:27.365552 2026] [wsgi:error] [pid 12:tid 140051799246528] [remote 10.0.0.145:51708] 2026-07-14 10:45:27.365 12 WARNING keystone.common.fernet_utils [None req-468da808-753e-4f9d-978b-ed4547a6efac - - - - - -] key_repository is world readable: /etc/keystone/fernet-keys/ 10.0.0.145 - - [14/Jul/2026:10:45:27 +0000] "POST /v3/auth/tokens HTTP/1.1" 201 1464
[Tue Jul 14 10:45:27.431441 2026] [wsgi:error] [pid 9:tid 140051799246528] [remote 10.0.0.145:51714] 2026-07-14 10:45:27.431 9 WARNING keystone.common.fernet_utils [None req-d8e4a3e5-0929-4b60-9005-0395b521272c - - - - - -] key_repository is world readable: /etc/keystone/fernet-keys/ 10.0.0.145 - - [14/Jul/2026:10:45:27 +0000] "POST /v3/auth/tokens HTTP/1.1" 201 1464
[Tue Jul 14 10:45:27.481722 2026] [wsgi:error] [pid 10:tid 140051799246528] [remote 10.0.0.145:51724] 2026-07-14 10:45:27.481 10 WARNING keystone.common.fernet_utils [None req-9070e0d2-bb11-44ce-83e5-aa3b5129d8c4 - - - - - -] key_repository is world readable: /etc/keystone/fernet-keys/ 10.0.0.145 - - [14/Jul/2026:10:45:27 +0000] "POST /v3/auth/tokens HTTP/1.1" 201 1464 10.0.0.145 - - [14/Jul/2026:10:45:27 +0000] "GET /v3/services/939a0ba24f1e4c23b8639526365d08cd HTTP/1.1" 200 296 10.0.0.145 - - [14/Jul/2026:10:45:27 +0000] "GET /v3/regions/RegionOne HTTP/1.1" 200 173 10.0.0.145 - - [14/Jul/2026:10:45:27 +0000] "GET /v3/services/939a0ba24f1e4c23b8639526365d08cd HTTP/1.1" 200 296 10.0.0.145 - - [14/Jul/2026:10:45:27 +0000] "GET /v3/regions/RegionOne HTTP/1.1" 200 173 10.0.0.145 - - [14/Jul/2026:10:45:27 +0000] "POST /v3/endpoints HTTP/1.1" 201 370 10.0.0.145 - - [14/Jul/2026:10:45:27 +0000] "GET /v3/services/939a0ba24f1e4c23b8639526365d08cd HTTP/1.1" 200 296 10.0.0.145 - - [14/Jul/2026:10:45:27 +0000] "GET /v3/regions/RegionOne HTTP/1.1" 200 173 10.0.0.145 - - [14/Jul/2026:10:45:27 +0000] "POST /v3/endpoints HTTP/1.1" 201 383 10.0.0.145 - - [14/Jul/2026:10:45:27 +0000] "POST /v3/endpoints HTTP/1.1" 201 380 10.0.0.145 - - [14/Jul/2026:10:45:29 +0000] "GET / HTTP/1.1" 300 295
[Tue Jul 14 10:45:29.175607 2026] [wsgi:error] [pid 11:tid 140051799246528] [remote 10.0.0.145:51726] 2026-07-14 10:45:29.175 11 WARNING keystone.common.password_hashing [None req-f7e55697-12e7-44bd-a948-99ab4da8393a - - - - - -] Truncating password to algorithm specific maximum length 72 characters. 10.0.0.145 - - [14/Jul/2026:10:45:29 +0000] "GET / HTTP/1.1" 300 295
[Tue Jul 14 10:45:29.295986 2026] [wsgi:error] [pid 9:tid 140051799246528] [remote 10.0.0.145:51734] 2026-07-14 10:45:29.295 9 WARNING keystone.common.password_hashing [None req-8f80cdf4-59ee-48e9-9713-6091592ecfed - - - - - -] Truncating password to algorithm specific maximum length 72 characters. 10.0.0.145 - - [14/Jul/2026:10:45:29 +0000] "GET / HTTP/1.1" 300 295
[Tue Jul 14 10:45:29.320660 2026] [wsgi:error] [pid 12:tid 140051799246528] [remote 10.0.0.145:51742] 2026-07-14 10:45:29.320 12 WARNING keystone.common.password_hashing [None req-70410fae-e772-4b2e-b483-3e59c990d3fc - - - - - -] Truncating password to algorithm specific maximum length 72 characters.
[Tue Jul 14 10:45:29.478221 2026] [wsgi:error] [pid 11:tid 140051799246528] [remote 10.0.0.145:51726] 2026-07-14 10:45:29.478 11 WARNING keystone.common.fernet_utils [None req-f7e55697-12e7-44bd-a948-99ab4da8393a - - - - - -] key_repository is world readable: /etc/keystone/fernet-keys/ 10.0.0.145 - - [14/Jul/2026:10:45:29 +0000] "POST /v3/auth/tokens HTTP/1.1" 201 1992
[Tue Jul 14 10:45:29.567762 2026] [wsgi:error] [pid 9:tid 140051799246528] [remote 10.0.0.145:51734] 2026-07-14 10:45:29.567 9 WARNING keystone.common.fernet_utils [None req-8f80cdf4-59ee-48e9-9713-6091592ecfed - - - - - -] key_repository is world readable: /etc/keystone/fernet-keys/ 10.0.0.145 - - [14/Jul/2026:10:45:29 +0000] "POST /v3/auth/tokens HTTP/1.1" 201 1992
[Tue Jul 14 10:45:29.589069 2026] [wsgi:error] [pid 12:tid 140051799246528] [remote 10.0.0.145:51742] 2026-07-14 10:45:29.588 12 WARNING keystone.common.fernet_utils [None req-70410fae-e772-4b2e-b483-3e59c990d3fc - - - - - -] key_repository is world readable: /etc/keystone/fernet-keys/ 10.0.0.145 - - [14/Jul/2026:10:45:29 +0000] "POST /v3/auth/tokens HTTP/1.1" 201 1992 10.0.0.145 - - [14/Jul/2026:10:45:29 +0000] "GET /v3/endpoints/4c77986ea82a4b279f94995bf9bcaf68 HTTP/1.1" 200 383 10.0.0.145 - - [14/Jul/2026:10:45:29 +0000] "GET /v3/services/939a0ba24f1e4c23b8639526365d08cd HTTP/1.1" 200 296 10.0.0.145 - - [14/Jul/2026:10:45:29 +0000] "GET /v3/endpoints/ed7cf876f3ba46d08271f9f98b72e0c0 HTTP/1.1" 200 380 10.0.0.145 - - [14/Jul/2026:10:45:29 +0000] "GET /v3/services/939a0ba24f1e4c23b8639526365d08cd HTTP/1.1" 200 296 10.0.0.145 - - [14/Jul/2026:10:45:29 +0000] "GET /v3/endpoints/4b3a80ebc2d74cbf80dc6f1a13b9f5a5 HTTP/1.1" 200 370 10.0.0.145 - - [14/Jul/2026:10:45:29 +0000] "GET /v3/services/939a0ba24f1e4c23b8639526365d08cd HTTP/1.1" 200 296 10.0.0.117 - - [14/Jul/2026:10:45:40 +0000] "GET / HTTP/1.1" 300 295
[Tue Jul 14 10:45:40.242231 2026] [wsgi:error] [pid 10:tid 140051799246528] [remote 10.0.0.117:32832] 2026-07-14 10:45:40.241 10 WARNING keystone.common.password_hashing [None req-53d9306d-a589-42e4-b6d6-cb17367a32e6 - - - - - -] Truncating password to algorithm specific maximum length 72 characters.
[Tue Jul 14 10:45:40.534715 2026] [wsgi:error] [pid 10:tid 140051799246528] [remote 10.0.0.117:32832] 2026-07-14 10:45:40.534 10 WARNING keystone.common.fernet_utils [None req-53d9306d-a589-42e4-b6d6-cb17367a32e6 - - - - - -] key_repository is world readable: /etc/keystone/fernet-keys/ 10.0.0.117 - - [14/Jul/2026:10:45:40 +0000] "POST /v3/auth/tokens HTTP/1.1" 201 1992 10.0.0.117 - - [14/Jul/2026:10:45:40 +0000] "POST /v3/domains HTTP/1.1" 201 284 10.0.0.117 - - [14/Jul/2026:10:45:42 +0000] "GET / HTTP/1.1" 300 295
[Tue Jul 14 10:45:42.235015 2026] [wsgi:error] [pid 9:tid 140051799246528] [remote 10.0.0.117:43066] 2026-07-14 10:45:42.234 9 WARNING keystone.common.password_hashing [None req-d9fa71c8-1180-4e2c-8184-9e428e69072d - - - - - -] Truncating password to algorithm specific maximum length 72 characters.
[Tue Jul 14 10:45:42.529771 2026] [wsgi:error] [pid 9:tid 140051799246528] [remote 10.0.0.117:43066] 2026-07-14 10:45:42.529 9 WARNING keystone.common.fernet_utils [None req-d9fa71c8-1180-4e2c-8184-9e428e69072d - - - - - -] key_repository is world readable: /etc/keystone/fernet-keys/ 10.0.0.117 - - [14/Jul/2026:10:45:42 +0000] "POST /v3/auth/tokens HTTP/1.1" 201 1992 10.0.0.92 - - [14/Jul/2026:10:45:42 +0000] "GET /v3/ HTTP/1.1" 200 248 10.0.0.92 - - [14/Jul/2026:10:45:42 +0000] "GET /v3/ HTTP/1.1" 200 248
[Tue Jul 14 10:45:42.723347 2026] [wsgi:error] [pid 11:tid 140051799246528] [remote 10.0.0.117:43066] 2026-07-14 10:45:42.706 11 ERROR keystone.server.flask.application [None req-38380f21-8217-44cf-a43b-d0954a2a5453 c77eee1ec5b342f2bcc2529b0c718935 7b0af817342749708ce45ee3cce4d4ae - - default default] Conflict occurred attempting to store project - it is not permitted to have two projects acting as domains with the same name: service.: keystone.exception.Conflict: Conflict occurred attempting to store project - it is not permitted to have two projects acting as domains with the same name: service.
[Tue Jul 14 10:45:42.723383 2026] [wsgi:error] [pid 11:tid 140051799246528] [remote 10.0.0.117:43066] 2026-07-14 10:45:42.706 11 ERROR keystone.server.flask.application
Traceback (most recent call last):
[Tue Jul 14 10:45:42.723386 2026] [wsgi:error] [pid 11:tid 140051799246528] [remote 10.0.0.117:43066] 2026-07-14 10:45:42.706 11 ERROR keystone.server.flask.application
File "/var/lib/openstack/lib/python3.12/site-packages/sqlalchemy/engine/base.py", line 1969, in _exec_single_context
[Tue Jul 14 10:45:42.723388 2026] [wsgi:error] [pid 11:tid 140051799246528] [remote 10.0.0.117:43066] 2026-07-14 10:45:42.706 11 ERROR keystone.server.flask.application self.dialect.do_execute(
[Tue Jul 14 10:45:42.723390 2026] [wsgi:error] [pid 11:tid 140051799246528] [remote 10.0.0.117:43066] 2026-07-14 10:45:42.706 11 ERROR keystone.server.flask.application
File "/var/lib/openstack/lib/python3.12/site-packages/sqlalchemy/engine/default.py", line 952, in do_execute
[Tue Jul 14 10:45:42.723392 2026] [wsgi:error] [pid 11:tid 140051799246528] [remote 10.0.0.117:43066] 2026-07-14 10:45:42.706 11 ERROR keystone.server.flask.application cursor.execute(statement, parameters)
[Tue Jul 14 10:45:42.723394 2026] [wsgi:error] [pid 11:tid 140051799246528] [remote 10.0.0.117:43066] 2026-07-14 10:45:42.706 11 ERROR keystone.server.flask.application
File "/var/lib/openstack/lib/python3.12/site-packages/pymysql/cursors.py", line 159, in execute
[Tue Jul 14 10:45:42.723396 2026] [wsgi:error] [pid 11:tid 140051799246528] [remote 10.0.0.117:43066] 2026-07-14 10:45:42.706 11 ERROR keystone.server.flask.application result = self._query(query)
[Tue Jul 14 10:45:42.723397 2026] [wsgi:error] [pid 11:tid 140051799246528] [remote 10.0.0.117:43066] 2026-07-14 10:45:42.706 11 ERROR keystone.server.flask.application ^^^^^^^^^^^^^^^^^^
[Tue Jul 14 10:45:42.723398 2026] [wsgi:error] [pid 11:tid 140051799246528] [remote 10.0.0.117:43066] 2026-07-14 10:45:42.706 11 ERROR keystone.server.flask.application
File "/var/lib/openstack/lib/python3.12/site-packages/pymysql/cursors.py", line 330, in _query
[Tue Jul 14 10:45:42.723400 2026] [wsgi:error] [pid 11:tid 140051799246528] [remote 10.0.0.117:43066] 2026-07-14 10:45:42.706 11 ERROR keystone.server.flask.application conn.query(q)
[Tue Jul 14 10:45:42.723402 2026] [wsgi:error] [pid 11:tid 140051799246528] [remote 10.0.0.117:43066] 2026-07-14 10:45:42.706 11 ERROR keystone.server.flask.application
File "/var/lib/openstack/lib/python3.12/site-packages/pymysql/connections.py", line 582, in query
[Tue Jul 14 10:45:42.723403 2026] [wsgi:error] [pid 11:tid 140051799246528] [remote 10.0.0.117:43066] 2026-07-14 10:45:42.706 11 ERROR keystone.server.flask.application self._affected_rows = self._read_query_result(unbuffered=unbuffered)
[Tue Jul 14 10:45:42.723405 2026] [wsgi:error] [pid 11:tid 140051799246528] [remote 10.0.0.117:43066] 2026-07-14 10:45:42.706 11 ERROR keystone.server.flask.application ^^^^^^^^^^^^^^^^^^^^^^^^^^^^^^^^^^^^^^^^^^^^^^
[Tue Jul 14 10:45:42.723407 2026] [wsgi:error] [pid 11:tid 140051799246528] [remote 10.0.0.117:43066] 2026-07-14 10:45:42.706 11 ERROR keystone.server.flask.application
File "/var/lib/openstack/lib/python3.12/site-packages/pymysql/connections.py", line 847, in _read_query_result
[Tue Jul 14 10:45:42.723408 2026] [wsgi:error] [pid 11:tid 140051799246528] [remote 10.0.0.117:43066] 2026-07-14 10:45:42.706 11 ERROR keystone.server.flask.application result.read()
[Tue Jul 14 10:45:42.723414 2026] [wsgi:error] [pid 11:tid 140051799246528] [remote 10.0.0.117:43066] 2026-07-14 10:45:42.706 11 ERROR keystone.server.flask.application
File "/var/lib/openstack/lib/python3.12/site-packages/pymysql/connections.py", line 1245, in read
[Tue Jul 14 10:45:42.723415 2026] [wsgi:error] [pid 11:tid 140051799246528] [remote 10.0.0.117:43066] 2026-07-14 10:45:42.706 11 ERROR keystone.server.flask.application first_packet = self.connection._read_packet()
[Tue Jul 14 10:45:42.723416 2026] [wsgi:error] [pid 11:tid 140051799246528] [remote 10.0.0.117:43066] 2026-07-14 10:45:42.706 11 ERROR keystone.server.flask.application ^^^^^^^^^^^^^^^^^^^^^^^^^^^^^^
[Tue Jul 14 10:45:42.723418 2026] [wsgi:error] [pid 11:tid 140051799246528] [remote 10.0.0.117:43066] 2026-07-14 10:45:42.706 11 ERROR keystone.server.flask.application
File "/var/lib/openstack/lib/python3.12/site-packages/pymysql/connections.py", line 803, in _read_packet
[Tue Jul 14 10:45:42.723419 2026] [wsgi:error] [pid 11:tid 140051799246528] [remote 10.0.0.117:43066] 2026-07-14 10:45:42.706 11 ERROR keystone.server.flask.application packet.raise_for_error()
[Tue Jul 14 10:45:42.723421 2026] [wsgi:error] [pid 11:tid 140051799246528] [remote 10.0.0.117:43066] 2026-07-14 10:45:42.706 11 ERROR keystone.server.flask.application
File "/var/lib/openstack/lib/python3.12/site-packages/pymysql/protocol.py", line 219, in raise_for_error
[Tue Jul 14 10:45:42.723422 2026] [wsgi:error] [pid 11:tid 140051799246528] [remote 10.0.0.117:43066] 2026-07-14 10:45:42.706 11 ERROR keystone.server.flask.application err.raise_mysql_exception(self._data)
[Tue Jul 14 10:45:42.723423 2026] [wsgi:error] [pid 11:tid 140051799246528] [remote 10.0.0.117:43066] 2026-07-14 10:45:42.706 11 ERROR keystone.server.flask.application
File "/var/lib/openstack/lib/python3.12/site-packages/pymysql/err.py", line 154, in raise_mysql_exception
[Tue Jul 14 10:45:42.723425 2026] [wsgi:error] [pid 11:tid 140051799246528] [remote 10.0.0.117:43066] 2026-07-14 10:45:42.706 11 ERROR keystone.server.flask.application raise errorclass(errno, errval, sqlstate=sqlstate)
[Tue Jul 14 10:45:42.723428 2026] [wsgi:error] [pid 11:tid 140051799246528] [remote 10.0.0.117:43066] 2026-07-14 10:45:42.706 11 ERROR keystone.server.flask.application pymysql.err.IntegrityError: (1062, "Duplicate entry '<>-service' for key 'project.ixu_project_name_domain_id'")
[Tue Jul 14 10:45:42.723430 2026] [wsgi:error] [pid 11:tid 140051799246528] [remote 10.0.0.117:43066] 2026-07-14 10:45:42.706 11 ERROR keystone.server.flask.application
[Tue Jul 14 10:45:42.723431 2026] [wsgi:error] [pid 11:tid 140051799246528] [remote 10.0.0.117:43066] 2026-07-14 10:45:42.706 11 ERROR keystone.server.flask.application The above exception was the direct cause of the following exception:
[Tue Jul 14 10:45:42.723433 2026] [wsgi:error] [pid 11:tid 140051799246528] [remote 10.0.0.117:43066] 2026-07-14 10:45:42.706 11 ERROR keystone.server.flask.application
[Tue Jul 14 10:45:42.723434 2026] [wsgi:error] [pid 11:tid 140051799246528] [remote 10.0.0.117:43066] 2026-07-14 10:45:42.706 11 ERROR keystone.server.flask.application
Traceback (most recent call last):
[Tue Jul 14 10:45:42.723436 2026] [wsgi:error] [pid 11:tid 140051799246528] [remote 10.0.0.117:43066] 2026-07-14 10:45:42.706 11 ERROR keystone.server.flask.application
File "/var/lib/openstack/lib/python3.12/site-packages/keystone/common/sql/core.py", line 575, in wrapper
[Tue Jul 14 10:45:42.723438 2026] [wsgi:error] [pid 11:tid 140051799246528] [remote 10.0.0.117:43066] 2026-07-14 10:45:42.706 11 ERROR keystone.server.flask.application return method(*args, **kwargs)
[Tue Jul 14 10:45:42.723439 2026] [wsgi:error] [pid 11:tid 140051799246528] [remote 10.0.0.117:43066] 2026-07-14 10:45:42.706 11 ERROR keystone.server.flask.application ^^^^^^^^^^^^^^^^^^^^^^^
[Tue Jul 14 10:45:42.723442 2026] [wsgi:error] [pid 11:tid 140051799246528] [remote 10.0.0.117:43066] 2026-07-14 10:45:42.706 11 ERROR keystone.server.flask.application
File "/var/lib/openstack/lib/python3.12/site-packages/keystone/resource/backends/sql.py", line 278, in create_project
[Tue Jul 14 10:45:42.723444 2026] [wsgi:error] [pid 11:tid 140051799246528] [remote 10.0.0.117:43066] 2026-07-14 10:45:42.706 11 ERROR keystone.server.flask.application with sql.session_for_write() as session:
[Tue Jul 14 10:45:42.723445 2026] [wsgi:error] [pid 11:tid 140051799246528] [remote 10.0.0.117:43066] 2026-07-14 10:45:42.706 11 ERROR keystone.server.flask.application
File "/usr/lib/python3.12/contextlib.py", line 144, in __exit__
[Tue Jul 14 10:45:42.723446 2026] [wsgi:error] [pid 11:tid 140051799246528] [remote 10.0.0.117:43066] 2026-07-14 10:45:42.706 11 ERROR keystone.server.flask.application next(self.gen)
[Tue Jul 14 10:45:42.723448 2026] [wsgi:error] [pid 11:tid 140051799246528] [remote 10.0.0.117:43066] 2026-07-14 10:45:42.706 11 ERROR keystone.server.flask.application
File "/var/lib/openstack/lib/python3.12/site-packages/oslo_db/sqlalchemy/enginefacade.py", line 1175, in _transaction_scope
[Tue Jul 14 10:45:42.723449 2026] [wsgi:error] [pid 11:tid 140051799246528] [remote 10.0.0.117:43066] 2026-07-14 10:45:42.706 11 ERROR keystone.server.flask.application with current._produce_block(
[Tue Jul 14 10:45:42.723450 2026] [wsgi:error] [pid 11:tid 140051799246528] [remote 10.0.0.117:43066] 2026-07-14 10:45:42.706 11 ERROR keystone.server.flask.application
File "/usr/lib/python3.12/contextlib.py", line 144, in __exit__
[Tue Jul 14 10:45:42.723452 2026] [wsgi:error] [pid 11:tid 140051799246528] [remote 10.0.0.117:43066] 2026-07-14 10:45:42.706 11 ERROR keystone.server.flask.application next(self.gen)
[Tue Jul 14 10:45:42.723453 2026] [wsgi:error] [pid 11:tid 140051799246528] [remote 10.0.0.117:43066] 2026-07-14 10:45:42.706 11 ERROR keystone.server.flask.application
File "/var/lib/openstack/lib/python3.12/site-packages/oslo_db/sqlalchemy/enginefacade.py", line 837, in _session
[Tue Jul 14 10:45:42.723455 2026] [wsgi:error] [pid 11:tid 140051799246528] [remote 10.0.0.117:43066] 2026-07-14 10:45:42.706 11 ERROR keystone.server.flask.application with excutils.save_and_reraise_exception():
[Tue Jul 14 10:45:42.723456 2026] [wsgi:error] [pid 11:tid 140051799246528] [remote 10.0.0.117:43066] 2026-07-14 10:45:42.706 11 ERROR keystone.server.flask.application
File "/var/lib/openstack/lib/python3.12/site-packages/oslo_utils/excutils.py", line 266, in __exit__
[Tue Jul 14 10:45:42.723458 2026] [wsgi:error] [pid 11:tid 140051799246528] [remote 10.0.0.117:43066] 2026-07-14 10:45:42.706 11 ERROR keystone.server.flask.application self.force_reraise()
[Tue Jul 14 10:45:42.723459 2026] [wsgi:error] [pid 11:tid 140051799246528] [remote 10.0.0.117:43066] 2026-07-14 10:45:42.706 11 ERROR keystone.server.flask.application
File "/var/lib/openstack/lib/python3.12/site-packages/oslo_utils/excutils.py", line 232, in force_reraise
[Tue Jul 14 10:45:42.723460 2026] [wsgi:error] [pid 11:tid 140051799246528] [remote 10.0.0.117:43066] 2026-07-14 10:45:42.706 11 ERROR keystone.server.flask.application raise self.value
[Tue Jul 14 10:45:42.723462 2026] [wsgi:error] [pid 11:tid 140051799246528] [remote 10.0.0.117:43066] 2026-07-14 10:45:42.706 11 ERROR keystone.server.flask.application
File "/var/lib/openstack/lib/python3.12/site-packages/oslo_db/sqlalchemy/enginefacade.py", line 835, in _session
[Tue Jul 14 10:45:42.723463 2026] [wsgi:error] [pid 11:tid 140051799246528] [remote 10.0.0.117:43066] 2026-07-14 10:45:42.706 11 ERROR keystone.server.flask.application self._end_session_transaction(self.session)
[Tue Jul 14 10:45:42.723465 2026] [wsgi:error] [pid 11:tid 140051799246528] [remote 10.0.0.117:43066] 2026-07-14 10:45:42.706 11 ERROR keystone.server.flask.application
File "/var/lib/openstack/lib/python3.12/site-packages/oslo_db/sqlalchemy/enginefacade.py", line 748, in _end_session_transaction
[Tue Jul 14 10:45:42.723467 2026] [wsgi:error] [pid 11:tid 140051799246528] [remote 10.0.0.117:43066] 2026-07-14 10:45:42.706 11 ERROR keystone.server.flask.application session.commit()
[Tue Jul 14 10:45:42.723468 2026] [wsgi:error] [pid 11:tid 140051799246528] [remote 10.0.0.117:43066] 2026-07-14 10:45:42.706 11 ERROR keystone.server.flask.application
File "/var/lib/openstack/lib/python3.12/site-packages/sqlalchemy/orm/session.py", line 2034, in commit
[Tue Jul 14 10:45:42.723470 2026] [wsgi:error] [pid 11:tid 140051799246528] [remote 10.0.0.117:43066] 2026-07-14 10:45:42.706 11 ERROR keystone.server.flask.application trans.commit(_to_root=True)
[Tue Jul 14 10:45:42.723471 2026] [wsgi:error] [pid 11:tid 140051799246528] [remote 10.0.0.117:43066] 2026-07-14 10:45:42.706 11 ERROR keystone.server.flask.application File "", line 2, in commit
[Tue Jul 14 10:45:42.723473 2026] [wsgi:error] [pid 11:tid 140051799246528] [remote 10.0.0.117:43066] 2026-07-14 10:45:42.706 11 ERROR keystone.server.flask.application
File "/var/lib/openstack/lib/python3.12/site-packages/sqlalchemy/orm/state_changes.py", line 137, in _go
[Tue Jul 14 10:45:42.723474 2026] [wsgi:error] [pid 11:tid 140051799246528] [remote 10.0.0.117:43066] 2026-07-14 10:45:42.706 11 ERROR keystone.server.flask.application ret_value = fn(self, *arg, **kw)
[Tue Jul 14 10:45:42.723475 2026] [wsgi:error] [pid 11:tid 140051799246528] [remote 10.0.0.117:43066] 2026-07-14 10:45:42.706 11 ERROR keystone.server.flask.application ^^^^^^^^^^^^^^^^^^^^
[Tue Jul 14 10:45:42.723477 2026] [wsgi:error] [pid 11:tid 140051799246528] [remote 10.0.0.117:43066] 2026-07-14 10:45:42.706 11 ERROR keystone.server.flask.application
File "/var/lib/openstack/lib/python3.12/site-packages/sqlalchemy/orm/session.py", line 1315, in commit
[Tue Jul 14 10:45:42.723478 2026] [wsgi:error] [pid 11:tid 140051799246528] [remote 10.0.0.117:43066] 2026-07-14 10:45:42.706 11 ERROR keystone.server.flask.application self._prepare_impl()
[Tue Jul 14 10:45:42.723479 2026] [wsgi:error] [pid 11:tid 140051799246528] [remote 10.0.0.117:43066] 2026-07-14 10:45:42.706 11 ERROR keystone.server.flask.application File "", line 2, in _prepare_impl
[Tue Jul 14 10:45:42.723481 2026] [wsgi:error] [pid 11:tid 140051799246528] [remote 10.0.0.117:43066] 2026-07-14 10:45:42.706 11 ERROR keystone.server.flask.application
File "/var/lib/openstack/lib/python3.12/site-packages/sqlalchemy/orm/state_changes.py", line 137, in _go
[Tue Jul 14 10:45:42.723482 2026] [wsgi:error] [pid 11:tid 140051799246528] [remote 10.0.0.117:43066] 2026-07-14 10:45:42.706 11 ERROR keystone.server.flask.application ret_value = fn(self, *arg, **kw)
[Tue Jul 14 10:45:42.723484 2026] [wsgi:error] [pid 11:tid 140051799246528] [remote 10.0.0.117:43066] 2026-07-14 10:45:42.706 11 ERROR keystone.server.flask.application ^^^^^^^^^^^^^^^^^^^^
[Tue Jul 14 10:45:42.723503 2026] [wsgi:error] [pid 11:tid 140051799246528] [remote 10.0.0.117:43066] 2026-07-14 10:45:42.706 11 ERROR keystone.server.flask.application
File "/var/lib/openstack/lib/python3.12/site-packages/sqlalchemy/orm/session.py", line 1290, in _prepare_impl
[Tue Jul 14 10:45:42.723505 2026] [wsgi:error] [pid 11:tid 140051799246528] [remote 10.0.0.117:43066] 2026-07-14 10:45:42.706 11 ERROR keystone.server.flask.application self.session.flush()
[Tue Jul 14 10:45:42.723508 2026] [wsgi:error] [pid 11:tid 140051799246528] [remote 10.0.0.117:43066] 2026-07-14 10:45:42.706 11 ERROR keystone.server.flask.application
File "/var/lib/openstack/lib/python3.12/site-packages/sqlalchemy/orm/session.py", line 4352, in flush
[Tue Jul 14 10:45:42.723509 2026] [wsgi:error] [pid 11:tid 140051799246528] [remote 10.0.0.117:43066] 2026-07-14 10:45:42.706 11 ERROR keystone.server.flask.application self._flush(objects)
[Tue Jul 14 10:45:42.723511 2026] [wsgi:error] [pid 11:tid 140051799246528] [remote 10.0.0.117:43066] 2026-07-14 10:45:42.706 11 ERROR keystone.server.flask.application
File "/var/lib/openstack/lib/python3.12/site-packages/sqlalchemy/orm/session.py", line 4487, in _flush
[Tue Jul 14 10:45:42.723513 2026] [wsgi:error] [pid 11:tid 140051799246528] [remote 10.0.0.117:43066] 2026-07-14 10:45:42.706 11 ERROR keystone.server.flask.application with util.safe_reraise():
[Tue Jul 14 10:45:42.723515 2026] [wsgi:error] [pid 11:tid 140051799246528] [remote 10.0.0.117:43066] 2026-07-14 10:45:42.706 11 ERROR keystone.server.flask.application
File "/var/lib/openstack/lib/python3.12/site-packages/sqlalchemy/util/langhelpers.py", line 122, in __exit__
[Tue Jul 14 10:45:42.723517 2026] [wsgi:error] [pid 11:tid 140051799246528] [remote 10.0.0.117:43066] 2026-07-14 10:45:42.706 11 ERROR keystone.server.flask.application raise exc_value.with_traceback(exc_tb)
[Tue Jul 14 10:45:42.723520 2026] [wsgi:error] [pid 11:tid 140051799246528] [remote 10.0.0.117:43066] 2026-07-14 10:45:42.706 11 ERROR keystone.server.flask.application
File "/var/lib/openstack/lib/python3.12/site-packages/sqlalchemy/orm/session.py", line 4448, in _flush
[Tue Jul 14 10:45:42.723523 2026] [wsgi:error] [pid 11:tid 140051799246528] [remote 10.0.0.117:43066] 2026-07-14 10:45:42.706 11 ERROR keystone.server.flask.application flush_context.execute()
