+ COMMAND=start + start + for KEYSTONE_WSGI_SCRIPT in keystone-wsgi-public ++ type -p keystone-wsgi-public + cp -a /var/lib/openstack/bin/keystone-wsgi-public /var/www/cgi-bin/keystone/ + '[' -f /etc/apache2/envvars ']' + source /etc/apache2/envvars ++ unset HOME ++ '[' '' '!=' '' ']' ++ SUFFIX= ++ export APACHE_RUN_USER=www-data ++ APACHE_RUN_USER=www-data ++ export APACHE_RUN_GROUP=www-data ++ APACHE_RUN_GROUP=www-data ++ export APACHE_PID_FILE=/var/run/apache2/apache2.pid ++ APACHE_PID_FILE=/var/run/apache2/apache2.pid ++ export APACHE_RUN_DIR=/var/run/apache2 ++ APACHE_RUN_DIR=/var/run/apache2 ++ export APACHE_LOCK_DIR=/var/lock/apache2 ++ APACHE_LOCK_DIR=/var/lock/apache2 ++ export APACHE_LOG_DIR=/var/log/apache2 ++ APACHE_LOG_DIR=/var/log/apache2 ++ export LANG=C ++ LANG=C ++ export LANG + '[' -f /var/run/apache2/apache2.pid ']' + exec apache2 -DFOREGROUND AH00558: apache2: Could not reliably determine the server's fully qualified domain name, using 10.0.0.60. Set the 'ServerName' directive globally to suppress this message AH00558: apache2: Could not reliably determine the server's fully qualified domain name, using 10.0.0.60. Set the 'ServerName' directive globally to suppress this message
[Fri Jul 24 04:49:35.802255 2026] [mpm_event:notice] [pid 1:tid 140280132745088] AH00489: Apache/2.4.58 (Ubuntu) mod_wsgi/5.0.0 Python/3.12 configured -- resuming normal operations
[Fri Jul 24 04:49:35.802433 2026] [core:notice] [pid 1:tid 140280132745088] AH00094: Command line: 'apache2 -D FOREGROUND'
[Fri Jul 24 04:50:38.743880 2026] [wsgi:error] [pid 11:tid 140279495972544] /var/lib/openstack/lib/python3.12/site-packages/oslo_utils/importutils.py:77: EventletDeprecationWarning:
[Fri Jul 24 04:50:38.743920 2026] [wsgi:error] [pid 11:tid 140279495972544] Eventlet is deprecated. It is currently being maintained in bugfix mode, and
[Fri Jul 24 04:50:38.743922 2026] [wsgi:error] [pid 11:tid 140279495972544] we strongly recommend against using it for new projects.
[Fri Jul 24 04:50:38.743923 2026] [wsgi:error] [pid 11:tid 140279495972544]
[Fri Jul 24 04:50:38.743925 2026] [wsgi:error] [pid 11:tid 140279495972544] If you are already using Eventlet, we recommend migrating to a different
[Fri Jul 24 04:50:38.743926 2026] [wsgi:error] [pid 11:tid 140279495972544] framework. For more detail see
[Fri Jul 24 04:50:38.743927 2026] [wsgi:error] [pid 11:tid 140279495972544] https://eventlet.readthedocs.io/en/latest/asyncio/migration.html
[Fri Jul 24 04:50:38.743928 2026] [wsgi:error] [pid 11:tid 140279495972544]
[Fri Jul 24 04:50:38.743929 2026] [wsgi:error] [pid 11:tid 140279495972544] __import__(import_str)
[Fri Jul 24 04:50:38.776689 2026] [wsgi:error] [pid 9:tid 140279495972544] /var/lib/openstack/lib/python3.12/site-packages/oslo_utils/importutils.py:77: EventletDeprecationWarning:
[Fri Jul 24 04:50:38.776732 2026] [wsgi:error] [pid 9:tid 140279495972544] Eventlet is deprecated. It is currently being maintained in bugfix mode, and
[Fri Jul 24 04:50:38.776734 2026] [wsgi:error] [pid 9:tid 140279495972544] we strongly recommend against using it for new projects.
[Fri Jul 24 04:50:38.776735 2026] [wsgi:error] [pid 9:tid 140279495972544]
[Fri Jul 24 04:50:38.776736 2026] [wsgi:error] [pid 9:tid 140279495972544] If you are already using Eventlet, we recommend migrating to a different
[Fri Jul 24 04:50:38.776737 2026] [wsgi:error] [pid 9:tid 140279495972544] framework. For more detail see
[Fri Jul 24 04:50:38.776738 2026] [wsgi:error] [pid 9:tid 140279495972544] https://eventlet.readthedocs.io/en/latest/asyncio/migration.html
[Fri Jul 24 04:50:38.776740 2026] [wsgi:error] [pid 9:tid 140279495972544]
[Fri Jul 24 04:50:38.776741 2026] [wsgi:error] [pid 9:tid 140279495972544] __import__(import_str) 10.0.0.125 - - [24/Jul/2026:04:50:37 +0000] "GET /v3/ HTTP/1.1" 200 249 10.0.0.125 - - [24/Jul/2026:04:50:37 +0000] "GET /v3/ HTTP/1.1" 200 249
[Fri Jul 24 04:50:44.173995 2026] [wsgi:error] [pid 10:tid 140279495972544] /var/lib/openstack/lib/python3.12/site-packages/oslo_utils/importutils.py:77: EventletDeprecationWarning:
[Fri Jul 24 04:50:44.174049 2026] [wsgi:error] [pid 10:tid 140279495972544] Eventlet is deprecated. It is currently being maintained in bugfix mode, and
[Fri Jul 24 04:50:44.174051 2026] [wsgi:error] [pid 10:tid 140279495972544] we strongly recommend against using it for new projects.
[Fri Jul 24 04:50:44.174052 2026] [wsgi:error] [pid 10:tid 140279495972544]
[Fri Jul 24 04:50:44.174053 2026] [wsgi:error] [pid 10:tid 140279495972544] If you are already using Eventlet, we recommend migrating to a different
[Fri Jul 24 04:50:44.174055 2026] [wsgi:error] [pid 10:tid 140279495972544] framework. For more detail see
[Fri Jul 24 04:50:44.174056 2026] [wsgi:error] [pid 10:tid 140279495972544] https://eventlet.readthedocs.io/en/latest/asyncio/migration.html
[Fri Jul 24 04:50:44.174057 2026] [wsgi:error] [pid 10:tid 140279495972544]
[Fri Jul 24 04:50:44.174058 2026] [wsgi:error] [pid 10:tid 140279495972544] __import__(import_str) 10.0.0.125 - - [24/Jul/2026:04:50:43 +0000] "GET /v3/ HTTP/1.1" 200 249
[Fri Jul 24 04:50:50.953895 2026] [wsgi:error] [pid 12:tid 140279495972544] /var/lib/openstack/lib/python3.12/site-packages/oslo_utils/importutils.py:77: EventletDeprecationWarning:
[Fri Jul 24 04:50:50.953935 2026] [wsgi:error] [pid 12:tid 140279495972544] Eventlet is deprecated. It is currently being maintained in bugfix mode, and
[Fri Jul 24 04:50:50.953937 2026] [wsgi:error] [pid 12:tid 140279495972544] we strongly recommend against using it for new projects.
[Fri Jul 24 04:50:50.953938 2026] [wsgi:error] [pid 12:tid 140279495972544]
[Fri Jul 24 04:50:50.953939 2026] [wsgi:error] [pid 12:tid 140279495972544] If you are already using Eventlet, we recommend migrating to a different
[Fri Jul 24 04:50:50.953941 2026] [wsgi:error] [pid 12:tid 140279495972544] framework. For more detail see
[Fri Jul 24 04:50:50.953942 2026] [wsgi:error] [pid 12:tid 140279495972544] https://eventlet.readthedocs.io/en/latest/asyncio/migration.html
[Fri Jul 24 04:50:50.953943 2026] [wsgi:error] [pid 12:tid 140279495972544]
[Fri Jul 24 04:50:50.953944 2026] [wsgi:error] [pid 12:tid 140279495972544] __import__(import_str) 10.0.0.140 - - [24/Jul/2026:04:50:50 +0000] "GET / HTTP/1.1" 300 295
[Fri Jul 24 04:50:55.773638 2026] [wsgi:error] [pid 11:tid 140279495972544] [remote 10.0.0.140:46098] 2026-07-24 04:50:55.768 11 WARNING keystone.identity.core [None req-3f98c98c-f2f2-46c1-8cb1-077caa7b023f - - - - - -] Invalid domain name (atmosphere) found in config file name: keystone.exception.DomainNotFound: Could not find domain: atmosphere.
[Fri Jul 24 04:50:55.834335 2026] [wsgi:error] [pid 11:tid 140279495972544] [remote 10.0.0.140:46098] 2026-07-24 04:50:55.833 11 WARNING keystone.common.password_hashing [None req-3f98c98c-f2f2-46c1-8cb1-077caa7b023f - - - - - -] Truncating password to algorithm specific maximum length 72 characters.
[Fri Jul 24 04:50:56.126700 2026] [wsgi:error] [pid 11:tid 140279495972544] [remote 10.0.0.140:46098] 2026-07-24 04:50:56.126 11 WARNING keystone.common.fernet_utils [None req-3f98c98c-f2f2-46c1-8cb1-077caa7b023f - - - - - -] key_repository is world readable: /etc/keystone/fernet-keys/ 10.0.0.140 - - [24/Jul/2026:04:50:55 +0000] "POST /v3/auth/tokens HTTP/1.1" 201 1359
[Fri Jul 24 04:50:56.510672 2026] [wsgi:error] [pid 9:tid 140279495972544] [remote 10.0.0.140:46098] 2026-07-24 04:50:56.508 9 WARNING keystone.identity.core [None req-0e9e0df5-4bae-4548-9f50-b0c0519b5459 - - - - - -] Invalid domain name (atmosphere) found in config file name: keystone.exception.DomainNotFound: Could not find domain: atmosphere. 10.0.0.140 - - [24/Jul/2026:04:50:56 +0000] "POST /v3/domains HTTP/1.1" 201 261 10.0.0.53 - - [24/Jul/2026:04:51:09 +0000] "GET / HTTP/1.1" 300 295
[Fri Jul 24 04:51:09.854769 2026] [wsgi:error] [pid 12:tid 140279495972544] [remote 10.0.0.53:59680] 2026-07-24 04:51:09.854 12 WARNING keystone.common.password_hashing [None req-2c6cb2d6-9c8b-46b9-9268-2764a16da91c - - - - - -] Truncating password to algorithm specific maximum length 72 characters.
[Fri Jul 24 04:51:10.124939 2026] [wsgi:error] [pid 12:tid 140279495972544] [remote 10.0.0.53:59680] 2026-07-24 04:51:10.124 12 WARNING keystone.common.fernet_utils [None req-2c6cb2d6-9c8b-46b9-9268-2764a16da91c - - - - - -] key_repository is world readable: /etc/keystone/fernet-keys/ 10.0.0.53 - - [24/Jul/2026:04:51:09 +0000] "POST /v3/auth/tokens HTTP/1.1" 201 1359 10.0.0.53 - - [24/Jul/2026:04:51:10 +0000] "GET /v3/roles/admin HTTP/1.1" 404 83
[Fri Jul 24 04:51:10.410114 2026] [wsgi:error] [pid 9:tid 140279495972544] [remote 10.0.0.53:59680] 2026-07-24 04:51:10.409 9 WARNING keystone.common.rbac_enforcer.enforcer [None req-bc1ef4e5-2a75-4058-9a69-edf669202c66 1f2539cfba564b19a42a532bb68d8e4b de1619ccf5064ce3804704eb46520a3f - - default default] Deprecated policy rules found. Use oslopolicy-policy-generator and oslopolicy-policy-upgrade to detect and resolve deprecated policies in your configuration. 10.0.0.53 - - [24/Jul/2026:04:51:10 +0000] "GET /v3/roles?name=admin HTTP/1.1" 200 389
[Fri Jul 24 04:51:10.912834 2026] [wsgi:error] [pid 10:tid 140279495972544] [remote 10.0.0.53:59680] 2026-07-24 04:51:10.912 10 WARNING keystone.common.rbac_enforcer.enforcer [None req-f7d2345c-322b-4e91-a1d6-a6339f8c5606 1f2539cfba564b19a42a532bb68d8e4b de1619ccf5064ce3804704eb46520a3f - - default default] Deprecated policy rules found. Use oslopolicy-policy-generator and oslopolicy-policy-upgrade to detect and resolve deprecated policies in your configuration. 10.0.0.53 - - [24/Jul/2026:04:51:10 +0000] "GET /v3/users/admin-RegionOne HTTP/1.1" 404 93
[Fri Jul 24 04:51:11.101919 2026] [wsgi:error] [pid 12:tid 140279495972544] [remote 10.0.0.53:59680] 2026-07-24 04:51:11.101 12 WARNING keystone.common.rbac_enforcer.enforcer [None req-06233fd9-e612-49da-a1ed-fe5f6e763938 1f2539cfba564b19a42a532bb68d8e4b de1619ccf5064ce3804704eb46520a3f - - default default] Deprecated policy rules found. Use oslopolicy-policy-generator and oslopolicy-policy-upgrade to detect and resolve deprecated policies in your configuration. 10.0.0.53 - - [24/Jul/2026:04:51:10 +0000] "GET /v3/users?name=admin-RegionOne HTTP/1.1" 200 422
[Fri Jul 24 04:51:11.398818 2026] [wsgi:error] [pid 11:tid 140279495972544] [remote 10.0.0.53:59680] 2026-07-24 04:51:11.398 11 WARNING keystone.common.rbac_enforcer.enforcer [None req-6b1a11be-410e-4a9b-99ed-0d008b25ea7c 1f2539cfba564b19a42a532bb68d8e4b de1619ccf5064ce3804704eb46520a3f - - default default] Deprecated policy rules found. Use oslopolicy-policy-generator and oslopolicy-policy-upgrade to detect and resolve deprecated policies in your configuration. 10.0.0.53 - - [24/Jul/2026:04:51:11 +0000] "GET /v3/domains/default HTTP/1.1" 200 224 10.0.0.53 - - [24/Jul/2026:04:51:11 +0000] "PUT /v3/domains/default/users/1f2539cfba564b19a42a532bb68d8e4b/roles/a530fddf9db24523bd4c73f15f911c56 HTTP/1.1" 204 - 10.0.0.125 - - [24/Jul/2026:04:51:21 +0000] "GET / HTTP/1.1" 300 280 10.0.0.125 - - [24/Jul/2026:04:51:22 +0000] "GET /v3 HTTP/1.1" 200 265
[Fri Jul 24 04:51:22.939535 2026] [wsgi:error] [pid 11:tid 140279495972544] [remote 10.0.0.125:35902] 2026-07-24 04:51:22.939 11 WARNING keystone.common.password_hashing [None req-4eec4fd9-cc1f-4383-9085-c543c310ef0f - - - - - -] Truncating password to algorithm specific maximum length 72 characters.
[Fri Jul 24 04:51:23.216079 2026] [wsgi:error] [pid 11:tid 140279495972544] [remote 10.0.0.125:35902] 2026-07-24 04:51:23.215 11 WARNING keystone.common.fernet_utils [None req-4eec4fd9-cc1f-4383-9085-c543c310ef0f - - - - - -] key_repository is world readable: /etc/keystone/fernet-keys/ 10.0.0.125 - - [24/Jul/2026:04:51:22 +0000] "POST /v3/auth/tokens HTTP/1.1" 201 1359 10.0.0.125 - - [24/Jul/2026:04:51:23 +0000] "GET / HTTP/1.1" 300 280 10.0.0.125 - - [24/Jul/2026:04:51:23 +0000] "GET /v3/domains/atmosphere HTTP/1.1" 404 90 10.0.0.125 - - [24/Jul/2026:04:51:23 +0000] "GET /v3/domains?name=atmosphere HTTP/1.1" 200 368 10.0.0.125 - - [24/Jul/2026:04:51:23 +0000] "GET /v3/domains/dcef9b116220441f8d3a3e3a7a70e598 HTTP/1.1" 200 246 10.0.0.125 - - [24/Jul/2026:04:51:24 +0000] "GET /v3 HTTP/1.1" 200 265
[Fri Jul 24 04:51:24.470225 2026] [wsgi:error] [pid 10:tid 140279495972544] [remote 10.0.0.125:35892] 2026-07-24 04:51:24.469 10 WARNING keystone.common.password_hashing [None req-e6bc4b44-b7ba-4ccd-9d06-d804fa3694da - - - - - -] Truncating password to algorithm specific maximum length 72 characters.
[Fri Jul 24 04:51:24.749178 2026] [wsgi:error] [pid 10:tid 140279495972544] [remote 10.0.0.125:35892] 2026-07-24 04:51:24.748 10 WARNING keystone.common.fernet_utils [None req-e6bc4b44-b7ba-4ccd-9d06-d804fa3694da - - - - - -] key_repository is world readable: /etc/keystone/fernet-keys/ 10.0.0.125 - - [24/Jul/2026:04:51:24 +0000] "POST /v3/auth/tokens HTTP/1.1" 201 1359 10.0.0.125 - - [24/Jul/2026:04:51:24 +0000] "GET / HTTP/1.1" 300 280 10.0.0.125 - - [24/Jul/2026:04:51:24 +0000] "GET /v3/OS-FEDERATION/identity_providers/atmosphere HTTP/1.1" 404 101 10.0.0.125 - - [24/Jul/2026:04:51:24 +0000] "GET /v3/OS-FEDERATION/identity_providers HTTP/1.1" 200 155 10.0.0.125 - - [24/Jul/2026:04:51:24 +0000] "PUT /v3/OS-FEDERATION/identity_providers/atmosphere HTTP/1.1" 201 340 10.0.0.125 - - [24/Jul/2026:04:51:25 +0000] "GET /v3 HTTP/1.1" 200 265
[Fri Jul 24 04:51:25.554891 2026] [wsgi:error] [pid 11:tid 140279495972544] [remote 10.0.0.125:35902] 2026-07-24 04:51:25.554 11 WARNING keystone.common.password_hashing [None req-c7ce22f3-0f26-4079-99cc-f53032517da0 - - - - - -] Truncating password to algorithm specific maximum length 72 characters.
[Fri Jul 24 04:51:25.838518 2026] [wsgi:error] [pid 11:tid 140279495972544] [remote 10.0.0.125:35902] 2026-07-24 04:51:25.838 11 WARNING keystone.common.fernet_utils [None req-c7ce22f3-0f26-4079-99cc-f53032517da0 - - - - - -] key_repository is world readable: /etc/keystone/fernet-keys/ 10.0.0.125 - - [24/Jul/2026:04:51:25 +0000] "POST /v3/auth/tokens HTTP/1.1" 201 1359 10.0.0.125 - - [24/Jul/2026:04:51:25 +0000] "GET / HTTP/1.1" 300 280 10.0.0.125 - - [24/Jul/2026:04:51:25 +0000] "GET /v3/OS-FEDERATION/mappings/atmosphere-openid HTTP/1.1" 404 98 10.0.0.125 - - [24/Jul/2026:04:51:25 +0000] "GET /v3/OS-FEDERATION/mappings HTTP/1.1" 200 135 10.0.0.125 - - [24/Jul/2026:04:51:25 +0000] "PUT /v3/OS-FEDERATION/mappings/atmosphere-openid HTTP/1.1" 201 356 10.0.0.125 - - [24/Jul/2026:04:51:26 +0000] "GET /v3 HTTP/1.1" 200 265
[Fri Jul 24 04:51:26.716983 2026] [wsgi:error] [pid 10:tid 140279495972544] [remote 10.0.0.125:35902] 2026-07-24 04:51:26.716 10 WARNING keystone.common.password_hashing [None req-d87537dd-6ff4-4d7e-9192-02f237b4ffa3 - - - - - -] Truncating password to algorithm specific maximum length 72 characters.
[Fri Jul 24 04:51:26.992757 2026] [wsgi:error] [pid 10:tid 140279495972544] [remote 10.0.0.125:35902] 2026-07-24 04:51:26.992 10 WARNING keystone.common.fernet_utils [None req-d87537dd-6ff4-4d7e-9192-02f237b4ffa3 - - - - - -] key_repository is world readable: /etc/keystone/fernet-keys/ 10.0.0.125 - - [24/Jul/2026:04:51:26 +0000] "POST /v3/auth/tokens HTTP/1.1" 201 1359 10.0.0.125 - - [24/Jul/2026:04:51:27 +0000] "GET / HTTP/1.1" 300 280 10.0.0.125 - - [24/Jul/2026:04:51:27 +0000] "GET /v3/OS-FEDERATION/identity_providers/atmosphere/protocols/openid?idp_id=atmosphere HTTP/1.1" 404 131 10.0.0.125 - - [24/Jul/2026:04:51:27 +0000] "GET /v3/OS-FEDERATION/identity_providers/atmosphere/protocols HTTP/1.1" 200 167 10.0.0.125 - - [24/Jul/2026:04:51:27 +0000] "PUT /v3/OS-FEDERATION/identity_providers/atmosphere/protocols/openid HTTP/1.1" 201 222 10.0.0.125 - - [24/Jul/2026:04:51:37 +0000] "GET /v3/ HTTP/1.1" 200 249 10.0.0.125 - - [24/Jul/2026:04:51:37 +0000] "GET /v3/ HTTP/1.1" 200 249 10.0.0.125 - - [24/Jul/2026:04:52:37 +0000] "GET /v3/ HTTP/1.1" 200 249 10.0.0.125 - - [24/Jul/2026:04:52:37 +0000] "GET /v3/ HTTP/1.1" 200 249 10.0.0.99 - - [24/Jul/2026:04:52:57 +0000] "GET / HTTP/1.1" 300 295
[Fri Jul 24 04:52:57.184996 2026] [wsgi:error] [pid 12:tid 140279495972544] [remote 10.0.0.99:59346] 2026-07-24 04:52:57.184 12 WARNING keystone.common.password_hashing [None req-3bb7c6c7-7175-4773-a66f-1908502f9e5b - - - - - -] Truncating password to algorithm specific maximum length 72 characters.
[Fri Jul 24 04:52:57.472282 2026] [wsgi:error] [pid 12:tid 140279495972544] [remote 10.0.0.99:59346] 2026-07-24 04:52:57.472 12 WARNING keystone.common.fernet_utils [None req-3bb7c6c7-7175-4773-a66f-1908502f9e5b - - - - - -] key_repository is world readable: /etc/keystone/fernet-keys/ 10.0.0.99 - - [24/Jul/2026:04:52:57 +0000] "POST /v3/auth/tokens HTTP/1.1" 201 1359 10.0.0.99 - - [24/Jul/2026:04:52:57 +0000] "GET /v3/services HTTP/1.1" 200 355 10.0.0.99 - - [24/Jul/2026:04:53:01 +0000] "GET / HTTP/1.1" 300 295
[Fri Jul 24 04:53:01.082232 2026] [wsgi:error] [pid 11:tid 140279495972544] [remote 10.0.0.99:59362] 2026-07-24 04:53:01.082 11 WARNING keystone.common.password_hashing [None req-1451f377-d889-4938-9660-2543860cddae - - - - - -] Truncating password to algorithm specific maximum length 72 characters.
[Fri Jul 24 04:53:01.352417 2026] [wsgi:error] [pid 11:tid 140279495972544] [remote 10.0.0.99:59362] 2026-07-24 04:53:01.352 11 WARNING keystone.common.fernet_utils [None req-1451f377-d889-4938-9660-2543860cddae - - - - - -] key_repository is world readable: /etc/keystone/fernet-keys/ 10.0.0.99 - - [24/Jul/2026:04:53:01 +0000] "POST /v3/auth/tokens HTTP/1.1" 201 1359 10.0.0.99 - - [24/Jul/2026:04:53:01 +0000] "GET /v3/services HTTP/1.1" 200 355 10.0.0.99 - - [24/Jul/2026:04:53:04 +0000] "GET / HTTP/1.1" 300 295
[Fri Jul 24 04:53:04.999415 2026] [wsgi:error] [pid 10:tid 140279495972544] [remote 10.0.0.99:59364] 2026-07-24 04:53:04.999 10 WARNING keystone.common.password_hashing [None req-7f4055e4-0081-40f4-8977-a57ccaaa9fc4 - - - - - -] Truncating password to algorithm specific maximum length 72 characters.
[Fri Jul 24 04:53:05.268097 2026] [wsgi:error] [pid 10:tid 140279495972544] [remote 10.0.0.99:59364] 2026-07-24 04:53:05.267 10 WARNING keystone.common.fernet_utils [None req-7f4055e4-0081-40f4-8977-a57ccaaa9fc4 - - - - - -] key_repository is world readable: /etc/keystone/fernet-keys/ 10.0.0.99 - - [24/Jul/2026:04:53:04 +0000] "POST /v3/auth/tokens HTTP/1.1" 201 1359 10.0.0.99 - - [24/Jul/2026:04:53:05 +0000] "GET /v3/services HTTP/1.1" 200 355 10.0.0.99 - - [24/Jul/2026:04:53:08 +0000] "GET / HTTP/1.1" 300 295
[Fri Jul 24 04:53:08.854990 2026] [wsgi:error] [pid 9:tid 140279495972544] [remote 10.0.0.99:50432] 2026-07-24 04:53:08.854 9 WARNING keystone.common.password_hashing [None req-cd6bb7f3-9522-4589-8927-ef5aaaa4dc8c - - - - - -] Truncating password to algorithm specific maximum length 72 characters.
[Fri Jul 24 04:53:09.131582 2026] [wsgi:error] [pid 9:tid 140279495972544] [remote 10.0.0.99:50432] 2026-07-24 04:53:09.131 9 WARNING keystone.common.fernet_utils [None req-cd6bb7f3-9522-4589-8927-ef5aaaa4dc8c - - - - - -] key_repository is world readable: /etc/keystone/fernet-keys/ 10.0.0.99 - - [24/Jul/2026:04:53:08 +0000] "POST /v3/auth/tokens HTTP/1.1" 201 1359 10.0.0.99 - - [24/Jul/2026:04:53:09 +0000] "POST /v3/services HTTP/1.1" 201 296 10.0.0.46 - - [24/Jul/2026:04:53:20 +0000] "GET / HTTP/1.1" 300 295
[Fri Jul 24 04:53:20.458109 2026] [wsgi:error] [pid 12:tid 140279495972544] [remote 10.0.0.46:38310] 2026-07-24 04:53:20.457 12 WARNING keystone.common.password_hashing [None req-7e9b79f4-dd9b-4016-a8b6-35c80af9b6ee - - - - - -] Truncating password to algorithm specific maximum length 72 characters.
[Fri Jul 24 04:53:20.736345 2026] [wsgi:error] [pid 12:tid 140279495972544] [remote 10.0.0.46:38310] 2026-07-24 04:53:20.736 12 WARNING keystone.common.fernet_utils [None req-7e9b79f4-dd9b-4016-a8b6-35c80af9b6ee - - - - - -] key_repository is world readable: /etc/keystone/fernet-keys/ 10.0.0.46 - - [24/Jul/2026:04:53:20 +0000] "GET / HTTP/1.1" 300 295 10.0.0.46 - - [24/Jul/2026:04:53:20 +0000] "GET / HTTP/1.1" 300 295 10.0.0.46 - - [24/Jul/2026:04:53:20 +0000] "POST /v3/auth/tokens HTTP/1.1" 201 1463
[Fri Jul 24 04:53:20.764094 2026] [wsgi:error] [pid 11:tid 140279495972544] [remote 10.0.0.46:38322] 2026-07-24 04:53:20.763 11 WARNING keystone.common.password_hashing [None req-dfacf1a3-6faa-41fa-a091-737cd9aa967c - - - - - -] Truncating password to algorithm specific maximum length 72 characters.
[Fri Jul 24 04:53:20.771370 2026] [wsgi:error] [pid 9:tid 140279495972544] [remote 10.0.0.46:38328] 2026-07-24 04:53:20.771 9 WARNING keystone.common.password_hashing [None req-fc16f7a5-973e-4116-b8c3-7f07902d3cf0 - - - - - -] Truncating password to algorithm specific maximum length 72 characters. 10.0.0.46 - - [24/Jul/2026:04:53:20 +0000] "GET /v3/services HTTP/1.1" 200 639
[Fri Jul 24 04:53:21.051405 2026] [wsgi:error] [pid 11:tid 140279495972544] [remote 10.0.0.46:38322] 2026-07-24 04:53:21.051 11 WARNING keystone.common.fernet_utils [None req-dfacf1a3-6faa-41fa-a091-737cd9aa967c - - - - - -] key_repository is world readable: /etc/keystone/fernet-keys/ 10.0.0.46 - - [24/Jul/2026:04:53:20 +0000] "POST /v3/auth/tokens HTTP/1.1" 201 1463
[Fri Jul 24 04:53:21.077231 2026] [wsgi:error] [pid 9:tid 140279495972544] [remote 10.0.0.46:38328] 2026-07-24 04:53:21.077 9 WARNING keystone.common.fernet_utils [None req-fc16f7a5-973e-4116-b8c3-7f07902d3cf0 - - - - - -] key_repository is world readable: /etc/keystone/fernet-keys/ 10.0.0.46 - - [24/Jul/2026:04:53:20 +0000] "POST /v3/auth/tokens HTTP/1.1" 201 1463 10.0.0.46 - - [24/Jul/2026:04:53:21 +0000] "GET /v3/services HTTP/1.1" 200 639 10.0.0.46 - - [24/Jul/2026:04:53:21 +0000] "GET /v3/services HTTP/1.1" 200 639 10.0.0.46 - - [24/Jul/2026:04:53:22 +0000] "GET / HTTP/1.1" 300 295
[Fri Jul 24 04:53:22.380846 2026] [wsgi:error] [pid 9:tid 140279495972544] [remote 10.0.0.46:38338] 2026-07-24 04:53:22.380 9 WARNING keystone.common.password_hashing [None req-3f010cdb-74b3-4e87-a67c-9a7436c119d4 - - - - - -] Truncating password to algorithm specific maximum length 72 characters.
[Fri Jul 24 04:53:22.667370 2026] [wsgi:error] [pid 9:tid 140279495972544] [remote 10.0.0.46:38338] 2026-07-24 04:53:22.667 9 WARNING keystone.common.fernet_utils [None req-3f010cdb-74b3-4e87-a67c-9a7436c119d4 - - - - - -] key_repository is world readable: /etc/keystone/fernet-keys/ 10.0.0.46 - - [24/Jul/2026:04:53:22 +0000] "POST /v3/auth/tokens HTTP/1.1" 201 1463 10.0.0.46 - - [24/Jul/2026:04:53:22 +0000] "GET / HTTP/1.1" 300 295
[Fri Jul 24 04:53:22.734716 2026] [wsgi:error] [pid 10:tid 140279495972544] [remote 10.0.0.46:38344] 2026-07-24 04:53:22.734 10 WARNING keystone.common.password_hashing [None req-fc91128d-3439-4434-923c-3b76c3fc6327 - - - - - -] Truncating password to algorithm specific maximum length 72 characters. 10.0.0.46 - - [24/Jul/2026:04:53:22 +0000] "GET / HTTP/1.1" 300 295
[Fri Jul 24 04:53:22.788945 2026] [wsgi:error] [pid 9:tid 140279495972544] [remote 10.0.0.46:38354] 2026-07-24 04:53:22.788 9 WARNING keystone.common.password_hashing [None req-edc050cc-0a93-4617-a72e-950c6ffdb5bd - - - - - -] Truncating password to algorithm specific maximum length 72 characters. 10.0.0.46 - - [24/Jul/2026:04:53:22 +0000] "GET /v3/endpoints HTTP/1.1" 200 1226 10.0.0.46 - - [24/Jul/2026:04:53:22 +0000] "GET /v3/services/2d0f192a594344f9bbd3fbd3125303b9 HTTP/1.1" 200 233 10.0.0.46 - - [24/Jul/2026:04:53:22 +0000] "GET /v3/services/2d0f192a594344f9bbd3fbd3125303b9 HTTP/1.1" 200 233 10.0.0.46 - - [24/Jul/2026:04:53:22 +0000] "GET /v3/services/2d0f192a594344f9bbd3fbd3125303b9 HTTP/1.1" 200 233
[Fri Jul 24 04:53:23.028308 2026] [wsgi:error] [pid 10:tid 140279495972544] [remote 10.0.0.46:38344] 2026-07-24 04:53:23.028 10 WARNING keystone.common.fernet_utils [None req-fc91128d-3439-4434-923c-3b76c3fc6327 - - - - - -] key_repository is world readable: /etc/keystone/fernet-keys/ 10.0.0.46 - - [24/Jul/2026:04:53:22 +0000] "POST /v3/auth/tokens HTTP/1.1" 201 1463
[Fri Jul 24 04:53:23.073796 2026] [wsgi:error] [pid 9:tid 140279495972544] [remote 10.0.0.46:38354] 2026-07-24 04:53:23.073 9 WARNING keystone.common.fernet_utils [None req-edc050cc-0a93-4617-a72e-950c6ffdb5bd - - - - - -] key_repository is world readable: /etc/keystone/fernet-keys/ 10.0.0.46 - - [24/Jul/2026:04:53:22 +0000] "POST /v3/auth/tokens HTTP/1.1" 201 1463 10.0.0.46 - - [24/Jul/2026:04:53:23 +0000] "GET /v3/endpoints HTTP/1.1" 200 1226 10.0.0.46 - - [24/Jul/2026:04:53:23 +0000] "GET /v3/services/2d0f192a594344f9bbd3fbd3125303b9 HTTP/1.1" 200 233 10.0.0.46 - - [24/Jul/2026:04:53:23 +0000] "GET /v3/services/2d0f192a594344f9bbd3fbd3125303b9 HTTP/1.1" 200 233 10.0.0.46 - - [24/Jul/2026:04:53:23 +0000] "GET /v3/services/2d0f192a594344f9bbd3fbd3125303b9 HTTP/1.1" 200 233 10.0.0.46 - - [24/Jul/2026:04:53:23 +0000] "GET /v3/endpoints HTTP/1.1" 200 1226 10.0.0.46 - - [24/Jul/2026:04:53:23 +0000] "GET /v3/services/2d0f192a594344f9bbd3fbd3125303b9 HTTP/1.1" 200 233 10.0.0.46 - - [24/Jul/2026:04:53:23 +0000] "GET /v3/services/2d0f192a594344f9bbd3fbd3125303b9 HTTP/1.1" 200 233 10.0.0.46 - - [24/Jul/2026:04:53:23 +0000] "GET /v3/services/2d0f192a594344f9bbd3fbd3125303b9 HTTP/1.1" 200 233 10.0.0.46 - - [24/Jul/2026:04:53:24 +0000] "GET / HTTP/1.1" 300 295
[Fri Jul 24 04:53:24.488235 2026] [wsgi:error] [pid 11:tid 140279495972544] [remote 10.0.0.46:38370] 2026-07-24 04:53:24.488 11 WARNING keystone.common.password_hashing [None req-280a5260-b816-4181-935a-65183875c81e - - - - - -] Truncating password to algorithm specific maximum length 72 characters.
[Fri Jul 24 04:53:24.779302 2026] [wsgi:error] [pid 11:tid 140279495972544] [remote 10.0.0.46:38370] 2026-07-24 04:53:24.779 11 WARNING keystone.common.fernet_utils [None req-280a5260-b816-4181-935a-65183875c81e - - - - - -] key_repository is world readable: /etc/keystone/fernet-keys/ 10.0.0.46 - - [24/Jul/2026:04:53:24 +0000] "POST /v3/auth/tokens HTTP/1.1" 201 1463 10.0.0.46 - - [24/Jul/2026:04:53:24 +0000] "GET / HTTP/1.1" 300 295
[Fri Jul 24 04:53:24.821588 2026] [wsgi:error] [pid 12:tid 140279495972544] [remote 10.0.0.46:38372] 2026-07-24 04:53:24.821 12 WARNING keystone.common.password_hashing [None req-650712b4-9eb7-4329-92ef-4e72568f4576 - - - - - -] Truncating password to algorithm specific maximum length 72 characters. 10.0.0.46 - - [24/Jul/2026:04:53:24 +0000] "GET / HTTP/1.1" 300 295
[Fri Jul 24 04:53:24.875221 2026] [wsgi:error] [pid 11:tid 140279495972544] [remote 10.0.0.46:38374] 2026-07-24 04:53:24.874 11 WARNING keystone.common.password_hashing [None req-5233541a-612f-4c55-becc-221bfb94b4d5 - - - - - -] Truncating password to algorithm specific maximum length 72 characters. 10.0.0.46 - - [24/Jul/2026:04:53:24 +0000] "GET /v3/services/0458e08772ea4bc184ee5422efe9a09c HTTP/1.1" 200 296 10.0.0.46 - - [24/Jul/2026:04:53:24 +0000] "GET /v3/regions/RegionOne HTTP/1.1" 200 173 10.0.0.46 - - [24/Jul/2026:04:53:24 +0000] "POST /v3/endpoints HTTP/1.1" 201 380
[Fri Jul 24 04:53:25.103286 2026] [wsgi:error] [pid 12:tid 140279495972544] [remote 10.0.0.46:38372] 2026-07-24 04:53:25.103 12 WARNING keystone.common.fernet_utils [None req-650712b4-9eb7-4329-92ef-4e72568f4576 - - - - - -] key_repository is world readable: /etc/keystone/fernet-keys/ 10.0.0.46 - - [24/Jul/2026:04:53:24 +0000] "POST /v3/auth/tokens HTTP/1.1" 201 1640
[Fri Jul 24 04:53:25.155130 2026] [wsgi:error] [pid 11:tid 140279495972544] [remote 10.0.0.46:38374] 2026-07-24 04:53:25.154 11 WARNING keystone.common.fernet_utils [None req-5233541a-612f-4c55-becc-221bfb94b4d5 - - - - - -] key_repository is world readable: /etc/keystone/fernet-keys/ 10.0.0.46 - - [24/Jul/2026:04:53:24 +0000] "POST /v3/auth/tokens HTTP/1.1" 201 1640 10.0.0.46 - - [24/Jul/2026:04:53:25 +0000] "GET /v3/services/0458e08772ea4bc184ee5422efe9a09c HTTP/1.1" 200 296 10.0.0.46 - - [24/Jul/2026:04:53:25 +0000] "GET /v3/regions/RegionOne HTTP/1.1" 200 173 10.0.0.46 - - [24/Jul/2026:04:53:25 +0000] "GET /v3/services/0458e08772ea4bc184ee5422efe9a09c HTTP/1.1" 200 296 10.0.0.46 - - [24/Jul/2026:04:53:25 +0000] "GET /v3/regions/RegionOne HTTP/1.1" 200 173 10.0.0.46 - - [24/Jul/2026:04:53:25 +0000] "POST /v3/endpoints HTTP/1.1" 201 383 10.0.0.46 - - [24/Jul/2026:04:53:25 +0000] "POST /v3/endpoints HTTP/1.1" 201 369 10.0.0.46 - - [24/Jul/2026:04:53:26 +0000] "GET / HTTP/1.1" 300 295
[Fri Jul 24 04:53:26.553942 2026] [wsgi:error] [pid 9:tid 140279495972544] [remote 10.0.0.46:50472] 2026-07-24 04:53:26.553 9 WARNING keystone.common.password_hashing [None req-96e4f5bc-3cbb-48fd-be1a-6a4b690eab1f - - - - - -] Truncating password to algorithm specific maximum length 72 characters.
[Fri Jul 24 04:53:26.849737 2026] [wsgi:error] [pid 9:tid 140279495972544] [remote 10.0.0.46:50472] 2026-07-24 04:53:26.849 9 WARNING keystone.common.fernet_utils [None req-96e4f5bc-3cbb-48fd-be1a-6a4b690eab1f - - - - - -] key_repository is world readable: /etc/keystone/fernet-keys/ 10.0.0.46 - - [24/Jul/2026:04:53:26 +0000] "POST /v3/auth/tokens HTTP/1.1" 201 1990 10.0.0.46 - - [24/Jul/2026:04:53:26 +0000] "GET / HTTP/1.1" 300 295
[Fri Jul 24 04:53:26.934811 2026] [wsgi:error] [pid 12:tid 140279495972544] [remote 10.0.0.46:50474] 2026-07-24 04:53:26.934 12 WARNING keystone.common.password_hashing [None req-8302a595-8106-461a-bc88-d1f938b83c11 - - - - - -] Truncating password to algorithm specific maximum length 72 characters. 10.0.0.46 - - [24/Jul/2026:04:53:26 +0000] "GET / HTTP/1.1" 300 295
[Fri Jul 24 04:53:26.966430 2026] [wsgi:error] [pid 9:tid 140279495972544] [remote 10.0.0.46:50488] 2026-07-24 04:53:26.966 9 WARNING keystone.common.password_hashing [None req-86e4c3d0-ffcc-4d57-b29b-910ef5ae31cf - - - - - -] Truncating password to algorithm specific maximum length 72 characters. 10.0.0.46 - - [24/Jul/2026:04:53:26 +0000] "GET /v3/endpoints/64feafe2c1c4434c90683ac13e63140f HTTP/1.1" 200 380 10.0.0.46 - - [24/Jul/2026:04:53:27 +0000] "GET /v3/services/0458e08772ea4bc184ee5422efe9a09c HTTP/1.1" 200 296
[Fri Jul 24 04:53:27.216176 2026] [wsgi:error] [pid 12:tid 140279495972544] [remote 10.0.0.46:50474] 2026-07-24 04:53:27.215 12 WARNING keystone.common.fernet_utils [None req-8302a595-8106-461a-bc88-d1f938b83c11 - - - - - -] key_repository is world readable: /etc/keystone/fernet-keys/ 10.0.0.46 - - [24/Jul/2026:04:53:26 +0000] "POST /v3/auth/tokens HTTP/1.1" 201 1990
[Fri Jul 24 04:53:27.245449 2026] [wsgi:error] [pid 9:tid 140279495972544] [remote 10.0.0.46:50488] 2026-07-24 04:53:27.245 9 WARNING keystone.common.fernet_utils [None req-86e4c3d0-ffcc-4d57-b29b-910ef5ae31cf - - - - - -] key_repository is world readable: /etc/keystone/fernet-keys/ 10.0.0.46 - - [24/Jul/2026:04:53:26 +0000] "POST /v3/auth/tokens HTTP/1.1" 201 1990 10.0.0.46 - - [24/Jul/2026:04:53:27 +0000] "GET /v3/endpoints/194765fa663f48c6868ca5324a712ed8 HTTP/1.1" 200 383 10.0.0.46 - - [24/Jul/2026:04:53:27 +0000] "GET /v3/services/0458e08772ea4bc184ee5422efe9a09c HTTP/1.1" 200 296 10.0.0.46 - - [24/Jul/2026:04:53:27 +0000] "GET /v3/endpoints/9fde4613641443bb82fbf85ffedc73e6 HTTP/1.1" 200 369 10.0.0.46 - - [24/Jul/2026:04:53:27 +0000] "GET /v3/services/0458e08772ea4bc184ee5422efe9a09c HTTP/1.1" 200 296 10.0.0.125 - - [24/Jul/2026:04:53:37 +0000] "GET /v3/ HTTP/1.1" 200 249 10.0.0.125 - - [24/Jul/2026:04:53:37 +0000] "GET /v3/ HTTP/1.1" 200 249 10.0.0.214 - - [24/Jul/2026:04:53:39 +0000] "GET / HTTP/1.1" 300 295
[Fri Jul 24 04:53:39.742755 2026] [wsgi:error] [pid 9:tid 140279495972544] [remote 10.0.0.214:47440] 2026-07-24 04:53:39.742 9 WARNING keystone.common.password_hashing [None req-027c963a-1888-4b21-866d-f4cb5b2df3ca - - - - - -] Truncating password to algorithm specific maximum length 72 characters.
[Fri Jul 24 04:53:40.032681 2026] [wsgi:error] [pid 9:tid 140279495972544] [remote 10.0.0.214:47440] 2026-07-24 04:53:40.032 9 WARNING keystone.common.fernet_utils [None req-027c963a-1888-4b21-866d-f4cb5b2df3ca - - - - - -] key_repository is world readable: /etc/keystone/fernet-keys/ 10.0.0.214 - - [24/Jul/2026:04:53:39 +0000] "POST /v3/auth/tokens HTTP/1.1" 201 1990 10.0.0.214 - - [24/Jul/2026:04:53:40 +0000] "POST /v3/domains HTTP/1.1" 201 284 10.0.0.214 - - [24/Jul/2026:04:53:41 +0000] "GET / HTTP/1.1" 300 295
[Fri Jul 24 04:53:41.740628 2026] [wsgi:error] [pid 11:tid 140279495972544] [remote 10.0.0.214:47448] 2026-07-24 04:53:41.740 11 WARNING keystone.common.password_hashing [None req-1c9535b1-96d2-4bbc-ae49-d545a31fcf58 - - - - - -] Truncating password to algorithm specific maximum length 72 characters.
[Fri Jul 24 04:53:42.020823 2026] [wsgi:error] [pid 11:tid 140279495972544] [remote 10.0.0.214:47448] 2026-07-24 04:53:42.020 11 WARNING keystone.common.fernet_utils [None req-1c9535b1-96d2-4bbc-ae49-d545a31fcf58 - - - - - -] key_repository is world readable: /etc/keystone/fernet-keys/ 10.0.0.214 - - [24/Jul/2026:04:53:41 +0000] "POST /v3/auth/tokens HTTP/1.1" 201 1990
[Fri Jul 24 04:53:42.245987 2026] [wsgi:error] [pid 9:tid 140279495972544] [remote 10.0.0.214:47448] 2026-07-24 04:53:42.230 9 ERROR keystone.server.flask.application [None req-5995d842-a968-4894-b54f-24331a796abf 1f2539cfba564b19a42a532bb68d8e4b de1619ccf5064ce3804704eb46520a3f - - default default] Conflict occurred attempting to store project - it is not permitted to have two projects acting as domains with the same name: service.: keystone.exception.Conflict: Conflict occurred attempting to store project - it is not permitted to have two projects acting as domains with the same name: service.
[Fri Jul 24 04:53:42.246024 2026] [wsgi:error] [pid 9:tid 140279495972544] [remote 10.0.0.214:47448] 2026-07-24 04:53:42.230 9 ERROR keystone.server.flask.application
Traceback (most recent call last):
[Fri Jul 24 04:53:42.246027 2026] [wsgi:error] [pid 9:tid 140279495972544] [remote 10.0.0.214:47448] 2026-07-24 04:53:42.230 9 ERROR keystone.server.flask.application
File "/var/lib/openstack/lib/python3.12/site-packages/sqlalchemy/engine/base.py", line 1969, in _exec_single_context
[Fri Jul 24 04:53:42.246030 2026] [wsgi:error] [pid 9:tid 140279495972544] [remote 10.0.0.214:47448] 2026-07-24 04:53:42.230 9 ERROR keystone.server.flask.application self.dialect.do_execute(
[Fri Jul 24 04:53:42.246032 2026] [wsgi:error] [pid 9:tid 140279495972544] [remote 10.0.0.214:47448] 2026-07-24 04:53:42.230 9 ERROR keystone.server.flask.application
File "/var/lib/openstack/lib/python3.12/site-packages/sqlalchemy/engine/default.py", line 952, in do_execute
[Fri Jul 24 04:53:42.246034 2026] [wsgi:error] [pid 9:tid 140279495972544] [remote 10.0.0.214:47448] 2026-07-24 04:53:42.230 9 ERROR keystone.server.flask.application cursor.execute(statement, parameters)
[Fri Jul 24 04:53:42.246037 2026] [wsgi:error] [pid 9:tid 140279495972544] [remote 10.0.0.214:47448] 2026-07-24 04:53:42.230 9 ERROR keystone.server.flask.application
File "/var/lib/openstack/lib/python3.12/site-packages/pymysql/cursors.py", line 159, in execute
[Fri Jul 24 04:53:42.246039 2026] [wsgi:error] [pid 9:tid 140279495972544] [remote 10.0.0.214:47448] 2026-07-24 04:53:42.230 9 ERROR keystone.server.flask.application result = self._query(query)
[Fri Jul 24 04:53:42.246041 2026] [wsgi:error] [pid 9:tid 140279495972544] [remote 10.0.0.214:47448] 2026-07-24 04:53:42.230 9 ERROR keystone.server.flask.application ^^^^^^^^^^^^^^^^^^
[Fri Jul 24 04:53:42.246044 2026] [wsgi:error] [pid 9:tid 140279495972544] [remote 10.0.0.214:47448] 2026-07-24 04:53:42.230 9 ERROR keystone.server.flask.application
File "/var/lib/openstack/lib/python3.12/site-packages/pymysql/cursors.py", line 330, in _query
[Fri Jul 24 04:53:42.246047 2026] [wsgi:error] [pid 9:tid 140279495972544] [remote 10.0.0.214:47448] 2026-07-24 04:53:42.230 9 ERROR keystone.server.flask.application conn.query(q)
[Fri Jul 24 04:53:42.246049 2026] [wsgi:error] [pid 9:tid 140279495972544] [remote 10.0.0.214:47448] 2026-07-24 04:53:42.230 9 ERROR keystone.server.flask.application
File "/var/lib/openstack/lib/python3.12/site-packages/pymysql/connections.py", line 582, in query
[Fri Jul 24 04:53:42.246051 2026] [wsgi:error] [pid 9:tid 140279495972544] [remote 10.0.0.214:47448] 2026-07-24 04:53:42.230 9 ERROR keystone.server.flask.application self._affected_rows = self._read_query_result(unbuffered=unbuffered)
[Fri Jul 24 04:53:42.246053 2026] [wsgi:error] [pid 9:tid 140279495972544] [remote 10.0.0.214:47448] 2026-07-24 04:53:42.230 9 ERROR keystone.server.flask.application ^^^^^^^^^^^^^^^^^^^^^^^^^^^^^^^^^^^^^^^^^^^^^^
[Fri Jul 24 04:53:42.246055 2026] [wsgi:error] [pid 9:tid 140279495972544] [remote 10.0.0.214:47448] 2026-07-24 04:53:42.230 9 ERROR keystone.server.flask.application
File "/var/lib/openstack/lib/python3.12/site-packages/pymysql/connections.py", line 847, in _read_query_result
[Fri Jul 24 04:53:42.246057 2026] [wsgi:error] [pid 9:tid 140279495972544] [remote 10.0.0.214:47448] 2026-07-24 04:53:42.230 9 ERROR keystone.server.flask.application result.read()
[Fri Jul 24 04:53:42.246061 2026] [wsgi:error] [pid 9:tid 140279495972544] [remote 10.0.0.214:47448] 2026-07-24 04:53:42.230 9 ERROR keystone.server.flask.application
File "/var/lib/openstack/lib/python3.12/site-packages/pymysql/connections.py", line 1245, in read
[Fri Jul 24 04:53:42.246063 2026] [wsgi:error] [pid 9:tid 140279495972544] [remote 10.0.0.214:47448] 2026-07-24 04:53:42.230 9 ERROR keystone.server.flask.application first_packet = self.connection._read_packet()
[Fri Jul 24 04:53:42.246065 2026] [wsgi:error] [pid 9:tid 140279495972544] [remote 10.0.0.214:47448] 2026-07-24 04:53:42.230 9 ERROR keystone.server.flask.application ^^^^^^^^^^^^^^^^^^^^^^^^^^^^^^
[Fri Jul 24 04:53:42.246066 2026] [wsgi:error] [pid 9:tid 140279495972544] [remote 10.0.0.214:47448] 2026-07-24 04:53:42.230 9 ERROR keystone.server.flask.application
File "/var/lib/openstack/lib/python3.12/site-packages/pymysql/connections.py", line 803, in _read_packet
[Fri Jul 24 04:53:42.246068 2026] [wsgi:error] [pid 9:tid 140279495972544] [remote 10.0.0.214:47448] 2026-07-24 04:53:42.230 9 ERROR keystone.server.flask.application packet.raise_for_error()
[Fri Jul 24 04:53:42.246069 2026] [wsgi:error] [pid 9:tid 140279495972544] [remote 10.0.0.214:47448] 2026-07-24 04:53:42.230 9 ERROR keystone.server.flask.application
File "/var/lib/openstack/lib/python3.12/site-packages/pymysql/protocol.py", line 219, in raise_for_error
[Fri Jul 24 04:53:42.246070 2026] [wsgi:error] [pid 9:tid 140279495972544] [remote 10.0.0.214:47448] 2026-07-24 04:53:42.230 9 ERROR keystone.server.flask.application err.raise_mysql_exception(self._data)
[Fri Jul 24 04:53:42.246072 2026] [wsgi:error] [pid 9:tid 140279495972544] [remote 10.0.0.214:47448] 2026-07-24 04:53:42.230 9 ERROR keystone.server.flask.application
File "/var/lib/openstack/lib/python3.12/site-packages/pymysql/err.py", line 154, in raise_mysql_exception
[Fri Jul 24 04:53:42.246073 2026] [wsgi:error] [pid 9:tid 140279495972544] [remote 10.0.0.214:47448] 2026-07-24 04:53:42.230 9 ERROR keystone.server.flask.application raise errorclass(errno, errval, sqlstate=sqlstate)
[Fri Jul 24 04:53:42.246075 2026] [wsgi:error] [pid 9:tid 140279495972544] [remote 10.0.0.214:47448] 2026-07-24 04:53:42.230 9 ERROR keystone.server.flask.application pymysql.err.IntegrityError: (1062, "Duplicate entry '<>-service' for key 'project.ixu_project_name_domain_id'")
[Fri Jul 24 04:53:42.246087 2026] [wsgi:error] [pid 9:tid 140279495972544] [remote 10.0.0.214:47448] 2026-07-24 04:53:42.230 9 ERROR keystone.server.flask.application
[Fri Jul 24 04:53:42.246088 2026] [wsgi:error] [pid 9:tid 140279495972544] [remote 10.0.0.214:47448] 2026-07-24 04:53:42.230 9 ERROR keystone.server.flask.application The above exception was the direct cause of the following exception:
[Fri Jul 24 04:53:42.246090 2026] [wsgi:error] [pid 9:tid 140279495972544] [remote 10.0.0.214:47448] 2026-07-24 04:53:42.230 9 ERROR keystone.server.flask.application
[Fri Jul 24 04:53:42.246091 2026] [wsgi:error] [pid 9:tid 140279495972544] [remote 10.0.0.214:47448] 2026-07-24 04:53:42.230 9 ERROR keystone.server.flask.application
Traceback (most recent call last):
[Fri Jul 24 04:53:42.246093 2026] [wsgi:error] [pid 9:tid 140279495972544] [remote 10.0.0.214:47448] 2026-07-24 04:53:42.230 9 ERROR keystone.server.flask.application
File "/var/lib/openstack/lib/python3.12/site-packages/keystone/common/sql/core.py", line 575, in wrapper
[Fri Jul 24 04:53:42.246095 2026] [wsgi:error] [pid 9:tid 140279495972544] [remote 10.0.0.214:47448] 2026-07-24 04:53:42.230 9 ERROR keystone.server.flask.application return method(*args, **kwargs)
[Fri Jul 24 04:53:42.246096 2026] [wsgi:error] [pid 9:tid 140279495972544] [remote 10.0.0.214:47448] 2026-07-24 04:53:42.230 9 ERROR keystone.server.flask.application ^^^^^^^^^^^^^^^^^^^^^^^
[Fri Jul 24 04:53:42.246098 2026] [wsgi:error] [pid 9:tid 140279495972544] [remote 10.0.0.214:47448] 2026-07-24 04:53:42.230 9 ERROR keystone.server.flask.application
File "/var/lib/openstack/lib/python3.12/site-packages/keystone/resource/backends/sql.py", line 278, in create_project
[Fri Jul 24 04:53:42.246100 2026] [wsgi:error] [pid 9:tid 140279495972544] [remote 10.0.0.214:47448] 2026-07-24 04:53:42.230 9 ERROR keystone.server.flask.application with sql.session_for_write() as session:
[Fri Jul 24 04:53:42.246101 2026] [wsgi:error] [pid 9:tid 140279495972544] [remote 10.0.0.214:47448] 2026-07-24 04:53:42.230 9 ERROR keystone.server.flask.application
File "/usr/lib/python3.12/contextlib.py", line 144, in __exit__
[Fri Jul 24 04:53:42.246103 2026] [wsgi:error] [pid 9:tid 140279495972544] [remote 10.0.0.214:47448] 2026-07-24 04:53:42.230 9 ERROR keystone.server.flask.application next(self.gen)
[Fri Jul 24 04:53:42.246104 2026] [wsgi:error] [pid 9:tid 140279495972544] [remote 10.0.0.214:47448] 2026-07-24 04:53:42.230 9 ERROR keystone.server.flask.application
File "/var/lib/openstack/lib/python3.12/site-packages/oslo_db/sqlalchemy/enginefacade.py", line 1175, in _transaction_scope
[Fri Jul 24 04:53:42.246106 2026] [wsgi:error] [pid 9:tid 140279495972544] [remote 10.0.0.214:47448] 2026-07-24 04:53:42.230 9 ERROR keystone.server.flask.application with current._produce_block(
[Fri Jul 24 04:53:42.246108 2026] [wsgi:error] [pid 9:tid 140279495972544] [remote 10.0.0.214:47448] 2026-07-24 04:53:42.230 9 ERROR keystone.server.flask.application
File "/usr/lib/python3.12/contextlib.py", line 144, in __exit__
[Fri Jul 24 04:53:42.246109 2026] [wsgi:error] [pid 9:tid 140279495972544] [remote 10.0.0.214:47448] 2026-07-24 04:53:42.230 9 ERROR keystone.server.flask.application next(self.gen)
[Fri Jul 24 04:53:42.246111 2026] [wsgi:error] [pid 9:tid 140279495972544] [remote 10.0.0.214:47448] 2026-07-24 04:53:42.230 9 ERROR keystone.server.flask.application
File "/var/lib/openstack/lib/python3.12/site-packages/oslo_db/sqlalchemy/enginefacade.py", line 837, in _session
[Fri Jul 24 04:53:42.246113 2026] [wsgi:error] [pid 9:tid 140279495972544] [remote 10.0.0.214:47448] 2026-07-24 04:53:42.230 9 ERROR keystone.server.flask.application with excutils.save_and_reraise_exception():
[Fri Jul 24 04:53:42.246115 2026] [wsgi:error] [pid 9:tid 140279495972544] [remote 10.0.0.214:47448] 2026-07-24 04:53:42.230 9 ERROR keystone.server.flask.application
File "/var/lib/openstack/lib/python3.12/site-packages/oslo_utils/excutils.py", line 266, in __exit__
[Fri Jul 24 04:53:42.246117 2026] [wsgi:error] [pid 9:tid 140279495972544] [remote 10.0.0.214:47448] 2026-07-24 04:53:42.230 9 ERROR keystone.server.flask.application self.force_reraise()
[Fri Jul 24 04:53:42.246123 2026] [wsgi:error] [pid 9:tid 140279495972544] [remote 10.0.0.214:47448] 2026-07-24 04:53:42.230 9 ERROR keystone.server.flask.application
File "/var/lib/openstack/lib/python3.12/site-packages/oslo_utils/excutils.py", line 232, in force_reraise
[Fri Jul 24 04:53:42.246125 2026] [wsgi:error] [pid 9:tid 140279495972544] [remote 10.0.0.214:47448] 2026-07-24 04:53:42.230 9 ERROR keystone.server.flask.application raise self.value
[Fri Jul 24 04:53:42.246126 2026] [wsgi:error] [pid 9:tid 140279495972544] [remote 10.0.0.214:47448] 2026-07-24 04:53:42.230 9 ERROR keystone.server.flask.application
File "/var/lib/openstack/lib/python3.12/site-packages/oslo_db/sqlalchemy/enginefacade.py", line 835, in _session
[Fri Jul 24 04:53:42.246129 2026] [wsgi:error] [pid 9:tid 140279495972544] [remote 10.0.0.214:47448] 2026-07-24 04:53:42.230 9 ERROR keystone.server.flask.application self._end_session_transaction(self.session)
[Fri Jul 24 04:53:42.246130 2026] [wsgi:error] [pid 9:tid 140279495972544] [remote 10.0.0.214:47448] 2026-07-24 04:53:42.230 9 ERROR keystone.server.flask.application
File "/var/lib/openstack/lib/python3.12/site-packages/oslo_db/sqlalchemy/enginefacade.py", line 748, in _end_session_transaction
[Fri Jul 24 04:53:42.246135 2026] [wsgi:error] [pid 9:tid 140279495972544] [remote 10.0.0.214:47448] 2026-07-24 04:53:42.230 9 ERROR keystone.server.flask.application session.commit()
[Fri Jul 24 04:53:42.246137 2026] [wsgi:error] [pid 9:tid 140279495972544] [remote 10.0.0.214:47448] 2026-07-24 04:53:42.230 9 ERROR keystone.server.flask.application
File "/var/lib/openstack/lib/python3.12/site-packages/sqlalchemy/orm/session.py", line 2034, in commit
[Fri Jul 24 04:53:42.246139 2026] [wsgi:error] [pid 9:tid 140279495972544] [remote 10.0.0.214:47448] 2026-07-24 04:53:42.230 9 ERROR keystone.server.flask.application trans.commit(_to_root=True)
[Fri Jul 24 04:53:42.246143 2026] [wsgi:error] [pid 9:tid 140279495972544] [remote 10.0.0.214:47448] 2026-07-24 04:53:42.230 9 ERROR keystone.server.flask.application File "", line 2, in commit
[Fri Jul 24 04:53:42.246145 2026] [wsgi:error] [pid 9:tid 140279495972544] [remote 10.0.0.214:47448] 2026-07-24 04:53:42.230 9 ERROR keystone.server.flask.application
File "/var/lib/openstack/lib/python3.12/site-packages/sqlalchemy/orm/state_changes.py", line 137, in _go
[Fri Jul 24 04:53:42.246148 2026] [wsgi:error] [pid 9:tid 140279495972544] [remote 10.0.0.214:47448] 2026-07-24 04:53:42.230 9 ERROR keystone.server.flask.application ret_value = fn(self, *arg, **kw)
[Fri Jul 24 04:53:42.246151 2026] [wsgi:error] [pid 9:tid 140279495972544] [remote 10.0.0.214:47448] 2026-07-24 04:53:42.230 9 ERROR keystone.server.flask.application ^^^^^^^^^^^^^^^^^^^^
[Fri Jul 24 04:53:42.246153 2026] [wsgi:error] [pid 9:tid 140279495972544] [remote 10.0.0.214:47448] 2026-07-24 04:53:42.230 9 ERROR keystone.server.flask.application
File "/var/lib/openstack/lib/python3.12/site-packages/sqlalchemy/orm/session.py", line 1315, in commit
[Fri Jul 24 04:53:42.246156 2026] [wsgi:error] [pid 9:tid 140279495972544] [remote 10.0.0.214:47448] 2026-07-24 04:53:42.230 9 ERROR keystone.server.flask.application self._prepare_impl()
[Fri Jul 24 04:53:42.246159 2026] [wsgi:error] [pid 9:tid 140279495972544] [remote 10.0.0.214:47448] 2026-07-24 04:53:42.230 9 ERROR keystone.server.flask.application File "", line 2, in _prepare_impl
[Fri Jul 24 04:53:42.246161 2026] [wsgi:error] [pid 9:tid 140279495972544] [remote 10.0.0.214:47448] 2026-07-24 04:53:42.230 9 ERROR keystone.server.flask.application
File "/var/lib/openstack/lib/python3.12/site-packages/sqlalchemy/orm/state_changes.py", line 137, in _go
[Fri Jul 24 04:53:42.246163 2026] [wsgi:error] [pid 9:tid 140279495972544] [remote 10.0.0.214:47448] 2026-07-24 04:53:42.230 9 ERROR keystone.server.flask.application ret_value = fn(self, *arg, **kw)
[Fri Jul 24 04:53:42.246166 2026] [wsgi:error] [pid 9:tid 140279495972544] [remote 10.0.0.214:47448] 2026-07-24 04:53:42.230 9 ERROR keystone.server.flask.application ^^^^^^^^^^^^^^^^^^^^
[Fri Jul 24 04:53:42.246169 2026] [wsgi:error] [pid 9:tid 140279495972544] [remote 10.0.0.214:47448] 2026-07-24 04:53:42.230 9 ERROR keystone.server.flask.application
File "/var/lib/openstack/lib/python3.12/site-packages/sqlalchemy/orm/session.py", line 1290, in _prepare_impl
[Fri Jul 24 04:53:42.246171 2026] [wsgi:error] [pid 9:tid 140279495972544] [remote 10.0.0.214:47448] 2026-07-24 04:53:42.230 9 ERROR keystone.server.flask.application self.session.flush()
[Fri Jul 24 04:53:42.246174 2026] [wsgi:error] [pid 9:tid 140279495972544] [remote 10.0.0.214:47448] 2026-07-24 04:53:42.230 9 ERROR keystone.server.flask.application
File "/var/lib/openstack/lib/python3.12/site-packages/sqlalchemy/orm/session.py", line 4352, in flush
[Fri Jul 24 04:53:42.246176 2026] [wsgi:error] [pid 9:tid 140279495972544] [remote 10.0.0.214:47448] 2026-07-24 04:53:42.230 9 ERROR keystone.server.flask.application self._flush(objects)
[Fri Jul 24 04:53:42.246178 2026] [wsgi:error] [pid 9:tid 140279495972544] [remote 10.0.0.214:47448] 2026-07-24 04:53:42.230 9 ERROR keystone.server.flask.application
File "/var/lib/openstack/lib/python3.12/site-packages/sqlalchemy/orm/session.py", line 4487, in _flush
[Fri Jul 24 04:53:42.246180 2026] [wsgi:error] [pid 9:tid 140279495972544] [remote 10.0.0.214:47448] 2026-07-24 04:53:42.230 9 ERROR keystone.server.flask.application with util.safe_reraise():
[Fri Jul 24 04:53:42.246181 2026] [wsgi:error] [pid 9:tid 140279495972544] [remote 10.0.0.214:47448] 2026-07-24 04:53:42.230 9 ERROR keystone.server.flask.application
File "/var/lib/openstack/lib/python3.12/site-packages/sqlalchemy/util/langhelpers.py", line 122, in __exit__
[Fri Jul 24 04:53:42.246183 2026] [wsgi:error] [pid 9:tid 140279495972544] [remote 10.0.0.214:47448] 2026-07-24 04:53:42.230 9 ERROR keystone.server.flask.application raise exc_value.with_traceback(exc_tb)
[Fri Jul 24 04:53:42.246185 2026] [wsgi:error] [pid 9:tid 140279495972544] [remote 10.0.0.214:47448] 2026-07-24 04:53:42.230 9 ERROR keystone.server.flask.application
File "/var/lib/openstack/lib/python3.12/site-packages/sqlalchemy/orm/session.py", line 4448, in _flush
[Fri Jul 24 04:53:42.246186 2026] [wsgi:error] [pid 9:tid 140279495972544] [remote 10.0.0.214:47448] 2026-07-24 04:53:42.230 9 ERROR keystone.server.flask.application flush_context.execute()
[Fri Jul 24 04:53:42.246188 2026] [wsgi:error] [pid 9:tid 140279495972544] [remote 10.0.0.214:47448] 2026-07-24 04:53:42.230 9 ERROR keystone.server.flask.application
File "/var/lib/openstack/lib/python3.12/site-packages/sqlalchemy/orm/unitofwork.py", line 465, in execute
