Jul 24 02:17:33.707732 np0000186500 devstack@neutron-api.service[101648]: DEBUG neutron.plugins.ml2.drivers.ovn.mech_driver.ovsdb.ovsdb_monitor [None req-09907e77-7f46-4b8d-ab4a-66bb0e61596b None None] Hash Ring: Node 1828667803195c22a041875b1e87da5c (host: np0000186500) handling event "create" for row 4b049a41-92f6-4dae-a481-4727e7303365 (table: NB_Global) {{(pid=101648) notify /opt/stack/neutron/neutron/plugins/ml2/drivers/ovn/mech_driver/ovsdb/ovsdb_monitor.py:1013}}
Jul 24 02:17:33.708676 np0000186500 devstack@neutron-api.service[101648]: INFO neutron.plugins.ml2.drivers.ovn.mech_driver.ovsdb.impl_idl_ovn [None req-09907e77-7f46-4b8d-ab4a-66bb0e61596b None None] Getting OvsdbSbOvnIdl for WorkerService with retry
Jul 24 02:17:33.715718 np0000186500 devstack@neutron-api.service[101645]: DEBUG oslo_concurrency.processutils [None req-b39b1c27-ad5a-4654-a9bb-c7a2c07bd7bf None None] CMD "ovsdb-client transact ssl:199.204.45.115:6641 --timeout 180 -p /opt/stack/data/CA/int-ca/private/devstack-cert.key -c /opt/stack/data/CA/int-ca/devstack-cert.crt -C /opt/stack/data/CA/int-ca/ca-chain.pem ["OVN_Northbound", {"op": "wait", "timeout": 0, "table": "Port_Group", "where": [["name", "==", "pvlan_pg_drop"]], "until": "==", "rows": []}, {"op": "insert", "table": "ACL", "row": {"action": "drop", "direction": "to-lport", "match": "outport == @pvlan_pg_drop && ip", "priority": 1010}, "uuid-name": "pvlandroptoport"}, {"op": "insert", "table": "ACL", "row": {"action": "drop", "direction": "from-lport", "match": "inport == @pvlan_pg_drop && ip", "priority": 1010}, "uuid-name": "pvlandropfromport"}, {"op": "insert", "table": "Port_Group", "row": {"name": "pvlan_pg_drop", "acls": ["set", [["named-uuid", "pvlandroptoport"], ["named-uuid", "pvlandropfromport"]]]}}]" returned: 0 in 0.036s {{(pid=101645) execute /opt/stack/data/venv/lib/python3.12/site-packages/oslo_concurrency/processutils.py:468}}
Jul 24 02:17:33.719567 np0000186500 devstack@neutron-api.service[101645]: WSGI app 0 (mountpoint='') ready in 7 seconds on interpreter 0x777efeea4668 pid: 101645 (default app)
Jul 24 02:17:33.738287 np0000186500 devstack@neutron-api.service[101648]: DEBUG ovsdbapp.backend.ovs_idl [None req-09907e77-7f46-4b8d-ab4a-66bb0e61596b None None] Created lookup_table index Chassis.name {{(pid=101648) autocreate_indices /opt/stack/data/venv/lib/python3.12/site-packages/ovsdbapp/backend/ovs_idl/__init__.py:87}}
Jul 24 02:17:33.738287 np0000186500 devstack@neutron-api.service[101648]: DEBUG ovsdbapp.backend.ovs_idl [None req-09907e77-7f46-4b8d-ab4a-66bb0e61596b None None] Created lookup_table index Port_Binding.logical_port {{(pid=101648) autocreate_indices /opt/stack/data/venv/lib/python3.12/site-packages/ovsdbapp/backend/ovs_idl/__init__.py:87}}
Jul 24 02:17:33.738287 np0000186500 devstack@neutron-api.service[101648]: DEBUG ovsdbapp.backend.ovs_idl [None req-09907e77-7f46-4b8d-ab4a-66bb0e61596b None None] Created schema index Chassis_Private.name {{(pid=101648) autocreate_indices /opt/stack/data/venv/lib/python3.12/site-packages/ovsdbapp/backend/ovs_idl/__init__.py:106}}
Jul 24 02:17:33.738287 np0000186500 devstack@neutron-api.service[101648]: DEBUG ovsdbapp.backend.ovs_idl [None req-09907e77-7f46-4b8d-ab4a-66bb0e61596b None None] Created schema index Datapath_Binding.tunnel_key {{(pid=101648) autocreate_indices /opt/stack/data/venv/lib/python3.12/site-packages/ovsdbapp/backend/ovs_idl/__init__.py:106}}
Jul 24 02:17:33.740140 np0000186500 devstack@neutron-api.service[101648]: INFO ovsdbapp.backend.ovs_idl.vlog [None req-09907e77-7f46-4b8d-ab4a-66bb0e61596b None None] ssl:199.204.45.115:6642: connecting...
Jul 24 02:17:33.745238 np0000186500 devstack@neutron-api.service[101648]: INFO ovsdbapp.backend.ovs_idl.vlog [None req-09907e77-7f46-4b8d-ab4a-66bb0e61596b None None] ssl:199.204.45.115:6642: connected
Jul 24 02:17:33.746511 np0000186500 devstack@neutron-api.service[101646]: DEBUG oslo_concurrency.processutils [None req-0b4e9bea-f387-4490-b810-83ef1f9ee370 None None] CMD "ovsdb-client transact ssl:199.204.45.115:6641 --timeout 180 -p /opt/stack/data/CA/int-ca/private/devstack-cert.key -c /opt/stack/data/CA/int-ca/devstack-cert.crt -C /opt/stack/data/CA/int-ca/ca-chain.pem ["OVN_Northbound", {"op": "wait", "timeout": 0, "table": "Port_Group", "where": [["name", "==", "pvlan_pg_drop"]], "until": "==", "rows": []}, {"op": "insert", "table": "ACL", "row": {"action": "drop", "direction": "to-lport", "match": "outport == @pvlan_pg_drop && ip", "priority": 1010}, "uuid-name": "pvlandroptoport"}, {"op": "insert", "table": "ACL", "row": {"action": "drop", "direction": "from-lport", "match": "inport == @pvlan_pg_drop && ip", "priority": 1010}, "uuid-name": "pvlandropfromport"}, {"op": "insert", "table": "Port_Group", "row": {"name": "pvlan_pg_drop", "acls": ["set", [["named-uuid", "pvlandroptoport"], ["named-uuid", "pvlandropfromport"]]]}}]" returned: 0 in 0.041s {{(pid=101646) execute /opt/stack/data/venv/lib/python3.12/site-packages/oslo_concurrency/processutils.py:468}}
Jul 24 02:17:33.749856 np0000186500 devstack@neutron-api.service[101646]: WSGI app 0 (mountpoint='') ready in 7 seconds on interpreter 0x777efeea4668 pid: 101646 (default app)
Jul 24 02:17:33.773252 np0000186500 devstack@neutron-api.service[101648]: DEBUG neutron.common.ovn.hash_ring_manager [None req-09907e77-7f46-4b8d-ab4a-66bb0e61596b None None] Allow caching, nodes 4>=4 {{(pid=101648) _wait_startup_before_caching /opt/stack/neutron/neutron/common/ovn/hash_ring_manager.py:71}}
Jul 24 02:17:33.777212 np0000186500 devstack@neutron-api.service[101648]: DEBUG neutron.common.ovn.hash_ring_manager [None req-09907e77-7f46-4b8d-ab4a-66bb0e61596b None None] Hash Ring loaded. 4 active nodes. 0 offline nodes {{(pid=101648) _load_hash_ring /opt/stack/neutron/neutron/common/ovn/hash_ring_manager.py:110}}
Jul 24 02:17:33.777655 np0000186500 devstack@neutron-api.service[101648]: DEBUG ovsdbapp.backend.ovs_idl.event [None req-09907e77-7f46-4b8d-ab4a-66bb0e61596b None None] Matched CREATE: ChassisAgentWriteEvent(events=('create', 'update'), table='Chassis_Private', conditions=None, old_conditions=None), priority=20 to row=Chassis_Private(uuid=1f4a4ce8-8af0-4db2-864b-f56fc22a4aa6, chassis=514ba627-c734-4cbd-91ac-f3a1cee1ac3b, external_ids={'neutron:ovn-bridge': 'br-int', 'neutron:ovn-neutron-agent-id': 'f789e519-81bd-5a64-8995-157079c51f17', 'neutron:ovn-neutron-agent-sb-cfg': '0'}, name='550d7ed8-7154-430e-9e38-78318aefd741', nb_cfg=0, nb_cfg_timestamp=0) old= {{(pid=101648) matches /opt/stack/data/venv/lib/python3.12/site-packages/ovsdbapp/backend/ovs_idl/event.py:55}}
Jul 24 02:17:33.778044 np0000186500 devstack@neutron-api.service[101648]: DEBUG ovsdbapp.backend.ovs_idl.event [None req-09907e77-7f46-4b8d-ab4a-66bb0e61596b None None] Matched CREATE: ChassisOVNAgentWriteEvent(events=('create', 'update'), table='Chassis_Private', conditions=None, old_conditions=None), priority=20 to row=Chassis_Private(uuid=1f4a4ce8-8af0-4db2-864b-f56fc22a4aa6, chassis=514ba627-c734-4cbd-91ac-f3a1cee1ac3b, external_ids={'neutron:ovn-bridge': 'br-int', 'neutron:ovn-neutron-agent-id': 'f789e519-81bd-5a64-8995-157079c51f17', 'neutron:ovn-neutron-agent-sb-cfg': '0'}, name='550d7ed8-7154-430e-9e38-78318aefd741', nb_cfg=0, nb_cfg_timestamp=0) old= {{(pid=101648) matches /opt/stack/data/venv/lib/python3.12/site-packages/ovsdbapp/backend/ovs_idl/event.py:55}}
Jul 24 02:17:33.778307 np0000186500 devstack@neutron-api.service[101648]: DEBUG neutron.plugins.ml2.drivers.ovn.mech_driver.ovsdb.ovsdb_monitor [None req-09907e77-7f46-4b8d-ab4a-66bb0e61596b None None] Hash Ring: Node 1828667803195c22a041875b1e87da5c (host: np0000186500) handling event "create" for row 1f4a4ce8-8af0-4db2-864b-f56fc22a4aa6 (table: Chassis_Private) {{(pid=101648) notify /opt/stack/neutron/neutron/plugins/ml2/drivers/ovn/mech_driver/ovsdb/ovsdb_monitor.py:1013}}
Jul 24 02:17:33.778463 np0000186500 devstack@neutron-api.service[101648]: DEBUG neutron.plugins.ml2.drivers.ovn.mech_driver.ovsdb.ovsdb_monitor [None req-09907e77-7f46-4b8d-ab4a-66bb0e61596b None None] Hash Ring: Node 1828667803195c22a041875b1e87da5c (host: np0000186500) handling event "create" for row 5eff4ada-778a-4bdd-86b5-ad00b4ba565f (table: Encap) {{(pid=101648) notify /opt/stack/neutron/neutron/plugins/ml2/drivers/ovn/mech_driver/ovsdb/ovsdb_monitor.py:1013}}
Jul 24 02:17:33.780650 np0000186500 devstack@neutron-api.service[101648]: INFO neutron.plugins.ml2.drivers.ovn.mech_driver.mech_driver [None req-09907e77-7f46-4b8d-ab4a-66bb0e61596b None None] WorkerService process has finished the post initialization
Jul 24 02:17:33.781048 np0000186500 devstack@neutron-api.service[101648]: DEBUG oslo_concurrency.processutils [None req-09907e77-7f46-4b8d-ab4a-66bb0e61596b None None] Running cmd (subprocess): ovsdb-client transact ssl:199.204.45.115:6641 --timeout 180 -p /opt/stack/data/CA/int-ca/private/devstack-cert.key -c /opt/stack/data/CA/int-ca/devstack-cert.crt -C /opt/stack/data/CA/int-ca/ca-chain.pem ["OVN_Northbound", {"op": "wait", "timeout": 0, "table": "Port_Group", "where": [["name", "==", "pvlan_pg_drop"]], "until": "==", "rows": []}, {"op": "insert", "table": "ACL", "row": {"action": "drop", "direction": "to-lport", "match": "outport == @pvlan_pg_drop && ip", "priority": 1010}, "uuid-name": "pvlandroptoport"}, {"op": "insert", "table": "ACL", "row": {"action": "drop", "direction": "from-lport", "match": "inport == @pvlan_pg_drop && ip", "priority": 1010}, "uuid-name": "pvlandropfromport"}, {"op": "insert", "table": "Port_Group", "row": {"name": "pvlan_pg_drop", "acls": ["set", [["named-uuid", "pvlandroptoport"], ["named-uuid", "pvlandropfromport"]]]}}] {{(pid=101648) execute /opt/stack/data/venv/lib/python3.12/site-packages/oslo_concurrency/processutils.py:440}}
Jul 24 02:17:33.827494 np0000186500 devstack@neutron-api.service[101648]: DEBUG oslo_concurrency.processutils [None req-09907e77-7f46-4b8d-ab4a-66bb0e61596b None None] CMD "ovsdb-client transact ssl:199.204.45.115:6641 --timeout 180 -p /opt/stack/data/CA/int-ca/private/devstack-cert.key -c /opt/stack/data/CA/int-ca/devstack-cert.crt -C /opt/stack/data/CA/int-ca/ca-chain.pem ["OVN_Northbound", {"op": "wait", "timeout": 0, "table": "Port_Group", "where": [["name", "==", "pvlan_pg_drop"]], "until": "==", "rows": []}, {"op": "insert", "table": "ACL", "row": {"action": "drop", "direction": "to-lport", "match": "outport == @pvlan_pg_drop && ip", "priority": 1010}, "uuid-name": "pvlandroptoport"}, {"op": "insert", "table": "ACL", "row": {"action": "drop", "direction": "from-lport", "match": "inport == @pvlan_pg_drop && ip", "priority": 1010}, "uuid-name": "pvlandropfromport"}, {"op": "insert", "table": "Port_Group", "row": {"name": "pvlan_pg_drop", "acls": ["set", [["named-uuid", "pvlandroptoport"], ["named-uuid", "pvlandropfromport"]]]}}]" returned: 0 in 0.046s {{(pid=101648) execute /opt/stack/data/venv/lib/python3.12/site-packages/oslo_concurrency/processutils.py:468}}
Jul 24 02:17:33.831158 np0000186500 devstack@neutron-api.service[101648]: WSGI app 0 (mountpoint='') ready in 7 seconds on interpreter 0x777efeea4668 pid: 101648 (default app)
Jul 24 02:17:35.745831 np0000186500 devstack@neutron-api.service[101647]: DEBUG neutron.common.ovn.hash_ring_manager [-] Allow caching, nodes 4>=4 {{(pid=101647) _wait_startup_before_caching /opt/stack/neutron/neutron/common/ovn/hash_ring_manager.py:71}}
Jul 24 02:17:35.745831 np0000186500 devstack@neutron-api.service[101647]: DEBUG neutron.plugins.ml2.drivers.ovn.mech_driver.ovsdb.ovsdb_monitor [-] Hash Ring: Node 527ac6fde58d5f269a9a1c95ad9c3be3 (host: np0000186500) handling event "update" for row 42aba5eb-a87b-4bb1-8b64-9f7a0f3faffa (table: Connection) {{(pid=101647) notify /opt/stack/neutron/neutron/plugins/ml2/drivers/ovn/mech_driver/ovsdb/ovsdb_monitor.py:1013}}
Jul 24 02:17:35.749790 np0000186500 devstack@neutron-api.service[101645]: DEBUG neutron.common.ovn.hash_ring_manager [-] Allow caching, nodes 4>=4 {{(pid=101645) _wait_startup_before_caching /opt/stack/neutron/neutron/common/ovn/hash_ring_manager.py:71}}
Jul 24 02:17:35.750095 np0000186500 devstack@neutron-api.service[101645]: DEBUG neutron.plugins.ml2.drivers.ovn.mech_driver.ovsdb.ovsdb_monitor [-] Hash Ring: Node 6cbe38c0d288585da25a85fdcd426aec (host: np0000186500) handling event "update" for row 42aba5eb-a87b-4bb1-8b64-9f7a0f3faffa (table: Connection) {{(pid=101645) notify /opt/stack/neutron/neutron/plugins/ml2/drivers/ovn/mech_driver/ovsdb/ovsdb_monitor.py:1013}}
Jul 24 02:17:38.242473 np0000186500 devstack@neutron-api.service[101647]: DEBUG neutron.plugins.ml2.drivers.ovn.mech_driver.ovsdb.ovsdb_monitor [-] Hash Ring: Node 527ac6fde58d5f269a9a1c95ad9c3be3 (host: np0000186500) handling event "update" for row 42aba5eb-a87b-4bb1-8b64-9f7a0f3faffa (table: Connection) {{(pid=101647) notify /opt/stack/neutron/neutron/plugins/ml2/drivers/ovn/mech_driver/ovsdb/ovsdb_monitor.py:1013}}
Jul 24 02:17:38.243218 np0000186500 devstack@neutron-api.service[101645]: DEBUG neutron.plugins.ml2.drivers.ovn.mech_driver.ovsdb.ovsdb_monitor [-] Hash Ring: Node 6cbe38c0d288585da25a85fdcd426aec (host: np0000186500) handling event "update" for row 42aba5eb-a87b-4bb1-8b64-9f7a0f3faffa (table: Connection) {{(pid=101645) notify /opt/stack/neutron/neutron/plugins/ml2/drivers/ovn/mech_driver/ovsdb/ovsdb_monitor.py:1013}}
Jul 24 02:17:39.552060 np0000186500 devstack@neutron-api.service[101647]: DEBUG neutron.api.wsgi [None req-65749ebf-d93c-4f73-aeb9-149f18a2a81b admin admin] Missing Content-Type {{(pid=101647) get_content_type /opt/stack/neutron/neutron/api/wsgi.py:80}}
Jul 24 02:17:39.552600 np0000186500 devstack@neutron-api.service[101647]: DEBUG neutron.api.wsgi [None req-65749ebf-d93c-4f73-aeb9-149f18a2a81b admin admin] https://199.204.45.115/networking/v2.0/extensions returned with HTTP 200 {{(pid=101647) __call__ /opt/stack/neutron/neutron/api/wsgi.py:540}}
Jul 24 02:17:39.552836 np0000186500 devstack@neutron-api.service[101647]: [pid: 101647|app: 0|req: 2/2] 199.204.45.115 () {64 vars in 1323 bytes} [Fri Jul 24 02:17:39 2026] GET /networking/v2.0/extensions => generated 16171 bytes in 435 msecs (HTTP/1.1 200) 4 headers in 159 bytes (1 switches on core 0)
Jul 24 02:17:39.958600 np0000186500 devstack@neutron-api.service[101645]: DEBUG neutron.api.v2.base [None req-336d7bb3-f8ae-45be-a852-b4e4a1628a0e admin admin] Request body: {'subnetpool': {'prefixes': ['10.1.0.0/20'], 'default_prefixlen': 26, 'shared': True, 'name': 'shared-default-subnetpool-v4', 'is_default': True}} {{(pid=101645) prepare_request_body /opt/stack/neutron/neutron/api/v2/base.py:727}}
Jul 24 02:17:40.144399 np0000186500 devstack@neutron-api.service[101645]: DEBUG neutron.policy [None req-336d7bb3-f8ae-45be-a852-b4e4a1628a0e admin admin] Loaded default policies from ['neutron'] under neutron.policies entry points {{(pid=101645) register_rules /opt/stack/neutron/neutron/policy.py:65}}
Jul 24 02:17:40.291279 np0000186500 devstack@neutron-api.service[101645]: DEBUG neutron_lib.callbacks.manager [None req-336d7bb3-f8ae-45be-a852-b4e4a1628a0e admin admin] Publish callbacks ['neutron.objects.securitygroup.RbacNeutronDbObjectMixin.validate_rbac_policy_change-1353772769164', 'neutron.objects.address_group.RbacNeutronDbObjectMixin.validate_rbac_policy_change-1353772917728', 'neutron.objects.network.RbacNeutronDbObjectMixin.validate_rbac_policy_change-1353772734184', 'neutron.objects.qos.policy.RbacNeutronDbObjectMixin.validate_rbac_policy_change-1353772729376', 'neutron.objects.subnetpool.RbacNeutronDbObjectMixin.validate_rbac_policy_change-1353772748888', 'neutron.objects.address_scope.RbacNeutronDbObjectMixin.validate_rbac_policy_change-1353772749229', 'neutron.plugins.ml2.plugin.External_net_db_mixin._process_ext_policy_create-2283514', 'neutron.plugins.ml2.plugin.NeutronDbPluginV2.validate_network_rbac_policy_change-2273186'] for rbac-policy (None), before_create {{(pid=101645) _notify_loop /opt/stack/data/venv/lib/python3.12/site-packages/neutron_lib/callbacks/manager.py:184}}
Jul 24 02:17:40.339672 np0000186500 devstack@neutron-api.service[101645]: DEBUG neutron_lib.callbacks.manager [None req-336d7bb3-f8ae-45be-a852-b4e4a1628a0e admin admin] Publish callbacks [] for subnetpool (None), before_response {{(pid=101645) _notify_loop /opt/stack/data/venv/lib/python3.12/site-packages/neutron_lib/callbacks/manager.py:184}}
Jul 24 02:17:40.340322 np0000186500 devstack@neutron-api.service[101645]: [pid: 101645|app: 0|req: 1/3] 199.204.45.115 () {68 vars in 1367 bytes} [Fri Jul 24 02:17:39 2026] POST /networking/v2.0/subnetpools => generated 533 bytes in 496 msecs (HTTP/1.1 201) 4 headers in 162 bytes (1 switches on core 0)
Jul 24 02:17:40.658838 np0000186500 devstack@neutron-api.service[101646]: DEBUG neutron.api.v2.base [None req-32a22ad6-551a-4e0c-8623-8bb62b811380 admin admin] Request body: {'subnetpool': {'prefixes': ['fd54:2d62:50f1::/56'], 'default_prefixlen': 64, 'shared': True, 'name': 'shared-default-subnetpool-v6', 'is_default': True}} {{(pid=101646) prepare_request_body /opt/stack/neutron/neutron/api/v2/base.py:727}}
Jul 24 02:17:40.817272 np0000186500 devstack@neutron-api.service[101646]: DEBUG neutron.policy [None req-32a22ad6-551a-4e0c-8623-8bb62b811380 admin admin] Loaded default policies from ['neutron'] under neutron.policies entry points {{(pid=101646) register_rules /opt/stack/neutron/neutron/policy.py:65}}
Jul 24 02:17:40.962001 np0000186500 devstack@neutron-api.service[101646]: DEBUG neutron_lib.callbacks.manager [None req-32a22ad6-551a-4e0c-8623-8bb62b811380 admin admin] Publish callbacks ['neutron.objects.securitygroup.RbacNeutronDbObjectMixin.validate_rbac_policy_change-1353772762508', 'neutron.objects.address_group.RbacNeutronDbObjectMixin.validate_rbac_policy_change-1353772923088', 'neutron.objects.network.RbacNeutronDbObjectMixin.validate_rbac_policy_change-1353772731371', 'neutron.objects.qos.policy.RbacNeutronDbObjectMixin.validate_rbac_policy_change-1353772734755', 'neutron.objects.subnetpool.RbacNeutronDbObjectMixin.validate_rbac_policy_change-1353772741979', 'neutron.objects.address_scope.RbacNeutronDbObjectMixin.validate_rbac_policy_change-1353772742312', 'neutron.plugins.ml2.plugin.External_net_db_mixin._process_ext_policy_create-16572336', 'neutron.plugins.ml2.plugin.NeutronDbPluginV2.validate_network_rbac_policy_change-16559000'] for rbac-policy (None), before_create {{(pid=101646) _notify_loop /opt/stack/data/venv/lib/python3.12/site-packages/neutron_lib/callbacks/manager.py:184}}
Jul 24 02:17:41.005341 np0000186500 devstack@neutron-api.service[101646]: DEBUG neutron_lib.callbacks.manager [None req-32a22ad6-551a-4e0c-8623-8bb62b811380 admin admin] Publish callbacks [] for subnetpool (None), before_response {{(pid=101646) _notify_loop /opt/stack/data/venv/lib/python3.12/site-packages/neutron_lib/callbacks/manager.py:184}}
Jul 24 02:17:41.005863 np0000186500 devstack@neutron-api.service[101646]: [pid: 101646|app: 0|req: 1/4] 199.204.45.115 () {68 vars in 1367 bytes} [Fri Jul 24 02:17:40 2026] POST /networking/v2.0/subnetpools => generated 543 bytes in 458 msecs (HTTP/1.1 201) 4 headers in 162 bytes (1 switches on core 0)
Jul 24 02:17:41.418585 np0000186500 devstack@neutron-api.service[101648]: DEBUG neutron.api.v2.base [None req-92d3e740-b9eb-4bab-bce6-67aeeb1d72db admin admin] Request body: {'network': {'admin_state_up': True, 'name': 'private'}} {{(pid=101648) prepare_request_body /opt/stack/neutron/neutron/api/v2/base.py:727}}
Jul 24 02:17:41.457720 np0000186500 devstack@neutron-api.service[101648]: DEBUG neutron.pecan_wsgi.hooks.quota_enforcement [None req-92d3e740-b9eb-4bab-bce6-67aeeb1d72db admin admin] Made reservation on behalf of beb0f57f9d5d41508cc5524b97e32c7e for: {'network': 1} {{(pid=101648) before /opt/stack/neutron/neutron/pecan_wsgi/hooks/quota_enforcement.py:66}}
Jul 24 02:17:41.617092 np0000186500 devstack@neutron-api.service[101648]: DEBUG neutron.policy [None req-92d3e740-b9eb-4bab-bce6-67aeeb1d72db admin admin] Loaded default policies from ['neutron'] under neutron.policies entry points {{(pid=101648) register_rules /opt/stack/neutron/neutron/policy.py:65}}
Jul 24 02:17:41.718984 np0000186500 devstack@neutron-api.service[101648]: DEBUG neutron_lib.callbacks.manager [None req-92d3e740-b9eb-4bab-bce6-67aeeb1d72db admin admin] Publish callbacks ['neutron.plugins.ml2.plugin.SecurityGroupDbMixin._ensure_default_security_group_handler-2119927'] for network (None), before_create {{(pid=101648) _notify_loop /opt/stack/data/venv/lib/python3.12/site-packages/neutron_lib/callbacks/manager.py:184}}
Jul 24 02:17:41.750933 np0000186500 devstack@neutron-api.service[101648]: DEBUG neutron_lib.callbacks.manager [None req-92d3e740-b9eb-4bab-bce6-67aeeb1d72db admin admin] Publish callbacks [] for security_group (None), before_create {{(pid=101648) _notify_loop /opt/stack/data/venv/lib/python3.12/site-packages/neutron_lib/callbacks/manager.py:184}}
Jul 24 02:17:41.851873 np0000186500 devstack@neutron-api.service[101648]: DEBUG neutron_lib.callbacks.manager [None req-92d3e740-b9eb-4bab-bce6-67aeeb1d72db admin admin] Publish callbacks ['neutron.plugins.ml2.drivers.ovn.mech_driver.mech_driver.OVNMechanismDriver._create_security_group_precommit-486116'] for security_group (f4f6e398-7922-4874-ada2-a761a5b97f57), precommit_create {{(pid=101648) _notify_loop /opt/stack/data/venv/lib/python3.12/site-packages/neutron_lib/callbacks/manager.py:184}}
Jul 24 02:17:41.852011 np0000186500 devstack@neutron-api.service[101648]: DEBUG neutron.db.ovn_revision_numbers_db [None req-92d3e740-b9eb-4bab-bce6-67aeeb1d72db admin admin] create_initial_revision uuid=f4f6e398-7922-4874-ada2-a761a5b97f57, type=security_groups, rev=-1 {{(pid=101648) create_initial_revision /opt/stack/neutron/neutron/db/ovn_revision_numbers_db.py:98}}
Jul 24 02:17:41.854521 np0000186500 devstack@neutron-api.service[101648]: DEBUG neutron.db.ovn_revision_numbers_db [None req-92d3e740-b9eb-4bab-bce6-67aeeb1d72db admin admin] create_initial_revision uuid=09f559b5-3669-4cfd-a903-588b61e36c43, type=security_group_rules, rev=-1 {{(pid=101648) create_initial_revision /opt/stack/neutron/neutron/db/ovn_revision_numbers_db.py:98}}
Jul 24 02:17:41.855714 np0000186500 devstack@neutron-api.service[101648]: DEBUG neutron.db.ovn_revision_numbers_db [None req-92d3e740-b9eb-4bab-bce6-67aeeb1d72db admin admin] create_initial_revision uuid=5b9d53e0-27f4-448f-90f9-a88bbcef8ef3, type=security_group_rules, rev=-1 {{(pid=101648) create_initial_revision /opt/stack/neutron/neutron/db/ovn_revision_numbers_db.py:98}}
Jul 24 02:17:41.856825 np0000186500 devstack@neutron-api.service[101648]: DEBUG neutron.db.ovn_revision_numbers_db [None req-92d3e740-b9eb-4bab-bce6-67aeeb1d72db admin admin] create_initial_revision uuid=a60de6e0-09a8-44a3-bd65-ea3617137ac0, type=security_group_rules, rev=-1 {{(pid=101648) create_initial_revision /opt/stack/neutron/neutron/db/ovn_revision_numbers_db.py:98}}
Jul 24 02:17:41.857882 np0000186500 devstack@neutron-api.service[101648]: DEBUG neutron.db.ovn_revision_numbers_db [None req-92d3e740-b9eb-4bab-bce6-67aeeb1d72db admin admin] create_initial_revision uuid=ca731f8f-c796-4ac4-9e6f-5399f8244424, type=security_group_rules, rev=-1 {{(pid=101648) create_initial_revision /opt/stack/neutron/neutron/db/ovn_revision_numbers_db.py:98}}
Jul 24 02:17:41.865293 np0000186500 devstack@neutron-api.service[101648]: DEBUG neutron_lib.callbacks.manager [None req-92d3e740-b9eb-4bab-bce6-67aeeb1d72db admin admin] Publish callbacks ['neutron.plugins.ml2.drivers.ovn.mech_driver.mech_driver.OVNMechanismDriver._create_security_group-486122', 'neutron.plugins.ml2.ovo_rpc._ObjectChangeHandler.handle_event-15245412'] for security_group (f4f6e398-7922-4874-ada2-a761a5b97f57), after_create {{(pid=101648) _notify_loop /opt/stack/data/venv/lib/python3.12/site-packages/neutron_lib/callbacks/manager.py:184}}
Jul 24 02:17:41.865455 np0000186500 devstack@neutron-api.service[101648]: INFO neutron.plugins.ml2.drivers.ovn.mech_driver.ovsdb.extensions.qos [None req-92d3e740-b9eb-4bab-bce6-67aeeb1d72db admin admin] Starting OVNClientQosExtension
Jul 24 02:17:41.865646 np0000186500 devstack@neutron-api.service[101648]: INFO neutron.plugins.ml2.drivers.ovn.mech_driver.ovsdb.extensions.placement [None req-92d3e740-b9eb-4bab-bce6-67aeeb1d72db admin admin] Starting OVNClientPlacementExtension
Jul 24 02:17:41.867320 np0000186500 devstack@neutron-api.service[101648]: DEBUG ovsdbapp.backend.ovs_idl.transaction [-] Running txn n=1 command(idx=0): PgAddCommand(_result=None, name=pg_f4f6e398_7922_4874_ada2_a761a5b97f57, may_exist=False, columns={'acls': [], 'external_ids': {'neutron:security_group_id': 'f4f6e398-7922-4874-ada2-a761a5b97f57'}}) {{(pid=101648) do_commit /opt/stack/data/venv/lib/python3.12/site-packages/ovsdbapp/backend/ovs_idl/transaction.py:89}}
Jul 24 02:17:41.869614 np0000186500 devstack@neutron-api.service[101648]: DEBUG ovsdbapp.backend.ovs_idl.transaction [-] Running txn n=1 command(idx=1): PgAclAddCommand(_result=None, entity=pg_f4f6e398_7922_4874_ada2_a761a5b97f57, direction=from-lport, priority=1002, match=inport == @pg_f4f6e398_7922_4874_ada2_a761a5b97f57 && ip4, action=allow-related, log=False, may_exist=True, severity=[], name=[], meter=[], external_ids={'neutron:security_group_rule_id': '09f559b5-3669-4cfd-a903-588b61e36c43'}) {{(pid=101648) do_commit /opt/stack/data/venv/lib/python3.12/site-packages/ovsdbapp/backend/ovs_idl/transaction.py:89}}
Jul 24 02:17:41.870265 np0000186500 devstack@neutron-api.service[101648]: DEBUG ovsdbapp.backend.ovs_idl.transaction [-] Running txn n=1 command(idx=2): PgAclAddCommand(_result=None, entity=pg_f4f6e398_7922_4874_ada2_a761a5b97f57, direction=to-lport, priority=1002, match=outport == @pg_f4f6e398_7922_4874_ada2_a761a5b97f57 && ip6 && ip6.src == $pg_f4f6e398_7922_4874_ada2_a761a5b97f57_ip6, action=allow-related, log=False, may_exist=True, severity=[], name=[], meter=[], external_ids={'neutron:security_group_rule_id': '5b9d53e0-27f4-448f-90f9-a88bbcef8ef3'}) {{(pid=101648) do_commit /opt/stack/data/venv/lib/python3.12/site-packages/ovsdbapp/backend/ovs_idl/transaction.py:89}}
Jul 24 02:17:41.870751 np0000186500 devstack@neutron-api.service[101648]: DEBUG ovsdbapp.backend.ovs_idl.transaction [-] Running txn n=1 command(idx=3): PgAclAddCommand(_result=None, entity=pg_f4f6e398_7922_4874_ada2_a761a5b97f57, direction=to-lport, priority=1002, match=outport == @pg_f4f6e398_7922_4874_ada2_a761a5b97f57 && ip4 && ip4.src == $pg_f4f6e398_7922_4874_ada2_a761a5b97f57_ip4, action=allow-related, log=False, may_exist=True, severity=[], name=[], meter=[], external_ids={'neutron:security_group_rule_id': 'a60de6e0-09a8-44a3-bd65-ea3617137ac0'}) {{(pid=101648) do_commit /opt/stack/data/venv/lib/python3.12/site-packages/ovsdbapp/backend/ovs_idl/transaction.py:89}}
Jul 24 02:17:41.871221 np0000186500 devstack@neutron-api.service[101648]: DEBUG ovsdbapp.backend.ovs_idl.transaction [-] Running txn n=1 command(idx=4): PgAclAddCommand(_result=None, entity=pg_f4f6e398_7922_4874_ada2_a761a5b97f57, direction=from-lport, priority=1002, match=inport == @pg_f4f6e398_7922_4874_ada2_a761a5b97f57 && ip6, action=allow-related, log=False, may_exist=True, severity=[], name=[], meter=[], external_ids={'neutron:security_group_rule_id': 'ca731f8f-c796-4ac4-9e6f-5399f8244424'}) {{(pid=101648) do_commit /opt/stack/data/venv/lib/python3.12/site-packages/ovsdbapp/backend/ovs_idl/transaction.py:89}}
Jul 24 02:17:41.877282 np0000186500 devstack@neutron-api.service[101648]: DEBUG neutron.plugins.ml2.drivers.ovn.mech_driver.ovsdb.ovsdb_monitor [-] Hash Ring: Node 1828667803195c22a041875b1e87da5c (host: np0000186500) handling event "create" for row 0ef816ee-257b-4289-9028-1e776bcade05 (table: ACL) {{(pid=101648) notify /opt/stack/neutron/neutron/plugins/ml2/drivers/ovn/mech_driver/ovsdb/ovsdb_monitor.py:1013}}
Jul 24 02:17:41.877557 np0000186500 devstack@neutron-api.service[101648]: DEBUG neutron.plugins.ml2.drivers.ovn.mech_driver.ovsdb.ovsdb_monitor [-] Hash Ring: Node 1828667803195c22a041875b1e87da5c (host: np0000186500) handling event "create" for row 376166ca-cc45-440b-a2e7-15efe4875879 (table: Port_Group) {{(pid=101648) notify /opt/stack/neutron/neutron/plugins/ml2/drivers/ovn/mech_driver/ovsdb/ovsdb_monitor.py:1013}}
Jul 24 02:17:41.879670 np0000186500 devstack@neutron-api.service[101647]: DEBUG neutron.plugins.ml2.drivers.ovn.mech_driver.ovsdb.ovsdb_monitor [-] Hash Ring: Node 527ac6fde58d5f269a9a1c95ad9c3be3 (host: np0000186500) handling event "create" for row 09caab8a-057e-4bd6-8c59-36a8daeb2525 (table: ACL) {{(pid=101647) notify /opt/stack/neutron/neutron/plugins/ml2/drivers/ovn/mech_driver/ovsdb/ovsdb_monitor.py:1013}}
Jul 24 02:17:41.880267 np0000186500 devstack@neutron-api.service[101647]: DEBUG neutron.plugins.ml2.drivers.ovn.mech_driver.ovsdb.ovsdb_monitor [-] Hash Ring: Node 527ac6fde58d5f269a9a1c95ad9c3be3 (host: np0000186500) handling event "create" for row 0ef816ee-257b-4289-9028-1e776bcade05 (table: ACL) {{(pid=101647) notify /opt/stack/neutron/neutron/plugins/ml2/drivers/ovn/mech_driver/ovsdb/ovsdb_monitor.py:1013}}
Jul 24 02:17:41.880471 np0000186500 devstack@neutron-api.service[101647]: DEBUG neutron.plugins.ml2.drivers.ovn.mech_driver.ovsdb.ovsdb_monitor [-] Hash Ring: Node 527ac6fde58d5f269a9a1c95ad9c3be3 (host: np0000186500) handling event "create" for row 74356f65-897d-447e-9b44-fbd07cb69f90 (table: ACL) {{(pid=101647) notify /opt/stack/neutron/neutron/plugins/ml2/drivers/ovn/mech_driver/ovsdb/ovsdb_monitor.py:1013}}
Jul 24 02:17:41.880715 np0000186500 devstack@neutron-api.service[101647]: DEBUG neutron.plugins.ml2.drivers.ovn.mech_driver.ovsdb.ovsdb_monitor [-] Hash Ring: Node 527ac6fde58d5f269a9a1c95ad9c3be3 (host: np0000186500) handling event "create" for row 8e036334-d1c8-479f-8062-afce756180c6 (table: ACL) {{(pid=101647) notify /opt/stack/neutron/neutron/plugins/ml2/drivers/ovn/mech_driver/ovsdb/ovsdb_monitor.py:1013}}
Jul 24 02:17:41.881025 np0000186500 devstack@neutron-api.service[101647]: DEBUG neutron.plugins.ml2.drivers.ovn.mech_driver.ovsdb.ovsdb_monitor [-] Hash Ring: Node 527ac6fde58d5f269a9a1c95ad9c3be3 (host: np0000186500) handling event "create" for row 376166ca-cc45-440b-a2e7-15efe4875879 (table: Port_Group) {{(pid=101647) notify /opt/stack/neutron/neutron/plugins/ml2/drivers/ovn/mech_driver/ovsdb/ovsdb_monitor.py:1013}}
Jul 24 02:17:41.881246 np0000186500 devstack@neutron-api.service[101646]: DEBUG neutron.plugins.ml2.drivers.ovn.mech_driver.ovsdb.ovsdb_monitor [-] Hash Ring: Node 7a98551e41fb544abe13a66449b100a8 (host: np0000186500) handling event "create" for row 8e036334-d1c8-479f-8062-afce756180c6 (table: ACL) {{(pid=101646) notify /opt/stack/neutron/neutron/plugins/ml2/drivers/ovn/mech_driver/ovsdb/ovsdb_monitor.py:1013}}
Jul 24 02:17:41.884106 np0000186500 devstack@neutron-api.service[101645]: DEBUG neutron.plugins.ml2.drivers.ovn.mech_driver.ovsdb.ovsdb_monitor [-] Hash Ring: Node 6cbe38c0d288585da25a85fdcd426aec (host: np0000186500) handling event "create" for row 0ef816ee-257b-4289-9028-1e776bcade05 (table: ACL) {{(pid=101645) notify /opt/stack/neutron/neutron/plugins/ml2/drivers/ovn/mech_driver/ovsdb/ovsdb_monitor.py:1013}}
Jul 24 02:17:41.884595 np0000186500 devstack@neutron-api.service[101645]: DEBUG neutron.plugins.ml2.drivers.ovn.mech_driver.ovsdb.ovsdb_monitor [-] Hash Ring: Node 6cbe38c0d288585da25a85fdcd426aec (host: np0000186500) handling event "create" for row 376166ca-cc45-440b-a2e7-15efe4875879 (table: Port_Group) {{(pid=101645) notify /opt/stack/neutron/neutron/plugins/ml2/drivers/ovn/mech_driver/ovsdb/ovsdb_monitor.py:1013}}
Jul 24 02:17:41.907633 np0000186500 devstack@neutron-api.service[101648]: INFO neutron.db.ovn_revision_numbers_db [None req-92d3e740-b9eb-4bab-bce6-67aeeb1d72db admin admin] Successfully bumped revision number for resource f4f6e398-7922-4874-ada2-a761a5b97f57 (type: security_groups) to 1
Jul 24 02:17:41.924119 np0000186500 devstack@neutron-api.service[101648]: INFO neutron.db.ovn_revision_numbers_db [None req-92d3e740-b9eb-4bab-bce6-67aeeb1d72db admin admin] Successfully bumped revision number for resource 09f559b5-3669-4cfd-a903-588b61e36c43 (type: security_group_rules) to 0
Jul 24 02:17:41.937742 np0000186500 devstack@neutron-api.service[101648]: INFO neutron.db.ovn_revision_numbers_db [None req-92d3e740-b9eb-4bab-bce6-67aeeb1d72db admin admin] Successfully bumped revision number for resource 5b9d53e0-27f4-448f-90f9-a88bbcef8ef3 (type: security_group_rules) to 0
Jul 24 02:17:41.949427 np0000186500 devstack@neutron-api.service[101648]: INFO neutron.db.ovn_revision_numbers_db [None req-92d3e740-b9eb-4bab-bce6-67aeeb1d72db admin admin] Successfully bumped revision number for resource a60de6e0-09a8-44a3-bd65-ea3617137ac0 (type: security_group_rules) to 0
Jul 24 02:17:41.962205 np0000186500 devstack@neutron-api.service[101648]: INFO neutron.db.ovn_revision_numbers_db [None req-92d3e740-b9eb-4bab-bce6-67aeeb1d72db admin admin] Successfully bumped revision number for resource ca731f8f-c796-4ac4-9e6f-5399f8244424 (type: security_group_rules) to 0
Jul 24 02:17:41.986498 np0000186500 devstack@neutron-api.service[101648]: DEBUG neutron.api.rpc.handlers.resources_rpc [None req-92d3e740-b9eb-4bab-bce6-67aeeb1d72db admin admin] Pushing event updated for resources: {'SecurityGroup': ['ID=f4f6e398-7922-4874-ada2-a761a5b97f57,revision_number=1']} {{(pid=101648) push /opt/stack/neutron/neutron/api/rpc/handlers/resources_rpc.py:237}}
Jul 24 02:17:41.994398 np0000186500 devstack@neutron-api.service[101648]: DEBUG ovsdbapp.backend.ovs_idl.transaction [-] Running txn n=1 command(idx=0): CheckLivenessCommand(_result=None) {{(pid=101648) do_commit /opt/stack/data/venv/lib/python3.12/site-packages/ovsdbapp/backend/ovs_idl/transaction.py:89}}
Jul 24 02:17:41.997044 np0000186500 devstack@neutron-api.service[101648]: DEBUG neutron.plugins.ml2.drivers.ovn.mech_driver.ovsdb.ovsdb_monitor [-] Hash Ring: Node 1828667803195c22a041875b1e87da5c (host: np0000186500) handling event "update" for row 4b049a41-92f6-4dae-a481-4727e7303365 (table: NB_Global) {{(pid=101648) notify /opt/stack/neutron/neutron/plugins/ml2/drivers/ovn/mech_driver/ovsdb/ovsdb_monitor.py:1013}}
Jul 24 02:17:41.997484 np0000186500 devstack@neutron-api.service[101647]: DEBUG neutron.plugins.ml2.drivers.ovn.mech_driver.ovsdb.ovsdb_monitor [-] Hash Ring: Node 527ac6fde58d5f269a9a1c95ad9c3be3 (host: np0000186500) handling event "update" for row 4b049a41-92f6-4dae-a481-4727e7303365 (table: NB_Global) {{(pid=101647) notify /opt/stack/neutron/neutron/plugins/ml2/drivers/ovn/mech_driver/ovsdb/ovsdb_monitor.py:1013}}
Jul 24 02:17:41.999189 np0000186500 devstack@neutron-api.service[101647]: DEBUG neutron.plugins.ml2.drivers.ovn.mech_driver.ovsdb.ovsdb_monitor [-] Hash Ring: Node 527ac6fde58d5f269a9a1c95ad9c3be3 (host: np0000186500) handling event "update" for row 4b049a41-92f6-4dae-a481-4727e7303365 (table: NB_Global) {{(pid=101647) notify /opt/stack/neutron/neutron/plugins/ml2/drivers/ovn/mech_driver/ovsdb/ovsdb_monitor.py:1013}}
Jul 24 02:17:41.999400 np0000186500 devstack@neutron-api.service[101646]: DEBUG neutron.plugins.ml2.drivers.ovn.mech_driver.ovsdb.ovsdb_monitor [-] Hash Ring: Node 7a98551e41fb544abe13a66449b100a8 (host: np0000186500) handling event "update" for row 4b049a41-92f6-4dae-a481-4727e7303365 (table: NB_Global) {{(pid=101646) notify /opt/stack/neutron/neutron/plugins/ml2/drivers/ovn/mech_driver/ovsdb/ovsdb_monitor.py:1013}}
Jul 24 02:17:41.999652 np0000186500 devstack@neutron-api.service[101648]: DEBUG neutron.api.rpc.callbacks.version_manager [None req-92d3e740-b9eb-4bab-bce6-67aeeb1d72db admin admin] Tracked resource versions report:
Jul 24 02:17:41.999652 np0000186500 devstack@neutron-api.service[101648]: pushed versions:
Jul 24 02:17:41.999652 np0000186500 devstack@neutron-api.service[101648]: { 'AddressGroup': {'1.2'},
Jul 24 02:17:41.999652 np0000186500 devstack@neutron-api.service[101648]: 'Agent': {'1.1'},
Jul 24 02:17:41.999652 np0000186500 devstack@neutron-api.service[101648]: 'ConntrackHelper': {'1.0'},
Jul 24 02:17:41.999652 np0000186500 devstack@neutron-api.service[101648]: 'LocalIPAssociation': {'1.0'},
Jul 24 02:17:41.999652 np0000186500 devstack@neutron-api.service[101648]: 'Log': {'1.0'},
Jul 24 02:17:41.999652 np0000186500 devstack@neutron-api.service[101648]: 'NDPProxy': {'1.0'},
Jul 24 02:17:41.999652 np0000186500 devstack@neutron-api.service[101648]: 'Network': {'1.3'},
Jul 24 02:17:41.999652 np0000186500 devstack@neutron-api.service[101648]: 'Port': {'1.11'},
Jul 24 02:17:41.999652 np0000186500 devstack@neutron-api.service[101648]: 'PortForwarding': {'1.3'},
Jul 24 02:17:41.999652 np0000186500 devstack@neutron-api.service[101648]: 'QosPolicy': {'1.10'},
Jul 24 02:17:41.999652 np0000186500 devstack@neutron-api.service[101648]: 'SecurityGroup': {'1.6'},
Jul 24 02:17:41.999652 np0000186500 devstack@neutron-api.service[101648]: 'SecurityGroupRule': {'1.3'},
Jul 24 02:17:41.999652 np0000186500 devstack@neutron-api.service[101648]: 'SubPort': {'1.0'},
Jul 24 02:17:41.999652 np0000186500 devstack@neutron-api.service[101648]: 'Subnet': {'1.2'},
Jul 24 02:17:41.999652 np0000186500 devstack@neutron-api.service[101648]: 'Trunk': {'1.1'}}
Jul 24 02:17:41.999652 np0000186500 devstack@neutron-api.service[101648]: consumer versions:
Jul 24 02:17:41.999652 np0000186500 devstack@neutron-api.service[101648]: {}
Jul 24 02:17:41.999652 np0000186500 devstack@neutron-api.service[101648]: {{(pid=101648) report /opt/stack/neutron/neutron/api/rpc/callbacks/version_manager.py:183}}
Jul 24 02:17:42.001768 np0000186500 devstack@neutron-api.service[101647]: DEBUG neutron.plugins.ml2.drivers.ovn.mech_driver.ovsdb.ovsdb_monitor [-] Hash Ring: Node 527ac6fde58d5f269a9a1c95ad9c3be3 (host: np0000186500) handling event "update" for row 4b049a41-92f6-4dae-a481-4727e7303365 (table: NB_Global) {{(pid=101647) notify /opt/stack/neutron/neutron/plugins/ml2/drivers/ovn/mech_driver/ovsdb/ovsdb_monitor.py:1013}}
Jul 24 02:17:42.001923 np0000186500 devstack@neutron-api.service[101646]: DEBUG neutron.plugins.ml2.drivers.ovn.mech_driver.ovsdb.ovsdb_monitor [-] Hash Ring: Node 7a98551e41fb544abe13a66449b100a8 (host: np0000186500) handling event "update" for row 4b049a41-92f6-4dae-a481-4727e7303365 (table: NB_Global) {{(pid=101646) notify /opt/stack/neutron/neutron/plugins/ml2/drivers/ovn/mech_driver/ovsdb/ovsdb_monitor.py:1013}}
Jul 24 02:17:42.001923 np0000186500 devstack@neutron-api.service[101646]: DEBUG neutron.plugins.ml2.drivers.ovn.mech_driver.ovsdb.ovsdb_monitor [-] Hash Ring: Node 7a98551e41fb544abe13a66449b100a8 (host: np0000186500) handling event "update" for row 4b049a41-92f6-4dae-a481-4727e7303365 (table: NB_Global) {{(pid=101646) notify /opt/stack/neutron/neutron/plugins/ml2/drivers/ovn/mech_driver/ovsdb/ovsdb_monitor.py:1013}}
Jul 24 02:17:42.004828 np0000186500 devstack@neutron-api.service[101647]: DEBUG neutron.plugins.ml2.drivers.ovn.mech_driver.ovsdb.ovsdb_monitor [-] Hash Ring: Node 527ac6fde58d5f269a9a1c95ad9c3be3 (host: np0000186500) handling event "update" for row 4b049a41-92f6-4dae-a481-4727e7303365 (table: NB_Global) {{(pid=101647) notify /opt/stack/neutron/neutron/plugins/ml2/drivers/ovn/mech_driver/ovsdb/ovsdb_monitor.py:1013}}
Jul 24 02:17:42.008904 np0000186500 devstack@neutron-api.service[101646]: DEBUG ovsdbapp.backend.ovs_idl.event [-] Matched UPDATE: ChassisAgentWriteEvent(events=('create', 'update'), table='Chassis_Private', conditions=None, old_conditions=None), priority=20 to row=Chassis_Private(uuid=1f4a4ce8-8af0-4db2-864b-f56fc22a4aa6, chassis=514ba627-c734-4cbd-91ac-f3a1cee1ac3b, external_ids={'neutron:ovn-bridge': 'br-int', 'neutron:ovn-neutron-agent-id': 'f789e519-81bd-5a64-8995-157079c51f17', 'neutron:ovn-neutron-agent-sb-cfg': '0'}, name='550d7ed8-7154-430e-9e38-78318aefd741', nb_cfg=1, nb_cfg_timestamp=1784859461997) old=Chassis_Private(uuid=1f4a4ce8-8af0-4db2-864b-f56fc22a4aa6, nb_cfg=0, nb_cfg_timestamp=0) {{(pid=101646) matches /opt/stack/data/venv/lib/python3.12/site-packages/ovsdbapp/backend/ovs_idl/event.py:55}}
Jul 24 02:17:42.009097 np0000186500 devstack@neutron-api.service[101647]: DEBUG ovsdbapp.backend.ovs_idl.event [-] Matched UPDATE: ChassisAgentWriteEvent(events=('create', 'update'), table='Chassis_Private', conditions=None, old_conditions=None), priority=20 to row=Chassis_Private(uuid=1f4a4ce8-8af0-4db2-864b-f56fc22a4aa6, chassis=514ba627-c734-4cbd-91ac-f3a1cee1ac3b, external_ids={'neutron:ovn-bridge': 'br-int', 'neutron:ovn-neutron-agent-id': 'f789e519-81bd-5a64-8995-157079c51f17', 'neutron:ovn-neutron-agent-sb-cfg': '0'}, name='550d7ed8-7154-430e-9e38-78318aefd741', nb_cfg=1, nb_cfg_timestamp=1784859461997) old=Chassis_Private(uuid=1f4a4ce8-8af0-4db2-864b-f56fc22a4aa6, nb_cfg=0, nb_cfg_timestamp=0) {{(pid=101647) matches /opt/stack/data/venv/lib/python3.12/site-packages/ovsdbapp/backend/ovs_idl/event.py:55}}
Jul 24 02:17:42.009193 np0000186500 devstack@neutron-api.service[101648]: DEBUG ovsdbapp.backend.ovs_idl.event [-] Matched UPDATE: ChassisAgentWriteEvent(events=('create', 'update'), table='Chassis_Private', conditions=None, old_conditions=None), priority=20 to row=Chassis_Private(uuid=1f4a4ce8-8af0-4db2-864b-f56fc22a4aa6, chassis=514ba627-c734-4cbd-91ac-f3a1cee1ac3b, external_ids={'neutron:ovn-bridge': 'br-int', 'neutron:ovn-neutron-agent-id': 'f789e519-81bd-5a64-8995-157079c51f17', 'neutron:ovn-neutron-agent-sb-cfg': '0'}, name='550d7ed8-7154-430e-9e38-78318aefd741', nb_cfg=1, nb_cfg_timestamp=1784859461997) old=Chassis_Private(uuid=1f4a4ce8-8af0-4db2-864b-f56fc22a4aa6, nb_cfg=0, nb_cfg_timestamp=0) {{(pid=101648) matches /opt/stack/data/venv/lib/python3.12/site-packages/ovsdbapp/backend/ovs_idl/event.py:55}}
Jul 24 02:17:42.009193 np0000186500 devstack@neutron-api.service[101648]: DEBUG neutron.plugins.ml2.drivers.ovn.mech_driver.ovsdb.ovsdb_monitor [-] Hash Ring: Node 1828667803195c22a041875b1e87da5c (host: np0000186500) handling event "update" for row 1f4a4ce8-8af0-4db2-864b-f56fc22a4aa6 (table: Chassis_Private) {{(pid=101648) notify /opt/stack/neutron/neutron/plugins/ml2/drivers/ovn/mech_driver/ovsdb/ovsdb_monitor.py:1013}}
Jul 24 02:17:42.009313 np0000186500 devstack@neutron-api.service[101645]: DEBUG ovsdbapp.backend.ovs_idl.event [-] Matched UPDATE: ChassisAgentWriteEvent(events=('create', 'update'), table='Chassis_Private', conditions=None, old_conditions=None), priority=20 to row=Chassis_Private(uuid=1f4a4ce8-8af0-4db2-864b-f56fc22a4aa6, chassis=514ba627-c734-4cbd-91ac-f3a1cee1ac3b, external_ids={'neutron:ovn-bridge': 'br-int', 'neutron:ovn-neutron-agent-id': 'f789e519-81bd-5a64-8995-157079c51f17', 'neutron:ovn-neutron-agent-sb-cfg': '0'}, name='550d7ed8-7154-430e-9e38-78318aefd741', nb_cfg=1, nb_cfg_timestamp=1784859461997) old=Chassis_Private(uuid=1f4a4ce8-8af0-4db2-864b-f56fc22a4aa6, nb_cfg=0, nb_cfg_timestamp=0) {{(pid=101645) matches /opt/stack/data/venv/lib/python3.12/site-packages/ovsdbapp/backend/ovs_idl/event.py:55}}
Jul 24 02:17:42.009409 np0000186500 devstack@neutron-api.service[101648]: DEBUG neutron.plugins.ml2.drivers.ovn.mech_driver.ovsdb.ovsdb_monitor [-] Hash Ring: Node 1828667803195c22a041875b1e87da5c (host: np0000186500) handling event "update" for row 4b049a41-92f6-4dae-a481-4727e7303365 (table: NB_Global) {{(pid=101648) notify /opt/stack/neutron/neutron/plugins/ml2/drivers/ovn/mech_driver/ovsdb/ovsdb_monitor.py:1013}}
Jul 24 02:17:42.009540 np0000186500 devstack@neutron-api.service[101646]: DEBUG neutron.plugins.ml2.drivers.ovn.mech_driver.ovsdb.ovsdb_monitor [-] Hash Ring: Node 7a98551e41fb544abe13a66449b100a8 (host: np0000186500) handling event "update" for row 4b049a41-92f6-4dae-a481-4727e7303365 (table: NB_Global) {{(pid=101646) notify /opt/stack/neutron/neutron/plugins/ml2/drivers/ovn/mech_driver/ovsdb/ovsdb_monitor.py:1013}}
Jul 24 02:17:42.010227 np0000186500 devstack@neutron-api.service[101648]: DEBUG neutron.plugins.ml2.drivers.ovn.mech_driver.ovsdb.ovsdb_monitor [-] Hash Ring: Node 1828667803195c22a041875b1e87da5c (host: np0000186500) handling event "update" for row 4b049a41-92f6-4dae-a481-4727e7303365 (table: NB_Global) {{(pid=101648) notify /opt/stack/neutron/neutron/plugins/ml2/drivers/ovn/mech_driver/ovsdb/ovsdb_monitor.py:1013}}
Jul 24 02:17:42.012267 np0000186500 devstack@neutron-api.service[101647]: DEBUG neutron.common.ovn.hash_ring_manager [-] Allow caching, nodes 4>=4 {{(pid=101647) _wait_startup_before_caching /opt/stack/neutron/neutron/common/ovn/hash_ring_manager.py:71}}
Jul 24 02:17:42.012367 np0000186500 devstack@neutron-api.service[101647]: DEBUG neutron.plugins.ml2.drivers.ovn.mech_driver.ovsdb.ovsdb_monitor [-] Hash Ring: Node 527ac6fde58d5f269a9a1c95ad9c3be3 (host: np0000186500) handling event "update" for row 1f4a4ce8-8af0-4db2-864b-f56fc22a4aa6 (table: Chassis_Private) {{(pid=101647) notify /opt/stack/neutron/neutron/plugins/ml2/drivers/ovn/mech_driver/ovsdb/ovsdb_monitor.py:1013}}
Jul 24 02:17:42.012560 np0000186500 devstack@neutron-api.service[101645]: DEBUG ovsdbapp.backend.ovs_idl.event [-] Matched UPDATE: ChassisOVNAgentWriteEvent(events=('create', 'update'), table='Chassis_Private', conditions=None, old_conditions=None), priority=20 to row=Chassis_Private(uuid=1f4a4ce8-8af0-4db2-864b-f56fc22a4aa6, chassis=514ba627-c734-4cbd-91ac-f3a1cee1ac3b, external_ids={'neutron:ovn-bridge': 'br-int', 'neutron:ovn-neutron-agent-id': 'f789e519-81bd-5a64-8995-157079c51f17', 'neutron:ovn-neutron-agent-sb-cfg': '1'}, name='550d7ed8-7154-430e-9e38-78318aefd741', nb_cfg=1, nb_cfg_timestamp=1784859461997) old=Chassis_Private(uuid=1f4a4ce8-8af0-4db2-864b-f56fc22a4aa6, external_ids={'neutron:ovn-bridge': 'br-int', 'neutron:ovn-neutron-agent-id': 'f789e519-81bd-5a64-8995-157079c51f17', 'neutron:ovn-neutron-agent-sb-cfg': '0'}) {{(pid=101645) matches /opt/stack/data/venv/lib/python3.12/site-packages/ovsdbapp/backend/ovs_idl/event.py:55}}
Jul 24 02:17:42.012645 np0000186500 devstack@neutron-api.service[101646]: DEBUG ovsdbapp.backend.ovs_idl.event [-] Matched UPDATE: ChassisOVNAgentWriteEvent(events=('create', 'update'), table='Chassis_Private', conditions=None, old_conditions=None), priority=20 to row=Chassis_Private(uuid=1f4a4ce8-8af0-4db2-864b-f56fc22a4aa6, chassis=514ba627-c734-4cbd-91ac-f3a1cee1ac3b, external_ids={'neutron:ovn-bridge': 'br-int', 'neutron:ovn-neutron-agent-id': 'f789e519-81bd-5a64-8995-157079c51f17', 'neutron:ovn-neutron-agent-sb-cfg': '1'}, name='550d7ed8-7154-430e-9e38-78318aefd741', nb_cfg=1, nb_cfg_timestamp=1784859461997) old=Chassis_Private(uuid=1f4a4ce8-8af0-4db2-864b-f56fc22a4aa6, external_ids={'neutron:ovn-bridge': 'br-int', 'neutron:ovn-neutron-agent-id': 'f789e519-81bd-5a64-8995-157079c51f17', 'neutron:ovn-neutron-agent-sb-cfg': '0'}) {{(pid=101646) matches /opt/stack/data/venv/lib/python3.12/site-packages/ovsdbapp/backend/ovs_idl/event.py:55}}
Jul 24 02:17:42.013395 np0000186500 devstack@neutron-api.service[101647]: DEBUG ovsdbapp.backend.ovs_idl.event [-] Matched UPDATE: ChassisOVNAgentWriteEvent(events=('create', 'update'), table='Chassis_Private', conditions=None, old_conditions=None), priority=20 to row=Chassis_Private(uuid=1f4a4ce8-8af0-4db2-864b-f56fc22a4aa6, chassis=514ba627-c734-4cbd-91ac-f3a1cee1ac3b, external_ids={'neutron:ovn-bridge': 'br-int', 'neutron:ovn-neutron-agent-id': 'f789e519-81bd-5a64-8995-157079c51f17', 'neutron:ovn-neutron-agent-sb-cfg': '1'}, name='550d7ed8-7154-430e-9e38-78318aefd741', nb_cfg=1, nb_cfg_timestamp=1784859461997) old=Chassis_Private(uuid=1f4a4ce8-8af0-4db2-864b-f56fc22a4aa6, external_ids={'neutron:ovn-bridge': 'br-int', 'neutron:ovn-neutron-agent-id': 'f789e519-81bd-5a64-8995-157079c51f17', 'neutron:ovn-neutron-agent-sb-cfg': '0'}) {{(pid=101647) matches /opt/stack/data/venv/lib/python3.12/site-packages/ovsdbapp/backend/ovs_idl/event.py:55}}
Jul 24 02:17:42.013646 np0000186500 devstack@neutron-api.service[101647]: DEBUG neutron.plugins.ml2.drivers.ovn.mech_driver.ovsdb.ovsdb_monitor [-] Hash Ring: Node 527ac6fde58d5f269a9a1c95ad9c3be3 (host: np0000186500) handling event "update" for row 1f4a4ce8-8af0-4db2-864b-f56fc22a4aa6 (table: Chassis_Private) {{(pid=101647) notify /opt/stack/neutron/neutron/plugins/ml2/drivers/ovn/mech_driver/ovsdb/ovsdb_monitor.py:1013}}
Jul 24 02:17:42.015940 np0000186500 devstack@neutron-api.service[101648]: DEBUG neutron.plugins.ml2.drivers.ovn.mech_driver.ovsdb.ovsdb_monitor [-] Hash Ring: Node 1828667803195c22a041875b1e87da5c (host: np0000186500) handling event "update" for row 4b049a41-92f6-4dae-a481-4727e7303365 (table: NB_Global) {{(pid=101648) notify /opt/stack/neutron/neutron/plugins/ml2/drivers/ovn/mech_driver/ovsdb/ovsdb_monitor.py:1013}}
Jul 24 02:17:42.017600 np0000186500 devstack@neutron-api.service[101648]: DEBUG ovsdbapp.backend.ovs_idl.event [-] Matched UPDATE: ChassisOVNAgentWriteEvent(events=('create', 'update'), table='Chassis_Private', conditions=None, old_conditions=None), priority=20 to row=Chassis_Private(uuid=1f4a4ce8-8af0-4db2-864b-f56fc22a4aa6, chassis=514ba627-c734-4cbd-91ac-f3a1cee1ac3b, external_ids={'neutron:ovn-bridge': 'br-int', 'neutron:ovn-neutron-agent-id': 'f789e519-81bd-5a64-8995-157079c51f17', 'neutron:ovn-neutron-agent-sb-cfg': '1'}, name='550d7ed8-7154-430e-9e38-78318aefd741', nb_cfg=1, nb_cfg_timestamp=1784859461997) old=Chassis_Private(uuid=1f4a4ce8-8af0-4db2-864b-f56fc22a4aa6, external_ids={'neutron:ovn-bridge': 'br-int', 'neutron:ovn-neutron-agent-id': 'f789e519-81bd-5a64-8995-157079c51f17', 'neutron:ovn-neutron-agent-sb-cfg': '0'}) {{(pid=101648) matches /opt/stack/data/venv/lib/python3.12/site-packages/ovsdbapp/backend/ovs_idl/event.py:55}}
Jul 24 02:17:42.017952 np0000186500 devstack@neutron-api.service[101648]: DEBUG neutron.plugins.ml2.drivers.ovn.mech_driver.ovsdb.ovsdb_monitor [-] Hash Ring: Node 1828667803195c22a041875b1e87da5c (host: np0000186500) handling event "update" for row 1f4a4ce8-8af0-4db2-864b-f56fc22a4aa6 (table: Chassis_Private) {{(pid=101648) notify /opt/stack/neutron/neutron/plugins/ml2/drivers/ovn/mech_driver/ovsdb/ovsdb_monitor.py:1013}}
