2026-07-21 07:47:41.268 8 INFO cinder.api.openstack.wsgi [None req-3c76b43c-b79d-45dd-af17-e6994b12e609 270b835621b645738f9997298671881c ed141489589f413598d7ef7e3bdb0ca8 - - default default] http://cinder-api.openstack.svc.cluster.local:8776/v3/ed141489589f413598d7ef7e3bdb0ca8/volumes/e505f2cc-9b22-444c-af3e-4ab6de02e024 returned with HTTP 200 [pid: 8|app: 0|req: 376/750] 10.0.0.158 () {32 vars in 775 bytes} [Tue Jul 21 07:47:41 2026] GET /v3/ed141489589f413598d7ef7e3bdb0ca8/volumes/e505f2cc-9b22-444c-af3e-4ab6de02e024 => generated 1527 bytes in 31 msecs (HTTP/1.1 200) 7 headers in 286 bytes (1 switches on core 0) /var/lib/openstack/lib/python3.10/site-packages/pycadf/identifier.py:71: UserWarning: Invalid uuid: cinderv3. To ensure interoperability, identifiers should be a valid uuid. warnings.warn(('Invalid uuid: %s. To ensure interoperability, '
2026-07-21 07:47:42.288 7 INFO cinder.api.openstack.wsgi [None req-7ce46cda-360b-49d9-ba94-340953ba0a95 270b835621b645738f9997298671881c ed141489589f413598d7ef7e3bdb0ca8 - - default default] GET http://cinder-api.openstack.svc.cluster.local:8776/v3/ed141489589f413598d7ef7e3bdb0ca8/volumes/e505f2cc-9b22-444c-af3e-4ab6de02e024
2026-07-21 07:47:42.298 7 INFO cinder.api.openstack.wsgi [None req-7ce46cda-360b-49d9-ba94-340953ba0a95 270b835621b645738f9997298671881c ed141489589f413598d7ef7e3bdb0ca8 - - default default] http://cinder-api.openstack.svc.cluster.local:8776/v3/ed141489589f413598d7ef7e3bdb0ca8/volumes/e505f2cc-9b22-444c-af3e-4ab6de02e024 returned with HTTP 404 [pid: 7|app: 0|req: 375/751] 10.0.0.158 () {32 vars in 775 bytes} [Tue Jul 21 07:47:42 2026] GET /v3/ed141489589f413598d7ef7e3bdb0ca8/volumes/e505f2cc-9b22-444c-af3e-4ab6de02e024 => generated 109 bytes in 17 msecs (HTTP/1.1 404) 7 headers in 292 bytes (1 switches on core 0) /var/lib/openstack/lib/python3.10/site-packages/pycadf/identifier.py:71: UserWarning: Invalid uuid: cinderv3. To ensure interoperability, identifiers should be a valid uuid. warnings.warn(('Invalid uuid: %s. To ensure interoperability, '
2026-07-21 07:47:46.116 8 INFO cinder.api.openstack.wsgi [None req-48b05fc5-7980-45b8-beae-8fd362259b76 743665242b6447ee9095b3d2a733f3de 2ced595c353241ae934769be6523ef88 - - default default] POST http://cinder-api.openstack.svc.cluster.local:8776/v3/2ced595c353241ae934769be6523ef88/volumes
2026-07-21 07:47:46.118 8 INFO cinder.api.v3.volumes [None req-48b05fc5-7980-45b8-beae-8fd362259b76 743665242b6447ee9095b3d2a733f3de 2ced595c353241ae934769be6523ef88 - - default default] Create volume of 1 GB
2026-07-21 07:47:46.126 8 INFO cinder.volume.api [None req-48b05fc5-7980-45b8-beae-8fd362259b76 743665242b6447ee9095b3d2a733f3de 2ced595c353241ae934769be6523ef88 - - default default] Availability Zones retrieved successfully.
2026-07-21 07:47:46.288 8 INFO cinder.volume.api [None req-48b05fc5-7980-45b8-beae-8fd362259b76 743665242b6447ee9095b3d2a733f3de 2ced595c353241ae934769be6523ef88 - - default default] Create volume request issued successfully.
2026-07-21 07:47:46.289 8 INFO cinder.api.openstack.wsgi [None req-48b05fc5-7980-45b8-beae-8fd362259b76 743665242b6447ee9095b3d2a733f3de 2ced595c353241ae934769be6523ef88 - - default default] http://cinder-api.openstack.svc.cluster.local:8776/v3/2ced595c353241ae934769be6523ef88/volumes returned with HTTP 202 [pid: 8|app: 0|req: 377/752] 10.0.0.158 () {34 vars in 722 bytes} [Tue Jul 21 07:47:45 2026] POST /v3/2ced595c353241ae934769be6523ef88/volumes => generated 861 bytes in 316 msecs (HTTP/1.1 202) 7 headers in 291 bytes (1 switches on core 0)
2026-07-21 07:47:46.307 7 INFO cinder.api.openstack.wsgi [None req-c12fa1cc-9ce4-45bb-a0c8-cfc94e120138 743665242b6447ee9095b3d2a733f3de 2ced595c353241ae934769be6523ef88 - - default default] GET http://cinder-api.openstack.svc.cluster.local:8776/v3/2ced595c353241ae934769be6523ef88/volumes/3f1d7499-653e-42ab-81e8-499746794ba1 /var/lib/openstack/lib/python3.10/site-packages/oslo_context/context.py:100: DeprecationWarning: Policy enforcement is depending on the value of is_admin. This key is deprecated. Please update your policy file to use the standard policy values. warnings.warn('Policy enforcement is depending on the value of '
2026-07-21 07:47:46.341 7 INFO cinder.volume.api [None req-c12fa1cc-9ce4-45bb-a0c8-cfc94e120138 743665242b6447ee9095b3d2a733f3de 2ced595c353241ae934769be6523ef88 - - default default] Volume info retrieved successfully.
2026-07-21 07:47:46.347 7 INFO cinder.api.openstack.wsgi [None req-c12fa1cc-9ce4-45bb-a0c8-cfc94e120138 743665242b6447ee9095b3d2a733f3de 2ced595c353241ae934769be6523ef88 - - default default] http://cinder-api.openstack.svc.cluster.local:8776/v3/2ced595c353241ae934769be6523ef88/volumes/3f1d7499-653e-42ab-81e8-499746794ba1 returned with HTTP 200 [pid: 7|app: 0|req: 376/753] 10.0.0.158 () {32 vars in 775 bytes} [Tue Jul 21 07:47:46 2026] GET /v3/2ced595c353241ae934769be6523ef88/volumes/3f1d7499-653e-42ab-81e8-499746794ba1 => generated 929 bytes in 45 msecs (HTTP/1.1 200) 7 headers in 285 bytes (1 switches on core 0) /var/lib/openstack/lib/python3.10/site-packages/pycadf/identifier.py:71: UserWarning: Invalid uuid: cinderv3. To ensure interoperability, identifiers should be a valid uuid. warnings.warn(('Invalid uuid: %s. To ensure interoperability, '
2026-07-21 07:47:47.370 8 INFO cinder.api.openstack.wsgi [None req-2d8f910d-bcd4-4acf-9fbd-bf915a5bf1f0 743665242b6447ee9095b3d2a733f3de 2ced595c353241ae934769be6523ef88 - - default default] GET http://cinder-api.openstack.svc.cluster.local:8776/v3/2ced595c353241ae934769be6523ef88/volumes/3f1d7499-653e-42ab-81e8-499746794ba1 /var/lib/openstack/lib/python3.10/site-packages/oslo_context/context.py:100: DeprecationWarning: Policy enforcement is depending on the value of is_admin. This key is deprecated. Please update your policy file to use the standard policy values. warnings.warn('Policy enforcement is depending on the value of '
2026-07-21 07:47:47.387 8 INFO cinder.volume.api [None req-2d8f910d-bcd4-4acf-9fbd-bf915a5bf1f0 743665242b6447ee9095b3d2a733f3de 2ced595c353241ae934769be6523ef88 - - default default] Volume info retrieved successfully.
2026-07-21 07:47:47.393 8 INFO cinder.api.openstack.wsgi [None req-2d8f910d-bcd4-4acf-9fbd-bf915a5bf1f0 743665242b6447ee9095b3d2a733f3de 2ced595c353241ae934769be6523ef88 - - default default] http://cinder-api.openstack.svc.cluster.local:8776/v3/2ced595c353241ae934769be6523ef88/volumes/3f1d7499-653e-42ab-81e8-499746794ba1 returned with HTTP 200 [pid: 8|app: 0|req: 378/754] 10.0.0.158 () {32 vars in 775 bytes} [Tue Jul 21 07:47:47 2026] GET /v3/2ced595c353241ae934769be6523ef88/volumes/3f1d7499-653e-42ab-81e8-499746794ba1 => generated 954 bytes in 30 msecs (HTTP/1.1 200) 7 headers in 285 bytes (1 switches on core 0)
2026-07-21 07:47:49.084 7 INFO cinder.api.openstack.wsgi [None req-c12fa1cc-9ce4-45bb-a0c8-cfc94e120138 743665242b6447ee9095b3d2a733f3de 2ced595c353241ae934769be6523ef88 - - default default] GET http://10.0.0.241:8776/
2026-07-21 07:47:49.084 8 INFO cinder.api.openstack.wsgi [None req-2d8f910d-bcd4-4acf-9fbd-bf915a5bf1f0 743665242b6447ee9095b3d2a733f3de 2ced595c353241ae934769be6523ef88 - - default default] GET http://10.0.0.241:8776/
2026-07-21 07:47:49.085 7 INFO cinder.api.openstack.wsgi [None req-c12fa1cc-9ce4-45bb-a0c8-cfc94e120138 743665242b6447ee9095b3d2a733f3de 2ced595c353241ae934769be6523ef88 - - default default] http://10.0.0.241:8776/ returned with HTTP 300
2026-07-21 07:47:49.086 8 INFO cinder.api.openstack.wsgi [None req-2d8f910d-bcd4-4acf-9fbd-bf915a5bf1f0 743665242b6447ee9095b3d2a733f3de 2ced595c353241ae934769be6523ef88 - - default default] http://10.0.0.241:8776/ returned with HTTP 300 /var/lib/openstack/lib/python3.10/site-packages/pycadf/identifier.py:71: UserWarning: Invalid uuid: cinderv3. To ensure interoperability, identifiers should be a valid uuid. warnings.warn(('Invalid uuid: %s. To ensure interoperability, '
2026-07-21 07:47:58.277 7 INFO cinder.api.openstack.wsgi [None req-2b6b1b7d-4906-4e58-81a1-1fcfc3899043 743665242b6447ee9095b3d2a733f3de 2ced595c353241ae934769be6523ef88 - - default default] POST http://cinder-api.openstack.svc.cluster.local:8776/v3/2ced595c353241ae934769be6523ef88/volumes/3f1d7499-653e-42ab-81e8-499746794ba1/action /var/lib/openstack/lib/python3.10/site-packages/oslo_context/context.py:100: DeprecationWarning: Policy enforcement is depending on the value of is_admin. This key is deprecated. Please update your policy file to use the standard policy values. warnings.warn('Policy enforcement is depending on the value of '
2026-07-21 07:47:58.290 7 INFO cinder.volume.api [None req-2b6b1b7d-4906-4e58-81a1-1fcfc3899043 743665242b6447ee9095b3d2a733f3de 2ced595c353241ae934769be6523ef88 - - default default] Volume info retrieved successfully.
2026-07-21 07:47:58.301 7 INFO cinder.volume.api [None req-2b6b1b7d-4906-4e58-81a1-1fcfc3899043 743665242b6447ee9095b3d2a733f3de 2ced595c353241ae934769be6523ef88 - - default default] Update volume admin metadata completed successfully.
2026-07-21 07:47:58.380 7 INFO cinder.volume.api [None req-2b6b1b7d-4906-4e58-81a1-1fcfc3899043 743665242b6447ee9095b3d2a733f3de 2ced595c353241ae934769be6523ef88 - - default default] Attach volume completed successfully.
2026-07-21 07:47:58.381 7 INFO cinder.api.openstack.wsgi [None req-2b6b1b7d-4906-4e58-81a1-1fcfc3899043 743665242b6447ee9095b3d2a733f3de 2ced595c353241ae934769be6523ef88 - - default default] http://cinder-api.openstack.svc.cluster.local:8776/v3/2ced595c353241ae934769be6523ef88/volumes/3f1d7499-653e-42ab-81e8-499746794ba1/action returned with HTTP 202 [pid: 7|app: 0|req: 378/757] 10.0.0.158 () {34 vars in 810 bytes} [Tue Jul 21 07:47:58 2026] POST /v3/2ced595c353241ae934769be6523ef88/volumes/3f1d7499-653e-42ab-81e8-499746794ba1/action => generated 0 bytes in 112 msecs (HTTP/1.1 202) 7 headers in 289 bytes (1 switches on core 0) /var/lib/openstack/lib/python3.10/site-packages/pycadf/identifier.py:71: UserWarning: Invalid uuid: cinderv3. To ensure interoperability, identifiers should be a valid uuid. warnings.warn(('Invalid uuid: %s. To ensure interoperability, '
2026-07-21 07:47:58.396 8 INFO cinder.api.openstack.wsgi [None req-ec71bd9c-c47a-40e0-811a-d96156ab0bd1 743665242b6447ee9095b3d2a733f3de 2ced595c353241ae934769be6523ef88 - - default default] GET http://cinder-api.openstack.svc.cluster.local:8776/v3/2ced595c353241ae934769be6523ef88/volumes/3f1d7499-653e-42ab-81e8-499746794ba1 /var/lib/openstack/lib/python3.10/site-packages/oslo_context/context.py:100: DeprecationWarning: Policy enforcement is depending on the value of is_admin. This key is deprecated. Please update your policy file to use the standard policy values. warnings.warn('Policy enforcement is depending on the value of '
2026-07-21 07:47:58.432 8 INFO cinder.volume.api [None req-ec71bd9c-c47a-40e0-811a-d96156ab0bd1 743665242b6447ee9095b3d2a733f3de 2ced595c353241ae934769be6523ef88 - - default default] Volume info retrieved successfully.
2026-07-21 07:47:58.448 8 INFO cinder.api.openstack.wsgi [None req-ec71bd9c-c47a-40e0-811a-d96156ab0bd1 743665242b6447ee9095b3d2a733f3de 2ced595c353241ae934769be6523ef88 - - default default] http://cinder-api.openstack.svc.cluster.local:8776/v3/2ced595c353241ae934769be6523ef88/volumes/3f1d7499-653e-42ab-81e8-499746794ba1 returned with HTTP 200 [pid: 8|app: 0|req: 380/758] 10.0.0.158 () {32 vars in 775 bytes} [Tue Jul 21 07:47:58 2026] GET /v3/2ced595c353241ae934769be6523ef88/volumes/3f1d7499-653e-42ab-81e8-499746794ba1 => generated 1288 bytes in 59 msecs (HTTP/1.1 200) 7 headers in 286 bytes (1 switches on core 0) /var/lib/openstack/lib/python3.10/site-packages/pycadf/identifier.py:71: UserWarning: Invalid uuid: cinderv3. To ensure interoperability, identifiers should be a valid uuid. warnings.warn(('Invalid uuid: %s. To ensure interoperability, '
2026-07-21 07:47:58.477 7 INFO cinder.api.openstack.wsgi [None req-c9371930-1a06-45f6-a4df-6561f9b5be01 743665242b6447ee9095b3d2a733f3de 2ced595c353241ae934769be6523ef88 - - default default] POST http://cinder-api.openstack.svc.cluster.local:8776/v3/2ced595c353241ae934769be6523ef88/volumes/3f1d7499-653e-42ab-81e8-499746794ba1/action /var/lib/openstack/lib/python3.10/site-packages/oslo_context/context.py:100: DeprecationWarning: Policy enforcement is depending on the value of is_admin. This key is deprecated. Please update your policy file to use the standard policy values. warnings.warn('Policy enforcement is depending on the value of '
2026-07-21 07:47:58.495 7 INFO cinder.volume.api [None req-c9371930-1a06-45f6-a4df-6561f9b5be01 743665242b6447ee9095b3d2a733f3de 2ced595c353241ae934769be6523ef88 - - default default] Volume info retrieved successfully.
2026-07-21 07:47:58.541 7 INFO cinder.volume.api [None req-c9371930-1a06-45f6-a4df-6561f9b5be01 743665242b6447ee9095b3d2a733f3de 2ced595c353241ae934769be6523ef88 - - default default] Detach volume completed successfully.
2026-07-21 07:47:58.542 7 INFO cinder.api.openstack.wsgi [None req-c9371930-1a06-45f6-a4df-6561f9b5be01 743665242b6447ee9095b3d2a733f3de 2ced595c353241ae934769be6523ef88 - - default default] http://cinder-api.openstack.svc.cluster.local:8776/v3/2ced595c353241ae934769be6523ef88/volumes/3f1d7499-653e-42ab-81e8-499746794ba1/action returned with HTTP 202 [pid: 7|app: 0|req: 379/759] 10.0.0.158 () {34 vars in 810 bytes} [Tue Jul 21 07:47:58 2026] POST /v3/2ced595c353241ae934769be6523ef88/volumes/3f1d7499-653e-42ab-81e8-499746794ba1/action => generated 0 bytes in 73 msecs (HTTP/1.1 202) 7 headers in 289 bytes (1 switches on core 0) /var/lib/openstack/lib/python3.10/site-packages/pycadf/identifier.py:71: UserWarning: Invalid uuid: cinderv3. To ensure interoperability, identifiers should be a valid uuid. warnings.warn(('Invalid uuid: %s. To ensure interoperability, '
2026-07-21 07:47:58.557 8 INFO cinder.api.openstack.wsgi [None req-1c216464-8e8e-4f78-98bb-01a1f4046378 743665242b6447ee9095b3d2a733f3de 2ced595c353241ae934769be6523ef88 - - default default] GET http://cinder-api.openstack.svc.cluster.local:8776/v3/2ced595c353241ae934769be6523ef88/volumes/3f1d7499-653e-42ab-81e8-499746794ba1 /var/lib/openstack/lib/python3.10/site-packages/oslo_context/context.py:100: DeprecationWarning: Policy enforcement is depending on the value of is_admin. This key is deprecated. Please update your policy file to use the standard policy values. warnings.warn('Policy enforcement is depending on the value of '
2026-07-21 07:47:58.572 8 INFO cinder.volume.api [None req-1c216464-8e8e-4f78-98bb-01a1f4046378 743665242b6447ee9095b3d2a733f3de 2ced595c353241ae934769be6523ef88 - - default default] Volume info retrieved successfully.
2026-07-21 07:47:58.580 8 INFO cinder.api.openstack.wsgi [None req-1c216464-8e8e-4f78-98bb-01a1f4046378 743665242b6447ee9095b3d2a733f3de 2ced595c353241ae934769be6523ef88 - - default default] http://cinder-api.openstack.svc.cluster.local:8776/v3/2ced595c353241ae934769be6523ef88/volumes/3f1d7499-653e-42ab-81e8-499746794ba1 returned with HTTP 200 [pid: 8|app: 0|req: 381/760] 10.0.0.158 () {32 vars in 775 bytes} [Tue Jul 21 07:47:58 2026] GET /v3/2ced595c353241ae934769be6523ef88/volumes/3f1d7499-653e-42ab-81e8-499746794ba1 => generated 973 bytes in 30 msecs (HTTP/1.1 200) 7 headers in 285 bytes (1 switches on core 0)
2026-07-21 07:47:59.083 8 INFO cinder.api.openstack.wsgi [None req-1c216464-8e8e-4f78-98bb-01a1f4046378 743665242b6447ee9095b3d2a733f3de 2ced595c353241ae934769be6523ef88 - - default default] GET http://10.0.0.241:8776/
2026-07-21 07:47:59.083 7 INFO cinder.api.openstack.wsgi [None req-c9371930-1a06-45f6-a4df-6561f9b5be01 743665242b6447ee9095b3d2a733f3de 2ced595c353241ae934769be6523ef88 - - default default] GET http://10.0.0.241:8776/
2026-07-21 07:47:59.084 8 INFO cinder.api.openstack.wsgi [None req-1c216464-8e8e-4f78-98bb-01a1f4046378 743665242b6447ee9095b3d2a733f3de 2ced595c353241ae934769be6523ef88 - - default default] http://10.0.0.241:8776/ returned with HTTP 300
2026-07-21 07:47:59.085 7 INFO cinder.api.openstack.wsgi [None req-c9371930-1a06-45f6-a4df-6561f9b5be01 743665242b6447ee9095b3d2a733f3de 2ced595c353241ae934769be6523ef88 - - default default] http://10.0.0.241:8776/ returned with HTTP 300 /var/lib/openstack/lib/python3.10/site-packages/pycadf/identifier.py:71: UserWarning: Invalid uuid: cinderv3. To ensure interoperability, identifiers should be a valid uuid. warnings.warn(('Invalid uuid: %s. To ensure interoperability, '
2026-07-21 07:48:00.565 8 INFO cinder.api.openstack.wsgi [None req-1798d20a-ba79-4147-893a-c46ab63a6ffe 392083e5b101457e8f890e1524eef317 cd995afa4ffd4531a858f1c201a6e449 - - default default] GET http://cinder-api.openstack.svc.cluster.local:8776/v3/cd995afa4ffd4531a858f1c201a6e449/snapshots?all_tenants=true
2026-07-21 07:48:00.573 8 INFO cinder.volume.api [None req-1798d20a-ba79-4147-893a-c46ab63a6ffe 392083e5b101457e8f890e1524eef317 cd995afa4ffd4531a858f1c201a6e449 - - default default] Get all snapshots completed successfully.
2026-07-21 07:48:00.573 8 INFO cinder.api.openstack.wsgi [None req-1798d20a-ba79-4147-893a-c46ab63a6ffe 392083e5b101457e8f890e1524eef317 cd995afa4ffd4531a858f1c201a6e449 - - default default] http://cinder-api.openstack.svc.cluster.local:8776/v3/cd995afa4ffd4531a858f1c201a6e449/snapshots?all_tenants=true returned with HTTP 200 [pid: 8|app: 0|req: 383/763] 10.0.0.28 () {28 vars in 673 bytes} [Tue Jul 21 07:48:00 2026] GET /v3/cd995afa4ffd4531a858f1c201a6e449/snapshots?all_tenants=true => generated 17 bytes in 114 msecs (HTTP/1.1 200) 7 headers in 284 bytes (1 switches on core 0) /var/lib/openstack/lib/python3.10/site-packages/pycadf/identifier.py:71: UserWarning: Invalid uuid: cinderv3. To ensure interoperability, identifiers should be a valid uuid. warnings.warn(('Invalid uuid: %s. To ensure interoperability, '
2026-07-21 07:48:00.587 7 INFO cinder.api.openstack.wsgi [None req-cac18842-ebca-4b50-8dc5-659c5e3cc1e7 392083e5b101457e8f890e1524eef317 cd995afa4ffd4531a858f1c201a6e449 - - default default] GET http://cinder-api.openstack.svc.cluster.local:8776/v3/cd995afa4ffd4531a858f1c201a6e449/volumes/detail?all_tenants=true
2026-07-21 07:48:00.598 7 INFO cinder.volume.api [None req-cac18842-ebca-4b50-8dc5-659c5e3cc1e7 392083e5b101457e8f890e1524eef317 cd995afa4ffd4531a858f1c201a6e449 - - default default] Get all volumes completed successfully. /var/lib/openstack/lib/python3.10/site-packages/oslo_context/context.py:100: DeprecationWarning: Policy enforcement is depending on the value of is_admin. This key is deprecated. Please update your policy file to use the standard policy values. warnings.warn('Policy enforcement is depending on the value of '
2026-07-21 07:48:00.607 7 INFO cinder.api.openstack.wsgi [None req-cac18842-ebca-4b50-8dc5-659c5e3cc1e7 392083e5b101457e8f890e1524eef317 cd995afa4ffd4531a858f1c201a6e449 - - default default] http://cinder-api.openstack.svc.cluster.local:8776/v3/cd995afa4ffd4531a858f1c201a6e449/volumes/detail?all_tenants=true returned with HTTP 200 [pid: 7|app: 0|req: 381/764] 10.0.0.28 () {28 vars in 683 bytes} [Tue Jul 21 07:48:00 2026] GET /v3/cd995afa4ffd4531a858f1c201a6e449/volumes/detail?all_tenants=true => generated 1141 bytes in 30 msecs (HTTP/1.1 200) 7 headers in 286 bytes (1 switches on core 0)
2026-07-21 07:48:00.619 8 INFO cinder.api.openstack.wsgi [None req-9fb455bb-2d2a-4754-a6ed-c0d03a946b1e 392083e5b101457e8f890e1524eef317 cd995afa4ffd4531a858f1c201a6e449 - - default default] GET http://cinder-api.openstack.svc.cluster.local:8776/v3/cd995afa4ffd4531a858f1c201a6e449/volumes/detail?all_tenants=true
2026-07-21 07:48:00.633 8 INFO cinder.volume.api [None req-9fb455bb-2d2a-4754-a6ed-c0d03a946b1e 392083e5b101457e8f890e1524eef317 cd995afa4ffd4531a858f1c201a6e449 - - default default] Get all volumes completed successfully. /var/lib/openstack/lib/python3.10/site-packages/oslo_context/context.py:100: DeprecationWarning: Policy enforcement is depending on the value of is_admin. This key is deprecated. Please update your policy file to use the standard policy values. warnings.warn('Policy enforcement is depending on the value of '
2026-07-21 07:48:00.639 8 INFO cinder.api.openstack.wsgi [None req-9fb455bb-2d2a-4754-a6ed-c0d03a946b1e 392083e5b101457e8f890e1524eef317 cd995afa4ffd4531a858f1c201a6e449 - - default default] http://cinder-api.openstack.svc.cluster.local:8776/v3/cd995afa4ffd4531a858f1c201a6e449/volumes/detail?all_tenants=true returned with HTTP 200 [pid: 8|app: 0|req: 384/765] 10.0.0.28 () {28 vars in 683 bytes} [Tue Jul 21 07:48:00 2026] GET /v3/cd995afa4ffd4531a858f1c201a6e449/volumes/detail?all_tenants=true => generated 1141 bytes in 28 msecs (HTTP/1.1 200) 7 headers in 286 bytes (1 switches on core 0) /var/lib/openstack/lib/python3.10/site-packages/pycadf/identifier.py:71: UserWarning: Invalid uuid: cinderv3. To ensure interoperability, identifiers should be a valid uuid. warnings.warn(('Invalid uuid: %s. To ensure interoperability, '
2026-07-21 07:48:00.650 7 INFO cinder.api.openstack.wsgi [None req-506a4d0c-0728-40ab-8835-c7542d0596ea 392083e5b101457e8f890e1524eef317 cd995afa4ffd4531a858f1c201a6e449 - - default default] GET http://cinder-api.openstack.svc.cluster.local:8776/v3/cd995afa4ffd4531a858f1c201a6e449/os-services
2026-07-21 07:48:00.657 7 INFO cinder.api.openstack.wsgi [None req-506a4d0c-0728-40ab-8835-c7542d0596ea 392083e5b101457e8f890e1524eef317 cd995afa4ffd4531a858f1c201a6e449 - - default default] http://cinder-api.openstack.svc.cluster.local:8776/v3/cd995afa4ffd4531a858f1c201a6e449/os-services returned with HTTP 200 [pid: 7|app: 0|req: 382/766] 10.0.0.28 () {28 vars in 644 bytes} [Tue Jul 21 07:48:00 2026] GET /v3/cd995afa4ffd4531a858f1c201a6e449/os-services => generated 646 bytes in 13 msecs (HTTP/1.1 200) 7 headers in 285 bytes (1 switches on core 0) /var/lib/openstack/lib/python3.10/site-packages/pycadf/identifier.py:71: UserWarning: Invalid uuid: cinderv3. To ensure interoperability, identifiers should be a valid uuid. warnings.warn(('Invalid uuid: %s. To ensure interoperability, '
2026-07-21 07:48:00.672 8 INFO cinder.api.openstack.wsgi [None req-7ca8c7e7-9153-42c5-b363-5a1d49590fcf 392083e5b101457e8f890e1524eef317 cd995afa4ffd4531a858f1c201a6e449 - - default default] GET http://cinder-api.openstack.svc.cluster.local:8776/v3/cd995afa4ffd4531a858f1c201a6e449/scheduler-stats/get_pools?detail=true
2026-07-21 07:48:00.696 8 INFO cinder.api.openstack.wsgi [None req-7ca8c7e7-9153-42c5-b363-5a1d49590fcf 392083e5b101457e8f890e1524eef317 cd995afa4ffd4531a858f1c201a6e449 - - default default] http://cinder-api.openstack.svc.cluster.local:8776/v3/cd995afa4ffd4531a858f1c201a6e449/scheduler-stats/get_pools?detail=true returned with HTTP 200 [pid: 8|app: 0|req: 385/767] 10.0.0.28 () {28 vars in 695 bytes} [Tue Jul 21 07:48:00 2026] GET /v3/cd995afa4ffd4531a858f1c201a6e449/scheduler-stats/get_pools?detail=true => generated 670 bytes in 35 msecs (HTTP/1.1 200) 7 headers in 285 bytes (1 switches on core 0)
2026-07-21 07:48:00.767 7 INFO cinder.api.openstack.wsgi [None req-5e02b5c0-e274-49b2-9824-00758f29e227 392083e5b101457e8f890e1524eef317 cd995afa4ffd4531a858f1c201a6e449 - - default default] GET http://cinder-api.openstack.svc.cluster.local:8776/v3/cd995afa4ffd4531a858f1c201a6e449/os-quota-sets/15452bbaeda149a08a0689547f2020b4?usage=true
2026-07-21 07:48:00.788 7 INFO cinder.api.openstack.wsgi [None req-5e02b5c0-e274-49b2-9824-00758f29e227 392083e5b101457e8f890e1524eef317 cd995afa4ffd4531a858f1c201a6e449 - - default default] http://cinder-api.openstack.svc.cluster.local:8776/v3/cd995afa4ffd4531a858f1c201a6e449/os-quota-sets/15452bbaeda149a08a0689547f2020b4?usage=true returned with HTTP 200 [pid: 7|app: 0|req: 383/768] 10.0.0.28 () {28 vars in 735 bytes} [Tue Jul 21 07:48:00 2026] GET /v3/cd995afa4ffd4531a858f1c201a6e449/os-quota-sets/15452bbaeda149a08a0689547f2020b4?usage=true => generated 847 bytes in 32 msecs (HTTP/1.1 200) 7 headers in 285 bytes (1 switches on core 0)
2026-07-21 07:48:00.805 8 INFO cinder.api.openstack.wsgi [None req-af3c9b60-e16f-41e1-99c5-6194d4abf9c8 392083e5b101457e8f890e1524eef317 cd995afa4ffd4531a858f1c201a6e449 - - default default] GET http://cinder-api.openstack.svc.cluster.local:8776/v3/cd995afa4ffd4531a858f1c201a6e449/os-quota-sets/2ced595c353241ae934769be6523ef88?usage=true
2026-07-21 07:48:00.833 8 INFO cinder.api.openstack.wsgi [None req-af3c9b60-e16f-41e1-99c5-6194d4abf9c8 392083e5b101457e8f890e1524eef317 cd995afa4ffd4531a858f1c201a6e449 - - default default] http://cinder-api.openstack.svc.cluster.local:8776/v3/cd995afa4ffd4531a858f1c201a6e449/os-quota-sets/2ced595c353241ae934769be6523ef88?usage=true returned with HTTP 200 [pid: 8|app: 0|req: 386/769] 10.0.0.28 () {28 vars in 735 bytes} [Tue Jul 21 07:48:00 2026] GET /v3/cd995afa4ffd4531a858f1c201a6e449/os-quota-sets/2ced595c353241ae934769be6523ef88?usage=true => generated 847 bytes in 39 msecs (HTTP/1.1 200) 7 headers in 285 bytes (1 switches on core 0)
2026-07-21 07:48:00.849 7 INFO cinder.api.openstack.wsgi [None req-68caed0c-3473-405c-8876-e53309d08b8f 392083e5b101457e8f890e1524eef317 cd995afa4ffd4531a858f1c201a6e449 - - default default] GET http://cinder-api.openstack.svc.cluster.local:8776/v3/cd995afa4ffd4531a858f1c201a6e449/os-quota-sets/4d8b0982ee72424aa365c2e603b5042b?usage=true
2026-07-21 07:48:00.880 7 INFO cinder.api.openstack.wsgi [None req-68caed0c-3473-405c-8876-e53309d08b8f 392083e5b101457e8f890e1524eef317 cd995afa4ffd4531a858f1c201a6e449 - - default default] http://cinder-api.openstack.svc.cluster.local:8776/v3/cd995afa4ffd4531a858f1c201a6e449/os-quota-sets/4d8b0982ee72424aa365c2e603b5042b?usage=true returned with HTTP 200 [pid: 7|app: 0|req: 384/770] 10.0.0.28 () {28 vars in 735 bytes} [Tue Jul 21 07:48:00 2026] GET /v3/cd995afa4ffd4531a858f1c201a6e449/os-quota-sets/4d8b0982ee72424aa365c2e603b5042b?usage=true => generated 847 bytes in 44 msecs (HTTP/1.1 200) 7 headers in 285 bytes (1 switches on core 0)
2026-07-21 07:48:00.895 8 INFO cinder.api.openstack.wsgi [None req-5b3e8a42-ded8-447f-8cd1-e08151874723 392083e5b101457e8f890e1524eef317 cd995afa4ffd4531a858f1c201a6e449 - - default default] GET http://cinder-api.openstack.svc.cluster.local:8776/v3/cd995afa4ffd4531a858f1c201a6e449/os-quota-sets/5fbacf0cf08d4a29ab97893c932fdab7?usage=true
2026-07-21 07:48:00.931 8 INFO cinder.api.openstack.wsgi [None req-5b3e8a42-ded8-447f-8cd1-e08151874723 392083e5b101457e8f890e1524eef317 cd995afa4ffd4531a858f1c201a6e449 - - default default] http://cinder-api.openstack.svc.cluster.local:8776/v3/cd995afa4ffd4531a858f1c201a6e449/os-quota-sets/5fbacf0cf08d4a29ab97893c932fdab7?usage=true returned with HTTP 200 [pid: 8|app: 0|req: 387/771] 10.0.0.28 () {28 vars in 735 bytes} [Tue Jul 21 07:48:00 2026] GET /v3/cd995afa4ffd4531a858f1c201a6e449/os-quota-sets/5fbacf0cf08d4a29ab97893c932fdab7?usage=true => generated 845 bytes in 46 msecs (HTTP/1.1 200) 7 headers in 285 bytes (1 switches on core 0)
2026-07-21 07:48:00.943 7 INFO cinder.api.openstack.wsgi [None req-bce0fca1-70d4-4956-ae69-c3e8466648f3 392083e5b101457e8f890e1524eef317 cd995afa4ffd4531a858f1c201a6e449 - - default default] GET http://cinder-api.openstack.svc.cluster.local:8776/v3/cd995afa4ffd4531a858f1c201a6e449/os-quota-sets/af4f6227d0e04e799f7d01b22c053f9d?usage=true
2026-07-21 07:48:00.972 7 INFO cinder.api.openstack.wsgi [None req-bce0fca1-70d4-4956-ae69-c3e8466648f3 392083e5b101457e8f890e1524eef317 cd995afa4ffd4531a858f1c201a6e449 - - default default] http://cinder-api.openstack.svc.cluster.local:8776/v3/cd995afa4ffd4531a858f1c201a6e449/os-quota-sets/af4f6227d0e04e799f7d01b22c053f9d?usage=true returned with HTTP 200 [pid: 7|app: 0|req: 385/772] 10.0.0.28 () {28 vars in 735 bytes} [Tue Jul 21 07:48:00 2026] GET /v3/cd995afa4ffd4531a858f1c201a6e449/os-quota-sets/af4f6227d0e04e799f7d01b22c053f9d?usage=true => generated 847 bytes in 37 msecs (HTTP/1.1 200) 7 headers in 285 bytes (1 switches on core 0)
2026-07-21 07:48:00.987 8 INFO cinder.api.openstack.wsgi [None req-f653e196-8b2e-4867-83a3-07d69e22c828 392083e5b101457e8f890e1524eef317 cd995afa4ffd4531a858f1c201a6e449 - - default default] GET http://cinder-api.openstack.svc.cluster.local:8776/v3/cd995afa4ffd4531a858f1c201a6e449/os-quota-sets/cd995afa4ffd4531a858f1c201a6e449?usage=true
2026-07-21 07:48:01.019 8 INFO cinder.api.openstack.wsgi [None req-f653e196-8b2e-4867-83a3-07d69e22c828 392083e5b101457e8f890e1524eef317 cd995afa4ffd4531a858f1c201a6e449 - - default default] http://cinder-api.openstack.svc.cluster.local:8776/v3/cd995afa4ffd4531a858f1c201a6e449/os-quota-sets/cd995afa4ffd4531a858f1c201a6e449?usage=true returned with HTTP 200 [pid: 8|app: 0|req: 388/773] 10.0.0.28 () {28 vars in 735 bytes} [Tue Jul 21 07:48:00 2026] GET /v3/cd995afa4ffd4531a858f1c201a6e449/os-quota-sets/cd995afa4ffd4531a858f1c201a6e449?usage=true => generated 845 bytes in 43 msecs (HTTP/1.1 200) 7 headers in 285 bytes (1 switches on core 0)
2026-07-21 07:48:01.032 7 INFO cinder.api.openstack.wsgi [None req-6ffe172f-0fe3-4b2f-a8d9-d46851f7a6d1 392083e5b101457e8f890e1524eef317 cd995afa4ffd4531a858f1c201a6e449 - - default default] GET http://cinder-api.openstack.svc.cluster.local:8776/v3/cd995afa4ffd4531a858f1c201a6e449/os-quota-sets/f244972a3a534f60ad5f2433c77e258b?usage=true
2026-07-21 07:48:01.063 7 INFO cinder.api.openstack.wsgi [None req-6ffe172f-0fe3-4b2f-a8d9-d46851f7a6d1 392083e5b101457e8f890e1524eef317 cd995afa4ffd4531a858f1c201a6e449 - - default default] http://cinder-api.openstack.svc.cluster.local:8776/v3/cd995afa4ffd4531a858f1c201a6e449/os-quota-sets/f244972a3a534f60ad5f2433c77e258b?usage=true returned with HTTP 200 [pid: 7|app: 0|req: 386/774] 10.0.0.28 () {28 vars in 735 bytes} [Tue Jul 21 07:48:01 2026] GET /v3/cd995afa4ffd4531a858f1c201a6e449/os-quota-sets/f244972a3a534f60ad5f2433c77e258b?usage=true => generated 847 bytes in 40 msecs (HTTP/1.1 200) 7 headers in 285 bytes (1 switches on core 0)
2026-07-21 07:48:01.079 8 INFO cinder.api.openstack.wsgi [None req-81a99bf2-73ea-4c59-86ca-5b9cac86cbe0 392083e5b101457e8f890e1524eef317 cd995afa4ffd4531a858f1c201a6e449 - - default default] GET http://cinder-api.openstack.svc.cluster.local:8776/v3/cd995afa4ffd4531a858f1c201a6e449/os-quota-sets/f7d0320b88554d43b6eccce89c3827b6?usage=true
2026-07-21 07:48:01.097 8 INFO cinder.api.openstack.wsgi [None req-81a99bf2-73ea-4c59-86ca-5b9cac86cbe0 392083e5b101457e8f890e1524eef317 cd995afa4ffd4531a858f1c201a6e449 - - default default] http://cinder-api.openstack.svc.cluster.local:8776/v3/cd995afa4ffd4531a858f1c201a6e449/os-quota-sets/f7d0320b88554d43b6eccce89c3827b6?usage=true returned with HTTP 200 [pid: 8|app: 0|req: 389/775] 10.0.0.28 () {28 vars in 735 bytes} [Tue Jul 21 07:48:01 2026] GET /v3/cd995afa4ffd4531a858f1c201a6e449/os-quota-sets/f7d0320b88554d43b6eccce89c3827b6?usage=true => generated 847 bytes in 28 msecs (HTTP/1.1 200) 7 headers in 285 bytes (1 switches on core 0)
2026-07-21 07:48:01.187 7 INFO cinder.api.openstack.wsgi [None req-89ea5b2e-a0d4-4d43-81a4-e5baa919af64 743665242b6447ee9095b3d2a733f3de 2ced595c353241ae934769be6523ef88 - - default default] GET http://cinder-api.openstack.svc.cluster.local:8776/v3/2ced595c353241ae934769be6523ef88/volumes/3f1d7499-653e-42ab-81e8-499746794ba1 /var/lib/openstack/lib/python3.10/site-packages/oslo_context/context.py:100: DeprecationWarning: Policy enforcement is depending on the value of is_admin. This key is deprecated. Please update your policy file to use the standard policy values. warnings.warn('Policy enforcement is depending on the value of '
2026-07-21 07:48:01.206 7 INFO cinder.volume.api [None req-89ea5b2e-a0d4-4d43-81a4-e5baa919af64 743665242b6447ee9095b3d2a733f3de 2ced595c353241ae934769be6523ef88 - - default default] Volume info retrieved successfully.
2026-07-21 07:48:01.211 7 INFO cinder.api.openstack.wsgi [None req-89ea5b2e-a0d4-4d43-81a4-e5baa919af64 743665242b6447ee9095b3d2a733f3de 2ced595c353241ae934769be6523ef88 - - default default] http://cinder-api.openstack.svc.cluster.local:8776/v3/2ced595c353241ae934769be6523ef88/volumes/3f1d7499-653e-42ab-81e8-499746794ba1 returned with HTTP 200 [pid: 7|app: 0|req: 387/776] 10.0.0.158 () {32 vars in 775 bytes} [Tue Jul 21 07:48:01 2026] GET /v3/2ced595c353241ae934769be6523ef88/volumes/3f1d7499-653e-42ab-81e8-499746794ba1 => generated 973 bytes in 32 msecs (HTTP/1.1 200) 7 headers in 285 bytes (1 switches on core 0)
2026-07-21 07:48:01.235 8 INFO cinder.api.openstack.wsgi [None req-3f42504b-ee61-4bdc-9562-cc5059f8d375 743665242b6447ee9095b3d2a733f3de 2ced595c353241ae934769be6523ef88 - - default default] DELETE http://cinder-api.openstack.svc.cluster.local:8776/v3/2ced595c353241ae934769be6523ef88/volumes/3f1d7499-653e-42ab-81e8-499746794ba1
2026-07-21 07:48:01.235 8 INFO cinder.api.v3.volumes [None req-3f42504b-ee61-4bdc-9562-cc5059f8d375 743665242b6447ee9095b3d2a733f3de 2ced595c353241ae934769be6523ef88 - - default default] Delete volume with id: 3f1d7499-653e-42ab-81e8-499746794ba1  /var/lib/openstack/lib/python3.10/site-packages/oslo_context/context.py:100: DeprecationWarning: Policy enforcement is depending on the value of is_admin. This key is deprecated. Please update your policy file to use the standard policy values. warnings.warn('Policy enforcement is depending on the value of '
2026-07-21 07:48:01.249 8 INFO cinder.volume.api [None req-3f42504b-ee61-4bdc-9562-cc5059f8d375 743665242b6447ee9095b3d2a733f3de 2ced595c353241ae934769be6523ef88 - - default default] Volume info retrieved successfully.
2026-07-21 07:48:01.288 8 INFO cinder.volume.api [None req-3f42504b-ee61-4bdc-9562-cc5059f8d375 743665242b6447ee9095b3d2a733f3de 2ced595c353241ae934769be6523ef88 - - default default] Delete volume request issued successfully.
2026-07-21 07:48:01.288 8 INFO cinder.api.openstack.wsgi [None req-3f42504b-ee61-4bdc-9562-cc5059f8d375 743665242b6447ee9095b3d2a733f3de 2ced595c353241ae934769be6523ef88 - - default default] http://cinder-api.openstack.svc.cluster.local:8776/v3/2ced595c353241ae934769be6523ef88/volumes/3f1d7499-653e-42ab-81e8-499746794ba1 returned with HTTP 202 [pid: 8|app: 0|req: 390/777] 10.0.0.158 () {32 vars in 778 bytes} [Tue Jul 21 07:48:01 2026] DELETE /v3/2ced595c353241ae934769be6523ef88/volumes/3f1d7499-653e-42ab-81e8-499746794ba1 => generated 0 bytes in 64 msecs (HTTP/1.1 202) 6 headers in 233 bytes (1 switches on core 0) /var/lib/openstack/lib/python3.10/site-packages/pycadf/identifier.py:71: UserWarning: Invalid uuid: cinderv3. To ensure interoperability, identifiers should be a valid uuid. warnings.warn(('Invalid uuid: %s. To ensure interoperability, '
2026-07-21 07:48:01.299 7 INFO cinder.api.openstack.wsgi [None req-347c5cf1-f9cf-4280-bd4d-3c8bca235fe3 743665242b6447ee9095b3d2a733f3de 2ced595c353241ae934769be6523ef88 - - default default] GET http://cinder-api.openstack.svc.cluster.local:8776/v3/2ced595c353241ae934769be6523ef88/volumes/3f1d7499-653e-42ab-81e8-499746794ba1 /var/lib/openstack/lib/python3.10/site-packages/oslo_context/context.py:100: DeprecationWarning: Policy enforcement is depending on the value of is_admin. This key is deprecated. Please update your policy file to use the standard policy values. warnings.warn('Policy enforcement is depending on the value of '
2026-07-21 07:48:01.315 7 INFO cinder.volume.api [None req-347c5cf1-f9cf-4280-bd4d-3c8bca235fe3 743665242b6447ee9095b3d2a733f3de 2ced595c353241ae934769be6523ef88 - - default default] Volume info retrieved successfully.
2026-07-21 07:48:01.321 7 INFO cinder.api.openstack.wsgi [None req-347c5cf1-f9cf-4280-bd4d-3c8bca235fe3 743665242b6447ee9095b3d2a733f3de 2ced595c353241ae934769be6523ef88 - - default default] http://cinder-api.openstack.svc.cluster.local:8776/v3/2ced595c353241ae934769be6523ef88/volumes/3f1d7499-653e-42ab-81e8-499746794ba1 returned with HTTP 200 [pid: 7|app: 0|req: 388/778] 10.0.0.158 () {32 vars in 775 bytes} [Tue Jul 21 07:48:01 2026] GET /v3/2ced595c353241ae934769be6523ef88/volumes/3f1d7499-653e-42ab-81e8-499746794ba1 => generated 972 bytes in 27 msecs (HTTP/1.1 200) 7 headers in 285 bytes (1 switches on core 0) /var/lib/openstack/lib/python3.10/site-packages/pycadf/identifier.py:71: UserWarning: Invalid uuid: cinderv3. To ensure interoperability, identifiers should be a valid uuid. warnings.warn(('Invalid uuid: %s. To ensure interoperability, '
2026-07-21 07:48:02.352 8 INFO cinder.api.openstack.wsgi [None req-65c23b37-7caa-4a19-bb00-bfaf57001c1b 743665242b6447ee9095b3d2a733f3de 2ced595c353241ae934769be6523ef88 - - default default] GET http://cinder-api.openstack.svc.cluster.local:8776/v3/2ced595c353241ae934769be6523ef88/volumes/3f1d7499-653e-42ab-81e8-499746794ba1
2026-07-21 07:48:02.363 8 INFO cinder.api.openstack.wsgi [None req-65c23b37-7caa-4a19-bb00-bfaf57001c1b 743665242b6447ee9095b3d2a733f3de 2ced595c353241ae934769be6523ef88 - - default default] http://cinder-api.openstack.svc.cluster.local:8776/v3/2ced595c353241ae934769be6523ef88/volumes/3f1d7499-653e-42ab-81e8-499746794ba1 returned with HTTP 404 [pid: 8|app: 0|req: 391/779] 10.0.0.158 () {32 vars in 775 bytes} [Tue Jul 21 07:48:02 2026] GET /v3/2ced595c353241ae934769be6523ef88/volumes/3f1d7499-653e-42ab-81e8-499746794ba1 => generated 109 bytes in 23 msecs (HTTP/1.1 404) 7 headers in 292 bytes (1 switches on core 0) /var/lib/openstack/lib/python3.10/site-packages/pycadf/identifier.py:71: UserWarning: Invalid uuid: cinderv3. To ensure interoperability, identifiers should be a valid uuid. warnings.warn(('Invalid uuid: %s. To ensure interoperability, '
2026-07-21 07:48:07.761 7 INFO cinder.api.openstack.wsgi [None req-0423f51e-cabc-421c-a87d-3109314edebc a11c486163a4440eaf02a3f06c39710c 4ec2810d661048348901fefe155e2f42 - - default default] GET http://cinder-api.openstack.svc.cluster.local:8776/v3/4ec2810d661048348901fefe155e2f42/volumes
2026-07-21 07:48:07.800 7 INFO cinder.volume.api [None req-0423f51e-cabc-421c-a87d-3109314edebc a11c486163a4440eaf02a3f06c39710c 4ec2810d661048348901fefe155e2f42 - - default default] Get all volumes completed successfully.
2026-07-21 07:48:07.800 7 INFO cinder.api.openstack.wsgi [None req-0423f51e-cabc-421c-a87d-3109314edebc a11c486163a4440eaf02a3f06c39710c 4ec2810d661048348901fefe155e2f42 - - default default] http://cinder-api.openstack.svc.cluster.local:8776/v3/4ec2810d661048348901fefe155e2f42/volumes returned with HTTP 200 [pid: 7|app: 0|req: 389/780] 10.0.0.158 () {32 vars in 701 bytes} [Tue Jul 21 07:48:07 2026] GET /v3/4ec2810d661048348901fefe155e2f42/volumes => generated 15 bytes in 172 msecs (HTTP/1.1 200) 7 headers in 284 bytes (1 switches on core 0)
2026-07-21 07:48:07.816 8 INFO cinder.api.openstack.wsgi [None req-343c7271-30ad-4acb-a734-8680f1aed5d6 a11c486163a4440eaf02a3f06c39710c 4ec2810d661048348901fefe155e2f42 - - default default] POST http://cinder-api.openstack.svc.cluster.local:8776/v3/4ec2810d661048348901fefe155e2f42/volumes
2026-07-21 07:48:07.820 8 INFO cinder.api.v3.volumes [None req-343c7271-30ad-4acb-a734-8680f1aed5d6 a11c486163a4440eaf02a3f06c39710c 4ec2810d661048348901fefe155e2f42 - - default default] Create volume of 1 GB
2026-07-21 07:48:07.830 8 INFO cinder.volume.api [None req-343c7271-30ad-4acb-a734-8680f1aed5d6 a11c486163a4440eaf02a3f06c39710c 4ec2810d661048348901fefe155e2f42 - - default default] Availability Zones retrieved successfully.
2026-07-21 07:48:07.996 8 INFO cinder.volume.api [None req-343c7271-30ad-4acb-a734-8680f1aed5d6 a11c486163a4440eaf02a3f06c39710c 4ec2810d661048348901fefe155e2f42 - - default default] Create volume request issued successfully.
2026-07-21 07:48:07.997 8 INFO cinder.api.openstack.wsgi [None req-343c7271-30ad-4acb-a734-8680f1aed5d6 a11c486163a4440eaf02a3f06c39710c 4ec2810d661048348901fefe155e2f42 - - default default] http://cinder-api.openstack.svc.cluster.local:8776/v3/4ec2810d661048348901fefe155e2f42/volumes returned with HTTP 202 [pid: 8|app: 0|req: 392/781] 10.0.0.158 () {34 vars in 723 bytes} [Tue Jul 21 07:48:07 2026] POST /v3/4ec2810d661048348901fefe155e2f42/volumes => generated 875 bytes in 190 msecs (HTTP/1.1 202) 7 headers in 291 bytes (1 switches on core 0)
2026-07-21 07:48:08.016 7 INFO cinder.api.openstack.wsgi [None req-172c75e1-9ef8-4a3e-92f4-d673f04f83ba a11c486163a4440eaf02a3f06c39710c 4ec2810d661048348901fefe155e2f42 - - default default] GET http://cinder-api.openstack.svc.cluster.local:8776/v3/4ec2810d661048348901fefe155e2f42/volumes/6b30005e-ef0f-4aef-9b3b-809fa6021eab /var/lib/openstack/lib/python3.10/site-packages/oslo_context/context.py:100: DeprecationWarning: Policy enforcement is depending on the value of is_admin. This key is deprecated. Please update your policy file to use the standard policy values. warnings.warn('Policy enforcement is depending on the value of '
2026-07-21 07:48:08.033 7 INFO cinder.volume.api [None req-172c75e1-9ef8-4a3e-92f4-d673f04f83ba a11c486163a4440eaf02a3f06c39710c 4ec2810d661048348901fefe155e2f42 - - default default] Volume info retrieved successfully.
2026-07-21 07:48:08.040 7 INFO cinder.api.openstack.wsgi [None req-172c75e1-9ef8-4a3e-92f4-d673f04f83ba a11c486163a4440eaf02a3f06c39710c 4ec2810d661048348901fefe155e2f42 - - default default] http://cinder-api.openstack.svc.cluster.local:8776/v3/4ec2810d661048348901fefe155e2f42/volumes/6b30005e-ef0f-4aef-9b3b-809fa6021eab returned with HTTP 200 [pid: 7|app: 0|req: 390/782] 10.0.0.158 () {32 vars in 775 bytes} [Tue Jul 21 07:48:08 2026] GET /v3/4ec2810d661048348901fefe155e2f42/volumes/6b30005e-ef0f-4aef-9b3b-809fa6021eab => generated 943 bytes in 32 msecs (HTTP/1.1 200) 7 headers in 285 bytes (1 switches on core 0) /var/lib/openstack/lib/python3.10/site-packages/pycadf/identifier.py:71: UserWarning: Invalid uuid: cinderv3. To ensure interoperability, identifiers should be a valid uuid. warnings.warn(('Invalid uuid: %s. To ensure interoperability, '
2026-07-21 07:48:09.065 8 INFO cinder.api.openstack.wsgi [None req-c779920c-6c7a-4653-9885-bc78aa182ffc a11c486163a4440eaf02a3f06c39710c 4ec2810d661048348901fefe155e2f42 - - default default] GET http://cinder-api.openstack.svc.cluster.local:8776/v3/4ec2810d661048348901fefe155e2f42/volumes/6b30005e-ef0f-4aef-9b3b-809fa6021eab /var/lib/openstack/lib/python3.10/site-packages/oslo_context/context.py:100: DeprecationWarning: Policy enforcement is depending on the value of is_admin. This key is deprecated. Please update your policy file to use the standard policy values. warnings.warn('Policy enforcement is depending on the value of '
2026-07-21 07:48:09.085 7 INFO cinder.api.openstack.wsgi [None req-172c75e1-9ef8-4a3e-92f4-d673f04f83ba a11c486163a4440eaf02a3f06c39710c 4ec2810d661048348901fefe155e2f42 - - default default] GET http://10.0.0.241:8776/
2026-07-21 07:48:09.086 7 INFO cinder.api.openstack.wsgi [None req-172c75e1-9ef8-4a3e-92f4-d673f04f83ba a11c486163a4440eaf02a3f06c39710c 4ec2810d661048348901fefe155e2f42 - - default default] http://10.0.0.241:8776/ returned with HTTP 300
2026-07-21 07:48:09.087 7 INFO cinder.api.openstack.wsgi [None req-172c75e1-9ef8-4a3e-92f4-d673f04f83ba a11c486163a4440eaf02a3f06c39710c 4ec2810d661048348901fefe155e2f42 - - default default] GET http://10.0.0.241:8776/
2026-07-21 07:48:09.088 7 INFO cinder.api.openstack.wsgi [None req-172c75e1-9ef8-4a3e-92f4-d673f04f83ba a11c486163a4440eaf02a3f06c39710c 4ec2810d661048348901fefe155e2f42 - - default default] http://10.0.0.241:8776/ returned with HTTP 300
2026-07-21 07:48:09.095 8 INFO cinder.volume.api [None req-c779920c-6c7a-4653-9885-bc78aa182ffc a11c486163a4440eaf02a3f06c39710c 4ec2810d661048348901fefe155e2f42 - - default default] Volume info retrieved successfully.
2026-07-21 07:48:09.110 8 INFO cinder.api.openstack.wsgi [None req-c779920c-6c7a-4653-9885-bc78aa182ffc a11c486163a4440eaf02a3f06c39710c 4ec2810d661048348901fefe155e2f42 - - default default] http://cinder-api.openstack.svc.cluster.local:8776/v3/4ec2810d661048348901fefe155e2f42/volumes/6b30005e-ef0f-4aef-9b3b-809fa6021eab returned with HTTP 200 [pid: 8|app: 0|req: 393/785] 10.0.0.158 () {32 vars in 775 bytes} [Tue Jul 21 07:48:09 2026] GET /v3/4ec2810d661048348901fefe155e2f42/volumes/6b30005e-ef0f-4aef-9b3b-809fa6021eab => generated 968 bytes in 57 msecs (HTTP/1.1 200) 7 headers in 285 bytes (1 switches on core 0) /var/lib/openstack/lib/python3.10/site-packages/pycadf/identifier.py:71: UserWarning: Invalid uuid: cinderv3. To ensure interoperability, identifiers should be a valid uuid. warnings.warn(('Invalid uuid: %s. To ensure interoperability, '
2026-07-21 07:48:09.137 7 INFO cinder.api.openstack.wsgi [None req-c26cb309-ad16-46b4-ae97-a00f44ece6fe a11c486163a4440eaf02a3f06c39710c 4ec2810d661048348901fefe155e2f42 - - default default] GET http://cinder-api.openstack.svc.cluster.local:8776/v3/4ec2810d661048348901fefe155e2f42/volumes/6b30005e-ef0f-4aef-9b3b-809fa6021eab /var/lib/openstack/lib/python3.10/site-packages/oslo_context/context.py:100: DeprecationWarning: Policy enforcement is depending on the value of is_admin. This key is deprecated. Please update your policy file to use the standard policy values. warnings.warn('Policy enforcement is depending on the value of '
2026-07-21 07:48:09.154 7 INFO cinder.volume.api [None req-c26cb309-ad16-46b4-ae97-a00f44ece6fe a11c486163a4440eaf02a3f06c39710c 4ec2810d661048348901fefe155e2f42 - - default default] Volume info retrieved successfully.
2026-07-21 07:48:09.162 7 INFO cinder.api.openstack.wsgi [None req-c26cb309-ad16-46b4-ae97-a00f44ece6fe a11c486163a4440eaf02a3f06c39710c 4ec2810d661048348901fefe155e2f42 - - default default] http://cinder-api.openstack.svc.cluster.local:8776/v3/4ec2810d661048348901fefe155e2f42/volumes/6b30005e-ef0f-4aef-9b3b-809fa6021eab returned with HTTP 200 [pid: 7|app: 0|req: 393/786] 10.0.0.158 () {32 vars in 775 bytes} [Tue Jul 21 07:48:09 2026] GET /v3/4ec2810d661048348901fefe155e2f42/volumes/6b30005e-ef0f-4aef-9b3b-809fa6021eab => generated 968 bytes in 30 msecs (HTTP/1.1 200) 7 headers in 285 bytes (1 switches on core 0) /var/lib/openstack/lib/python3.10/site-packages/pycadf/identifier.py:71: UserWarning: Invalid uuid: cinderv3. To ensure interoperability, identifiers should be a valid uuid. warnings.warn(('Invalid uuid: %s. To ensure interoperability, '
2026-07-21 07:48:09.185 8 INFO cinder.api.openstack.wsgi [None req-dc3a567b-8eca-430b-ba32-af582671757d a11c486163a4440eaf02a3f06c39710c 4ec2810d661048348901fefe155e2f42 - - default default] POST http://cinder-api.openstack.svc.cluster.local:8776/v3/4ec2810d661048348901fefe155e2f42/volumes
2026-07-21 07:48:09.188 8 INFO cinder.api.v3.volumes [None req-dc3a567b-8eca-430b-ba32-af582671757d a11c486163a4440eaf02a3f06c39710c 4ec2810d661048348901fefe155e2f42 - - default default] Create volume of 1 GB
2026-07-21 07:48:09.194 8 INFO cinder.volume.api [None req-dc3a567b-8eca-430b-ba32-af582671757d a11c486163a4440eaf02a3f06c39710c 4ec2810d661048348901fefe155e2f42 - - default default] Availability Zones retrieved successfully.
2026-07-21 07:48:09.375 8 INFO cinder.volume.api [None req-dc3a567b-8eca-430b-ba32-af582671757d a11c486163a4440eaf02a3f06c39710c 4ec2810d661048348901fefe155e2f42 - - default default] Create volume request issued successfully.
2026-07-21 07:48:09.376 8 INFO cinder.api.openstack.wsgi [None req-dc3a567b-8eca-430b-ba32-af582671757d a11c486163a4440eaf02a3f06c39710c 4ec2810d661048348901fefe155e2f42 - - default default] http://cinder-api.openstack.svc.cluster.local:8776/v3/4ec2810d661048348901fefe155e2f42/volumes returned with HTTP 202 [pid: 8|app: 0|req: 394/787] 10.0.0.158 () {34 vars in 723 bytes} [Tue Jul 21 07:48:09 2026] POST /v3/4ec2810d661048348901fefe155e2f42/volumes => generated 875 bytes in 198 msecs (HTTP/1.1 202) 7 headers in 291 bytes (1 switches on core 0) /var/lib/openstack/lib/python3.10/site-packages/pycadf/identifier.py:71: UserWarning: Invalid uuid: cinderv3. To ensure interoperability, identifiers should be a valid uuid. warnings.warn(('Invalid uuid: %s. To ensure interoperability, '
2026-07-21 07:48:09.393 7 INFO cinder.api.openstack.wsgi [None req-da6f1d3a-4cad-4361-9b54-9510d84dc80c a11c486163a4440eaf02a3f06c39710c 4ec2810d661048348901fefe155e2f42 - - default default] GET http://cinder-api.openstack.svc.cluster.local:8776/v3/4ec2810d661048348901fefe155e2f42/volumes/669be21b-4339-41c4-a6ff-0ce8b6fcb242 /var/lib/openstack/lib/python3.10/site-packages/oslo_context/context.py:100: DeprecationWarning: Policy enforcement is depending on the value of is_admin. This key is deprecated. Please update your policy file to use the standard policy values. warnings.warn('Policy enforcement is depending on the value of '
2026-07-21 07:48:09.423 7 INFO cinder.volume.api [None req-da6f1d3a-4cad-4361-9b54-9510d84dc80c a11c486163a4440eaf02a3f06c39710c 4ec2810d661048348901fefe155e2f42 - - default default] Volume info retrieved successfully.
2026-07-21 07:48:09.433 7 INFO cinder.api.openstack.wsgi [None req-da6f1d3a-4cad-4361-9b54-9510d84dc80c a11c486163a4440eaf02a3f06c39710c 4ec2810d661048348901fefe155e2f42 - - default default] http://cinder-api.openstack.svc.cluster.local:8776/v3/4ec2810d661048348901fefe155e2f42/volumes/669be21b-4339-41c4-a6ff-0ce8b6fcb242 returned with HTTP 200 [pid: 7|app: 0|req: 394/788] 10.0.0.158 () {32 vars in 775 bytes} [Tue Jul 21 07:48:09 2026] GET /v3/4ec2810d661048348901fefe155e2f42/volumes/669be21b-4339-41c4-a6ff-0ce8b6fcb242 => generated 943 bytes in 47 msecs (HTTP/1.1 200) 7 headers in 285 bytes (1 switches on core 0) /var/lib/openstack/lib/python3.10/site-packages/pycadf/identifier.py:71: UserWarning: Invalid uuid: cinderv3. To ensure interoperability, identifiers should be a valid uuid. warnings.warn(('Invalid uuid: %s. To ensure interoperability, '
