2026-07-21 07:50:57.538 10 INFO neutron.wsgi [req-3949b7c3-097a-496b-a08d-782b707c81f5 req-cb46ad42-5ec6-46e3-8ea7-c290cd692e8d f1708b344cf944ceb4b45a23543aa568 5fbacf0cf08d4a29ab97893c932fdab7 - - 941e9478a541400a9dea1998c30101af 941e9478a541400a9dea1998c30101af] 199.204.45.109 "GET /v2.0/subnets?id=c446a10b-c8ae-422e-8724-3cc851e31b34&id=1c4d7193-7988-4ac8-8b6c-56d1e74b3ba3 HTTP/1.1" status: 200 len: 1566 time: 0.0405393
2026-07-21 07:50:57.571 10 INFO neutron.wsgi [req-3949b7c3-097a-496b-a08d-782b707c81f5 req-40c67228-a5e2-4fdd-bd0d-bfebbe9aee6b f1708b344cf944ceb4b45a23543aa568 5fbacf0cf08d4a29ab97893c932fdab7 - - 941e9478a541400a9dea1998c30101af 941e9478a541400a9dea1998c30101af] 199.204.45.109 "GET /v2.0/ports?network_id=88106c6a-b8d1-4c59-ad8b-cd6cfba55f1f&device_owner=network%3Adhcp HTTP/1.1" status: 200 len: 210 time: 0.0253057
2026-07-21 07:50:57.618 10 INFO neutron.wsgi [req-3949b7c3-097a-496b-a08d-782b707c81f5 req-d93bdde9-1561-4090-b176-08a4a3ae4cc3 f1708b344cf944ceb4b45a23543aa568 5fbacf0cf08d4a29ab97893c932fdab7 - - 941e9478a541400a9dea1998c30101af 941e9478a541400a9dea1998c30101af] 199.204.45.109 "GET /v2.0/ports?network_id=88106c6a-b8d1-4c59-ad8b-cd6cfba55f1f&device_owner=network%3Adhcp HTTP/1.1" status: 200 len: 210 time: 0.0376806
2026-07-21 07:50:57.693 10 INFO neutron.wsgi [req-3949b7c3-097a-496b-a08d-782b707c81f5 req-216d0609-f326-4a94-998c-aaf9db4ad946 f1708b344cf944ceb4b45a23543aa568 5fbacf0cf08d4a29ab97893c932fdab7 - - 941e9478a541400a9dea1998c30101af 941e9478a541400a9dea1998c30101af] 199.204.45.109 "GET /v2.0/networks/88106c6a-b8d1-4c59-ad8b-cd6cfba55f1f?fields=segments HTTP/1.1" status: 200 len: 212 time: 0.0684459
2026-07-21 07:50:57.757 10 INFO neutron.wsgi [req-3949b7c3-097a-496b-a08d-782b707c81f5 req-d770d88c-0fc6-40eb-968e-1afc077b1405 f1708b344cf944ceb4b45a23543aa568 5fbacf0cf08d4a29ab97893c932fdab7 - - 941e9478a541400a9dea1998c30101af 941e9478a541400a9dea1998c30101af] 199.204.45.109 "GET /v2.0/networks/88106c6a-b8d1-4c59-ad8b-cd6cfba55f1f?fields=provider%3Aphysical_network&fields=provider%3Anetwork_type HTTP/1.1" status: 200 len: 277 time: 0.0570617
2026-07-21 07:50:57.848 10 INFO neutron.wsgi [req-e73bb4c4-2437-4be8-bc01-d1d5d257368d req-cab40413-e6ca-47ce-8886-3fdb542700ed f1708b344cf944ceb4b45a23543aa568 5fbacf0cf08d4a29ab97893c932fdab7 - - 941e9478a541400a9dea1998c30101af 941e9478a541400a9dea1998c30101af] 199.204.45.109 "GET /v2.0/ports?tenant_id=60eae9221b35494398fd2af22d1e3264&device_id=7e5cb101-4c35-4c9f-84cc-3c6e5983eda2 HTTP/1.1" status: 200 len: 1640 time: 0.0476985
2026-07-21 07:50:57.977 9 INFO neutron.plugins.ml2.drivers.ovn.mech_driver.mech_driver [None req-edcfc3cf-e4fd-463d-9ac2-f673b9c71150 - - - - - -] OVN reports status up for port: 8f6dcc32-913c-4f41-9101-476285183aad
2026-07-21 07:50:57.990 10 INFO neutron.wsgi [req-e73bb4c4-2437-4be8-bc01-d1d5d257368d req-ba1f5eb5-846c-4f98-b30e-e3c4b36e97d0 f1708b344cf944ceb4b45a23543aa568 5fbacf0cf08d4a29ab97893c932fdab7 - - 941e9478a541400a9dea1998c30101af 941e9478a541400a9dea1998c30101af] 199.204.45.109 "GET /v2.0/networks?id=88106c6a-b8d1-4c59-ad8b-cd6cfba55f1f HTTP/1.1" status: 200 len: 1002 time: 0.1369927
2026-07-21 07:50:58.001 10 INFO neutron.wsgi [req-aa197477-382e-4c37-a48e-3702d6e6e6a9 req-bd938c43-1309-47a4-9b1d-4163eee8019f 7f7f47e8aa9e44948778acaf0f5bf6eb 41bd8e6ca10548fe9eafac18a27bdb29 - - default default] 199.204.45.109 "GET /v2.0/networks?id=a3497b17-444b-4be5-8045-19664cc4e697 HTTP/1.1" status: 200 len: 859 time: 0.1286826
2026-07-21 07:50:58.004 9 INFO neutron.plugins.ml2.plugin [None req-edcfc3cf-e4fd-463d-9ac2-f673b9c71150 - - - - - -] Attempt 1 to provision port 8f6dcc32-913c-4f41-9101-476285183aad
2026-07-21 07:50:58.020 10 INFO neutron.wsgi [req-e73bb4c4-2437-4be8-bc01-d1d5d257368d req-43742dab-d6f8-45f7-b83c-37c19f0e625c f1708b344cf944ceb4b45a23543aa568 5fbacf0cf08d4a29ab97893c932fdab7 - - 941e9478a541400a9dea1998c30101af 941e9478a541400a9dea1998c30101af] 199.204.45.109 "GET /v2.0/floatingips?fixed_ip_address=10.2.2.114&port_id=8f6dcc32-913c-4f41-9101-476285183aad HTTP/1.1" status: 200 len: 217 time: 0.0243928
2026-07-21 07:50:58.067 10 INFO neutron.wsgi [req-e73bb4c4-2437-4be8-bc01-d1d5d257368d req-b61b5ad8-c075-49d6-b74d-88f47ec94f62 f1708b344cf944ceb4b45a23543aa568 5fbacf0cf08d4a29ab97893c932fdab7 - - 941e9478a541400a9dea1998c30101af 941e9478a541400a9dea1998c30101af] 199.204.45.109 "GET /v2.0/floatingips?fixed_ip_address=fd77%3A1457%3A4cf0%3A26a8%3A%3A2ac&port_id=8f6dcc32-913c-4f41-9101-476285183aad HTTP/1.1" status: 200 len: 217 time: 0.0274208
2026-07-21 07:50:58.107 10 INFO neutron.wsgi [req-aa197477-382e-4c37-a48e-3702d6e6e6a9 req-2d7e8ab7-028d-40cf-86f5-afec16338b43 7f7f47e8aa9e44948778acaf0f5bf6eb 41bd8e6ca10548fe9eafac18a27bdb29 - - default default] 199.204.45.109 "GET /v2.0/security-groups?fields=id&fields=name&tenant_id=41bd8e6ca10548fe9eafac18a27bdb29 HTTP/1.1" status: 200 len: 473 time: 0.0891597
2026-07-21 07:50:58.122 10 WARNING neutron_lib.context [req-aa197477-382e-4c37-a48e-3702d6e6e6a9 req-d4908713-fee1-430c-9779-c2a612de6132 7f7f47e8aa9e44948778acaf0f5bf6eb 41bd8e6ca10548fe9eafac18a27bdb29 - - default default] Method 'is_advsvc' is deprecated since 2023.2 release (neutron-lib 3.8.0) and will be removed once support for the old RBAC API policies will be removed from Neutron. Please use method 'is_service_role' instead.
2026-07-21 07:50:58.134 10 INFO neutron.wsgi [req-e73bb4c4-2437-4be8-bc01-d1d5d257368d req-193d6733-9491-4f80-9aee-b326f13f2a5c f1708b344cf944ceb4b45a23543aa568 5fbacf0cf08d4a29ab97893c932fdab7 - - 941e9478a541400a9dea1998c30101af 941e9478a541400a9dea1998c30101af] 199.204.45.109 "GET /v2.0/subnets?id=c446a10b-c8ae-422e-8724-3cc851e31b34&id=1c4d7193-7988-4ac8-8b6c-56d1e74b3ba3 HTTP/1.1" status: 200 len: 1566 time: 0.0565252
2026-07-21 07:50:58.136 9 INFO neutron.notifiers.nova [-] Nova event matching ['req-b483765c-9011-441f-a1e8-07e0b3f8d053'] response: {'server_uuid': '7e5cb101-4c35-4c9f-84cc-3c6e5983eda2', 'name': 'network-vif-plugged', 'status': 'completed', 'tag': '8f6dcc32-913c-4f41-9101-476285183aad', 'code': 200}
2026-07-21 07:50:58.201 10 INFO neutron.wsgi [req-e73bb4c4-2437-4be8-bc01-d1d5d257368d req-bba2259c-8465-4fa2-ba19-946e0b1d3e5e f1708b344cf944ceb4b45a23543aa568 5fbacf0cf08d4a29ab97893c932fdab7 - - 941e9478a541400a9dea1998c30101af 941e9478a541400a9dea1998c30101af] 199.204.45.109 "GET /v2.0/ports?network_id=88106c6a-b8d1-4c59-ad8b-cd6cfba55f1f&device_owner=network%3Adhcp HTTP/1.1" status: 200 len: 210 time: 0.0221088
2026-07-21 07:50:58.257 10 INFO neutron.wsgi [req-e73bb4c4-2437-4be8-bc01-d1d5d257368d req-04710554-6da3-4741-a696-faa83e9291f9 f1708b344cf944ceb4b45a23543aa568 5fbacf0cf08d4a29ab97893c932fdab7 - - 941e9478a541400a9dea1998c30101af 941e9478a541400a9dea1998c30101af] 199.204.45.109 "GET /v2.0/ports?network_id=88106c6a-b8d1-4c59-ad8b-cd6cfba55f1f&device_owner=network%3Adhcp HTTP/1.1" status: 200 len: 210 time: 0.0358262
2026-07-21 07:50:58.327 9 INFO neutron.wsgi [req-4bb19654-d047-4a7a-9845-ec9586ef614d req-610675b0-2e85-412b-92e9-a838f1cb849b 7f7f47e8aa9e44948778acaf0f5bf6eb 41bd8e6ca10548fe9eafac18a27bdb29 - - default default] 10.0.0.29 "GET /v2.0/ports?device_id=026aa103-f5da-433c-94c0-6ba414073aaf HTTP/1.1" status: 200 len: 210 time: 0.0275555
2026-07-21 07:50:58.347 9 INFO neutron.db.ovn_revision_numbers_db [None req-edcfc3cf-e4fd-463d-9ac2-f673b9c71150 - - - - - -] Successfully bumped revision number for resource 8f6dcc32-913c-4f41-9101-476285183aad (type: ports) to 4
2026-07-21 07:50:58.379 10 INFO neutron.wsgi [req-e73bb4c4-2437-4be8-bc01-d1d5d257368d req-051f8c3b-4c6e-44cb-afbd-7a5702627073 f1708b344cf944ceb4b45a23543aa568 5fbacf0cf08d4a29ab97893c932fdab7 - - 941e9478a541400a9dea1998c30101af 941e9478a541400a9dea1998c30101af] 199.204.45.109 "GET /v2.0/networks/88106c6a-b8d1-4c59-ad8b-cd6cfba55f1f?fields=segments HTTP/1.1" status: 200 len: 212 time: 0.1121864
2026-07-21 07:50:58.499 10 INFO neutron.wsgi [req-7f0f2279-fdda-460f-99f8-1a948dcfcb51 req-c1d66248-f218-48d1-8aa9-a151ac88fd3a f1708b344cf944ceb4b45a23543aa568 5fbacf0cf08d4a29ab97893c932fdab7 - - 941e9478a541400a9dea1998c30101af 941e9478a541400a9dea1998c30101af] 10.0.0.4 "GET /v2.0/ports?device_id=a00afd11-15f2-4227-8a80-aeb66e404551 HTTP/1.1" status: 200 len: 1638 time: 0.1142001
2026-07-21 07:50:58.559 10 INFO neutron.wsgi [req-e73bb4c4-2437-4be8-bc01-d1d5d257368d req-977540f6-3ee2-492d-b8c9-6551db3b4b35 f1708b344cf944ceb4b45a23543aa568 5fbacf0cf08d4a29ab97893c932fdab7 - - 941e9478a541400a9dea1998c30101af 941e9478a541400a9dea1998c30101af] 199.204.45.109 "GET /v2.0/networks/88106c6a-b8d1-4c59-ad8b-cd6cfba55f1f?fields=provider%3Aphysical_network&fields=provider%3Anetwork_type HTTP/1.1" status: 200 len: 277 time: 0.1723540
2026-07-21 07:50:58.595 10 INFO neutron.wsgi [req-7f0f2279-fdda-460f-99f8-1a948dcfcb51 req-98489b8b-c0fa-40a7-8b74-f5439a739e2c f1708b344cf944ceb4b45a23543aa568 5fbacf0cf08d4a29ab97893c932fdab7 - - 941e9478a541400a9dea1998c30101af 941e9478a541400a9dea1998c30101af] 10.0.0.4 "GET /v2.0/security-groups?id=7896763c-51e5-4d87-ac1e-13a5b90f8ef4&fields=id&fields=name HTTP/1.1" status: 200 len: 310 time: 0.0861509
2026-07-21 07:50:58.709 10 WARNING neutron.scheduler.dhcp_agent_scheduler [req-aa197477-382e-4c37-a48e-3702d6e6e6a9 req-d4908713-fee1-430c-9779-c2a612de6132 7f7f47e8aa9e44948778acaf0f5bf6eb 41bd8e6ca10548fe9eafac18a27bdb29 - - default default] No more DHCP agents
2026-07-21 07:50:58.712 10 WARNING neutron.api.rpc.agentnotifiers.dhcp_rpc_agent_api [req-aa197477-382e-4c37-a48e-3702d6e6e6a9 req-d4908713-fee1-430c-9779-c2a612de6132 7f7f47e8aa9e44948778acaf0f5bf6eb 41bd8e6ca10548fe9eafac18a27bdb29 - - default default] Unable to schedule network a3497b17-444b-4be5-8045-19664cc4e697: no agents available; will retry on subsequent port and subnet creation events.
2026-07-21 07:50:58.913 10 INFO neutron.db.ovn_revision_numbers_db [req-aa197477-382e-4c37-a48e-3702d6e6e6a9 req-d4908713-fee1-430c-9779-c2a612de6132 7f7f47e8aa9e44948778acaf0f5bf6eb 41bd8e6ca10548fe9eafac18a27bdb29 - - default default] Successfully bumped revision number for resource 5bf43321-227f-446c-82e8-24c0d877599f (type: ports) to 1
2026-07-21 07:50:58.937 10 INFO neutron.wsgi [req-aa197477-382e-4c37-a48e-3702d6e6e6a9 req-d4908713-fee1-430c-9779-c2a612de6132 7f7f47e8aa9e44948778acaf0f5bf6eb 41bd8e6ca10548fe9eafac18a27bdb29 - - default default] 199.204.45.109 "POST /v2.0/ports HTTP/1.1" status: 201 len: 1162 time: 0.8242569 /var/lib/openstack/lib/python3.10/site-packages/pycadf/identifier.py:71: UserWarning: Invalid uuid: neutron. To ensure interoperability, identifiers should be a valid uuid. warnings.warn(('Invalid uuid: %s. To ensure interoperability, '
2026-07-21 07:50:59.396 10 INFO neutron.db.ovn_revision_numbers_db [req-aa197477-382e-4c37-a48e-3702d6e6e6a9 req-8877ed88-7370-4080-b21b-50010274b11d f1708b344cf944ceb4b45a23543aa568 5fbacf0cf08d4a29ab97893c932fdab7 - - 941e9478a541400a9dea1998c30101af 941e9478a541400a9dea1998c30101af] Successfully bumped revision number for resource 5bf43321-227f-446c-82e8-24c0d877599f (type: ports) to 2 /var/lib/openstack/lib/python3.10/site-packages/pycadf/identifier.py:71: UserWarning: Invalid uuid: neutron. To ensure interoperability, identifiers should be a valid uuid. warnings.warn(('Invalid uuid: %s. To ensure interoperability, '
2026-07-21 07:50:59.450 9 INFO neutron.wsgi [req-5490a215-4cd4-40c2-9565-77b5e6c86db3 req-50b41821-1631-4450-a1af-92ab9960344c 7f7f47e8aa9e44948778acaf0f5bf6eb 41bd8e6ca10548fe9eafac18a27bdb29 - - default default] 10.0.0.29 "GET /v2.0/ports?device_id=026aa103-f5da-433c-94c0-6ba414073aaf HTTP/1.1" status: 200 len: 1172 time: 0.0502901
2026-07-21 07:50:59.502 9 INFO neutron.wsgi [req-5490a215-4cd4-40c2-9565-77b5e6c86db3 req-1daf418d-467c-43b3-a96b-5b87d90cc12a 7f7f47e8aa9e44948778acaf0f5bf6eb 41bd8e6ca10548fe9eafac18a27bdb29 - - default default] 10.0.0.29 "GET /v2.0/security-groups?id=c7058625-4512-4a74-a3f5-3a38c464b69a&fields=id&fields=name HTTP/1.1" status: 200 len: 313 time: 0.0459604
2026-07-21 07:50:59.625 10 INFO neutron.db.ovn_revision_numbers_db [req-aa197477-382e-4c37-a48e-3702d6e6e6a9 req-8877ed88-7370-4080-b21b-50010274b11d f1708b344cf944ceb4b45a23543aa568 5fbacf0cf08d4a29ab97893c932fdab7 - - 941e9478a541400a9dea1998c30101af 941e9478a541400a9dea1998c30101af] Successfully bumped revision number for resource 5bf43321-227f-446c-82e8-24c0d877599f (type: ports) to 2
2026-07-21 07:50:59.644 10 INFO neutron.wsgi [req-aa197477-382e-4c37-a48e-3702d6e6e6a9 req-8877ed88-7370-4080-b21b-50010274b11d f1708b344cf944ceb4b45a23543aa568 5fbacf0cf08d4a29ab97893c932fdab7 - - 941e9478a541400a9dea1998c30101af 941e9478a541400a9dea1998c30101af] 199.204.45.109 "PUT /v2.0/ports/5bf43321-227f-446c-82e8-24c0d877599f HTTP/1.1" status: 200 len: 1380 time: 0.7005527
2026-07-21 07:50:59.679 10 INFO neutron.notifiers.nova [-] Nova event matching ['req-8f5008a7-58ec-4a32-b432-2b3ecbd1960b'] response: {'name': 'network-changed', 'server_uuid': '026aa103-f5da-433c-94c0-6ba414073aaf', 'tag': '5bf43321-227f-446c-82e8-24c0d877599f', 'status': 'completed', 'code': 200} /var/lib/openstack/lib/python3.10/site-packages/pycadf/identifier.py:71: UserWarning: Invalid uuid: neutron. To ensure interoperability, identifiers should be a valid uuid. warnings.warn(('Invalid uuid: %s. To ensure interoperability, '
2026-07-21 07:50:59.728 10 INFO neutron.wsgi [req-aa197477-382e-4c37-a48e-3702d6e6e6a9 req-abf8f588-031e-49f5-9c4c-218876a93413 f1708b344cf944ceb4b45a23543aa568 5fbacf0cf08d4a29ab97893c932fdab7 - - 941e9478a541400a9dea1998c30101af 941e9478a541400a9dea1998c30101af] 199.204.45.109 "GET /v2.0/ports?tenant_id=41bd8e6ca10548fe9eafac18a27bdb29&device_id=026aa103-f5da-433c-94c0-6ba414073aaf HTTP/1.1" status: 200 len: 1411 time: 0.0417135
2026-07-21 07:50:59.757 10 INFO neutron.wsgi [req-aa197477-382e-4c37-a48e-3702d6e6e6a9 req-1e439ba0-409d-4d42-a984-60c646977adc f1708b344cf944ceb4b45a23543aa568 5fbacf0cf08d4a29ab97893c932fdab7 - - 941e9478a541400a9dea1998c30101af 941e9478a541400a9dea1998c30101af] 199.204.45.109 "GET /v2.0/floatingips?fixed_ip_address=10.100.0.10&port_id=5bf43321-227f-446c-82e8-24c0d877599f HTTP/1.1" status: 200 len: 217 time: 0.0220881
2026-07-21 07:50:59.795 10 INFO neutron.wsgi [req-aa197477-382e-4c37-a48e-3702d6e6e6a9 req-887e4f69-8adf-4c84-afc1-526727aaa8fb f1708b344cf944ceb4b45a23543aa568 5fbacf0cf08d4a29ab97893c932fdab7 - - 941e9478a541400a9dea1998c30101af 941e9478a541400a9dea1998c30101af] 199.204.45.109 "GET /v2.0/subnets?id=86b43fd0-0ca3-459c-9fea-5fa869ae6680 HTTP/1.1" status: 200 len: 852 time: 0.0329719
2026-07-21 07:50:59.823 10 INFO neutron.wsgi [req-aa197477-382e-4c37-a48e-3702d6e6e6a9 req-78fb5128-3848-4e24-9d19-a9ef60a272bd f1708b344cf944ceb4b45a23543aa568 5fbacf0cf08d4a29ab97893c932fdab7 - - 941e9478a541400a9dea1998c30101af 941e9478a541400a9dea1998c30101af] 199.204.45.109 "GET /v2.0/ports?network_id=a3497b17-444b-4be5-8045-19664cc4e697&device_owner=network%3Adhcp HTTP/1.1" status: 200 len: 210 time: 0.0209486
2026-07-21 07:50:59.899 10 INFO neutron.wsgi [req-aa197477-382e-4c37-a48e-3702d6e6e6a9 req-b9c1a234-dbde-439a-8045-d26b9b44eba4 f1708b344cf944ceb4b45a23543aa568 5fbacf0cf08d4a29ab97893c932fdab7 - - 941e9478a541400a9dea1998c30101af 941e9478a541400a9dea1998c30101af] 199.204.45.109 "GET /v2.0/networks/a3497b17-444b-4be5-8045-19664cc4e697?fields=segments HTTP/1.1" status: 200 len: 212 time: 0.0702343
2026-07-21 07:50:59.961 10 INFO neutron.wsgi [req-aa197477-382e-4c37-a48e-3702d6e6e6a9 req-ea4f90cc-f5a4-44cf-bf33-e552a442ae9a f1708b344cf944ceb4b45a23543aa568 5fbacf0cf08d4a29ab97893c932fdab7 - - 941e9478a541400a9dea1998c30101af 941e9478a541400a9dea1998c30101af] 199.204.45.109 "GET /v2.0/networks/a3497b17-444b-4be5-8045-19664cc4e697?fields=provider%3Aphysical_network&fields=provider%3Anetwork_type HTTP/1.1" status: 200 len: 277 time: 0.0566845
2026-07-21 07:51:00.052 10 INFO neutron.wsgi [req-96221d30-b1a4-418f-94e3-2c0eb5cf006c req-40ef1358-b155-458a-80d1-4b7c1c5e7c0c f1708b344cf944ceb4b45a23543aa568 5fbacf0cf08d4a29ab97893c932fdab7 - - 941e9478a541400a9dea1998c30101af 941e9478a541400a9dea1998c30101af] 199.204.45.109 "GET /v2.0/ports?tenant_id=41bd8e6ca10548fe9eafac18a27bdb29&device_id=026aa103-f5da-433c-94c0-6ba414073aaf HTTP/1.1" status: 200 len: 1411 time: 0.0534682
2026-07-21 07:51:00.127 10 INFO neutron.wsgi [req-96221d30-b1a4-418f-94e3-2c0eb5cf006c req-f3c14a3a-cf88-4eab-b900-dc93a430b033 f1708b344cf944ceb4b45a23543aa568 5fbacf0cf08d4a29ab97893c932fdab7 - - 941e9478a541400a9dea1998c30101af 941e9478a541400a9dea1998c30101af] 199.204.45.109 "GET /v2.0/networks?id=a3497b17-444b-4be5-8045-19664cc4e697 HTTP/1.1" status: 200 len: 958 time: 0.0688753
2026-07-21 07:51:00.162 10 INFO neutron.wsgi [req-96221d30-b1a4-418f-94e3-2c0eb5cf006c req-dd238c2d-6fa7-4488-81e2-bac972c83a61 f1708b344cf944ceb4b45a23543aa568 5fbacf0cf08d4a29ab97893c932fdab7 - - 941e9478a541400a9dea1998c30101af 941e9478a541400a9dea1998c30101af] 199.204.45.109 "GET /v2.0/floatingips?fixed_ip_address=10.100.0.10&port_id=5bf43321-227f-446c-82e8-24c0d877599f HTTP/1.1" status: 200 len: 217 time: 0.0277314
2026-07-21 07:51:00.188 9 INFO neutron.plugins.ml2.drivers.ovn.mech_driver.mech_driver [None req-edcfc3cf-e4fd-463d-9ac2-f673b9c71150 - - - - - -] OVN reports status up for port: 5bf43321-227f-446c-82e8-24c0d877599f
2026-07-21 07:51:00.203 9 INFO neutron.notifiers.nova [-] Nova event matching ['req-0a81a833-b977-4dc6-95cd-d1ddca22480e'] response: {'server_uuid': '7e5cb101-4c35-4c9f-84cc-3c6e5983eda2', 'name': 'network-vif-plugged', 'status': 'completed', 'tag': '8f6dcc32-913c-4f41-9101-476285183aad', 'code': 200}
2026-07-21 07:51:00.219 9 INFO neutron.plugins.ml2.plugin [None req-edcfc3cf-e4fd-463d-9ac2-f673b9c71150 - - - - - -] Attempt 1 to provision port 5bf43321-227f-446c-82e8-24c0d877599f
2026-07-21 07:51:00.224 10 INFO neutron.wsgi [req-96221d30-b1a4-418f-94e3-2c0eb5cf006c req-92cd6525-53ba-4b7d-9b17-22949ec8ac17 f1708b344cf944ceb4b45a23543aa568 5fbacf0cf08d4a29ab97893c932fdab7 - - 941e9478a541400a9dea1998c30101af 941e9478a541400a9dea1998c30101af] 199.204.45.109 "GET /v2.0/subnets?id=86b43fd0-0ca3-459c-9fea-5fa869ae6680 HTTP/1.1" status: 200 len: 852 time: 0.0496464
2026-07-21 07:51:00.254 10 INFO neutron.wsgi [req-96221d30-b1a4-418f-94e3-2c0eb5cf006c req-d6e60c52-247f-4dd7-9354-ab68fec34cc7 f1708b344cf944ceb4b45a23543aa568 5fbacf0cf08d4a29ab97893c932fdab7 - - 941e9478a541400a9dea1998c30101af 941e9478a541400a9dea1998c30101af] 199.204.45.109 "GET /v2.0/ports?network_id=a3497b17-444b-4be5-8045-19664cc4e697&device_owner=network%3Adhcp HTTP/1.1" status: 200 len: 210 time: 0.0222740
2026-07-21 07:51:00.316 10 INFO neutron.wsgi [req-96221d30-b1a4-418f-94e3-2c0eb5cf006c req-9e6eb871-acbb-4b1e-a469-96679ea9fe91 f1708b344cf944ceb4b45a23543aa568 5fbacf0cf08d4a29ab97893c932fdab7 - - 941e9478a541400a9dea1998c30101af 941e9478a541400a9dea1998c30101af] 199.204.45.109 "GET /v2.0/networks/a3497b17-444b-4be5-8045-19664cc4e697?fields=segments HTTP/1.1" status: 200 len: 212 time: 0.0535200
2026-07-21 07:51:00.351 9 INFO neutron.wsgi [req-421f471f-1dc7-4d0d-9d49-d54103d70833 req-d7fff5e5-744a-4bd4-aeac-c5d720cc7944 83540fc4698b4e708447e0700115ff15 60eae9221b35494398fd2af22d1e3264 - - default default] 10.0.0.29 "GET /v2.0/ports?device_id=7e5cb101-4c35-4c9f-84cc-3c6e5983eda2 HTTP/1.1" status: 200 len: 1404 time: 0.1217325
2026-07-21 07:51:00.375 10 INFO neutron.wsgi [req-96221d30-b1a4-418f-94e3-2c0eb5cf006c req-5be1d796-1d18-4195-99f3-d6df029a7dbd f1708b344cf944ceb4b45a23543aa568 5fbacf0cf08d4a29ab97893c932fdab7 - - 941e9478a541400a9dea1998c30101af 941e9478a541400a9dea1998c30101af] 199.204.45.109 "GET /v2.0/networks/a3497b17-444b-4be5-8045-19664cc4e697?fields=provider%3Aphysical_network&fields=provider%3Anetwork_type HTTP/1.1" status: 200 len: 277 time: 0.0520413
2026-07-21 07:51:00.417 9 INFO neutron.wsgi [req-421f471f-1dc7-4d0d-9d49-d54103d70833 req-55861e73-0345-4d11-b645-0e207ac71c61 83540fc4698b4e708447e0700115ff15 60eae9221b35494398fd2af22d1e3264 - - default default] 10.0.0.29 "GET /v2.0/security-groups?id=7896763c-51e5-4d87-ac1e-13a5b90f8ef4&fields=id&fields=name HTTP/1.1" status: 200 len: 310 time: 0.0576057
2026-07-21 07:51:00.533 10 INFO neutron.wsgi [None req-7ca2d849-2aeb-47a8-a10e-d414cdfcea24 83540fc4698b4e708447e0700115ff15 60eae9221b35494398fd2af22d1e3264 - - default default] 10.0.0.158 "GET /v2.0/ports?network_id=88106c6a-b8d1-4c59-ad8b-cd6cfba55f1f&mac_address=fa%3A16%3A3e%3A99%3Ae6%3A61 HTTP/1.1" status: 200 len: 1399 time: 0.0852530
2026-07-21 07:51:00.543 10 WARNING neutron_lib.context [None req-98ff1fe2-a936-428b-bae3-26a9fe2fece3 83540fc4698b4e708447e0700115ff15 60eae9221b35494398fd2af22d1e3264 - - default default] Method 'is_advsvc' is deprecated since 2023.2 release (neutron-lib 3.8.0) and will be removed once support for the old RBAC API policies will be removed from Neutron. Please use method 'is_service_role' instead.
2026-07-21 07:51:00.579 9 INFO neutron.wsgi [None req-b7e45341-4225-4598-9003-67442e044310 392083e5b101457e8f890e1524eef317 cd995afa4ffd4531a858f1c201a6e449 - - default default] 10.0.0.28 "GET /v2.0/security-groups HTTP/1.1" status: 200 len: 40519 time: 0.1386693
2026-07-21 07:51:00.624 9 INFO neutron.wsgi [None req-8b567f7e-6583-42d4-a1b4-c6a1c0ad4c12 392083e5b101457e8f890e1524eef317 cd995afa4ffd4531a858f1c201a6e449 - - default default] 10.0.0.28 "GET /v2.0/agents HTTP/1.1" status: 200 len: 997 time: 0.0297225
2026-07-21 07:51:00.638 9 INFO neutron.db.ovn_revision_numbers_db [None req-edcfc3cf-e4fd-463d-9ac2-f673b9c71150 - - - - - -] Successfully bumped revision number for resource 5bf43321-227f-446c-82e8-24c0d877599f (type: ports) to 4
2026-07-21 07:51:00.675 9 INFO neutron.wsgi [req-94ecbdfa-ba01-4b2f-8a77-56e5be76528c req-5491ba75-7f60-461c-b9fd-81a1dff304d7 7f7f47e8aa9e44948778acaf0f5bf6eb 41bd8e6ca10548fe9eafac18a27bdb29 - - default default] 10.0.0.29 "GET /v2.0/ports?device_id=026aa103-f5da-433c-94c0-6ba414073aaf HTTP/1.1" status: 200 len: 1174 time: 0.0723691
2026-07-21 07:51:00.681 9 INFO neutron.wsgi [None req-ea93fd34-9de1-41ba-9cb7-029d78861aac 392083e5b101457e8f890e1524eef317 cd995afa4ffd4531a858f1c201a6e449 - - default default] 10.0.0.28 "GET /v2.0/network-ip-availabilities HTTP/1.1" status: 200 len: 3807 time: 0.0445139
2026-07-21 07:51:00.761 9 INFO neutron.wsgi [req-94ecbdfa-ba01-4b2f-8a77-56e5be76528c req-2a77b995-d458-41f1-8cc7-1e8d00df761c 7f7f47e8aa9e44948778acaf0f5bf6eb 41bd8e6ca10548fe9eafac18a27bdb29 - - default default] 10.0.0.29 "GET /v2.0/security-groups?id=c7058625-4512-4a74-a3f5-3a38c464b69a&fields=id&fields=name HTTP/1.1" status: 200 len: 313 time: 0.0784414
2026-07-21 07:51:00.789 9 INFO neutron.wsgi [None req-2efb2554-62f9-4420-b510-e3e7c88abe5b 392083e5b101457e8f890e1524eef317 cd995afa4ffd4531a858f1c201a6e449 - - default default] 10.0.0.28 "GET /v2.0/networks HTTP/1.1" status: 200 len: 5465 time: 0.1041384 /var/lib/openstack/lib/python3.10/site-packages/pycadf/identifier.py:71: UserWarning: Invalid uuid: neutron. To ensure interoperability, identifiers should be a valid uuid. warnings.warn(('Invalid uuid: %s. To ensure interoperability, '
2026-07-21 07:51:00.830 9 INFO neutron.wsgi [None req-cf25e15d-263c-4aab-b003-844231b5a8cd 392083e5b101457e8f890e1524eef317 cd995afa4ffd4531a858f1c201a6e449 - - default default] 10.0.0.28 "GET /v2.0/subnets HTTP/1.1" status: 200 len: 6136 time: 0.0384409
2026-07-21 07:51:00.848 9 INFO neutron.wsgi [None req-12b924a5-5766-4bd4-b539-e6d49122ebae 392083e5b101457e8f890e1524eef317 cd995afa4ffd4531a858f1c201a6e449 - - default default] 10.0.0.28 "GET /v2.0/subnetpools HTTP/1.1" status: 200 len: 193 time: 0.0118272
2026-07-21 07:51:00.857 10 WARNING neutron.scheduler.dhcp_agent_scheduler [None req-98ff1fe2-a936-428b-bae3-26a9fe2fece3 83540fc4698b4e708447e0700115ff15 60eae9221b35494398fd2af22d1e3264 - - default default] No more DHCP agents
2026-07-21 07:51:00.859 10 WARNING neutron.api.rpc.agentnotifiers.dhcp_rpc_agent_api [None req-98ff1fe2-a936-428b-bae3-26a9fe2fece3 83540fc4698b4e708447e0700115ff15 60eae9221b35494398fd2af22d1e3264 - - default default] Unable to schedule network aff44d3b-7972-44ba-8030-c8f4900b0d1a: no agents available; will retry on subsequent port and subnet creation events.
2026-07-21 07:51:00.912 9 INFO neutron.wsgi [None req-5b0614d8-21f1-4af3-9b5b-f0bd2a067495 392083e5b101457e8f890e1524eef317 cd995afa4ffd4531a858f1c201a6e449 - - default default] 10.0.0.28 "GET /v2.0/floatingips HTTP/1.1" status: 200 len: 1574 time: 0.0632532
2026-07-21 07:51:01.007 9 INFO neutron.wsgi [None req-04f96971-aafe-4e63-8f97-cf1ac518ee6d 392083e5b101457e8f890e1524eef317 cd995afa4ffd4531a858f1c201a6e449 - - default default] 10.0.0.28 "GET /v2.0/ports HTTP/1.1" status: 200 len: 24181 time: 0.0936565
2026-07-21 07:51:01.073 9 INFO neutron.wsgi [None req-2afbd979-331a-4c9d-a6a7-056640026851 392083e5b101457e8f890e1524eef317 cd995afa4ffd4531a858f1c201a6e449 - - default default] 10.0.0.28 "GET /v2.0/subnets HTTP/1.1" status: 200 len: 6136 time: 0.0505831
2026-07-21 07:51:01.140 9 INFO neutron.wsgi [None req-f6bc591d-0d1e-4479-9e31-bb65aa08d11e 392083e5b101457e8f890e1524eef317 cd995afa4ffd4531a858f1c201a6e449 - - default default] 10.0.0.28 "GET /v2.0/routers HTTP/1.1" status: 200 len: 1523 time: 0.0656016
2026-07-21 07:51:01.152 9 INFO neutron.wsgi [None req-7bf0e8e1-ddc6-4e68-973f-867c25a1cbf8 392083e5b101457e8f890e1524eef317 cd995afa4ffd4531a858f1c201a6e449 - - default default] 10.0.0.28 "GET /v2.0/agents?binary=ovn-controller HTTP/1.1" status: 200 len: 591 time: 0.0096090
2026-07-21 07:51:01.247 10 INFO neutron.db.l3_db [None req-98ff1fe2-a936-428b-bae3-26a9fe2fece3 83540fc4698b4e708447e0700115ff15 60eae9221b35494398fd2af22d1e3264 - - default default] Floating IP 48866ccf-559b-4c54-8881-358c526ffcce associated. External IP: 10.96.250.216, port: 8f6dcc32-913c-4f41-9101-476285183aad.
2026-07-21 07:51:01.626 10 INFO neutron.db.ovn_revision_numbers_db [None req-98ff1fe2-a936-428b-bae3-26a9fe2fece3 83540fc4698b4e708447e0700115ff15 60eae9221b35494398fd2af22d1e3264 - - default default] Successfully bumped revision number for resource 48866ccf-559b-4c54-8881-358c526ffcce (type: floatingips) to 0
2026-07-21 07:51:01.738 10 INFO neutron.db.ovn_revision_numbers_db [None req-98ff1fe2-a936-428b-bae3-26a9fe2fece3 83540fc4698b4e708447e0700115ff15 60eae9221b35494398fd2af22d1e3264 - - default default] Successfully bumped revision number for resource 48866ccf-559b-4c54-8881-358c526ffcce (type: floatingips) to 1
2026-07-21 07:51:01.777 10 INFO neutron.wsgi [None req-98ff1fe2-a936-428b-bae3-26a9fe2fece3 83540fc4698b4e708447e0700115ff15 60eae9221b35494398fd2af22d1e3264 - - default default] 10.0.0.158 "POST /v2.0/floatingips HTTP/1.1" status: 201 len: 1054 time: 1.2387385
2026-07-21 07:51:01.815 10 INFO neutron.notifiers.nova [-] Nova event matching ['req-92ca8a5d-02b5-4156-9c1c-e6ef3575057a'] response: {'name': 'network-changed', 'server_uuid': '7e5cb101-4c35-4c9f-84cc-3c6e5983eda2', 'tag': '8f6dcc32-913c-4f41-9101-476285183aad', 'status': 'completed', 'code': 200} /var/lib/openstack/lib/python3.10/site-packages/pycadf/identifier.py:71: UserWarning: Invalid uuid: neutron. To ensure interoperability, identifiers should be a valid uuid. warnings.warn(('Invalid uuid: %s. To ensure interoperability, '
2026-07-21 07:51:01.893 10 INFO neutron.wsgi [req-80524049-6fb5-4077-9d10-5b3f33d0a058 req-fcf4f436-c0f4-48f4-aa9c-0fd6f6685aec f1708b344cf944ceb4b45a23543aa568 5fbacf0cf08d4a29ab97893c932fdab7 - - 941e9478a541400a9dea1998c30101af 941e9478a541400a9dea1998c30101af] 199.204.45.109 "GET /v2.0/ports?tenant_id=60eae9221b35494398fd2af22d1e3264&device_id=7e5cb101-4c35-4c9f-84cc-3c6e5983eda2 HTTP/1.1" status: 200 len: 1642 time: 0.0580416
2026-07-21 07:51:01.902 9 INFO neutron.wsgi [req-331fe628-c1b7-4a6e-8311-8ec50d6fa3d8 req-d6b831ef-d857-42c6-aa62-626d761c4560 7f7f47e8aa9e44948778acaf0f5bf6eb 41bd8e6ca10548fe9eafac18a27bdb29 - - default default] 10.0.0.29 "GET /v2.0/ports?device_id=026aa103-f5da-433c-94c0-6ba414073aaf HTTP/1.1" status: 200 len: 1174 time: 0.0598063
2026-07-21 07:51:01.952 9 INFO neutron.wsgi [req-331fe628-c1b7-4a6e-8311-8ec50d6fa3d8 req-099678d1-a939-4921-99d3-e70b7d943461 7f7f47e8aa9e44948778acaf0f5bf6eb 41bd8e6ca10548fe9eafac18a27bdb29 - - default default] 10.0.0.29 "GET /v2.0/security-groups?id=c7058625-4512-4a74-a3f5-3a38c464b69a&fields=id&fields=name HTTP/1.1" status: 200 len: 313 time: 0.0454469
2026-07-21 07:51:01.974 10 INFO neutron.wsgi [req-80524049-6fb5-4077-9d10-5b3f33d0a058 req-1c6e6a64-98a5-4c54-b166-2ed0679e6c04 f1708b344cf944ceb4b45a23543aa568 5fbacf0cf08d4a29ab97893c932fdab7 - - 941e9478a541400a9dea1998c30101af 941e9478a541400a9dea1998c30101af] 199.204.45.109 "GET /v2.0/networks?id=88106c6a-b8d1-4c59-ad8b-cd6cfba55f1f HTTP/1.1" status: 200 len: 1002 time: 0.0721807
2026-07-21 07:51:02.029 10 INFO neutron.wsgi [req-80524049-6fb5-4077-9d10-5b3f33d0a058 req-c24e4198-f617-457a-a6e4-8ed8a2c9b44b f1708b344cf944ceb4b45a23543aa568 5fbacf0cf08d4a29ab97893c932fdab7 - - 941e9478a541400a9dea1998c30101af 941e9478a541400a9dea1998c30101af] 199.204.45.109 "GET /v2.0/floatingips?fixed_ip_address=10.2.2.114&port_id=8f6dcc32-913c-4f41-9101-476285183aad HTTP/1.1" status: 200 len: 1059 time: 0.0484467
2026-07-21 07:51:02.058 10 INFO neutron.wsgi [req-80524049-6fb5-4077-9d10-5b3f33d0a058 req-b70ff2a3-58f7-4a4e-9476-dac21a8fd06d f1708b344cf944ceb4b45a23543aa568 5fbacf0cf08d4a29ab97893c932fdab7 - - 941e9478a541400a9dea1998c30101af 941e9478a541400a9dea1998c30101af] 199.204.45.109 "GET /v2.0/floatingips?fixed_ip_address=fd77%3A1457%3A4cf0%3A26a8%3A%3A2ac&port_id=8f6dcc32-913c-4f41-9101-476285183aad HTTP/1.1" status: 200 len: 217 time: 0.0221894
2026-07-21 07:51:02.111 10 INFO neutron.wsgi [req-80524049-6fb5-4077-9d10-5b3f33d0a058 req-cab23b23-d886-4704-9021-95fc60172193 f1708b344cf944ceb4b45a23543aa568 5fbacf0cf08d4a29ab97893c932fdab7 - - 941e9478a541400a9dea1998c30101af 941e9478a541400a9dea1998c30101af] 199.204.45.109 "GET /v2.0/subnets?id=c446a10b-c8ae-422e-8724-3cc851e31b34&id=1c4d7193-7988-4ac8-8b6c-56d1e74b3ba3 HTTP/1.1" status: 200 len: 1566 time: 0.0461211
2026-07-21 07:51:02.135 10 INFO neutron.wsgi [req-80524049-6fb5-4077-9d10-5b3f33d0a058 req-5f0a901d-d60e-49b6-a9ca-8d80a2c19a53 f1708b344cf944ceb4b45a23543aa568 5fbacf0cf08d4a29ab97893c932fdab7 - - 941e9478a541400a9dea1998c30101af 941e9478a541400a9dea1998c30101af] 199.204.45.109 "GET /v2.0/ports?network_id=88106c6a-b8d1-4c59-ad8b-cd6cfba55f1f&device_owner=network%3Adhcp HTTP/1.1" status: 200 len: 210 time: 0.0175767
2026-07-21 07:51:02.162 10 INFO neutron.wsgi [req-80524049-6fb5-4077-9d10-5b3f33d0a058 req-f44623be-00c6-47c7-8ff1-fb965adba382 f1708b344cf944ceb4b45a23543aa568 5fbacf0cf08d4a29ab97893c932fdab7 - - 941e9478a541400a9dea1998c30101af 941e9478a541400a9dea1998c30101af] 199.204.45.109 "GET /v2.0/ports?network_id=88106c6a-b8d1-4c59-ad8b-cd6cfba55f1f&device_owner=network%3Adhcp HTTP/1.1" status: 200 len: 210 time: 0.0202198
2026-07-21 07:51:02.229 10 INFO neutron.wsgi [req-80524049-6fb5-4077-9d10-5b3f33d0a058 req-7a3a4c4d-397e-408c-8a34-52138861ed74 f1708b344cf944ceb4b45a23543aa568 5fbacf0cf08d4a29ab97893c932fdab7 - - 941e9478a541400a9dea1998c30101af 941e9478a541400a9dea1998c30101af] 199.204.45.109 "GET /v2.0/networks/88106c6a-b8d1-4c59-ad8b-cd6cfba55f1f?fields=segments HTTP/1.1" status: 200 len: 212 time: 0.0589941
2026-07-21 07:51:02.244 9 INFO neutron.notifiers.nova [-] Nova event matching ['req-5af35d9d-8bd6-4d6f-9aaa-00e5f9b00fe5'] response: {'server_uuid': '026aa103-f5da-433c-94c0-6ba414073aaf', 'name': 'network-vif-plugged', 'status': 'completed', 'tag': '5bf43321-227f-446c-82e8-24c0d877599f', 'code': 200}
2026-07-21 07:51:02.244 9 INFO neutron.notifiers.nova [-] Nova event matching ['req-5af35d9d-8bd6-4d6f-9aaa-00e5f9b00fe5'] response: {'server_uuid': '026aa103-f5da-433c-94c0-6ba414073aaf', 'name': 'network-vif-plugged', 'status': 'completed', 'tag': '5bf43321-227f-446c-82e8-24c0d877599f', 'code': 200}
2026-07-21 07:51:02.312 10 INFO neutron.wsgi [req-80524049-6fb5-4077-9d10-5b3f33d0a058 req-badb44b9-d96e-4cd8-b52b-f965ce69818f f1708b344cf944ceb4b45a23543aa568 5fbacf0cf08d4a29ab97893c932fdab7 - - 941e9478a541400a9dea1998c30101af 941e9478a541400a9dea1998c30101af] 199.204.45.109 "GET /v2.0/networks/88106c6a-b8d1-4c59-ad8b-cd6cfba55f1f?fields=provider%3Aphysical_network&fields=provider%3Anetwork_type HTTP/1.1" status: 200 len: 277 time: 0.0754845
2026-07-21 07:51:03.104 9 INFO neutron.wsgi [req-3ac4e109-1979-42ed-94d3-1e25dd841245 req-db14e69c-918e-4dbf-83c1-a391ee880579 7f7f47e8aa9e44948778acaf0f5bf6eb 41bd8e6ca10548fe9eafac18a27bdb29 - - default default] 10.0.0.29 "GET /v2.0/ports?device_id=026aa103-f5da-433c-94c0-6ba414073aaf HTTP/1.1" status: 200 len: 1174 time: 0.0908053
2026-07-21 07:51:03.146 9 INFO neutron.wsgi [req-3ac4e109-1979-42ed-94d3-1e25dd841245 req-b99f0cf8-53c9-439d-b99a-17fe9079f437 7f7f47e8aa9e44948778acaf0f5bf6eb 41bd8e6ca10548fe9eafac18a27bdb29 - - default default] 10.0.0.29 "GET /v2.0/security-groups?id=c7058625-4512-4a74-a3f5-3a38c464b69a&fields=id&fields=name HTTP/1.1" status: 200 len: 313 time: 0.0376334
2026-07-21 07:51:03.258 9 INFO neutron.wsgi [req-63c9aa77-42ce-4331-ae42-c990d4cbeef0 req-9ff94f8e-28e6-4ef6-8dec-d747d4028912 7f7f47e8aa9e44948778acaf0f5bf6eb 41bd8e6ca10548fe9eafac18a27bdb29 - - default default] 10.0.0.29 "GET /v2.0/ports?device_id=026aa103-f5da-433c-94c0-6ba414073aaf HTTP/1.1" status: 200 len: 1174 time: 0.0475879
2026-07-21 07:51:03.303 9 INFO neutron.wsgi [req-63c9aa77-42ce-4331-ae42-c990d4cbeef0 req-d90f732c-eac8-4da7-b3f1-1827129b3d30 7f7f47e8aa9e44948778acaf0f5bf6eb 41bd8e6ca10548fe9eafac18a27bdb29 - - default default] 10.0.0.29 "GET /v2.0/security-groups?id=c7058625-4512-4a74-a3f5-3a38c464b69a&fields=id&fields=name HTTP/1.1" status: 200 len: 313 time: 0.0376716
2026-07-21 07:51:03.362 10 INFO neutron.wsgi [None req-614f5918-5c11-4ae1-b60a-4d044d6bbbad ab899dbd8ff04f14b525842a61852c75 05ca1b1812864665a3b9671ed95937a2 - - default default] 10.0.0.158 "GET /v2.0/ports?device_id=026aa103-f5da-433c-94c0-6ba414073aaf HTTP/1.1" status: 200 len: 1408 time: 0.0325947
2026-07-21 07:51:03.619 10 INFO neutron.db.l3_db [None req-6a4df4e7-c0cb-49b9-8c59-0912df5e03e2 7f7f47e8aa9e44948778acaf0f5bf6eb 41bd8e6ca10548fe9eafac18a27bdb29 - - default default] Floating IP 5d6a8f7a-d044-4582-b58f-edb7c3c004b1 associated. External IP: 10.96.250.208, port: 5bf43321-227f-446c-82e8-24c0d877599f.
2026-07-21 07:51:03.837 10 INFO neutron.db.ovn_revision_numbers_db [None req-6a4df4e7-c0cb-49b9-8c59-0912df5e03e2 7f7f47e8aa9e44948778acaf0f5bf6eb 41bd8e6ca10548fe9eafac18a27bdb29 - - default default] Successfully bumped revision number for resource 5d6a8f7a-d044-4582-b58f-edb7c3c004b1 (type: floatingips) to 4
2026-07-21 07:51:03.979 10 INFO neutron.db.ovn_revision_numbers_db [None req-6a4df4e7-c0cb-49b9-8c59-0912df5e03e2 7f7f47e8aa9e44948778acaf0f5bf6eb 41bd8e6ca10548fe9eafac18a27bdb29 - - default default] Successfully bumped revision number for resource 5d6a8f7a-d044-4582-b58f-edb7c3c004b1 (type: floatingips) to 5
2026-07-21 07:51:04.003 10 INFO neutron.wsgi [None req-6a4df4e7-c0cb-49b9-8c59-0912df5e03e2 7f7f47e8aa9e44948778acaf0f5bf6eb 41bd8e6ca10548fe9eafac18a27bdb29 - - default default] 10.0.0.158 "PUT /v2.0/floatingips/5d6a8f7a-d044-4582-b58f-edb7c3c004b1 HTTP/1.1" status: 200 len: 1050 time: 0.6371408 /var/lib/openstack/lib/python3.10/site-packages/pycadf/identifier.py:71: UserWarning: Invalid uuid: neutron. To ensure interoperability, identifiers should be a valid uuid. warnings.warn(('Invalid uuid: %s. To ensure interoperability, '
2026-07-21 07:51:04.041 9 INFO neutron.wsgi [-] 10.0.0.246 "GET / HTTP/1.1" status: 200 len: 247 time: 0.0017455
2026-07-21 07:51:04.043 10 INFO neutron.wsgi [-] 10.0.0.246 "GET / HTTP/1.1" status: 200 len: 247 time: 0.0026987
2026-07-21 07:51:04.049 10 INFO neutron.notifiers.nova [-] Nova event matching ['req-f41f2f8b-b9fa-4304-b886-695aa2989054'] response: {'name': 'network-changed', 'server_uuid': '026aa103-f5da-433c-94c0-6ba414073aaf', 'tag': '5bf43321-227f-446c-82e8-24c0d877599f', 'status': 'completed', 'code': 200}
2026-07-21 07:51:04.068 9 INFO neutron.wsgi [None req-31d2afc8-83dd-4944-ad7b-e23d683b1b79 7f7f47e8aa9e44948778acaf0f5bf6eb 41bd8e6ca10548fe9eafac18a27bdb29 - - default default] 10.0.0.158 "GET /v2.0/floatingips/5d6a8f7a-d044-4582-b58f-edb7c3c004b1 HTTP/1.1" status: 200 len: 1052 time: 0.0594046
2026-07-21 07:51:04.110 10 INFO neutron.wsgi [req-593aed6f-9899-4d9c-a8d9-95825c11e34f req-bec4719f-fba6-4cfa-80e5-17a13ae8ce52 f1708b344cf944ceb4b45a23543aa568 5fbacf0cf08d4a29ab97893c932fdab7 - - 941e9478a541400a9dea1998c30101af 941e9478a541400a9dea1998c30101af] 199.204.45.109 "GET /v2.0/ports?tenant_id=41bd8e6ca10548fe9eafac18a27bdb29&device_id=026aa103-f5da-433c-94c0-6ba414073aaf HTTP/1.1" status: 200 len: 1413 time: 0.0397899
2026-07-21 07:51:04.187 10 INFO neutron.wsgi [req-593aed6f-9899-4d9c-a8d9-95825c11e34f req-e3459615-59b3-4724-9447-b1f0f3f7d00f f1708b344cf944ceb4b45a23543aa568 5fbacf0cf08d4a29ab97893c932fdab7 - - 941e9478a541400a9dea1998c30101af 941e9478a541400a9dea1998c30101af] 199.204.45.109 "GET /v2.0/networks?id=a3497b17-444b-4be5-8045-19664cc4e697 HTTP/1.1" status: 200 len: 958 time: 0.0693328
2026-07-21 07:51:04.230 10 INFO neutron.wsgi [req-593aed6f-9899-4d9c-a8d9-95825c11e34f req-a4dfe783-8c89-44d1-a64f-b4b6e27715ac f1708b344cf944ceb4b45a23543aa568 5fbacf0cf08d4a29ab97893c932fdab7 - - 941e9478a541400a9dea1998c30101af 941e9478a541400a9dea1998c30101af] 199.204.45.109 "GET /v2.0/floatingips?fixed_ip_address=10.100.0.10&port_id=5bf43321-227f-446c-82e8-24c0d877599f HTTP/1.1" status: 200 len: 1060 time: 0.0369647
2026-07-21 07:51:04.266 10 INFO neutron.wsgi [req-593aed6f-9899-4d9c-a8d9-95825c11e34f req-c34ace02-cd37-4a67-8604-1f11f3038682 f1708b344cf944ceb4b45a23543aa568 5fbacf0cf08d4a29ab97893c932fdab7 - - 941e9478a541400a9dea1998c30101af 941e9478a541400a9dea1998c30101af] 199.204.45.109 "GET /v2.0/subnets?id=86b43fd0-0ca3-459c-9fea-5fa869ae6680 HTTP/1.1" status: 200 len: 852 time: 0.0312285
2026-07-21 07:51:04.289 10 INFO neutron.wsgi [req-593aed6f-9899-4d9c-a8d9-95825c11e34f req-95b78366-7f7e-48cc-a957-17a67eec9659 f1708b344cf944ceb4b45a23543aa568 5fbacf0cf08d4a29ab97893c932fdab7 - - 941e9478a541400a9dea1998c30101af 941e9478a541400a9dea1998c30101af] 199.204.45.109 "GET /v2.0/ports?network_id=a3497b17-444b-4be5-8045-19664cc4e697&device_owner=network%3Adhcp HTTP/1.1" status: 200 len: 210 time: 0.0164154
2026-07-21 07:51:04.358 10 INFO neutron.wsgi [req-593aed6f-9899-4d9c-a8d9-95825c11e34f req-262a96aa-2d53-4667-9d51-c545ced64b9b f1708b344cf944ceb4b45a23543aa568 5fbacf0cf08d4a29ab97893c932fdab7 - - 941e9478a541400a9dea1998c30101af 941e9478a541400a9dea1998c30101af] 199.204.45.109 "GET /v2.0/networks/a3497b17-444b-4be5-8045-19664cc4e697?fields=segments HTTP/1.1" status: 200 len: 212 time: 0.0612433
2026-07-21 07:51:04.448 10 INFO neutron.wsgi [req-593aed6f-9899-4d9c-a8d9-95825c11e34f req-bedf2861-df98-4eda-ba2b-457aab2af52a f1708b344cf944ceb4b45a23543aa568 5fbacf0cf08d4a29ab97893c932fdab7 - - 941e9478a541400a9dea1998c30101af 941e9478a541400a9dea1998c30101af] 199.204.45.109 "GET /v2.0/networks/a3497b17-444b-4be5-8045-19664cc4e697?fields=provider%3Aphysical_network&fields=provider%3Anetwork_type HTTP/1.1" status: 200 len: 277 time: 0.0812321
2026-07-21 07:51:11.067 10 INFO neutron.wsgi [req-01401f39-8e59-49c0-9ff6-b7604bc6ccf5 req-337b0605-008a-42fc-82ff-6d02c01c28f7 f1708b344cf944ceb4b45a23543aa568 5fbacf0cf08d4a29ab97893c932fdab7 - - 941e9478a541400a9dea1998c30101af 941e9478a541400a9dea1998c30101af] 10.0.0.4 "GET /v2.0/ports?device_id=7e5cb101-4c35-4c9f-84cc-3c6e5983eda2 HTTP/1.1" status: 200 len: 1642 time: 0.0380070
2026-07-21 07:51:11.104 10 INFO neutron.wsgi [req-01401f39-8e59-49c0-9ff6-b7604bc6ccf5 req-51b531c9-bdbb-4307-a6cd-997b41d2f2d0 f1708b344cf944ceb4b45a23543aa568 5fbacf0cf08d4a29ab97893c932fdab7 - - 941e9478a541400a9dea1998c30101af 941e9478a541400a9dea1998c30101af] 10.0.0.4 "GET /v2.0/security-groups?id=7896763c-51e5-4d87-ac1e-13a5b90f8ef4&fields=id&fields=name HTTP/1.1" status: 200 len: 310 time: 0.0302079
2026-07-21 07:51:12.582 10 INFO neutron.wsgi [req-23d18a06-d6f5-497d-a389-aee07ce9c3e4 req-92ba8bdb-cda9-4d2e-9136-2fae0cfa3d35 f1708b344cf944ceb4b45a23543aa568 5fbacf0cf08d4a29ab97893c932fdab7 - - 941e9478a541400a9dea1998c30101af 941e9478a541400a9dea1998c30101af] 10.0.0.4 "GET /v2.0/ports?device_id=026aa103-f5da-433c-94c0-6ba414073aaf HTTP/1.1" status: 200 len: 1413 time: 0.0399208
2026-07-21 07:51:12.628 10 INFO neutron.wsgi [req-23d18a06-d6f5-497d-a389-aee07ce9c3e4 req-b24d28dd-541b-4b39-ae1f-29aaf650d4b8 f1708b344cf944ceb4b45a23543aa568 5fbacf0cf08d4a29ab97893c932fdab7 - - 941e9478a541400a9dea1998c30101af 941e9478a541400a9dea1998c30101af] 10.0.0.4 "GET /v2.0/security-groups?id=c7058625-4512-4a74-a3f5-3a38c464b69a&fields=id&fields=name HTTP/1.1" status: 200 len: 313 time: 0.0388677
2026-07-21 07:51:14.488 9 INFO neutron.plugins.ml2.drivers.ovn.mech_driver.mech_driver [None req-edcfc3cf-e4fd-463d-9ac2-f673b9c71150 - - - - - -] OVN reports status down for port: 5bf43321-227f-446c-82e8-24c0d877599f
2026-07-21 07:51:14.524 9 INFO neutron.wsgi [req-1c5472ce-c6a0-436e-bdec-720d76801f2c req-62eddbd1-4480-4d91-bcb3-7d57c7d91ab3 7f7f47e8aa9e44948778acaf0f5bf6eb 41bd8e6ca10548fe9eafac18a27bdb29 - - default default] 10.0.0.29 "GET /v2.0/ports?device_id=026aa103-f5da-433c-94c0-6ba414073aaf HTTP/1.1" status: 200 len: 1174 time: 0.1194503
2026-07-21 07:51:14.572 9 INFO neutron.wsgi [req-1c5472ce-c6a0-436e-bdec-720d76801f2c req-e6ec541c-a4cb-4647-b3f3-63623c81ca89 7f7f47e8aa9e44948778acaf0f5bf6eb 41bd8e6ca10548fe9eafac18a27bdb29 - - default default] 10.0.0.29 "GET /v2.0/security-groups?id=c7058625-4512-4a74-a3f5-3a38c464b69a&fields=id&fields=name HTTP/1.1" status: 200 len: 313 time: 0.0422528
2026-07-21 07:51:14.628 9 INFO neutron.notifiers.nova [-] Nova event matching ['req-6eaf166c-848b-4f12-934f-2e7129c59411'] response: {'server_uuid': '026aa103-f5da-433c-94c0-6ba414073aaf', 'name': 'network-vif-unplugged', 'status': 'completed', 'tag': '5bf43321-227f-446c-82e8-24c0d877599f', 'code': 200}
2026-07-21 07:51:14.790 9 INFO neutron.db.ovn_revision_numbers_db [None req-edcfc3cf-e4fd-463d-9ac2-f673b9c71150 - - - - - -] Successfully bumped revision number for resource 5bf43321-227f-446c-82e8-24c0d877599f (type: ports) to 5
2026-07-21 07:51:14.823 10 INFO neutron.wsgi [req-95a657cf-3a59-4b02-b2a9-09d8739cbf14 req-79c0bc43-5d21-4c95-abe8-abfe73c7b8a2 7f7f47e8aa9e44948778acaf0f5bf6eb 41bd8e6ca10548fe9eafac18a27bdb29 - - default default] 199.204.45.109 "GET /v2.0/ports?device_id=026aa103-f5da-433c-94c0-6ba414073aaf HTTP/1.1" status: 200 len: 1172 time: 0.1040881
2026-07-21 07:51:15.185 10 INFO neutron.db.l3_db [req-95a657cf-3a59-4b02-b2a9-09d8739cbf14 req-f352ae62-f507-4b7d-9cc9-65d14378092c 7f7f47e8aa9e44948778acaf0f5bf6eb 41bd8e6ca10548fe9eafac18a27bdb29 - - default default] Floating IP 5d6a8f7a-d044-4582-b58f-edb7c3c004b1 disassociated. External IP: 10.96.250.208, port: 5bf43321-227f-446c-82e8-24c0d877599f.
2026-07-21 07:51:15.368 10 INFO neutron.wsgi [req-95a657cf-3a59-4b02-b2a9-09d8739cbf14 req-f352ae62-f507-4b7d-9cc9-65d14378092c 7f7f47e8aa9e44948778acaf0f5bf6eb 41bd8e6ca10548fe9eafac18a27bdb29 - - default default] 199.204.45.109 "DELETE /v2.0/ports/5bf43321-227f-446c-82e8-24c0d877599f HTTP/1.1" status: 204 len: 173 time: 0.5394471
2026-07-21 07:51:15.404 10 INFO neutron.notifiers.nova [-] Nova event matching ['req-0a24ec88-638e-4e55-a234-32843167a837'] response: {'server_uuid': '026aa103-f5da-433c-94c0-6ba414073aaf', 'name': 'network-vif-deleted', 'tag': '5bf43321-227f-446c-82e8-24c0d877599f', 'status': 'completed', 'code': 200} /var/lib/openstack/lib/python3.10/site-packages/pycadf/identifier.py:71: UserWarning: Invalid uuid: neutron. To ensure interoperability, identifiers should be a valid uuid. warnings.warn(('Invalid uuid: %s. To ensure interoperability, '
2026-07-21 07:51:15.682 9 INFO neutron.wsgi [req-c4d783b4-3cae-48cd-9f34-03f04516bcf7 req-ee241c03-32b0-4bac-81e9-bdfa4a3b5adc 7f7f47e8aa9e44948778acaf0f5bf6eb 41bd8e6ca10548fe9eafac18a27bdb29 - - default default] 10.0.0.29 "GET /v2.0/ports?device_id=026aa103-f5da-433c-94c0-6ba414073aaf HTTP/1.1" status: 200 len: 210 time: 0.0279999
2026-07-21 07:51:16.665 9 INFO neutron.notifiers.nova [-] Nova event matching ['req-494ae5e8-3deb-4d4d-b284-d3a2dfda5bb5'] response: {'server_uuid': '026aa103-f5da-433c-94c0-6ba414073aaf', 'name': 'network-vif-plugged', 'status': 'completed', 'tag': '5bf43321-227f-446c-82e8-24c0d877599f', 'code': 200}
2026-07-21 07:51:16.906 10 INFO neutron.wsgi [None req-a7812b8e-e35a-47f0-9144-ddc3e62d9c0e 7f7f47e8aa9e44948778acaf0f5bf6eb 41bd8e6ca10548fe9eafac18a27bdb29 - - default default] 10.0.0.158 "DELETE /v2.0/security-groups/c7058625-4512-4a74-a3f5-3a38c464b69a HTTP/1.1" status: 204 len: 168 time: 0.1629531
2026-07-21 07:51:17.573 10 INFO neutron.wsgi [None req-e8368e2a-5f3e-46bb-aece-821cd3f6f850 7f7f47e8aa9e44948778acaf0f5bf6eb 41bd8e6ca10548fe9eafac18a27bdb29 - - default default] 10.0.0.158 "DELETE /v2.0/floatingips/5d6a8f7a-d044-4582-b58f-edb7c3c004b1 HTTP/1.1" status: 204 len: 168 time: 0.6087296
2026-07-21 07:51:17.748 9 INFO neutron.wsgi [req-436ef82c-46a5-4b43-8667-da48e94aff88 req-317439ed-6aa9-4d41-a534-77ed8d8aac39 7f7f47e8aa9e44948778acaf0f5bf6eb 41bd8e6ca10548fe9eafac18a27bdb29 - - default default] 10.0.0.29 "GET /v2.0/ports?device_id=dbf758e9-c42a-4fb6-8ea8-9f7fe5f22f40 HTTP/1.1" status: 200 len: 1174 time: 0.0456877
2026-07-21 07:51:17.780 9 INFO neutron.plugins.ml2.drivers.ovn.mech_driver.mech_driver [None req-edcfc3cf-e4fd-463d-9ac2-f673b9c71150 - - - - - -] OVN reports status down for port: 03a7c0da-a5de-4cda-b925-88b99cee1fa9
2026-07-21 07:51:17.813 9 INFO neutron.wsgi [req-436ef82c-46a5-4b43-8667-da48e94aff88 req-e077f1fc-cddb-4af1-b75d-67d6ff21c32b 7f7f47e8aa9e44948778acaf0f5bf6eb 41bd8e6ca10548fe9eafac18a27bdb29 - - default default] 10.0.0.29 "GET /v2.0/security-groups?id=e453f745-b654-4630-9d7e-83b81d224049&fields=id&fields=name HTTP/1.1" status: 200 len: 313 time: 0.0564015
2026-07-21 07:51:18.070 10 INFO neutron.wsgi [req-43e00e4e-5d32-4d8b-9e34-da0cd669667e req-3dde4e3b-551b-4345-9b1c-4e026dc6e213 7f7f47e8aa9e44948778acaf0f5bf6eb 41bd8e6ca10548fe9eafac18a27bdb29 - - default default] 199.204.45.109 "GET /v2.0/ports?device_id=dbf758e9-c42a-4fb6-8ea8-9f7fe5f22f40 HTTP/1.1" status: 200 len: 1172 time: 0.0521357
2026-07-21 07:51:18.087 9 INFO neutron.db.ovn_revision_numbers_db [None req-edcfc3cf-e4fd-463d-9ac2-f673b9c71150 - - - - - -] Successfully bumped revision number for resource 03a7c0da-a5de-4cda-b925-88b99cee1fa9 (type: ports) to 5
2026-07-21 07:51:18.367 10 INFO neutron.wsgi [req-43e00e4e-5d32-4d8b-9e34-da0cd669667e req-725dc068-2f91-47e1-918e-7c1df572b6d3 7f7f47e8aa9e44948778acaf0f5bf6eb 41bd8e6ca10548fe9eafac18a27bdb29 - - default default] 199.204.45.109 "DELETE /v2.0/ports/03a7c0da-a5de-4cda-b925-88b99cee1fa9 HTTP/1.1" status: 204 len: 173 time: 0.2912369
2026-07-21 07:51:18.409 10 INFO neutron.notifiers.nova [-] Nova event matching ['req-7787a1a9-d23d-4742-96c5-7c5231bb2bd4'] response: {'server_uuid': 'dbf758e9-c42a-4fb6-8ea8-9f7fe5f22f40', 'name': 'network-vif-deleted', 'tag': '03a7c0da-a5de-4cda-b925-88b99cee1fa9', 'status': 'completed', 'code': 200}
2026-07-21 07:51:18.705 9 INFO neutron.notifiers.nova [-] Nova event matching ['req-0ed26348-10cb-46a2-92a1-270756ae4891'] response: {'server_uuid': 'dbf758e9-c42a-4fb6-8ea8-9f7fe5f22f40', 'name': 'network-vif-unplugged', 'status': 'completed', 'tag': '03a7c0da-a5de-4cda-b925-88b99cee1fa9', 'code': 200}
2026-07-21 07:51:18.706 9 INFO neutron.notifiers.nova [-] Nova event matching ['req-0ed26348-10cb-46a2-92a1-270756ae4891'] response: {'server_uuid': 'dbf758e9-c42a-4fb6-8ea8-9f7fe5f22f40', 'name': 'network-vif-plugged', 'status': 'completed', 'tag': '03a7c0da-a5de-4cda-b925-88b99cee1fa9', 'code': 200} /var/lib/openstack/lib/python3.10/site-packages/pycadf/identifier.py:71: UserWarning: Invalid uuid: neutron. To ensure interoperability, identifiers should be a valid uuid. warnings.warn(('Invalid uuid: %s. To ensure interoperability, '
2026-07-21 07:51:19.001 9 INFO neutron.wsgi [None req-291cfc05-cbc2-430b-a4a7-14aea4cdc1cb 7f7f47e8aa9e44948778acaf0f5bf6eb 41bd8e6ca10548fe9eafac18a27bdb29 - - default default] 10.0.0.158 "DELETE /v2.0/security-groups/e453f745-b654-4630-9d7e-83b81d224049 HTTP/1.1" status: 204 len: 168 time: 0.1375961
2026-07-21 07:51:19.040 9 INFO neutron.wsgi [-] 10.0.0.246 "GET / HTTP/1.1" status: 200 len: 247 time: 0.0017183
2026-07-21 07:51:19.042 9 INFO neutron.wsgi [-] 10.0.0.246 "GET / HTTP/1.1" status: 200 len: 247 time: 0.0008976
2026-07-21 07:51:19.192 10 INFO neutron.wsgi [None req-118e242e-d289-4b04-ac42-f2f9988aae67 42f82c96c464418dbd4ca51c83c0f9f8 048a4e00a83a451c9567ddcf5730727f - - default default] 10.0.0.158 "GET /v2.0/subnets/6081f43d-0997-42fb-a599-5f6f5232dc03 HTTP/1.1" status: 200 len: 845 time: 0.0400903
2026-07-21 07:51:20.084 10 INFO neutron.wsgi [None req-392e94bc-bc5b-4d4b-af6b-79e62f2596aa 392083e5b101457e8f890e1524eef317 cd995afa4ffd4531a858f1c201a6e449 - - default default] 10.0.0.174 "GET /v2.0/extensions/security-group HTTP/1.1" status: 200 len: 369 time: 0.0495870
2026-07-21 07:51:20.096 10 INFO neutron.wsgi [None req-f8eaee64-b977-4eeb-b22a-c892b7b88783 392083e5b101457e8f890e1524eef317 cd995afa4ffd4531a858f1c201a6e449 - - default default] 10.0.0.174 "GET /v2.0/extensions/dns-integration HTTP/1.1" status: 200 len: 371 time: 0.0049655
2026-07-21 07:51:20.096 9 INFO neutron.wsgi [None req-149c7a3d-3d3e-4402-be29-249c8b334a53 7f7f47e8aa9e44948778acaf0f5bf6eb 41bd8e6ca10548fe9eafac18a27bdb29 - - default default] 10.0.0.158 "PUT /v2.0/routers/d5502471-ebc1-491f-b81b-679bf08f6bcb/remove_router_interface HTTP/1.1" status: 200 len: 503 time: 1.0639887 /var/lib/openstack/lib/python3.10/site-packages/pycadf/identifier.py:71: UserWarning: Invalid uuid: neutron. To ensure interoperability, identifiers should be a valid uuid. warnings.warn(('Invalid uuid: %s. To ensure interoperability, '
