2026-07-21 07:48:04.463 9 INFO neutron.pecan_wsgi.hooks.translation [None req-ffa2a3f4-4dd3-4ea6-a85e-026058c360ed 064d80cf22804e16b729aa56d9497be9 f244972a3a534f60ad5f2433c77e258b - - default default] DELETE failed (client error): The resource could not be found.
2026-07-21 07:48:04.465 9 INFO neutron.wsgi [None req-ffa2a3f4-4dd3-4ea6-a85e-026058c360ed 064d80cf22804e16b729aa56d9497be9 f244972a3a534f60ad5f2433c77e258b - - default default] 10.0.0.158 "DELETE /v2.0/networks/ce197d53-7f25-47d1-9717-1514bf2a496e HTTP/1.1" status: 404 len: 339 time: 0.0151694
2026-07-21 07:48:04.478 10 INFO neutron.db.ovn_revision_numbers_db [None req-5f2bc2be-1070-4bb7-9e0d-93c811878283 b2feb96ef130485d99ebe0ca19940f6a af4f6227d0e04e799f7d01b22c053f9d - - default default] Successfully bumped revision number for resource f7eb32ff-3d9e-43ba-88ac-e762ef06f358 (type: security_group_rules) to 0
2026-07-21 07:48:04.530 10 INFO neutron.wsgi [None req-5f2bc2be-1070-4bb7-9e0d-93c811878283 b2feb96ef130485d99ebe0ca19940f6a af4f6227d0e04e799f7d01b22c053f9d - - default default] 10.0.0.158 "POST /v2.0/security-group-rules HTTP/1.1" status: 201 len: 764 time: 0.3052719
2026-07-21 07:48:04.538 9 WARNING neutron_lib.context [None req-fd01f8d6-9a3f-4782-ad80-0aa3e00df249 b2feb96ef130485d99ebe0ca19940f6a af4f6227d0e04e799f7d01b22c053f9d - - default default] Method 'is_advsvc' is deprecated since 2023.2 release (neutron-lib 3.8.0) and will be removed once support for the old RBAC API policies will be removed from Neutron. Please use method 'is_service_role' instead.
2026-07-21 07:48:04.703 9 INFO neutron.wsgi [None req-3733b50c-9472-47ab-a5fd-ff85bc05e67c 064d80cf22804e16b729aa56d9497be9 f244972a3a534f60ad5f2433c77e258b - - default default] 10.0.0.158 "DELETE /v2.0/subnets/589b53c7-cf65-4322-9fe8-c40dd99ba8a1 HTTP/1.1" status: 204 len: 168 time: 0.2283809
2026-07-21 07:48:04.708 9 INFO neutron.db.ovn_revision_numbers_db [None req-fd01f8d6-9a3f-4782-ad80-0aa3e00df249 b2feb96ef130485d99ebe0ca19940f6a af4f6227d0e04e799f7d01b22c053f9d - - default default] Successfully bumped revision number for resource a55dee25-dbae-4c2f-a556-8674f553db16 (type: security_group_rules) to 0
2026-07-21 07:48:04.759 9 INFO neutron.wsgi [None req-fd01f8d6-9a3f-4782-ad80-0aa3e00df249 b2feb96ef130485d99ebe0ca19940f6a af4f6227d0e04e799f7d01b22c053f9d - - default default] 10.0.0.158 "POST /v2.0/security-group-rules HTTP/1.1" status: 201 len: 769 time: 0.2257574
2026-07-21 07:48:04.769 9 WARNING neutron_lib.context [None req-f5f6fb08-5b7c-4f86-97a6-be128f6a98e3 b2feb96ef130485d99ebe0ca19940f6a af4f6227d0e04e799f7d01b22c053f9d - - default default] Method 'is_advsvc' is deprecated since 2023.2 release (neutron-lib 3.8.0) and will be removed once support for the old RBAC API policies will be removed from Neutron. Please use method 'is_service_role' instead.
2026-07-21 07:48:04.811 10 INFO neutron.wsgi [None req-8317d056-954f-4b4b-bb5f-26693d161c1a 392083e5b101457e8f890e1524eef317 cd995afa4ffd4531a858f1c201a6e449 - - default default] 10.0.0.158 "DELETE /v2.0/routers/829f082d-ff12-4db7-94b7-0cd0ce001aa6 HTTP/1.1" status: 204 len: 168 time: 1.1495051
2026-07-21 07:48:05.047 10 INFO neutron.wsgi [None req-b82c0681-581f-4825-a6e1-940654a83da5 392083e5b101457e8f890e1524eef317 cd995afa4ffd4531a858f1c201a6e449 - - default default] 10.0.0.158 "DELETE /v2.0/subnets/572782b5-c7f8-40e6-a2ec-78d5788357b7 HTTP/1.1" status: 204 len: 168 time: 0.2296252
2026-07-21 07:48:05.168 9 WARNING neutron.scheduler.dhcp_agent_scheduler [None req-f5f6fb08-5b7c-4f86-97a6-be128f6a98e3 b2feb96ef130485d99ebe0ca19940f6a af4f6227d0e04e799f7d01b22c053f9d - - default default] No more DHCP agents
2026-07-21 07:48:05.170 9 WARNING neutron.api.rpc.agentnotifiers.dhcp_rpc_agent_api [None req-f5f6fb08-5b7c-4f86-97a6-be128f6a98e3 b2feb96ef130485d99ebe0ca19940f6a af4f6227d0e04e799f7d01b22c053f9d - - default default] Unable to schedule network aff44d3b-7972-44ba-8030-c8f4900b0d1a: no agents available; will retry on subsequent port and subnet creation events.
2026-07-21 07:48:05.239 9 INFO neutron.wsgi [None req-230e0ab2-93e6-486d-9852-f5b869a9d41b 064d80cf22804e16b729aa56d9497be9 f244972a3a534f60ad5f2433c77e258b - - default default] 10.0.0.158 "DELETE /v2.0/networks/c6a7f322-55b6-4c73-b4a3-3b3c644b264c HTTP/1.1" status: 204 len: 168 time: 0.5294828
2026-07-21 07:48:05.392 10 INFO neutron.services.segments.plugin [-] Segment e795a633-9348-4215-b3c5-59d662b1231f resource provider aggregate not found
2026-07-21 07:48:05.396 10 INFO neutron.services.segments.plugin [-] Segment e795a633-9348-4215-b3c5-59d662b1231f resource provider aggregate not found
2026-07-21 07:48:05.409 10 INFO neutron.services.segments.plugin [-] Segment e795a633-9348-4215-b3c5-59d662b1231f resource provider not found; error: Placement Client Error (4xx): {"errors": [{"status": 404, "title": "Not Found", "detail": "The resource could not be found.\n\n No resource provider with uuid e795a633-9348-4215-b3c5-59d662b1231f found for delete ", "request_id": "req-b3cb6532-34d9-436f-9ada-35721576acee"}]}
2026-07-21 07:48:05.414 10 INFO neutron.services.segments.plugin [-] Segment e795a633-9348-4215-b3c5-59d662b1231f resource provider not found; error: Placement Client Error (4xx): {"errors": [{"status": 404, "title": "Not Found", "detail": "The resource could not be found.\n\n No resource provider with uuid e795a633-9348-4215-b3c5-59d662b1231f found for delete ", "request_id": "req-32fe616b-e9b3-48a8-9d74-0969a3db2218"}]}
2026-07-21 07:48:05.434 10 INFO neutron.wsgi [None req-91930433-a686-4bfb-a278-7279656271be 392083e5b101457e8f890e1524eef317 cd995afa4ffd4531a858f1c201a6e449 - - default default] 10.0.0.158 "DELETE /v2.0/networks/1f12cdb6-701e-456a-bc95-24e92231b5e9 HTTP/1.1" status: 204 len: 168 time: 0.3796301
2026-07-21 07:48:05.501 9 INFO neutron.db.ovn_revision_numbers_db [None req-f5f6fb08-5b7c-4f86-97a6-be128f6a98e3 b2feb96ef130485d99ebe0ca19940f6a af4f6227d0e04e799f7d01b22c053f9d - - default default] Successfully bumped revision number for resource c5f9a32b-2b31-4e03-b13f-8e553a6c762d (type: floatingips) to 0
2026-07-21 07:48:05.516 9 INFO neutron.wsgi [None req-f5f6fb08-5b7c-4f86-97a6-be128f6a98e3 b2feb96ef130485d99ebe0ca19940f6a af4f6227d0e04e799f7d01b22c053f9d - - default default] 10.0.0.158 "POST /v2.0/floatingips HTTP/1.1" status: 201 len: 751 time: 0.7522578
2026-07-21 07:48:05.633 9 INFO neutron.wsgi [req-16e9990b-e293-401b-89ed-10f4afadb94a req-6023705d-ff8a-4f29-a448-ced862d6fb35 b2feb96ef130485d99ebe0ca19940f6a af4f6227d0e04e799f7d01b22c053f9d - - default default] 10.0.0.29 "GET /v2.0/security-groups?name=tempest-securitygroup--861489605&fields=id&tenant_id=af4f6227d0e04e799f7d01b22c053f9d HTTP/1.1" status: 200 len: 267 time: 0.0410352
2026-07-21 07:48:05.638 10 INFO neutron.wsgi [None req-07e090cc-28ca-4427-8ed1-ff6e17d2360f 392083e5b101457e8f890e1524eef317 cd995afa4ffd4531a858f1c201a6e449 - - default default] 10.0.0.158 "GET /v2.0/security-groups?tenant_id=2ced595c353241ae934769be6523ef88&name=default HTTP/1.1" status: 200 len: 2996 time: 0.0360842
2026-07-21 07:48:05.680 9 INFO neutron.wsgi [req-16e9990b-e293-401b-89ed-10f4afadb94a req-dc7465a3-af72-4fa3-b427-d406adc02f60 b2feb96ef130485d99ebe0ca19940f6a af4f6227d0e04e799f7d01b22c053f9d - - default default] 10.0.0.29 "GET /v2.0/security-groups?name=tempest-secgroup-smoke-201755817&fields=id&tenant_id=af4f6227d0e04e799f7d01b22c053f9d HTTP/1.1" status: 200 len: 267 time: 0.0387907
2026-07-21 07:48:05.754 9 INFO neutron.wsgi [req-16e9990b-e293-401b-89ed-10f4afadb94a req-564ac82e-bf07-40a8-8e5e-4177be33c334 b2feb96ef130485d99ebe0ca19940f6a af4f6227d0e04e799f7d01b22c053f9d - - default default] 10.0.0.29 "GET /v2.0/networks?id=df7d3a41-4500-4b57-ac46-7c94a4f7bbcf HTTP/1.1" status: 200 len: 871 time: 0.0661550
2026-07-21 07:48:05.774 9 INFO neutron.wsgi [req-16e9990b-e293-401b-89ed-10f4afadb94a req-14c52c98-ebcc-4dd7-af6d-6d37c978c9c5 b2feb96ef130485d99ebe0ca19940f6a af4f6227d0e04e799f7d01b22c053f9d - - default default] 10.0.0.29 "GET /v2.0/quotas/af4f6227d0e04e799f7d01b22c053f9d HTTP/1.1" status: 200 len: 386 time: 0.0120175
2026-07-21 07:48:05.849 10 INFO neutron.wsgi [None req-093449b1-fc66-4950-9919-b57f38973939 392083e5b101457e8f890e1524eef317 cd995afa4ffd4531a858f1c201a6e449 - - default default] 10.0.0.158 "DELETE /v2.0/security-groups/9b42d216-334a-4afb-9067-9a36c469fa21 HTTP/1.1" status: 204 len: 168 time: 0.2056012
2026-07-21 07:48:05.872 9 INFO neutron.wsgi [None req-8b9591cb-f512-4b05-b8a5-89c3eee91bd5 392083e5b101457e8f890e1524eef317 cd995afa4ffd4531a858f1c201a6e449 - - default default] 10.0.0.158 "GET /v2.0/security-groups?tenant_id=f244972a3a534f60ad5f2433c77e258b&name=default HTTP/1.1" status: 200 len: 2996 time: 0.1648238
2026-07-21 07:48:05.914 9 INFO neutron.wsgi [req-16e9990b-e293-401b-89ed-10f4afadb94a req-7d839ce5-8136-492b-9e4b-a64e30c1f683 b2feb96ef130485d99ebe0ca19940f6a af4f6227d0e04e799f7d01b22c053f9d - - default default] 10.0.0.29 "GET /v2.0/ports?tenant_id=af4f6227d0e04e799f7d01b22c053f9d&fields=id HTTP/1.1" status: 200 len: 302 time: 0.1331193
2026-07-21 07:48:05.993 9 INFO neutron.services.segments.plugin [-] Segment 20552629-ca85-4f04-bed7-e484afd4f934 resource provider aggregate not found
2026-07-21 07:48:06.015 9 INFO neutron.services.segments.plugin [-] Segment 20552629-ca85-4f04-bed7-e484afd4f934 resource provider aggregate not found
2026-07-21 07:48:06.022 9 INFO neutron.services.segments.plugin [-] Segment 20552629-ca85-4f04-bed7-e484afd4f934 resource provider not found; error: Placement Client Error (4xx): {"errors": [{"status": 404, "title": "Not Found", "detail": "The resource could not be found.\n\n No resource provider with uuid 20552629-ca85-4f04-bed7-e484afd4f934 found for delete ", "request_id": "req-58be3b73-a8ad-4c4e-b2e4-4f4a7c663c23"}]}
2026-07-21 07:48:06.026 9 INFO neutron.wsgi [req-16e9990b-e293-401b-89ed-10f4afadb94a req-deebea04-80bb-46a0-b354-6aef00dee6f1 f1708b344cf944ceb4b45a23543aa568 5fbacf0cf08d4a29ab97893c932fdab7 - - 941e9478a541400a9dea1998c30101af 941e9478a541400a9dea1998c30101af] 10.0.0.29 "GET /v2.0/networks/df7d3a41-4500-4b57-ac46-7c94a4f7bbcf?fields=segments HTTP/1.1" status: 200 len: 212 time: 0.0964532
2026-07-21 07:48:06.033 9 INFO neutron.services.segments.plugin [-] Segment 20552629-ca85-4f04-bed7-e484afd4f934 resource provider not found; error: Placement Client Error (4xx): {"errors": [{"status": 404, "title": "Not Found", "detail": "The resource could not be found.\n\n No resource provider with uuid 20552629-ca85-4f04-bed7-e484afd4f934 found for delete ", "request_id": "req-ea9e1b9c-aa2a-4d82-9c7d-0fd1ffda1ad9"}]}
2026-07-21 07:48:06.104 9 INFO neutron.wsgi [req-16e9990b-e293-401b-89ed-10f4afadb94a req-a38434a2-ae2a-4cde-8d5f-e5b7b506c23b f1708b344cf944ceb4b45a23543aa568 5fbacf0cf08d4a29ab97893c932fdab7 - - 941e9478a541400a9dea1998c30101af 941e9478a541400a9dea1998c30101af] 10.0.0.29 "GET /v2.0/networks/df7d3a41-4500-4b57-ac46-7c94a4f7bbcf?fields=provider%3Aphysical_network&fields=provider%3Anetwork_type HTTP/1.1" status: 200 len: 277 time: 0.0702550
2026-07-21 07:48:06.164 9 INFO neutron.wsgi [None req-c46d7b11-4459-48be-ae06-2c002494be15 392083e5b101457e8f890e1524eef317 cd995afa4ffd4531a858f1c201a6e449 - - default default] 10.0.0.158 "DELETE /v2.0/security-groups/020b38fa-4424-43ca-9af9-14f238d77a70 HTTP/1.1" status: 204 len: 168 time: 0.2867944
2026-07-21 07:48:06.243 9 INFO neutron.wsgi [req-b8c83b3c-75cf-4814-9eeb-2551d807ac67 req-62fac209-4412-4bc7-82fa-9a511504b845 b2feb96ef130485d99ebe0ca19940f6a af4f6227d0e04e799f7d01b22c053f9d - - default default] 10.0.0.29 "GET /v2.0/ports?device_id=f761b6e2-64bc-4974-95fc-255e937a125f HTTP/1.1" status: 200 len: 210 time: 0.0207410
2026-07-21 07:48:06.943 9 WARNING neutron.plugins.ml2.drivers.ovn.mech_driver.ovsdb.ovn_client [None req-edcfc3cf-e4fd-463d-9ac2-f673b9c71150 - - - - - -] No hosting information found for port ea2c31d4-b818-464b-ace0-38a98a820bf2: RuntimeError: No hosting information found for port ea2c31d4-b818-464b-ace0-38a98a820bf2
2026-07-21 07:48:06.960 10 INFO neutron.wsgi [req-16e9990b-e293-401b-89ed-10f4afadb94a req-942449ac-6eee-4852-a94d-886c93922d24 b2feb96ef130485d99ebe0ca19940f6a af4f6227d0e04e799f7d01b22c053f9d - - default default] 199.204.45.109 "GET /v2.0/networks?id=df7d3a41-4500-4b57-ac46-7c94a4f7bbcf HTTP/1.1" status: 200 len: 871 time: 0.0879939
2026-07-21 07:48:07.027 10 INFO neutron.wsgi [req-16e9990b-e293-401b-89ed-10f4afadb94a req-528c7de7-281c-45e3-b91f-592e7e79ad4e b2feb96ef130485d99ebe0ca19940f6a af4f6227d0e04e799f7d01b22c053f9d - - default default] 199.204.45.109 "GET /v2.0/security-groups?fields=id&fields=name&tenant_id=af4f6227d0e04e799f7d01b22c053f9d HTTP/1.1" status: 200 len: 471 time: 0.0596611
2026-07-21 07:48:07.059 10 WARNING neutron_lib.context [req-16e9990b-e293-401b-89ed-10f4afadb94a req-61f74615-a84e-44c3-b65c-be6dde2bc30b b2feb96ef130485d99ebe0ca19940f6a af4f6227d0e04e799f7d01b22c053f9d - - default default] Method 'is_advsvc' is deprecated since 2023.2 release (neutron-lib 3.8.0) and will be removed once support for the old RBAC API policies will be removed from Neutron. Please use method 'is_service_role' instead. /var/lib/openstack/lib/python3.10/site-packages/pycadf/identifier.py:71: UserWarning: Invalid uuid: neutron. To ensure interoperability, identifiers should be a valid uuid. warnings.warn(('Invalid uuid: %s. To ensure interoperability, '
2026-07-21 07:48:07.332 9 INFO neutron.wsgi [req-13724f5e-d066-45d9-b30b-c580062573a2 req-53b9c469-a4a1-4e35-96b6-7a22f1912a04 b2feb96ef130485d99ebe0ca19940f6a af4f6227d0e04e799f7d01b22c053f9d - - default default] 10.0.0.29 "GET /v2.0/ports?device_id=f761b6e2-64bc-4974-95fc-255e937a125f HTTP/1.1" status: 200 len: 210 time: 0.0255806
2026-07-21 07:48:07.599 10 WARNING neutron.scheduler.dhcp_agent_scheduler [req-16e9990b-e293-401b-89ed-10f4afadb94a req-61f74615-a84e-44c3-b65c-be6dde2bc30b b2feb96ef130485d99ebe0ca19940f6a af4f6227d0e04e799f7d01b22c053f9d - - default default] No more DHCP agents
2026-07-21 07:48:07.601 10 WARNING neutron.api.rpc.agentnotifiers.dhcp_rpc_agent_api [req-16e9990b-e293-401b-89ed-10f4afadb94a req-61f74615-a84e-44c3-b65c-be6dde2bc30b b2feb96ef130485d99ebe0ca19940f6a af4f6227d0e04e799f7d01b22c053f9d - - default default] Unable to schedule network df7d3a41-4500-4b57-ac46-7c94a4f7bbcf: no agents available; will retry on subsequent port and subnet creation events.
2026-07-21 07:48:07.775 10 INFO neutron.db.ovn_revision_numbers_db [req-16e9990b-e293-401b-89ed-10f4afadb94a req-61f74615-a84e-44c3-b65c-be6dde2bc30b b2feb96ef130485d99ebe0ca19940f6a af4f6227d0e04e799f7d01b22c053f9d - - default default] Successfully bumped revision number for resource 0fa3f128-50b3-4bb7-950d-ffd6fdee340d (type: ports) to 1
2026-07-21 07:48:07.806 10 INFO neutron.wsgi [req-16e9990b-e293-401b-89ed-10f4afadb94a req-61f74615-a84e-44c3-b65c-be6dde2bc30b b2feb96ef130485d99ebe0ca19940f6a af4f6227d0e04e799f7d01b22c053f9d - - default default] 199.204.45.109 "POST /v2.0/ports HTTP/1.1" status: 201 len: 1201 time: 0.7513864 /var/lib/openstack/lib/python3.10/site-packages/pycadf/identifier.py:71: UserWarning: Invalid uuid: neutron. To ensure interoperability, identifiers should be a valid uuid. warnings.warn(('Invalid uuid: %s. To ensure interoperability, '
2026-07-21 07:48:08.009 9 WARNING neutron_lib.context [None req-92d6174b-9944-4e5d-af12-e95cb52814dd d8d133a5cbc8417aaddbd3d7dcf4d22e f20cdfa9546b40109d2328cac2a6ed74 - - default default] Method 'is_advsvc' is deprecated since 2023.2 release (neutron-lib 3.8.0) and will be removed once support for the old RBAC API policies will be removed from Neutron. Please use method 'is_service_role' instead.
2026-07-21 07:48:08.139 9 INFO neutron.db.ovn_revision_numbers_db [None req-92d6174b-9944-4e5d-af12-e95cb52814dd d8d133a5cbc8417aaddbd3d7dcf4d22e f20cdfa9546b40109d2328cac2a6ed74 - - default default] Successfully bumped revision number for resource 850cd60e-8d03-479a-be53-ed26775c5bbb (type: security_groups) to 1
2026-07-21 07:48:08.154 9 INFO neutron.db.ovn_revision_numbers_db [None req-92d6174b-9944-4e5d-af12-e95cb52814dd d8d133a5cbc8417aaddbd3d7dcf4d22e f20cdfa9546b40109d2328cac2a6ed74 - - default default] Successfully bumped revision number for resource 33575267-5331-445e-90c8-9ed7feb7b0f4 (type: security_group_rules) to 0
2026-07-21 07:48:08.166 9 INFO neutron.db.ovn_revision_numbers_db [None req-92d6174b-9944-4e5d-af12-e95cb52814dd d8d133a5cbc8417aaddbd3d7dcf4d22e f20cdfa9546b40109d2328cac2a6ed74 - - default default] Successfully bumped revision number for resource 38d74e43-f9e1-4b74-81d8-e5e5c996de23 (type: security_group_rules) to 0
2026-07-21 07:48:08.181 9 INFO neutron.db.ovn_revision_numbers_db [None req-92d6174b-9944-4e5d-af12-e95cb52814dd d8d133a5cbc8417aaddbd3d7dcf4d22e f20cdfa9546b40109d2328cac2a6ed74 - - default default] Successfully bumped revision number for resource afd8a6f6-b525-440b-bd3c-65e781b23045 (type: security_group_rules) to 0
2026-07-21 07:48:08.196 9 INFO neutron.db.ovn_revision_numbers_db [None req-92d6174b-9944-4e5d-af12-e95cb52814dd d8d133a5cbc8417aaddbd3d7dcf4d22e f20cdfa9546b40109d2328cac2a6ed74 - - default default] Successfully bumped revision number for resource f51e2264-d65f-4fdd-8d72-54b4be8b3ee9 (type: security_group_rules) to 0
2026-07-21 07:48:08.232 10 INFO neutron.db.ovn_revision_numbers_db [req-16e9990b-e293-401b-89ed-10f4afadb94a req-d0182703-eada-4b0e-805a-579c4a2dc28f f1708b344cf944ceb4b45a23543aa568 5fbacf0cf08d4a29ab97893c932fdab7 - - 941e9478a541400a9dea1998c30101af 941e9478a541400a9dea1998c30101af] Successfully bumped revision number for resource 0fa3f128-50b3-4bb7-950d-ffd6fdee340d (type: ports) to 2
2026-07-21 07:48:08.253 9 INFO neutron.db.segments_db [None req-92d6174b-9944-4e5d-af12-e95cb52814dd d8d133a5cbc8417aaddbd3d7dcf4d22e f20cdfa9546b40109d2328cac2a6ed74 - - default default] Added segment 4b07be16-f761-41f3-afef-d34c069c75c9 of type geneve for network 1d163acb-09cf-4649-97b0-761f0b072e72
2026-07-21 07:48:08.389 9 INFO neutron.db.ovn_revision_numbers_db [None req-92d6174b-9944-4e5d-af12-e95cb52814dd d8d133a5cbc8417aaddbd3d7dcf4d22e f20cdfa9546b40109d2328cac2a6ed74 - - default default] Successfully bumped revision number for resource 1d163acb-09cf-4649-97b0-761f0b072e72 (type: networks) to 1
2026-07-21 07:48:08.438 10 INFO neutron.db.ovn_revision_numbers_db [req-16e9990b-e293-401b-89ed-10f4afadb94a req-d0182703-eada-4b0e-805a-579c4a2dc28f f1708b344cf944ceb4b45a23543aa568 5fbacf0cf08d4a29ab97893c932fdab7 - - 941e9478a541400a9dea1998c30101af 941e9478a541400a9dea1998c30101af] Successfully bumped revision number for resource 0fa3f128-50b3-4bb7-950d-ffd6fdee340d (type: ports) to 2
2026-07-21 07:48:08.459 10 INFO neutron.wsgi [req-16e9990b-e293-401b-89ed-10f4afadb94a req-d0182703-eada-4b0e-805a-579c4a2dc28f f1708b344cf944ceb4b45a23543aa568 5fbacf0cf08d4a29ab97893c932fdab7 - - 941e9478a541400a9dea1998c30101af 941e9478a541400a9dea1998c30101af] 199.204.45.109 "PUT /v2.0/ports/0fa3f128-50b3-4bb7-950d-ffd6fdee340d HTTP/1.1" status: 200 len: 1419 time: 0.6466994
2026-07-21 07:48:08.460 9 INFO neutron.wsgi [req-29b8ff46-124c-4bab-bce8-1a1ecb0266c2 req-a26d4bf3-aaba-4b96-9eea-c121b8488894 b2feb96ef130485d99ebe0ca19940f6a af4f6227d0e04e799f7d01b22c053f9d - - default default] 10.0.0.29 "GET /v2.0/ports?device_id=f761b6e2-64bc-4974-95fc-255e937a125f HTTP/1.1" status: 200 len: 1212 time: 0.0597396
2026-07-21 07:48:08.492 10 INFO neutron.notifiers.nova [-] Nova event matching ['req-2f5097ba-d9c0-40a6-9db7-0fc768f2f3fb'] response: {'name': 'network-changed', 'server_uuid': 'f761b6e2-64bc-4974-95fc-255e937a125f', 'tag': '0fa3f128-50b3-4bb7-950d-ffd6fdee340d', 'status': 'completed', 'code': 200} /var/lib/openstack/lib/python3.10/site-packages/pycadf/identifier.py:71: UserWarning: Invalid uuid: neutron. To ensure interoperability, identifiers should be a valid uuid. warnings.warn(('Invalid uuid: %s. To ensure interoperability, '
2026-07-21 07:48:08.539 9 INFO neutron.wsgi [req-29b8ff46-124c-4bab-bce8-1a1ecb0266c2 req-42845984-92e7-4c96-b1bb-3db9df3c4b34 b2feb96ef130485d99ebe0ca19940f6a af4f6227d0e04e799f7d01b22c053f9d - - default default] 10.0.0.29 "GET /v2.0/security-groups?id=f07faf06-b736-4bf9-91c8-77120130b16b&id=01681ef9-8bb5-4249-9943-d57d690b5378&fields=id&fields=name HTTP/1.1" status: 200 len: 404 time: 0.0682549
2026-07-21 07:48:08.542 10 INFO neutron.wsgi [req-16e9990b-e293-401b-89ed-10f4afadb94a req-dda0a1d0-63e2-423c-91d0-4065f2f66079 f1708b344cf944ceb4b45a23543aa568 5fbacf0cf08d4a29ab97893c932fdab7 - - 941e9478a541400a9dea1998c30101af 941e9478a541400a9dea1998c30101af] 199.204.45.109 "GET /v2.0/ports?tenant_id=af4f6227d0e04e799f7d01b22c053f9d&device_id=f761b6e2-64bc-4974-95fc-255e937a125f HTTP/1.1" status: 200 len: 1450 time: 0.0435042
2026-07-21 07:48:08.578 10 INFO neutron.wsgi [req-16e9990b-e293-401b-89ed-10f4afadb94a req-fa9bb5d8-4a56-407f-9a77-bd7c0dfc0ab3 f1708b344cf944ceb4b45a23543aa568 5fbacf0cf08d4a29ab97893c932fdab7 - - 941e9478a541400a9dea1998c30101af 941e9478a541400a9dea1998c30101af] 199.204.45.109 "GET /v2.0/floatingips?fixed_ip_address=10.100.0.10&port_id=0fa3f128-50b3-4bb7-950d-ffd6fdee340d HTTP/1.1" status: 200 len: 217 time: 0.0276241
2026-07-21 07:48:08.617 10 INFO neutron.wsgi [req-16e9990b-e293-401b-89ed-10f4afadb94a req-0d5bf2dc-9a36-4bd1-a622-595ff312ee34 f1708b344cf944ceb4b45a23543aa568 5fbacf0cf08d4a29ab97893c932fdab7 - - 941e9478a541400a9dea1998c30101af 941e9478a541400a9dea1998c30101af] 199.204.45.109 "GET /v2.0/subnets?id=63c8fd1f-c9c9-4e08-8c81-0915d423782d HTTP/1.1" status: 200 len: 865 time: 0.0330579
2026-07-21 07:48:08.626 9 WARNING neutron.scheduler.dhcp_agent_scheduler [None req-92d6174b-9944-4e5d-af12-e95cb52814dd d8d133a5cbc8417aaddbd3d7dcf4d22e f20cdfa9546b40109d2328cac2a6ed74 - - default default] No more DHCP agents
2026-07-21 07:48:08.629 9 WARNING neutron.api.rpc.agentnotifiers.dhcp_rpc_agent_api [None req-92d6174b-9944-4e5d-af12-e95cb52814dd d8d133a5cbc8417aaddbd3d7dcf4d22e f20cdfa9546b40109d2328cac2a6ed74 - - default default] Unable to schedule network 1d163acb-09cf-4649-97b0-761f0b072e72: no agents available; will retry on subsequent port and subnet creation events.
2026-07-21 07:48:08.645 10 INFO neutron.wsgi [req-16e9990b-e293-401b-89ed-10f4afadb94a req-aaa87caa-436a-4a7a-95de-46e334e61181 f1708b344cf944ceb4b45a23543aa568 5fbacf0cf08d4a29ab97893c932fdab7 - - 941e9478a541400a9dea1998c30101af 941e9478a541400a9dea1998c30101af] 199.204.45.109 "GET /v2.0/ports?network_id=df7d3a41-4500-4b57-ac46-7c94a4f7bbcf&device_owner=network%3Adhcp HTTP/1.1" status: 200 len: 210 time: 0.0209277
2026-07-21 07:48:08.715 9 INFO neutron.db.ovn_revision_numbers_db [None req-92d6174b-9944-4e5d-af12-e95cb52814dd d8d133a5cbc8417aaddbd3d7dcf4d22e f20cdfa9546b40109d2328cac2a6ed74 - - default default] Successfully bumped revision number for resource 260f62ba-520e-4fa2-9e9f-0ec1a1a38dbe (type: ports) to 1
2026-07-21 07:48:08.717 10 INFO neutron.wsgi [req-16e9990b-e293-401b-89ed-10f4afadb94a req-1142547b-090f-4235-bf34-d977c1af61c1 f1708b344cf944ceb4b45a23543aa568 5fbacf0cf08d4a29ab97893c932fdab7 - - 941e9478a541400a9dea1998c30101af 941e9478a541400a9dea1998c30101af] 199.204.45.109 "GET /v2.0/networks/df7d3a41-4500-4b57-ac46-7c94a4f7bbcf?fields=segments HTTP/1.1" status: 200 len: 212 time: 0.0671294
2026-07-21 07:48:08.738 9 INFO neutron.wsgi [None req-92d6174b-9944-4e5d-af12-e95cb52814dd d8d133a5cbc8417aaddbd3d7dcf4d22e f20cdfa9546b40109d2328cac2a6ed74 - - default default] 10.0.0.158 "POST /v2.0/networks HTTP/1.1" status: 201 len: 832 time: 0.8454711
2026-07-21 07:48:08.749 9 WARNING neutron_lib.context [None req-60559b2f-3cb1-4377-9304-f9b10ce0e9bc d8d133a5cbc8417aaddbd3d7dcf4d22e f20cdfa9546b40109d2328cac2a6ed74 - - default default] Method 'is_advsvc' is deprecated since 2023.2 release (neutron-lib 3.8.0) and will be removed once support for the old RBAC API policies will be removed from Neutron. Please use method 'is_service_role' instead.
2026-07-21 07:48:08.786 10 INFO neutron.wsgi [req-16e9990b-e293-401b-89ed-10f4afadb94a req-616acf18-404a-46c4-a848-ef93b8df2335 f1708b344cf944ceb4b45a23543aa568 5fbacf0cf08d4a29ab97893c932fdab7 - - 941e9478a541400a9dea1998c30101af 941e9478a541400a9dea1998c30101af] 199.204.45.109 "GET /v2.0/networks/df7d3a41-4500-4b57-ac46-7c94a4f7bbcf?fields=provider%3Aphysical_network&fields=provider%3Anetwork_type HTTP/1.1" status: 200 len: 277 time: 0.0624707
2026-07-21 07:48:08.836 9 INFO neutron.db.segments_db [None req-60559b2f-3cb1-4377-9304-f9b10ce0e9bc d8d133a5cbc8417aaddbd3d7dcf4d22e f20cdfa9546b40109d2328cac2a6ed74 - - default default] Added segment c85dc029-1597-42c1-8ab4-d65dae373663 of type geneve for network e716c9ad-c7e7-4550-a109-329ad566d68a
2026-07-21 07:48:08.891 10 INFO neutron.wsgi [req-e5972c44-2c5f-41fb-8c32-274425a86297 req-71534860-bfdd-4894-ad4c-cc345a083fe3 f1708b344cf944ceb4b45a23543aa568 5fbacf0cf08d4a29ab97893c932fdab7 - - 941e9478a541400a9dea1998c30101af 941e9478a541400a9dea1998c30101af] 199.204.45.109 "GET /v2.0/ports?tenant_id=af4f6227d0e04e799f7d01b22c053f9d&device_id=f761b6e2-64bc-4974-95fc-255e937a125f HTTP/1.1" status: 200 len: 1450 time: 0.0608211
2026-07-21 07:48:09.001 10 INFO neutron.wsgi [req-e5972c44-2c5f-41fb-8c32-274425a86297 req-dfb2940c-cfc3-4b17-90a6-f3939d411d35 f1708b344cf944ceb4b45a23543aa568 5fbacf0cf08d4a29ab97893c932fdab7 - - 941e9478a541400a9dea1998c30101af 941e9478a541400a9dea1998c30101af] 199.204.45.109 "GET /v2.0/networks?id=df7d3a41-4500-4b57-ac46-7c94a4f7bbcf HTTP/1.1" status: 200 len: 970 time: 0.1036069
2026-07-21 07:48:09.017 9 INFO neutron.db.ovn_revision_numbers_db [None req-60559b2f-3cb1-4377-9304-f9b10ce0e9bc d8d133a5cbc8417aaddbd3d7dcf4d22e f20cdfa9546b40109d2328cac2a6ed74 - - default default] Successfully bumped revision number for resource e716c9ad-c7e7-4550-a109-329ad566d68a (type: networks) to 1
2026-07-21 07:48:09.037 10 INFO neutron.wsgi [req-e5972c44-2c5f-41fb-8c32-274425a86297 req-36dcb7ec-2b04-4b39-b096-5a75266bb988 f1708b344cf944ceb4b45a23543aa568 5fbacf0cf08d4a29ab97893c932fdab7 - - 941e9478a541400a9dea1998c30101af 941e9478a541400a9dea1998c30101af] 199.204.45.109 "GET /v2.0/floatingips?fixed_ip_address=10.100.0.10&port_id=0fa3f128-50b3-4bb7-950d-ffd6fdee340d HTTP/1.1" status: 200 len: 217 time: 0.0281208
2026-07-21 07:48:09.042 10 INFO neutron.wsgi [req-f6a03247-646f-42f7-a4f5-6b16d911fee7 req-d0a3045e-0c5a-465e-92c3-314746a08f65 f1708b344cf944ceb4b45a23543aa568 5fbacf0cf08d4a29ab97893c932fdab7 - - 941e9478a541400a9dea1998c30101af 941e9478a541400a9dea1998c30101af] 199.204.45.109 "GET /v2.0/ports?device_id=f761b6e2-64bc-4974-95fc-255e937a125f HTTP/1.1" status: 200 len: 1450 time: 0.0723197
2026-07-21 07:48:09.098 10 INFO neutron.wsgi [req-e5972c44-2c5f-41fb-8c32-274425a86297 req-111e8b83-62d3-423f-a72e-918619eebf6c f1708b344cf944ceb4b45a23543aa568 5fbacf0cf08d4a29ab97893c932fdab7 - - 941e9478a541400a9dea1998c30101af 941e9478a541400a9dea1998c30101af] 199.204.45.109 "GET /v2.0/subnets?id=63c8fd1f-c9c9-4e08-8c81-0915d423782d HTTP/1.1" status: 200 len: 865 time: 0.0506618
2026-07-21 07:48:09.126 10 INFO neutron.wsgi [req-e5972c44-2c5f-41fb-8c32-274425a86297 req-b32a0f9d-cc7b-4635-b39a-28fbd4a913d3 f1708b344cf944ceb4b45a23543aa568 5fbacf0cf08d4a29ab97893c932fdab7 - - 941e9478a541400a9dea1998c30101af 941e9478a541400a9dea1998c30101af] 199.204.45.109 "GET /v2.0/ports?network_id=df7d3a41-4500-4b57-ac46-7c94a4f7bbcf&device_owner=network%3Adhcp HTTP/1.1" status: 200 len: 210 time: 0.0237579
2026-07-21 07:48:09.146 10 INFO neutron.wsgi [req-f6a03247-646f-42f7-a4f5-6b16d911fee7 req-e49c71da-da7e-4289-8a15-81009e44e523 f1708b344cf944ceb4b45a23543aa568 5fbacf0cf08d4a29ab97893c932fdab7 - - 941e9478a541400a9dea1998c30101af 941e9478a541400a9dea1998c30101af] 199.204.45.109 "GET /v2.0/security-groups?id=01681ef9-8bb5-4249-9943-d57d690b5378&id=f07faf06-b736-4bf9-91c8-77120130b16b&fields=id&fields=name HTTP/1.1" status: 200 len: 404 time: 0.0987964
2026-07-21 07:48:09.251 10 INFO neutron.wsgi [req-e5972c44-2c5f-41fb-8c32-274425a86297 req-f79fd453-f16d-411f-a4bd-abf9968de121 f1708b344cf944ceb4b45a23543aa568 5fbacf0cf08d4a29ab97893c932fdab7 - - 941e9478a541400a9dea1998c30101af 941e9478a541400a9dea1998c30101af] 199.204.45.109 "GET /v2.0/networks/df7d3a41-4500-4b57-ac46-7c94a4f7bbcf?fields=segments HTTP/1.1" status: 200 len: 212 time: 0.1182749
2026-07-21 07:48:09.272 10 INFO neutron.plugins.ml2.drivers.ovn.mech_driver.mech_driver [None req-9a7bc7a7-8e58-4f31-9213-24392d36372a - - - - - -] OVN reports status up for port: 0fa3f128-50b3-4bb7-950d-ffd6fdee340d
2026-07-21 07:48:09.315 10 INFO neutron.plugins.ml2.plugin [None req-9a7bc7a7-8e58-4f31-9213-24392d36372a - - - - - -] Attempt 1 to provision port 0fa3f128-50b3-4bb7-950d-ffd6fdee340d
2026-07-21 07:48:09.360 10 INFO neutron.wsgi [req-e5972c44-2c5f-41fb-8c32-274425a86297 req-5281d3ff-1f56-435e-8e92-784918ff2077 f1708b344cf944ceb4b45a23543aa568 5fbacf0cf08d4a29ab97893c932fdab7 - - 941e9478a541400a9dea1998c30101af 941e9478a541400a9dea1998c30101af] 199.204.45.109 "GET /v2.0/networks/df7d3a41-4500-4b57-ac46-7c94a4f7bbcf?fields=provider%3Aphysical_network&fields=provider%3Anetwork_type HTTP/1.1" status: 200 len: 277 time: 0.1008255
2026-07-21 07:48:09.549 9 WARNING neutron.scheduler.dhcp_agent_scheduler [None req-60559b2f-3cb1-4377-9304-f9b10ce0e9bc d8d133a5cbc8417aaddbd3d7dcf4d22e f20cdfa9546b40109d2328cac2a6ed74 - - default default] No more DHCP agents
2026-07-21 07:48:09.556 9 WARNING neutron.api.rpc.agentnotifiers.dhcp_rpc_agent_api [None req-60559b2f-3cb1-4377-9304-f9b10ce0e9bc d8d133a5cbc8417aaddbd3d7dcf4d22e f20cdfa9546b40109d2328cac2a6ed74 - - default default] Unable to schedule network e716c9ad-c7e7-4550-a109-329ad566d68a: no agents available; will retry on subsequent port and subnet creation events.
2026-07-21 07:48:09.643 10 INFO neutron.db.ovn_revision_numbers_db [None req-9a7bc7a7-8e58-4f31-9213-24392d36372a - - - - - -] Successfully bumped revision number for resource 0fa3f128-50b3-4bb7-950d-ffd6fdee340d (type: ports) to 4
2026-07-21 07:48:09.675 9 INFO neutron.wsgi [req-53c1c20f-9bf8-4adf-876f-a7f85724f7c7 req-38a2b50e-2259-43dc-bb94-45b7db416e8a b2feb96ef130485d99ebe0ca19940f6a af4f6227d0e04e799f7d01b22c053f9d - - default default] 10.0.0.29 "GET /v2.0/ports?device_id=f761b6e2-64bc-4974-95fc-255e937a125f HTTP/1.1" status: 200 len: 1214 time: 0.0576205
2026-07-21 07:48:09.693 9 INFO neutron.db.ovn_revision_numbers_db [None req-60559b2f-3cb1-4377-9304-f9b10ce0e9bc d8d133a5cbc8417aaddbd3d7dcf4d22e f20cdfa9546b40109d2328cac2a6ed74 - - default default] Successfully bumped revision number for resource 4abd9519-678c-4909-bd35-ed2e732de24a (type: ports) to 1
2026-07-21 07:48:09.729 9 INFO neutron.wsgi [None req-60559b2f-3cb1-4377-9304-f9b10ce0e9bc d8d133a5cbc8417aaddbd3d7dcf4d22e f20cdfa9546b40109d2328cac2a6ed74 - - default default] 10.0.0.158 "POST /v2.0/networks HTTP/1.1" status: 201 len: 833 time: 0.9865942 /var/lib/openstack/lib/python3.10/site-packages/pycadf/identifier.py:71: UserWarning: Invalid uuid: neutron. To ensure interoperability, identifiers should be a valid uuid. warnings.warn(('Invalid uuid: %s. To ensure interoperability, '
2026-07-21 07:48:09.744 10 WARNING neutron_lib.context [None req-c2f742ec-3de1-43e0-916a-6f9b1bcb049f d8d133a5cbc8417aaddbd3d7dcf4d22e f20cdfa9546b40109d2328cac2a6ed74 - - default default] Method 'is_advsvc' is deprecated since 2023.2 release (neutron-lib 3.8.0) and will be removed once support for the old RBAC API policies will be removed from Neutron. Please use method 'is_service_role' instead.
2026-07-21 07:48:09.752 9 INFO neutron.wsgi [req-53c1c20f-9bf8-4adf-876f-a7f85724f7c7 req-f82115c5-c586-4f27-916d-5b0ab5a558c0 b2feb96ef130485d99ebe0ca19940f6a af4f6227d0e04e799f7d01b22c053f9d - - default default] 10.0.0.29 "GET /v2.0/security-groups?id=f07faf06-b736-4bf9-91c8-77120130b16b&id=01681ef9-8bb5-4249-9943-d57d690b5378&fields=id&fields=name HTTP/1.1" status: 200 len: 404 time: 0.0522008
2026-07-21 07:48:09.992 10 WARNING neutron.scheduler.dhcp_agent_scheduler [None req-c2f742ec-3de1-43e0-916a-6f9b1bcb049f d8d133a5cbc8417aaddbd3d7dcf4d22e f20cdfa9546b40109d2328cac2a6ed74 - - default default] No more DHCP agents
2026-07-21 07:48:09.996 10 WARNING neutron.api.rpc.agentnotifiers.dhcp_rpc_agent_api [None req-c2f742ec-3de1-43e0-916a-6f9b1bcb049f d8d133a5cbc8417aaddbd3d7dcf4d22e f20cdfa9546b40109d2328cac2a6ed74 - - default default] Unable to schedule network 1d163acb-09cf-4649-97b0-761f0b072e72: no agents available; will retry on subsequent port and subnet creation events.
2026-07-21 07:48:10.029 10 INFO neutron.db.ovn_revision_numbers_db [None req-c2f742ec-3de1-43e0-916a-6f9b1bcb049f d8d133a5cbc8417aaddbd3d7dcf4d22e f20cdfa9546b40109d2328cac2a6ed74 - - default default] Successfully bumped revision number for resource ff6c77a9-b997-41ae-a220-d9dc979204a9 (type: subnets) to 0
2026-07-21 07:48:10.047 10 INFO neutron.wsgi [None req-c2f742ec-3de1-43e0-916a-6f9b1bcb049f d8d133a5cbc8417aaddbd3d7dcf4d22e f20cdfa9546b40109d2328cac2a6ed74 - - default default] 10.0.0.158 "POST /v2.0/subnets HTTP/1.1" status: 201 len: 821 time: 0.3117070
2026-07-21 07:48:10.056 10 WARNING neutron_lib.context [None req-c272b2d6-50c8-4378-9ede-f9e2ab4a94db d8d133a5cbc8417aaddbd3d7dcf4d22e f20cdfa9546b40109d2328cac2a6ed74 - - default default] Method 'is_advsvc' is deprecated since 2023.2 release (neutron-lib 3.8.0) and will be removed once support for the old RBAC API policies will be removed from Neutron. Please use method 'is_service_role' instead.
2026-07-21 07:48:10.306 10 WARNING neutron.scheduler.dhcp_agent_scheduler [None req-c272b2d6-50c8-4378-9ede-f9e2ab4a94db d8d133a5cbc8417aaddbd3d7dcf4d22e f20cdfa9546b40109d2328cac2a6ed74 - - default default] No more DHCP agents
2026-07-21 07:48:10.308 10 WARNING neutron.api.rpc.agentnotifiers.dhcp_rpc_agent_api [None req-c272b2d6-50c8-4378-9ede-f9e2ab4a94db d8d133a5cbc8417aaddbd3d7dcf4d22e f20cdfa9546b40109d2328cac2a6ed74 - - default default] Unable to schedule network e716c9ad-c7e7-4550-a109-329ad566d68a: no agents available; will retry on subsequent port and subnet creation events.
2026-07-21 07:48:10.339 10 INFO neutron.db.ovn_revision_numbers_db [None req-c272b2d6-50c8-4378-9ede-f9e2ab4a94db d8d133a5cbc8417aaddbd3d7dcf4d22e f20cdfa9546b40109d2328cac2a6ed74 - - default default] Successfully bumped revision number for resource 578c3f0b-ae0e-4556-9bf9-ff5a665f98ca (type: subnets) to 0
2026-07-21 07:48:10.352 10 INFO neutron.wsgi [None req-c272b2d6-50c8-4378-9ede-f9e2ab4a94db d8d133a5cbc8417aaddbd3d7dcf4d22e f20cdfa9546b40109d2328cac2a6ed74 - - default default] 10.0.0.158 "POST /v2.0/subnets HTTP/1.1" status: 201 len: 830 time: 0.3007758
2026-07-21 07:48:10.360 10 WARNING neutron_lib.context [None req-035eb2fd-5c8a-4730-b218-998b4940eddf d8d133a5cbc8417aaddbd3d7dcf4d22e f20cdfa9546b40109d2328cac2a6ed74 - - default default] Method 'is_advsvc' is deprecated since 2023.2 release (neutron-lib 3.8.0) and will be removed once support for the old RBAC API policies will be removed from Neutron. Please use method 'is_service_role' instead.
2026-07-21 07:48:10.492 10 INFO neutron.db.ovn_revision_numbers_db [None req-035eb2fd-5c8a-4730-b218-998b4940eddf d8d133a5cbc8417aaddbd3d7dcf4d22e f20cdfa9546b40109d2328cac2a6ed74 - - default default] Successfully bumped revision number for resource 0b1c0a5a-b9b0-4f8e-9ecf-4a7e0515aef3 (type: routers) to 1
2026-07-21 07:48:10.511 10 INFO neutron.wsgi [None req-035eb2fd-5c8a-4730-b218-998b4940eddf d8d133a5cbc8417aaddbd3d7dcf4d22e f20cdfa9546b40109d2328cac2a6ed74 - - default default] 10.0.0.158 "POST /v2.0/routers HTTP/1.1" status: 201 len: 690 time: 0.1544135
2026-07-21 07:48:10.539 10 INFO neutron.notifiers.nova [-] Nova event matching ['req-4b5b29bc-788a-4968-9ef6-e51919412530'] response: {'server_uuid': 'f761b6e2-64bc-4974-95fc-255e937a125f', 'name': 'network-vif-plugged', 'status': 'completed', 'tag': '0fa3f128-50b3-4bb7-950d-ffd6fdee340d', 'code': 200}
2026-07-21 07:48:10.539 10 INFO neutron.notifiers.nova [-] Nova event matching ['req-4b5b29bc-788a-4968-9ef6-e51919412530'] response: {'server_uuid': 'f761b6e2-64bc-4974-95fc-255e937a125f', 'name': 'network-vif-plugged', 'status': 'completed', 'tag': '0fa3f128-50b3-4bb7-950d-ffd6fdee340d', 'code': 200}
2026-07-21 07:48:10.889 9 INFO neutron.wsgi [req-197049bc-8c43-48ab-8c2d-0706d6e6b1f9 req-4c40f9a1-45dc-4cb7-8cf0-f443361408d9 b2feb96ef130485d99ebe0ca19940f6a af4f6227d0e04e799f7d01b22c053f9d - - default default] 10.0.0.29 "GET /v2.0/ports?device_id=f761b6e2-64bc-4974-95fc-255e937a125f HTTP/1.1" status: 200 len: 1214 time: 0.0756707
2026-07-21 07:48:10.954 10 WARNING neutron.scheduler.dhcp_agent_scheduler [None req-af854a8a-441c-4de0-8923-d6d1329bb2f8 d8d133a5cbc8417aaddbd3d7dcf4d22e f20cdfa9546b40109d2328cac2a6ed74 - - default default] No more DHCP agents
2026-07-21 07:48:10.956 10 WARNING neutron.api.rpc.agentnotifiers.dhcp_rpc_agent_api [None req-af854a8a-441c-4de0-8923-d6d1329bb2f8 d8d133a5cbc8417aaddbd3d7dcf4d22e f20cdfa9546b40109d2328cac2a6ed74 - - default default] Unable to schedule network 1d163acb-09cf-4649-97b0-761f0b072e72: no agents available; will retry on subsequent port and subnet creation events.
2026-07-21 07:48:10.974 9 INFO neutron.wsgi [req-197049bc-8c43-48ab-8c2d-0706d6e6b1f9 req-ec20c8a0-1aab-43ec-bc52-d7a8f787afa3 b2feb96ef130485d99ebe0ca19940f6a af4f6227d0e04e799f7d01b22c053f9d - - default default] 10.0.0.29 "GET /v2.0/security-groups?id=f07faf06-b736-4bf9-91c8-77120130b16b&id=01681ef9-8bb5-4249-9943-d57d690b5378&fields=id&fields=name HTTP/1.1" status: 200 len: 404 time: 0.0719504
2026-07-21 07:48:11.081 10 INFO neutron.db.ovn_revision_numbers_db [None req-af854a8a-441c-4de0-8923-d6d1329bb2f8 d8d133a5cbc8417aaddbd3d7dcf4d22e f20cdfa9546b40109d2328cac2a6ed74 - - default default] Successfully bumped revision number for resource c9df867b-9a14-47a5-a6e9-7255cdb57f32 (type: ports) to 1
2026-07-21 07:48:11.163 9 INFO neutron.wsgi [req-37b2f403-f8c0-48b6-8918-3c4303929857 req-90f8f043-ebec-4142-98b5-fa9d056e4659 b2feb96ef130485d99ebe0ca19940f6a af4f6227d0e04e799f7d01b22c053f9d - - default default] 10.0.0.29 "GET /v2.0/ports?device_id=f761b6e2-64bc-4974-95fc-255e937a125f HTTP/1.1" status: 200 len: 1214 time: 0.1118021
2026-07-21 07:48:11.424 10 INFO neutron.plugins.ml2.drivers.ovn.mech_driver.mech_driver [None req-9a7bc7a7-8e58-4f31-9213-24392d36372a - - - - - -] OVN reports status up for port: c9df867b-9a14-47a5-a6e9-7255cdb57f32
2026-07-21 07:48:11.435 10 INFO neutron.plugins.ml2.plugin [None req-9a7bc7a7-8e58-4f31-9213-24392d36372a - - - - - -] Attempt 1 to provision port c9df867b-9a14-47a5-a6e9-7255cdb57f32
2026-07-21 07:48:11.453 10 INFO neutron.db.ovn_revision_numbers_db [None req-af854a8a-441c-4de0-8923-d6d1329bb2f8 d8d133a5cbc8417aaddbd3d7dcf4d22e f20cdfa9546b40109d2328cac2a6ed74 - - default default] Successfully bumped revision number for resource c9df867b-9a14-47a5-a6e9-7255cdb57f32 (type: router_ports) to 1
2026-07-21 07:48:11.498 9 INFO neutron.db.l3_db [None req-67d1611a-ff4c-4e3e-8c6c-8a3929b74661 b2feb96ef130485d99ebe0ca19940f6a af4f6227d0e04e799f7d01b22c053f9d - - default default] Floating IP c5f9a32b-2b31-4e03-b13f-8e553a6c762d associated. External IP: 10.96.250.216, port: 0fa3f128-50b3-4bb7-950d-ffd6fdee340d.
2026-07-21 07:48:11.594 10 INFO neutron.db.ovn_revision_numbers_db [None req-af854a8a-441c-4de0-8923-d6d1329bb2f8 d8d133a5cbc8417aaddbd3d7dcf4d22e f20cdfa9546b40109d2328cac2a6ed74 - - default default] Successfully bumped revision number for resource c9df867b-9a14-47a5-a6e9-7255cdb57f32 (type: ports) to 1
2026-07-21 07:48:11.715 9 INFO neutron.db.ovn_revision_numbers_db [None req-67d1611a-ff4c-4e3e-8c6c-8a3929b74661 b2feb96ef130485d99ebe0ca19940f6a af4f6227d0e04e799f7d01b22c053f9d - - default default] Successfully bumped revision number for resource c5f9a32b-2b31-4e03-b13f-8e553a6c762d (type: floatingips) to 1
2026-07-21 07:48:11.732 10 WARNING neutron.scheduler.dhcp_agent_scheduler [None req-af854a8a-441c-4de0-8923-d6d1329bb2f8 d8d133a5cbc8417aaddbd3d7dcf4d22e f20cdfa9546b40109d2328cac2a6ed74 - - default default] No more DHCP agents
2026-07-21 07:48:11.733 10 WARNING neutron.api.rpc.agentnotifiers.dhcp_rpc_agent_api [None req-af854a8a-441c-4de0-8923-d6d1329bb2f8 d8d133a5cbc8417aaddbd3d7dcf4d22e f20cdfa9546b40109d2328cac2a6ed74 - - default default] Unable to schedule network 1d163acb-09cf-4649-97b0-761f0b072e72: no agents available; will retry on subsequent port and subnet creation events.
2026-07-21 07:48:11.789 9 INFO neutron.wsgi [req-0660548b-796b-48d2-a41c-06aa1b73149d req-6cc136fd-b60a-4430-abc7-18e351c3e21d f1708b344cf944ceb4b45a23543aa568 5fbacf0cf08d4a29ab97893c932fdab7 - - 941e9478a541400a9dea1998c30101af 941e9478a541400a9dea1998c30101af] 10.0.0.4 "GET /v2.0/ports?device_id=0f098ad6-f2c2-4d8f-95d4-4428c1049995 HTTP/1.1" status: 200 len: 1409 time: 0.0478365
2026-07-21 07:48:11.866 9 INFO neutron.wsgi [req-0660548b-796b-48d2-a41c-06aa1b73149d req-7d4c13aa-aee1-4a47-b89f-6f076e910133 f1708b344cf944ceb4b45a23543aa568 5fbacf0cf08d4a29ab97893c932fdab7 - - 941e9478a541400a9dea1998c30101af 941e9478a541400a9dea1998c30101af] 10.0.0.4 "GET /v2.0/security-groups?id=846548c3-3086-44e4-ae33-aa5650e53100&fields=id&fields=name HTTP/1.1" status: 200 len: 313 time: 0.0689664
2026-07-21 07:48:11.867 9 INFO neutron.db.ovn_revision_numbers_db [None req-67d1611a-ff4c-4e3e-8c6c-8a3929b74661 b2feb96ef130485d99ebe0ca19940f6a af4f6227d0e04e799f7d01b22c053f9d - - default default] Successfully bumped revision number for resource c5f9a32b-2b31-4e03-b13f-8e553a6c762d (type: floatingips) to 2
2026-07-21 07:48:11.902 9 INFO neutron.wsgi [None req-67d1611a-ff4c-4e3e-8c6c-8a3929b74661 b2feb96ef130485d99ebe0ca19940f6a af4f6227d0e04e799f7d01b22c053f9d - - default default] 10.0.0.158 "PUT /v2.0/floatingips/c5f9a32b-2b31-4e03-b13f-8e553a6c762d HTTP/1.1" status: 200 len: 1050 time: 0.7199099
2026-07-21 07:48:11.953 9 INFO neutron.notifiers.nova [-] Nova event matching ['req-633cefe2-bff6-4a16-9ffa-31997dce4692'] response: {'name': 'network-changed', 'server_uuid': 'f761b6e2-64bc-4974-95fc-255e937a125f', 'tag': '0fa3f128-50b3-4bb7-950d-ffd6fdee340d', 'status': 'completed', 'code': 200}
2026-07-21 07:48:12.073 10 INFO neutron.db.ovn_revision_numbers_db [None req-9a7bc7a7-8e58-4f31-9213-24392d36372a - - - - - -] Successfully bumped revision number for resource c9df867b-9a14-47a5-a6e9-7255cdb57f32 (type: ports) to 2
2026-07-21 07:48:12.079 10 INFO neutron.wsgi [req-9c6bede2-a0a4-49de-9431-9634c6bbc84b req-539ea97a-0d2d-4859-bb0c-9c5b04b88efa f1708b344cf944ceb4b45a23543aa568 5fbacf0cf08d4a29ab97893c932fdab7 - - 941e9478a541400a9dea1998c30101af 941e9478a541400a9dea1998c30101af] 199.204.45.109 "GET /v2.0/ports?tenant_id=af4f6227d0e04e799f7d01b22c053f9d&device_id=f761b6e2-64bc-4974-95fc-255e937a125f HTTP/1.1" status: 200 len: 1452 time: 0.0408173
2026-07-21 07:48:12.199 10 INFO neutron.wsgi [req-9c6bede2-a0a4-49de-9431-9634c6bbc84b req-220d243c-5b3b-4ac6-8a01-b3aaa31d5da1 f1708b344cf944ceb4b45a23543aa568 5fbacf0cf08d4a29ab97893c932fdab7 - - 941e9478a541400a9dea1998c30101af 941e9478a541400a9dea1998c30101af] 199.204.45.109 "GET /v2.0/networks?id=df7d3a41-4500-4b57-ac46-7c94a4f7bbcf HTTP/1.1" status: 200 len: 970 time: 0.1126499
2026-07-21 07:48:12.200 10 INFO neutron.db.ovn_revision_numbers_db [None req-af854a8a-441c-4de0-8923-d6d1329bb2f8 d8d133a5cbc8417aaddbd3d7dcf4d22e f20cdfa9546b40109d2328cac2a6ed74 - - default default] Successfully bumped revision number for resource c9df867b-9a14-47a5-a6e9-7255cdb57f32 (type: router_ports) to 2
2026-07-21 07:48:12.202 10 INFO neutron.wsgi [None req-af854a8a-441c-4de0-8923-d6d1329bb2f8 d8d133a5cbc8417aaddbd3d7dcf4d22e f20cdfa9546b40109d2328cac2a6ed74 - - default default] 10.0.0.158 "PUT /v2.0/routers/0b1c0a5a-b9b0-4f8e-9ecf-4a7e0515aef3/add_router_interface HTTP/1.1" status: 200 len: 503 time: 1.6853859
2026-07-21 07:48:12.255 10 INFO neutron.wsgi [req-9c6bede2-a0a4-49de-9431-9634c6bbc84b req-2e3c24e0-376f-4648-92a6-f0e38ed53b3e f1708b344cf944ceb4b45a23543aa568 5fbacf0cf08d4a29ab97893c932fdab7 - - 941e9478a541400a9dea1998c30101af 941e9478a541400a9dea1998c30101af] 199.204.45.109 "GET /v2.0/floatingips?fixed_ip_address=10.100.0.10&port_id=0fa3f128-50b3-4bb7-950d-ffd6fdee340d HTTP/1.1" status: 200 len: 1060 time: 0.0484762
2026-07-21 07:48:12.290 10 INFO neutron.wsgi [req-9c6bede2-a0a4-49de-9431-9634c6bbc84b req-16ba5f62-b7d3-48df-a103-a1ffd0d42d28 f1708b344cf944ceb4b45a23543aa568 5fbacf0cf08d4a29ab97893c932fdab7 - - 941e9478a541400a9dea1998c30101af 941e9478a541400a9dea1998c30101af] 199.204.45.109 "GET /v2.0/subnets?id=63c8fd1f-c9c9-4e08-8c81-0915d423782d HTTP/1.1" status: 200 len: 865 time: 0.0307608
2026-07-21 07:48:12.315 10 INFO neutron.wsgi [req-9c6bede2-a0a4-49de-9431-9634c6bbc84b req-b805fd23-7814-40ca-b709-7aeb36bfbc07 f1708b344cf944ceb4b45a23543aa568 5fbacf0cf08d4a29ab97893c932fdab7 - - 941e9478a541400a9dea1998c30101af 941e9478a541400a9dea1998c30101af] 199.204.45.109 "GET /v2.0/ports?network_id=df7d3a41-4500-4b57-ac46-7c94a4f7bbcf&device_owner=network%3Adhcp HTTP/1.1" status: 200 len: 210 time: 0.0192018
2026-07-21 07:48:12.315 9 INFO neutron.wsgi [None req-4807e2b7-ae49-4193-898e-6b9c6f82be82 d8d133a5cbc8417aaddbd3d7dcf4d22e f20cdfa9546b40109d2328cac2a6ed74 - - default default] 10.0.0.158 "GET /v2.0/ports/c9df867b-9a14-47a5-a6e9-7255cdb57f32 HTTP/1.1" status: 200 len: 1141 time: 0.1043856
2026-07-21 07:48:12.375 10 INFO neutron.wsgi [req-9c6bede2-a0a4-49de-9431-9634c6bbc84b req-7e3f2a04-3fd0-47bf-be52-fbfbfc1699c6 f1708b344cf944ceb4b45a23543aa568 5fbacf0cf08d4a29ab97893c932fdab7 - - 941e9478a541400a9dea1998c30101af 941e9478a541400a9dea1998c30101af] 199.204.45.109 "GET /v2.0/networks/df7d3a41-4500-4b57-ac46-7c94a4f7bbcf?fields=segments HTTP/1.1" status: 200 len: 212 time: 0.0540788
2026-07-21 07:48:12.453 10 INFO neutron.wsgi [req-9c6bede2-a0a4-49de-9431-9634c6bbc84b req-6c0d7131-a507-4b55-9a1d-11bbd74205a8 f1708b344cf944ceb4b45a23543aa568 5fbacf0cf08d4a29ab97893c932fdab7 - - 941e9478a541400a9dea1998c30101af 941e9478a541400a9dea1998c30101af] 199.204.45.109 "GET /v2.0/networks/df7d3a41-4500-4b57-ac46-7c94a4f7bbcf?fields=provider%3Aphysical_network&fields=provider%3Anetwork_type HTTP/1.1" status: 200 len: 277 time: 0.0708096
2026-07-21 07:48:12.872 9 WARNING neutron.scheduler.dhcp_agent_scheduler [None req-f5196c38-3926-4db2-a717-ce5cb697b865 d8d133a5cbc8417aaddbd3d7dcf4d22e f20cdfa9546b40109d2328cac2a6ed74 - - default default] No more DHCP agents
2026-07-21 07:48:12.874 9 WARNING neutron.api.rpc.agentnotifiers.dhcp_rpc_agent_api [None req-f5196c38-3926-4db2-a717-ce5cb697b865 d8d133a5cbc8417aaddbd3d7dcf4d22e f20cdfa9546b40109d2328cac2a6ed74 - - default default] Unable to schedule network e716c9ad-c7e7-4550-a109-329ad566d68a: no agents available; will retry on subsequent port and subnet creation events.
2026-07-21 07:48:12.999 9 INFO neutron.db.ovn_revision_numbers_db [None req-f5196c38-3926-4db2-a717-ce5cb697b865 d8d133a5cbc8417aaddbd3d7dcf4d22e f20cdfa9546b40109d2328cac2a6ed74 - - default default] Successfully bumped revision number for resource 035a11f2-1fed-44db-825c-5a161aa783b8 (type: ports) to 1
2026-07-21 07:48:13.512 9 INFO neutron.plugins.ml2.drivers.ovn.mech_driver.mech_driver [None req-edcfc3cf-e4fd-463d-9ac2-f673b9c71150 - - - - - -] OVN reports status up for port: 035a11f2-1fed-44db-825c-5a161aa783b8
2026-07-21 07:48:13.522 9 INFO neutron.plugins.ml2.plugin [None req-edcfc3cf-e4fd-463d-9ac2-f673b9c71150 - - - - - -] Attempt 1 to provision port 035a11f2-1fed-44db-825c-5a161aa783b8
2026-07-21 07:48:13.543 9 INFO neutron.db.ovn_revision_numbers_db [None req-f5196c38-3926-4db2-a717-ce5cb697b865 d8d133a5cbc8417aaddbd3d7dcf4d22e f20cdfa9546b40109d2328cac2a6ed74 - - default default] Successfully bumped revision number for resource 035a11f2-1fed-44db-825c-5a161aa783b8 (type: router_ports) to 1
2026-07-21 07:48:13.693 9 INFO neutron.db.ovn_revision_numbers_db [None req-f5196c38-3926-4db2-a717-ce5cb697b865 d8d133a5cbc8417aaddbd3d7dcf4d22e f20cdfa9546b40109d2328cac2a6ed74 - - default default] Successfully bumped revision number for resource 035a11f2-1fed-44db-825c-5a161aa783b8 (type: ports) to 1
2026-07-21 07:48:13.783 9 WARNING neutron.scheduler.dhcp_agent_scheduler [None req-f5196c38-3926-4db2-a717-ce5cb697b865 d8d133a5cbc8417aaddbd3d7dcf4d22e f20cdfa9546b40109d2328cac2a6ed74 - - default default] No more DHCP agents
2026-07-21 07:48:13.785 9 WARNING neutron.api.rpc.agentnotifiers.dhcp_rpc_agent_api [None req-f5196c38-3926-4db2-a717-ce5cb697b865 d8d133a5cbc8417aaddbd3d7dcf4d22e f20cdfa9546b40109d2328cac2a6ed74 - - default default] Unable to schedule network e716c9ad-c7e7-4550-a109-329ad566d68a: no agents available; will retry on subsequent port and subnet creation events.
2026-07-21 07:48:14.183 9 INFO neutron.db.ovn_revision_numbers_db [None req-edcfc3cf-e4fd-463d-9ac2-f673b9c71150 - - - - - -] Successfully bumped revision number for resource 035a11f2-1fed-44db-825c-5a161aa783b8 (type: ports) to 2
2026-07-21 07:48:14.230 9 INFO neutron.db.ovn_revision_numbers_db [None req-f5196c38-3926-4db2-a717-ce5cb697b865 d8d133a5cbc8417aaddbd3d7dcf4d22e f20cdfa9546b40109d2328cac2a6ed74 - - default default] Successfully bumped revision number for resource 035a11f2-1fed-44db-825c-5a161aa783b8 (type: router_ports) to 2
2026-07-21 07:48:14.233 9 INFO neutron.wsgi [None req-f5196c38-3926-4db2-a717-ce5cb697b865 d8d133a5cbc8417aaddbd3d7dcf4d22e f20cdfa9546b40109d2328cac2a6ed74 - - default default] 10.0.0.158 "PUT /v2.0/routers/0b1c0a5a-b9b0-4f8e-9ecf-4a7e0515aef3/add_router_interface HTTP/1.1" status: 200 len: 503 time: 1.9125824
2026-07-21 07:48:14.292 10 INFO neutron.wsgi [None req-d1ef3ada-766c-4a70-a1a6-0ee074f50ae5 d8d133a5cbc8417aaddbd3d7dcf4d22e f20cdfa9546b40109d2328cac2a6ed74 - - default default] 10.0.0.158 "GET /v2.0/ports/035a11f2-1fed-44db-825c-5a161aa783b8 HTTP/1.1" status: 200 len: 1149 time: 0.0545235
