2026-07-21 07:49:26.553 10 WARNING neutron_lib.context [None req-43b57d9d-cfda-4e13-bb59-915436f125c3 5c2b09051c524d86a6fcaaad24646db1 003636bc9dd34e9e947400139cb8b35e - - default default] Method 'is_advsvc' is deprecated since 2023.2 release (neutron-lib 3.8.0) and will be removed once support for the old RBAC API policies will be removed from Neutron. Please use method 'is_service_role' instead.
2026-07-21 07:49:26.555 9 INFO neutron.wsgi [None req-23f16799-7f75-402c-9cbc-e5d5d212a934 392083e5b101457e8f890e1524eef317 cd995afa4ffd4531a858f1c201a6e449 - - default default] 10.0.0.158 "GET /v2.0/security-groups?tenant_id=8d9e868c3dd04a76a7837eb8232e075a&name=default HTTP/1.1" status: 200 len: 2996 time: 0.2645788 /var/lib/openstack/lib/python3.10/site-packages/pycadf/identifier.py:71: UserWarning: Invalid uuid: neutron. To ensure interoperability, identifiers should be a valid uuid. warnings.warn(('Invalid uuid: %s. To ensure interoperability, '
2026-07-21 07:49:26.751 9 INFO neutron.wsgi [None req-4d53e50c-6c0a-42b3-82da-cfa4db8c47ea 392083e5b101457e8f890e1524eef317 cd995afa4ffd4531a858f1c201a6e449 - - default default] 10.0.0.158 "DELETE /v2.0/security-groups/794904df-c157-4102-924b-088ffed90e1b HTTP/1.1" status: 204 len: 168 time: 0.1884768
2026-07-21 07:49:26.754 10 INFO neutron.wsgi [None req-43b57d9d-cfda-4e13-bb59-915436f125c3 5c2b09051c524d86a6fcaaad24646db1 003636bc9dd34e9e947400139cb8b35e - - default default] 10.0.0.158 "POST /v2.0/trunks HTTP/1.1" status: 201 len: 608 time: 0.2074144
2026-07-21 07:49:26.784 9 INFO neutron.wsgi [None req-6acd347c-239f-4d6c-80a8-26558a289674 5c2b09051c524d86a6fcaaad24646db1 003636bc9dd34e9e947400139cb8b35e - - default default] 10.0.0.158 "PUT /v2.0/trunks/099361b0-33e5-4572-a7f7-e595d8230d0d/tags HTTP/1.1" status: 200 len: 210 time: 0.0269523
2026-07-21 07:49:26.824 9 INFO neutron.wsgi [None req-5b97a24a-39aa-4c22-af65-5c19d93a69e6 5c2b09051c524d86a6fcaaad24646db1 003636bc9dd34e9e947400139cb8b35e - - default default] 10.0.0.158 "PUT /v2.0/trunks/a120dfdf-556b-446a-9603-4a8a646f2acb/tags HTTP/1.1" status: 200 len: 218 time: 0.0342853
2026-07-21 07:49:26.870 9 INFO neutron.wsgi [None req-478cb2b4-f3d7-42f7-8777-4b07516afba5 5c2b09051c524d86a6fcaaad24646db1 003636bc9dd34e9e947400139cb8b35e - - default default] 10.0.0.158 "PUT /v2.0/trunks/7373e06c-1a7a-4518-85ee-7a71f9750a28/tags HTTP/1.1" status: 200 len: 227 time: 0.0404067
2026-07-21 07:49:26.918 10 INFO neutron.wsgi [None req-6add5115-c149-4ecb-b17c-2895c8505a4b 5c2b09051c524d86a6fcaaad24646db1 003636bc9dd34e9e947400139cb8b35e - - default default] 10.0.0.158 "PUT /v2.0/trunks/bfad7882-e0bd-4509-bc7e-9a350b529e16/tags HTTP/1.1" status: 200 len: 212 time: 0.0419636
2026-07-21 07:49:26.953 9 INFO neutron.wsgi [None req-8ba0d074-40fd-41a6-b3c1-29cbc9041c9a 5c2b09051c524d86a6fcaaad24646db1 003636bc9dd34e9e947400139cb8b35e - - default default] 10.0.0.158 "GET /v2.0/trunks?tags=red HTTP/1.1" status: 200 len: 1447 time: 0.0249457
2026-07-21 07:49:26.998 9 INFO neutron.wsgi [None req-de6f0070-3532-498a-b081-6c6f25998ad0 5c2b09051c524d86a6fcaaad24646db1 003636bc9dd34e9e947400139cb8b35e - - default default] 10.0.0.158 "GET /v2.0/trunks?tags=red%2Cblue HTTP/1.1" status: 200 len: 1041 time: 0.0422351
2026-07-21 07:49:27.035 9 INFO neutron.wsgi [None req-8141f9b7-5133-45ea-a18d-20d53eb86cfd 5c2b09051c524d86a6fcaaad24646db1 003636bc9dd34e9e947400139cb8b35e - - default default] 10.0.0.158 "GET /v2.0/trunks?tags-any=blue HTTP/1.1" status: 200 len: 1041 time: 0.0318379
2026-07-21 07:49:27.066 9 INFO neutron.wsgi [None req-ebdbc540-75a3-4804-9f3d-0ffb32ed0818 5c2b09051c524d86a6fcaaad24646db1 003636bc9dd34e9e947400139cb8b35e - - default default] 10.0.0.158 "GET /v2.0/trunks?tags-any=red%2Cblue HTTP/1.1" status: 200 len: 1447 time: 0.0251057
2026-07-21 07:49:27.103 10 INFO neutron.wsgi [None req-849f40c9-0c00-4131-bb19-9181b6d0bae0 5c2b09051c524d86a6fcaaad24646db1 003636bc9dd34e9e947400139cb8b35e - - default default] 10.0.0.158 "GET /v2.0/trunks?not-tags=red HTTP/1.1" status: 200 len: 1013 time: 0.0300930
2026-07-21 07:49:27.123 10 INFO neutron.db.ovn_revision_numbers_db [None req-cea69681-d0bc-48de-b989-2d75838626ac 392083e5b101457e8f890e1524eef317 cd995afa4ffd4531a858f1c201a6e449 - - default default] Successfully bumped revision number for resource 11fbca76-a0ae-413a-88bd-8a6a40e48dc9 (type: security_groups) to 1
2026-07-21 07:49:27.138 9 INFO neutron.wsgi [None req-0152d8f0-5ff7-46ce-9493-9c93adbf9cdd 5c2b09051c524d86a6fcaaad24646db1 003636bc9dd34e9e947400139cb8b35e - - default default] 10.0.0.158 "GET /v2.0/trunks?not-tags=red%2Cblue HTTP/1.1" status: 200 len: 1419 time: 0.0277982
2026-07-21 07:49:27.143 10 INFO neutron.db.ovn_revision_numbers_db [None req-cea69681-d0bc-48de-b989-2d75838626ac 392083e5b101457e8f890e1524eef317 cd995afa4ffd4531a858f1c201a6e449 - - default default] Successfully bumped revision number for resource 1b2040d7-adf9-409a-b04c-99b4667c7333 (type: security_group_rules) to 0
2026-07-21 07:49:27.162 10 INFO neutron.db.ovn_revision_numbers_db [None req-cea69681-d0bc-48de-b989-2d75838626ac 392083e5b101457e8f890e1524eef317 cd995afa4ffd4531a858f1c201a6e449 - - default default] Successfully bumped revision number for resource 4c5d979a-b453-4612-8bb5-149fff48c3cb (type: security_group_rules) to 0
2026-07-21 07:49:27.165 9 INFO neutron.wsgi [None req-3e18498a-0edb-4ff0-a9e5-021f01e43202 5c2b09051c524d86a6fcaaad24646db1 003636bc9dd34e9e947400139cb8b35e - - default default] 10.0.0.158 "GET /v2.0/trunks?not-tags-any=blue HTTP/1.1" status: 200 len: 1419 time: 0.0217979
2026-07-21 07:49:27.179 10 INFO neutron.db.ovn_revision_numbers_db [None req-cea69681-d0bc-48de-b989-2d75838626ac 392083e5b101457e8f890e1524eef317 cd995afa4ffd4531a858f1c201a6e449 - - default default] Successfully bumped revision number for resource 7094e2fb-a6c9-44c8-8851-676d448e4e51 (type: security_group_rules) to 0
2026-07-21 07:49:27.195 9 INFO neutron.wsgi [None req-82b90783-749d-45eb-9f6c-d9f47ddaae98 5c2b09051c524d86a6fcaaad24646db1 003636bc9dd34e9e947400139cb8b35e - - default default] 10.0.0.158 "GET /v2.0/trunks?not-tags-any=red%2Cblue HTTP/1.1" status: 200 len: 1013 time: 0.0246527
2026-07-21 07:49:27.196 10 INFO neutron.db.ovn_revision_numbers_db [None req-cea69681-d0bc-48de-b989-2d75838626ac 392083e5b101457e8f890e1524eef317 cd995afa4ffd4531a858f1c201a6e449 - - default default] Successfully bumped revision number for resource a6d69360-6d65-40fa-8d76-bba8c90bdbeb (type: security_group_rules) to 0
2026-07-21 07:49:27.220 9 INFO neutron.wsgi [None req-037d7920-72a6-48f5-b435-668ba59785cc 5c2b09051c524d86a6fcaaad24646db1 003636bc9dd34e9e947400139cb8b35e - - default default] 10.0.0.158 "GET /v2.0/trunks/099361b0-33e5-4572-a7f7-e595d8230d0d HTTP/1.1" status: 200 len: 608 time: 0.0203099
2026-07-21 07:49:27.221 10 INFO neutron.wsgi [None req-cea69681-d0bc-48de-b989-2d75838626ac 392083e5b101457e8f890e1524eef317 cd995afa4ffd4531a858f1c201a6e449 - - default default] 10.0.0.158 "GET /v2.0/security-groups?tenant_id=5957f8fc219149a09fdeb37f97253a51&name=default HTTP/1.1" status: 200 len: 2996 time: 0.2544897
2026-07-21 07:49:27.330 10 INFO neutron.wsgi [None req-a4978d8c-5acd-4fab-93f5-f35cd9591212 5c2b09051c524d86a6fcaaad24646db1 003636bc9dd34e9e947400139cb8b35e - - default default] 10.0.0.158 "GET /v2.0/ports/7daac2b6-1277-4208-b596-688c7b6f5350 HTTP/1.1" status: 200 len: 1020 time: 0.1039481
2026-07-21 07:49:27.447 10 INFO neutron.wsgi [None req-a208f9cd-6135-4627-84f7-353f3df2e484 5c2b09051c524d86a6fcaaad24646db1 003636bc9dd34e9e947400139cb8b35e - - default default] 10.0.0.158 "DELETE /v2.0/trunks/099361b0-33e5-4572-a7f7-e595d8230d0d HTTP/1.1" status: 204 len: 168 time: 0.1117527
2026-07-21 07:49:27.456 9 INFO neutron.wsgi [None req-dfbf69fe-1629-436f-8194-d76ec06a6072 392083e5b101457e8f890e1524eef317 cd995afa4ffd4531a858f1c201a6e449 - - default default] 10.0.0.158 "DELETE /v2.0/security-groups/11fbca76-a0ae-413a-88bd-8a6a40e48dc9 HTTP/1.1" status: 204 len: 168 time: 0.2290039
2026-07-21 07:49:27.483 10 INFO neutron.wsgi [None req-34b162a3-0b63-4a7d-9256-4cc473813d90 5c2b09051c524d86a6fcaaad24646db1 003636bc9dd34e9e947400139cb8b35e - - default default] 10.0.0.158 "GET /v2.0/trunks/a120dfdf-556b-446a-9603-4a8a646f2acb HTTP/1.1" status: 200 len: 616 time: 0.0275002
2026-07-21 07:49:27.599 9 INFO neutron.wsgi [None req-44be3ff3-bf4d-4fa2-bfeb-ed64557f9975 5c2b09051c524d86a6fcaaad24646db1 003636bc9dd34e9e947400139cb8b35e - - default default] 10.0.0.158 "GET /v2.0/ports/a63a2913-8e1b-4d57-a2c7-f6e6ea17ee0d HTTP/1.1" status: 200 len: 1020 time: 0.1073523
2026-07-21 07:49:27.696 9 INFO neutron.wsgi [None req-e52029a5-90c5-471b-9285-9a39f8838c83 5c2b09051c524d86a6fcaaad24646db1 003636bc9dd34e9e947400139cb8b35e - - default default] 10.0.0.158 "DELETE /v2.0/trunks/a120dfdf-556b-446a-9603-4a8a646f2acb HTTP/1.1" status: 204 len: 168 time: 0.0886645
2026-07-21 07:49:27.718 9 INFO neutron.wsgi [None req-80228bfe-82ae-406d-be71-332b5e7f2c44 5c2b09051c524d86a6fcaaad24646db1 003636bc9dd34e9e947400139cb8b35e - - default default] 10.0.0.158 "GET /v2.0/trunks/7373e06c-1a7a-4518-85ee-7a71f9750a28 HTTP/1.1" status: 200 len: 625 time: 0.0171487
2026-07-21 07:49:27.809 9 INFO neutron.wsgi [None req-df3871ad-f30e-4105-bd7a-b66c39baaca5 5c2b09051c524d86a6fcaaad24646db1 003636bc9dd34e9e947400139cb8b35e - - default default] 10.0.0.158 "GET /v2.0/ports/ff0814d8-e771-4977-8719-0c77957fb79c HTTP/1.1" status: 200 len: 1020 time: 0.0859489
2026-07-21 07:49:27.937 9 INFO neutron.wsgi [None req-7892e50d-95f8-481d-b5f4-19695b8d26e9 5c2b09051c524d86a6fcaaad24646db1 003636bc9dd34e9e947400139cb8b35e - - default default] 10.0.0.158 "DELETE /v2.0/trunks/7373e06c-1a7a-4518-85ee-7a71f9750a28 HTTP/1.1" status: 204 len: 168 time: 0.1213999
2026-07-21 07:49:27.961 9 INFO neutron.wsgi [None req-5a33e989-d901-4f26-b051-517e04c3a625 5c2b09051c524d86a6fcaaad24646db1 003636bc9dd34e9e947400139cb8b35e - - default default] 10.0.0.158 "GET /v2.0/trunks/bfad7882-e0bd-4509-bc7e-9a350b529e16 HTTP/1.1" status: 200 len: 610 time: 0.0180786
2026-07-21 07:49:28.056 9 INFO neutron.wsgi [None req-4a5a1849-4ab1-45e3-8b2e-cf0e2b70cc78 5c2b09051c524d86a6fcaaad24646db1 003636bc9dd34e9e947400139cb8b35e - - default default] 10.0.0.158 "GET /v2.0/ports/171cb615-fcb9-4afb-9527-89cdb8636b75 HTTP/1.1" status: 200 len: 1020 time: 0.0889716
2026-07-21 07:49:28.138 9 INFO neutron.wsgi [None req-28c2f6a8-2531-4eea-aaaa-fb091c4ea9e6 5c2b09051c524d86a6fcaaad24646db1 003636bc9dd34e9e947400139cb8b35e - - default default] 10.0.0.158 "DELETE /v2.0/trunks/bfad7882-e0bd-4509-bc7e-9a350b529e16 HTTP/1.1" status: 204 len: 168 time: 0.0754628
2026-07-21 07:49:28.164 9 INFO neutron.wsgi [None req-7cc2ed53-ef46-47cb-a2c1-d3fcb3ee1039 5c2b09051c524d86a6fcaaad24646db1 003636bc9dd34e9e947400139cb8b35e - - default default] 10.0.0.158 "GET /v2.0/trunks/def22fac-2e00-4433-9235-b5c3906a4d32 HTTP/1.1" status: 200 len: 603 time: 0.0221312
2026-07-21 07:49:28.281 9 INFO neutron.wsgi [None req-4b6bdd52-579c-4894-b99e-dec8321e46dd 5c2b09051c524d86a6fcaaad24646db1 003636bc9dd34e9e947400139cb8b35e - - default default] 10.0.0.158 "GET /v2.0/ports/16ebeab9-6380-4bd2-939c-7e0353b34ec0 HTTP/1.1" status: 200 len: 1020 time: 0.1039927
2026-07-21 07:49:28.365 9 INFO neutron.wsgi [None req-69f0b2c3-045b-494f-9d46-0478e773daf3 5c2b09051c524d86a6fcaaad24646db1 003636bc9dd34e9e947400139cb8b35e - - default default] 10.0.0.158 "DELETE /v2.0/trunks/def22fac-2e00-4433-9235-b5c3906a4d32 HTTP/1.1" status: 204 len: 168 time: 0.0793631
2026-07-21 07:49:28.614 9 INFO neutron.wsgi [None req-4096694a-861f-48e7-8799-8f0ff6b268ce 5c2b09051c524d86a6fcaaad24646db1 003636bc9dd34e9e947400139cb8b35e - - default default] 10.0.0.158 "DELETE /v2.0/ports/7daac2b6-1277-4208-b596-688c7b6f5350 HTTP/1.1" status: 204 len: 168 time: 0.2447596
2026-07-21 07:49:28.843 9 INFO neutron.wsgi [None req-57f948c1-6500-4183-9b38-a2db961f64be e8c70d8172df47a5bc4adf963444a35c c900addce058466cbb635b2c586f4826 - - default default] 10.0.0.153 "GET /v2.0/extensions HTTP/1.1" status: 200 len: 16980 time: 0.2080705
2026-07-21 07:49:28.861 10 INFO neutron.wsgi [None req-b6cb096a-3183-4999-b734-c3b7ed46929b 5c2b09051c524d86a6fcaaad24646db1 003636bc9dd34e9e947400139cb8b35e - - default default] 10.0.0.158 "DELETE /v2.0/ports/a63a2913-8e1b-4d57-a2c7-f6e6ea17ee0d HTTP/1.1" status: 204 len: 168 time: 0.2359846
2026-07-21 07:49:29.010 9 INFO neutron.wsgi [None req-60e62639-1c25-4486-91e2-e55baa4ef302 e8c70d8172df47a5bc4adf963444a35c c900addce058466cbb635b2c586f4826 - - default default] 10.0.0.153 "GET /v2.0/quotas/c900addce058466cbb635b2c586f4826/details HTTP/1.1" status: 200 len: 756 time: 0.1488006
2026-07-21 07:49:29.130 9 INFO neutron.wsgi [None req-620c7c4f-518b-4673-b78d-c27059cdfbe9 5c2b09051c524d86a6fcaaad24646db1 003636bc9dd34e9e947400139cb8b35e - - default default] 10.0.0.158 "DELETE /v2.0/ports/ff0814d8-e771-4977-8719-0c77957fb79c HTTP/1.1" status: 204 len: 168 time: 0.2618670
2026-07-21 07:49:29.365 9 INFO neutron.wsgi [None req-c402541f-53f1-48d8-bd8d-e708c27a4bfa 5c2b09051c524d86a6fcaaad24646db1 003636bc9dd34e9e947400139cb8b35e - - default default] 10.0.0.158 "DELETE /v2.0/ports/171cb615-fcb9-4afb-9527-89cdb8636b75 HTTP/1.1" status: 204 len: 168 time: 0.2291846
2026-07-21 07:49:29.607 9 INFO neutron.wsgi [None req-41142cec-cdc6-4108-950e-eb28f3277cf0 5c2b09051c524d86a6fcaaad24646db1 003636bc9dd34e9e947400139cb8b35e - - default default] 10.0.0.158 "DELETE /v2.0/ports/16ebeab9-6380-4bd2-939c-7e0353b34ec0 HTTP/1.1" status: 204 len: 168 time: 0.2381399
2026-07-21 07:49:29.963 9 INFO neutron.services.segments.plugin [-] Segment 403fdb61-d798-48fb-82ab-51d9dd9e4a43 resource provider aggregate not found
2026-07-21 07:49:29.969 9 INFO neutron.services.segments.plugin [-] Segment 403fdb61-d798-48fb-82ab-51d9dd9e4a43 resource provider aggregate not found
2026-07-21 07:49:29.984 9 INFO neutron.services.segments.plugin [-] Segment 403fdb61-d798-48fb-82ab-51d9dd9e4a43 resource provider not found; error: Placement Client Error (4xx): {"errors": [{"status": 404, "title": "Not Found", "detail": "The resource could not be found.\n\n No resource provider with uuid 403fdb61-d798-48fb-82ab-51d9dd9e4a43 found for delete ", "request_id": "req-6cd0cb24-9d74-46dd-8d2e-7c61730ecfd8"}]}
2026-07-21 07:49:29.985 9 INFO neutron.services.segments.plugin [-] Segment 403fdb61-d798-48fb-82ab-51d9dd9e4a43 resource provider not found; error: Placement Client Error (4xx): {"errors": [{"status": 404, "title": "Not Found", "detail": "The resource could not be found.\n\n No resource provider with uuid 403fdb61-d798-48fb-82ab-51d9dd9e4a43 found for delete ", "request_id": "req-9ee7e8db-3373-43a1-b52f-296095cd7ca3"}]}
2026-07-21 07:49:30.007 9 INFO neutron.wsgi [None req-479c3917-133b-47df-a8ac-e9e86599d1a3 5c2b09051c524d86a6fcaaad24646db1 003636bc9dd34e9e947400139cb8b35e - - default default] 10.0.0.158 "DELETE /v2.0/networks/7b1f8927-f0af-4b08-a4d5-5130231e1ca6 HTTP/1.1" status: 204 len: 168 time: 0.3943093
2026-07-21 07:49:30.355 9 INFO neutron.wsgi [None req-b987845b-c887-45f2-b5ec-57b1e2293791 5c2b09051c524d86a6fcaaad24646db1 003636bc9dd34e9e947400139cb8b35e - - default default] 10.0.0.158 "DELETE /v2.0/networks/7beca8a6-ae18-4cc3-bd9f-ab5ff47090b3 HTTP/1.1" status: 204 len: 168 time: 0.3408515
2026-07-21 07:49:30.733 9 INFO neutron.wsgi [None req-1d0bad70-3243-48bd-9aee-4a2d62ddaf19 5c2b09051c524d86a6fcaaad24646db1 003636bc9dd34e9e947400139cb8b35e - - default default] 10.0.0.158 "DELETE /v2.0/networks/0f465990-574c-4406-ab3f-77e7ac6a080c HTTP/1.1" status: 204 len: 168 time: 0.3726566
2026-07-21 07:49:31.116 10 INFO neutron.services.segments.plugin [-] Segment d3377d0d-ff4f-42b2-a01d-fcaea086bb08 resource provider aggregate not found
2026-07-21 07:49:31.119 10 INFO neutron.services.segments.plugin [-] Segment d3377d0d-ff4f-42b2-a01d-fcaea086bb08 resource provider aggregate not found
2026-07-21 07:49:31.135 10 INFO neutron.services.segments.plugin [-] Segment d3377d0d-ff4f-42b2-a01d-fcaea086bb08 resource provider not found; error: Placement Client Error (4xx): {"errors": [{"status": 404, "title": "Not Found", "detail": "The resource could not be found.\n\n No resource provider with uuid d3377d0d-ff4f-42b2-a01d-fcaea086bb08 found for delete ", "request_id": "req-5b041080-6cee-49ea-bf1d-50bb915abfb1"}]}
2026-07-21 07:49:31.137 10 INFO neutron.services.segments.plugin [-] Segment d3377d0d-ff4f-42b2-a01d-fcaea086bb08 resource provider not found; error: Placement Client Error (4xx): {"errors": [{"status": 404, "title": "Not Found", "detail": "The resource could not be found.\n\n No resource provider with uuid d3377d0d-ff4f-42b2-a01d-fcaea086bb08 found for delete ", "request_id": "req-22137f66-cf03-44de-a963-7059e1ce124c"}]}
2026-07-21 07:49:31.160 10 INFO neutron.wsgi [None req-482098bf-f352-4a55-8cab-a9d88bc4bfc5 5c2b09051c524d86a6fcaaad24646db1 003636bc9dd34e9e947400139cb8b35e - - default default] 10.0.0.158 "DELETE /v2.0/networks/98ad204b-76fc-4823-8823-6dc390c51e0c HTTP/1.1" status: 204 len: 168 time: 0.4216092
2026-07-21 07:49:31.538 9 INFO neutron.wsgi [None req-3be8891a-c282-4d2c-ba74-bccbf1d15d2b 5c2b09051c524d86a6fcaaad24646db1 003636bc9dd34e9e947400139cb8b35e - - default default] 10.0.0.158 "DELETE /v2.0/networks/8d59f479-18b7-47f0-8766-3596bd1c3b61 HTTP/1.1" status: 204 len: 168 time: 0.3732231
2026-07-21 07:49:31.835 10 INFO neutron.wsgi [None req-7f05b85a-7c85-453f-b83e-c96ebae6a66b e8c70d8172df47a5bc4adf963444a35c c900addce058466cbb635b2c586f4826 - - default default] 10.0.0.153 "GET /v2.0/extensions HTTP/1.1" status: 200 len: 16980 time: 0.0085371
2026-07-21 07:49:31.960 10 INFO neutron.wsgi [None req-2532f088-ec4f-49de-9d48-87abbae3b67e e8c70d8172df47a5bc4adf963444a35c c900addce058466cbb635b2c586f4826 - - default default] 10.0.0.153 "GET /v2.0/quotas/c900addce058466cbb635b2c586f4826/details HTTP/1.1" status: 200 len: 756 time: 0.1066759
2026-07-21 07:49:32.012 9 INFO neutron.services.segments.plugin [-] Segment b708ce5e-c51d-4d12-b16d-3a563eb2b7ae resource provider aggregate not found
2026-07-21 07:49:32.022 9 INFO neutron.services.segments.plugin [-] Segment b708ce5e-c51d-4d12-b16d-3a563eb2b7ae resource provider aggregate not found
2026-07-21 07:49:32.034 9 INFO neutron.services.segments.plugin [-] Segment b708ce5e-c51d-4d12-b16d-3a563eb2b7ae resource provider not found; error: Placement Client Error (4xx): {"errors": [{"status": 404, "title": "Not Found", "detail": "The resource could not be found.\n\n No resource provider with uuid b708ce5e-c51d-4d12-b16d-3a563eb2b7ae found for delete ", "request_id": "req-f894ea3b-986f-4613-baad-7f007d94b9c0"}]}
2026-07-21 07:49:32.042 9 INFO neutron.services.segments.plugin [-] Segment b708ce5e-c51d-4d12-b16d-3a563eb2b7ae resource provider not found; error: Placement Client Error (4xx): {"errors": [{"status": 404, "title": "Not Found", "detail": "The resource could not be found.\n\n No resource provider with uuid b708ce5e-c51d-4d12-b16d-3a563eb2b7ae found for delete ", "request_id": "req-79f48b23-557e-4c44-aabc-8bb1c493919a"}]}
2026-07-21 07:49:32.054 9 INFO neutron.services.segments.plugin [-] Segment f2d9812e-f0b9-4ee9-99c6-cbc6dc30ac5f resource provider aggregate not found
2026-07-21 07:49:32.062 9 INFO neutron.services.segments.plugin [-] Segment f2d9812e-f0b9-4ee9-99c6-cbc6dc30ac5f resource provider aggregate not found
2026-07-21 07:49:32.071 9 INFO neutron.services.segments.plugin [-] Segment f2d9812e-f0b9-4ee9-99c6-cbc6dc30ac5f resource provider not found; error: Placement Client Error (4xx): {"errors": [{"status": 404, "title": "Not Found", "detail": "The resource could not be found.\n\n No resource provider with uuid f2d9812e-f0b9-4ee9-99c6-cbc6dc30ac5f found for delete ", "request_id": "req-c20d590e-2b99-499f-a23e-932ef0e88ffc"}]}
2026-07-21 07:49:32.081 9 INFO neutron.services.segments.plugin [-] Segment f2d9812e-f0b9-4ee9-99c6-cbc6dc30ac5f resource provider not found; error: Placement Client Error (4xx): {"errors": [{"status": 404, "title": "Not Found", "detail": "The resource could not be found.\n\n No resource provider with uuid f2d9812e-f0b9-4ee9-99c6-cbc6dc30ac5f found for delete ", "request_id": "req-280a3ddc-ad68-42b4-94d0-0d6b0c7fb091"}]}
2026-07-21 07:49:32.095 9 INFO neutron.services.segments.plugin [-] Segment 3072d992-ec8d-4b32-a21f-70fd76b0ed7f resource provider aggregate not found
2026-07-21 07:49:32.102 10 WARNING neutron_lib.context [None req-66867965-0527-4419-9532-80c79fac07fe 6064e0cdb9c04d75b488205397c737be 07e328dd1e3a4b019311af4a0e48128b - - default default] Method 'is_advsvc' is deprecated since 2023.2 release (neutron-lib 3.8.0) and will be removed once support for the old RBAC API policies will be removed from Neutron. Please use method 'is_service_role' instead.
2026-07-21 07:49:32.103 9 INFO neutron.services.segments.plugin [-] Segment 3072d992-ec8d-4b32-a21f-70fd76b0ed7f resource provider aggregate not found
2026-07-21 07:49:32.115 9 INFO neutron.services.segments.plugin [-] Segment 3072d992-ec8d-4b32-a21f-70fd76b0ed7f resource provider not found; error: Placement Client Error (4xx): {"errors": [{"status": 404, "title": "Not Found", "detail": "The resource could not be found.\n\n No resource provider with uuid 3072d992-ec8d-4b32-a21f-70fd76b0ed7f found for delete ", "request_id": "req-80268762-34b8-4a24-a179-a81cb80da22a"}]}
2026-07-21 07:49:32.118 9 INFO neutron.services.segments.plugin [-] Segment 3072d992-ec8d-4b32-a21f-70fd76b0ed7f resource provider not found; error: Placement Client Error (4xx): {"errors": [{"status": 404, "title": "Not Found", "detail": "The resource could not be found.\n\n No resource provider with uuid 3072d992-ec8d-4b32-a21f-70fd76b0ed7f found for delete ", "request_id": "req-d8d7cd8f-6f93-4f47-b1a1-f7fc05f53228"}]}
2026-07-21 07:49:32.237 10 INFO neutron.db.ovn_revision_numbers_db [None req-66867965-0527-4419-9532-80c79fac07fe 6064e0cdb9c04d75b488205397c737be 07e328dd1e3a4b019311af4a0e48128b - - default default] Successfully bumped revision number for resource 710dfe4f-d691-4b4a-a48a-93c809d583d7 (type: routers) to 1
2026-07-21 07:49:32.252 10 INFO neutron.wsgi [None req-66867965-0527-4419-9532-80c79fac07fe 6064e0cdb9c04d75b488205397c737be 07e328dd1e3a4b019311af4a0e48128b - - default default] 10.0.0.158 "POST /v2.0/routers HTTP/1.1" status: 201 len: 654 time: 0.4428487
2026-07-21 07:49:32.261 10 WARNING neutron_lib.context [None req-2ce9d240-4e96-4944-9096-8190730b9555 6064e0cdb9c04d75b488205397c737be 07e328dd1e3a4b019311af4a0e48128b - - default default] Method 'is_advsvc' is deprecated since 2023.2 release (neutron-lib 3.8.0) and will be removed once support for the old RBAC API policies will be removed from Neutron. Please use method 'is_service_role' instead.
2026-07-21 07:49:32.412 10 INFO neutron.db.ovn_revision_numbers_db [None req-2ce9d240-4e96-4944-9096-8190730b9555 6064e0cdb9c04d75b488205397c737be 07e328dd1e3a4b019311af4a0e48128b - - default default] Successfully bumped revision number for resource 5c2a67d8-6d78-4c89-8b49-b737b1eee343 (type: routers) to 1
2026-07-21 07:49:32.426 10 INFO neutron.wsgi [None req-2ce9d240-4e96-4944-9096-8190730b9555 6064e0cdb9c04d75b488205397c737be 07e328dd1e3a4b019311af4a0e48128b - - default default] 10.0.0.158 "POST /v2.0/routers HTTP/1.1" status: 201 len: 654 time: 0.1697285
2026-07-21 07:49:32.428 9 INFO neutron.db.ovn_revision_numbers_db [None req-2bcc5156-c1e9-4480-84c6-17c5f85ebb57 392083e5b101457e8f890e1524eef317 cd995afa4ffd4531a858f1c201a6e449 - - default default] Successfully bumped revision number for resource d6dc48d9-93d3-4697-9024-8bd5fa6c7bf2 (type: security_groups) to 1
2026-07-21 07:49:32.437 10 WARNING neutron_lib.context [None req-2f109dd2-2904-49d6-a4a7-2110e25bb7ff 6064e0cdb9c04d75b488205397c737be 07e328dd1e3a4b019311af4a0e48128b - - default default] Method 'is_advsvc' is deprecated since 2023.2 release (neutron-lib 3.8.0) and will be removed once support for the old RBAC API policies will be removed from Neutron. Please use method 'is_service_role' instead.
2026-07-21 07:49:32.440 9 INFO neutron.db.ovn_revision_numbers_db [None req-2bcc5156-c1e9-4480-84c6-17c5f85ebb57 392083e5b101457e8f890e1524eef317 cd995afa4ffd4531a858f1c201a6e449 - - default default] Successfully bumped revision number for resource 1f98b875-1782-4422-ae91-4302a5e44a24 (type: security_group_rules) to 0
2026-07-21 07:49:32.453 9 INFO neutron.db.ovn_revision_numbers_db [None req-2bcc5156-c1e9-4480-84c6-17c5f85ebb57 392083e5b101457e8f890e1524eef317 cd995afa4ffd4531a858f1c201a6e449 - - default default] Successfully bumped revision number for resource 563045a7-c121-455f-ba55-7a1d4b4d3c44 (type: security_group_rules) to 0
2026-07-21 07:49:32.467 9 INFO neutron.db.ovn_revision_numbers_db [None req-2bcc5156-c1e9-4480-84c6-17c5f85ebb57 392083e5b101457e8f890e1524eef317 cd995afa4ffd4531a858f1c201a6e449 - - default default] Successfully bumped revision number for resource 692fbab6-fd6c-4a18-bee1-655a2ac13794 (type: security_group_rules) to 0
2026-07-21 07:49:32.477 9 INFO neutron.db.ovn_revision_numbers_db [None req-2bcc5156-c1e9-4480-84c6-17c5f85ebb57 392083e5b101457e8f890e1524eef317 cd995afa4ffd4531a858f1c201a6e449 - - default default] Successfully bumped revision number for resource aed9377a-3713-4756-9d2d-7ada35a1c64c (type: security_group_rules) to 0
2026-07-21 07:49:32.503 9 INFO neutron.wsgi [None req-2bcc5156-c1e9-4480-84c6-17c5f85ebb57 392083e5b101457e8f890e1524eef317 cd995afa4ffd4531a858f1c201a6e449 - - default default] 10.0.0.158 "GET /v2.0/security-groups?tenant_id=7549499a285f431abadd4ca913dc4822&name=default HTTP/1.1" status: 200 len: 2996 time: 0.3897502
2026-07-21 07:49:32.592 10 INFO neutron.db.ovn_revision_numbers_db [None req-2f109dd2-2904-49d6-a4a7-2110e25bb7ff 6064e0cdb9c04d75b488205397c737be 07e328dd1e3a4b019311af4a0e48128b - - default default] Successfully bumped revision number for resource 4c8b3ac6-90a1-409b-a257-45e62343cd24 (type: routers) to 1
2026-07-21 07:49:32.606 10 INFO neutron.wsgi [None req-2f109dd2-2904-49d6-a4a7-2110e25bb7ff 6064e0cdb9c04d75b488205397c737be 07e328dd1e3a4b019311af4a0e48128b - - default default] 10.0.0.158 "POST /v2.0/routers HTTP/1.1" status: 201 len: 654 time: 0.1766057
2026-07-21 07:49:32.617 10 WARNING neutron_lib.context [None req-4c57a283-8ecb-436f-bf35-fe4bcc512b8a 6064e0cdb9c04d75b488205397c737be 07e328dd1e3a4b019311af4a0e48128b - - default default] Method 'is_advsvc' is deprecated since 2023.2 release (neutron-lib 3.8.0) and will be removed once support for the old RBAC API policies will be removed from Neutron. Please use method 'is_service_role' instead.
2026-07-21 07:49:32.654 9 INFO neutron.db.ovn_revision_numbers_db [None req-0e3cef14-5cad-47ad-82f4-1a6b5f0522ab 392083e5b101457e8f890e1524eef317 cd995afa4ffd4531a858f1c201a6e449 - - default default] Successfully bumped revision number for resource 7a3bd2cd-b060-494c-9d96-ad72fe1ae375 (type: security_groups) to 1
2026-07-21 07:49:32.667 9 INFO neutron.db.ovn_revision_numbers_db [None req-0e3cef14-5cad-47ad-82f4-1a6b5f0522ab 392083e5b101457e8f890e1524eef317 cd995afa4ffd4531a858f1c201a6e449 - - default default] Successfully bumped revision number for resource 0573a98d-f3ed-4f02-91c2-53e2a3937990 (type: security_group_rules) to 0
2026-07-21 07:49:32.684 9 INFO neutron.db.ovn_revision_numbers_db [None req-0e3cef14-5cad-47ad-82f4-1a6b5f0522ab 392083e5b101457e8f890e1524eef317 cd995afa4ffd4531a858f1c201a6e449 - - default default] Successfully bumped revision number for resource 827e5096-7bd3-4d14-acd6-ffe650c6287c (type: security_group_rules) to 0
2026-07-21 07:49:32.695 9 INFO neutron.db.ovn_revision_numbers_db [None req-0e3cef14-5cad-47ad-82f4-1a6b5f0522ab 392083e5b101457e8f890e1524eef317 cd995afa4ffd4531a858f1c201a6e449 - - default default] Successfully bumped revision number for resource 9281b158-b5ad-4e0e-8995-0b3c8ad6f79f (type: security_group_rules) to 0
2026-07-21 07:49:32.710 9 INFO neutron.db.ovn_revision_numbers_db [None req-0e3cef14-5cad-47ad-82f4-1a6b5f0522ab 392083e5b101457e8f890e1524eef317 cd995afa4ffd4531a858f1c201a6e449 - - default default] Successfully bumped revision number for resource ddf12220-3632-4691-8faa-acca3d25bd9f (type: security_group_rules) to 0
2026-07-21 07:49:32.732 9 INFO neutron.wsgi [None req-d2968b91-6b5e-49ab-a2d3-1ee04cbb397c 392083e5b101457e8f890e1524eef317 cd995afa4ffd4531a858f1c201a6e449 - - default default] 10.0.0.158 "DELETE /v2.0/security-groups/d6dc48d9-93d3-4697-9024-8bd5fa6c7bf2 HTTP/1.1" status: 204 len: 168 time: 0.2239375
2026-07-21 07:49:32.740 9 INFO neutron.wsgi [None req-0e3cef14-5cad-47ad-82f4-1a6b5f0522ab 392083e5b101457e8f890e1524eef317 cd995afa4ffd4531a858f1c201a6e449 - - default default] 10.0.0.158 "GET /v2.0/security-groups?tenant_id=084d07a803b34354a45dfd9f7a7400fb&name=default HTTP/1.1" status: 200 len: 2996 time: 0.2586384
2026-07-21 07:49:32.779 10 INFO neutron.db.ovn_revision_numbers_db [None req-4c57a283-8ecb-436f-bf35-fe4bcc512b8a 6064e0cdb9c04d75b488205397c737be 07e328dd1e3a4b019311af4a0e48128b - - default default] Successfully bumped revision number for resource 4cfd9a33-f410-4079-a993-aafa2cc0dbae (type: routers) to 1
2026-07-21 07:49:32.796 10 INFO neutron.wsgi [None req-4c57a283-8ecb-436f-bf35-fe4bcc512b8a 6064e0cdb9c04d75b488205397c737be 07e328dd1e3a4b019311af4a0e48128b - - default default] 10.0.0.158 "POST /v2.0/routers HTTP/1.1" status: 201 len: 654 time: 0.1847820
2026-07-21 07:49:32.812 9 WARNING neutron_lib.context [None req-50b1919e-6827-4b55-99e2-658a08eec5ee 6064e0cdb9c04d75b488205397c737be 07e328dd1e3a4b019311af4a0e48128b - - default default] Method 'is_advsvc' is deprecated since 2023.2 release (neutron-lib 3.8.0) and will be removed once support for the old RBAC API policies will be removed from Neutron. Please use method 'is_service_role' instead.
2026-07-21 07:49:32.964 9 INFO neutron.db.ovn_revision_numbers_db [None req-50b1919e-6827-4b55-99e2-658a08eec5ee 6064e0cdb9c04d75b488205397c737be 07e328dd1e3a4b019311af4a0e48128b - - default default] Successfully bumped revision number for resource e99c0fee-9844-407f-8930-9a7ba6e3258f (type: routers) to 1
2026-07-21 07:49:32.988 9 INFO neutron.wsgi [None req-50b1919e-6827-4b55-99e2-658a08eec5ee 6064e0cdb9c04d75b488205397c737be 07e328dd1e3a4b019311af4a0e48128b - - default default] 10.0.0.158 "POST /v2.0/routers HTTP/1.1" status: 201 len: 654 time: 0.1883163
2026-07-21 07:49:33.025 10 INFO neutron.db.ovn_revision_numbers_db [None req-c1f69912-a443-4b73-be74-63ece627e2ad 392083e5b101457e8f890e1524eef317 cd995afa4ffd4531a858f1c201a6e449 - - default default] Successfully bumped revision number for resource 44143962-d52d-4051-b786-07c7a5ba0894 (type: security_groups) to 1
2026-07-21 07:49:33.046 10 INFO neutron.db.ovn_revision_numbers_db [None req-c1f69912-a443-4b73-be74-63ece627e2ad 392083e5b101457e8f890e1524eef317 cd995afa4ffd4531a858f1c201a6e449 - - default default] Successfully bumped revision number for resource 1938a3b4-1aa1-489a-b703-9449ee21a748 (type: security_group_rules) to 0
2026-07-21 07:49:33.081 10 INFO neutron.db.ovn_revision_numbers_db [None req-c1f69912-a443-4b73-be74-63ece627e2ad 392083e5b101457e8f890e1524eef317 cd995afa4ffd4531a858f1c201a6e449 - - default default] Successfully bumped revision number for resource 91c6e192-96af-4724-bb4b-8fea729d315c (type: security_group_rules) to 0
2026-07-21 07:49:33.082 9 INFO neutron.wsgi [None req-df271c3a-8ef2-4da9-87a1-7eb54948a84c 6064e0cdb9c04d75b488205397c737be 07e328dd1e3a4b019311af4a0e48128b - - default default] 10.0.0.158 "PUT /v2.0/routers/710dfe4f-d691-4b4a-a48a-93c809d583d7/tags HTTP/1.1" status: 200 len: 210 time: 0.0816066
2026-07-21 07:49:33.096 10 INFO neutron.db.ovn_revision_numbers_db [None req-c1f69912-a443-4b73-be74-63ece627e2ad 392083e5b101457e8f890e1524eef317 cd995afa4ffd4531a858f1c201a6e449 - - default default] Successfully bumped revision number for resource c57842d0-06c2-43e4-a88f-fa42a950149a (type: security_group_rules) to 0
2026-07-21 07:49:33.102 9 INFO neutron.wsgi [None req-f8b69202-c9e5-4992-932c-d3dcf7e46d78 392083e5b101457e8f890e1524eef317 cd995afa4ffd4531a858f1c201a6e449 - - default default] 10.0.0.158 "DELETE /v2.0/security-groups/7a3bd2cd-b060-494c-9d96-ad72fe1ae375 HTTP/1.1" status: 204 len: 168 time: 0.3566716
2026-07-21 07:49:33.110 10 INFO neutron.db.ovn_revision_numbers_db [None req-c1f69912-a443-4b73-be74-63ece627e2ad 392083e5b101457e8f890e1524eef317 cd995afa4ffd4531a858f1c201a6e449 - - default default] Successfully bumped revision number for resource f2f7c891-6efd-4893-a8de-33f61b80dd2e (type: security_group_rules) to 0
2026-07-21 07:49:33.135 10 INFO neutron.wsgi [None req-c1f69912-a443-4b73-be74-63ece627e2ad 392083e5b101457e8f890e1524eef317 cd995afa4ffd4531a858f1c201a6e449 - - default default] 10.0.0.158 "GET /v2.0/security-groups?tenant_id=667b40ba87fe403a8e1d1e6296310b4c&name=default HTTP/1.1" status: 200 len: 2996 time: 0.2636757
2026-07-21 07:49:33.165 9 INFO neutron.wsgi [None req-cc018fd2-4e55-46a6-98df-82ad10ce55bd 6064e0cdb9c04d75b488205397c737be 07e328dd1e3a4b019311af4a0e48128b - - default default] 10.0.0.158 "PUT /v2.0/routers/5c2a67d8-6d78-4c89-8b49-b737b1eee343/tags HTTP/1.1" status: 200 len: 218 time: 0.0793810
2026-07-21 07:49:33.323 9 INFO neutron.wsgi [None req-f08c9059-79e8-4d68-9774-96750c32725a 392083e5b101457e8f890e1524eef317 cd995afa4ffd4531a858f1c201a6e449 - - default default] 10.0.0.158 "GET /v2.0/security-groups?tenant_id=003636bc9dd34e9e947400139cb8b35e&name=default HTTP/1.1" status: 200 len: 2996 time: 0.0342770
2026-07-21 07:49:33.512 9 INFO neutron.wsgi [None req-228ec547-2a63-4fb5-9bdc-f7a3a3a24317 392083e5b101457e8f890e1524eef317 cd995afa4ffd4531a858f1c201a6e449 - - default default] 10.0.0.158 "DELETE /v2.0/security-groups/5dde4329-93b8-4baf-b3b1-03e73b5b1cb5 HTTP/1.1" status: 204 len: 168 time: 0.1847348
2026-07-21 07:49:33.525 10 INFO neutron.wsgi [None req-dc1c588f-219a-4f21-8b53-4dd9ee7f7291 6064e0cdb9c04d75b488205397c737be 07e328dd1e3a4b019311af4a0e48128b - - default default] 10.0.0.158 "PUT /v2.0/routers/4c8b3ac6-90a1-409b-a257-45e62343cd24/tags HTTP/1.1" status: 200 len: 227 time: 0.3558071
2026-07-21 07:49:33.579 9 INFO neutron.wsgi [None req-3b5f3ddc-e4a5-4b9b-97ec-5668b9793b29 6064e0cdb9c04d75b488205397c737be 07e328dd1e3a4b019311af4a0e48128b - - default default] 10.0.0.158 "PUT /v2.0/routers/4cfd9a33-f410-4079-a993-aafa2cc0dbae/tags HTTP/1.1" status: 200 len: 212 time: 0.0513821
2026-07-21 07:49:33.640 10 INFO neutron.wsgi [None req-0239357b-b244-4629-8b80-210891cab581 392083e5b101457e8f890e1524eef317 cd995afa4ffd4531a858f1c201a6e449 - - default default] 10.0.0.158 "DELETE /v2.0/security-groups/44143962-d52d-4051-b786-07c7a5ba0894 HTTP/1.1" status: 204 len: 168 time: 0.4970338
2026-07-21 07:49:33.762 10 INFO neutron.db.ovn_revision_numbers_db [None req-5e2819bf-4928-48a5-b7fc-651b035a692b 392083e5b101457e8f890e1524eef317 cd995afa4ffd4531a858f1c201a6e449 - - default default] Successfully bumped revision number for resource 5b3beccd-13f0-4dd8-8af9-f8f9d2999bc0 (type: security_groups) to 1
2026-07-21 07:49:33.775 10 INFO neutron.db.ovn_revision_numbers_db [None req-5e2819bf-4928-48a5-b7fc-651b035a692b 392083e5b101457e8f890e1524eef317 cd995afa4ffd4531a858f1c201a6e449 - - default default] Successfully bumped revision number for resource 32714895-323e-4c80-a0c8-f0c651e3e2ad (type: security_group_rules) to 0
2026-07-21 07:49:33.788 10 INFO neutron.db.ovn_revision_numbers_db [None req-5e2819bf-4928-48a5-b7fc-651b035a692b 392083e5b101457e8f890e1524eef317 cd995afa4ffd4531a858f1c201a6e449 - - default default] Successfully bumped revision number for resource 7a3e112b-37e1-429b-bc5e-aeeabf80fbfe (type: security_group_rules) to 0
2026-07-21 07:49:33.804 10 INFO neutron.db.ovn_revision_numbers_db [None req-5e2819bf-4928-48a5-b7fc-651b035a692b 392083e5b101457e8f890e1524eef317 cd995afa4ffd4531a858f1c201a6e449 - - default default] Successfully bumped revision number for resource 7f44992a-8367-4cda-8fc2-d79ec7e6e146 (type: security_group_rules) to 0
2026-07-21 07:49:33.817 10 INFO neutron.db.ovn_revision_numbers_db [None req-5e2819bf-4928-48a5-b7fc-651b035a692b 392083e5b101457e8f890e1524eef317 cd995afa4ffd4531a858f1c201a6e449 - - default default] Successfully bumped revision number for resource faf44a75-3095-47ec-b190-ea859acf58c9 (type: security_group_rules) to 0
2026-07-21 07:49:33.839 10 INFO neutron.wsgi [None req-5e2819bf-4928-48a5-b7fc-651b035a692b 392083e5b101457e8f890e1524eef317 cd995afa4ffd4531a858f1c201a6e449 - - default default] 10.0.0.158 "GET /v2.0/security-groups?tenant_id=4236e9eb65a94a17a0ccfed9168996f4&name=default HTTP/1.1" status: 200 len: 2996 time: 0.1815352
2026-07-21 07:49:33.886 9 INFO neutron.wsgi [None req-f1de4487-f064-451d-8d96-4e06ccf993bd 6064e0cdb9c04d75b488205397c737be 07e328dd1e3a4b019311af4a0e48128b - - default default] 10.0.0.158 "GET /v2.0/routers?tags=red HTTP/1.1" status: 200 len: 1601 time: 0.3018548
2026-07-21 07:49:34.003 10 INFO neutron.wsgi [None req-1090a7f2-a0a4-4911-a2d2-b76f5fb90f7e 6064e0cdb9c04d75b488205397c737be 07e328dd1e3a4b019311af4a0e48128b - - default default] 10.0.0.158 "GET /v2.0/routers?tags=red%2Cblue HTTP/1.1" status: 200 len: 1144 time: 0.1108086
2026-07-21 07:49:34.041 10 INFO neutron.wsgi [-] 10.0.0.246 "GET / HTTP/1.1" status: 200 len: 247 time: 0.0018127
2026-07-21 07:49:34.043 10 INFO neutron.wsgi [-] 10.0.0.246 "GET / HTTP/1.1" status: 200 len: 247 time: 0.0013647
2026-07-21 07:49:34.098 9 INFO neutron.wsgi [None req-8b497d9a-2008-4c10-bd1d-e613b0caca5a 6064e0cdb9c04d75b488205397c737be 07e328dd1e3a4b019311af4a0e48128b - - default default] 10.0.0.158 "GET /v2.0/routers?tags-any=blue HTTP/1.1" status: 200 len: 1144 time: 0.0883813
2026-07-21 07:49:34.163 9 INFO neutron.wsgi [None req-4d979939-83cd-4847-84c2-1725a9c902bd 6064e0cdb9c04d75b488205397c737be 07e328dd1e3a4b019311af4a0e48128b - - default default] 10.0.0.158 "GET /v2.0/routers?tags-any=red%2Cblue HTTP/1.1" status: 200 len: 1601 time: 0.0608799
2026-07-21 07:49:34.191 10 INFO neutron.wsgi [None req-0a5de6ec-efd2-4b30-8f08-fa545621347e 392083e5b101457e8f890e1524eef317 cd995afa4ffd4531a858f1c201a6e449 - - default default] 10.0.0.158 "DELETE /v2.0/security-groups/5b3beccd-13f0-4dd8-8af9-f8f9d2999bc0 HTTP/1.1" status: 204 len: 168 time: 0.3433964
2026-07-21 07:49:34.241 10 INFO neutron.wsgi [None req-df38253a-f22f-4def-a5e4-7526b9330040 6064e0cdb9c04d75b488205397c737be 07e328dd1e3a4b019311af4a0e48128b - - default default] 10.0.0.158 "GET /v2.0/routers?not-tags=red HTTP/1.1" status: 200 len: 1116 time: 0.0705974
2026-07-21 07:49:34.321 10 INFO neutron.wsgi [None req-6aa36b7d-3091-4f04-87e6-25c9306f9280 6064e0cdb9c04d75b488205397c737be 07e328dd1e3a4b019311af4a0e48128b - - default default] 10.0.0.158 "GET /v2.0/routers?not-tags=red%2Cblue HTTP/1.1" status: 200 len: 1573 time: 0.0756276
2026-07-21 07:49:34.390 10 INFO neutron.wsgi [None req-2b2e2a7b-5866-43bd-aef5-e47010e15530 6064e0cdb9c04d75b488205397c737be 07e328dd1e3a4b019311af4a0e48128b - - default default] 10.0.0.158 "GET /v2.0/routers?not-tags-any=blue HTTP/1.1" status: 200 len: 1573 time: 0.0650508
2026-07-21 07:49:34.432 10 INFO neutron.wsgi [None req-4514bff7-a70f-4f23-a9ed-c020b9cb4cdd 6064e0cdb9c04d75b488205397c737be 07e328dd1e3a4b019311af4a0e48128b - - default default] 10.0.0.158 "GET /v2.0/routers?not-tags-any=red%2Cblue HTTP/1.1" status: 200 len: 1116 time: 0.0381577
2026-07-21 07:49:34.478 10 INFO neutron.wsgi [None req-58fcd491-a195-4b9f-855f-f95a7a3e6c29 6064e0cdb9c04d75b488205397c737be 07e328dd1e3a4b019311af4a0e48128b - - default default] 10.0.0.158 "GET /v2.0/routers/710dfe4f-d691-4b4a-a48a-93c809d583d7 HTTP/1.1" status: 200 len: 660 time: 0.0400534
2026-07-21 07:49:34.702 9 INFO neutron.db.ovn_revision_numbers_db [None req-e27fe269-b40f-488e-afb5-2054d58af9cb 392083e5b101457e8f890e1524eef317 cd995afa4ffd4531a858f1c201a6e449 - - default default] Successfully bumped revision number for resource fc51659c-6f29-48f1-bfb6-03c3969f3211 (type: security_groups) to 1
2026-07-21 07:49:34.715 9 INFO neutron.db.ovn_revision_numbers_db [None req-e27fe269-b40f-488e-afb5-2054d58af9cb 392083e5b101457e8f890e1524eef317 cd995afa4ffd4531a858f1c201a6e449 - - default default] Successfully bumped revision number for resource 0598bc55-68de-4068-b09c-b71b1f7ad1af (type: security_group_rules) to 0
2026-07-21 07:49:34.728 9 INFO neutron.db.ovn_revision_numbers_db [None req-e27fe269-b40f-488e-afb5-2054d58af9cb 392083e5b101457e8f890e1524eef317 cd995afa4ffd4531a858f1c201a6e449 - - default default] Successfully bumped revision number for resource b1ec09fe-dc71-4c7f-9393-6e8b8ad321f4 (type: security_group_rules) to 0
2026-07-21 07:49:34.748 9 INFO neutron.db.ovn_revision_numbers_db [None req-e27fe269-b40f-488e-afb5-2054d58af9cb 392083e5b101457e8f890e1524eef317 cd995afa4ffd4531a858f1c201a6e449 - - default default] Successfully bumped revision number for resource b67edbac-08ae-4b10-b9b8-228fea0e9dd7 (type: security_group_rules) to 0
2026-07-21 07:49:34.763 9 INFO neutron.db.ovn_revision_numbers_db [None req-e27fe269-b40f-488e-afb5-2054d58af9cb 392083e5b101457e8f890e1524eef317 cd995afa4ffd4531a858f1c201a6e449 - - default default] Successfully bumped revision number for resource d05ee041-4ae1-4d52-b515-afd635e4e04d (type: security_group_rules) to 0
2026-07-21 07:49:34.789 9 INFO neutron.wsgi [None req-e27fe269-b40f-488e-afb5-2054d58af9cb 392083e5b101457e8f890e1524eef317 cd995afa4ffd4531a858f1c201a6e449 - - default default] 10.0.0.158 "GET /v2.0/security-groups?tenant_id=c900addce058466cbb635b2c586f4826&name=default HTTP/1.1" status: 200 len: 2996 time: 0.3407218
2026-07-21 07:49:35.000 10 INFO neutron.db.ovn_revision_numbers_db [None req-9b64a6e0-f771-4d55-a0c8-1ddce65adf09 6064e0cdb9c04d75b488205397c737be 07e328dd1e3a4b019311af4a0e48128b - - default default] Successfully bumped revision number for resource 710dfe4f-d691-4b4a-a48a-93c809d583d7 (type: routers) to 2
2026-07-21 07:49:35.001 9 INFO neutron.wsgi [None req-5735b4e3-f923-4021-9588-b490c5d290f2 392083e5b101457e8f890e1524eef317 cd995afa4ffd4531a858f1c201a6e449 - - default default] 10.0.0.158 "DELETE /v2.0/security-groups/fc51659c-6f29-48f1-bfb6-03c3969f3211 HTTP/1.1" status: 204 len: 168 time: 0.2074265
2026-07-21 07:49:35.004 10 INFO neutron.wsgi [None req-9b64a6e0-f771-4d55-a0c8-1ddce65adf09 6064e0cdb9c04d75b488205397c737be 07e328dd1e3a4b019311af4a0e48128b - - default default] 10.0.0.158 "PUT /v2.0/routers/710dfe4f-d691-4b4a-a48a-93c809d583d7 HTTP/1.1" status: 200 len: 660 time: 0.5209765
2026-07-21 07:49:35.032 9 INFO neutron.wsgi [None req-8994c870-874e-4db3-9ed8-c9ca4c90c4ef 6064e0cdb9c04d75b488205397c737be 07e328dd1e3a4b019311af4a0e48128b - - default default] 10.0.0.158 "GET /v2.0/ports?device_id=710dfe4f-d691-4b4a-a48a-93c809d583d7 HTTP/1.1" status: 200 len: 205 time: 0.0235527
2026-07-21 07:49:35.283 10 INFO neutron.wsgi [None req-5ba6d5b1-e694-48c3-8f06-5ce0378afc5b 6064e0cdb9c04d75b488205397c737be 07e328dd1e3a4b019311af4a0e48128b - - default default] 10.0.0.158 "DELETE /v2.0/routers/710dfe4f-d691-4b4a-a48a-93c809d583d7 HTTP/1.1" status: 204 len: 168 time: 0.2467628
2026-07-21 07:49:35.342 10 INFO neutron.wsgi [None req-48be04dc-7f94-4062-9482-56d6522f8034 6064e0cdb9c04d75b488205397c737be 07e328dd1e3a4b019311af4a0e48128b - - default default] 10.0.0.158 "GET /v2.0/routers/5c2a67d8-6d78-4c89-8b49-b737b1eee343 HTTP/1.1" status: 200 len: 668 time: 0.0533423
2026-07-21 07:49:36.129 10 INFO neutron.db.ovn_revision_numbers_db [None req-c473b96b-79ab-46fa-94c5-9214473d02cc 6064e0cdb9c04d75b488205397c737be 07e328dd1e3a4b019311af4a0e48128b - - default default] Successfully bumped revision number for resource 5c2a67d8-6d78-4c89-8b49-b737b1eee343 (type: routers) to 2
2026-07-21 07:49:36.133 10 INFO neutron.wsgi [None req-c473b96b-79ab-46fa-94c5-9214473d02cc 6064e0cdb9c04d75b488205397c737be 07e328dd1e3a4b019311af4a0e48128b - - default default] 10.0.0.158 "PUT /v2.0/routers/5c2a67d8-6d78-4c89-8b49-b737b1eee343 HTTP/1.1" status: 200 len: 668 time: 0.7844477
2026-07-21 07:49:36.159 10 INFO neutron.wsgi [None req-558783aa-9cc3-43df-b8f0-d4993c0eafda 6064e0cdb9c04d75b488205397c737be 07e328dd1e3a4b019311af4a0e48128b - - default default] 10.0.0.158 "GET /v2.0/ports?device_id=5c2a67d8-6d78-4c89-8b49-b737b1eee343 HTTP/1.1" status: 200 len: 205 time: 0.0194273
2026-07-21 07:49:36.423 10 INFO neutron.wsgi [None req-28d119ce-a08c-475e-b414-807299125a55 6064e0cdb9c04d75b488205397c737be 07e328dd1e3a4b019311af4a0e48128b - - default default] 10.0.0.158 "DELETE /v2.0/routers/5c2a67d8-6d78-4c89-8b49-b737b1eee343 HTTP/1.1" status: 204 len: 168 time: 0.2619681
2026-07-21 07:49:36.476 10 INFO neutron.wsgi [None req-72c6bf5d-2bf8-45aa-8874-447e46534f49 6064e0cdb9c04d75b488205397c737be 07e328dd1e3a4b019311af4a0e48128b - - default default] 10.0.0.158 "GET /v2.0/routers/4c8b3ac6-90a1-409b-a257-45e62343cd24 HTTP/1.1" status: 200 len: 677 time: 0.0480273
2026-07-21 07:49:36.963 10 INFO neutron.db.ovn_revision_numbers_db [None req-6b7efeec-a420-4f85-a5ba-5a1c945e8cce 6064e0cdb9c04d75b488205397c737be 07e328dd1e3a4b019311af4a0e48128b - - default default] Successfully bumped revision number for resource 4c8b3ac6-90a1-409b-a257-45e62343cd24 (type: routers) to 2
2026-07-21 07:49:36.972 10 INFO neutron.wsgi [None req-6b7efeec-a420-4f85-a5ba-5a1c945e8cce 6064e0cdb9c04d75b488205397c737be 07e328dd1e3a4b019311af4a0e48128b - - default default] 10.0.0.158 "PUT /v2.0/routers/4c8b3ac6-90a1-409b-a257-45e62343cd24 HTTP/1.1" status: 200 len: 677 time: 0.4903049
2026-07-21 07:49:36.994 10 INFO neutron.wsgi [None req-f1d7dba7-c809-43f7-beb5-b39607ebb6a6 6064e0cdb9c04d75b488205397c737be 07e328dd1e3a4b019311af4a0e48128b - - default default] 10.0.0.158 "GET /v2.0/ports?device_id=4c8b3ac6-90a1-409b-a257-45e62343cd24 HTTP/1.1" status: 200 len: 205 time: 0.0167742
2026-07-21 07:49:37.284 10 INFO neutron.wsgi [None req-b3f5943f-e7d7-4e78-8fa0-01a615dda86e 6064e0cdb9c04d75b488205397c737be 07e328dd1e3a4b019311af4a0e48128b - - default default] 10.0.0.158 "DELETE /v2.0/routers/4c8b3ac6-90a1-409b-a257-45e62343cd24 HTTP/1.1" status: 204 len: 168 time: 0.2828956
2026-07-21 07:49:37.351 10 INFO neutron.wsgi [None req-3e574ffd-cc2a-49eb-8ab3-77cfa1914a05 6064e0cdb9c04d75b488205397c737be 07e328dd1e3a4b019311af4a0e48128b - - default default] 10.0.0.158 "GET /v2.0/routers/4cfd9a33-f410-4079-a993-aafa2cc0dbae HTTP/1.1" status: 200 len: 662 time: 0.0627141
2026-07-21 07:49:37.511 9 WARNING neutron_lib.context [None req-23acd14b-2351-45d8-a86b-dca5a5d9832a 2b42bda6d4804906956c5a4a51ce03e4 353d2fa459094682a2031fcf7066f4b1 - - default default] Method 'is_advsvc' is deprecated since 2023.2 release (neutron-lib 3.8.0) and will be removed once support for the old RBAC API policies will be removed from Neutron. Please use method 'is_service_role' instead.
2026-07-21 07:49:37.679 9 INFO neutron.db.ovn_revision_numbers_db [None req-23acd14b-2351-45d8-a86b-dca5a5d9832a 2b42bda6d4804906956c5a4a51ce03e4 353d2fa459094682a2031fcf7066f4b1 - - default default] Successfully bumped revision number for resource f5fa1d4d-6d1d-470c-a010-35d013f19cfa (type: security_groups) to 1
2026-07-21 07:49:37.691 9 INFO neutron.db.ovn_revision_numbers_db [None req-23acd14b-2351-45d8-a86b-dca5a5d9832a 2b42bda6d4804906956c5a4a51ce03e4 353d2fa459094682a2031fcf7066f4b1 - - default default] Successfully bumped revision number for resource 274838d6-4890-460f-9de0-bb4d9235f395 (type: security_group_rules) to 0
2026-07-21 07:49:37.705 9 INFO neutron.db.ovn_revision_numbers_db [None req-23acd14b-2351-45d8-a86b-dca5a5d9832a 2b42bda6d4804906956c5a4a51ce03e4 353d2fa459094682a2031fcf7066f4b1 - - default default] Successfully bumped revision number for resource 6f41c352-6687-464c-aa31-88283c9571bc (type: security_group_rules) to 0
2026-07-21 07:49:37.721 9 INFO neutron.db.ovn_revision_numbers_db [None req-23acd14b-2351-45d8-a86b-dca5a5d9832a 2b42bda6d4804906956c5a4a51ce03e4 353d2fa459094682a2031fcf7066f4b1 - - default default] Successfully bumped revision number for resource ac8c6998-7cc4-4b24-bc97-5c7e52107381 (type: security_group_rules) to 0
2026-07-21 07:49:37.742 9 INFO neutron.db.ovn_revision_numbers_db [None req-23acd14b-2351-45d8-a86b-dca5a5d9832a 2b42bda6d4804906956c5a4a51ce03e4 353d2fa459094682a2031fcf7066f4b1 - - default default] Successfully bumped revision number for resource fd68130a-91e7-454b-bb08-6753aad1c439 (type: security_group_rules) to 0
2026-07-21 07:49:37.798 9 INFO neutron.db.segments_db [None req-23acd14b-2351-45d8-a86b-dca5a5d9832a 2b42bda6d4804906956c5a4a51ce03e4 353d2fa459094682a2031fcf7066f4b1 - - default default] Added segment d176262d-8ae6-41ef-babd-5ffb84b2684f of type geneve for network 742f8b80-d4af-4a62-a8ab-091ffb5f9c70
2026-07-21 07:49:37.835 10 INFO neutron.db.ovn_revision_numbers_db [None req-87cbb300-129f-429b-a522-7af55e7af928 6064e0cdb9c04d75b488205397c737be 07e328dd1e3a4b019311af4a0e48128b - - default default] Successfully bumped revision number for resource 4cfd9a33-f410-4079-a993-aafa2cc0dbae (type: routers) to 2
2026-07-21 07:49:37.836 9 INFO neutron.db.ovn_revision_numbers_db [None req-908f3ed8-2d3e-44ca-ab49-b3b096c385eb 392083e5b101457e8f890e1524eef317 cd995afa4ffd4531a858f1c201a6e449 - - default default] Successfully bumped revision number for resource 8442fc2f-ff38-4b1a-b9b1-db12041c15f1 (type: security_groups) to 1
2026-07-21 07:49:37.838 10 INFO neutron.wsgi [None req-87cbb300-129f-429b-a522-7af55e7af928 6064e0cdb9c04d75b488205397c737be 07e328dd1e3a4b019311af4a0e48128b - - default default] 10.0.0.158 "PUT /v2.0/routers/4cfd9a33-f410-4079-a993-aafa2cc0dbae HTTP/1.1" status: 200 len: 662 time: 0.4820063
2026-07-21 07:49:37.869 10 INFO neutron.wsgi [None req-f50e59a3-0f54-4e98-acc7-af99a6aaf025 6064e0cdb9c04d75b488205397c737be 07e328dd1e3a4b019311af4a0e48128b - - default default] 10.0.0.158 "GET /v2.0/ports?device_id=4cfd9a33-f410-4079-a993-aafa2cc0dbae HTTP/1.1" status: 200 len: 205 time: 0.0264077
