2026-07-21 07:47:27.169 10 INFO neutron.wsgi [req-5393598f-9dd9-4a9d-92aa-e84c1afd105c req-63625f01-a576-418b-b181-585498812b80 f1708b344cf944ceb4b45a23543aa568 5fbacf0cf08d4a29ab97893c932fdab7 - - 941e9478a541400a9dea1998c30101af 941e9478a541400a9dea1998c30101af] 199.204.45.109 "GET /v2.0/ports?network_id=bfc54dd5-a73e-42e9-8203-57c55c0c22da&device_owner=network%3Adhcp HTTP/1.1" status: 200 len: 210 time: 0.0208821
2026-07-21 07:47:27.193 9 INFO neutron.wsgi [req-3c732f6a-579a-4c8b-8ba1-ee43f90a95d7 req-cce84df7-4d11-4ce7-8a97-b88dce720e4e 806f8c056f364e159ea2705939738d50 16a1f05138dd498894554e968010cf02 - - default default] 10.0.0.29 "GET /v2.0/security-groups?id=dc5babba-61f3-47ae-bd56-6eb19325d2c7&fields=id&fields=name HTTP/1.1" status: 200 len: 312 time: 0.0473785
2026-07-21 07:47:27.200 9 WARNING neutron.plugins.ml2.drivers.ovn.mech_driver.ovsdb.ovn_client [None req-edcfc3cf-e4fd-463d-9ac2-f673b9c71150 - - - - - -] No hosting information found for port 626d52bb-c26f-4611-8892-a1ed54830772: RuntimeError: No hosting information found for port 626d52bb-c26f-4611-8892-a1ed54830772
2026-07-21 07:47:27.226 10 INFO neutron.wsgi [req-5393598f-9dd9-4a9d-92aa-e84c1afd105c req-3cc0cdb4-e18f-489e-bade-b604e0f035ec f1708b344cf944ceb4b45a23543aa568 5fbacf0cf08d4a29ab97893c932fdab7 - - 941e9478a541400a9dea1998c30101af 941e9478a541400a9dea1998c30101af] 199.204.45.109 "GET /v2.0/networks/bfc54dd5-a73e-42e9-8203-57c55c0c22da?fields=segments HTTP/1.1" status: 200 len: 212 time: 0.0508456
2026-07-21 07:47:27.302 10 INFO neutron.wsgi [req-5393598f-9dd9-4a9d-92aa-e84c1afd105c req-0bd0975d-ddef-463e-85bc-efe6c32b6d3e f1708b344cf944ceb4b45a23543aa568 5fbacf0cf08d4a29ab97893c932fdab7 - - 941e9478a541400a9dea1998c30101af 941e9478a541400a9dea1998c30101af] 199.204.45.109 "GET /v2.0/networks/bfc54dd5-a73e-42e9-8203-57c55c0c22da?fields=provider%3Aphysical_network&fields=provider%3Anetwork_type HTTP/1.1" status: 200 len: 277 time: 0.0694456
2026-07-21 07:47:27.407 10 INFO neutron.wsgi [req-3de501fd-c5d8-46eb-ab08-89a462e83a18 req-4594b312-ceb1-441e-8af5-db5c503922c5 f1708b344cf944ceb4b45a23543aa568 5fbacf0cf08d4a29ab97893c932fdab7 - - 941e9478a541400a9dea1998c30101af 941e9478a541400a9dea1998c30101af] 199.204.45.109 "GET /v2.0/ports?tenant_id=16a1f05138dd498894554e968010cf02&device_id=42fa77b6-cf02-47fb-b3ac-0ca4b303f4e5 HTTP/1.1" status: 200 len: 1407 time: 0.0543418
2026-07-21 07:47:27.487 9 INFO neutron.db.ovn_revision_numbers_db [None req-99d52770-93e6-4d9d-9170-633cbbbdad3c 392083e5b101457e8f890e1524eef317 cd995afa4ffd4531a858f1c201a6e449 - - default default] Successfully bumped revision number for resource e15e67fd-6582-4527-ba51-6073f12e7fc0 (type: security_groups) to 1
2026-07-21 07:47:27.497 10 INFO neutron.plugins.ml2.drivers.ovn.mech_driver.mech_driver [None req-9a7bc7a7-8e58-4f31-9213-24392d36372a - - - - - -] OVN reports status up for port: 125fff50-0d1d-444b-9bc7-1138d7817a00
2026-07-21 07:47:27.502 9 INFO neutron.db.ovn_revision_numbers_db [None req-99d52770-93e6-4d9d-9170-633cbbbdad3c 392083e5b101457e8f890e1524eef317 cd995afa4ffd4531a858f1c201a6e449 - - default default] Successfully bumped revision number for resource 280c1939-e6ee-4e5b-8a93-34e78a2acbd9 (type: security_group_rules) to 0
2026-07-21 07:47:27.510 10 INFO neutron.wsgi [req-3de501fd-c5d8-46eb-ab08-89a462e83a18 req-21fe64f8-3af8-4332-b86a-4804a87122a3 f1708b344cf944ceb4b45a23543aa568 5fbacf0cf08d4a29ab97893c932fdab7 - - 941e9478a541400a9dea1998c30101af 941e9478a541400a9dea1998c30101af] 199.204.45.109 "GET /v2.0/networks?id=bfc54dd5-a73e-42e9-8203-57c55c0c22da HTTP/1.1" status: 200 len: 973 time: 0.0955014
2026-07-21 07:47:27.515 9 INFO neutron.db.ovn_revision_numbers_db [None req-99d52770-93e6-4d9d-9170-633cbbbdad3c 392083e5b101457e8f890e1524eef317 cd995afa4ffd4531a858f1c201a6e449 - - default default] Successfully bumped revision number for resource 633b529c-a163-49d5-9e17-da9084fa1d05 (type: security_group_rules) to 0
2026-07-21 07:47:27.523 10 INFO neutron.plugins.ml2.plugin [None req-9a7bc7a7-8e58-4f31-9213-24392d36372a - - - - - -] Attempt 1 to provision port 125fff50-0d1d-444b-9bc7-1138d7817a00
2026-07-21 07:47:27.528 9 INFO neutron.db.ovn_revision_numbers_db [None req-99d52770-93e6-4d9d-9170-633cbbbdad3c 392083e5b101457e8f890e1524eef317 cd995afa4ffd4531a858f1c201a6e449 - - default default] Successfully bumped revision number for resource 8443f9e4-34be-43b7-b405-97b04dbc5293 (type: security_group_rules) to 0
2026-07-21 07:47:27.540 9 INFO neutron.db.ovn_revision_numbers_db [None req-99d52770-93e6-4d9d-9170-633cbbbdad3c 392083e5b101457e8f890e1524eef317 cd995afa4ffd4531a858f1c201a6e449 - - default default] Successfully bumped revision number for resource bc3249a5-7a62-4724-b464-694e3d734fe3 (type: security_group_rules) to 0
2026-07-21 07:47:27.542 10 INFO neutron.wsgi [req-3de501fd-c5d8-46eb-ab08-89a462e83a18 req-a666b9fe-bf7e-416d-827a-895ea711230d f1708b344cf944ceb4b45a23543aa568 5fbacf0cf08d4a29ab97893c932fdab7 - - 941e9478a541400a9dea1998c30101af 941e9478a541400a9dea1998c30101af] 199.204.45.109 "GET /v2.0/floatingips?fixed_ip_address=10.100.0.7&port_id=125fff50-0d1d-444b-9bc7-1138d7817a00 HTTP/1.1" status: 200 len: 217 time: 0.0265694
2026-07-21 07:47:27.573 9 INFO neutron.wsgi [None req-99d52770-93e6-4d9d-9170-633cbbbdad3c 392083e5b101457e8f890e1524eef317 cd995afa4ffd4531a858f1c201a6e449 - - default default] 10.0.0.158 "GET /v2.0/security-groups?tenant_id=abe90d8df61f4058affa87536648bf88&name=default HTTP/1.1" status: 200 len: 2996 time: 0.4854827
2026-07-21 07:47:27.615 10 INFO neutron.wsgi [req-3de501fd-c5d8-46eb-ab08-89a462e83a18 req-5de81d63-0ac9-441c-afaf-aa022206ad07 f1708b344cf944ceb4b45a23543aa568 5fbacf0cf08d4a29ab97893c932fdab7 - - 941e9478a541400a9dea1998c30101af 941e9478a541400a9dea1998c30101af] 199.204.45.109 "GET /v2.0/subnets?id=9452f312-a120-4580-9573-b5009155751e HTTP/1.1" status: 200 len: 868 time: 0.0641143
2026-07-21 07:47:27.648 10 INFO neutron.wsgi [req-3de501fd-c5d8-46eb-ab08-89a462e83a18 req-0f8cb7a5-3eb1-4087-b182-169b5cf89ff8 f1708b344cf944ceb4b45a23543aa568 5fbacf0cf08d4a29ab97893c932fdab7 - - 941e9478a541400a9dea1998c30101af 941e9478a541400a9dea1998c30101af] 199.204.45.109 "GET /v2.0/ports?network_id=bfc54dd5-a73e-42e9-8203-57c55c0c22da&device_owner=network%3Adhcp HTTP/1.1" status: 200 len: 210 time: 0.0276451
2026-07-21 07:47:27.806 9 INFO neutron.wsgi [None req-595215b4-d7fd-4935-a4c3-3cedc3e22f72 392083e5b101457e8f890e1524eef317 cd995afa4ffd4531a858f1c201a6e449 - - default default] 10.0.0.158 "DELETE /v2.0/security-groups/e15e67fd-6582-4527-ba51-6073f12e7fc0 HTTP/1.1" status: 204 len: 168 time: 0.2276921
2026-07-21 07:47:27.941 10 INFO neutron.wsgi [req-3de501fd-c5d8-46eb-ab08-89a462e83a18 req-b99ab64d-8207-4ede-90b4-5bc74bc0807a f1708b344cf944ceb4b45a23543aa568 5fbacf0cf08d4a29ab97893c932fdab7 - - 941e9478a541400a9dea1998c30101af 941e9478a541400a9dea1998c30101af] 199.204.45.109 "GET /v2.0/networks/bfc54dd5-a73e-42e9-8203-57c55c0c22da?fields=segments HTTP/1.1" status: 200 len: 212 time: 0.2858615
2026-07-21 07:47:28.017 10 INFO neutron.wsgi [req-3de501fd-c5d8-46eb-ab08-89a462e83a18 req-f95ce9a2-9c75-4624-b760-143b8b9508ab f1708b344cf944ceb4b45a23543aa568 5fbacf0cf08d4a29ab97893c932fdab7 - - 941e9478a541400a9dea1998c30101af 941e9478a541400a9dea1998c30101af] 199.204.45.109 "GET /v2.0/networks/bfc54dd5-a73e-42e9-8203-57c55c0c22da?fields=provider%3Aphysical_network&fields=provider%3Anetwork_type HTTP/1.1" status: 200 len: 277 time: 0.0673289
2026-07-21 07:47:28.100 10 INFO neutron.db.ovn_revision_numbers_db [None req-9a7bc7a7-8e58-4f31-9213-24392d36372a - - - - - -] Successfully bumped revision number for resource 125fff50-0d1d-444b-9bc7-1138d7817a00 (type: ports) to 4 /var/lib/openstack/lib/python3.10/site-packages/pycadf/identifier.py:71: UserWarning: Invalid uuid: neutron. To ensure interoperability, identifiers should be a valid uuid. warnings.warn(('Invalid uuid: %s. To ensure interoperability, '
2026-07-21 07:47:28.314 9 INFO neutron.wsgi [req-28715251-c3b1-488b-9487-2102eef12d12 req-6ea2a51a-0020-4b51-a356-190b7171ce9e 806f8c056f364e159ea2705939738d50 16a1f05138dd498894554e968010cf02 - - default default] 10.0.0.29 "GET /v2.0/ports?device_id=42fa77b6-cf02-47fb-b3ac-0ca4b303f4e5 HTTP/1.1" status: 200 len: 1170 time: 0.0402784
2026-07-21 07:47:28.351 9 INFO neutron.wsgi [req-28715251-c3b1-488b-9487-2102eef12d12 req-d4b67030-a1a7-45a3-97cd-0a81cfdf15b4 806f8c056f364e159ea2705939738d50 16a1f05138dd498894554e968010cf02 - - default default] 10.0.0.29 "GET /v2.0/security-groups?id=dc5babba-61f3-47ae-bd56-6eb19325d2c7&fields=id&fields=name HTTP/1.1" status: 200 len: 312 time: 0.0314102
2026-07-21 07:47:28.398 10 INFO neutron.db.ovn_revision_numbers_db [None req-abbc7703-900a-44a6-9287-1f6a7086b957 392083e5b101457e8f890e1524eef317 cd995afa4ffd4531a858f1c201a6e449 - - default default] Successfully bumped revision number for resource 02d6a42f-8576-4eef-86ef-d64b30dbb3d2 (type: security_groups) to 1
2026-07-21 07:47:28.413 10 INFO neutron.db.ovn_revision_numbers_db [None req-abbc7703-900a-44a6-9287-1f6a7086b957 392083e5b101457e8f890e1524eef317 cd995afa4ffd4531a858f1c201a6e449 - - default default] Successfully bumped revision number for resource 0c0d0a1a-340a-47b6-ad1a-7852ec696463 (type: security_group_rules) to 0
2026-07-21 07:47:28.432 10 INFO neutron.db.ovn_revision_numbers_db [None req-abbc7703-900a-44a6-9287-1f6a7086b957 392083e5b101457e8f890e1524eef317 cd995afa4ffd4531a858f1c201a6e449 - - default default] Successfully bumped revision number for resource 8ff73920-e7be-4122-a06a-91d003b00ea3 (type: security_group_rules) to 0
2026-07-21 07:47:28.448 10 INFO neutron.db.ovn_revision_numbers_db [None req-abbc7703-900a-44a6-9287-1f6a7086b957 392083e5b101457e8f890e1524eef317 cd995afa4ffd4531a858f1c201a6e449 - - default default] Successfully bumped revision number for resource a1109bd5-fb96-465d-97cf-714b03361343 (type: security_group_rules) to 0
2026-07-21 07:47:28.461 10 INFO neutron.db.ovn_revision_numbers_db [None req-abbc7703-900a-44a6-9287-1f6a7086b957 392083e5b101457e8f890e1524eef317 cd995afa4ffd4531a858f1c201a6e449 - - default default] Successfully bumped revision number for resource a16fe978-968f-44a6-b18b-76b70720253f (type: security_group_rules) to 0
2026-07-21 07:47:28.486 10 INFO neutron.wsgi [None req-abbc7703-900a-44a6-9287-1f6a7086b957 392083e5b101457e8f890e1524eef317 cd995afa4ffd4531a858f1c201a6e449 - - default default] 10.0.0.158 "GET /v2.0/security-groups?tenant_id=e8075b3e14864ba5bdfd57c45a584275&name=default HTTP/1.1" status: 200 len: 2996 time: 0.3900347
2026-07-21 07:47:28.674 10 INFO neutron.wsgi [None req-483b501b-1628-42e3-9da5-652ac8e8b6db 392083e5b101457e8f890e1524eef317 cd995afa4ffd4531a858f1c201a6e449 - - default default] 10.0.0.158 "DELETE /v2.0/security-groups/02d6a42f-8576-4eef-86ef-d64b30dbb3d2 HTTP/1.1" status: 204 len: 168 time: 0.1842425
2026-07-21 07:47:29.058 10 INFO neutron.notifiers.nova [-] Nova event matching ['req-67be5090-d7be-40b1-90de-5a2581507df5'] response: {'server_uuid': '42fa77b6-cf02-47fb-b3ac-0ca4b303f4e5', 'name': 'network-vif-plugged', 'status': 'completed', 'tag': '125fff50-0d1d-444b-9bc7-1138d7817a00', 'code': 200}
2026-07-21 07:47:29.059 10 INFO neutron.notifiers.nova [-] Nova event matching ['req-67be5090-d7be-40b1-90de-5a2581507df5'] response: {'server_uuid': '42fa77b6-cf02-47fb-b3ac-0ca4b303f4e5', 'name': 'network-vif-plugged', 'status': 'completed', 'tag': '125fff50-0d1d-444b-9bc7-1138d7817a00', 'code': 200}
2026-07-21 07:47:29.469 9 INFO neutron.wsgi [req-dba47509-cb3a-449c-98ca-c9c1be1be9d5 req-f65a66bf-aeb6-4014-8bb6-f499a68aa2fc 806f8c056f364e159ea2705939738d50 16a1f05138dd498894554e968010cf02 - - default default] 10.0.0.29 "GET /v2.0/ports?device_id=42fa77b6-cf02-47fb-b3ac-0ca4b303f4e5 HTTP/1.1" status: 200 len: 1170 time: 0.0549500
2026-07-21 07:47:29.517 9 INFO neutron.wsgi [req-dba47509-cb3a-449c-98ca-c9c1be1be9d5 req-1dc7a3dc-be03-483a-a2d9-8980209b6054 806f8c056f364e159ea2705939738d50 16a1f05138dd498894554e968010cf02 - - default default] 10.0.0.29 "GET /v2.0/security-groups?id=dc5babba-61f3-47ae-bd56-6eb19325d2c7&fields=id&fields=name HTTP/1.1" status: 200 len: 312 time: 0.0389361
2026-07-21 07:47:29.679 9 INFO neutron.wsgi [req-fa1a33f6-c04c-4eed-8ac5-2d5e10452c8b req-f9c44e2b-04fa-44e8-950f-a862ed0d046f 806f8c056f364e159ea2705939738d50 16a1f05138dd498894554e968010cf02 - - default default] 10.0.0.29 "GET /v2.0/ports?device_id=42fa77b6-cf02-47fb-b3ac-0ca4b303f4e5 HTTP/1.1" status: 200 len: 1170 time: 0.0996025
2026-07-21 07:47:29.913 9 INFO neutron.db.l3_db [None req-0958bb3e-2eab-4c13-a632-5c3966188996 806f8c056f364e159ea2705939738d50 16a1f05138dd498894554e968010cf02 - - default default] Floating IP f29581c2-c97b-49bb-abdf-0ada4c77142e associated. External IP: 10.96.250.215, port: 125fff50-0d1d-444b-9bc7-1138d7817a00.
2026-07-21 07:47:30.159 9 INFO neutron.db.ovn_revision_numbers_db [None req-0958bb3e-2eab-4c13-a632-5c3966188996 806f8c056f364e159ea2705939738d50 16a1f05138dd498894554e968010cf02 - - default default] Successfully bumped revision number for resource f29581c2-c97b-49bb-abdf-0ada4c77142e (type: floatingips) to 1
2026-07-21 07:47:30.308 9 INFO neutron.db.ovn_revision_numbers_db [None req-0958bb3e-2eab-4c13-a632-5c3966188996 806f8c056f364e159ea2705939738d50 16a1f05138dd498894554e968010cf02 - - default default] Successfully bumped revision number for resource f29581c2-c97b-49bb-abdf-0ada4c77142e (type: floatingips) to 2
2026-07-21 07:47:30.335 9 INFO neutron.wsgi [None req-0958bb3e-2eab-4c13-a632-5c3966188996 806f8c056f364e159ea2705939738d50 16a1f05138dd498894554e968010cf02 - - default default] 10.0.0.158 "PUT /v2.0/floatingips/f29581c2-c97b-49bb-abdf-0ada4c77142e HTTP/1.1" status: 200 len: 1049 time: 0.6488581
2026-07-21 07:47:30.375 9 INFO neutron.notifiers.nova [-] Nova event matching ['req-9f9d0666-3ab9-4233-a220-14310939c5ad'] response: {'name': 'network-changed', 'server_uuid': '42fa77b6-cf02-47fb-b3ac-0ca4b303f4e5', 'tag': '125fff50-0d1d-444b-9bc7-1138d7817a00', 'status': 'completed', 'code': 200} /var/lib/openstack/lib/python3.10/site-packages/pycadf/identifier.py:71: UserWarning: Invalid uuid: neutron. To ensure interoperability, identifiers should be a valid uuid. warnings.warn(('Invalid uuid: %s. To ensure interoperability, '
2026-07-21 07:47:30.423 9 INFO neutron.wsgi [req-9ffa648a-4dcd-4a8a-8953-36f885d6fef8 req-fdee465c-83b1-487d-bda3-fdc865178621 806f8c056f364e159ea2705939738d50 16a1f05138dd498894554e968010cf02 - - default default] 10.0.0.29 "GET /v2.0/ports?device_id=42fa77b6-cf02-47fb-b3ac-0ca4b303f4e5 HTTP/1.1" status: 200 len: 1170 time: 0.0418942
2026-07-21 07:47:30.447 10 INFO neutron.wsgi [req-d20d32df-c39a-4092-a399-76397e824d50 req-62c902ac-5416-408c-92f4-abad856b8b3e f1708b344cf944ceb4b45a23543aa568 5fbacf0cf08d4a29ab97893c932fdab7 - - 941e9478a541400a9dea1998c30101af 941e9478a541400a9dea1998c30101af] 199.204.45.109 "GET /v2.0/ports?tenant_id=16a1f05138dd498894554e968010cf02&device_id=42fa77b6-cf02-47fb-b3ac-0ca4b303f4e5 HTTP/1.1" status: 200 len: 1409 time: 0.0509052
2026-07-21 07:47:30.475 9 INFO neutron.wsgi [req-9ffa648a-4dcd-4a8a-8953-36f885d6fef8 req-79436e3e-6c9a-4742-9e9e-4ae58aeaecc3 806f8c056f364e159ea2705939738d50 16a1f05138dd498894554e968010cf02 - - default default] 10.0.0.29 "GET /v2.0/security-groups?id=dc5babba-61f3-47ae-bd56-6eb19325d2c7&fields=id&fields=name HTTP/1.1" status: 200 len: 312 time: 0.0433931
2026-07-21 07:47:30.522 10 INFO neutron.wsgi [req-d20d32df-c39a-4092-a399-76397e824d50 req-83fa2b1d-a48e-4c4c-804d-85050a4b9a5d f1708b344cf944ceb4b45a23543aa568 5fbacf0cf08d4a29ab97893c932fdab7 - - 941e9478a541400a9dea1998c30101af 941e9478a541400a9dea1998c30101af] 199.204.45.109 "GET /v2.0/networks?id=bfc54dd5-a73e-42e9-8203-57c55c0c22da HTTP/1.1" status: 200 len: 973 time: 0.0700111
2026-07-21 07:47:30.575 10 INFO neutron.wsgi [req-d20d32df-c39a-4092-a399-76397e824d50 req-00518412-30f8-48e5-b308-d183a27b2d43 f1708b344cf944ceb4b45a23543aa568 5fbacf0cf08d4a29ab97893c932fdab7 - - 941e9478a541400a9dea1998c30101af 941e9478a541400a9dea1998c30101af] 199.204.45.109 "GET /v2.0/floatingips?fixed_ip_address=10.100.0.7&port_id=125fff50-0d1d-444b-9bc7-1138d7817a00 HTTP/1.1" status: 200 len: 1059 time: 0.0490346
2026-07-21 07:47:30.621 10 INFO neutron.wsgi [req-d20d32df-c39a-4092-a399-76397e824d50 req-56131c00-22fa-4624-861a-177ef5b5111a f1708b344cf944ceb4b45a23543aa568 5fbacf0cf08d4a29ab97893c932fdab7 - - 941e9478a541400a9dea1998c30101af 941e9478a541400a9dea1998c30101af] 199.204.45.109 "GET /v2.0/subnets?id=9452f312-a120-4580-9573-b5009155751e HTTP/1.1" status: 200 len: 868 time: 0.0447607
2026-07-21 07:47:30.661 10 INFO neutron.wsgi [req-d20d32df-c39a-4092-a399-76397e824d50 req-ddec78f4-817c-4b21-acb4-fab3273f1992 f1708b344cf944ceb4b45a23543aa568 5fbacf0cf08d4a29ab97893c932fdab7 - - 941e9478a541400a9dea1998c30101af 941e9478a541400a9dea1998c30101af] 199.204.45.109 "GET /v2.0/ports?network_id=bfc54dd5-a73e-42e9-8203-57c55c0c22da&device_owner=network%3Adhcp HTTP/1.1" status: 200 len: 210 time: 0.0349803
2026-07-21 07:47:30.744 10 INFO neutron.wsgi [req-d20d32df-c39a-4092-a399-76397e824d50 req-1a5d47f7-5065-4e7e-b3f2-f0ea9d89140a f1708b344cf944ceb4b45a23543aa568 5fbacf0cf08d4a29ab97893c932fdab7 - - 941e9478a541400a9dea1998c30101af 941e9478a541400a9dea1998c30101af] 199.204.45.109 "GET /v2.0/networks/bfc54dd5-a73e-42e9-8203-57c55c0c22da?fields=segments HTTP/1.1" status: 200 len: 212 time: 0.0754540
2026-07-21 07:47:30.836 10 INFO neutron.wsgi [req-d20d32df-c39a-4092-a399-76397e824d50 req-eb71a2b5-e8f0-42ce-9f1e-710595fea1c2 f1708b344cf944ceb4b45a23543aa568 5fbacf0cf08d4a29ab97893c932fdab7 - - 941e9478a541400a9dea1998c30101af 941e9478a541400a9dea1998c30101af] 199.204.45.109 "GET /v2.0/networks/bfc54dd5-a73e-42e9-8203-57c55c0c22da?fields=provider%3Aphysical_network&fields=provider%3Anetwork_type HTTP/1.1" status: 200 len: 277 time: 0.0867987
2026-07-21 07:47:30.874 10 INFO neutron.plugins.ml2.drivers.ovn.mech_driver.mech_driver [None req-9a7bc7a7-8e58-4f31-9213-24392d36372a - - - - - -] OVN reports status down for port: 125fff50-0d1d-444b-9bc7-1138d7817a00
2026-07-21 07:47:30.910 9 INFO neutron.wsgi [req-1e2cc316-7281-4e05-b3de-567942ff177f req-a1949c53-e783-4ef2-bbd9-0343ce260740 806f8c056f364e159ea2705939738d50 16a1f05138dd498894554e968010cf02 - - default default] 10.0.0.29 "GET /v2.0/ports?device_id=42fa77b6-cf02-47fb-b3ac-0ca4b303f4e5 HTTP/1.1" status: 200 len: 1170 time: 0.0546281
2026-07-21 07:47:30.974 9 INFO neutron.wsgi [req-1e2cc316-7281-4e05-b3de-567942ff177f req-c689d1e3-c777-4a9e-a9bb-88ea5f69cf89 806f8c056f364e159ea2705939738d50 16a1f05138dd498894554e968010cf02 - - default default] 10.0.0.29 "GET /v2.0/security-groups?id=dc5babba-61f3-47ae-bd56-6eb19325d2c7&fields=id&fields=name HTTP/1.1" status: 200 len: 312 time: 0.0573711
2026-07-21 07:47:31.048 9 INFO neutron.db.ovn_revision_numbers_db [None req-feef1eca-97f6-4379-a44e-52207c5c9efc 392083e5b101457e8f890e1524eef317 cd995afa4ffd4531a858f1c201a6e449 - - default default] Successfully bumped revision number for resource 0c748cd1-7d9d-4fde-85d0-bff21ec5cd75 (type: security_groups) to 1
2026-07-21 07:47:31.061 9 INFO neutron.db.ovn_revision_numbers_db [None req-feef1eca-97f6-4379-a44e-52207c5c9efc 392083e5b101457e8f890e1524eef317 cd995afa4ffd4531a858f1c201a6e449 - - default default] Successfully bumped revision number for resource 0da8b548-ed37-4854-bea2-3d5ca5efe1a8 (type: security_group_rules) to 0
2026-07-21 07:47:31.076 9 INFO neutron.db.ovn_revision_numbers_db [None req-feef1eca-97f6-4379-a44e-52207c5c9efc 392083e5b101457e8f890e1524eef317 cd995afa4ffd4531a858f1c201a6e449 - - default default] Successfully bumped revision number for resource 86b80116-0c69-4b41-9402-6ab0033c768e (type: security_group_rules) to 0
2026-07-21 07:47:31.091 9 INFO neutron.db.ovn_revision_numbers_db [None req-feef1eca-97f6-4379-a44e-52207c5c9efc 392083e5b101457e8f890e1524eef317 cd995afa4ffd4531a858f1c201a6e449 - - default default] Successfully bumped revision number for resource 96574f59-c89e-4d69-9236-f0657e40f98c (type: security_group_rules) to 0
2026-07-21 07:47:31.103 10 INFO neutron.notifiers.nova [-] Nova event matching ['req-11e6bea0-09d4-4b92-8d08-6246982c3257'] response: {'server_uuid': '42fa77b6-cf02-47fb-b3ac-0ca4b303f4e5', 'name': 'network-vif-unplugged', 'status': 'completed', 'tag': '125fff50-0d1d-444b-9bc7-1138d7817a00', 'code': 200}
2026-07-21 07:47:31.110 9 INFO neutron.db.ovn_revision_numbers_db [None req-feef1eca-97f6-4379-a44e-52207c5c9efc 392083e5b101457e8f890e1524eef317 cd995afa4ffd4531a858f1c201a6e449 - - default default] Successfully bumped revision number for resource fc3d03cc-43cf-48f5-b391-1f145e1d79ae (type: security_group_rules) to 0
2026-07-21 07:47:31.136 9 INFO neutron.wsgi [None req-feef1eca-97f6-4379-a44e-52207c5c9efc 392083e5b101457e8f890e1524eef317 cd995afa4ffd4531a858f1c201a6e449 - - default default] 10.0.0.158 "GET /v2.0/security-groups?tenant_id=d1661ba6b067435498d8fd2b6be8b6b4&name=default HTTP/1.1" status: 200 len: 2996 time: 0.4537499
2026-07-21 07:47:31.278 10 INFO neutron.wsgi [req-a6faa7c0-e692-4c02-8c0e-cc80b4fe48b5 req-23900826-0232-4cb9-a0e1-23905ca69038 806f8c056f364e159ea2705939738d50 16a1f05138dd498894554e968010cf02 - - default default] 199.204.45.109 "GET /v2.0/ports?device_id=42fa77b6-cf02-47fb-b3ac-0ca4b303f4e5 HTTP/1.1" status: 200 len: 1168 time: 0.1100636
2026-07-21 07:47:31.279 10 INFO neutron.db.ovn_revision_numbers_db [None req-9a7bc7a7-8e58-4f31-9213-24392d36372a - - - - - -] Successfully bumped revision number for resource 125fff50-0d1d-444b-9bc7-1138d7817a00 (type: ports) to 5
2026-07-21 07:47:31.338 9 INFO neutron.wsgi [None req-46fa30e6-fc44-428b-a0c1-a35955aca063 392083e5b101457e8f890e1524eef317 cd995afa4ffd4531a858f1c201a6e449 - - default default] 10.0.0.158 "DELETE /v2.0/security-groups/0c748cd1-7d9d-4fde-85d0-bff21ec5cd75 HTTP/1.1" status: 204 len: 168 time: 0.1964543 /var/lib/openstack/lib/python3.10/site-packages/pycadf/identifier.py:71: UserWarning: Invalid uuid: neutron. To ensure interoperability, identifiers should be a valid uuid. warnings.warn(('Invalid uuid: %s. To ensure interoperability, '
2026-07-21 07:47:31.617 10 INFO neutron.db.l3_db [req-a6faa7c0-e692-4c02-8c0e-cc80b4fe48b5 req-317c4192-8302-4e80-8356-704f1847c1cb 806f8c056f364e159ea2705939738d50 16a1f05138dd498894554e968010cf02 - - default default] Floating IP f29581c2-c97b-49bb-abdf-0ada4c77142e disassociated. External IP: 10.96.250.215, port: 125fff50-0d1d-444b-9bc7-1138d7817a00.
2026-07-21 07:47:31.692 10 INFO neutron.db.ovn_revision_numbers_db [None req-40d0860d-8031-4acb-8c4e-fbca5fd38871 392083e5b101457e8f890e1524eef317 cd995afa4ffd4531a858f1c201a6e449 - - default default] Successfully bumped revision number for resource f7b64ab3-43d5-4156-abd0-11ca4ba45ef6 (type: security_groups) to 1
2026-07-21 07:47:31.711 10 INFO neutron.db.ovn_revision_numbers_db [None req-40d0860d-8031-4acb-8c4e-fbca5fd38871 392083e5b101457e8f890e1524eef317 cd995afa4ffd4531a858f1c201a6e449 - - default default] Successfully bumped revision number for resource 3a7c683b-1dae-4ba6-9810-df888182ba37 (type: security_group_rules) to 0
2026-07-21 07:47:31.735 10 INFO neutron.db.ovn_revision_numbers_db [None req-40d0860d-8031-4acb-8c4e-fbca5fd38871 392083e5b101457e8f890e1524eef317 cd995afa4ffd4531a858f1c201a6e449 - - default default] Successfully bumped revision number for resource 64c8bbdf-fb5a-4c36-a64e-42c406b386c4 (type: security_group_rules) to 0
2026-07-21 07:47:31.756 10 INFO neutron.db.ovn_revision_numbers_db [None req-40d0860d-8031-4acb-8c4e-fbca5fd38871 392083e5b101457e8f890e1524eef317 cd995afa4ffd4531a858f1c201a6e449 - - default default] Successfully bumped revision number for resource 71026b61-2490-4eb6-b44c-c35dc6e21e5a (type: security_group_rules) to 0
2026-07-21 07:47:31.764 9 INFO neutron.db.ovn_revision_numbers_db [None req-573cf3b3-5ff6-4651-87f3-91624a29481e 392083e5b101457e8f890e1524eef317 cd995afa4ffd4531a858f1c201a6e449 - - default default] Successfully bumped revision number for resource 64678a1e-a484-4dba-93bb-f857e3637bf0 (type: security_groups) to 1
2026-07-21 07:47:31.777 9 INFO neutron.db.ovn_revision_numbers_db [None req-573cf3b3-5ff6-4651-87f3-91624a29481e 392083e5b101457e8f890e1524eef317 cd995afa4ffd4531a858f1c201a6e449 - - default default] Successfully bumped revision number for resource 3f83e7f7-5bd1-4b04-a976-c1798d37867d (type: security_group_rules) to 0
2026-07-21 07:47:31.783 10 INFO neutron.db.ovn_revision_numbers_db [None req-40d0860d-8031-4acb-8c4e-fbca5fd38871 392083e5b101457e8f890e1524eef317 cd995afa4ffd4531a858f1c201a6e449 - - default default] Successfully bumped revision number for resource acfeb35d-fcaa-4ed9-b9f8-5f4a66fa33d4 (type: security_group_rules) to 0
2026-07-21 07:47:31.803 9 INFO neutron.db.ovn_revision_numbers_db [None req-573cf3b3-5ff6-4651-87f3-91624a29481e 392083e5b101457e8f890e1524eef317 cd995afa4ffd4531a858f1c201a6e449 - - default default] Successfully bumped revision number for resource 7ed1dca9-6250-459a-8a66-15d859dfa164 (type: security_group_rules) to 0
2026-07-21 07:47:31.819 10 INFO neutron.wsgi [None req-40d0860d-8031-4acb-8c4e-fbca5fd38871 392083e5b101457e8f890e1524eef317 cd995afa4ffd4531a858f1c201a6e449 - - default default] 10.0.0.158 "GET /v2.0/security-groups?tenant_id=2c3b45916a184eca91b8a19783eac089&name=default HTTP/1.1" status: 200 len: 2996 time: 0.3466198
2026-07-21 07:47:31.822 9 INFO neutron.db.ovn_revision_numbers_db [None req-573cf3b3-5ff6-4651-87f3-91624a29481e 392083e5b101457e8f890e1524eef317 cd995afa4ffd4531a858f1c201a6e449 - - default default] Successfully bumped revision number for resource de54d469-c4ea-469c-8215-020b6630a176 (type: security_group_rules) to 0
2026-07-21 07:47:31.857 10 INFO neutron.wsgi [req-a6faa7c0-e692-4c02-8c0e-cc80b4fe48b5 req-317c4192-8302-4e80-8356-704f1847c1cb 806f8c056f364e159ea2705939738d50 16a1f05138dd498894554e968010cf02 - - default default] 199.204.45.109 "DELETE /v2.0/ports/125fff50-0d1d-444b-9bc7-1138d7817a00 HTTP/1.1" status: 204 len: 173 time: 0.5735924
2026-07-21 07:47:31.859 9 INFO neutron.db.ovn_revision_numbers_db [None req-573cf3b3-5ff6-4651-87f3-91624a29481e 392083e5b101457e8f890e1524eef317 cd995afa4ffd4531a858f1c201a6e449 - - default default] Successfully bumped revision number for resource ef9b0ba3-7ce1-46fe-93b7-94b5a7df7865 (type: security_group_rules) to 0
2026-07-21 07:47:31.888 9 INFO neutron.wsgi [None req-573cf3b3-5ff6-4651-87f3-91624a29481e 392083e5b101457e8f890e1524eef317 cd995afa4ffd4531a858f1c201a6e449 - - default default] 10.0.0.158 "GET /v2.0/security-groups?tenant_id=d51a0bb1030f421d868f15d2b4227d2c&name=default HTTP/1.1" status: 200 len: 2996 time: 0.3414972 /var/lib/openstack/lib/python3.10/site-packages/pycadf/identifier.py:71: UserWarning: Invalid uuid: neutron. To ensure interoperability, identifiers should be a valid uuid. warnings.warn(('Invalid uuid: %s. To ensure interoperability, '
2026-07-21 07:47:32.065 9 INFO neutron.wsgi [None req-8844392a-a007-48a4-bc0c-82a4eaba129b 392083e5b101457e8f890e1524eef317 cd995afa4ffd4531a858f1c201a6e449 - - default default] 10.0.0.158 "DELETE /v2.0/security-groups/f7b64ab3-43d5-4156-abd0-11ca4ba45ef6 HTTP/1.1" status: 204 len: 168 time: 0.2393355
2026-07-21 07:47:32.091 9 INFO neutron.wsgi [req-6b114862-b352-461c-9ac2-affe7092e36f req-3ff56d08-bfdc-4583-bad6-4ad105bf5727 806f8c056f364e159ea2705939738d50 16a1f05138dd498894554e968010cf02 - - default default] 10.0.0.29 "GET /v2.0/ports?device_id=42fa77b6-cf02-47fb-b3ac-0ca4b303f4e5 HTTP/1.1" status: 200 len: 210 time: 0.0245392
2026-07-21 07:47:32.142 10 INFO neutron.wsgi [None req-bdf945c6-01e3-4f39-ae7d-9dda4970bea7 392083e5b101457e8f890e1524eef317 cd995afa4ffd4531a858f1c201a6e449 - - default default] 10.0.0.158 "DELETE /v2.0/security-groups/64678a1e-a484-4dba-93bb-f857e3637bf0 HTTP/1.1" status: 204 len: 168 time: 0.2492990
2026-07-21 07:47:33.168 10 INFO neutron.notifiers.nova [-] Nova event matching ['req-07b85c97-050a-465e-b2e7-f5bd386faecb'] response: {'server_uuid': '42fa77b6-cf02-47fb-b3ac-0ca4b303f4e5', 'name': 'network-vif-plugged', 'status': 'completed', 'tag': '125fff50-0d1d-444b-9bc7-1138d7817a00', 'code': 200}
2026-07-21 07:47:33.168 10 INFO neutron.notifiers.nova [-] Nova event matching ['req-07b85c97-050a-465e-b2e7-f5bd386faecb'] response: {'server_uuid': '42fa77b6-cf02-47fb-b3ac-0ca4b303f4e5', 'name': 'network-vif-deleted', 'tag': '125fff50-0d1d-444b-9bc7-1138d7817a00', 'status': 'completed', 'code': 200}
2026-07-21 07:47:33.353 10 INFO neutron.wsgi [None req-2b0966ab-7b75-4b9f-8743-44f4b2999fb4 806f8c056f364e159ea2705939738d50 16a1f05138dd498894554e968010cf02 - - default default] 10.0.0.158 "DELETE /v2.0/security-groups/dc5babba-61f3-47ae-bd56-6eb19325d2c7 HTTP/1.1" status: 204 len: 168 time: 0.1687348
2026-07-21 07:47:33.369 10 INFO neutron.api.v2.resource [None req-19f5d1e2-ebfa-476c-885c-ce1d9b31ca0c 806f8c056f364e159ea2705939738d50 16a1f05138dd498894554e968010cf02 - - default default] show failed (client error): The resource could not be found.
2026-07-21 07:47:33.371 10 INFO neutron.wsgi [None req-19f5d1e2-ebfa-476c-885c-ce1d9b31ca0c 806f8c056f364e159ea2705939738d50 16a1f05138dd498894554e968010cf02 - - default default] 10.0.0.158 "GET /v2.0/security-groups/dc5babba-61f3-47ae-bd56-6eb19325d2c7 HTTP/1.1" status: 404 len: 347 time: 0.0120592
2026-07-21 07:47:33.664 10 INFO neutron.wsgi [None req-daf8fe12-ef92-4bab-99d2-15cb1d252180 806f8c056f364e159ea2705939738d50 16a1f05138dd498894554e968010cf02 - - default default] 10.0.0.158 "DELETE /v2.0/floatingips/f29581c2-c97b-49bb-abdf-0ada4c77142e HTTP/1.1" status: 204 len: 168 time: 0.2883143
2026-07-21 07:47:34.040 10 INFO neutron.wsgi [-] 10.0.0.246 "GET / HTTP/1.1" status: 200 len: 247 time: 0.0013669
2026-07-21 07:47:34.043 9 INFO neutron.wsgi [-] 10.0.0.246 "GET / HTTP/1.1" status: 200 len: 247 time: 0.0041871
2026-07-21 07:47:34.675 10 INFO neutron.wsgi [None req-77b82eeb-0b69-4782-831e-a6435a087bdd 392083e5b101457e8f890e1524eef317 cd995afa4ffd4531a858f1c201a6e449 - - default default] 10.0.0.158 "PUT /v2.0/routers/5b179ee3-5325-43ec-84d8-10f6cd7bf9b6/remove_router_interface HTTP/1.1" status: 200 len: 503 time: 1.0053585
2026-07-21 07:47:34.761 10 INFO neutron.db.ovn_revision_numbers_db [None req-e159f8e4-c2d4-403f-96e9-bfe9835a3ddb 392083e5b101457e8f890e1524eef317 cd995afa4ffd4531a858f1c201a6e449 - - default default] Successfully bumped revision number for resource 56d11040-67eb-4b7b-8c3e-75aae8055138 (type: security_groups) to 1
2026-07-21 07:47:34.775 10 INFO neutron.db.ovn_revision_numbers_db [None req-e159f8e4-c2d4-403f-96e9-bfe9835a3ddb 392083e5b101457e8f890e1524eef317 cd995afa4ffd4531a858f1c201a6e449 - - default default] Successfully bumped revision number for resource 40ca1e7a-a5d9-4f21-80e6-fff210c9a2f1 (type: security_group_rules) to 0
2026-07-21 07:47:34.790 10 INFO neutron.db.ovn_revision_numbers_db [None req-e159f8e4-c2d4-403f-96e9-bfe9835a3ddb 392083e5b101457e8f890e1524eef317 cd995afa4ffd4531a858f1c201a6e449 - - default default] Successfully bumped revision number for resource 70a49b6a-6c2e-45e8-9bba-d6b73250b7d8 (type: security_group_rules) to 0
2026-07-21 07:47:34.807 10 INFO neutron.db.ovn_revision_numbers_db [None req-e159f8e4-c2d4-403f-96e9-bfe9835a3ddb 392083e5b101457e8f890e1524eef317 cd995afa4ffd4531a858f1c201a6e449 - - default default] Successfully bumped revision number for resource 746fbf5c-db41-4ce1-8ec4-38de5bc370c2 (type: security_group_rules) to 0
2026-07-21 07:47:34.826 10 INFO neutron.db.ovn_revision_numbers_db [None req-e159f8e4-c2d4-403f-96e9-bfe9835a3ddb 392083e5b101457e8f890e1524eef317 cd995afa4ffd4531a858f1c201a6e449 - - default default] Successfully bumped revision number for resource f3594464-541d-41ca-8652-37bfaec19300 (type: security_group_rules) to 0
2026-07-21 07:47:34.855 10 INFO neutron.wsgi [None req-e159f8e4-c2d4-403f-96e9-bfe9835a3ddb 392083e5b101457e8f890e1524eef317 cd995afa4ffd4531a858f1c201a6e449 - - default default] 10.0.0.158 "GET /v2.0/security-groups?tenant_id=4e1bfec445f345149ff9d42e3e981c73&name=default HTTP/1.1" status: 200 len: 2996 time: 0.3986139 /var/lib/openstack/lib/python3.10/site-packages/pycadf/identifier.py:71: UserWarning: Invalid uuid: neutron. To ensure interoperability, identifiers should be a valid uuid. warnings.warn(('Invalid uuid: %s. To ensure interoperability, '
2026-07-21 07:47:35.086 10 INFO neutron.wsgi [None req-323dde45-745d-4fa1-a764-ec2de2a850c0 392083e5b101457e8f890e1524eef317 cd995afa4ffd4531a858f1c201a6e449 - - default default] 10.0.0.158 "DELETE /v2.0/security-groups/56d11040-67eb-4b7b-8c3e-75aae8055138 HTTP/1.1" status: 204 len: 168 time: 0.2250702
2026-07-21 07:47:35.748 10 INFO neutron.db.ovn_revision_numbers_db [None req-93764e67-0a0b-443d-b171-0ee1723099e6 392083e5b101457e8f890e1524eef317 cd995afa4ffd4531a858f1c201a6e449 - - default default] Successfully bumped revision number for resource d4fb0a1a-015d-41eb-9ed1-a57717199032 (type: security_groups) to 1
2026-07-21 07:47:35.763 10 INFO neutron.db.ovn_revision_numbers_db [None req-93764e67-0a0b-443d-b171-0ee1723099e6 392083e5b101457e8f890e1524eef317 cd995afa4ffd4531a858f1c201a6e449 - - default default] Successfully bumped revision number for resource 2b67f249-4a17-4ba0-b7b4-7aa7f90fe9ed (type: security_group_rules) to 0
2026-07-21 07:47:35.775 10 INFO neutron.db.ovn_revision_numbers_db [None req-93764e67-0a0b-443d-b171-0ee1723099e6 392083e5b101457e8f890e1524eef317 cd995afa4ffd4531a858f1c201a6e449 - - default default] Successfully bumped revision number for resource e99d4774-0e99-4e8e-9998-ac2ab09814d3 (type: security_group_rules) to 0
2026-07-21 07:47:35.790 10 INFO neutron.db.ovn_revision_numbers_db [None req-93764e67-0a0b-443d-b171-0ee1723099e6 392083e5b101457e8f890e1524eef317 cd995afa4ffd4531a858f1c201a6e449 - - default default] Successfully bumped revision number for resource efe0f4e9-9f9c-4914-a803-ea34619cea25 (type: security_group_rules) to 0
2026-07-21 07:47:35.795 9 INFO neutron.wsgi [None req-7c323444-5a84-4f7e-8c34-a494e23eb679 392083e5b101457e8f890e1524eef317 cd995afa4ffd4531a858f1c201a6e449 - - default default] 10.0.0.158 "DELETE /v2.0/routers/5b179ee3-5325-43ec-84d8-10f6cd7bf9b6 HTTP/1.1" status: 204 len: 168 time: 1.1159019
2026-07-21 07:47:35.803 10 INFO neutron.db.ovn_revision_numbers_db [None req-93764e67-0a0b-443d-b171-0ee1723099e6 392083e5b101457e8f890e1524eef317 cd995afa4ffd4531a858f1c201a6e449 - - default default] Successfully bumped revision number for resource ffad1a50-c306-42b6-bcbc-da609b4c3a5f (type: security_group_rules) to 0
2026-07-21 07:47:35.834 10 INFO neutron.wsgi [None req-93764e67-0a0b-443d-b171-0ee1723099e6 392083e5b101457e8f890e1524eef317 cd995afa4ffd4531a858f1c201a6e449 - - default default] 10.0.0.158 "GET /v2.0/security-groups?tenant_id=b3c5359bbcd1439ebb639eae30ddce14&name=default HTTP/1.1" status: 200 len: 2996 time: 0.3030441
2026-07-21 07:47:36.027 9 INFO neutron.wsgi [None req-4053dfdf-481d-4405-896f-0cdeb3a40b8a 392083e5b101457e8f890e1524eef317 cd995afa4ffd4531a858f1c201a6e449 - - default default] 10.0.0.158 "DELETE /v2.0/subnets/9452f312-a120-4580-9573-b5009155751e HTTP/1.1" status: 204 len: 168 time: 0.2088568
2026-07-21 07:47:36.082 10 INFO neutron.wsgi [None req-1d43cff6-9730-4689-889a-e9f73f3ea0bf 392083e5b101457e8f890e1524eef317 cd995afa4ffd4531a858f1c201a6e449 - - default default] 10.0.0.158 "DELETE /v2.0/security-groups/d4fb0a1a-015d-41eb-9ed1-a57717199032 HTTP/1.1" status: 204 len: 168 time: 0.2402568
2026-07-21 07:47:36.392 10 INFO neutron.services.segments.plugin [-] Segment 1cc9e9d2-6ea2-4f66-9e52-b2c1e4be8851 resource provider aggregate not found
2026-07-21 07:47:36.397 10 INFO neutron.services.segments.plugin [-] Segment 1cc9e9d2-6ea2-4f66-9e52-b2c1e4be8851 resource provider aggregate not found
2026-07-21 07:47:36.412 10 INFO neutron.services.segments.plugin [-] Segment 1cc9e9d2-6ea2-4f66-9e52-b2c1e4be8851 resource provider not found; error: Placement Client Error (4xx): {"errors": [{"status": 404, "title": "Not Found", "detail": "The resource could not be found.\n\n No resource provider with uuid 1cc9e9d2-6ea2-4f66-9e52-b2c1e4be8851 found for delete ", "request_id": "req-192f052f-178a-4411-b79c-b24838536a07"}]}
2026-07-21 07:47:36.413 10 INFO neutron.services.segments.plugin [-] Segment 1cc9e9d2-6ea2-4f66-9e52-b2c1e4be8851 resource provider not found; error: Placement Client Error (4xx): {"errors": [{"status": 404, "title": "Not Found", "detail": "The resource could not be found.\n\n No resource provider with uuid 1cc9e9d2-6ea2-4f66-9e52-b2c1e4be8851 found for delete ", "request_id": "req-c688041c-c39a-421f-b4a0-0defc0a2a604"}]}
2026-07-21 07:47:36.435 10 INFO neutron.wsgi [None req-23e8a4e8-c6c5-4d3e-be5d-a0457ff9e104 392083e5b101457e8f890e1524eef317 cd995afa4ffd4531a858f1c201a6e449 - - default default] 10.0.0.158 "DELETE /v2.0/networks/bfc54dd5-a73e-42e9-8203-57c55c0c22da HTTP/1.1" status: 204 len: 168 time: 0.4037657
2026-07-21 07:47:36.638 10 INFO neutron.wsgi [None req-21eeee98-3831-4fca-8c50-a757070e1379 392083e5b101457e8f890e1524eef317 cd995afa4ffd4531a858f1c201a6e449 - - default default] 10.0.0.158 "GET /v2.0/security-groups?tenant_id=16a1f05138dd498894554e968010cf02&name=default HTTP/1.1" status: 200 len: 2996 time: 0.0314741
2026-07-21 07:47:36.826 10 INFO neutron.wsgi [None req-8fed026e-22b7-4bc2-be13-3864bc320ab6 392083e5b101457e8f890e1524eef317 cd995afa4ffd4531a858f1c201a6e449 - - default default] 10.0.0.158 "DELETE /v2.0/security-groups/c827159e-afa2-4195-b3cd-38ac6daeebb8 HTTP/1.1" status: 204 len: 168 time: 0.1818883
2026-07-21 07:47:36.966 10 WARNING neutron_lib.context [None req-e1ea1a93-abb3-4d92-869a-03cbdfb5657c 768e1b9b6a604ec393685d9a3a436238 8379eebea03b466889f77b9c84b92998 - - default default] Method 'is_advsvc' is deprecated since 2023.2 release (neutron-lib 3.8.0) and will be removed once support for the old RBAC API policies will be removed from Neutron. Please use method 'is_service_role' instead.
2026-07-21 07:47:37.105 10 INFO neutron.db.ovn_revision_numbers_db [None req-e1ea1a93-abb3-4d92-869a-03cbdfb5657c 768e1b9b6a604ec393685d9a3a436238 8379eebea03b466889f77b9c84b92998 - - default default] Successfully bumped revision number for resource 38b08b4b-3ea0-45b8-88de-6628c807f9ca (type: security_groups) to 1
2026-07-21 07:47:37.126 10 INFO neutron.db.ovn_revision_numbers_db [None req-e1ea1a93-abb3-4d92-869a-03cbdfb5657c 768e1b9b6a604ec393685d9a3a436238 8379eebea03b466889f77b9c84b92998 - - default default] Successfully bumped revision number for resource 1dfd3d42-28d0-40a0-91a2-46276d86771e (type: security_group_rules) to 0
2026-07-21 07:47:37.149 10 INFO neutron.db.ovn_revision_numbers_db [None req-e1ea1a93-abb3-4d92-869a-03cbdfb5657c 768e1b9b6a604ec393685d9a3a436238 8379eebea03b466889f77b9c84b92998 - - default default] Successfully bumped revision number for resource 2fc93b73-84ea-4992-bdd0-39fa7f3026e3 (type: security_group_rules) to 0
2026-07-21 07:47:37.180 10 INFO neutron.db.ovn_revision_numbers_db [None req-e1ea1a93-abb3-4d92-869a-03cbdfb5657c 768e1b9b6a604ec393685d9a3a436238 8379eebea03b466889f77b9c84b92998 - - default default] Successfully bumped revision number for resource ddd621cb-b1ff-4e5b-9a4d-818bdfcf9e23 (type: security_group_rules) to 0
2026-07-21 07:47:37.208 10 INFO neutron.db.ovn_revision_numbers_db [None req-e1ea1a93-abb3-4d92-869a-03cbdfb5657c 768e1b9b6a604ec393685d9a3a436238 8379eebea03b466889f77b9c84b92998 - - default default] Successfully bumped revision number for resource ff2f59ba-35f9-4c2d-8515-f0eb7a46da35 (type: security_group_rules) to 0
2026-07-21 07:47:37.257 10 INFO neutron.db.segments_db [None req-e1ea1a93-abb3-4d92-869a-03cbdfb5657c 768e1b9b6a604ec393685d9a3a436238 8379eebea03b466889f77b9c84b92998 - - default default] Added segment 6aae5c61-7dbe-4b8c-b911-43071039b6f2 of type geneve for network f6cd2c08-190e-42c2-bb85-00948b72beaf
2026-07-21 07:47:37.449 10 INFO neutron.db.ovn_revision_numbers_db [None req-e1ea1a93-abb3-4d92-869a-03cbdfb5657c 768e1b9b6a604ec393685d9a3a436238 8379eebea03b466889f77b9c84b92998 - - default default] Successfully bumped revision number for resource f6cd2c08-190e-42c2-bb85-00948b72beaf (type: networks) to 1
2026-07-21 07:47:37.685 10 WARNING neutron.scheduler.dhcp_agent_scheduler [None req-e1ea1a93-abb3-4d92-869a-03cbdfb5657c 768e1b9b6a604ec393685d9a3a436238 8379eebea03b466889f77b9c84b92998 - - default default] No more DHCP agents
2026-07-21 07:47:37.688 10 WARNING neutron.api.rpc.agentnotifiers.dhcp_rpc_agent_api [None req-e1ea1a93-abb3-4d92-869a-03cbdfb5657c 768e1b9b6a604ec393685d9a3a436238 8379eebea03b466889f77b9c84b92998 - - default default] Unable to schedule network f6cd2c08-190e-42c2-bb85-00948b72beaf: no agents available; will retry on subsequent port and subnet creation events.
2026-07-21 07:47:37.796 10 INFO neutron.db.ovn_revision_numbers_db [None req-e1ea1a93-abb3-4d92-869a-03cbdfb5657c 768e1b9b6a604ec393685d9a3a436238 8379eebea03b466889f77b9c84b92998 - - default default] Successfully bumped revision number for resource e17d1444-4403-4e16-8326-da4f4d74c133 (type: ports) to 1
2026-07-21 07:47:37.817 10 INFO neutron.wsgi [None req-e1ea1a93-abb3-4d92-869a-03cbdfb5657c 768e1b9b6a604ec393685d9a3a436238 8379eebea03b466889f77b9c84b92998 - - default default] 10.0.0.158 "POST /v2.0/networks HTTP/1.1" status: 201 len: 849 time: 0.9665401
2026-07-21 07:47:37.827 10 WARNING neutron_lib.context [None req-bc2dc47b-1472-4dae-af05-7a80b5f22c38 768e1b9b6a604ec393685d9a3a436238 8379eebea03b466889f77b9c84b92998 - - default default] Method 'is_advsvc' is deprecated since 2023.2 release (neutron-lib 3.8.0) and will be removed once support for the old RBAC API policies will be removed from Neutron. Please use method 'is_service_role' instead.
2026-07-21 07:47:38.094 10 WARNING neutron.scheduler.dhcp_agent_scheduler [None req-bc2dc47b-1472-4dae-af05-7a80b5f22c38 768e1b9b6a604ec393685d9a3a436238 8379eebea03b466889f77b9c84b92998 - - default default] No more DHCP agents
2026-07-21 07:47:38.097 10 WARNING neutron.api.rpc.agentnotifiers.dhcp_rpc_agent_api [None req-bc2dc47b-1472-4dae-af05-7a80b5f22c38 768e1b9b6a604ec393685d9a3a436238 8379eebea03b466889f77b9c84b92998 - - default default] Unable to schedule network f6cd2c08-190e-42c2-bb85-00948b72beaf: no agents available; will retry on subsequent port and subnet creation events.
2026-07-21 07:47:38.133 10 INFO neutron.db.ovn_revision_numbers_db [None req-bc2dc47b-1472-4dae-af05-7a80b5f22c38 768e1b9b6a604ec393685d9a3a436238 8379eebea03b466889f77b9c84b92998 - - default default] Successfully bumped revision number for resource 7e06f6d3-707b-4bfa-aa28-1f1a4eee7c4a (type: subnets) to 0
2026-07-21 07:47:38.151 10 INFO neutron.wsgi [None req-bc2dc47b-1472-4dae-af05-7a80b5f22c38 768e1b9b6a604ec393685d9a3a436238 8379eebea03b466889f77b9c84b92998 - - default default] 10.0.0.158 "POST /v2.0/subnets HTTP/1.1" status: 201 len: 802 time: 0.3283417
2026-07-21 07:47:38.161 10 WARNING neutron_lib.context [None req-6c656d67-eed9-473b-806e-dc34d60db918 768e1b9b6a604ec393685d9a3a436238 8379eebea03b466889f77b9c84b92998 - - default default] Method 'is_advsvc' is deprecated since 2023.2 release (neutron-lib 3.8.0) and will be removed once support for the old RBAC API policies will be removed from Neutron. Please use method 'is_service_role' instead.
2026-07-21 07:47:38.532 10 INFO neutron.db.ovn_revision_numbers_db [None req-ff25b65f-b218-4d68-a348-2b1bec5f6fe4 392083e5b101457e8f890e1524eef317 cd995afa4ffd4531a858f1c201a6e449 - - default default] Successfully bumped revision number for resource 9b42d216-334a-4afb-9067-9a36c469fa21 (type: security_groups) to 1
2026-07-21 07:47:38.558 10 INFO neutron.db.ovn_revision_numbers_db [None req-ff25b65f-b218-4d68-a348-2b1bec5f6fe4 392083e5b101457e8f890e1524eef317 cd995afa4ffd4531a858f1c201a6e449 - - default default] Successfully bumped revision number for resource 3839764c-19bc-405f-ab13-34f736592933 (type: security_group_rules) to 0
2026-07-21 07:47:38.580 10 INFO neutron.db.ovn_revision_numbers_db [None req-ff25b65f-b218-4d68-a348-2b1bec5f6fe4 392083e5b101457e8f890e1524eef317 cd995afa4ffd4531a858f1c201a6e449 - - default default] Successfully bumped revision number for resource 53d841dd-229d-42be-9075-98390fe3ac6d (type: security_group_rules) to 0
2026-07-21 07:47:38.612 10 INFO neutron.db.ovn_revision_numbers_db [None req-ff25b65f-b218-4d68-a348-2b1bec5f6fe4 392083e5b101457e8f890e1524eef317 cd995afa4ffd4531a858f1c201a6e449 - - default default] Successfully bumped revision number for resource a5dc474f-3f34-4205-a23d-eb3fbff87160 (type: security_group_rules) to 0
2026-07-21 07:47:38.628 10 INFO neutron.db.ovn_revision_numbers_db [None req-ff25b65f-b218-4d68-a348-2b1bec5f6fe4 392083e5b101457e8f890e1524eef317 cd995afa4ffd4531a858f1c201a6e449 - - default default] Successfully bumped revision number for resource f04a7e13-335d-4325-8ad5-f1bf0fc37ab2 (type: security_group_rules) to 0
2026-07-21 07:47:38.682 10 INFO neutron.db.segments_db [None req-ff25b65f-b218-4d68-a348-2b1bec5f6fe4 392083e5b101457e8f890e1524eef317 cd995afa4ffd4531a858f1c201a6e449 - - default default] Added segment e795a633-9348-4215-b3c5-59d662b1231f of type geneve for network 1f12cdb6-701e-456a-bc95-24e92231b5e9
2026-07-21 07:47:38.854 9 INFO neutron.db.ovn_revision_numbers_db [None req-ae289000-86ff-499b-9623-d409e0cd549b 392083e5b101457e8f890e1524eef317 cd995afa4ffd4531a858f1c201a6e449 - - default default] Successfully bumped revision number for resource d3b2b652-439e-42f2-844c-e66f796d900e (type: security_groups) to 1
2026-07-21 07:47:38.857 10 INFO neutron.db.ovn_revision_numbers_db [None req-ff25b65f-b218-4d68-a348-2b1bec5f6fe4 392083e5b101457e8f890e1524eef317 cd995afa4ffd4531a858f1c201a6e449 - - default default] Successfully bumped revision number for resource 1f12cdb6-701e-456a-bc95-24e92231b5e9 (type: networks) to 1
2026-07-21 07:47:38.868 9 INFO neutron.db.ovn_revision_numbers_db [None req-ae289000-86ff-499b-9623-d409e0cd549b 392083e5b101457e8f890e1524eef317 cd995afa4ffd4531a858f1c201a6e449 - - default default] Successfully bumped revision number for resource 13248c89-567c-48e4-aff9-9fb3914f3990 (type: security_group_rules) to 0
2026-07-21 07:47:38.886 9 INFO neutron.db.ovn_revision_numbers_db [None req-ae289000-86ff-499b-9623-d409e0cd549b 392083e5b101457e8f890e1524eef317 cd995afa4ffd4531a858f1c201a6e449 - - default default] Successfully bumped revision number for resource 8db8a068-8d51-43a0-a243-26b696f008b0 (type: security_group_rules) to 0
2026-07-21 07:47:38.890 10 WARNING neutron.scheduler.dhcp_agent_scheduler [None req-6c656d67-eed9-473b-806e-dc34d60db918 768e1b9b6a604ec393685d9a3a436238 8379eebea03b466889f77b9c84b92998 - - default default] No more DHCP agents
2026-07-21 07:47:38.893 10 WARNING neutron.api.rpc.agentnotifiers.dhcp_rpc_agent_api [None req-6c656d67-eed9-473b-806e-dc34d60db918 768e1b9b6a604ec393685d9a3a436238 8379eebea03b466889f77b9c84b92998 - - default default] Unable to schedule network aff44d3b-7972-44ba-8030-c8f4900b0d1a: no agents available; will retry on subsequent port and subnet creation events.
2026-07-21 07:47:38.901 9 INFO neutron.db.ovn_revision_numbers_db [None req-ae289000-86ff-499b-9623-d409e0cd549b 392083e5b101457e8f890e1524eef317 cd995afa4ffd4531a858f1c201a6e449 - - default default] Successfully bumped revision number for resource b299cac0-0c99-41f9-bc3e-8d5cf6dd8b54 (type: security_group_rules) to 0
2026-07-21 07:47:38.918 9 INFO neutron.db.ovn_revision_numbers_db [None req-ae289000-86ff-499b-9623-d409e0cd549b 392083e5b101457e8f890e1524eef317 cd995afa4ffd4531a858f1c201a6e449 - - default default] Successfully bumped revision number for resource bd2f0bfc-ba10-4faf-ab2e-4a22acc053aa (type: security_group_rules) to 0
2026-07-21 07:47:38.981 9 INFO neutron.db.segments_db [None req-ae289000-86ff-499b-9623-d409e0cd549b 392083e5b101457e8f890e1524eef317 cd995afa4ffd4531a858f1c201a6e449 - - default default] Added segment 29df2fdc-f0d1-4d0a-a55d-d2cda95d8d1a of type geneve for network ceefd6a3-de98-4812-8a7d-1f11ce357b99
2026-07-21 07:47:39.102 10 WARNING neutron.scheduler.dhcp_agent_scheduler [None req-ff25b65f-b218-4d68-a348-2b1bec5f6fe4 392083e5b101457e8f890e1524eef317 cd995afa4ffd4531a858f1c201a6e449 - - default default] No more DHCP agents
2026-07-21 07:47:39.105 10 WARNING neutron.api.rpc.agentnotifiers.dhcp_rpc_agent_api [None req-ff25b65f-b218-4d68-a348-2b1bec5f6fe4 392083e5b101457e8f890e1524eef317 cd995afa4ffd4531a858f1c201a6e449 - - default default] Unable to schedule network 1f12cdb6-701e-456a-bc95-24e92231b5e9: no agents available; will retry on subsequent port and subnet creation events.
2026-07-21 07:47:39.121 9 INFO neutron.db.ovn_revision_numbers_db [None req-ae289000-86ff-499b-9623-d409e0cd549b 392083e5b101457e8f890e1524eef317 cd995afa4ffd4531a858f1c201a6e449 - - default default] Successfully bumped revision number for resource ceefd6a3-de98-4812-8a7d-1f11ce357b99 (type: networks) to 1
2026-07-21 07:47:39.126 10 INFO neutron.db.ovn_revision_numbers_db [None req-6c656d67-eed9-473b-806e-dc34d60db918 768e1b9b6a604ec393685d9a3a436238 8379eebea03b466889f77b9c84b92998 - - default default] Successfully bumped revision number for resource c8aaaa23-0ce6-4bbd-aff1-b813ea37ee1e (type: ports) to 1
2026-07-21 07:47:39.217 10 INFO neutron.db.ovn_revision_numbers_db [None req-ff25b65f-b218-4d68-a348-2b1bec5f6fe4 392083e5b101457e8f890e1524eef317 cd995afa4ffd4531a858f1c201a6e449 - - default default] Successfully bumped revision number for resource 52984699-a327-4e58-9f62-fa5ccb93b023 (type: ports) to 1
2026-07-21 07:47:39.269 10 INFO neutron.wsgi [None req-ff25b65f-b218-4d68-a348-2b1bec5f6fe4 392083e5b101457e8f890e1524eef317 cd995afa4ffd4531a858f1c201a6e449 - - default default] 10.0.0.158 "POST /v2.0/networks HTTP/1.1" status: 201 len: 941 time: 1.2996237
2026-07-21 07:47:39.286 9 WARNING neutron.scheduler.dhcp_agent_scheduler [None req-ae289000-86ff-499b-9623-d409e0cd549b 392083e5b101457e8f890e1524eef317 cd995afa4ffd4531a858f1c201a6e449 - - default default] No more DHCP agents
