2026-07-21 07:49:37.870 9 INFO neutron.db.ovn_revision_numbers_db [None req-908f3ed8-2d3e-44ca-ab49-b3b096c385eb 392083e5b101457e8f890e1524eef317 cd995afa4ffd4531a858f1c201a6e449 - - default default] Successfully bumped revision number for resource 034f22d1-8c6c-477b-8d9b-f1e0575aedc4 (type: security_group_rules) to 0
2026-07-21 07:49:37.901 9 INFO neutron.db.ovn_revision_numbers_db [None req-908f3ed8-2d3e-44ca-ab49-b3b096c385eb 392083e5b101457e8f890e1524eef317 cd995afa4ffd4531a858f1c201a6e449 - - default default] Successfully bumped revision number for resource 5dc08c9f-574b-4618-8d15-bf3aa3cb982a (type: security_group_rules) to 0
2026-07-21 07:49:37.954 9 INFO neutron.db.ovn_revision_numbers_db [None req-908f3ed8-2d3e-44ca-ab49-b3b096c385eb 392083e5b101457e8f890e1524eef317 cd995afa4ffd4531a858f1c201a6e449 - - default default] Successfully bumped revision number for resource 762e4d2b-7a26-4c42-866a-826678c3abe8 (type: security_group_rules) to 0
2026-07-21 07:49:37.979 9 INFO neutron.db.ovn_revision_numbers_db [None req-908f3ed8-2d3e-44ca-ab49-b3b096c385eb 392083e5b101457e8f890e1524eef317 cd995afa4ffd4531a858f1c201a6e449 - - default default] Successfully bumped revision number for resource e520ea40-1751-49ef-93d3-ed4224fd21d4 (type: security_group_rules) to 0
2026-07-21 07:49:37.990 9 INFO neutron.db.ovn_revision_numbers_db [None req-23acd14b-2351-45d8-a86b-dca5a5d9832a 2b42bda6d4804906956c5a4a51ce03e4 353d2fa459094682a2031fcf7066f4b1 - - default default] Successfully bumped revision number for resource 742f8b80-d4af-4a62-a8ab-091ffb5f9c70 (type: networks) to 1
2026-07-21 07:49:38.014 9 INFO neutron.wsgi [None req-908f3ed8-2d3e-44ca-ab49-b3b096c385eb 392083e5b101457e8f890e1524eef317 cd995afa4ffd4531a858f1c201a6e449 - - default default] 10.0.0.158 "GET /v2.0/security-groups?tenant_id=51f6b97562fc42debcc2754d7b080410&name=default HTTP/1.1" status: 200 len: 2996 time: 0.3860717
2026-07-21 07:49:38.169 9 WARNING neutron.scheduler.dhcp_agent_scheduler [None req-23acd14b-2351-45d8-a86b-dca5a5d9832a 2b42bda6d4804906956c5a4a51ce03e4 353d2fa459094682a2031fcf7066f4b1 - - default default] No more DHCP agents
2026-07-21 07:49:38.172 9 WARNING neutron.api.rpc.agentnotifiers.dhcp_rpc_agent_api [None req-23acd14b-2351-45d8-a86b-dca5a5d9832a 2b42bda6d4804906956c5a4a51ce03e4 353d2fa459094682a2031fcf7066f4b1 - - default default] Unable to schedule network 742f8b80-d4af-4a62-a8ab-091ffb5f9c70: no agents available; will retry on subsequent port and subnet creation events.
2026-07-21 07:49:38.255 9 INFO neutron.db.ovn_revision_numbers_db [None req-23acd14b-2351-45d8-a86b-dca5a5d9832a 2b42bda6d4804906956c5a4a51ce03e4 353d2fa459094682a2031fcf7066f4b1 - - default default] Successfully bumped revision number for resource 232ad996-cc06-4cb1-97d0-0e35f7e6c948 (type: ports) to 1
2026-07-21 07:49:38.280 9 INFO neutron.wsgi [None req-23acd14b-2351-45d8-a86b-dca5a5d9832a 2b42bda6d4804906956c5a4a51ce03e4 353d2fa459094682a2031fcf7066f4b1 - - default default] 10.0.0.158 "POST /v2.0/networks HTTP/1.1" status: 201 len: 831 time: 0.9230955
2026-07-21 07:49:38.305 9 WARNING neutron_lib.context [None req-0f546732-f92b-474a-a899-c683f8f0161d 2b42bda6d4804906956c5a4a51ce03e4 353d2fa459094682a2031fcf7066f4b1 - - default default] Method 'is_advsvc' is deprecated since 2023.2 release (neutron-lib 3.8.0) and will be removed once support for the old RBAC API policies will be removed from Neutron. Please use method 'is_service_role' instead.
2026-07-21 07:49:38.417 10 INFO neutron.wsgi [None req-d0a85750-91d6-4fb7-9928-f4b2c9a4762b 6064e0cdb9c04d75b488205397c737be 07e328dd1e3a4b019311af4a0e48128b - - default default] 10.0.0.158 "DELETE /v2.0/routers/4cfd9a33-f410-4079-a993-aafa2cc0dbae HTTP/1.1" status: 204 len: 168 time: 0.5410938
2026-07-21 07:49:38.466 10 INFO neutron.wsgi [None req-c5460a3c-edbb-4c15-bc11-6a4cbb483768 6064e0cdb9c04d75b488205397c737be 07e328dd1e3a4b019311af4a0e48128b - - default default] 10.0.0.158 "GET /v2.0/routers/e99c0fee-9844-407f-8930-9a7ba6e3258f HTTP/1.1" status: 200 len: 655 time: 0.0445826
2026-07-21 07:49:38.562 9 WARNING neutron.scheduler.dhcp_agent_scheduler [None req-0f546732-f92b-474a-a899-c683f8f0161d 2b42bda6d4804906956c5a4a51ce03e4 353d2fa459094682a2031fcf7066f4b1 - - default default] No more DHCP agents
2026-07-21 07:49:38.564 9 WARNING neutron.api.rpc.agentnotifiers.dhcp_rpc_agent_api [None req-0f546732-f92b-474a-a899-c683f8f0161d 2b42bda6d4804906956c5a4a51ce03e4 353d2fa459094682a2031fcf7066f4b1 - - default default] Unable to schedule network 742f8b80-d4af-4a62-a8ab-091ffb5f9c70: no agents available; will retry on subsequent port and subnet creation events.
2026-07-21 07:49:38.666 10 INFO neutron.wsgi [None req-62f26328-d473-4eef-8c80-0b5cef7b3724 392083e5b101457e8f890e1524eef317 cd995afa4ffd4531a858f1c201a6e449 - - default default] 10.0.0.158 "DELETE /v2.0/security-groups/8442fc2f-ff38-4b1a-b9b1-db12041c15f1 HTTP/1.1" status: 204 len: 168 time: 0.6450348
2026-07-21 07:49:38.842 10 INFO neutron.wsgi [None req-be60ad0c-4925-41a0-aa62-ee98c5b716df 6064e0cdb9c04d75b488205397c737be 07e328dd1e3a4b019311af4a0e48128b - - default default] 10.0.0.158 "PUT /v2.0/routers/e99c0fee-9844-407f-8930-9a7ba6e3258f HTTP/1.1" status: 200 len: 655 time: 0.3726404
2026-07-21 07:49:38.873 9 INFO neutron.wsgi [None req-0c90c9c8-556e-4f46-92b2-677864c5e636 6064e0cdb9c04d75b488205397c737be 07e328dd1e3a4b019311af4a0e48128b - - default default] 10.0.0.158 "GET /v2.0/ports?device_id=e99c0fee-9844-407f-8930-9a7ba6e3258f HTTP/1.1" status: 200 len: 205 time: 0.0229139
2026-07-21 07:49:39.040 10 INFO neutron.db.ovn_revision_numbers_db [None req-e4ff8b3a-7a0d-4c35-b6ef-1783f072d1ee 392083e5b101457e8f890e1524eef317 cd995afa4ffd4531a858f1c201a6e449 - - default default] Successfully bumped revision number for resource 425d0175-8643-4299-b42b-b217ba1f8470 (type: security_groups) to 1
2026-07-21 07:49:39.063 9 INFO neutron.db.ovn_revision_numbers_db [None req-0f546732-f92b-474a-a899-c683f8f0161d 2b42bda6d4804906956c5a4a51ce03e4 353d2fa459094682a2031fcf7066f4b1 - - default default] Successfully bumped revision number for resource 232ad996-cc06-4cb1-97d0-0e35f7e6c948 (type: ports) to 2
2026-07-21 07:49:39.086 10 INFO neutron.db.ovn_revision_numbers_db [None req-e4ff8b3a-7a0d-4c35-b6ef-1783f072d1ee 392083e5b101457e8f890e1524eef317 cd995afa4ffd4531a858f1c201a6e449 - - default default] Successfully bumped revision number for resource 0d7e47c7-a0d6-4970-aa32-899555ac479d (type: security_group_rules) to 0
2026-07-21 07:49:39.134 9 INFO neutron.db.ovn_revision_numbers_db [None req-0f546732-f92b-474a-a899-c683f8f0161d 2b42bda6d4804906956c5a4a51ce03e4 353d2fa459094682a2031fcf7066f4b1 - - default default] Successfully bumped revision number for resource 4bb0b575-7ccb-4e6f-a1f6-23f4ff4cebd5 (type: subnets) to 0
2026-07-21 07:49:39.138 10 INFO neutron.db.ovn_revision_numbers_db [None req-e4ff8b3a-7a0d-4c35-b6ef-1783f072d1ee 392083e5b101457e8f890e1524eef317 cd995afa4ffd4531a858f1c201a6e449 - - default default] Successfully bumped revision number for resource 838de7a6-f60c-4375-9e92-6c518e241319 (type: security_group_rules) to 0
2026-07-21 07:49:39.158 9 INFO neutron.wsgi [None req-0f546732-f92b-474a-a899-c683f8f0161d 2b42bda6d4804906956c5a4a51ce03e4 353d2fa459094682a2031fcf7066f4b1 - - default default] 10.0.0.158 "POST /v2.0/subnets HTTP/1.1" status: 201 len: 801 time: 0.8590031
2026-07-21 07:49:39.218 10 INFO neutron.db.ovn_revision_numbers_db [None req-e4ff8b3a-7a0d-4c35-b6ef-1783f072d1ee 392083e5b101457e8f890e1524eef317 cd995afa4ffd4531a858f1c201a6e449 - - default default] Successfully bumped revision number for resource c11480d4-bf4e-4ac2-a6f1-4f2426172863 (type: security_group_rules) to 0
2026-07-21 07:49:39.223 9 INFO neutron.wsgi [None req-206832cc-9de7-47e7-ac75-ba1b92c0787e 2b42bda6d4804906956c5a4a51ce03e4 353d2fa459094682a2031fcf7066f4b1 - - default default] 10.0.0.158 "PUT /v2.0/subnets/4bb0b575-7ccb-4e6f-a1f6-23f4ff4cebd5/tags HTTP/1.1" status: 200 len: 218 time: 0.0577216
2026-07-21 07:49:39.241 10 INFO neutron.db.ovn_revision_numbers_db [None req-e4ff8b3a-7a0d-4c35-b6ef-1783f072d1ee 392083e5b101457e8f890e1524eef317 cd995afa4ffd4531a858f1c201a6e449 - - default default] Successfully bumped revision number for resource d9808589-f472-42e1-8502-e713faa2a09c (type: security_group_rules) to 0
2026-07-21 07:49:39.249 10 INFO neutron.wsgi [None req-38fcdc50-dab3-4e41-9daf-0a9445c15886 6064e0cdb9c04d75b488205397c737be 07e328dd1e3a4b019311af4a0e48128b - - default default] 10.0.0.158 "DELETE /v2.0/routers/e99c0fee-9844-407f-8930-9a7ba6e3258f HTTP/1.1" status: 204 len: 168 time: 0.3725793
2026-07-21 07:49:39.273 9 INFO neutron.wsgi [None req-f53a745d-04fb-40d1-88bf-a79629783fb1 2b42bda6d4804906956c5a4a51ce03e4 353d2fa459094682a2031fcf7066f4b1 - - default default] 10.0.0.158 "GET /v2.0/subnets/4bb0b575-7ccb-4e6f-a1f6-23f4ff4cebd5/tags HTTP/1.1" status: 200 len: 218 time: 0.0450025
2026-07-21 07:49:39.276 10 INFO neutron.wsgi [None req-e4ff8b3a-7a0d-4c35-b6ef-1783f072d1ee 392083e5b101457e8f890e1524eef317 cd995afa4ffd4531a858f1c201a6e449 - - default default] 10.0.0.158 "GET /v2.0/security-groups?tenant_id=42f35b4209a74e14929b6955a2091c13&name=default HTTP/1.1" status: 200 len: 2996 time: 0.4427962
2026-07-21 07:49:39.341 9 INFO neutron.wsgi [None req-ea0da556-599f-4dc3-ad99-f86fa283dfc8 2b42bda6d4804906956c5a4a51ce03e4 353d2fa459094682a2031fcf7066f4b1 - - default default] 10.0.0.158 "PUT /v2.0/subnets/4bb0b575-7ccb-4e6f-a1f6-23f4ff4cebd5/tags/green HTTP/1.1" status: 201 len: 201 time: 0.0620749
2026-07-21 07:49:39.351 9 WARNING neutron_lib.context [None req-5c6cc352-fb57-4192-9218-6880d1b1c618 b6aa247eb85941a491f3c29651c0f526 02c1d976bc2a49928e03a323646362cc - - default default] Method 'is_advsvc' is deprecated since 2023.2 release (neutron-lib 3.8.0) and will be removed once support for the old RBAC API policies will be removed from Neutron. Please use method 'is_service_role' instead.
2026-07-21 07:49:39.421 9 INFO neutron.wsgi [None req-d79dc140-3018-4f2f-8169-180ac7e18627 2b42bda6d4804906956c5a4a51ce03e4 353d2fa459094682a2031fcf7066f4b1 - - default default] 10.0.0.158 "GET /v2.0/subnets/4bb0b575-7ccb-4e6f-a1f6-23f4ff4cebd5/tags HTTP/1.1" status: 200 len: 227 time: 0.0759130
2026-07-21 07:49:39.491 9 INFO neutron.db.ovn_revision_numbers_db [None req-5c6cc352-fb57-4192-9218-6880d1b1c618 b6aa247eb85941a491f3c29651c0f526 02c1d976bc2a49928e03a323646362cc - - default default] Successfully bumped revision number for resource de22b855-b34f-4fb3-a6e4-04cfa37e75b9 (type: security_groups) to 1
2026-07-21 07:49:39.506 9 INFO neutron.db.ovn_revision_numbers_db [None req-5c6cc352-fb57-4192-9218-6880d1b1c618 b6aa247eb85941a491f3c29651c0f526 02c1d976bc2a49928e03a323646362cc - - default default] Successfully bumped revision number for resource 0d5a249e-a386-4c8b-a93a-72ab212253b4 (type: security_group_rules) to 0
2026-07-21 07:49:39.521 9 INFO neutron.db.ovn_revision_numbers_db [None req-5c6cc352-fb57-4192-9218-6880d1b1c618 b6aa247eb85941a491f3c29651c0f526 02c1d976bc2a49928e03a323646362cc - - default default] Successfully bumped revision number for resource acc48a17-31c6-4a52-99d9-26c6245e8ea8 (type: security_group_rules) to 0
2026-07-21 07:49:39.524 10 INFO neutron.wsgi [None req-30a7d9ef-0353-4c27-a939-c821454ede20 2b42bda6d4804906956c5a4a51ce03e4 353d2fa459094682a2031fcf7066f4b1 - - default default] 10.0.0.158 "PUT /v2.0/subnets/4bb0b575-7ccb-4e6f-a1f6-23f4ff4cebd5/tags/red HTTP/1.1" status: 201 len: 201 time: 0.0980980
2026-07-21 07:49:39.538 9 INFO neutron.db.ovn_revision_numbers_db [None req-5c6cc352-fb57-4192-9218-6880d1b1c618 b6aa247eb85941a491f3c29651c0f526 02c1d976bc2a49928e03a323646362cc - - default default] Successfully bumped revision number for resource bb74373f-99f1-4026-abcf-f2cb623bb81a (type: security_group_rules) to 0
2026-07-21 07:49:39.551 9 INFO neutron.db.ovn_revision_numbers_db [None req-5c6cc352-fb57-4192-9218-6880d1b1c618 b6aa247eb85941a491f3c29651c0f526 02c1d976bc2a49928e03a323646362cc - - default default] Successfully bumped revision number for resource e05e7460-965d-4fa4-8272-affcb5489edf (type: security_group_rules) to 0
2026-07-21 07:49:39.566 10 INFO neutron.wsgi [None req-e6839778-4df6-4a90-88e0-20430a79df44 2b42bda6d4804906956c5a4a51ce03e4 353d2fa459094682a2031fcf7066f4b1 - - default default] 10.0.0.158 "GET /v2.0/subnets/4bb0b575-7ccb-4e6f-a1f6-23f4ff4cebd5/tags HTTP/1.1" status: 200 len: 227 time: 0.0365677
2026-07-21 07:49:39.607 10 INFO neutron.wsgi [None req-334bba96-7c7c-4e1a-8ea8-f7aec3090dbd 392083e5b101457e8f890e1524eef317 cd995afa4ffd4531a858f1c201a6e449 - - default default] 10.0.0.158 "DELETE /v2.0/security-groups/425d0175-8643-4299-b42b-b217ba1f8470 HTTP/1.1" status: 204 len: 168 time: 0.3244019
2026-07-21 07:49:39.642 9 INFO neutron.db.ovn_revision_numbers_db [None req-5c6cc352-fb57-4192-9218-6880d1b1c618 b6aa247eb85941a491f3c29651c0f526 02c1d976bc2a49928e03a323646362cc - - default default] Successfully bumped revision number for resource 70dcfad5-c462-4cfc-86e1-3d14b1cfd487 (type: security_groups) to 1
2026-07-21 07:49:39.645 10 INFO neutron.wsgi [None req-c95827a8-5f0c-4c55-9425-f23126a1c72e 2b42bda6d4804906956c5a4a51ce03e4 353d2fa459094682a2031fcf7066f4b1 - - default default] 10.0.0.158 "PUT /v2.0/subnets/4bb0b575-7ccb-4e6f-a1f6-23f4ff4cebd5/tags/black.or.white HTTP/1.1" status: 201 len: 201 time: 0.0718870
2026-07-21 07:49:39.661 9 INFO neutron.db.ovn_revision_numbers_db [None req-5c6cc352-fb57-4192-9218-6880d1b1c618 b6aa247eb85941a491f3c29651c0f526 02c1d976bc2a49928e03a323646362cc - - default default] Successfully bumped revision number for resource 24121a65-cbf0-4df3-b6a2-a5bbf153bfd3 (type: security_group_rules) to 0
2026-07-21 07:49:39.673 9 INFO neutron.db.ovn_revision_numbers_db [None req-5c6cc352-fb57-4192-9218-6880d1b1c618 b6aa247eb85941a491f3c29651c0f526 02c1d976bc2a49928e03a323646362cc - - default default] Successfully bumped revision number for resource 816b9e98-d04f-438c-a2a3-4ddd232e8aa0 (type: security_group_rules) to 0
2026-07-21 07:49:39.692 9 INFO neutron.wsgi [None req-5c6cc352-fb57-4192-9218-6880d1b1c618 b6aa247eb85941a491f3c29651c0f526 02c1d976bc2a49928e03a323646362cc - - default default] 10.0.0.158 "POST /v2.0/security-groups HTTP/1.1" status: 201 len: 1737 time: 0.5524654
2026-07-21 07:49:39.705 10 INFO neutron.wsgi [None req-e9330644-0355-4972-b244-fbbe34eaa397 2b42bda6d4804906956c5a4a51ce03e4 353d2fa459094682a2031fcf7066f4b1 - - default default] 10.0.0.158 "GET /v2.0/subnets/4bb0b575-7ccb-4e6f-a1f6-23f4ff4cebd5/tags HTTP/1.1" status: 200 len: 245 time: 0.0509717
2026-07-21 07:49:39.710 9 WARNING neutron_lib.context [None req-84443d3a-bb5b-4a99-866d-9b21d370f892 b6aa247eb85941a491f3c29651c0f526 02c1d976bc2a49928e03a323646362cc - - default default] Method 'is_advsvc' is deprecated since 2023.2 release (neutron-lib 3.8.0) and will be removed once support for the old RBAC API policies will be removed from Neutron. Please use method 'is_service_role' instead.
2026-07-21 07:49:39.805 10 INFO neutron.wsgi [None req-b6020bce-2100-481e-ba0e-aa4a1bdafa1a 2b42bda6d4804906956c5a4a51ce03e4 353d2fa459094682a2031fcf7066f4b1 - - default default] 10.0.0.158 "PUT /v2.0/subnets/4bb0b575-7ccb-4e6f-a1f6-23f4ff4cebd5/tags HTTP/1.1" status: 200 len: 230 time: 0.0929930
2026-07-21 07:49:39.852 9 INFO neutron.db.ovn_revision_numbers_db [None req-84443d3a-bb5b-4a99-866d-9b21d370f892 b6aa247eb85941a491f3c29651c0f526 02c1d976bc2a49928e03a323646362cc - - default default] Successfully bumped revision number for resource 84fa75a6-f616-4773-aff3-87b364c63ed6 (type: security_groups) to 1
2026-07-21 07:49:39.871 9 INFO neutron.db.ovn_revision_numbers_db [None req-84443d3a-bb5b-4a99-866d-9b21d370f892 b6aa247eb85941a491f3c29651c0f526 02c1d976bc2a49928e03a323646362cc - - default default] Successfully bumped revision number for resource 8e5e2331-0278-4c0a-bfdf-bb4e39496fec (type: security_group_rules) to 0
2026-07-21 07:49:39.882 10 INFO neutron.wsgi [None req-d2c5aa51-4b80-47c0-8d21-eb8089454db3 2b42bda6d4804906956c5a4a51ce03e4 353d2fa459094682a2031fcf7066f4b1 - - default default] 10.0.0.158 "GET /v2.0/subnets/4bb0b575-7ccb-4e6f-a1f6-23f4ff4cebd5/tags HTTP/1.1" status: 200 len: 230 time: 0.0648563
2026-07-21 07:49:39.897 9 INFO neutron.db.ovn_revision_numbers_db [None req-84443d3a-bb5b-4a99-866d-9b21d370f892 b6aa247eb85941a491f3c29651c0f526 02c1d976bc2a49928e03a323646362cc - - default default] Successfully bumped revision number for resource a9c8f3b9-c74f-4ae6-a5be-4f505b3583bb (type: security_group_rules) to 0
2026-07-21 07:49:39.938 9 INFO neutron.wsgi [None req-84443d3a-bb5b-4a99-866d-9b21d370f892 b6aa247eb85941a491f3c29651c0f526 02c1d976bc2a49928e03a323646362cc - - default default] 10.0.0.158 "POST /v2.0/security-groups HTTP/1.1" status: 201 len: 1737 time: 0.2360370
2026-07-21 07:49:39.948 9 WARNING neutron_lib.context [None req-e5d73b49-18f3-499c-95b6-ea210b58e844 b6aa247eb85941a491f3c29651c0f526 02c1d976bc2a49928e03a323646362cc - - default default] Method 'is_advsvc' is deprecated since 2023.2 release (neutron-lib 3.8.0) and will be removed once support for the old RBAC API policies will be removed from Neutron. Please use method 'is_service_role' instead.
2026-07-21 07:49:39.972 9 INFO neutron.wsgi [None req-99e620d3-e262-4846-a88f-e9e6a193bcc3 2b42bda6d4804906956c5a4a51ce03e4 353d2fa459094682a2031fcf7066f4b1 - - default default] 10.0.0.158 "GET /v2.0/subnets/4bb0b575-7ccb-4e6f-a1f6-23f4ff4cebd5/tags/red HTTP/1.1" status: 204 len: 168 time: 0.0837214
2026-07-21 07:49:40.022 9 INFO neutron.api.v2.resource [None req-d27dd122-c9f5-47a5-8050-f1615e94d2ea 2b42bda6d4804906956c5a4a51ce03e4 353d2fa459094682a2031fcf7066f4b1 - - default default] show failed (client error): The resource could not be found.
2026-07-21 07:49:40.024 9 INFO neutron.wsgi [None req-d27dd122-c9f5-47a5-8050-f1615e94d2ea 2b42bda6d4804906956c5a4a51ce03e4 353d2fa459094682a2031fcf7066f4b1 - - default default] 10.0.0.158 "GET /v2.0/subnets/4bb0b575-7ccb-4e6f-a1f6-23f4ff4cebd5/tags/green HTTP/1.1" status: 404 len: 299 time: 0.0460181
2026-07-21 07:49:40.095 10 INFO neutron.wsgi [None req-229fe97e-424a-475a-a474-47b032fb499e 2b42bda6d4804906956c5a4a51ce03e4 353d2fa459094682a2031fcf7066f4b1 - - default default] 10.0.0.158 "DELETE /v2.0/subnets/4bb0b575-7ccb-4e6f-a1f6-23f4ff4cebd5/tags/red HTTP/1.1" status: 204 len: 168 time: 0.0664930
2026-07-21 07:49:40.149 9 INFO neutron.db.ovn_revision_numbers_db [None req-e5d73b49-18f3-499c-95b6-ea210b58e844 b6aa247eb85941a491f3c29651c0f526 02c1d976bc2a49928e03a323646362cc - - default default] Successfully bumped revision number for resource f8115509-cb72-4402-9720-de2c386119e1 (type: security_groups) to 1
2026-07-21 07:49:40.167 9 INFO neutron.wsgi [None req-f40b82c5-6425-475a-b80f-81f7c9ab7f08 2b42bda6d4804906956c5a4a51ce03e4 353d2fa459094682a2031fcf7066f4b1 - - default default] 10.0.0.158 "GET /v2.0/subnets/4bb0b575-7ccb-4e6f-a1f6-23f4ff4cebd5/tags HTTP/1.1" status: 200 len: 223 time: 0.0683470
2026-07-21 07:49:40.168 9 INFO neutron.db.ovn_revision_numbers_db [None req-e5d73b49-18f3-499c-95b6-ea210b58e844 b6aa247eb85941a491f3c29651c0f526 02c1d976bc2a49928e03a323646362cc - - default default] Successfully bumped revision number for resource a272ef33-fa57-4c11-8800-9f52a9f16ee4 (type: security_group_rules) to 0
2026-07-21 07:49:40.187 9 INFO neutron.db.ovn_revision_numbers_db [None req-e5d73b49-18f3-499c-95b6-ea210b58e844 b6aa247eb85941a491f3c29651c0f526 02c1d976bc2a49928e03a323646362cc - - default default] Successfully bumped revision number for resource c222bd06-0341-4dbf-9ef6-44c24c0603a1 (type: security_group_rules) to 0
2026-07-21 07:49:40.216 9 INFO neutron.wsgi [None req-e5d73b49-18f3-499c-95b6-ea210b58e844 b6aa247eb85941a491f3c29651c0f526 02c1d976bc2a49928e03a323646362cc - - default default] 10.0.0.158 "POST /v2.0/security-groups HTTP/1.1" status: 201 len: 1737 time: 0.2714703
2026-07-21 07:49:40.224 9 INFO neutron.api.v2.resource [None req-925d9652-5c67-4164-abc0-8f7ce47d8bb4 2b42bda6d4804906956c5a4a51ce03e4 353d2fa459094682a2031fcf7066f4b1 - - default default] delete failed (client error): The resource could not be found.
2026-07-21 07:49:40.225 9 INFO neutron.wsgi [None req-925d9652-5c67-4164-abc0-8f7ce47d8bb4 2b42bda6d4804906956c5a4a51ce03e4 353d2fa459094682a2031fcf7066f4b1 - - default default] 10.0.0.158 "DELETE /v2.0/subnets/4bb0b575-7ccb-4e6f-a1f6-23f4ff4cebd5/tags/green HTTP/1.1" status: 404 len: 299 time: 0.0528581
2026-07-21 07:49:40.226 10 WARNING neutron_lib.context [None req-a3647204-1b2f-4efe-8097-b3247032f607 b6aa247eb85941a491f3c29651c0f526 02c1d976bc2a49928e03a323646362cc - - default default] Method 'is_advsvc' is deprecated since 2023.2 release (neutron-lib 3.8.0) and will be removed once support for the old RBAC API policies will be removed from Neutron. Please use method 'is_service_role' instead.
2026-07-21 07:49:40.276 9 INFO neutron.wsgi [None req-c342c56c-a4b7-4454-8132-50353f240abe 2b42bda6d4804906956c5a4a51ce03e4 353d2fa459094682a2031fcf7066f4b1 - - default default] 10.0.0.158 "DELETE /v2.0/subnets/4bb0b575-7ccb-4e6f-a1f6-23f4ff4cebd5/tags HTTP/1.1" status: 204 len: 168 time: 0.0460601
2026-07-21 07:49:40.318 9 INFO neutron.wsgi [None req-442e877e-47e5-4c12-bc79-fa79b69d224b 2b42bda6d4804906956c5a4a51ce03e4 353d2fa459094682a2031fcf7066f4b1 - - default default] 10.0.0.158 "GET /v2.0/subnets/4bb0b575-7ccb-4e6f-a1f6-23f4ff4cebd5/tags HTTP/1.1" status: 200 len: 205 time: 0.0377736
2026-07-21 07:49:40.391 10 INFO neutron.db.ovn_revision_numbers_db [None req-a3647204-1b2f-4efe-8097-b3247032f607 b6aa247eb85941a491f3c29651c0f526 02c1d976bc2a49928e03a323646362cc - - default default] Successfully bumped revision number for resource 8afddfb7-b36a-4aa3-9a62-3b7d1db52259 (type: security_groups) to 1
2026-07-21 07:49:40.404 10 INFO neutron.db.ovn_revision_numbers_db [None req-a3647204-1b2f-4efe-8097-b3247032f607 b6aa247eb85941a491f3c29651c0f526 02c1d976bc2a49928e03a323646362cc - - default default] Successfully bumped revision number for resource 4e71dcae-86f3-475a-9df4-d717fe457cef (type: security_group_rules) to 0
2026-07-21 07:49:40.432 10 INFO neutron.db.ovn_revision_numbers_db [None req-a3647204-1b2f-4efe-8097-b3247032f607 b6aa247eb85941a491f3c29651c0f526 02c1d976bc2a49928e03a323646362cc - - default default] Successfully bumped revision number for resource c84a77e2-0ef0-4cea-b731-11fa8db6b41d (type: security_group_rules) to 0
2026-07-21 07:49:40.436 10 INFO neutron.db.ovn_revision_numbers_db [None req-ebf2e141-e79e-44e8-bb50-bbd168a4755c 392083e5b101457e8f890e1524eef317 cd995afa4ffd4531a858f1c201a6e449 - - default default] Successfully bumped revision number for resource cb90d31a-329e-4701-b548-aaf03c8eef44 (type: security_groups) to 1
2026-07-21 07:49:40.460 10 INFO neutron.db.ovn_revision_numbers_db [None req-ebf2e141-e79e-44e8-bb50-bbd168a4755c 392083e5b101457e8f890e1524eef317 cd995afa4ffd4531a858f1c201a6e449 - - default default] Successfully bumped revision number for resource 13806adf-478f-4e16-b872-f44b8d2373aa (type: security_group_rules) to 0
2026-07-21 07:49:40.466 10 INFO neutron.wsgi [None req-a3647204-1b2f-4efe-8097-b3247032f607 b6aa247eb85941a491f3c29651c0f526 02c1d976bc2a49928e03a323646362cc - - default default] 10.0.0.158 "POST /v2.0/security-groups HTTP/1.1" status: 201 len: 1737 time: 0.2458138
2026-07-21 07:49:40.476 10 WARNING neutron_lib.context [None req-3e1866f7-9936-4f6a-a212-0cf0c795b7f9 b6aa247eb85941a491f3c29651c0f526 02c1d976bc2a49928e03a323646362cc - - default default] Method 'is_advsvc' is deprecated since 2023.2 release (neutron-lib 3.8.0) and will be removed once support for the old RBAC API policies will be removed from Neutron. Please use method 'is_service_role' instead.
2026-07-21 07:49:40.489 10 INFO neutron.db.ovn_revision_numbers_db [None req-ebf2e141-e79e-44e8-bb50-bbd168a4755c 392083e5b101457e8f890e1524eef317 cd995afa4ffd4531a858f1c201a6e449 - - default default] Successfully bumped revision number for resource 31468bee-6679-4b36-b3ea-e5733a5fc239 (type: security_group_rules) to 0
2026-07-21 07:49:40.501 10 INFO neutron.db.ovn_revision_numbers_db [None req-ebf2e141-e79e-44e8-bb50-bbd168a4755c 392083e5b101457e8f890e1524eef317 cd995afa4ffd4531a858f1c201a6e449 - - default default] Successfully bumped revision number for resource d7632c38-5d6d-4b33-99f1-24120d518ac8 (type: security_group_rules) to 0
2026-07-21 07:49:40.519 10 INFO neutron.db.ovn_revision_numbers_db [None req-ebf2e141-e79e-44e8-bb50-bbd168a4755c 392083e5b101457e8f890e1524eef317 cd995afa4ffd4531a858f1c201a6e449 - - default default] Successfully bumped revision number for resource d9a0a097-2bab-4fdd-96d8-cb4987225619 (type: security_group_rules) to 0
2026-07-21 07:49:40.520 9 INFO neutron.wsgi [None req-0e292c97-faba-42a6-b2df-61c327c84bf8 2b42bda6d4804906956c5a4a51ce03e4 353d2fa459094682a2031fcf7066f4b1 - - default default] 10.0.0.158 "DELETE /v2.0/subnets/4bb0b575-7ccb-4e6f-a1f6-23f4ff4cebd5 HTTP/1.1" status: 204 len: 168 time: 0.1962729
2026-07-21 07:49:40.548 10 INFO neutron.wsgi [None req-ebf2e141-e79e-44e8-bb50-bbd168a4755c 392083e5b101457e8f890e1524eef317 cd995afa4ffd4531a858f1c201a6e449 - - default default] 10.0.0.158 "GET /v2.0/security-groups?tenant_id=79a9fc57ca144bbf806c2c38be1edb22&name=default HTTP/1.1" status: 200 len: 2996 time: 0.3722668
2026-07-21 07:49:40.618 10 INFO neutron.db.ovn_revision_numbers_db [None req-3e1866f7-9936-4f6a-a212-0cf0c795b7f9 b6aa247eb85941a491f3c29651c0f526 02c1d976bc2a49928e03a323646362cc - - default default] Successfully bumped revision number for resource bb786cb2-a3d8-45b1-b2c1-fb75cfe0451c (type: security_groups) to 1
2026-07-21 07:49:40.638 10 INFO neutron.db.ovn_revision_numbers_db [None req-3e1866f7-9936-4f6a-a212-0cf0c795b7f9 b6aa247eb85941a491f3c29651c0f526 02c1d976bc2a49928e03a323646362cc - - default default] Successfully bumped revision number for resource 196caad8-0c07-4cc1-8995-f33f87aef242 (type: security_group_rules) to 0
2026-07-21 07:49:40.656 10 INFO neutron.db.ovn_revision_numbers_db [None req-3e1866f7-9936-4f6a-a212-0cf0c795b7f9 b6aa247eb85941a491f3c29651c0f526 02c1d976bc2a49928e03a323646362cc - - default default] Successfully bumped revision number for resource 58ad3f8c-cc8b-45d9-ad68-a3d275ce2d6d (type: security_group_rules) to 0
2026-07-21 07:49:40.674 10 INFO neutron.wsgi [None req-3e1866f7-9936-4f6a-a212-0cf0c795b7f9 b6aa247eb85941a491f3c29651c0f526 02c1d976bc2a49928e03a323646362cc - - default default] 10.0.0.158 "POST /v2.0/security-groups HTTP/1.1" status: 201 len: 1737 time: 0.2031784
2026-07-21 07:49:40.728 10 INFO neutron.wsgi [None req-bb19eb6d-f78c-467b-a408-073849b614f5 b6aa247eb85941a491f3c29651c0f526 02c1d976bc2a49928e03a323646362cc - - default default] 10.0.0.158 "PUT /v2.0/security-groups/70dcfad5-c462-4cfc-86e1-3d14b1cfd487/tags HTTP/1.1" status: 200 len: 210 time: 0.0482419
2026-07-21 07:49:40.788 10 INFO neutron.wsgi [None req-4d568c83-6bb2-4fe5-9679-ec43577ae9e3 b6aa247eb85941a491f3c29651c0f526 02c1d976bc2a49928e03a323646362cc - - default default] 10.0.0.158 "PUT /v2.0/security-groups/84fa75a6-f616-4773-aff3-87b364c63ed6/tags HTTP/1.1" status: 200 len: 218 time: 0.0549433
2026-07-21 07:49:40.809 10 INFO neutron.wsgi [None req-8518bb41-11ef-4de6-998b-3c4c82707249 392083e5b101457e8f890e1524eef317 cd995afa4ffd4531a858f1c201a6e449 - - default default] 10.0.0.158 "DELETE /v2.0/security-groups/cb90d31a-329e-4701-b548-aaf03c8eef44 HTTP/1.1" status: 204 len: 168 time: 0.2545424
2026-07-21 07:49:40.831 10 INFO neutron.wsgi [None req-42cd8c32-2cec-4193-bc36-12430002062f b6aa247eb85941a491f3c29651c0f526 02c1d976bc2a49928e03a323646362cc - - default default] 10.0.0.158 "PUT /v2.0/security-groups/f8115509-cb72-4402-9720-de2c386119e1/tags HTTP/1.1" status: 200 len: 227 time: 0.0388734
2026-07-21 07:49:40.869 10 INFO neutron.wsgi [None req-96f5fcb2-f2e8-4360-b907-2118ae8ad000 b6aa247eb85941a491f3c29651c0f526 02c1d976bc2a49928e03a323646362cc - - default default] 10.0.0.158 "PUT /v2.0/security-groups/8afddfb7-b36a-4aa3-9a62-3b7d1db52259/tags HTTP/1.1" status: 200 len: 212 time: 0.0330374
2026-07-21 07:49:40.930 9 INFO neutron.services.segments.plugin [-] Segment d176262d-8ae6-41ef-babd-5ffb84b2684f resource provider aggregate not found
2026-07-21 07:49:40.935 9 INFO neutron.services.segments.plugin [-] Segment d176262d-8ae6-41ef-babd-5ffb84b2684f resource provider aggregate not found
2026-07-21 07:49:40.942 10 INFO neutron.wsgi [None req-4ce38499-fa80-40cb-a293-f7032d06ad71 b6aa247eb85941a491f3c29651c0f526 02c1d976bc2a49928e03a323646362cc - - default default] 10.0.0.158 "GET /v2.0/security-groups?tags=red HTTP/1.1" status: 200 len: 4813 time: 0.0634646
2026-07-21 07:49:40.949 9 INFO neutron.services.segments.plugin [-] Segment d176262d-8ae6-41ef-babd-5ffb84b2684f resource provider not found; error: Placement Client Error (4xx): {"errors": [{"status": 404, "title": "Not Found", "detail": "The resource could not be found.\n\n No resource provider with uuid d176262d-8ae6-41ef-babd-5ffb84b2684f found for delete ", "request_id": "req-60c50973-7306-45bf-924d-d159f25c3d0e"}]}
2026-07-21 07:49:40.959 9 INFO neutron.services.segments.plugin [-] Segment d176262d-8ae6-41ef-babd-5ffb84b2684f resource provider not found; error: Placement Client Error (4xx): {"errors": [{"status": 404, "title": "Not Found", "detail": "The resource could not be found.\n\n No resource provider with uuid d176262d-8ae6-41ef-babd-5ffb84b2684f found for delete ", "request_id": "req-dfa7a494-0d7d-46c4-bc1d-cef4086ecd5c"}]}
2026-07-21 07:49:40.987 9 INFO neutron.wsgi [None req-6f746c88-2e8b-48fe-bb78-7e56fe4d115e 2b42bda6d4804906956c5a4a51ce03e4 353d2fa459094682a2031fcf7066f4b1 - - default default] 10.0.0.158 "DELETE /v2.0/networks/742f8b80-d4af-4a62-a8ab-091ffb5f9c70 HTTP/1.1" status: 204 len: 168 time: 0.4613886
2026-07-21 07:49:40.999 10 INFO neutron.wsgi [None req-ee0ef0fb-837c-4888-a9fa-652f23ddd98a b6aa247eb85941a491f3c29651c0f526 02c1d976bc2a49928e03a323646362cc - - default default] 10.0.0.158 "GET /v2.0/security-groups?tags=red%2Cblue HTTP/1.1" status: 200 len: 3289 time: 0.0509288
2026-07-21 07:49:41.052 9 INFO neutron.wsgi [None req-c5fc395a-5cfb-46d5-8a69-129ae3868da4 b6aa247eb85941a491f3c29651c0f526 02c1d976bc2a49928e03a323646362cc - - default default] 10.0.0.158 "GET /v2.0/security-groups?tags-any=blue HTTP/1.1" status: 200 len: 3289 time: 0.0474422
2026-07-21 07:49:41.063 10 INFO neutron.db.ovn_revision_numbers_db [None req-dffee21c-349a-4d49-a3d8-5b1149a11bab 392083e5b101457e8f890e1524eef317 cd995afa4ffd4531a858f1c201a6e449 - - default default] Successfully bumped revision number for resource 5f0852d6-4165-4578-b4f2-d1c0ecbd81a3 (type: security_groups) to 1
2026-07-21 07:49:41.077 10 INFO neutron.db.ovn_revision_numbers_db [None req-dffee21c-349a-4d49-a3d8-5b1149a11bab 392083e5b101457e8f890e1524eef317 cd995afa4ffd4531a858f1c201a6e449 - - default default] Successfully bumped revision number for resource 1f345ec4-3fc5-4386-8ba4-79d6c53ce539 (type: security_group_rules) to 0
2026-07-21 07:49:41.091 10 INFO neutron.db.ovn_revision_numbers_db [None req-dffee21c-349a-4d49-a3d8-5b1149a11bab 392083e5b101457e8f890e1524eef317 cd995afa4ffd4531a858f1c201a6e449 - - default default] Successfully bumped revision number for resource 6fbdcf38-ffaa-4f2b-a382-ae3387cab5aa (type: security_group_rules) to 0
2026-07-21 07:49:41.102 9 INFO neutron.wsgi [None req-73239b58-3326-404f-b440-b59b874e2e55 b6aa247eb85941a491f3c29651c0f526 02c1d976bc2a49928e03a323646362cc - - default default] 10.0.0.158 "GET /v2.0/security-groups?tags-any=red%2Cblue HTTP/1.1" status: 200 len: 4813 time: 0.0432632
2026-07-21 07:49:41.105 10 INFO neutron.db.ovn_revision_numbers_db [None req-dffee21c-349a-4d49-a3d8-5b1149a11bab 392083e5b101457e8f890e1524eef317 cd995afa4ffd4531a858f1c201a6e449 - - default default] Successfully bumped revision number for resource 864c9dae-824a-4911-9dfa-264ef7768492 (type: security_group_rules) to 0
2026-07-21 07:49:41.118 10 INFO neutron.db.ovn_revision_numbers_db [None req-dffee21c-349a-4d49-a3d8-5b1149a11bab 392083e5b101457e8f890e1524eef317 cd995afa4ffd4531a858f1c201a6e449 - - default default] Successfully bumped revision number for resource aa456828-3e7f-452a-80a2-5584aee48f78 (type: security_group_rules) to 0
2026-07-21 07:49:41.140 10 INFO neutron.wsgi [None req-dffee21c-349a-4d49-a3d8-5b1149a11bab 392083e5b101457e8f890e1524eef317 cd995afa4ffd4531a858f1c201a6e449 - - default default] 10.0.0.158 "GET /v2.0/security-groups?tenant_id=07e328dd1e3a4b019311af4a0e48128b&name=default HTTP/1.1" status: 200 len: 2996 time: 0.2210941
2026-07-21 07:49:41.158 9 INFO neutron.wsgi [None req-71182ee3-abcf-4b83-9631-9aa8996712e8 b6aa247eb85941a491f3c29651c0f526 02c1d976bc2a49928e03a323646362cc - - default default] 10.0.0.158 "GET /v2.0/security-groups?not-tags=red HTTP/1.1" status: 200 len: 6041 time: 0.0499251
2026-07-21 07:49:41.212 9 INFO neutron.wsgi [None req-7ffffa78-add7-48ee-93ed-252931e0e287 b6aa247eb85941a491f3c29651c0f526 02c1d976bc2a49928e03a323646362cc - - default default] 10.0.0.158 "GET /v2.0/security-groups?not-tags=red%2Cblue HTTP/1.1" status: 200 len: 7565 time: 0.0496690
2026-07-21 07:49:41.270 9 INFO neutron.wsgi [None req-d7ca1ad0-7e5f-4090-ba92-c47dd03018ac b6aa247eb85941a491f3c29651c0f526 02c1d976bc2a49928e03a323646362cc - - default default] 10.0.0.158 "GET /v2.0/security-groups?not-tags-any=blue HTTP/1.1" status: 200 len: 7565 time: 0.0537982
2026-07-21 07:49:41.335 9 INFO neutron.wsgi [None req-d8d961a7-f9ef-41dc-8e15-62349f7a3f34 b6aa247eb85941a491f3c29651c0f526 02c1d976bc2a49928e03a323646362cc - - default default] 10.0.0.158 "GET /v2.0/security-groups?not-tags-any=red%2Cblue HTTP/1.1" status: 200 len: 6041 time: 0.0595529
2026-07-21 07:49:41.386 10 INFO neutron.wsgi [None req-b06fbc05-57e6-465a-ae02-2ca7a7b0bb7c 392083e5b101457e8f890e1524eef317 cd995afa4ffd4531a858f1c201a6e449 - - default default] 10.0.0.158 "DELETE /v2.0/security-groups/5f0852d6-4165-4578-b4f2-d1c0ecbd81a3 HTTP/1.1" status: 204 len: 168 time: 0.2418888
2026-07-21 07:49:41.460 10 INFO neutron.wsgi [None req-621803bf-a163-4f21-9c00-832ddf3b2f79 b6aa247eb85941a491f3c29651c0f526 02c1d976bc2a49928e03a323646362cc - - default default] 10.0.0.158 "DELETE /v2.0/security-groups/70dcfad5-c462-4cfc-86e1-3d14b1cfd487 HTTP/1.1" status: 204 len: 168 time: 0.1171427
2026-07-21 07:49:41.591 10 INFO neutron.wsgi [None req-a9f3e21f-6b3f-4e74-b688-567a2af2c9d5 b6aa247eb85941a491f3c29651c0f526 02c1d976bc2a49928e03a323646362cc - - default default] 10.0.0.158 "DELETE /v2.0/security-groups/84fa75a6-f616-4773-aff3-87b364c63ed6 HTTP/1.1" status: 204 len: 168 time: 0.1231287
2026-07-21 07:49:41.667 9 INFO neutron.db.ovn_revision_numbers_db [None req-f0093261-a27d-45a3-94a8-e9e727824f13 392083e5b101457e8f890e1524eef317 cd995afa4ffd4531a858f1c201a6e449 - - default default] Successfully bumped revision number for resource fba815ac-eef2-4f07-96ac-ee8217272858 (type: security_groups) to 1
2026-07-21 07:49:41.683 9 INFO neutron.db.ovn_revision_numbers_db [None req-f0093261-a27d-45a3-94a8-e9e727824f13 392083e5b101457e8f890e1524eef317 cd995afa4ffd4531a858f1c201a6e449 - - default default] Successfully bumped revision number for resource 3e95392d-10cb-4ca0-ae1a-38deaa147a08 (type: security_group_rules) to 0
2026-07-21 07:49:41.699 9 INFO neutron.db.ovn_revision_numbers_db [None req-f0093261-a27d-45a3-94a8-e9e727824f13 392083e5b101457e8f890e1524eef317 cd995afa4ffd4531a858f1c201a6e449 - - default default] Successfully bumped revision number for resource 609106c6-67c3-49c5-b25b-fd2d7a7cc851 (type: security_group_rules) to 0
2026-07-21 07:49:41.710 9 INFO neutron.wsgi [None req-1d089040-ecf3-4910-b287-0ba507207ad8 b6aa247eb85941a491f3c29651c0f526 02c1d976bc2a49928e03a323646362cc - - default default] 10.0.0.158 "DELETE /v2.0/security-groups/f8115509-cb72-4402-9720-de2c386119e1 HTTP/1.1" status: 204 len: 168 time: 0.1125140
2026-07-21 07:49:41.722 9 INFO neutron.db.ovn_revision_numbers_db [None req-f0093261-a27d-45a3-94a8-e9e727824f13 392083e5b101457e8f890e1524eef317 cd995afa4ffd4531a858f1c201a6e449 - - default default] Successfully bumped revision number for resource 6d5b92e4-1c5d-47b5-960a-366959ea36a9 (type: security_group_rules) to 0
2026-07-21 07:49:41.740 9 INFO neutron.db.ovn_revision_numbers_db [None req-f0093261-a27d-45a3-94a8-e9e727824f13 392083e5b101457e8f890e1524eef317 cd995afa4ffd4531a858f1c201a6e449 - - default default] Successfully bumped revision number for resource 7fc8dd1e-ffb2-4885-a192-bffe3982a743 (type: security_group_rules) to 0
2026-07-21 07:49:41.764 9 INFO neutron.wsgi [None req-f0093261-a27d-45a3-94a8-e9e727824f13 392083e5b101457e8f890e1524eef317 cd995afa4ffd4531a858f1c201a6e449 - - default default] 10.0.0.158 "GET /v2.0/security-groups?tenant_id=22e195cc9f154729bafd12966f101221&name=default HTTP/1.1" status: 200 len: 2996 time: 0.2221143
2026-07-21 07:49:41.843 9 INFO neutron.wsgi [None req-7139b5ba-262b-467f-8f42-69126f24ac5e b6aa247eb85941a491f3c29651c0f526 02c1d976bc2a49928e03a323646362cc - - default default] 10.0.0.158 "DELETE /v2.0/security-groups/8afddfb7-b36a-4aa3-9a62-3b7d1db52259 HTTP/1.1" status: 204 len: 168 time: 0.1266916
2026-07-21 07:49:42.037 9 INFO neutron.wsgi [None req-9c2ad3cb-564e-4fb2-8ec6-c11dfc8a7b7f b6aa247eb85941a491f3c29651c0f526 02c1d976bc2a49928e03a323646362cc - - default default] 10.0.0.158 "DELETE /v2.0/security-groups/bb786cb2-a3d8-45b1-b2c1-fb75cfe0451c HTTP/1.1" status: 204 len: 168 time: 0.1872361
2026-07-21 07:49:42.043 9 INFO neutron.wsgi [None req-3c4b7a13-6069-46de-b6e6-1850fa878636 392083e5b101457e8f890e1524eef317 cd995afa4ffd4531a858f1c201a6e449 - - default default] 10.0.0.158 "DELETE /v2.0/security-groups/fba815ac-eef2-4f07-96ac-ee8217272858 HTTP/1.1" status: 204 len: 168 time: 0.2730801
2026-07-21 07:49:42.094 9 INFO neutron.db.ovn_revision_numbers_db [None req-ecfc63cd-883b-4af9-b83c-5d221b95e2a2 392083e5b101457e8f890e1524eef317 cd995afa4ffd4531a858f1c201a6e449 - - default default] Successfully bumped revision number for resource 9bb329d9-d7b8-4d4f-8f5a-912cfdee5971 (type: security_groups) to 1
2026-07-21 07:49:42.108 9 INFO neutron.db.ovn_revision_numbers_db [None req-ecfc63cd-883b-4af9-b83c-5d221b95e2a2 392083e5b101457e8f890e1524eef317 cd995afa4ffd4531a858f1c201a6e449 - - default default] Successfully bumped revision number for resource 050cf57b-1942-4d17-818f-ad076c49bd40 (type: security_group_rules) to 0
2026-07-21 07:49:42.122 9 INFO neutron.db.ovn_revision_numbers_db [None req-ecfc63cd-883b-4af9-b83c-5d221b95e2a2 392083e5b101457e8f890e1524eef317 cd995afa4ffd4531a858f1c201a6e449 - - default default] Successfully bumped revision number for resource 5083c2ca-80af-4d38-aa39-fe9670104ecd (type: security_group_rules) to 0
2026-07-21 07:49:42.135 9 INFO neutron.db.ovn_revision_numbers_db [None req-ecfc63cd-883b-4af9-b83c-5d221b95e2a2 392083e5b101457e8f890e1524eef317 cd995afa4ffd4531a858f1c201a6e449 - - default default] Successfully bumped revision number for resource 960ce6e2-43d3-478c-834a-6f36e774a458 (type: security_group_rules) to 0
2026-07-21 07:49:42.148 9 INFO neutron.db.ovn_revision_numbers_db [None req-ecfc63cd-883b-4af9-b83c-5d221b95e2a2 392083e5b101457e8f890e1524eef317 cd995afa4ffd4531a858f1c201a6e449 - - default default] Successfully bumped revision number for resource f78ba642-2486-455d-a470-98b192e17f94 (type: security_group_rules) to 0
2026-07-21 07:49:42.175 9 INFO neutron.wsgi [None req-ecfc63cd-883b-4af9-b83c-5d221b95e2a2 392083e5b101457e8f890e1524eef317 cd995afa4ffd4531a858f1c201a6e449 - - default default] 10.0.0.158 "GET /v2.0/security-groups?tenant_id=0868aa1d815947a49cb931ec5dd14dd2&name=default HTTP/1.1" status: 200 len: 2996 time: 0.5125988
2026-07-21 07:49:42.179 10 INFO neutron.db.ovn_revision_numbers_db [None req-79551d40-a5c8-4a83-bf43-fded71e05240 392083e5b101457e8f890e1524eef317 cd995afa4ffd4531a858f1c201a6e449 - - default default] Successfully bumped revision number for resource 751a73b1-2db5-417a-a3b8-5f26babbfa9c (type: security_groups) to 1
2026-07-21 07:49:42.203 10 INFO neutron.db.ovn_revision_numbers_db [None req-79551d40-a5c8-4a83-bf43-fded71e05240 392083e5b101457e8f890e1524eef317 cd995afa4ffd4531a858f1c201a6e449 - - default default] Successfully bumped revision number for resource 1778b7a9-a893-4bc0-b13e-b654f130910c (type: security_group_rules) to 0
2026-07-21 07:49:42.218 10 INFO neutron.db.ovn_revision_numbers_db [None req-79551d40-a5c8-4a83-bf43-fded71e05240 392083e5b101457e8f890e1524eef317 cd995afa4ffd4531a858f1c201a6e449 - - default default] Successfully bumped revision number for resource 4f2b2739-6266-4d0c-9cb4-347090228e5a (type: security_group_rules) to 0
2026-07-21 07:49:42.236 10 INFO neutron.db.ovn_revision_numbers_db [None req-79551d40-a5c8-4a83-bf43-fded71e05240 392083e5b101457e8f890e1524eef317 cd995afa4ffd4531a858f1c201a6e449 - - default default] Successfully bumped revision number for resource 9271843e-3c5c-44fb-a494-59d044cd5440 (type: security_group_rules) to 0
2026-07-21 07:49:42.256 10 INFO neutron.db.ovn_revision_numbers_db [None req-79551d40-a5c8-4a83-bf43-fded71e05240 392083e5b101457e8f890e1524eef317 cd995afa4ffd4531a858f1c201a6e449 - - default default] Successfully bumped revision number for resource a439119b-aafe-46e0-ba6c-5b890df68480 (type: security_group_rules) to 0
2026-07-21 07:49:42.288 10 INFO neutron.wsgi [None req-79551d40-a5c8-4a83-bf43-fded71e05240 392083e5b101457e8f890e1524eef317 cd995afa4ffd4531a858f1c201a6e449 - - default default] 10.0.0.158 "GET /v2.0/security-groups?tenant_id=8b21495ac2b14c2183a4eb4ef26dc9e9&name=default HTTP/1.1" status: 200 len: 2996 time: 0.2375185
2026-07-21 07:49:42.415 10 INFO neutron.wsgi [None req-138f090c-f298-47fb-b8a0-32e8029b5b3a 392083e5b101457e8f890e1524eef317 cd995afa4ffd4531a858f1c201a6e449 - - default default] 10.0.0.158 "DELETE /v2.0/security-groups/9bb329d9-d7b8-4d4f-8f5a-912cfdee5971 HTTP/1.1" status: 204 len: 168 time: 0.2324545
2026-07-21 07:49:42.504 10 INFO neutron.wsgi [None req-69e79f12-85d5-4b23-b8a3-a82f453e4a90 392083e5b101457e8f890e1524eef317 cd995afa4ffd4531a858f1c201a6e449 - - default default] 10.0.0.158 "DELETE /v2.0/security-groups/751a73b1-2db5-417a-a3b8-5f26babbfa9c HTTP/1.1" status: 204 len: 168 time: 0.2065380
2026-07-21 07:49:42.625 9 INFO neutron.wsgi [None req-35450885-c8ae-47e0-8bb4-cb0ef7541c2f 392083e5b101457e8f890e1524eef317 cd995afa4ffd4531a858f1c201a6e449 - - default default] 10.0.0.158 "GET /v2.0/security-groups?tenant_id=353d2fa459094682a2031fcf7066f4b1&name=default HTTP/1.1" status: 200 len: 2996 time: 0.0515015
2026-07-21 07:49:42.824 9 INFO neutron.wsgi [None req-6f4ca3c8-c8d9-4d90-beae-0b308e29338c 392083e5b101457e8f890e1524eef317 cd995afa4ffd4531a858f1c201a6e449 - - default default] 10.0.0.158 "DELETE /v2.0/security-groups/f5fa1d4d-6d1d-470c-a010-35d013f19cfa HTTP/1.1" status: 204 len: 168 time: 0.1933610
2026-07-21 07:49:43.109 9 INFO neutron.db.ovn_revision_numbers_db [None req-82cb602f-7e30-4973-9e83-e5ac9b1cc836 392083e5b101457e8f890e1524eef317 cd995afa4ffd4531a858f1c201a6e449 - - default default] Successfully bumped revision number for resource 4f5d98da-8043-4274-9439-2612e2c20fb8 (type: security_groups) to 1
2026-07-21 07:49:43.123 9 INFO neutron.db.ovn_revision_numbers_db [None req-82cb602f-7e30-4973-9e83-e5ac9b1cc836 392083e5b101457e8f890e1524eef317 cd995afa4ffd4531a858f1c201a6e449 - - default default] Successfully bumped revision number for resource 08dc074b-9586-4b96-952a-d8ed3b1593c6 (type: security_group_rules) to 0
2026-07-21 07:49:43.137 9 INFO neutron.db.ovn_revision_numbers_db [None req-82cb602f-7e30-4973-9e83-e5ac9b1cc836 392083e5b101457e8f890e1524eef317 cd995afa4ffd4531a858f1c201a6e449 - - default default] Successfully bumped revision number for resource 26f1c146-4227-4d36-a552-c20631485b80 (type: security_group_rules) to 0
2026-07-21 07:49:43.150 9 INFO neutron.db.ovn_revision_numbers_db [None req-82cb602f-7e30-4973-9e83-e5ac9b1cc836 392083e5b101457e8f890e1524eef317 cd995afa4ffd4531a858f1c201a6e449 - - default default] Successfully bumped revision number for resource 73f20248-6b82-4a24-9187-2f99a9b6a3d3 (type: security_group_rules) to 0
2026-07-21 07:49:43.164 9 INFO neutron.db.ovn_revision_numbers_db [None req-82cb602f-7e30-4973-9e83-e5ac9b1cc836 392083e5b101457e8f890e1524eef317 cd995afa4ffd4531a858f1c201a6e449 - - default default] Successfully bumped revision number for resource c650d585-c10a-4f65-a5d0-e5a2360818a6 (type: security_group_rules) to 0
2026-07-21 07:49:43.186 9 INFO neutron.wsgi [None req-82cb602f-7e30-4973-9e83-e5ac9b1cc836 392083e5b101457e8f890e1524eef317 cd995afa4ffd4531a858f1c201a6e449 - - default default] 10.0.0.158 "GET /v2.0/security-groups?tenant_id=1732ad0c27844bf2bfea49154e9195a7&name=default HTTP/1.1" status: 200 len: 2996 time: 0.3753810
2026-07-21 07:49:43.396 10 INFO neutron.wsgi [None req-5aae64a3-9ad2-4e19-8a95-506310ee2407 392083e5b101457e8f890e1524eef317 cd995afa4ffd4531a858f1c201a6e449 - - default default] 10.0.0.158 "DELETE /v2.0/security-groups/4f5d98da-8043-4274-9439-2612e2c20fb8 HTTP/1.1" status: 204 len: 168 time: 0.2036064
2026-07-21 07:49:43.659 9 INFO neutron.db.ovn_revision_numbers_db [None req-c5280d6b-f111-42dd-a830-ff325535a3ee 392083e5b101457e8f890e1524eef317 cd995afa4ffd4531a858f1c201a6e449 - - default default] Successfully bumped revision number for resource a73b0f3f-3b8c-4931-8915-f37cff94e9ba (type: security_groups) to 1
2026-07-21 07:49:43.675 9 INFO neutron.db.ovn_revision_numbers_db [None req-c5280d6b-f111-42dd-a830-ff325535a3ee 392083e5b101457e8f890e1524eef317 cd995afa4ffd4531a858f1c201a6e449 - - default default] Successfully bumped revision number for resource 06e0ebe2-faaf-492c-b9bb-1390a21f5173 (type: security_group_rules) to 0
2026-07-21 07:49:43.690 9 INFO neutron.db.ovn_revision_numbers_db [None req-c5280d6b-f111-42dd-a830-ff325535a3ee 392083e5b101457e8f890e1524eef317 cd995afa4ffd4531a858f1c201a6e449 - - default default] Successfully bumped revision number for resource 0a30ec90-3d45-47ca-b2ce-261f07ded75c (type: security_group_rules) to 0
2026-07-21 07:49:43.704 9 INFO neutron.db.ovn_revision_numbers_db [None req-c5280d6b-f111-42dd-a830-ff325535a3ee 392083e5b101457e8f890e1524eef317 cd995afa4ffd4531a858f1c201a6e449 - - default default] Successfully bumped revision number for resource 4184ab00-081b-41b0-8de3-bdeb8991acbc (type: security_group_rules) to 0
2026-07-21 07:49:43.718 9 INFO neutron.db.ovn_revision_numbers_db [None req-c5280d6b-f111-42dd-a830-ff325535a3ee 392083e5b101457e8f890e1524eef317 cd995afa4ffd4531a858f1c201a6e449 - - default default] Successfully bumped revision number for resource f40e09bf-255e-4a25-add0-323f01ba9fdf (type: security_group_rules) to 0
2026-07-21 07:49:43.740 9 INFO neutron.wsgi [None req-c5280d6b-f111-42dd-a830-ff325535a3ee 392083e5b101457e8f890e1524eef317 cd995afa4ffd4531a858f1c201a6e449 - - default default] 10.0.0.158 "GET /v2.0/security-groups?tenant_id=c3228a1f73db4f86b095c8990072a913&name=default HTTP/1.1" status: 200 len: 2996 time: 0.1822076
2026-07-21 07:49:43.983 10 INFO neutron.wsgi [None req-d0988f36-3a99-45ee-a6a7-c2954b904b3f 392083e5b101457e8f890e1524eef317 cd995afa4ffd4531a858f1c201a6e449 - - default default] 10.0.0.158 "DELETE /v2.0/security-groups/a73b0f3f-3b8c-4931-8915-f37cff94e9ba HTTP/1.1" status: 204 len: 168 time: 0.2381945
2026-07-21 07:49:44.122 9 INFO neutron.wsgi [None req-51047332-b10c-447f-b172-2f04f3dafe57 392083e5b101457e8f890e1524eef317 cd995afa4ffd4531a858f1c201a6e449 - - default default] 10.0.0.158 "GET /v2.0/security-groups?tenant_id=02c1d976bc2a49928e03a323646362cc&name=default HTTP/1.1" status: 200 len: 2996 time: 0.0571349
2026-07-21 07:49:44.327 9 INFO neutron.wsgi [None req-859ff396-55e2-4ee6-86cf-c98271c45a16 392083e5b101457e8f890e1524eef317 cd995afa4ffd4531a858f1c201a6e449 - - default default] 10.0.0.158 "DELETE /v2.0/security-groups/de22b855-b34f-4fb3-a6e4-04cfa37e75b9 HTTP/1.1" status: 204 len: 168 time: 0.2000804
2026-07-21 07:49:45.549 9 WARNING neutron_lib.context [None req-dd0a8a6c-5db7-447c-90ab-8974a2e9c559 e886627077554633811627c2b7d06cb1 6451afbe3d59403c99291c06dedb3a4b - - default default] Method 'is_advsvc' is deprecated since 2023.2 release (neutron-lib 3.8.0) and will be removed once support for the old RBAC API policies will be removed from Neutron. Please use method 'is_service_role' instead.
2026-07-21 07:49:45.678 9 INFO neutron.db.ovn_revision_numbers_db [None req-dd0a8a6c-5db7-447c-90ab-8974a2e9c559 e886627077554633811627c2b7d06cb1 6451afbe3d59403c99291c06dedb3a4b - - default default] Successfully bumped revision number for resource d00d23f7-0d7f-4584-9ff1-83199284ee54 (type: security_groups) to 1
2026-07-21 07:49:45.694 9 INFO neutron.db.ovn_revision_numbers_db [None req-dd0a8a6c-5db7-447c-90ab-8974a2e9c559 e886627077554633811627c2b7d06cb1 6451afbe3d59403c99291c06dedb3a4b - - default default] Successfully bumped revision number for resource 53a68ce1-44af-4de7-b73c-0ffdd67725e9 (type: security_group_rules) to 0
2026-07-21 07:49:45.707 9 INFO neutron.db.ovn_revision_numbers_db [None req-dd0a8a6c-5db7-447c-90ab-8974a2e9c559 e886627077554633811627c2b7d06cb1 6451afbe3d59403c99291c06dedb3a4b - - default default] Successfully bumped revision number for resource 60e0b841-1c20-44d5-8085-c369850d3a2c (type: security_group_rules) to 0
2026-07-21 07:49:45.720 9 INFO neutron.db.ovn_revision_numbers_db [None req-dd0a8a6c-5db7-447c-90ab-8974a2e9c559 e886627077554633811627c2b7d06cb1 6451afbe3d59403c99291c06dedb3a4b - - default default] Successfully bumped revision number for resource a47804bb-0f80-4d74-a98d-a16467ac62b6 (type: security_group_rules) to 0
2026-07-21 07:49:45.733 9 INFO neutron.db.ovn_revision_numbers_db [None req-dd0a8a6c-5db7-447c-90ab-8974a2e9c559 e886627077554633811627c2b7d06cb1 6451afbe3d59403c99291c06dedb3a4b - - default default] Successfully bumped revision number for resource c4efd05e-a54c-4751-b135-356f287ec69b (type: security_group_rules) to 0
