2026-07-21 07:48:14.333 10 INFO neutron.wsgi [None req-511e005f-4b84-4570-a7e0-526475592fd3 d8d133a5cbc8417aaddbd3d7dcf4d22e f20cdfa9546b40109d2328cac2a6ed74 - - default default] 10.0.0.158 "GET /v2.0/ports/035a11f2-1fed-44db-825c-5a161aa783b8 HTTP/1.1" status: 200 len: 1149 time: 0.0349379
2026-07-21 07:48:15.028 10 INFO neutron.wsgi [None req-9f7a17be-3aee-4286-86f7-1c44662b7571 d8d133a5cbc8417aaddbd3d7dcf4d22e f20cdfa9546b40109d2328cac2a6ed74 - - default default] 10.0.0.158 "PUT /v2.0/routers/0b1c0a5a-b9b0-4f8e-9ecf-4a7e0515aef3/remove_router_interface HTTP/1.1" status: 200 len: 503 time: 0.6908317 /var/lib/openstack/lib/python3.10/site-packages/pycadf/identifier.py:71: UserWarning: Invalid uuid: neutron. To ensure interoperability, identifiers should be a valid uuid. warnings.warn(('Invalid uuid: %s. To ensure interoperability, '
2026-07-21 07:48:15.139 10 INFO neutron.wsgi [None req-33187d67-b1e0-4c6b-9f95-08d9b4f43639 d8d133a5cbc8417aaddbd3d7dcf4d22e f20cdfa9546b40109d2328cac2a6ed74 - - default default] 10.0.0.158 "GET /v2.0/ports/c9df867b-9a14-47a5-a6e9-7255cdb57f32 HTTP/1.1" status: 200 len: 1141 time: 0.1042778
2026-07-21 07:48:15.742 10 INFO neutron.wsgi [None req-c54f1888-9c41-431a-a93e-0d63bd1e09fb d8d133a5cbc8417aaddbd3d7dcf4d22e f20cdfa9546b40109d2328cac2a6ed74 - - default default] 10.0.0.158 "PUT /v2.0/routers/0b1c0a5a-b9b0-4f8e-9ecf-4a7e0515aef3/remove_router_interface HTTP/1.1" status: 200 len: 503 time: 0.5988462
2026-07-21 07:48:15.769 9 INFO neutron.wsgi [None req-53fafe93-5612-481b-804c-21fc13d9a749 d8d133a5cbc8417aaddbd3d7dcf4d22e f20cdfa9546b40109d2328cac2a6ed74 - - default default] 10.0.0.158 "GET /v2.0/ports?device_id=0b1c0a5a-b9b0-4f8e-9ecf-4a7e0515aef3 HTTP/1.1" status: 200 len: 205 time: 0.0214415
2026-07-21 07:48:16.063 9 INFO neutron.wsgi [None req-43be5ee4-97b2-4eb8-b1c0-fedf9c8847e0 d8d133a5cbc8417aaddbd3d7dcf4d22e f20cdfa9546b40109d2328cac2a6ed74 - - default default] 10.0.0.158 "DELETE /v2.0/routers/0b1c0a5a-b9b0-4f8e-9ecf-4a7e0515aef3 HTTP/1.1" status: 204 len: 168 time: 0.2886417
2026-07-21 07:48:16.277 9 INFO neutron.wsgi [None req-fd08c60c-2a3c-4f93-8b33-526a05d966c6 d8d133a5cbc8417aaddbd3d7dcf4d22e f20cdfa9546b40109d2328cac2a6ed74 - - default default] 10.0.0.158 "DELETE /v2.0/subnets/578c3f0b-ae0e-4556-9bf9-ff5a665f98ca HTTP/1.1" status: 204 len: 168 time: 0.2085128 /var/lib/openstack/lib/python3.10/site-packages/pycadf/identifier.py:71: UserWarning: Invalid uuid: neutron. To ensure interoperability, identifiers should be a valid uuid. warnings.warn(('Invalid uuid: %s. To ensure interoperability, '
2026-07-21 07:48:16.295 9 INFO neutron.db.ovn_revision_numbers_db [None req-7c6faceb-ce7d-476c-9ee3-6a358515faaa 392083e5b101457e8f890e1524eef317 cd995afa4ffd4531a858f1c201a6e449 - - default default] Successfully bumped revision number for resource 91b780e4-a738-40ef-88ea-da042e3299d4 (type: security_groups) to 1
2026-07-21 07:48:16.310 9 INFO neutron.db.ovn_revision_numbers_db [None req-7c6faceb-ce7d-476c-9ee3-6a358515faaa 392083e5b101457e8f890e1524eef317 cd995afa4ffd4531a858f1c201a6e449 - - default default] Successfully bumped revision number for resource 79cee053-c63d-451c-9bd9-8d34e9b7b697 (type: security_group_rules) to 0
2026-07-21 07:48:16.326 9 INFO neutron.db.ovn_revision_numbers_db [None req-7c6faceb-ce7d-476c-9ee3-6a358515faaa 392083e5b101457e8f890e1524eef317 cd995afa4ffd4531a858f1c201a6e449 - - default default] Successfully bumped revision number for resource 893ba2fd-b93b-4013-a9e8-be63e8fc11ec (type: security_group_rules) to 0
2026-07-21 07:48:16.344 9 INFO neutron.db.ovn_revision_numbers_db [None req-7c6faceb-ce7d-476c-9ee3-6a358515faaa 392083e5b101457e8f890e1524eef317 cd995afa4ffd4531a858f1c201a6e449 - - default default] Successfully bumped revision number for resource d0cf83c7-6f9d-4a38-a427-f351cd886652 (type: security_group_rules) to 0
2026-07-21 07:48:16.359 9 INFO neutron.db.ovn_revision_numbers_db [None req-7c6faceb-ce7d-476c-9ee3-6a358515faaa 392083e5b101457e8f890e1524eef317 cd995afa4ffd4531a858f1c201a6e449 - - default default] Successfully bumped revision number for resource e54f7a36-b8dc-48d8-9921-46073d2fb039 (type: security_group_rules) to 0
2026-07-21 07:48:16.385 9 INFO neutron.wsgi [None req-7c6faceb-ce7d-476c-9ee3-6a358515faaa 392083e5b101457e8f890e1524eef317 cd995afa4ffd4531a858f1c201a6e449 - - default default] 10.0.0.158 "GET /v2.0/security-groups?tenant_id=4ec2810d661048348901fefe155e2f42&name=default HTTP/1.1" status: 200 len: 2996 time: 0.3417904
2026-07-21 07:48:16.472 10 INFO neutron.wsgi [None req-3c833de8-17af-41b7-90eb-422a0734b2a9 d8d133a5cbc8417aaddbd3d7dcf4d22e f20cdfa9546b40109d2328cac2a6ed74 - - default default] 10.0.0.158 "DELETE /v2.0/subnets/ff6c77a9-b997-41ae-a220-d9dc979204a9 HTTP/1.1" status: 204 len: 168 time: 0.1899765
2026-07-21 07:48:16.604 10 WARNING neutron.plugins.ml2.drivers.ovn.mech_driver.ovsdb.ovn_client [None req-9a7bc7a7-8e58-4f31-9213-24392d36372a - - - - - -] No port found with ID c9df867b-9a14-47a5-a6e9-7255cdb57f32: RuntimeError: No port found with ID c9df867b-9a14-47a5-a6e9-7255cdb57f32
2026-07-21 07:48:16.656 9 INFO neutron.wsgi [None req-7022aeae-87c0-4cb7-b883-4c1d9fb363b0 392083e5b101457e8f890e1524eef317 cd995afa4ffd4531a858f1c201a6e449 - - default default] 10.0.0.158 "DELETE /v2.0/security-groups/91b780e4-a738-40ef-88ea-da042e3299d4 HTTP/1.1" status: 204 len: 168 time: 0.2661543
2026-07-21 07:48:16.838 9 INFO neutron.services.segments.plugin [-] Segment c85dc029-1597-42c1-8ab4-d65dae373663 resource provider aggregate not found
2026-07-21 07:48:16.843 9 INFO neutron.services.segments.plugin [-] Segment c85dc029-1597-42c1-8ab4-d65dae373663 resource provider aggregate not found
2026-07-21 07:48:16.864 9 INFO neutron.services.segments.plugin [-] Segment c85dc029-1597-42c1-8ab4-d65dae373663 resource provider not found; error: Placement Client Error (4xx): {"errors": [{"status": 404, "title": "Not Found", "detail": "The resource could not be found.\n\n No resource provider with uuid c85dc029-1597-42c1-8ab4-d65dae373663 found for delete ", "request_id": "req-f5cfc8ae-3dea-4066-9d8f-26c9794ca53b"}]}
2026-07-21 07:48:16.865 9 INFO neutron.services.segments.plugin [-] Segment c85dc029-1597-42c1-8ab4-d65dae373663 resource provider not found; error: Placement Client Error (4xx): {"errors": [{"status": 404, "title": "Not Found", "detail": "The resource could not be found.\n\n No resource provider with uuid c85dc029-1597-42c1-8ab4-d65dae373663 found for delete ", "request_id": "req-c63de94d-ef81-479d-8ed3-31bb0f9b9371"}]}
2026-07-21 07:48:16.904 9 INFO neutron.wsgi [None req-9753273a-568d-480d-8a6f-59264e3bff74 d8d133a5cbc8417aaddbd3d7dcf4d22e f20cdfa9546b40109d2328cac2a6ed74 - - default default] 10.0.0.158 "DELETE /v2.0/networks/e716c9ad-c7e7-4550-a109-329ad566d68a HTTP/1.1" status: 204 len: 168 time: 0.4268374
2026-07-21 07:48:17.313 9 INFO neutron.wsgi [None req-fda8043a-65c3-4b4a-9e88-7698a707633b d8d133a5cbc8417aaddbd3d7dcf4d22e f20cdfa9546b40109d2328cac2a6ed74 - - default default] 10.0.0.158 "DELETE /v2.0/networks/1d163acb-09cf-4649-97b0-761f0b072e72 HTTP/1.1" status: 204 len: 168 time: 0.4043438 /var/lib/openstack/lib/python3.10/site-packages/pycadf/identifier.py:71: UserWarning: Invalid uuid: neutron. To ensure interoperability, identifiers should be a valid uuid. warnings.warn(('Invalid uuid: %s. To ensure interoperability, '
2026-07-21 07:48:17.329 10 WARNING neutron_lib.context [None req-0c24fe2f-70eb-407a-8ebf-958945a1a764 d8d133a5cbc8417aaddbd3d7dcf4d22e f20cdfa9546b40109d2328cac2a6ed74 - - default default] Method 'is_advsvc' is deprecated since 2023.2 release (neutron-lib 3.8.0) and will be removed once support for the old RBAC API policies will be removed from Neutron. Please use method 'is_service_role' instead.
2026-07-21 07:48:17.415 10 INFO neutron.db.segments_db [None req-0c24fe2f-70eb-407a-8ebf-958945a1a764 d8d133a5cbc8417aaddbd3d7dcf4d22e f20cdfa9546b40109d2328cac2a6ed74 - - default default] Added segment 753811c4-8c6f-4b65-86ec-02f93974bfb9 of type geneve for network 50c1fc2d-e4c4-4278-99cf-9c80c59e6b4c
2026-07-21 07:48:17.551 10 INFO neutron.db.ovn_revision_numbers_db [None req-0c24fe2f-70eb-407a-8ebf-958945a1a764 d8d133a5cbc8417aaddbd3d7dcf4d22e f20cdfa9546b40109d2328cac2a6ed74 - - default default] Successfully bumped revision number for resource 50c1fc2d-e4c4-4278-99cf-9c80c59e6b4c (type: networks) to 1
2026-07-21 07:48:17.719 10 WARNING neutron.scheduler.dhcp_agent_scheduler [None req-0c24fe2f-70eb-407a-8ebf-958945a1a764 d8d133a5cbc8417aaddbd3d7dcf4d22e f20cdfa9546b40109d2328cac2a6ed74 - - default default] No more DHCP agents
2026-07-21 07:48:17.721 10 WARNING neutron.api.rpc.agentnotifiers.dhcp_rpc_agent_api [None req-0c24fe2f-70eb-407a-8ebf-958945a1a764 d8d133a5cbc8417aaddbd3d7dcf4d22e f20cdfa9546b40109d2328cac2a6ed74 - - default default] Unable to schedule network 50c1fc2d-e4c4-4278-99cf-9c80c59e6b4c: no agents available; will retry on subsequent port and subnet creation events.
2026-07-21 07:48:17.794 10 INFO neutron.db.ovn_revision_numbers_db [None req-0c24fe2f-70eb-407a-8ebf-958945a1a764 d8d133a5cbc8417aaddbd3d7dcf4d22e f20cdfa9546b40109d2328cac2a6ed74 - - default default] Successfully bumped revision number for resource 32a2c183-b3a5-4904-aa8e-bd914fbd267b (type: ports) to 1
2026-07-21 07:48:17.818 10 INFO neutron.wsgi [None req-0c24fe2f-70eb-407a-8ebf-958945a1a764 d8d133a5cbc8417aaddbd3d7dcf4d22e f20cdfa9546b40109d2328cac2a6ed74 - - default default] 10.0.0.158 "POST /v2.0/networks HTTP/1.1" status: 201 len: 832 time: 0.4978049
2026-07-21 07:48:17.827 10 WARNING neutron_lib.context [None req-7e970040-9c97-4cb4-8833-f101f877edbc d8d133a5cbc8417aaddbd3d7dcf4d22e f20cdfa9546b40109d2328cac2a6ed74 - - default default] Method 'is_advsvc' is deprecated since 2023.2 release (neutron-lib 3.8.0) and will be removed once support for the old RBAC API policies will be removed from Neutron. Please use method 'is_service_role' instead.
2026-07-21 07:48:18.120 10 WARNING neutron.scheduler.dhcp_agent_scheduler [None req-7e970040-9c97-4cb4-8833-f101f877edbc d8d133a5cbc8417aaddbd3d7dcf4d22e f20cdfa9546b40109d2328cac2a6ed74 - - default default] No more DHCP agents
2026-07-21 07:48:18.123 10 WARNING neutron.api.rpc.agentnotifiers.dhcp_rpc_agent_api [None req-7e970040-9c97-4cb4-8833-f101f877edbc d8d133a5cbc8417aaddbd3d7dcf4d22e f20cdfa9546b40109d2328cac2a6ed74 - - default default] Unable to schedule network 50c1fc2d-e4c4-4278-99cf-9c80c59e6b4c: no agents available; will retry on subsequent port and subnet creation events.
2026-07-21 07:48:18.159 10 INFO neutron.db.ovn_revision_numbers_db [None req-7e970040-9c97-4cb4-8833-f101f877edbc d8d133a5cbc8417aaddbd3d7dcf4d22e f20cdfa9546b40109d2328cac2a6ed74 - - default default] Successfully bumped revision number for resource 6b3247c1-923b-472e-b900-9f9353474f25 (type: subnets) to 0
2026-07-21 07:48:18.176 10 INFO neutron.wsgi [None req-7e970040-9c97-4cb4-8833-f101f877edbc d8d133a5cbc8417aaddbd3d7dcf4d22e f20cdfa9546b40109d2328cac2a6ed74 - - default default] 10.0.0.158 "POST /v2.0/subnets HTTP/1.1" status: 201 len: 821 time: 0.3532267
2026-07-21 07:48:18.186 10 WARNING neutron_lib.context [None req-98e3604e-df4c-43ef-b602-070ce99db29f d8d133a5cbc8417aaddbd3d7dcf4d22e f20cdfa9546b40109d2328cac2a6ed74 - - default default] Method 'is_advsvc' is deprecated since 2023.2 release (neutron-lib 3.8.0) and will be removed once support for the old RBAC API policies will be removed from Neutron. Please use method 'is_service_role' instead.
2026-07-21 07:48:18.268 9 INFO neutron.wsgi [req-7c498e65-3b40-4e61-ad50-85acdd5afdf8 req-e5a9b92e-f641-473d-b836-e34ad8698fe9 4b73146f55124677af1a0c01b88de78d f7d0320b88554d43b6eccce89c3827b6 - - default default] 10.0.0.29 "GET /v2.0/ports?device_id=0f098ad6-f2c2-4d8f-95d4-4428c1049995 HTTP/1.1" status: 200 len: 1170 time: 0.1176753
2026-07-21 07:48:18.318 9 INFO neutron.wsgi [req-7c498e65-3b40-4e61-ad50-85acdd5afdf8 req-0c3cbfd8-0fee-4cf4-a70f-76a96f62284a 4b73146f55124677af1a0c01b88de78d f7d0320b88554d43b6eccce89c3827b6 - - default default] 10.0.0.29 "GET /v2.0/security-groups?id=846548c3-3086-44e4-ae33-aa5650e53100&fields=id&fields=name HTTP/1.1" status: 200 len: 313 time: 0.0404255
2026-07-21 07:48:18.322 10 INFO neutron.db.ovn_revision_numbers_db [None req-98e3604e-df4c-43ef-b602-070ce99db29f d8d133a5cbc8417aaddbd3d7dcf4d22e f20cdfa9546b40109d2328cac2a6ed74 - - default default] Successfully bumped revision number for resource a891e4e8-7fd6-439a-80da-e89f207746f3 (type: routers) to 1
2026-07-21 07:48:18.337 10 INFO neutron.wsgi [None req-98e3604e-df4c-43ef-b602-070ce99db29f d8d133a5cbc8417aaddbd3d7dcf4d22e f20cdfa9546b40109d2328cac2a6ed74 - - default default] 10.0.0.158 "POST /v2.0/routers HTTP/1.1" status: 201 len: 691 time: 0.1560051
2026-07-21 07:48:18.349 9 WARNING neutron_lib.context [None req-be1415c8-efab-48c4-9a61-ded85cf64ec8 d8d133a5cbc8417aaddbd3d7dcf4d22e f20cdfa9546b40109d2328cac2a6ed74 - - default default] Method 'is_advsvc' is deprecated since 2023.2 release (neutron-lib 3.8.0) and will be removed once support for the old RBAC API policies will be removed from Neutron. Please use method 'is_service_role' instead.
2026-07-21 07:48:18.423 9 INFO neutron.wsgi [req-070e7fea-137a-4385-85a3-b827f169e54a req-641a5a64-800c-4707-a301-559761da7cc3 4b73146f55124677af1a0c01b88de78d f7d0320b88554d43b6eccce89c3827b6 - - default default] 10.0.0.29 "GET /v2.0/ports?device_id=0f098ad6-f2c2-4d8f-95d4-4428c1049995 HTTP/1.1" status: 200 len: 1170 time: 0.0436866
2026-07-21 07:48:18.478 9 INFO neutron.wsgi [req-070e7fea-137a-4385-85a3-b827f169e54a req-d46ff1b1-67ea-4162-ab86-29e6e00f28aa 4b73146f55124677af1a0c01b88de78d f7d0320b88554d43b6eccce89c3827b6 - - default default] 10.0.0.29 "GET /v2.0/security-groups?id=846548c3-3086-44e4-ae33-aa5650e53100&fields=id&fields=name HTTP/1.1" status: 200 len: 313 time: 0.0406356
2026-07-21 07:48:18.692 9 WARNING neutron.scheduler.dhcp_agent_scheduler [None req-be1415c8-efab-48c4-9a61-ded85cf64ec8 d8d133a5cbc8417aaddbd3d7dcf4d22e f20cdfa9546b40109d2328cac2a6ed74 - - default default] No more DHCP agents
2026-07-21 07:48:18.695 9 WARNING neutron.api.rpc.agentnotifiers.dhcp_rpc_agent_api [None req-be1415c8-efab-48c4-9a61-ded85cf64ec8 d8d133a5cbc8417aaddbd3d7dcf4d22e f20cdfa9546b40109d2328cac2a6ed74 - - default default] Unable to schedule network 50c1fc2d-e4c4-4278-99cf-9c80c59e6b4c: no agents available; will retry on subsequent port and subnet creation events.
2026-07-21 07:48:18.809 9 INFO neutron.db.ovn_revision_numbers_db [None req-be1415c8-efab-48c4-9a61-ded85cf64ec8 d8d133a5cbc8417aaddbd3d7dcf4d22e f20cdfa9546b40109d2328cac2a6ed74 - - default default] Successfully bumped revision number for resource a80028de-6ae0-4e10-982f-9853b38643ca (type: ports) to 1
2026-07-21 07:48:18.835 9 INFO neutron.wsgi [None req-be1415c8-efab-48c4-9a61-ded85cf64ec8 d8d133a5cbc8417aaddbd3d7dcf4d22e f20cdfa9546b40109d2328cac2a6ed74 - - default default] 10.0.0.158 "POST /v2.0/ports HTTP/1.1" status: 201 len: 1162 time: 0.4903581 /var/lib/openstack/lib/python3.10/site-packages/pycadf/identifier.py:71: UserWarning: Invalid uuid: neutron. To ensure interoperability, identifiers should be a valid uuid. warnings.warn(('Invalid uuid: %s. To ensure interoperability, '
2026-07-21 07:48:18.909 9 INFO neutron.services.segments.plugin [-] Segment 4b07be16-f761-41f3-afef-d34c069c75c9 resource provider aggregate not found
2026-07-21 07:48:18.917 9 INFO neutron.services.segments.plugin [-] Segment 4b07be16-f761-41f3-afef-d34c069c75c9 resource provider aggregate not found
2026-07-21 07:48:18.931 9 INFO neutron.wsgi [req-903f18d4-c388-4d90-b990-58bd32da3199 req-ec562905-8c4d-46ff-bc0e-d2e49f73f49b 4b73146f55124677af1a0c01b88de78d f7d0320b88554d43b6eccce89c3827b6 - - default default] 10.0.0.29 "GET /v2.0/ports?device_id=0f098ad6-f2c2-4d8f-95d4-4428c1049995 HTTP/1.1" status: 200 len: 1170 time: 0.0872872
2026-07-21 07:48:18.938 9 INFO neutron.services.segments.plugin [-] Segment 4b07be16-f761-41f3-afef-d34c069c75c9 resource provider not found; error: Placement Client Error (4xx): {"errors": [{"status": 404, "title": "Not Found", "detail": "The resource could not be found.\n\n No resource provider with uuid 4b07be16-f761-41f3-afef-d34c069c75c9 found for delete ", "request_id": "req-2af7122c-3def-488c-9f4f-d27cb15abd09"}]}
2026-07-21 07:48:18.941 9 INFO neutron.services.segments.plugin [-] Segment 4b07be16-f761-41f3-afef-d34c069c75c9 resource provider not found; error: Placement Client Error (4xx): {"errors": [{"status": 404, "title": "Not Found", "detail": "The resource could not be found.\n\n No resource provider with uuid 4b07be16-f761-41f3-afef-d34c069c75c9 found for delete ", "request_id": "req-fe866a53-3948-437a-8a7d-12225274a885"}]}
2026-07-21 07:48:18.954 10 INFO neutron.wsgi [req-ff0210f1-800a-405c-a527-cf73d8fb7cd3 req-76a76e9a-1082-4a9c-b688-3b6594865f52 f1708b344cf944ceb4b45a23543aa568 5fbacf0cf08d4a29ab97893c932fdab7 - - 941e9478a541400a9dea1998c30101af 941e9478a541400a9dea1998c30101af] 199.204.45.109 "GET /v2.0/ports?tenant_id=f7d0320b88554d43b6eccce89c3827b6&device_id=0f098ad6-f2c2-4d8f-95d4-4428c1049995 HTTP/1.1" status: 200 len: 1409 time: 0.0773551
2026-07-21 07:48:18.975 9 INFO neutron.wsgi [req-903f18d4-c388-4d90-b990-58bd32da3199 req-9bb5eeac-0861-43c3-b0df-b45984e7be91 4b73146f55124677af1a0c01b88de78d f7d0320b88554d43b6eccce89c3827b6 - - default default] 10.0.0.29 "GET /v2.0/security-groups?id=846548c3-3086-44e4-ae33-aa5650e53100&fields=id&fields=name HTTP/1.1" status: 200 len: 313 time: 0.0365853
2026-07-21 07:48:19.040 10 INFO neutron.wsgi [-] 10.0.0.246 "GET / HTTP/1.1" status: 200 len: 247 time: 0.0013883
2026-07-21 07:48:19.042 9 INFO neutron.wsgi [-] 10.0.0.246 "GET / HTTP/1.1" status: 200 len: 247 time: 0.0023425
2026-07-21 07:48:19.064 10 INFO neutron.wsgi [req-ff0210f1-800a-405c-a527-cf73d8fb7cd3 req-e128d204-30f5-42f3-ab81-1a2bab10027e f1708b344cf944ceb4b45a23543aa568 5fbacf0cf08d4a29ab97893c932fdab7 - - 941e9478a541400a9dea1998c30101af 941e9478a541400a9dea1998c30101af] 199.204.45.109 "GET /v2.0/networks?id=ceefd6a3-de98-4812-8a7d-1f11ce357b99 HTTP/1.1" status: 200 len: 974 time: 0.0846541
2026-07-21 07:48:19.118 10 INFO neutron.wsgi [req-ff0210f1-800a-405c-a527-cf73d8fb7cd3 req-08a23423-9454-4676-b9e2-ffdff9c786d7 f1708b344cf944ceb4b45a23543aa568 5fbacf0cf08d4a29ab97893c932fdab7 - - 941e9478a541400a9dea1998c30101af 941e9478a541400a9dea1998c30101af] 199.204.45.109 "GET /v2.0/floatingips?fixed_ip_address=10.100.0.9&port_id=f2a1bd4f-c992-457d-8246-e26be4347bfd HTTP/1.1" status: 200 len: 1059 time: 0.0452859
2026-07-21 07:48:19.178 10 INFO neutron.wsgi [req-ff0210f1-800a-405c-a527-cf73d8fb7cd3 req-0148b977-92cc-4857-bdb6-c7853eefc0bf f1708b344cf944ceb4b45a23543aa568 5fbacf0cf08d4a29ab97893c932fdab7 - - 941e9478a541400a9dea1998c30101af 941e9478a541400a9dea1998c30101af] 199.204.45.109 "GET /v2.0/subnets?id=ec03c79a-86bc-4ee4-afbb-6f31c5392995 HTTP/1.1" status: 200 len: 869 time: 0.0468807
2026-07-21 07:48:19.178 15 INFO neutron.plugins.ml2.drivers.ovn.mech_driver.ovsdb.maintenance [None req-8e6b247d-8307-4edf-990c-9c8c49a7289a - - - - - -] Maintenance task: Synchronization finished (took 0.81 seconds)
2026-07-21 07:48:19.215 10 INFO neutron.wsgi [req-ff0210f1-800a-405c-a527-cf73d8fb7cd3 req-ddf6e3ab-8aaa-42c3-ab56-875c6aa1d91b f1708b344cf944ceb4b45a23543aa568 5fbacf0cf08d4a29ab97893c932fdab7 - - 941e9478a541400a9dea1998c30101af 941e9478a541400a9dea1998c30101af] 199.204.45.109 "GET /v2.0/ports?network_id=ceefd6a3-de98-4812-8a7d-1f11ce357b99&device_owner=network%3Adhcp HTTP/1.1" status: 200 len: 210 time: 0.0258970
2026-07-21 07:48:19.296 10 INFO neutron.wsgi [req-ff0210f1-800a-405c-a527-cf73d8fb7cd3 req-906b34f4-2443-4588-aaf3-4b23ded7cb07 f1708b344cf944ceb4b45a23543aa568 5fbacf0cf08d4a29ab97893c932fdab7 - - 941e9478a541400a9dea1998c30101af 941e9478a541400a9dea1998c30101af] 199.204.45.109 "GET /v2.0/networks/ceefd6a3-de98-4812-8a7d-1f11ce357b99?fields=segments HTTP/1.1" status: 200 len: 212 time: 0.0741341
2026-07-21 07:48:19.375 9 WARNING neutron.plugins.ml2.drivers.ovn.mech_driver.ovsdb.ovn_client [None req-edcfc3cf-e4fd-463d-9ac2-f673b9c71150 - - - - - -] No port found with ID 035a11f2-1fed-44db-825c-5a161aa783b8: RuntimeError: No port found with ID 035a11f2-1fed-44db-825c-5a161aa783b8
2026-07-21 07:48:19.393 10 INFO neutron.wsgi [req-ff0210f1-800a-405c-a527-cf73d8fb7cd3 req-237fef82-6d02-46b6-83e1-0033a830d40b f1708b344cf944ceb4b45a23543aa568 5fbacf0cf08d4a29ab97893c932fdab7 - - 941e9478a541400a9dea1998c30101af 941e9478a541400a9dea1998c30101af] 199.204.45.109 "GET /v2.0/networks/ceefd6a3-de98-4812-8a7d-1f11ce357b99?fields=provider%3Aphysical_network&fields=provider%3Anetwork_type HTTP/1.1" status: 200 len: 277 time: 0.0928853
2026-07-21 07:48:19.414 10 INFO neutron.plugins.ml2.drivers.ovn.mech_driver.mech_driver [None req-9a7bc7a7-8e58-4f31-9213-24392d36372a - - - - - -] OVN reports status up for port: a80028de-6ae0-4e10-982f-9853b38643ca
2026-07-21 07:48:19.426 10 INFO neutron.plugins.ml2.plugin [None req-9a7bc7a7-8e58-4f31-9213-24392d36372a - - - - - -] Attempt 1 to provision port a80028de-6ae0-4e10-982f-9853b38643ca
2026-07-21 07:48:19.441 10 INFO neutron.db.ovn_revision_numbers_db [None req-64b5d292-04a5-4265-9347-a95a4db1bfee d8d133a5cbc8417aaddbd3d7dcf4d22e f20cdfa9546b40109d2328cac2a6ed74 - - default default] Successfully bumped revision number for resource a80028de-6ae0-4e10-982f-9853b38643ca (type: router_ports) to 2
2026-07-21 07:48:19.630 10 INFO neutron.db.ovn_revision_numbers_db [None req-64b5d292-04a5-4265-9347-a95a4db1bfee d8d133a5cbc8417aaddbd3d7dcf4d22e f20cdfa9546b40109d2328cac2a6ed74 - - default default] Successfully bumped revision number for resource a80028de-6ae0-4e10-982f-9853b38643ca (type: ports) to 2
2026-07-21 07:48:20.088 10 INFO neutron.db.ovn_revision_numbers_db [None req-9a7bc7a7-8e58-4f31-9213-24392d36372a - - - - - -] Successfully bumped revision number for resource a80028de-6ae0-4e10-982f-9853b38643ca (type: ports) to 3
2026-07-21 07:48:20.092 9 INFO neutron.wsgi [req-63829311-73ce-4cc5-92b0-1d094d6b756e req-4e1c3434-db9c-4a8f-94d4-04bd087598df 4b73146f55124677af1a0c01b88de78d f7d0320b88554d43b6eccce89c3827b6 - - default default] 10.0.0.29 "GET /v2.0/ports?device_id=0f098ad6-f2c2-4d8f-95d4-4428c1049995 HTTP/1.1" status: 200 len: 1170 time: 0.0431519
2026-07-21 07:48:20.137 9 INFO neutron.wsgi [req-63829311-73ce-4cc5-92b0-1d094d6b756e req-b06fdd44-5613-4c6b-8a9c-6532ecb734e5 4b73146f55124677af1a0c01b88de78d f7d0320b88554d43b6eccce89c3827b6 - - default default] 10.0.0.29 "GET /v2.0/security-groups?id=846548c3-3086-44e4-ae33-aa5650e53100&fields=id&fields=name HTTP/1.1" status: 200 len: 313 time: 0.0372741
2026-07-21 07:48:20.203 10 INFO neutron.db.ovn_revision_numbers_db [None req-9a7bc7a7-8e58-4f31-9213-24392d36372a - - - - - -] Successfully bumped revision number for resource a80028de-6ae0-4e10-982f-9853b38643ca (type: router_ports) to 3
2026-07-21 07:48:20.495 10 INFO neutron.db.ovn_revision_numbers_db [None req-64b5d292-04a5-4265-9347-a95a4db1bfee d8d133a5cbc8417aaddbd3d7dcf4d22e f20cdfa9546b40109d2328cac2a6ed74 - - default default] Successfully bumped revision number for resource a80028de-6ae0-4e10-982f-9853b38643ca (type: ports) to 3
2026-07-21 07:48:20.570 10 WARNING neutron.scheduler.dhcp_agent_scheduler [None req-64b5d292-04a5-4265-9347-a95a4db1bfee d8d133a5cbc8417aaddbd3d7dcf4d22e f20cdfa9546b40109d2328cac2a6ed74 - - default default] No more DHCP agents
2026-07-21 07:48:20.571 10 WARNING neutron.api.rpc.agentnotifiers.dhcp_rpc_agent_api [None req-64b5d292-04a5-4265-9347-a95a4db1bfee d8d133a5cbc8417aaddbd3d7dcf4d22e f20cdfa9546b40109d2328cac2a6ed74 - - default default] Unable to schedule network 50c1fc2d-e4c4-4278-99cf-9c80c59e6b4c: no agents available; will retry on subsequent port and subnet creation events.
2026-07-21 07:48:20.700 10 INFO neutron.db.ovn_revision_numbers_db [None req-64b5d292-04a5-4265-9347-a95a4db1bfee d8d133a5cbc8417aaddbd3d7dcf4d22e f20cdfa9546b40109d2328cac2a6ed74 - - default default] Successfully bumped revision number for resource a80028de-6ae0-4e10-982f-9853b38643ca (type: router_ports) to 3
2026-07-21 07:48:20.702 10 INFO neutron.wsgi [None req-64b5d292-04a5-4265-9347-a95a4db1bfee d8d133a5cbc8417aaddbd3d7dcf4d22e f20cdfa9546b40109d2328cac2a6ed74 - - default default] 10.0.0.158 "PUT /v2.0/routers/a891e4e8-7fd6-439a-80da-e89f207746f3/add_router_interface HTTP/1.1" status: 200 len: 503 time: 1.8626244 /var/lib/openstack/lib/python3.10/site-packages/pycadf/identifier.py:71: UserWarning: Invalid uuid: neutron. To ensure interoperability, identifiers should be a valid uuid. warnings.warn(('Invalid uuid: %s. To ensure interoperability, '
2026-07-21 07:48:20.758 10 INFO neutron.wsgi [None req-91ae2528-8ef9-4e72-906c-4eeecc5c7aca d8d133a5cbc8417aaddbd3d7dcf4d22e f20cdfa9546b40109d2328cac2a6ed74 - - default default] 10.0.0.158 "GET /v2.0/ports/a80028de-6ae0-4e10-982f-9853b38643ca HTTP/1.1" status: 200 len: 1220 time: 0.0475206
2026-07-21 07:48:21.078 9 WARNING neutron_lib.context [None req-a9f33117-decc-42cb-8b19-4dc200ccba55 d401498d3fe34d14a9213e5c9a26499b e531c75be9774f9b8a07208484b2198d - - default default] Method 'is_advsvc' is deprecated since 2023.2 release (neutron-lib 3.8.0) and will be removed once support for the old RBAC API policies will be removed from Neutron. Please use method 'is_service_role' instead.
2026-07-21 07:48:21.254 9 INFO neutron.wsgi [req-a5dfc620-5f6e-4dd0-b881-e7a467e9354d req-3a210543-1b17-4d03-b4b8-6fa03d3a863f 4b73146f55124677af1a0c01b88de78d f7d0320b88554d43b6eccce89c3827b6 - - default default] 10.0.0.29 "GET /v2.0/ports?device_id=0f098ad6-f2c2-4d8f-95d4-4428c1049995 HTTP/1.1" status: 200 len: 1170 time: 0.0461280
2026-07-21 07:48:21.313 9 INFO neutron.wsgi [req-a5dfc620-5f6e-4dd0-b881-e7a467e9354d req-3b98d075-5209-4f2c-8a2d-c17fc39361a7 4b73146f55124677af1a0c01b88de78d f7d0320b88554d43b6eccce89c3827b6 - - default default] 10.0.0.29 "GET /v2.0/security-groups?id=846548c3-3086-44e4-ae33-aa5650e53100&fields=id&fields=name HTTP/1.1" status: 200 len: 313 time: 0.0503788
2026-07-21 07:48:21.365 9 WARNING neutron.scheduler.dhcp_agent_scheduler [None req-a9f33117-decc-42cb-8b19-4dc200ccba55 d401498d3fe34d14a9213e5c9a26499b e531c75be9774f9b8a07208484b2198d - - default default] No more DHCP agents
2026-07-21 07:48:21.366 9 WARNING neutron.api.rpc.agentnotifiers.dhcp_rpc_agent_api [None req-a9f33117-decc-42cb-8b19-4dc200ccba55 d401498d3fe34d14a9213e5c9a26499b e531c75be9774f9b8a07208484b2198d - - default default] Unable to schedule network aff44d3b-7972-44ba-8030-c8f4900b0d1a: no agents available; will retry on subsequent port and subnet creation events.
2026-07-21 07:48:21.456 10 INFO neutron.wsgi [None req-3a658280-dda7-401c-b2e2-2e1b9a49aca1 d8d133a5cbc8417aaddbd3d7dcf4d22e f20cdfa9546b40109d2328cac2a6ed74 - - default default] 10.0.0.158 "PUT /v2.0/routers/a891e4e8-7fd6-439a-80da-e89f207746f3/remove_router_interface HTTP/1.1" status: 200 len: 503 time: 0.6912255 /var/lib/openstack/lib/python3.10/site-packages/pycadf/identifier.py:71: UserWarning: Invalid uuid: neutron. To ensure interoperability, identifiers should be a valid uuid. warnings.warn(('Invalid uuid: %s. To ensure interoperability, '
2026-07-21 07:48:21.532 10 INFO neutron.api.v2.resource [None req-7da4f1e1-7672-4d07-8793-92673c5f7712 d8d133a5cbc8417aaddbd3d7dcf4d22e f20cdfa9546b40109d2328cac2a6ed74 - - default default] remove_router_interface failed (client error): The resource could not be found.
2026-07-21 07:48:21.534 10 INFO neutron.wsgi [None req-7da4f1e1-7672-4d07-8793-92673c5f7712 d8d133a5cbc8417aaddbd3d7dcf4d22e f20cdfa9546b40109d2328cac2a6ed74 - - default default] 10.0.0.158 "PUT /v2.0/routers/a891e4e8-7fd6-439a-80da-e89f207746f3/remove_router_interface HTTP/1.1" status: 404 len: 398 time: 0.0718567
2026-07-21 07:48:21.571 10 INFO neutron.wsgi [None req-50efaa88-afc0-4772-be34-a7fc9c1b2dc2 d8d133a5cbc8417aaddbd3d7dcf4d22e f20cdfa9546b40109d2328cac2a6ed74 - - default default] 10.0.0.158 "GET /v2.0/ports?device_id=a891e4e8-7fd6-439a-80da-e89f207746f3 HTTP/1.1" status: 200 len: 205 time: 0.0334868
2026-07-21 07:48:21.648 9 INFO neutron.db.ovn_revision_numbers_db [None req-a9f33117-decc-42cb-8b19-4dc200ccba55 d401498d3fe34d14a9213e5c9a26499b e531c75be9774f9b8a07208484b2198d - - default default] Successfully bumped revision number for resource 30f83b11-4714-4b8c-8e1c-c73d1107cb30 (type: floatingips) to 0
2026-07-21 07:48:21.662 9 INFO neutron.wsgi [None req-a9f33117-decc-42cb-8b19-4dc200ccba55 d401498d3fe34d14a9213e5c9a26499b e531c75be9774f9b8a07208484b2198d - - default default] 10.0.0.158 "POST /v2.0/floatingips HTTP/1.1" status: 201 len: 751 time: 0.7825158
2026-07-21 07:48:21.672 9 WARNING neutron_lib.context [None req-dfbf5da2-1bc2-4690-8ab4-64c710fc002f d401498d3fe34d14a9213e5c9a26499b e531c75be9774f9b8a07208484b2198d - - default default] Method 'is_advsvc' is deprecated since 2023.2 release (neutron-lib 3.8.0) and will be removed once support for the old RBAC API policies will be removed from Neutron. Please use method 'is_service_role' instead.
2026-07-21 07:48:21.858 10 INFO neutron.wsgi [None req-6f77109e-2ebe-4990-af85-cc32282b0f3d d8d133a5cbc8417aaddbd3d7dcf4d22e f20cdfa9546b40109d2328cac2a6ed74 - - default default] 10.0.0.158 "DELETE /v2.0/routers/a891e4e8-7fd6-439a-80da-e89f207746f3 HTTP/1.1" status: 204 len: 168 time: 0.2819927
2026-07-21 07:48:21.954 9 WARNING neutron.scheduler.dhcp_agent_scheduler [None req-dfbf5da2-1bc2-4690-8ab4-64c710fc002f d401498d3fe34d14a9213e5c9a26499b e531c75be9774f9b8a07208484b2198d - - default default] No more DHCP agents
2026-07-21 07:48:21.960 9 WARNING neutron.api.rpc.agentnotifiers.dhcp_rpc_agent_api [None req-dfbf5da2-1bc2-4690-8ab4-64c710fc002f d401498d3fe34d14a9213e5c9a26499b e531c75be9774f9b8a07208484b2198d - - default default] Unable to schedule network aff44d3b-7972-44ba-8030-c8f4900b0d1a: no agents available; will retry on subsequent port and subnet creation events.
2026-07-21 07:48:22.052 10 INFO neutron.wsgi [None req-05efa45d-169b-47ac-b185-cf0a090371ec d8d133a5cbc8417aaddbd3d7dcf4d22e f20cdfa9546b40109d2328cac2a6ed74 - - default default] 10.0.0.158 "DELETE /v2.0/subnets/6b3247c1-923b-472e-b900-9f9353474f25 HTTP/1.1" status: 204 len: 168 time: 0.1896834
2026-07-21 07:48:22.275 9 INFO neutron.db.ovn_revision_numbers_db [None req-dfbf5da2-1bc2-4690-8ab4-64c710fc002f d401498d3fe34d14a9213e5c9a26499b e531c75be9774f9b8a07208484b2198d - - default default] Successfully bumped revision number for resource 52f78a2e-7ff4-43a3-8b3b-bf65c1e0ceda (type: floatingips) to 0
2026-07-21 07:48:22.294 9 INFO neutron.wsgi [None req-dfbf5da2-1bc2-4690-8ab4-64c710fc002f d401498d3fe34d14a9213e5c9a26499b e531c75be9774f9b8a07208484b2198d - - default default] 10.0.0.158 "POST /v2.0/floatingips HTTP/1.1" status: 201 len: 751 time: 0.6266801
2026-07-21 07:48:22.303 9 WARNING neutron_lib.context [None req-77bc2a85-fb23-4d6a-b2a8-d18501610b5a d401498d3fe34d14a9213e5c9a26499b e531c75be9774f9b8a07208484b2198d - - default default] Method 'is_advsvc' is deprecated since 2023.2 release (neutron-lib 3.8.0) and will be removed once support for the old RBAC API policies will be removed from Neutron. Please use method 'is_service_role' instead.
2026-07-21 07:48:22.395 10 INFO neutron.services.segments.plugin [-] Segment 753811c4-8c6f-4b65-86ec-02f93974bfb9 resource provider aggregate not found
2026-07-21 07:48:22.402 10 INFO neutron.services.segments.plugin [-] Segment 753811c4-8c6f-4b65-86ec-02f93974bfb9 resource provider aggregate not found
2026-07-21 07:48:22.407 10 INFO neutron.services.segments.plugin [-] Segment 753811c4-8c6f-4b65-86ec-02f93974bfb9 resource provider not found; error: Placement Client Error (4xx): {"errors": [{"status": 404, "title": "Not Found", "detail": "The resource could not be found.\n\n No resource provider with uuid 753811c4-8c6f-4b65-86ec-02f93974bfb9 found for delete ", "request_id": "req-0d5f8945-76c0-49d2-836d-56a78d7fe41f"}]}
2026-07-21 07:48:22.417 10 INFO neutron.services.segments.plugin [-] Segment 753811c4-8c6f-4b65-86ec-02f93974bfb9 resource provider not found; error: Placement Client Error (4xx): {"errors": [{"status": 404, "title": "Not Found", "detail": "The resource could not be found.\n\n No resource provider with uuid 753811c4-8c6f-4b65-86ec-02f93974bfb9 found for delete ", "request_id": "req-1d0df4b9-0227-4370-9efd-d2d067d0b982"}]}
2026-07-21 07:48:22.438 10 INFO neutron.wsgi [None req-bb1b8edc-0f5a-45ca-a87a-230d6bfff98f d8d133a5cbc8417aaddbd3d7dcf4d22e f20cdfa9546b40109d2328cac2a6ed74 - - default default] 10.0.0.158 "DELETE /v2.0/networks/50c1fc2d-e4c4-4278-99cf-9c80c59e6b4c HTTP/1.1" status: 204 len: 168 time: 0.3806002
2026-07-21 07:48:22.449 10 WARNING neutron_lib.context [None req-615dab02-e6fd-4927-80c8-4d90d858eeac d8d133a5cbc8417aaddbd3d7dcf4d22e f20cdfa9546b40109d2328cac2a6ed74 - - default default] Method 'is_advsvc' is deprecated since 2023.2 release (neutron-lib 3.8.0) and will be removed once support for the old RBAC API policies will be removed from Neutron. Please use method 'is_service_role' instead.
2026-07-21 07:48:22.523 10 INFO neutron.db.segments_db [None req-615dab02-e6fd-4927-80c8-4d90d858eeac d8d133a5cbc8417aaddbd3d7dcf4d22e f20cdfa9546b40109d2328cac2a6ed74 - - default default] Added segment 0ebf6e42-6d40-4464-9304-8ebc5b37a910 of type geneve for network 838099bf-6bed-46d7-8efa-2571df018e02
2026-07-21 07:48:22.555 9 WARNING neutron.scheduler.dhcp_agent_scheduler [None req-77bc2a85-fb23-4d6a-b2a8-d18501610b5a d401498d3fe34d14a9213e5c9a26499b e531c75be9774f9b8a07208484b2198d - - default default] No more DHCP agents
2026-07-21 07:48:22.557 9 WARNING neutron.api.rpc.agentnotifiers.dhcp_rpc_agent_api [None req-77bc2a85-fb23-4d6a-b2a8-d18501610b5a d401498d3fe34d14a9213e5c9a26499b e531c75be9774f9b8a07208484b2198d - - default default] Unable to schedule network aff44d3b-7972-44ba-8030-c8f4900b0d1a: no agents available; will retry on subsequent port and subnet creation events.
2026-07-21 07:48:22.662 10 INFO neutron.db.ovn_revision_numbers_db [None req-615dab02-e6fd-4927-80c8-4d90d858eeac d8d133a5cbc8417aaddbd3d7dcf4d22e f20cdfa9546b40109d2328cac2a6ed74 - - default default] Successfully bumped revision number for resource 838099bf-6bed-46d7-8efa-2571df018e02 (type: networks) to 1
2026-07-21 07:48:22.863 10 WARNING neutron.scheduler.dhcp_agent_scheduler [None req-615dab02-e6fd-4927-80c8-4d90d858eeac d8d133a5cbc8417aaddbd3d7dcf4d22e f20cdfa9546b40109d2328cac2a6ed74 - - default default] No more DHCP agents
2026-07-21 07:48:22.864 10 WARNING neutron.api.rpc.agentnotifiers.dhcp_rpc_agent_api [None req-615dab02-e6fd-4927-80c8-4d90d858eeac d8d133a5cbc8417aaddbd3d7dcf4d22e f20cdfa9546b40109d2328cac2a6ed74 - - default default] Unable to schedule network 838099bf-6bed-46d7-8efa-2571df018e02: no agents available; will retry on subsequent port and subnet creation events.
2026-07-21 07:48:22.951 10 INFO neutron.db.ovn_revision_numbers_db [None req-615dab02-e6fd-4927-80c8-4d90d858eeac d8d133a5cbc8417aaddbd3d7dcf4d22e f20cdfa9546b40109d2328cac2a6ed74 - - default default] Successfully bumped revision number for resource 04401a03-ceda-4530-b947-0e5648c47b7d (type: ports) to 1
2026-07-21 07:48:22.969 10 INFO neutron.wsgi [None req-615dab02-e6fd-4927-80c8-4d90d858eeac d8d133a5cbc8417aaddbd3d7dcf4d22e f20cdfa9546b40109d2328cac2a6ed74 - - default default] 10.0.0.158 "POST /v2.0/networks HTTP/1.1" status: 201 len: 832 time: 0.5246139
2026-07-21 07:48:22.978 10 WARNING neutron_lib.context [None req-9742dff2-5d08-497e-93ae-7cfb73f66036 d8d133a5cbc8417aaddbd3d7dcf4d22e f20cdfa9546b40109d2328cac2a6ed74 - - default default] Method 'is_advsvc' is deprecated since 2023.2 release (neutron-lib 3.8.0) and will be removed once support for the old RBAC API policies will be removed from Neutron. Please use method 'is_service_role' instead.
2026-07-21 07:48:23.065 9 INFO neutron.db.ovn_revision_numbers_db [None req-77bc2a85-fb23-4d6a-b2a8-d18501610b5a d401498d3fe34d14a9213e5c9a26499b e531c75be9774f9b8a07208484b2198d - - default default] Successfully bumped revision number for resource 4368dee5-d6e0-4ddb-81c9-2e34998a6793 (type: floatingips) to 0
2026-07-21 07:48:23.079 9 INFO neutron.wsgi [None req-77bc2a85-fb23-4d6a-b2a8-d18501610b5a d401498d3fe34d14a9213e5c9a26499b e531c75be9774f9b8a07208484b2198d - - default default] 10.0.0.158 "POST /v2.0/floatingips HTTP/1.1" status: 201 len: 751 time: 0.7799931
2026-07-21 07:48:23.090 9 WARNING neutron_lib.context [None req-46431fde-659f-47f6-9c53-5abbd841a4ce d401498d3fe34d14a9213e5c9a26499b e531c75be9774f9b8a07208484b2198d - - default default] Method 'is_advsvc' is deprecated since 2023.2 release (neutron-lib 3.8.0) and will be removed once support for the old RBAC API policies will be removed from Neutron. Please use method 'is_service_role' instead.
2026-07-21 07:48:23.208 10 WARNING neutron.scheduler.dhcp_agent_scheduler [None req-9742dff2-5d08-497e-93ae-7cfb73f66036 d8d133a5cbc8417aaddbd3d7dcf4d22e f20cdfa9546b40109d2328cac2a6ed74 - - default default] No more DHCP agents
2026-07-21 07:48:23.211 10 WARNING neutron.api.rpc.agentnotifiers.dhcp_rpc_agent_api [None req-9742dff2-5d08-497e-93ae-7cfb73f66036 d8d133a5cbc8417aaddbd3d7dcf4d22e f20cdfa9546b40109d2328cac2a6ed74 - - default default] Unable to schedule network 838099bf-6bed-46d7-8efa-2571df018e02: no agents available; will retry on subsequent port and subnet creation events.
2026-07-21 07:48:23.237 10 INFO neutron.db.ovn_revision_numbers_db [None req-9742dff2-5d08-497e-93ae-7cfb73f66036 d8d133a5cbc8417aaddbd3d7dcf4d22e f20cdfa9546b40109d2328cac2a6ed74 - - default default] Successfully bumped revision number for resource dfcf88e3-9b72-474f-8a9a-f087656f64cb (type: subnets) to 0
2026-07-21 07:48:23.250 10 INFO neutron.wsgi [None req-9742dff2-5d08-497e-93ae-7cfb73f66036 d8d133a5cbc8417aaddbd3d7dcf4d22e f20cdfa9546b40109d2328cac2a6ed74 - - default default] 10.0.0.158 "POST /v2.0/subnets HTTP/1.1" status: 201 len: 821 time: 0.2773974
2026-07-21 07:48:23.261 9 WARNING neutron_lib.context [None req-90cd45fc-0a41-4c82-b3cf-807acdb4c25e d8d133a5cbc8417aaddbd3d7dcf4d22e f20cdfa9546b40109d2328cac2a6ed74 - - default default] Method 'is_advsvc' is deprecated since 2023.2 release (neutron-lib 3.8.0) and will be removed once support for the old RBAC API policies will be removed from Neutron. Please use method 'is_service_role' instead.
2026-07-21 07:48:23.407 9 WARNING neutron.scheduler.dhcp_agent_scheduler [None req-46431fde-659f-47f6-9c53-5abbd841a4ce d401498d3fe34d14a9213e5c9a26499b e531c75be9774f9b8a07208484b2198d - - default default] No more DHCP agents
2026-07-21 07:48:23.412 9 WARNING neutron.api.rpc.agentnotifiers.dhcp_rpc_agent_api [None req-46431fde-659f-47f6-9c53-5abbd841a4ce d401498d3fe34d14a9213e5c9a26499b e531c75be9774f9b8a07208484b2198d - - default default] Unable to schedule network aff44d3b-7972-44ba-8030-c8f4900b0d1a: no agents available; will retry on subsequent port and subnet creation events.
2026-07-21 07:48:23.467 9 INFO neutron.db.ovn_revision_numbers_db [None req-90cd45fc-0a41-4c82-b3cf-807acdb4c25e d8d133a5cbc8417aaddbd3d7dcf4d22e f20cdfa9546b40109d2328cac2a6ed74 - - default default] Successfully bumped revision number for resource a29f4a99-2787-49db-8fa2-a24373d46cee (type: routers) to 1
2026-07-21 07:48:23.481 9 INFO neutron.wsgi [None req-90cd45fc-0a41-4c82-b3cf-807acdb4c25e d8d133a5cbc8417aaddbd3d7dcf4d22e f20cdfa9546b40109d2328cac2a6ed74 - - default default] 10.0.0.158 "POST /v2.0/routers HTTP/1.1" status: 201 len: 690 time: 0.2257297
2026-07-21 07:48:23.783 9 INFO neutron.db.ovn_revision_numbers_db [None req-46431fde-659f-47f6-9c53-5abbd841a4ce d401498d3fe34d14a9213e5c9a26499b e531c75be9774f9b8a07208484b2198d - - default default] Successfully bumped revision number for resource 913a6b15-6a50-4f2b-a018-f88e1980c5ad (type: floatingips) to 0
2026-07-21 07:48:23.798 9 INFO neutron.wsgi [None req-46431fde-659f-47f6-9c53-5abbd841a4ce d401498d3fe34d14a9213e5c9a26499b e531c75be9774f9b8a07208484b2198d - - default default] 10.0.0.158 "POST /v2.0/floatingips HTTP/1.1" status: 201 len: 751 time: 0.7131305
2026-07-21 07:48:23.808 9 WARNING neutron_lib.context [None req-ef5a25a5-46ce-4ebf-8169-961affd04f29 d401498d3fe34d14a9213e5c9a26499b e531c75be9774f9b8a07208484b2198d - - default default] Method 'is_advsvc' is deprecated since 2023.2 release (neutron-lib 3.8.0) and will be removed once support for the old RBAC API policies will be removed from Neutron. Please use method 'is_service_role' instead.
2026-07-21 07:48:23.927 10 WARNING neutron.scheduler.dhcp_agent_scheduler [None req-a6c4b3bc-1b70-4e02-9b6e-1a18f7cc166d d8d133a5cbc8417aaddbd3d7dcf4d22e f20cdfa9546b40109d2328cac2a6ed74 - - default default] No more DHCP agents
2026-07-21 07:48:23.931 10 WARNING neutron.api.rpc.agentnotifiers.dhcp_rpc_agent_api [None req-a6c4b3bc-1b70-4e02-9b6e-1a18f7cc166d d8d133a5cbc8417aaddbd3d7dcf4d22e f20cdfa9546b40109d2328cac2a6ed74 - - default default] Unable to schedule network 838099bf-6bed-46d7-8efa-2571df018e02: no agents available; will retry on subsequent port and subnet creation events.
2026-07-21 07:48:24.060 10 INFO neutron.db.ovn_revision_numbers_db [None req-a6c4b3bc-1b70-4e02-9b6e-1a18f7cc166d d8d133a5cbc8417aaddbd3d7dcf4d22e f20cdfa9546b40109d2328cac2a6ed74 - - default default] Successfully bumped revision number for resource 771c2932-bf26-46cb-9dfc-3d5dd719ebe0 (type: ports) to 1
2026-07-21 07:48:24.096 9 WARNING neutron.scheduler.dhcp_agent_scheduler [None req-ef5a25a5-46ce-4ebf-8169-961affd04f29 d401498d3fe34d14a9213e5c9a26499b e531c75be9774f9b8a07208484b2198d - - default default] No more DHCP agents
2026-07-21 07:48:24.098 9 WARNING neutron.api.rpc.agentnotifiers.dhcp_rpc_agent_api [None req-ef5a25a5-46ce-4ebf-8169-961affd04f29 d401498d3fe34d14a9213e5c9a26499b e531c75be9774f9b8a07208484b2198d - - default default] Unable to schedule network aff44d3b-7972-44ba-8030-c8f4900b0d1a: no agents available; will retry on subsequent port and subnet creation events.
2026-07-21 07:48:24.432 9 INFO neutron.db.ovn_revision_numbers_db [None req-ef5a25a5-46ce-4ebf-8169-961affd04f29 d401498d3fe34d14a9213e5c9a26499b e531c75be9774f9b8a07208484b2198d - - default default] Successfully bumped revision number for resource 98e6f878-722f-48f3-b281-43c8bdc5aa29 (type: floatingips) to 0
2026-07-21 07:48:24.448 9 INFO neutron.wsgi [None req-ef5a25a5-46ce-4ebf-8169-961affd04f29 d401498d3fe34d14a9213e5c9a26499b e531c75be9774f9b8a07208484b2198d - - default default] 10.0.0.158 "POST /v2.0/floatingips HTTP/1.1" status: 201 len: 751 time: 0.6452811
2026-07-21 07:48:24.518 9 INFO neutron.wsgi [None req-129e16e0-43e7-45a0-a40f-1402fbc9e0ca d401498d3fe34d14a9213e5c9a26499b e531c75be9774f9b8a07208484b2198d - - default default] 10.0.0.158 "PUT /v2.0/floatingips/30f83b11-4714-4b8c-8e1c-c73d1107cb30/tags HTTP/1.1" status: 200 len: 210 time: 0.0642531
2026-07-21 07:48:24.570 9 INFO neutron.wsgi [None req-288044a4-a85c-413c-b784-baad440dc103 d401498d3fe34d14a9213e5c9a26499b e531c75be9774f9b8a07208484b2198d - - default default] 10.0.0.158 "PUT /v2.0/floatingips/52f78a2e-7ff4-43a3-8b3b-bf65c1e0ceda/tags HTTP/1.1" status: 200 len: 218 time: 0.0493701
2026-07-21 07:48:24.629 9 INFO neutron.wsgi [None req-8615560d-6542-4eb8-8fcc-51ccd8f03e83 d401498d3fe34d14a9213e5c9a26499b e531c75be9774f9b8a07208484b2198d - - default default] 10.0.0.158 "PUT /v2.0/floatingips/4368dee5-d6e0-4ddb-81c9-2e34998a6793/tags HTTP/1.1" status: 200 len: 227 time: 0.0523152
2026-07-21 07:48:24.687 9 INFO neutron.wsgi [None req-322e20be-822d-4b22-8bd5-79ba80e28c63 d401498d3fe34d14a9213e5c9a26499b e531c75be9774f9b8a07208484b2198d - - default default] 10.0.0.158 "PUT /v2.0/floatingips/913a6b15-6a50-4f2b-a018-f88e1980c5ad/tags HTTP/1.1" status: 200 len: 212 time: 0.0506814
2026-07-21 07:48:24.731 10 INFO neutron.db.ovn_revision_numbers_db [None req-a6c4b3bc-1b70-4e02-9b6e-1a18f7cc166d d8d133a5cbc8417aaddbd3d7dcf4d22e f20cdfa9546b40109d2328cac2a6ed74 - - default default] Successfully bumped revision number for resource 771c2932-bf26-46cb-9dfc-3d5dd719ebe0 (type: router_ports) to 1
2026-07-21 07:48:24.736 9 INFO neutron.plugins.ml2.drivers.ovn.mech_driver.mech_driver [None req-edcfc3cf-e4fd-463d-9ac2-f673b9c71150 - - - - - -] OVN reports status up for port: 771c2932-bf26-46cb-9dfc-3d5dd719ebe0
2026-07-21 07:48:24.752 9 INFO neutron.wsgi [None req-e4108d0f-ce80-4cf9-84ba-98446c59890e d401498d3fe34d14a9213e5c9a26499b e531c75be9774f9b8a07208484b2198d - - default default] 10.0.0.158 "GET /v2.0/floatingips?tags=red HTTP/1.1" status: 200 len: 1866 time: 0.0575247
2026-07-21 07:48:24.753 9 INFO neutron.plugins.ml2.plugin [None req-edcfc3cf-e4fd-463d-9ac2-f673b9c71150 - - - - - -] Attempt 1 to provision port 771c2932-bf26-46cb-9dfc-3d5dd719ebe0
2026-07-21 07:48:24.812 10 INFO neutron.wsgi [None req-196c0efa-66df-458a-81b0-d4450db44b97 d401498d3fe34d14a9213e5c9a26499b e531c75be9774f9b8a07208484b2198d - - default default] 10.0.0.158 "GET /v2.0/floatingips?tags=red%2Cblue HTTP/1.1" status: 200 len: 1323 time: 0.0524423
2026-07-21 07:48:24.863 10 INFO neutron.wsgi [None req-cc869474-5610-4f71-b3c0-748c4042ff78 d401498d3fe34d14a9213e5c9a26499b e531c75be9774f9b8a07208484b2198d - - default default] 10.0.0.158 "GET /v2.0/floatingips?tags-any=blue HTTP/1.1" status: 200 len: 1323 time: 0.0458565
2026-07-21 07:48:24.912 10 INFO neutron.wsgi [None req-aeb08449-575a-46b9-9cdb-ebf9f579f0e2 d401498d3fe34d14a9213e5c9a26499b e531c75be9774f9b8a07208484b2198d - - default default] 10.0.0.158 "GET /v2.0/floatingips?tags-any=red%2Cblue HTTP/1.1" status: 200 len: 1866 time: 0.0395262
2026-07-21 07:48:24.917 10 INFO neutron.db.ovn_revision_numbers_db [None req-a6c4b3bc-1b70-4e02-9b6e-1a18f7cc166d d8d133a5cbc8417aaddbd3d7dcf4d22e f20cdfa9546b40109d2328cac2a6ed74 - - default default] Successfully bumped revision number for resource 771c2932-bf26-46cb-9dfc-3d5dd719ebe0 (type: ports) to 1
2026-07-21 07:48:24.958 10 INFO neutron.wsgi [None req-6abc0824-0024-4818-8529-3e0d2e775d95 d401498d3fe34d14a9213e5c9a26499b e531c75be9774f9b8a07208484b2198d - - default default] 10.0.0.158 "GET /v2.0/floatingips?not-tags=red HTTP/1.1" status: 200 len: 1295 time: 0.0389314
2026-07-21 07:48:25.016 10 INFO neutron.wsgi [None req-85a87962-9564-43d4-8229-f68e656c9203 d401498d3fe34d14a9213e5c9a26499b e531c75be9774f9b8a07208484b2198d - - default default] 10.0.0.158 "GET /v2.0/floatingips?not-tags=red%2Cblue HTTP/1.1" status: 200 len: 1838 time: 0.0519373
2026-07-21 07:48:25.041 9 INFO neutron.db.ovn_revision_numbers_db [None req-edcfc3cf-e4fd-463d-9ac2-f673b9c71150 - - - - - -] Successfully bumped revision number for resource 771c2932-bf26-46cb-9dfc-3d5dd719ebe0 (type: ports) to 2
2026-07-21 07:48:25.063 10 INFO neutron.wsgi [None req-c8da2e91-71f0-46a2-8a8f-79158b4470f9 d401498d3fe34d14a9213e5c9a26499b e531c75be9774f9b8a07208484b2198d - - default default] 10.0.0.158 "GET /v2.0/floatingips?not-tags-any=blue HTTP/1.1" status: 200 len: 1838 time: 0.0413632
2026-07-21 07:48:25.075 10 WARNING neutron.scheduler.dhcp_agent_scheduler [None req-a6c4b3bc-1b70-4e02-9b6e-1a18f7cc166d d8d133a5cbc8417aaddbd3d7dcf4d22e f20cdfa9546b40109d2328cac2a6ed74 - - default default] No more DHCP agents
2026-07-21 07:48:25.076 10 WARNING neutron.api.rpc.agentnotifiers.dhcp_rpc_agent_api [None req-a6c4b3bc-1b70-4e02-9b6e-1a18f7cc166d d8d133a5cbc8417aaddbd3d7dcf4d22e f20cdfa9546b40109d2328cac2a6ed74 - - default default] Unable to schedule network 838099bf-6bed-46d7-8efa-2571df018e02: no agents available; will retry on subsequent port and subnet creation events.
2026-07-21 07:48:25.104 10 INFO neutron.wsgi [None req-c54f08f2-f0e9-42fb-8681-a31ba8d90208 d401498d3fe34d14a9213e5c9a26499b e531c75be9774f9b8a07208484b2198d - - default default] 10.0.0.158 "GET /v2.0/floatingips?not-tags-any=red%2Cblue HTTP/1.1" status: 200 len: 1295 time: 0.0352123
2026-07-21 07:48:25.121 9 INFO neutron.db.ovn_revision_numbers_db [None req-edcfc3cf-e4fd-463d-9ac2-f673b9c71150 - - - - - -] Successfully bumped revision number for resource 771c2932-bf26-46cb-9dfc-3d5dd719ebe0 (type: router_ports) to 2
2026-07-21 07:48:25.219 10 INFO neutron.db.ovn_revision_numbers_db [None req-a6c4b3bc-1b70-4e02-9b6e-1a18f7cc166d d8d133a5cbc8417aaddbd3d7dcf4d22e f20cdfa9546b40109d2328cac2a6ed74 - - default default] Successfully bumped revision number for resource 771c2932-bf26-46cb-9dfc-3d5dd719ebe0 (type: router_ports) to 2
2026-07-21 07:48:25.222 10 INFO neutron.wsgi [None req-a6c4b3bc-1b70-4e02-9b6e-1a18f7cc166d d8d133a5cbc8417aaddbd3d7dcf4d22e f20cdfa9546b40109d2328cac2a6ed74 - - default default] 10.0.0.158 "PUT /v2.0/routers/a29f4a99-2787-49db-8fa2-a24373d46cee/add_router_interface HTTP/1.1" status: 200 len: 503 time: 1.7361403
2026-07-21 07:48:25.264 10 INFO neutron.wsgi [None req-5dc9d294-ebe6-44f4-bd04-b8b3511d4745 d8d133a5cbc8417aaddbd3d7dcf4d22e f20cdfa9546b40109d2328cac2a6ed74 - - default default] 10.0.0.158 "GET /v2.0/ports/771c2932-bf26-46cb-9dfc-3d5dd719ebe0 HTTP/1.1" status: 200 len: 1141 time: 0.0355849
2026-07-21 07:48:25.363 9 INFO neutron.wsgi [None req-5718dbfc-e707-4a5e-a516-63943de286e4 d8d133a5cbc8417aaddbd3d7dcf4d22e f20cdfa9546b40109d2328cac2a6ed74 - - default default] 10.0.0.158 "GET /v2.0/ports/771c2932-bf26-46cb-9dfc-3d5dd719ebe0 HTTP/1.1" status: 200 len: 1141 time: 0.0926352
2026-07-21 07:48:25.460 9 INFO neutron.wsgi [None req-445d3fcc-ecd9-49c9-95cb-06c5aa36f919 d401498d3fe34d14a9213e5c9a26499b e531c75be9774f9b8a07208484b2198d - - default default] 10.0.0.158 "DELETE /v2.0/floatingips/30f83b11-4714-4b8c-8e1c-c73d1107cb30 HTTP/1.1" status: 204 len: 168 time: 0.3460679
2026-07-21 07:48:25.689 10 WARNING neutron.plugins.ml2.drivers.ovn.mech_driver.ovsdb.ovn_client [None req-9a7bc7a7-8e58-4f31-9213-24392d36372a - - - - - -] No port found with ID a80028de-6ae0-4e10-982f-9853b38643ca: RuntimeError: No port found with ID a80028de-6ae0-4e10-982f-9853b38643ca
