2026-07-21 07:47:49.044 10 INFO neutron.wsgi [-] 10.0.0.246 "GET / HTTP/1.1" status: 200 len: 247 time: 0.0015996 /var/lib/openstack/lib/python3.10/site-packages/pycadf/identifier.py:71: UserWarning: Invalid uuid: neutron. To ensure interoperability, identifiers should be a valid uuid. warnings.warn(('Invalid uuid: %s. To ensure interoperability, '
2026-07-21 07:47:49.055 9 INFO neutron.wsgi [req-66c045d2-6280-44c1-a9f3-97a6bbb1a08c req-cd3eb6aa-b1ed-4f1c-a463-f6da1916697d 4b73146f55124677af1a0c01b88de78d f7d0320b88554d43b6eccce89c3827b6 - - default default] 10.0.0.29 "GET /v2.0/quotas/f7d0320b88554d43b6eccce89c3827b6 HTTP/1.1" status: 200 len: 386 time: 0.0102193
2026-07-21 07:47:49.115 10 INFO neutron.db.ovn_revision_numbers_db [None req-baa82c67-62c6-4e7f-bb12-f1b01981c1cd 768e1b9b6a604ec393685d9a3a436238 8379eebea03b466889f77b9c84b92998 - - default default] Successfully bumped revision number for resource e311b8ec-0867-4cc3-9189-4612d7766d6d (type: floatingips) to 2
2026-07-21 07:47:49.146 10 INFO neutron.wsgi [req-6a1eedcc-c03e-4595-b904-fcd92dbb0bb0 req-6d5b5598-9202-4d48-81bb-84e0be947d8e 743665242b6447ee9095b3d2a733f3de 2ced595c353241ae934769be6523ef88 - - default default] 199.204.45.109 "GET /v2.0/networks?id=1f12cdb6-701e-456a-bc95-24e92231b5e9 HTTP/1.1" status: 200 len: 870 time: 0.1010718
2026-07-21 07:47:49.162 10 WARNING neutron_lib.context [req-6a1eedcc-c03e-4595-b904-fcd92dbb0bb0 req-f5102f07-33a4-4d4a-a165-3ced90ae1cb3 743665242b6447ee9095b3d2a733f3de 2ced595c353241ae934769be6523ef88 - - default default] Method 'is_advsvc' is deprecated since 2023.2 release (neutron-lib 3.8.0) and will be removed once support for the old RBAC API policies will be removed from Neutron. Please use method 'is_service_role' instead.
2026-07-21 07:47:49.174 9 INFO neutron.wsgi [req-66c045d2-6280-44c1-a9f3-97a6bbb1a08c req-d58361a5-bc3a-4292-b8a1-7942bb1fad9e 4b73146f55124677af1a0c01b88de78d f7d0320b88554d43b6eccce89c3827b6 - - default default] 10.0.0.29 "GET /v2.0/ports?tenant_id=f7d0320b88554d43b6eccce89c3827b6&fields=id HTTP/1.1" status: 200 len: 302 time: 0.1094773
2026-07-21 07:47:49.212 10 INFO neutron.wsgi [None req-baa82c67-62c6-4e7f-bb12-f1b01981c1cd 768e1b9b6a604ec393685d9a3a436238 8379eebea03b466889f77b9c84b92998 - - default default] 10.0.0.158 "PUT /v2.0/floatingips/e311b8ec-0867-4cc3-9189-4612d7766d6d HTTP/1.1" status: 200 len: 1038 time: 0.8179057
2026-07-21 07:47:49.275 9 INFO neutron.wsgi [req-66c045d2-6280-44c1-a9f3-97a6bbb1a08c req-7557967a-b5a0-4720-a9df-ef470bae13c0 f1708b344cf944ceb4b45a23543aa568 5fbacf0cf08d4a29ab97893c932fdab7 - - 941e9478a541400a9dea1998c30101af 941e9478a541400a9dea1998c30101af] 10.0.0.29 "GET /v2.0/networks/ceefd6a3-de98-4812-8a7d-1f11ce357b99?fields=segments HTTP/1.1" status: 200 len: 212 time: 0.0782020
2026-07-21 07:47:49.371 10 INFO neutron.db.l3_db [None req-26593929-ff63-4450-abce-c09b7967c7f4 768e1b9b6a604ec393685d9a3a436238 8379eebea03b466889f77b9c84b92998 - - default default] Floating IP e311b8ec-0867-4cc3-9189-4612d7766d6d disassociated. External IP: 10.96.250.203, port: eee182cb-803e-40b2-9767-54f4efd88057.
2026-07-21 07:47:49.451 10 INFO neutron.db.ovn_revision_numbers_db [None req-26593929-ff63-4450-abce-c09b7967c7f4 768e1b9b6a604ec393685d9a3a436238 8379eebea03b466889f77b9c84b92998 - - default default] Successfully bumped revision number for resource e311b8ec-0867-4cc3-9189-4612d7766d6d (type: floatingips) to 3
2026-07-21 07:47:49.540 10 INFO neutron.wsgi [None req-26593929-ff63-4450-abce-c09b7967c7f4 768e1b9b6a604ec393685d9a3a436238 8379eebea03b466889f77b9c84b92998 - - default default] 10.0.0.158 "PUT /v2.0/floatingips/e311b8ec-0867-4cc3-9189-4612d7766d6d HTTP/1.1" status: 200 len: 748 time: 0.3221078 /var/lib/openstack/lib/python3.10/site-packages/pycadf/identifier.py:71: UserWarning: Invalid uuid: neutron. To ensure interoperability, identifiers should be a valid uuid. warnings.warn(('Invalid uuid: %s. To ensure interoperability, '
2026-07-21 07:47:49.602 9 INFO neutron.wsgi [req-82b837ae-be19-4279-b20e-a6494e72d9cd req-fbfa887f-d086-4fa5-b226-7abd979f6705 743665242b6447ee9095b3d2a733f3de 2ced595c353241ae934769be6523ef88 - - default default] 10.0.0.29 "GET /v2.0/ports?device_id=155e1064-6896-437c-8155-d6dec46cb8d6 HTTP/1.1" status: 200 len: 210 time: 0.0294728
2026-07-21 07:47:49.611 9 INFO neutron.wsgi [req-66c045d2-6280-44c1-a9f3-97a6bbb1a08c req-e0deae3a-f39c-408a-baab-152187bd67e8 f1708b344cf944ceb4b45a23543aa568 5fbacf0cf08d4a29ab97893c932fdab7 - - 941e9478a541400a9dea1998c30101af 941e9478a541400a9dea1998c30101af] 10.0.0.29 "GET /v2.0/networks/ceefd6a3-de98-4812-8a7d-1f11ce357b99?fields=provider%3Aphysical_network&fields=provider%3Anetwork_type HTTP/1.1" status: 200 len: 277 time: 0.3229842
2026-07-21 07:47:49.649 10 WARNING neutron.scheduler.dhcp_agent_scheduler [req-6a1eedcc-c03e-4595-b904-fcd92dbb0bb0 req-f5102f07-33a4-4d4a-a165-3ced90ae1cb3 743665242b6447ee9095b3d2a733f3de 2ced595c353241ae934769be6523ef88 - - default default] No more DHCP agents
2026-07-21 07:47:49.654 10 WARNING neutron.api.rpc.agentnotifiers.dhcp_rpc_agent_api [req-6a1eedcc-c03e-4595-b904-fcd92dbb0bb0 req-f5102f07-33a4-4d4a-a165-3ced90ae1cb3 743665242b6447ee9095b3d2a733f3de 2ced595c353241ae934769be6523ef88 - - default default] Unable to schedule network 1f12cdb6-701e-456a-bc95-24e92231b5e9: no agents available; will retry on subsequent port and subnet creation events.
2026-07-21 07:47:49.785 9 INFO neutron.wsgi [req-bc6fdbfd-294f-4700-bcc9-ab26f94286b2 req-3974d68a-be29-477d-999a-fbdf7926f71a 4b73146f55124677af1a0c01b88de78d f7d0320b88554d43b6eccce89c3827b6 - - default default] 10.0.0.29 "GET /v2.0/ports?device_id=0f098ad6-f2c2-4d8f-95d4-4428c1049995 HTTP/1.1" status: 200 len: 210 time: 0.0334873
2026-07-21 07:47:49.939 10 INFO neutron.db.ovn_revision_numbers_db [req-6a1eedcc-c03e-4595-b904-fcd92dbb0bb0 req-f5102f07-33a4-4d4a-a165-3ced90ae1cb3 743665242b6447ee9095b3d2a733f3de 2ced595c353241ae934769be6523ef88 - - default default] Successfully bumped revision number for resource db117bab-4cc6-4773-b5a3-bc59e71d73e6 (type: ports) to 1
2026-07-21 07:47:49.981 10 INFO neutron.wsgi [req-6a1eedcc-c03e-4595-b904-fcd92dbb0bb0 req-f5102f07-33a4-4d4a-a165-3ced90ae1cb3 743665242b6447ee9095b3d2a733f3de 2ced595c353241ae934769be6523ef88 - - default default] 199.204.45.109 "POST /v2.0/ports HTTP/1.1" status: 201 len: 1162 time: 0.8289073
2026-07-21 07:47:49.993 10 INFO neutron.plugins.ml2.drivers.ovn.mech_driver.ovsdb.ovsdb_monitor [None req-d3c04a6b-074d-4de0-876a-630dfd84367c - - - - - -] Router 81374a73-7ed5-4965-b04a-ae4ac59ed5b7 is bound to host instance /var/lib/openstack/lib/python3.10/site-packages/pycadf/identifier.py:71: UserWarning: Invalid uuid: neutron. To ensure interoperability, identifiers should be a valid uuid. warnings.warn(('Invalid uuid: %s. To ensure interoperability, '
2026-07-21 07:47:50.010 9 INFO neutron.db.ovn_revision_numbers_db [None req-02ecb69d-2021-4ffb-8aad-aae5c7dce2e9 392083e5b101457e8f890e1524eef317 cd995afa4ffd4531a858f1c201a6e449 - - default default] Successfully bumped revision number for resource f44c5dc6-043e-4eb2-a36c-c0c05e2d7cc4 (type: router_ports) to 1
2026-07-21 07:47:50.080 9 INFO neutron.db.ovn_revision_numbers_db [None req-02ecb69d-2021-4ffb-8aad-aae5c7dce2e9 392083e5b101457e8f890e1524eef317 cd995afa4ffd4531a858f1c201a6e449 - - default default] Successfully bumped revision number for resource 81374a73-7ed5-4965-b04a-ae4ac59ed5b7 (type: routers) to 2
2026-07-21 07:47:50.094 9 INFO neutron.wsgi [None req-02ecb69d-2021-4ffb-8aad-aae5c7dce2e9 392083e5b101457e8f890e1524eef317 cd995afa4ffd4531a858f1c201a6e449 - - default default] 10.0.0.158 "POST /v2.0/routers HTTP/1.1" status: 201 len: 873 time: 1.7994056
2026-07-21 07:47:50.376 10 INFO neutron.wsgi [None req-f2d7dd78-f74c-4932-affb-0aeda7862e1a 768e1b9b6a604ec393685d9a3a436238 8379eebea03b466889f77b9c84b92998 - - default default] 10.0.0.158 "DELETE /v2.0/floatingips/e311b8ec-0867-4cc3-9189-4612d7766d6d HTTP/1.1" status: 204 len: 168 time: 0.8309672
2026-07-21 07:47:50.426 9 INFO neutron.api.v2.resource [None req-b6ff1553-a047-49fc-94ce-1862f8bbc07d 768e1b9b6a604ec393685d9a3a436238 8379eebea03b466889f77b9c84b92998 - - default default] delete failed (client error): The resource could not be found.
2026-07-21 07:47:50.427 9 INFO neutron.wsgi [None req-b6ff1553-a047-49fc-94ce-1862f8bbc07d 768e1b9b6a604ec393685d9a3a436238 8379eebea03b466889f77b9c84b92998 - - default default] 10.0.0.158 "DELETE /v2.0/floatingips/e311b8ec-0867-4cc3-9189-4612d7766d6d HTTP/1.1" status: 404 len: 345 time: 0.0401006
2026-07-21 07:47:50.557 10 INFO neutron.wsgi [req-66c045d2-6280-44c1-a9f3-97a6bbb1a08c req-77a92586-9936-4197-9c87-f2208ad1a7b8 4b73146f55124677af1a0c01b88de78d f7d0320b88554d43b6eccce89c3827b6 - - default default] 199.204.45.109 "GET /v2.0/networks?id=ceefd6a3-de98-4812-8a7d-1f11ce357b99 HTTP/1.1" status: 200 len: 875 time: 0.1062562
2026-07-21 07:47:50.659 10 INFO neutron.wsgi [req-66c045d2-6280-44c1-a9f3-97a6bbb1a08c req-8c07f4a2-9ca2-422a-ab9c-00e054d95331 4b73146f55124677af1a0c01b88de78d f7d0320b88554d43b6eccce89c3827b6 - - default default] 199.204.45.109 "GET /v2.0/security-groups?fields=id&fields=name&tenant_id=f7d0320b88554d43b6eccce89c3827b6 HTTP/1.1" status: 200 len: 380 time: 0.0940013
2026-07-21 07:47:50.665 9 WARNING neutron.scheduler.dhcp_agent_scheduler [None req-5fac398d-8edd-4ca3-91e9-8ff42c065d0c 392083e5b101457e8f890e1524eef317 cd995afa4ffd4531a858f1c201a6e449 - - default default] No more DHCP agents
2026-07-21 07:47:50.677 9 WARNING neutron.api.rpc.agentnotifiers.dhcp_rpc_agent_api [None req-5fac398d-8edd-4ca3-91e9-8ff42c065d0c 392083e5b101457e8f890e1524eef317 cd995afa4ffd4531a858f1c201a6e449 - - default default] Unable to schedule network df7d3a41-4500-4b57-ac46-7c94a4f7bbcf: no agents available; will retry on subsequent port and subnet creation events. /var/lib/openstack/lib/python3.10/site-packages/pycadf/identifier.py:71: UserWarning: Invalid uuid: neutron. To ensure interoperability, identifiers should be a valid uuid. warnings.warn(('Invalid uuid: %s. To ensure interoperability, '
2026-07-21 07:47:50.689 10 WARNING neutron_lib.context [req-66c045d2-6280-44c1-a9f3-97a6bbb1a08c req-a26b8dbf-0733-4788-9dc0-0a488834be71 4b73146f55124677af1a0c01b88de78d f7d0320b88554d43b6eccce89c3827b6 - - default default] Method 'is_advsvc' is deprecated since 2023.2 release (neutron-lib 3.8.0) and will be removed once support for the old RBAC API policies will be removed from Neutron. Please use method 'is_service_role' instead.
2026-07-21 07:47:50.712 9 WARNING neutron.plugins.ml2.drivers.ovn.mech_driver.ovsdb.ovn_client [None req-edcfc3cf-e4fd-463d-9ac2-f673b9c71150 - - - - - -] No hosting information found for port 50a98e0e-5c91-472f-91eb-a8c9820911be: RuntimeError: No hosting information found for port 50a98e0e-5c91-472f-91eb-a8c9820911be
2026-07-21 07:47:50.712 9 INFO neutron.plugins.ml2.drivers.ovn.mech_driver.mech_driver [None req-edcfc3cf-e4fd-463d-9ac2-f673b9c71150 - - - - - -] OVN reports status up for port: 5ec0fe5b-3788-4f0e-bc86-c72132fe1d53
2026-07-21 07:47:50.734 9 INFO neutron.plugins.ml2.plugin [None req-edcfc3cf-e4fd-463d-9ac2-f673b9c71150 - - - - - -] Attempt 1 to provision port 5ec0fe5b-3788-4f0e-bc86-c72132fe1d53
2026-07-21 07:47:50.772 9 INFO neutron.wsgi [req-0c04bf54-e9b9-42b3-a64b-208423959c54 req-a422bcd8-ccfe-4a07-b816-6d96727dd433 743665242b6447ee9095b3d2a733f3de 2ced595c353241ae934769be6523ef88 - - default default] 10.0.0.29 "GET /v2.0/ports?device_id=155e1064-6896-437c-8155-d6dec46cb8d6 HTTP/1.1" status: 200 len: 1172 time: 0.1085730
2026-07-21 07:47:50.885 10 INFO neutron.db.ovn_revision_numbers_db [req-6a1eedcc-c03e-4595-b904-fcd92dbb0bb0 req-bbb7150a-6f22-44e9-9238-515089ca96ce f1708b344cf944ceb4b45a23543aa568 5fbacf0cf08d4a29ab97893c932fdab7 - - 941e9478a541400a9dea1998c30101af 941e9478a541400a9dea1998c30101af] Successfully bumped revision number for resource db117bab-4cc6-4773-b5a3-bc59e71d73e6 (type: ports) to 2
2026-07-21 07:47:50.905 9 INFO neutron.wsgi [req-0c04bf54-e9b9-42b3-a64b-208423959c54 req-1522a2a9-d900-4386-8ffb-18e1aa708e24 743665242b6447ee9095b3d2a733f3de 2ced595c353241ae934769be6523ef88 - - default default] 10.0.0.29 "GET /v2.0/security-groups?id=9b42d216-334a-4afb-9067-9a36c469fa21&fields=id&fields=name HTTP/1.1" status: 200 len: 286 time: 0.1236892
2026-07-21 07:47:50.934 9 INFO neutron.wsgi [req-799b9d27-1ee1-4b03-b20c-46adff5f3caa req-3d462663-d15d-4014-8e31-c37483ae42b4 4b73146f55124677af1a0c01b88de78d f7d0320b88554d43b6eccce89c3827b6 - - default default] 10.0.0.29 "GET /v2.0/ports?device_id=0f098ad6-f2c2-4d8f-95d4-4428c1049995 HTTP/1.1" status: 200 len: 210 time: 0.0628166
2026-07-21 07:47:51.071 9 INFO neutron.db.ovn_revision_numbers_db [None req-5fac398d-8edd-4ca3-91e9-8ff42c065d0c 392083e5b101457e8f890e1524eef317 cd995afa4ffd4531a858f1c201a6e449 - - default default] Successfully bumped revision number for resource 07836add-0632-4dbf-a6e4-3bbce622cb28 (type: ports) to 1
2026-07-21 07:47:51.082 10 INFO neutron.db.ovn_revision_numbers_db [None req-d3c04a6b-074d-4de0-876a-630dfd84367c - - - - - -] Successfully bumped revision number for resource f44c5dc6-043e-4eb2-a36c-c0c05e2d7cc4 (type: ports) to 1
2026-07-21 07:47:51.084 9 INFO neutron.wsgi [None req-d604a8cb-ac91-46c9-93c8-630f2e8f284f 768e1b9b6a604ec393685d9a3a436238 8379eebea03b466889f77b9c84b92998 - - default default] 10.0.0.158 "DELETE /v2.0/ports/eee182cb-803e-40b2-9767-54f4efd88057 HTTP/1.1" status: 204 len: 168 time: 0.6512454
2026-07-21 07:47:51.257 9 INFO neutron.db.ovn_revision_numbers_db [None req-edcfc3cf-e4fd-463d-9ac2-f673b9c71150 - - - - - -] Successfully bumped revision number for resource 5ec0fe5b-3788-4f0e-bc86-c72132fe1d53 (type: ports) to 2
2026-07-21 07:47:51.312 10 WARNING neutron.scheduler.dhcp_agent_scheduler [req-66c045d2-6280-44c1-a9f3-97a6bbb1a08c req-a26b8dbf-0733-4788-9dc0-0a488834be71 4b73146f55124677af1a0c01b88de78d f7d0320b88554d43b6eccce89c3827b6 - - default default] No more DHCP agents
2026-07-21 07:47:51.321 10 WARNING neutron.api.rpc.agentnotifiers.dhcp_rpc_agent_api [req-66c045d2-6280-44c1-a9f3-97a6bbb1a08c req-a26b8dbf-0733-4788-9dc0-0a488834be71 4b73146f55124677af1a0c01b88de78d f7d0320b88554d43b6eccce89c3827b6 - - default default] Unable to schedule network ceefd6a3-de98-4812-8a7d-1f11ce357b99: no agents available; will retry on subsequent port and subnet creation events.
2026-07-21 07:47:51.352 10 INFO neutron.db.ovn_revision_numbers_db [req-6a1eedcc-c03e-4595-b904-fcd92dbb0bb0 req-bbb7150a-6f22-44e9-9238-515089ca96ce f1708b344cf944ceb4b45a23543aa568 5fbacf0cf08d4a29ab97893c932fdab7 - - 941e9478a541400a9dea1998c30101af 941e9478a541400a9dea1998c30101af] Successfully bumped revision number for resource db117bab-4cc6-4773-b5a3-bc59e71d73e6 (type: ports) to 2
2026-07-21 07:47:51.354 9 INFO neutron.db.ovn_revision_numbers_db [None req-edcfc3cf-e4fd-463d-9ac2-f673b9c71150 - - - - - -] Successfully bumped revision number for resource 5ec0fe5b-3788-4f0e-bc86-c72132fe1d53 (type: router_ports) to 2
2026-07-21 07:47:51.429 10 INFO neutron.wsgi [req-6a1eedcc-c03e-4595-b904-fcd92dbb0bb0 req-bbb7150a-6f22-44e9-9238-515089ca96ce f1708b344cf944ceb4b45a23543aa568 5fbacf0cf08d4a29ab97893c932fdab7 - - 941e9478a541400a9dea1998c30101af 941e9478a541400a9dea1998c30101af] 199.204.45.109 "PUT /v2.0/ports/db117bab-4cc6-4773-b5a3-bc59e71d73e6 HTTP/1.1" status: 200 len: 1380 time: 1.4410448
2026-07-21 07:47:51.474 10 INFO neutron.notifiers.nova [-] Nova event matching ['req-3df30593-92cc-48f3-97ad-1972017b08e9'] response: {'name': 'network-changed', 'server_uuid': '155e1064-6896-437c-8155-d6dec46cb8d6', 'tag': 'db117bab-4cc6-4773-b5a3-bc59e71d73e6', 'status': 'completed', 'code': 200} /var/lib/openstack/lib/python3.10/site-packages/pycadf/identifier.py:71: UserWarning: Invalid uuid: neutron. To ensure interoperability, identifiers should be a valid uuid. warnings.warn(('Invalid uuid: %s. To ensure interoperability, '
2026-07-21 07:47:51.531 10 INFO neutron.plugins.ml2.drivers.ovn.mech_driver.mech_driver [None req-9a7bc7a7-8e58-4f31-9213-24392d36372a - - - - - -] OVN reports status up for port: 07836add-0632-4dbf-a6e4-3bbce622cb28
2026-07-21 07:47:51.549 9 INFO neutron.db.ovn_revision_numbers_db [None req-5fac398d-8edd-4ca3-91e9-8ff42c065d0c 392083e5b101457e8f890e1524eef317 cd995afa4ffd4531a858f1c201a6e449 - - default default] Successfully bumped revision number for resource 07836add-0632-4dbf-a6e4-3bbce622cb28 (type: router_ports) to 1
2026-07-21 07:47:51.553 10 INFO neutron.wsgi [req-6a1eedcc-c03e-4595-b904-fcd92dbb0bb0 req-77e9a174-a8cc-4061-96ed-89ccb81d635b f1708b344cf944ceb4b45a23543aa568 5fbacf0cf08d4a29ab97893c932fdab7 - - 941e9478a541400a9dea1998c30101af 941e9478a541400a9dea1998c30101af] 199.204.45.109 "GET /v2.0/ports?tenant_id=2ced595c353241ae934769be6523ef88&device_id=155e1064-6896-437c-8155-d6dec46cb8d6 HTTP/1.1" status: 200 len: 1411 time: 0.0785162
2026-07-21 07:47:51.567 10 INFO neutron.plugins.ml2.plugin [None req-9a7bc7a7-8e58-4f31-9213-24392d36372a - - - - - -] Attempt 1 to provision port 07836add-0632-4dbf-a6e4-3bbce622cb28
2026-07-21 07:47:51.608 10 INFO neutron.wsgi [req-6a1eedcc-c03e-4595-b904-fcd92dbb0bb0 req-b78068c9-c4b9-43a7-aeb6-1c35740734a9 f1708b344cf944ceb4b45a23543aa568 5fbacf0cf08d4a29ab97893c932fdab7 - - 941e9478a541400a9dea1998c30101af 941e9478a541400a9dea1998c30101af] 199.204.45.109 "GET /v2.0/floatingips?fixed_ip_address=10.100.0.14&port_id=db117bab-4cc6-4773-b5a3-bc59e71d73e6 HTTP/1.1" status: 200 len: 217 time: 0.0464060
2026-07-21 07:47:51.707 9 INFO neutron.db.ovn_revision_numbers_db [None req-5fac398d-8edd-4ca3-91e9-8ff42c065d0c 392083e5b101457e8f890e1524eef317 cd995afa4ffd4531a858f1c201a6e449 - - default default] Successfully bumped revision number for resource 07836add-0632-4dbf-a6e4-3bbce622cb28 (type: ports) to 1
2026-07-21 07:47:51.715 10 INFO neutron.wsgi [req-6a1eedcc-c03e-4595-b904-fcd92dbb0bb0 req-82418643-b3a2-4f33-9e90-279cd34856d1 f1708b344cf944ceb4b45a23543aa568 5fbacf0cf08d4a29ab97893c932fdab7 - - 941e9478a541400a9dea1998c30101af 941e9478a541400a9dea1998c30101af] 199.204.45.109 "GET /v2.0/subnets?id=572782b5-c7f8-40e6-a2ec-78d5788357b7 HTTP/1.1" status: 200 len: 864 time: 0.0965157
2026-07-21 07:47:51.762 10 INFO neutron.wsgi [req-6a1eedcc-c03e-4595-b904-fcd92dbb0bb0 req-4a80d85f-8529-45e7-b884-0fc6f57eb6b0 f1708b344cf944ceb4b45a23543aa568 5fbacf0cf08d4a29ab97893c932fdab7 - - 941e9478a541400a9dea1998c30101af 941e9478a541400a9dea1998c30101af] 199.204.45.109 "GET /v2.0/ports?network_id=1f12cdb6-701e-456a-bc95-24e92231b5e9&device_owner=network%3Adhcp HTTP/1.1" status: 200 len: 210 time: 0.0356898
2026-07-21 07:47:51.788 9 WARNING neutron.scheduler.dhcp_agent_scheduler [None req-5fac398d-8edd-4ca3-91e9-8ff42c065d0c 392083e5b101457e8f890e1524eef317 cd995afa4ffd4531a858f1c201a6e449 - - default default] No more DHCP agents
2026-07-21 07:47:51.790 9 WARNING neutron.api.rpc.agentnotifiers.dhcp_rpc_agent_api [None req-5fac398d-8edd-4ca3-91e9-8ff42c065d0c 392083e5b101457e8f890e1524eef317 cd995afa4ffd4531a858f1c201a6e449 - - default default] Unable to schedule network df7d3a41-4500-4b57-ac46-7c94a4f7bbcf: no agents available; will retry on subsequent port and subnet creation events.
2026-07-21 07:47:51.846 10 INFO neutron.db.ovn_revision_numbers_db [req-66c045d2-6280-44c1-a9f3-97a6bbb1a08c req-a26b8dbf-0733-4788-9dc0-0a488834be71 4b73146f55124677af1a0c01b88de78d f7d0320b88554d43b6eccce89c3827b6 - - default default] Successfully bumped revision number for resource f2a1bd4f-c992-457d-8246-e26be4347bfd (type: ports) to 1
2026-07-21 07:47:51.872 10 INFO neutron.db.ovn_revision_numbers_db [None req-d3c04a6b-074d-4de0-876a-630dfd84367c - - - - - -] Successfully bumped revision number for resource f44c5dc6-043e-4eb2-a36c-c0c05e2d7cc4 (type: router_ports) to 3
2026-07-21 07:47:51.923 10 INFO neutron.wsgi [req-66c045d2-6280-44c1-a9f3-97a6bbb1a08c req-a26b8dbf-0733-4788-9dc0-0a488834be71 4b73146f55124677af1a0c01b88de78d f7d0320b88554d43b6eccce89c3827b6 - - default default] 199.204.45.109 "POST /v2.0/ports HTTP/1.1" status: 201 len: 1158 time: 1.2594960
2026-07-21 07:47:51.940 10 INFO neutron.wsgi [req-6a1eedcc-c03e-4595-b904-fcd92dbb0bb0 req-0962a9e9-baac-4cdc-8a1c-a6f7741f80cb f1708b344cf944ceb4b45a23543aa568 5fbacf0cf08d4a29ab97893c932fdab7 - - 941e9478a541400a9dea1998c30101af 941e9478a541400a9dea1998c30101af] 199.204.45.109 "GET /v2.0/networks/1f12cdb6-701e-456a-bc95-24e92231b5e9?fields=segments HTTP/1.1" status: 200 len: 212 time: 0.1662190
2026-07-21 07:47:52.055 9 INFO neutron.wsgi [req-ae71e3aa-6408-4757-84ce-3f059374bee9 req-7b5178c8-7183-498f-a8d3-9ae9ab87607a 4b73146f55124677af1a0c01b88de78d f7d0320b88554d43b6eccce89c3827b6 - - default default] 10.0.0.29 "GET /v2.0/ports?device_id=0f098ad6-f2c2-4d8f-95d4-4428c1049995 HTTP/1.1" status: 200 len: 1156 time: 0.0493379
2026-07-21 07:47:52.059 9 INFO neutron.wsgi [req-7b2185b4-b333-402b-8e65-ddfaef05cb50 req-3310c484-5879-44da-8d71-3ea476436ecd 743665242b6447ee9095b3d2a733f3de 2ced595c353241ae934769be6523ef88 - - default default] 10.0.0.29 "GET /v2.0/ports?device_id=155e1064-6896-437c-8155-d6dec46cb8d6 HTTP/1.1" status: 200 len: 1172 time: 0.0655167
2026-07-21 07:47:52.128 9 INFO neutron.wsgi [req-ae71e3aa-6408-4757-84ce-3f059374bee9 req-cbf20b1e-93b1-4f5b-b024-f042d4a6e931 4b73146f55124677af1a0c01b88de78d f7d0320b88554d43b6eccce89c3827b6 - - default default] 10.0.0.29 "GET /v2.0/security-groups?id=846548c3-3086-44e4-ae33-aa5650e53100&fields=id&fields=name HTTP/1.1" status: 200 len: 313 time: 0.0666442
2026-07-21 07:47:52.132 9 INFO neutron.wsgi [req-7b2185b4-b333-402b-8e65-ddfaef05cb50 req-57ca6cb6-e3c9-45b9-b61b-d7535cc0e493 743665242b6447ee9095b3d2a733f3de 2ced595c353241ae934769be6523ef88 - - default default] 10.0.0.29 "GET /v2.0/security-groups?id=9b42d216-334a-4afb-9067-9a36c469fa21&fields=id&fields=name HTTP/1.1" status: 200 len: 286 time: 0.0650668
2026-07-21 07:47:52.249 10 INFO neutron.wsgi [None req-b936447c-b22e-4c3f-874a-5ca6824c992e 768e1b9b6a604ec393685d9a3a436238 8379eebea03b466889f77b9c84b92998 - - default default] 10.0.0.158 "DELETE /v2.0/ports/e183ce09-c576-48b5-a7e8-e0b9e8fb9ae8 HTTP/1.1" status: 204 len: 168 time: 1.1569445
2026-07-21 07:47:52.299 10 INFO neutron.wsgi [req-6a1eedcc-c03e-4595-b904-fcd92dbb0bb0 req-0dcef118-facd-4c88-a991-a8ef7ab2361a f1708b344cf944ceb4b45a23543aa568 5fbacf0cf08d4a29ab97893c932fdab7 - - 941e9478a541400a9dea1998c30101af 941e9478a541400a9dea1998c30101af] 199.204.45.109 "GET /v2.0/networks/1f12cdb6-701e-456a-bc95-24e92231b5e9?fields=provider%3Aphysical_network&fields=provider%3Anetwork_type HTTP/1.1" status: 200 len: 277 time: 0.3494813
2026-07-21 07:47:52.409 10 INFO neutron.wsgi [req-a654d0fd-4083-407c-84fb-c5086ad5d665 req-3bb28c47-1471-422b-b01e-7f14872444f3 f1708b344cf944ceb4b45a23543aa568 5fbacf0cf08d4a29ab97893c932fdab7 - - 941e9478a541400a9dea1998c30101af 941e9478a541400a9dea1998c30101af] 199.204.45.109 "GET /v2.0/ports?tenant_id=2ced595c353241ae934769be6523ef88&device_id=155e1064-6896-437c-8155-d6dec46cb8d6 HTTP/1.1" status: 200 len: 1411 time: 0.0689881
2026-07-21 07:47:52.515 10 INFO neutron.db.ovn_revision_numbers_db [None req-d3c04a6b-074d-4de0-876a-630dfd84367c - - - - - -] Successfully bumped revision number for resource f44c5dc6-043e-4eb2-a36c-c0c05e2d7cc4 (type: ports) to 2
2026-07-21 07:47:52.543 10 INFO neutron.wsgi [req-a654d0fd-4083-407c-84fb-c5086ad5d665 req-343e0464-c345-42d9-949e-bd249757431f f1708b344cf944ceb4b45a23543aa568 5fbacf0cf08d4a29ab97893c932fdab7 - - 941e9478a541400a9dea1998c30101af 941e9478a541400a9dea1998c30101af] 199.204.45.109 "GET /v2.0/networks?id=1f12cdb6-701e-456a-bc95-24e92231b5e9 HTTP/1.1" status: 200 len: 969 time: 0.1242092
2026-07-21 07:47:52.584 10 INFO neutron.wsgi [req-a654d0fd-4083-407c-84fb-c5086ad5d665 req-61d7cc1e-1878-4f07-8592-959c01267c04 f1708b344cf944ceb4b45a23543aa568 5fbacf0cf08d4a29ab97893c932fdab7 - - 941e9478a541400a9dea1998c30101af 941e9478a541400a9dea1998c30101af] 199.204.45.109 "GET /v2.0/floatingips?fixed_ip_address=10.100.0.14&port_id=db117bab-4cc6-4773-b5a3-bc59e71d73e6 HTTP/1.1" status: 200 len: 217 time: 0.0335727
2026-07-21 07:47:52.597 9 INFO neutron.wsgi [None req-24dccea3-d55d-4b78-85e0-c73648681300 768e1b9b6a604ec393685d9a3a436238 8379eebea03b466889f77b9c84b92998 - - default default] 10.0.0.158 "GET /v2.0/ports?device_id=75473a6d-4f59-4044-8fcd-075ed53c6aa4 HTTP/1.1" status: 200 len: 1140 time: 0.3416536
2026-07-21 07:47:52.598 10 INFO neutron.db.ovn_revision_numbers_db [None req-9a7bc7a7-8e58-4f31-9213-24392d36372a - - - - - -] Successfully bumped revision number for resource 07836add-0632-4dbf-a6e4-3bbce622cb28 (type: ports) to 2
2026-07-21 07:47:52.669 10 INFO neutron.wsgi [req-a654d0fd-4083-407c-84fb-c5086ad5d665 req-df1df228-7ec4-4388-998f-b54134e8b056 f1708b344cf944ceb4b45a23543aa568 5fbacf0cf08d4a29ab97893c932fdab7 - - 941e9478a541400a9dea1998c30101af 941e9478a541400a9dea1998c30101af] 199.204.45.109 "GET /v2.0/subnets?id=572782b5-c7f8-40e6-a2ec-78d5788357b7 HTTP/1.1" status: 200 len: 864 time: 0.0804915
2026-07-21 07:47:52.712 10 INFO neutron.wsgi [req-a654d0fd-4083-407c-84fb-c5086ad5d665 req-7cf9e812-4236-4322-b9b1-da2abcd669d6 f1708b344cf944ceb4b45a23543aa568 5fbacf0cf08d4a29ab97893c932fdab7 - - 941e9478a541400a9dea1998c30101af 941e9478a541400a9dea1998c30101af] 199.204.45.109 "GET /v2.0/ports?network_id=1f12cdb6-701e-456a-bc95-24e92231b5e9&device_owner=network%3Adhcp HTTP/1.1" status: 200 len: 210 time: 0.0333889
2026-07-21 07:47:52.794 10 INFO neutron.db.ovn_revision_numbers_db [None req-9a7bc7a7-8e58-4f31-9213-24392d36372a - - - - - -] Successfully bumped revision number for resource 07836add-0632-4dbf-a6e4-3bbce622cb28 (type: router_ports) to 2
2026-07-21 07:47:52.868 10 INFO neutron.wsgi [req-a654d0fd-4083-407c-84fb-c5086ad5d665 req-29a1fc12-d982-42c6-b06a-dd6a1a5d9e3e f1708b344cf944ceb4b45a23543aa568 5fbacf0cf08d4a29ab97893c932fdab7 - - 941e9478a541400a9dea1998c30101af 941e9478a541400a9dea1998c30101af] 199.204.45.109 "GET /v2.0/networks/1f12cdb6-701e-456a-bc95-24e92231b5e9?fields=segments HTTP/1.1" status: 200 len: 212 time: 0.1362407 /var/lib/openstack/lib/python3.10/site-packages/pycadf/identifier.py:71: UserWarning: Invalid uuid: neutron. To ensure interoperability, identifiers should be a valid uuid. warnings.warn(('Invalid uuid: %s. To ensure interoperability, '
2026-07-21 07:47:52.999 10 INFO neutron.wsgi [req-a654d0fd-4083-407c-84fb-c5086ad5d665 req-4c4f7b90-6da0-48bd-8191-d1ea46bcb77a f1708b344cf944ceb4b45a23543aa568 5fbacf0cf08d4a29ab97893c932fdab7 - - 941e9478a541400a9dea1998c30101af 941e9478a541400a9dea1998c30101af] 199.204.45.109 "GET /v2.0/networks/1f12cdb6-701e-456a-bc95-24e92231b5e9?fields=provider%3Aphysical_network&fields=provider%3Anetwork_type HTTP/1.1" status: 200 len: 277 time: 0.1251285
2026-07-21 07:47:53.057 10 INFO neutron.db.ovn_revision_numbers_db [req-66c045d2-6280-44c1-a9f3-97a6bbb1a08c req-83ee2907-adde-43a3-8be8-3710c7e4ba27 f1708b344cf944ceb4b45a23543aa568 5fbacf0cf08d4a29ab97893c932fdab7 - - 941e9478a541400a9dea1998c30101af 941e9478a541400a9dea1998c30101af] Successfully bumped revision number for resource f2a1bd4f-c992-457d-8246-e26be4347bfd (type: ports) to 2
2026-07-21 07:47:53.060 10 INFO neutron.db.ovn_revision_numbers_db [None req-d3c04a6b-074d-4de0-876a-630dfd84367c - - - - - -] Successfully bumped revision number for resource f44c5dc6-043e-4eb2-a36c-c0c05e2d7cc4 (type: ports) to 4
2026-07-21 07:47:53.151 9 INFO neutron.wsgi [None req-5fac398d-8edd-4ca3-91e9-8ff42c065d0c 392083e5b101457e8f890e1524eef317 cd995afa4ffd4531a858f1c201a6e449 - - default default] 10.0.0.158 "PUT /v2.0/routers/81374a73-7ed5-4965-b04a-ae4ac59ed5b7/add_router_interface HTTP/1.1" status: 200 len: 503 time: 3.0493343
2026-07-21 07:47:53.280 9 INFO neutron.wsgi [req-efaf9314-9739-46a3-906c-9c3c61723c44 req-d966ed82-0def-494a-a4fb-d85c0fd42eca 4b73146f55124677af1a0c01b88de78d f7d0320b88554d43b6eccce89c3827b6 - - default default] 10.0.0.29 "GET /v2.0/ports?device_id=0f098ad6-f2c2-4d8f-95d4-4428c1049995 HTTP/1.1" status: 200 len: 1168 time: 0.0823803
2026-07-21 07:47:53.353 9 INFO neutron.wsgi [req-1614fec8-8427-4319-816c-e524eab944ca req-4b61f666-3607-4de9-80d0-9b2a7445e831 743665242b6447ee9095b3d2a733f3de 2ced595c353241ae934769be6523ef88 - - default default] 10.0.0.29 "GET /v2.0/ports?device_id=155e1064-6896-437c-8155-d6dec46cb8d6 HTTP/1.1" status: 200 len: 1172 time: 0.1577632
2026-07-21 07:47:53.363 9 INFO neutron.wsgi [req-efaf9314-9739-46a3-906c-9c3c61723c44 req-be7e555c-4c96-4b35-be2f-c96fc7c923a1 4b73146f55124677af1a0c01b88de78d f7d0320b88554d43b6eccce89c3827b6 - - default default] 10.0.0.29 "GET /v2.0/security-groups?id=846548c3-3086-44e4-ae33-aa5650e53100&fields=id&fields=name HTTP/1.1" status: 200 len: 313 time: 0.0742121
2026-07-21 07:47:53.367 10 INFO neutron.db.ovn_revision_numbers_db [None req-d3c04a6b-074d-4de0-876a-630dfd84367c - - - - - -] Successfully bumped revision number for resource f44c5dc6-043e-4eb2-a36c-c0c05e2d7cc4 (type: router_ports) to 4
2026-07-21 07:47:53.369 10 INFO neutron.db.ovn_revision_numbers_db [req-66c045d2-6280-44c1-a9f3-97a6bbb1a08c req-83ee2907-adde-43a3-8be8-3710c7e4ba27 f1708b344cf944ceb4b45a23543aa568 5fbacf0cf08d4a29ab97893c932fdab7 - - 941e9478a541400a9dea1998c30101af 941e9478a541400a9dea1998c30101af] Successfully bumped revision number for resource f2a1bd4f-c992-457d-8246-e26be4347bfd (type: ports) to 2
2026-07-21 07:47:53.399 10 INFO neutron.wsgi [req-66c045d2-6280-44c1-a9f3-97a6bbb1a08c req-83ee2907-adde-43a3-8be8-3710c7e4ba27 f1708b344cf944ceb4b45a23543aa568 5fbacf0cf08d4a29ab97893c932fdab7 - - 941e9478a541400a9dea1998c30101af 941e9478a541400a9dea1998c30101af] 199.204.45.109 "PUT /v2.0/ports/f2a1bd4f-c992-457d-8246-e26be4347bfd HTTP/1.1" status: 200 len: 1376 time: 1.4679210
2026-07-21 07:47:53.412 9 INFO neutron.wsgi [req-1614fec8-8427-4319-816c-e524eab944ca req-60ddb7b8-a0d0-45ce-8442-7bffa91e631b 743665242b6447ee9095b3d2a733f3de 2ced595c353241ae934769be6523ef88 - - default default] 10.0.0.29 "GET /v2.0/security-groups?id=9b42d216-334a-4afb-9067-9a36c469fa21&fields=id&fields=name HTTP/1.1" status: 200 len: 286 time: 0.0483515 /var/lib/openstack/lib/python3.10/site-packages/pycadf/identifier.py:71: UserWarning: Invalid uuid: neutron. To ensure interoperability, identifiers should be a valid uuid. warnings.warn(('Invalid uuid: %s. To ensure interoperability, '
2026-07-21 07:47:53.493 10 INFO neutron.wsgi [req-66c045d2-6280-44c1-a9f3-97a6bbb1a08c req-91f87d07-9f1b-4431-bea0-9250fea8a47e f1708b344cf944ceb4b45a23543aa568 5fbacf0cf08d4a29ab97893c932fdab7 - - 941e9478a541400a9dea1998c30101af 941e9478a541400a9dea1998c30101af] 199.204.45.109 "GET /v2.0/ports?tenant_id=f7d0320b88554d43b6eccce89c3827b6&device_id=0f098ad6-f2c2-4d8f-95d4-4428c1049995 HTTP/1.1" status: 200 len: 1407 time: 0.0468497
2026-07-21 07:47:53.520 10 INFO neutron.notifiers.nova [-] Nova event matching ['req-2e4b0616-e6f0-4da9-b680-dd36d38264d4'] response: {'name': 'network-changed', 'server_uuid': '0f098ad6-f2c2-4d8f-95d4-4428c1049995', 'tag': 'f2a1bd4f-c992-457d-8246-e26be4347bfd', 'status': 'completed', 'code': 200}
2026-07-21 07:47:53.522 10 INFO neutron.wsgi [req-66c045d2-6280-44c1-a9f3-97a6bbb1a08c req-96e23d8e-b168-4381-8b06-2805a744ebf1 f1708b344cf944ceb4b45a23543aa568 5fbacf0cf08d4a29ab97893c932fdab7 - - 941e9478a541400a9dea1998c30101af 941e9478a541400a9dea1998c30101af] 199.204.45.109 "GET /v2.0/floatingips?fixed_ip_address=10.100.0.9&port_id=f2a1bd4f-c992-457d-8246-e26be4347bfd HTTP/1.1" status: 200 len: 217 time: 0.0249546
2026-07-21 07:47:53.560 10 INFO neutron.wsgi [req-66c045d2-6280-44c1-a9f3-97a6bbb1a08c req-dbea986c-0677-4c9d-b3ac-9f7e9860872c f1708b344cf944ceb4b45a23543aa568 5fbacf0cf08d4a29ab97893c932fdab7 - - 941e9478a541400a9dea1998c30101af 941e9478a541400a9dea1998c30101af] 199.204.45.109 "GET /v2.0/subnets?id=ec03c79a-86bc-4ee4-afbb-6f31c5392995 HTTP/1.1" status: 200 len: 869 time: 0.0335662
2026-07-21 07:47:53.583 10 INFO neutron.wsgi [req-66c045d2-6280-44c1-a9f3-97a6bbb1a08c req-c47c7e2f-7092-44c1-aa41-c3a295d42bfe f1708b344cf944ceb4b45a23543aa568 5fbacf0cf08d4a29ab97893c932fdab7 - - 941e9478a541400a9dea1998c30101af 941e9478a541400a9dea1998c30101af] 199.204.45.109 "GET /v2.0/ports?network_id=ceefd6a3-de98-4812-8a7d-1f11ce357b99&device_owner=network%3Adhcp HTTP/1.1" status: 200 len: 210 time: 0.0176828
2026-07-21 07:47:53.643 10 INFO neutron.wsgi [req-66c045d2-6280-44c1-a9f3-97a6bbb1a08c req-be8cd67f-a2b6-4684-aaf4-9bbe585ccb18 f1708b344cf944ceb4b45a23543aa568 5fbacf0cf08d4a29ab97893c932fdab7 - - 941e9478a541400a9dea1998c30101af 941e9478a541400a9dea1998c30101af] 199.204.45.109 "GET /v2.0/networks/ceefd6a3-de98-4812-8a7d-1f11ce357b99?fields=segments HTTP/1.1" status: 200 len: 212 time: 0.0534139
2026-07-21 07:47:53.710 10 INFO neutron.wsgi [req-66c045d2-6280-44c1-a9f3-97a6bbb1a08c req-3047a8bd-82db-44ca-b0cd-51749da3350e f1708b344cf944ceb4b45a23543aa568 5fbacf0cf08d4a29ab97893c932fdab7 - - 941e9478a541400a9dea1998c30101af 941e9478a541400a9dea1998c30101af] 199.204.45.109 "GET /v2.0/networks/ceefd6a3-de98-4812-8a7d-1f11ce357b99?fields=provider%3Aphysical_network&fields=provider%3Anetwork_type HTTP/1.1" status: 200 len: 277 time: 0.0599482
2026-07-21 07:47:53.766 9 INFO neutron.wsgi [None req-ae4a0e0d-95bd-439d-87e9-0d76876f3b4a 768e1b9b6a604ec393685d9a3a436238 8379eebea03b466889f77b9c84b92998 - - default default] 10.0.0.158 "PUT /v2.0/routers/75473a6d-4f59-4044-8fcd-075ed53c6aa4/remove_router_interface HTTP/1.1" status: 200 len: 503 time: 1.1592073 /var/lib/openstack/lib/python3.10/site-packages/pycadf/identifier.py:71: UserWarning: Invalid uuid: neutron. To ensure interoperability, identifiers should be a valid uuid. warnings.warn(('Invalid uuid: %s. To ensure interoperability, '
2026-07-21 07:47:53.801 10 INFO neutron.wsgi [req-354e97dd-e51d-427e-a8f8-5a284671fb29 req-220ffa00-1742-486d-93f8-2d9ae1244d54 f1708b344cf944ceb4b45a23543aa568 5fbacf0cf08d4a29ab97893c932fdab7 - - 941e9478a541400a9dea1998c30101af 941e9478a541400a9dea1998c30101af] 199.204.45.109 "GET /v2.0/ports?tenant_id=f7d0320b88554d43b6eccce89c3827b6&device_id=0f098ad6-f2c2-4d8f-95d4-4428c1049995 HTTP/1.1" status: 200 len: 1407 time: 0.0524387
2026-07-21 07:47:53.875 10 INFO neutron.wsgi [req-354e97dd-e51d-427e-a8f8-5a284671fb29 req-f79c3709-bd7c-44f0-b3b3-663eb40c43d5 f1708b344cf944ceb4b45a23543aa568 5fbacf0cf08d4a29ab97893c932fdab7 - - 941e9478a541400a9dea1998c30101af 941e9478a541400a9dea1998c30101af] 199.204.45.109 "GET /v2.0/networks?id=ceefd6a3-de98-4812-8a7d-1f11ce357b99 HTTP/1.1" status: 200 len: 974 time: 0.0683689
2026-07-21 07:47:53.916 10 INFO neutron.wsgi [req-354e97dd-e51d-427e-a8f8-5a284671fb29 req-cd5530a1-2422-4023-ba16-a8bb47c6ff98 f1708b344cf944ceb4b45a23543aa568 5fbacf0cf08d4a29ab97893c932fdab7 - - 941e9478a541400a9dea1998c30101af 941e9478a541400a9dea1998c30101af] 199.204.45.109 "GET /v2.0/floatingips?fixed_ip_address=10.100.0.9&port_id=f2a1bd4f-c992-457d-8246-e26be4347bfd HTTP/1.1" status: 200 len: 217 time: 0.0333755
2026-07-21 07:47:53.992 10 INFO neutron.wsgi [req-354e97dd-e51d-427e-a8f8-5a284671fb29 req-25ae31d4-d174-4d6b-ba7e-77ae091f6585 f1708b344cf944ceb4b45a23543aa568 5fbacf0cf08d4a29ab97893c932fdab7 - - 941e9478a541400a9dea1998c30101af 941e9478a541400a9dea1998c30101af] 199.204.45.109 "GET /v2.0/subnets?id=ec03c79a-86bc-4ee4-afbb-6f31c5392995 HTTP/1.1" status: 200 len: 869 time: 0.0697501
2026-07-21 07:47:54.032 10 INFO neutron.wsgi [req-354e97dd-e51d-427e-a8f8-5a284671fb29 req-399758cb-9008-4e02-b2a0-69823c05f415 f1708b344cf944ceb4b45a23543aa568 5fbacf0cf08d4a29ab97893c932fdab7 - - 941e9478a541400a9dea1998c30101af 941e9478a541400a9dea1998c30101af] 199.204.45.109 "GET /v2.0/ports?network_id=ceefd6a3-de98-4812-8a7d-1f11ce357b99&device_owner=network%3Adhcp HTTP/1.1" status: 200 len: 210 time: 0.0324092
2026-07-21 07:47:54.138 10 INFO neutron.wsgi [req-354e97dd-e51d-427e-a8f8-5a284671fb29 req-dcc1ef04-23fc-4a89-ba3e-dad6d25f78a3 f1708b344cf944ceb4b45a23543aa568 5fbacf0cf08d4a29ab97893c932fdab7 - - 941e9478a541400a9dea1998c30101af 941e9478a541400a9dea1998c30101af] 199.204.45.109 "GET /v2.0/networks/ceefd6a3-de98-4812-8a7d-1f11ce357b99?fields=segments HTTP/1.1" status: 200 len: 212 time: 0.0951955
2026-07-21 07:47:54.210 10 INFO neutron.wsgi [req-354e97dd-e51d-427e-a8f8-5a284671fb29 req-222840e0-7ca4-4139-91ec-c5140f412ef7 f1708b344cf944ceb4b45a23543aa568 5fbacf0cf08d4a29ab97893c932fdab7 - - 941e9478a541400a9dea1998c30101af 941e9478a541400a9dea1998c30101af] 199.204.45.109 "GET /v2.0/networks/ceefd6a3-de98-4812-8a7d-1f11ce357b99?fields=provider%3Aphysical_network&fields=provider%3Anetwork_type HTTP/1.1" status: 200 len: 277 time: 0.0693448
2026-07-21 07:47:54.559 9 INFO neutron.db.ovn_revision_numbers_db [None req-37d050cb-78bb-429f-ad99-e31f266599a7 392083e5b101457e8f890e1524eef317 cd995afa4ffd4531a858f1c201a6e449 - - default default] Successfully bumped revision number for resource 2bb83563-2210-4b46-87b5-869a51893900 (type: security_groups) to 1
2026-07-21 07:47:54.568 9 INFO neutron.wsgi [req-20184ed2-d8a1-4bee-8b20-19345fc5aa43 req-28533529-9cc1-4f3f-bf62-5953a207c120 743665242b6447ee9095b3d2a733f3de 2ced595c353241ae934769be6523ef88 - - default default] 10.0.0.29 "GET /v2.0/ports?device_id=155e1064-6896-437c-8155-d6dec46cb8d6 HTTP/1.1" status: 200 len: 1172 time: 0.0647840
2026-07-21 07:47:54.595 9 INFO neutron.wsgi [req-7585e5d9-733b-45ce-8c16-690a9423dfd3 req-2448cb7f-0806-49db-bbce-6512e7eda85e 4b73146f55124677af1a0c01b88de78d f7d0320b88554d43b6eccce89c3827b6 - - default default] 10.0.0.29 "GET /v2.0/ports?device_id=0f098ad6-f2c2-4d8f-95d4-4428c1049995 HTTP/1.1" status: 200 len: 1168 time: 0.1593385
2026-07-21 07:47:54.618 9 INFO neutron.db.ovn_revision_numbers_db [None req-37d050cb-78bb-429f-ad99-e31f266599a7 392083e5b101457e8f890e1524eef317 cd995afa4ffd4531a858f1c201a6e449 - - default default] Successfully bumped revision number for resource 1e980989-44a2-427b-ba42-ff9885a3486f (type: security_group_rules) to 0
2026-07-21 07:47:54.665 9 INFO neutron.wsgi [req-20184ed2-d8a1-4bee-8b20-19345fc5aa43 req-4f68f287-3a5b-4e09-89f5-2d93786694f7 743665242b6447ee9095b3d2a733f3de 2ced595c353241ae934769be6523ef88 - - default default] 10.0.0.29 "GET /v2.0/security-groups?id=9b42d216-334a-4afb-9067-9a36c469fa21&fields=id&fields=name HTTP/1.1" status: 200 len: 286 time: 0.0898814
2026-07-21 07:47:54.665 9 INFO neutron.db.ovn_revision_numbers_db [None req-37d050cb-78bb-429f-ad99-e31f266599a7 392083e5b101457e8f890e1524eef317 cd995afa4ffd4531a858f1c201a6e449 - - default default] Successfully bumped revision number for resource 953a4cef-1cad-4939-a199-67e63be53977 (type: security_group_rules) to 0
2026-07-21 07:47:54.918 9 INFO neutron.wsgi [req-7585e5d9-733b-45ce-8c16-690a9423dfd3 req-260a836d-2994-4af5-a0ee-9ec3923e7156 4b73146f55124677af1a0c01b88de78d f7d0320b88554d43b6eccce89c3827b6 - - default default] 10.0.0.29 "GET /v2.0/security-groups?id=846548c3-3086-44e4-ae33-aa5650e53100&fields=id&fields=name HTTP/1.1" status: 200 len: 313 time: 0.3174834
2026-07-21 07:47:54.921 9 INFO neutron.db.ovn_revision_numbers_db [None req-37d050cb-78bb-429f-ad99-e31f266599a7 392083e5b101457e8f890e1524eef317 cd995afa4ffd4531a858f1c201a6e449 - - default default] Successfully bumped revision number for resource d7aad027-f1e5-4cf8-9ea0-fe2dcef19991 (type: security_group_rules) to 0
2026-07-21 07:47:54.958 9 INFO neutron.db.ovn_revision_numbers_db [None req-37d050cb-78bb-429f-ad99-e31f266599a7 392083e5b101457e8f890e1524eef317 cd995afa4ffd4531a858f1c201a6e449 - - default default] Successfully bumped revision number for resource e28bbf70-714d-4603-987c-c02ef5737519 (type: security_group_rules) to 0
2026-07-21 07:47:55.022 9 INFO neutron.db.segments_db [None req-37d050cb-78bb-429f-ad99-e31f266599a7 392083e5b101457e8f890e1524eef317 cd995afa4ffd4531a858f1c201a6e449 - - default default] Added segment db63271b-9c82-4108-8ab1-d844c8cfaf55 of type geneve for network e58bfa2d-b1b6-4a85-94ee-966148187bf9
2026-07-21 07:47:55.082 9 INFO neutron.wsgi [None req-b5cf31da-2f98-4590-8575-fb91a941e8f7 768e1b9b6a604ec393685d9a3a436238 8379eebea03b466889f77b9c84b92998 - - default default] 10.0.0.158 "DELETE /v2.0/routers/75473a6d-4f59-4044-8fcd-075ed53c6aa4 HTTP/1.1" status: 204 len: 168 time: 1.3112848
2026-07-21 07:47:55.176 9 INFO neutron.db.ovn_revision_numbers_db [None req-37d050cb-78bb-429f-ad99-e31f266599a7 392083e5b101457e8f890e1524eef317 cd995afa4ffd4531a858f1c201a6e449 - - default default] Successfully bumped revision number for resource e58bfa2d-b1b6-4a85-94ee-966148187bf9 (type: networks) to 1
2026-07-21 07:47:55.260 10 INFO neutron.wsgi [None req-74a3ecc6-9cdc-4e5b-8da0-c19d954770b7 768e1b9b6a604ec393685d9a3a436238 8379eebea03b466889f77b9c84b92998 - - default default] 10.0.0.158 "DELETE /v2.0/subnets/7e06f6d3-707b-4bfa-aa28-1f1a4eee7c4a HTTP/1.1" status: 204 len: 168 time: 0.1715331
2026-07-21 07:47:55.350 9 WARNING neutron.scheduler.dhcp_agent_scheduler [None req-37d050cb-78bb-429f-ad99-e31f266599a7 392083e5b101457e8f890e1524eef317 cd995afa4ffd4531a858f1c201a6e449 - - default default] No more DHCP agents
2026-07-21 07:47:55.353 9 WARNING neutron.api.rpc.agentnotifiers.dhcp_rpc_agent_api [None req-37d050cb-78bb-429f-ad99-e31f266599a7 392083e5b101457e8f890e1524eef317 cd995afa4ffd4531a858f1c201a6e449 - - default default] Unable to schedule network e58bfa2d-b1b6-4a85-94ee-966148187bf9: no agents available; will retry on subsequent port and subnet creation events.
2026-07-21 07:47:55.440 9 INFO neutron.db.ovn_revision_numbers_db [None req-37d050cb-78bb-429f-ad99-e31f266599a7 392083e5b101457e8f890e1524eef317 cd995afa4ffd4531a858f1c201a6e449 - - default default] Successfully bumped revision number for resource c8ce4969-90ea-4109-b183-7717f8383c18 (type: ports) to 1
2026-07-21 07:47:55.463 9 INFO neutron.wsgi [None req-37d050cb-78bb-429f-ad99-e31f266599a7 392083e5b101457e8f890e1524eef317 cd995afa4ffd4531a858f1c201a6e449 - - default default] 10.0.0.158 "POST /v2.0/networks HTTP/1.1" status: 201 len: 942 time: 1.2081220
2026-07-21 07:47:55.632 9 WARNING neutron.scheduler.dhcp_agent_scheduler [None req-b3ece208-375f-419a-8d5f-b14942386404 392083e5b101457e8f890e1524eef317 cd995afa4ffd4531a858f1c201a6e449 - - default default] No more DHCP agents
2026-07-21 07:47:55.637 9 WARNING neutron.api.rpc.agentnotifiers.dhcp_rpc_agent_api [None req-b3ece208-375f-419a-8d5f-b14942386404 392083e5b101457e8f890e1524eef317 cd995afa4ffd4531a858f1c201a6e449 - - default default] Unable to schedule network e58bfa2d-b1b6-4a85-94ee-966148187bf9: no agents available; will retry on subsequent port and subnet creation events.
2026-07-21 07:47:55.637 10 INFO neutron.services.segments.plugin [-] Segment 6aae5c61-7dbe-4b8c-b911-43071039b6f2 resource provider aggregate not found
2026-07-21 07:47:55.652 10 INFO neutron.services.segments.plugin [-] Segment 6aae5c61-7dbe-4b8c-b911-43071039b6f2 resource provider aggregate not found
2026-07-21 07:47:55.666 10 INFO neutron.services.segments.plugin [-] Segment 6aae5c61-7dbe-4b8c-b911-43071039b6f2 resource provider not found; error: Placement Client Error (4xx): {"errors": [{"status": 404, "title": "Not Found", "detail": "The resource could not be found.\n\n No resource provider with uuid 6aae5c61-7dbe-4b8c-b911-43071039b6f2 found for delete ", "request_id": "req-e0345a55-8037-4351-a036-7306c40bde33"}]}
2026-07-21 07:47:55.670 10 INFO neutron.services.segments.plugin [-] Segment 6aae5c61-7dbe-4b8c-b911-43071039b6f2 resource provider not found; error: Placement Client Error (4xx): {"errors": [{"status": 404, "title": "Not Found", "detail": "The resource could not be found.\n\n No resource provider with uuid 6aae5c61-7dbe-4b8c-b911-43071039b6f2 found for delete ", "request_id": "req-fbdd18c4-a29b-4f86-9be0-c50b2b3190ff"}]}
2026-07-21 07:47:55.691 10 INFO neutron.wsgi [None req-14be00f0-f194-4192-a100-2a7fc9a21afb 768e1b9b6a604ec393685d9a3a436238 8379eebea03b466889f77b9c84b92998 - - default default] 10.0.0.158 "DELETE /v2.0/networks/f6cd2c08-190e-42c2-bb85-00948b72beaf HTTP/1.1" status: 204 len: 168 time: 0.4267690
2026-07-21 07:47:55.788 9 INFO neutron.wsgi [req-e21e9e13-eb1d-4faf-b615-5754fddf09a7 req-d429ecfe-fff6-4da5-a9c3-18d37acc0506 743665242b6447ee9095b3d2a733f3de 2ced595c353241ae934769be6523ef88 - - default default] 10.0.0.29 "GET /v2.0/ports?device_id=155e1064-6896-437c-8155-d6dec46cb8d6 HTTP/1.1" status: 200 len: 1172 time: 0.0598347
2026-07-21 07:47:55.837 9 INFO neutron.wsgi [req-e21e9e13-eb1d-4faf-b615-5754fddf09a7 req-27bc7011-99ce-4b6d-a8fa-8d44032854fc 743665242b6447ee9095b3d2a733f3de 2ced595c353241ae934769be6523ef88 - - default default] 10.0.0.29 "GET /v2.0/security-groups?id=9b42d216-334a-4afb-9067-9a36c469fa21&fields=id&fields=name HTTP/1.1" status: 200 len: 286 time: 0.0421975
2026-07-21 07:47:56.034 9 INFO neutron.wsgi [req-44869b1f-9a07-4364-a575-4f2fe2eb86a5 req-5fcff647-cbd9-4b59-b241-08daf2c0ae10 4b73146f55124677af1a0c01b88de78d f7d0320b88554d43b6eccce89c3827b6 - - default default] 10.0.0.29 "GET /v2.0/ports?device_id=0f098ad6-f2c2-4d8f-95d4-4428c1049995 HTTP/1.1" status: 200 len: 1168 time: 0.0459003
2026-07-21 07:47:56.098 9 INFO neutron.wsgi [req-44869b1f-9a07-4364-a575-4f2fe2eb86a5 req-0f690181-285e-4791-b647-7ddbab6b30fc 4b73146f55124677af1a0c01b88de78d f7d0320b88554d43b6eccce89c3827b6 - - default default] 10.0.0.29 "GET /v2.0/security-groups?id=846548c3-3086-44e4-ae33-aa5650e53100&fields=id&fields=name HTTP/1.1" status: 200 len: 313 time: 0.0558476
2026-07-21 07:47:56.221 9 INFO neutron.db.ovn_revision_numbers_db [None req-b3ece208-375f-419a-8d5f-b14942386404 392083e5b101457e8f890e1524eef317 cd995afa4ffd4531a858f1c201a6e449 - - default default] Successfully bumped revision number for resource c8ce4969-90ea-4109-b183-7717f8383c18 (type: ports) to 2
2026-07-21 07:47:56.266 9 INFO neutron.db.ovn_revision_numbers_db [None req-b3ece208-375f-419a-8d5f-b14942386404 392083e5b101457e8f890e1524eef317 cd995afa4ffd4531a858f1c201a6e449 - - default default] Successfully bumped revision number for resource 333b5ecd-76e7-48fa-b01a-1a3364754e6d (type: subnets) to 0
2026-07-21 07:47:56.281 9 INFO neutron.wsgi [None req-b3ece208-375f-419a-8d5f-b14942386404 392083e5b101457e8f890e1524eef317 cd995afa4ffd4531a858f1c201a6e449 - - default default] 10.0.0.158 "POST /v2.0/subnets HTTP/1.1" status: 201 len: 862 time: 0.8125629
2026-07-21 07:47:56.428 9 INFO neutron.wsgi [None req-c537d729-bc95-4ed0-98ea-e833d89efcdc 392083e5b101457e8f890e1524eef317 cd995afa4ffd4531a858f1c201a6e449 - - default default] 10.0.0.158 "GET /v2.0/security-groups?tenant_id=8379eebea03b466889f77b9c84b92998&name=default HTTP/1.1" status: 200 len: 2996 time: 0.1834283
2026-07-21 07:47:56.617 9 WARNING neutron.plugins.ml2.drivers.ovn.mech_driver.ovsdb.ovn_client [None req-edcfc3cf-e4fd-463d-9ac2-f673b9c71150 - - - - - -] No hosting information found for port 5ec0fe5b-3788-4f0e-bc86-c72132fe1d53: RuntimeError: No hosting information found for port 5ec0fe5b-3788-4f0e-bc86-c72132fe1d53
2026-07-21 07:47:56.642 10 INFO neutron.wsgi [None req-63e918bb-ebfa-4f76-8b59-c464cc10ad3a 392083e5b101457e8f890e1524eef317 cd995afa4ffd4531a858f1c201a6e449 - - default default] 10.0.0.158 "DELETE /v2.0/security-groups/38b08b4b-3ea0-45b8-88de-6628c807f9ca HTTP/1.1" status: 204 len: 168 time: 0.2091389
2026-07-21 07:47:56.670 9 INFO neutron.plugins.ml2.drivers.ovn.mech_driver.mech_driver [None req-edcfc3cf-e4fd-463d-9ac2-f673b9c71150 - - - - - -] OVN reports status up for port: f44c5dc6-043e-4eb2-a36c-c0c05e2d7cc4
2026-07-21 07:47:56.698 9 INFO neutron.plugins.ml2.plugin [None req-edcfc3cf-e4fd-463d-9ac2-f673b9c71150 - - - - - -] Attempt 1 to provision port f44c5dc6-043e-4eb2-a36c-c0c05e2d7cc4
2026-07-21 07:47:56.752 9 WARNING neutron.scheduler.dhcp_agent_scheduler [None req-4aaf8800-58ef-48ed-ae9e-a2abbb4e60fe 392083e5b101457e8f890e1524eef317 cd995afa4ffd4531a858f1c201a6e449 - - default default] No more DHCP agents
2026-07-21 07:47:56.760 9 WARNING neutron.api.rpc.agentnotifiers.dhcp_rpc_agent_api [None req-4aaf8800-58ef-48ed-ae9e-a2abbb4e60fe 392083e5b101457e8f890e1524eef317 cd995afa4ffd4531a858f1c201a6e449 - - default default] Unable to schedule network aff44d3b-7972-44ba-8030-c8f4900b0d1a: no agents available; will retry on subsequent port and subnet creation events. /var/lib/openstack/lib/python3.10/site-packages/pycadf/identifier.py:71: UserWarning: Invalid uuid: neutron. To ensure interoperability, identifiers should be a valid uuid. warnings.warn(('Invalid uuid: %s. To ensure interoperability, '
2026-07-21 07:47:56.972 9 INFO neutron.db.ovn_revision_numbers_db [None req-4aaf8800-58ef-48ed-ae9e-a2abbb4e60fe 392083e5b101457e8f890e1524eef317 cd995afa4ffd4531a858f1c201a6e449 - - default default] Successfully bumped revision number for resource f82d5c1e-f297-46ea-85cb-6d279d424290 (type: ports) to 1
2026-07-21 07:47:56.979 9 INFO neutron.wsgi [req-2c3b9db8-a7ce-4f88-aa11-49845e9f45dc req-c16e4fcf-5ce1-4933-9286-847edd40aec4 743665242b6447ee9095b3d2a733f3de 2ced595c353241ae934769be6523ef88 - - default default] 10.0.0.29 "GET /v2.0/ports?device_id=155e1064-6896-437c-8155-d6dec46cb8d6 HTTP/1.1" status: 200 len: 1172 time: 0.0522375
2026-07-21 07:47:57.069 9 INFO neutron.wsgi [req-2c3b9db8-a7ce-4f88-aa11-49845e9f45dc req-ba266517-b08f-42bb-b937-b45bb8548e9b 743665242b6447ee9095b3d2a733f3de 2ced595c353241ae934769be6523ef88 - - default default] 10.0.0.29 "GET /v2.0/security-groups?id=9b42d216-334a-4afb-9067-9a36c469fa21&fields=id&fields=name HTTP/1.1" status: 200 len: 286 time: 0.0651088
2026-07-21 07:47:57.206 9 INFO neutron.wsgi [req-7326cdf4-ed85-40cc-862a-66bb925dee6f req-4e0920e3-b7f5-44ae-9f19-526571920fe0 4b73146f55124677af1a0c01b88de78d f7d0320b88554d43b6eccce89c3827b6 - - default default] 10.0.0.29 "GET /v2.0/ports?device_id=0f098ad6-f2c2-4d8f-95d4-4428c1049995 HTTP/1.1" status: 200 len: 1168 time: 0.0437880
