2026-07-21 07:46:57.252 9 INFO neutron.db.ovn_revision_numbers_db [None req-a59e6bf8-5516-4678-95e8-310b5dac1044 ead96bf4df19470ba36d106b69c3b306 8ddb3f5e4785400fac334c442be5ca26 - - default default] Successfully bumped revision number for resource 8fcf65ac-ea10-4a49-9cea-778551186581 (type: ports) to 1
2026-07-21 07:46:57.284 9 INFO neutron.wsgi [None req-a59e6bf8-5516-4678-95e8-310b5dac1044 ead96bf4df19470ba36d106b69c3b306 8ddb3f5e4785400fac334c442be5ca26 - - default default] 10.0.0.158 "POST /v2.0/networks HTTP/1.1" status: 201 len: 846 time: 0.4822536
2026-07-21 07:46:57.320 10 WARNING neutron_lib.context [None req-10138d61-8832-42f1-8317-fe36f7728b9a 07eb5747c0e140719624c70af48e4bad 4c7cabb78c5c455abd2a8b12951cbc7c - - default default] Method 'is_advsvc' is deprecated since 2023.2 release (neutron-lib 3.8.0) and will be removed once support for the old RBAC API policies will be removed from Neutron. Please use method 'is_service_role' instead.
2026-07-21 07:46:57.416 9 INFO neutron.wsgi [req-064d6326-6f7c-4d07-beb0-cc52153fcec0 req-99ba4e67-9397-4ed8-bf29-0e7e64a3aa99 8c072dc2d94d43d39da88156770ccb2b b8e182786a374e84ab16c904db512139 - - default default] 10.0.0.29 "GET /v2.0/security-groups?name=tempest-securitygroup--1361521794&fields=id&tenant_id=b8e182786a374e84ab16c904db512139 HTTP/1.1" status: 200 len: 267 time: 0.0526664
2026-07-21 07:46:57.431 10 INFO neutron.db.ovn_revision_numbers_db [None req-10138d61-8832-42f1-8317-fe36f7728b9a 07eb5747c0e140719624c70af48e4bad 4c7cabb78c5c455abd2a8b12951cbc7c - - default default] Successfully bumped revision number for resource d913f4c7-706e-4e9e-b071-04857b5bdeaf (type: security_groups) to 1
2026-07-21 07:46:57.445 10 INFO neutron.db.ovn_revision_numbers_db [None req-10138d61-8832-42f1-8317-fe36f7728b9a 07eb5747c0e140719624c70af48e4bad 4c7cabb78c5c455abd2a8b12951cbc7c - - default default] Successfully bumped revision number for resource 5b748402-0818-471f-bb60-fc6cf3a678d6 (type: security_group_rules) to 0
2026-07-21 07:46:57.459 10 INFO neutron.db.ovn_revision_numbers_db [None req-10138d61-8832-42f1-8317-fe36f7728b9a 07eb5747c0e140719624c70af48e4bad 4c7cabb78c5c455abd2a8b12951cbc7c - - default default] Successfully bumped revision number for resource 87538186-6773-4dd9-a225-d5fbdb113186 (type: security_group_rules) to 0
2026-07-21 07:46:57.478 10 INFO neutron.wsgi [None req-10138d61-8832-42f1-8317-fe36f7728b9a 07eb5747c0e140719624c70af48e4bad 4c7cabb78c5c455abd2a8b12951cbc7c - - default default] 10.0.0.158 "POST /v2.0/security-groups HTTP/1.1" status: 201 len: 1797 time: 0.1628203
2026-07-21 07:46:57.489 10 WARNING neutron_lib.context [None req-6104091d-4d53-4b02-9a2c-ce078701e989 07eb5747c0e140719624c70af48e4bad 4c7cabb78c5c455abd2a8b12951cbc7c - - default default] Method 'is_advsvc' is deprecated since 2023.2 release (neutron-lib 3.8.0) and will be removed once support for the old RBAC API policies will be removed from Neutron. Please use method 'is_service_role' instead.
2026-07-21 07:46:57.612 10 INFO neutron.db.ovn_revision_numbers_db [None req-6104091d-4d53-4b02-9a2c-ce078701e989 07eb5747c0e140719624c70af48e4bad 4c7cabb78c5c455abd2a8b12951cbc7c - - default default] Successfully bumped revision number for resource c54f2bcf-b175-4045-b087-7582cb855e34 (type: security_group_rules) to 0
2026-07-21 07:46:57.637 10 INFO neutron.wsgi [None req-6104091d-4d53-4b02-9a2c-ce078701e989 07eb5747c0e140719624c70af48e4bad 4c7cabb78c5c455abd2a8b12951cbc7c - - default default] 10.0.0.158 "POST /v2.0/security-group-rules HTTP/1.1" status: 201 len: 764 time: 0.1513269
2026-07-21 07:46:57.645 10 WARNING neutron_lib.context [None req-e6e3d4df-e38f-4f72-a340-58f019e5a4bc 07eb5747c0e140719624c70af48e4bad 4c7cabb78c5c455abd2a8b12951cbc7c - - default default] Method 'is_advsvc' is deprecated since 2023.2 release (neutron-lib 3.8.0) and will be removed once support for the old RBAC API policies will be removed from Neutron. Please use method 'is_service_role' instead.
2026-07-21 07:46:57.667 9 INFO neutron.wsgi [req-064d6326-6f7c-4d07-beb0-cc52153fcec0 req-2ebe4c23-33f6-44fa-a1f5-7fd2a3918747 8c072dc2d94d43d39da88156770ccb2b b8e182786a374e84ab16c904db512139 - - default default] 10.0.0.29 "GET /v2.0/networks?id=956708fa-b3ec-49ac-aa2d-4544fa0d695c HTTP/1.1" status: 200 len: 868 time: 0.2455103
2026-07-21 07:46:57.672 9 INFO neutron.db.ovn_revision_numbers_db [None req-fa9410fe-c644-485e-a00c-f901f830a356 ead96bf4df19470ba36d106b69c3b306 8ddb3f5e4785400fac334c442be5ca26 - - default default] Successfully bumped revision number for resource ca3e1e22-85c8-4647-8e78-3547408dcccb (type: networks) to 2
2026-07-21 07:46:57.675 9 INFO neutron.wsgi [None req-fa9410fe-c644-485e-a00c-f901f830a356 ead96bf4df19470ba36d106b69c3b306 8ddb3f5e4785400fac334c442be5ca26 - - default default] 10.0.0.158 "PUT /v2.0/networks/ca3e1e22-85c8-4647-8e78-3547408dcccb HTTP/1.1" status: 200 len: 792 time: 0.3857777
2026-07-21 07:46:57.684 9 WARNING neutron_lib.context [None req-adaf3050-dd76-44d7-ad19-cbe7e0566224 ead96bf4df19470ba36d106b69c3b306 8ddb3f5e4785400fac334c442be5ca26 - - default default] Method 'is_advsvc' is deprecated since 2023.2 release (neutron-lib 3.8.0) and will be removed once support for the old RBAC API policies will be removed from Neutron. Please use method 'is_service_role' instead.
2026-07-21 07:46:57.695 9 INFO neutron.wsgi [req-064d6326-6f7c-4d07-beb0-cc52153fcec0 req-b5b8f8e5-5b66-4996-8df8-11a62c00bd8a 8c072dc2d94d43d39da88156770ccb2b b8e182786a374e84ab16c904db512139 - - default default] 10.0.0.29 "GET /v2.0/quotas/b8e182786a374e84ab16c904db512139 HTTP/1.1" status: 200 len: 386 time: 0.0195038
2026-07-21 07:46:57.753 10 INFO neutron.db.ovn_revision_numbers_db [None req-e6e3d4df-e38f-4f72-a340-58f019e5a4bc 07eb5747c0e140719624c70af48e4bad 4c7cabb78c5c455abd2a8b12951cbc7c - - default default] Successfully bumped revision number for resource 53df17dc-1677-4c53-81e5-072fdf06cfd0 (type: security_group_rules) to 0
2026-07-21 07:46:57.776 10 INFO neutron.wsgi [None req-e6e3d4df-e38f-4f72-a340-58f019e5a4bc 07eb5747c0e140719624c70af48e4bad 4c7cabb78c5c455abd2a8b12951cbc7c - - default default] 10.0.0.158 "POST /v2.0/security-group-rules HTTP/1.1" status: 201 len: 769 time: 0.1347711
2026-07-21 07:46:57.788 10 WARNING neutron_lib.context [None req-8807f814-a56d-4a8d-9d69-ed05f13b7981 07eb5747c0e140719624c70af48e4bad 4c7cabb78c5c455abd2a8b12951cbc7c - - default default] Method 'is_advsvc' is deprecated since 2023.2 release (neutron-lib 3.8.0) and will be removed once support for the old RBAC API policies will be removed from Neutron. Please use method 'is_service_role' instead.
2026-07-21 07:46:57.791 9 INFO neutron.wsgi [req-064d6326-6f7c-4d07-beb0-cc52153fcec0 req-143d869f-adb2-4da6-9c06-cf709ac53039 8c072dc2d94d43d39da88156770ccb2b b8e182786a374e84ab16c904db512139 - - default default] 10.0.0.29 "GET /v2.0/ports?tenant_id=b8e182786a374e84ab16c904db512139&fields=id HTTP/1.1" status: 200 len: 302 time: 0.0846357
2026-07-21 07:46:57.890 9 INFO neutron.wsgi [req-064d6326-6f7c-4d07-beb0-cc52153fcec0 req-a77d6657-a67e-4a2c-815f-df114236693e f1708b344cf944ceb4b45a23543aa568 5fbacf0cf08d4a29ab97893c932fdab7 - - 941e9478a541400a9dea1998c30101af 941e9478a541400a9dea1998c30101af] 10.0.0.29 "GET /v2.0/networks/956708fa-b3ec-49ac-aa2d-4544fa0d695c?fields=segments HTTP/1.1" status: 200 len: 212 time: 0.0848029
2026-07-21 07:46:57.993 9 INFO neutron.wsgi [req-064d6326-6f7c-4d07-beb0-cc52153fcec0 req-2c4f9b4b-e95d-4360-bd08-c6b093c390b3 f1708b344cf944ceb4b45a23543aa568 5fbacf0cf08d4a29ab97893c932fdab7 - - 941e9478a541400a9dea1998c30101af 941e9478a541400a9dea1998c30101af] 10.0.0.29 "GET /v2.0/networks/956708fa-b3ec-49ac-aa2d-4544fa0d695c?fields=provider%3Aphysical_network&fields=provider%3Anetwork_type HTTP/1.1" status: 200 len: 277 time: 0.0971622
2026-07-21 07:46:57.994 9 WARNING neutron.scheduler.dhcp_agent_scheduler [None req-adaf3050-dd76-44d7-ad19-cbe7e0566224 ead96bf4df19470ba36d106b69c3b306 8ddb3f5e4785400fac334c442be5ca26 - - default default] No more DHCP agents
2026-07-21 07:46:57.996 9 WARNING neutron.api.rpc.agentnotifiers.dhcp_rpc_agent_api [None req-adaf3050-dd76-44d7-ad19-cbe7e0566224 ead96bf4df19470ba36d106b69c3b306 8ddb3f5e4785400fac334c442be5ca26 - - default default] Unable to schedule network ca3e1e22-85c8-4647-8e78-3547408dcccb: no agents available; will retry on subsequent port and subnet creation events.
2026-07-21 07:46:58.027 9 INFO neutron.db.ovn_revision_numbers_db [None req-adaf3050-dd76-44d7-ad19-cbe7e0566224 ead96bf4df19470ba36d106b69c3b306 8ddb3f5e4785400fac334c442be5ca26 - - default default] Successfully bumped revision number for resource 0f1e94da-9274-4e61-b0b1-ad74b629ad25 (type: subnets) to 0
2026-07-21 07:46:58.040 9 INFO neutron.wsgi [None req-adaf3050-dd76-44d7-ad19-cbe7e0566224 ead96bf4df19470ba36d106b69c3b306 8ddb3f5e4785400fac334c442be5ca26 - - default default] 10.0.0.158 "POST /v2.0/subnets HTTP/1.1" status: 201 len: 821 time: 0.3597133
2026-07-21 07:46:58.050 10 WARNING neutron.scheduler.dhcp_agent_scheduler [None req-8807f814-a56d-4a8d-9d69-ed05f13b7981 07eb5747c0e140719624c70af48e4bad 4c7cabb78c5c455abd2a8b12951cbc7c - - default default] No more DHCP agents
2026-07-21 07:46:58.052 10 WARNING neutron.api.rpc.agentnotifiers.dhcp_rpc_agent_api [None req-8807f814-a56d-4a8d-9d69-ed05f13b7981 07eb5747c0e140719624c70af48e4bad 4c7cabb78c5c455abd2a8b12951cbc7c - - default default] Unable to schedule network aff44d3b-7972-44ba-8030-c8f4900b0d1a: no agents available; will retry on subsequent port and subnet creation events.
2026-07-21 07:46:58.083 9 WARNING neutron.plugins.ml2.drivers.ovn.mech_driver.ovsdb.ovn_client [None req-edcfc3cf-e4fd-463d-9ac2-f673b9c71150 - - - - - -] No hosting information found for port f97654f9-5c76-4bba-aca8-026962bec783: RuntimeError: No hosting information found for port f97654f9-5c76-4bba-aca8-026962bec783
2026-07-21 07:46:58.167 9 INFO neutron.wsgi [req-cc46eb36-3c73-4636-8b19-7903a5801e3c req-8e3f8a05-7c6d-40da-a3c5-73171b2bd465 8c072dc2d94d43d39da88156770ccb2b b8e182786a374e84ab16c904db512139 - - default default] 10.0.0.29 "GET /v2.0/ports?device_id=271db2e0-d11b-4a0a-b78d-924e709b5ba7 HTTP/1.1" status: 200 len: 210 time: 0.0315442
2026-07-21 07:46:58.379 10 INFO neutron.db.ovn_revision_numbers_db [None req-8807f814-a56d-4a8d-9d69-ed05f13b7981 07eb5747c0e140719624c70af48e4bad 4c7cabb78c5c455abd2a8b12951cbc7c - - default default] Successfully bumped revision number for resource ecb37a9c-ebf1-41c2-a351-d280641e28cd (type: floatingips) to 0
2026-07-21 07:46:58.392 10 INFO neutron.wsgi [None req-8807f814-a56d-4a8d-9d69-ed05f13b7981 07eb5747c0e140719624c70af48e4bad 4c7cabb78c5c455abd2a8b12951cbc7c - - default default] 10.0.0.158 "POST /v2.0/floatingips HTTP/1.1" status: 201 len: 751 time: 0.6112673
2026-07-21 07:46:58.790 9 INFO neutron.db.ovn_revision_numbers_db [None req-5ce49a2c-7469-4846-952d-d636d1e314bc ead96bf4df19470ba36d106b69c3b306 8ddb3f5e4785400fac334c442be5ca26 - - default default] Successfully bumped revision number for resource 8fcf65ac-ea10-4a49-9cea-778551186581 (type: ports) to 2
2026-07-21 07:46:58.832 9 INFO neutron.db.ovn_revision_numbers_db [None req-5ce49a2c-7469-4846-952d-d636d1e314bc ead96bf4df19470ba36d106b69c3b306 8ddb3f5e4785400fac334c442be5ca26 - - default default] Successfully bumped revision number for resource 0f1e94da-9274-4e61-b0b1-ad74b629ad25 (type: subnets) to 1
2026-07-21 07:46:58.836 9 INFO neutron.wsgi [None req-5ce49a2c-7469-4846-952d-d636d1e314bc ead96bf4df19470ba36d106b69c3b306 8ddb3f5e4785400fac334c442be5ca26 - - default default] 10.0.0.158 "PUT /v2.0/subnets/0f1e94da-9274-4e61-b0b1-ad74b629ad25 HTTP/1.1" status: 200 len: 826 time: 0.7909782
2026-07-21 07:46:58.987 10 INFO neutron.wsgi [req-064d6326-6f7c-4d07-beb0-cc52153fcec0 req-7cc86cd7-7e90-473a-b376-53b7a7b1a2da 8c072dc2d94d43d39da88156770ccb2b b8e182786a374e84ab16c904db512139 - - default default] 199.204.45.109 "GET /v2.0/networks?id=956708fa-b3ec-49ac-aa2d-4544fa0d695c HTTP/1.1" status: 200 len: 868 time: 0.0840118
2026-07-21 07:46:59.034 10 INFO neutron.wsgi [req-064d6326-6f7c-4d07-beb0-cc52153fcec0 req-e4535387-0eda-4275-8822-f4d64821b0cf 8c072dc2d94d43d39da88156770ccb2b b8e182786a374e84ab16c904db512139 - - default default] 199.204.45.109 "GET /v2.0/security-groups?fields=id&fields=name&tenant_id=b8e182786a374e84ab16c904db512139 HTTP/1.1" status: 200 len: 380 time: 0.0393350
2026-07-21 07:46:59.048 10 WARNING neutron_lib.context [req-064d6326-6f7c-4d07-beb0-cc52153fcec0 req-f605eb6c-9a09-485d-8d4a-8766fc164875 8c072dc2d94d43d39da88156770ccb2b b8e182786a374e84ab16c904db512139 - - default default] Method 'is_advsvc' is deprecated since 2023.2 release (neutron-lib 3.8.0) and will be removed once support for the old RBAC API policies will be removed from Neutron. Please use method 'is_service_role' instead.
2026-07-21 07:46:59.274 9 INFO neutron.wsgi [req-3baecc3d-b764-4d52-9659-cffac3113ca9 req-ca6d5969-a1f4-495e-b8b4-b6bf368088fc 8c072dc2d94d43d39da88156770ccb2b b8e182786a374e84ab16c904db512139 - - default default] 10.0.0.29 "GET /v2.0/ports?device_id=271db2e0-d11b-4a0a-b78d-924e709b5ba7 HTTP/1.1" status: 200 len: 210 time: 0.0297234
2026-07-21 07:46:59.376 9 INFO neutron.wsgi [req-0e0d025d-144f-47ff-988f-8abbd22f32b6 req-571f9a8f-1b54-4287-8067-c70bd5dec324 f1708b344cf944ceb4b45a23543aa568 5fbacf0cf08d4a29ab97893c932fdab7 - - 941e9478a541400a9dea1998c30101af 941e9478a541400a9dea1998c30101af] 10.0.0.4 "GET /v2.0/ports?device_id=69977c3d-80f1-42b5-a2a0-1b78ee02ab21 HTTP/1.1" status: 200 len: 1409 time: 0.1975536
2026-07-21 07:46:59.427 10 WARNING neutron.scheduler.dhcp_agent_scheduler [req-064d6326-6f7c-4d07-beb0-cc52153fcec0 req-f605eb6c-9a09-485d-8d4a-8766fc164875 8c072dc2d94d43d39da88156770ccb2b b8e182786a374e84ab16c904db512139 - - default default] No more DHCP agents
2026-07-21 07:46:59.430 10 WARNING neutron.api.rpc.agentnotifiers.dhcp_rpc_agent_api [req-064d6326-6f7c-4d07-beb0-cc52153fcec0 req-f605eb6c-9a09-485d-8d4a-8766fc164875 8c072dc2d94d43d39da88156770ccb2b b8e182786a374e84ab16c904db512139 - - default default] Unable to schedule network 956708fa-b3ec-49ac-aa2d-4544fa0d695c: no agents available; will retry on subsequent port and subnet creation events.
2026-07-21 07:46:59.433 9 INFO neutron.wsgi [req-0e0d025d-144f-47ff-988f-8abbd22f32b6 req-441a437e-cc8f-42b4-b821-3771568364bb f1708b344cf944ceb4b45a23543aa568 5fbacf0cf08d4a29ab97893c932fdab7 - - 941e9478a541400a9dea1998c30101af 941e9478a541400a9dea1998c30101af] 10.0.0.4 "GET /v2.0/security-groups?id=d31d6950-c19d-4f78-9ee3-688e2bc8b9c4&fields=id&fields=name HTTP/1.1" status: 200 len: 313 time: 0.0510814
2026-07-21 07:46:59.442 9 INFO neutron.services.segments.plugin [-] Segment 56347ac9-aa5d-4db0-b011-c551fa19af38 resource provider aggregate not found
2026-07-21 07:46:59.448 9 INFO neutron.services.segments.plugin [-] Segment 56347ac9-aa5d-4db0-b011-c551fa19af38 resource provider aggregate not found
2026-07-21 07:46:59.459 9 INFO neutron.services.segments.plugin [-] Segment 56347ac9-aa5d-4db0-b011-c551fa19af38 resource provider not found; error: Placement Client Error (4xx): {"errors": [{"status": 404, "title": "Not Found", "detail": "The resource could not be found.\n\n No resource provider with uuid 56347ac9-aa5d-4db0-b011-c551fa19af38 found for delete ", "request_id": "req-39701871-940f-47d4-8f72-6db9d49ba63e"}]}
2026-07-21 07:46:59.465 9 INFO neutron.services.segments.plugin [-] Segment 56347ac9-aa5d-4db0-b011-c551fa19af38 resource provider not found; error: Placement Client Error (4xx): {"errors": [{"status": 404, "title": "Not Found", "detail": "The resource could not be found.\n\n No resource provider with uuid 56347ac9-aa5d-4db0-b011-c551fa19af38 found for delete ", "request_id": "req-483a077a-115a-4145-a3bd-2d3ff1877e57"}]}
2026-07-21 07:46:59.496 9 INFO neutron.wsgi [None req-93dd0ee1-216b-4169-9326-58f774deec75 ead96bf4df19470ba36d106b69c3b306 8ddb3f5e4785400fac334c442be5ca26 - - default default] 10.0.0.158 "DELETE /v2.0/networks/ca3e1e22-85c8-4647-8e78-3547408dcccb HTTP/1.1" status: 204 len: 168 time: 0.6523445
2026-07-21 07:46:59.515 9 INFO neutron.pecan_wsgi.hooks.translation [None req-4d91ca8e-cfab-4b89-baa4-4744585a85ed ead96bf4df19470ba36d106b69c3b306 8ddb3f5e4785400fac334c442be5ca26 - - default default] DELETE failed (client error): The resource could not be found.
2026-07-21 07:46:59.517 9 INFO neutron.wsgi [None req-4d91ca8e-cfab-4b89-baa4-4744585a85ed ead96bf4df19470ba36d106b69c3b306 8ddb3f5e4785400fac334c442be5ca26 - - default default] 10.0.0.158 "DELETE /v2.0/networks/ca3e1e22-85c8-4647-8e78-3547408dcccb HTTP/1.1" status: 404 len: 339 time: 0.0136597
2026-07-21 07:46:59.624 10 INFO neutron.db.ovn_revision_numbers_db [req-064d6326-6f7c-4d07-beb0-cc52153fcec0 req-f605eb6c-9a09-485d-8d4a-8766fc164875 8c072dc2d94d43d39da88156770ccb2b b8e182786a374e84ab16c904db512139 - - default default] Successfully bumped revision number for resource 24743710-0906-4109-8c8c-1584e705a604 (type: ports) to 1
2026-07-21 07:46:59.628 9 INFO neutron.wsgi [None req-b69f0ffc-105a-4db0-bd52-ac7253b4ca6b ead96bf4df19470ba36d106b69c3b306 8ddb3f5e4785400fac334c442be5ca26 - - default default] 10.0.0.158 "GET /v2.0/networks?router%3Aexternal=True HTTP/1.1" status: 200 len: 845 time: 0.1052589
2026-07-21 07:46:59.651 10 INFO neutron.wsgi [req-064d6326-6f7c-4d07-beb0-cc52153fcec0 req-f605eb6c-9a09-485d-8d4a-8766fc164875 8c072dc2d94d43d39da88156770ccb2b b8e182786a374e84ab16c904db512139 - - default default] 199.204.45.109 "POST /v2.0/ports HTTP/1.1" status: 201 len: 1158 time: 0.6117136 /var/lib/openstack/lib/python3.10/site-packages/pycadf/identifier.py:71: UserWarning: Invalid uuid: neutron. To ensure interoperability, identifiers should be a valid uuid. warnings.warn(('Invalid uuid: %s. To ensure interoperability, '
2026-07-21 07:46:59.672 9 INFO neutron.wsgi [None req-0a742920-cc47-4966-8b84-862740100414 ead96bf4df19470ba36d106b69c3b306 8ddb3f5e4785400fac334c442be5ca26 - - default default] 10.0.0.158 "GET /v2.0/subnets?network_id=aff44d3b-7972-44ba-8030-c8f4900b0d1a HTTP/1.1" status: 200 len: 820 time: 0.0396419
2026-07-21 07:46:59.688 9 INFO neutron.wsgi [None req-755ab2d1-53c2-41b0-9ac2-8cf6593dbc8e ead96bf4df19470ba36d106b69c3b306 8ddb3f5e4785400fac334c442be5ca26 - - default default] 10.0.0.158 "GET /v2.0/extensions HTTP/1.1" status: 200 len: 16975 time: 0.0064847
2026-07-21 07:46:59.792 9 INFO neutron.wsgi [None req-dcf7df02-159b-4af3-8fba-3e7b45902d59 ead96bf4df19470ba36d106b69c3b306 8ddb3f5e4785400fac334c442be5ca26 - - default default] 10.0.0.158 "GET /v2.0/networks HTTP/1.1" status: 200 len: 1507 time: 0.0965929
2026-07-21 07:46:59.833 9 INFO neutron.wsgi [None req-d581bdd5-50aa-468b-800d-2b334c0eb477 ead96bf4df19470ba36d106b69c3b306 8ddb3f5e4785400fac334c442be5ca26 - - default default] 10.0.0.158 "GET /v2.0/subnets HTTP/1.1" status: 200 len: 1460 time: 0.0363183
2026-07-21 07:46:59.918 10 INFO neutron.wsgi [None req-8d2244b9-953f-4b15-9e98-201daf6c1cea ead96bf4df19470ba36d106b69c3b306 8ddb3f5e4785400fac334c442be5ca26 - - default default] 10.0.0.158 "GET /v2.0/networks/37698985-3867-4253-8fcc-bdbae92bdbc1 HTTP/1.1" status: 200 len: 866 time: 0.0767593
2026-07-21 07:46:59.970 9 INFO neutron.wsgi [None req-b1d289c7-1fc3-42b6-988e-4e27a4b11db7 ead96bf4df19470ba36d106b69c3b306 8ddb3f5e4785400fac334c442be5ca26 - - default default] 10.0.0.158 "GET /v2.0/subnets/ba8c30a6-6d92-4861-96f9-7f02b4253705 HTTP/1.1" status: 200 len: 843 time: 0.0429642
2026-07-21 07:46:59.993 9 INFO neutron.pecan_wsgi.hooks.translation [None req-b9d9245c-c704-4437-8893-74438ab3b017 ead96bf4df19470ba36d106b69c3b306 8ddb3f5e4785400fac334c442be5ca26 - - default default] DELETE failed (client error): The resource could not be found.
2026-07-21 07:46:59.995 9 INFO neutron.wsgi [None req-b9d9245c-c704-4437-8893-74438ab3b017 ead96bf4df19470ba36d106b69c3b306 8ddb3f5e4785400fac334c442be5ca26 - - default default] 10.0.0.158 "DELETE /v2.0/subnets/0f1e94da-9274-4e61-b0b1-ad74b629ad25 HTTP/1.1" status: 404 len: 337 time: 0.0183468
2026-07-21 07:47:00.012 9 INFO neutron.pecan_wsgi.hooks.translation [None req-e0c4121d-102a-4e43-8a39-53e5f2c36aae ead96bf4df19470ba36d106b69c3b306 8ddb3f5e4785400fac334c442be5ca26 - - default default] DELETE failed (client error): The resource could not be found.
2026-07-21 07:47:00.014 9 INFO neutron.wsgi [None req-e0c4121d-102a-4e43-8a39-53e5f2c36aae ead96bf4df19470ba36d106b69c3b306 8ddb3f5e4785400fac334c442be5ca26 - - default default] 10.0.0.158 "DELETE /v2.0/networks/ca3e1e22-85c8-4647-8e78-3547408dcccb HTTP/1.1" status: 404 len: 339 time: 0.0149462
2026-07-21 07:47:00.156 10 INFO neutron.db.ovn_revision_numbers_db [req-064d6326-6f7c-4d07-beb0-cc52153fcec0 req-e2cf46f1-be5b-4a43-8e43-513729ad2920 f1708b344cf944ceb4b45a23543aa568 5fbacf0cf08d4a29ab97893c932fdab7 - - 941e9478a541400a9dea1998c30101af 941e9478a541400a9dea1998c30101af] Successfully bumped revision number for resource 24743710-0906-4109-8c8c-1584e705a604 (type: ports) to 2
2026-07-21 07:47:00.235 9 INFO neutron.wsgi [None req-88a5a362-9d3d-4415-a3d7-8da17c2ffc90 ead96bf4df19470ba36d106b69c3b306 8ddb3f5e4785400fac334c442be5ca26 - - default default] 10.0.0.158 "DELETE /v2.0/subnets/ba8c30a6-6d92-4861-96f9-7f02b4253705 HTTP/1.1" status: 204 len: 168 time: 0.2159016
2026-07-21 07:47:00.379 10 INFO neutron.db.ovn_revision_numbers_db [req-064d6326-6f7c-4d07-beb0-cc52153fcec0 req-e2cf46f1-be5b-4a43-8e43-513729ad2920 f1708b344cf944ceb4b45a23543aa568 5fbacf0cf08d4a29ab97893c932fdab7 - - 941e9478a541400a9dea1998c30101af 941e9478a541400a9dea1998c30101af] Successfully bumped revision number for resource 24743710-0906-4109-8c8c-1584e705a604 (type: ports) to 2
2026-07-21 07:47:00.398 10 INFO neutron.wsgi [req-064d6326-6f7c-4d07-beb0-cc52153fcec0 req-e2cf46f1-be5b-4a43-8e43-513729ad2920 f1708b344cf944ceb4b45a23543aa568 5fbacf0cf08d4a29ab97893c932fdab7 - - 941e9478a541400a9dea1998c30101af 941e9478a541400a9dea1998c30101af] 199.204.45.109 "PUT /v2.0/ports/24743710-0906-4109-8c8c-1584e705a604 HTTP/1.1" status: 200 len: 1376 time: 0.7356834
2026-07-21 07:47:00.402 9 INFO neutron.wsgi [req-64205f77-c3a8-44db-912d-aa33545a3fe8 req-c3ead2b2-2769-42fc-8ef0-cd2f76a0d8cb 8c072dc2d94d43d39da88156770ccb2b b8e182786a374e84ab16c904db512139 - - default default] 10.0.0.29 "GET /v2.0/ports?device_id=271db2e0-d11b-4a0a-b78d-924e709b5ba7 HTTP/1.1" status: 200 len: 1168 time: 0.0542495
2026-07-21 07:47:00.443 10 INFO neutron.notifiers.nova [-] Nova event matching ['req-037c6fc9-9bf7-4a30-aebe-c3a5c535a605'] response: {'name': 'network-changed', 'server_uuid': '271db2e0-d11b-4a0a-b78d-924e709b5ba7', 'tag': '24743710-0906-4109-8c8c-1584e705a604', 'status': 'completed', 'code': 200} /var/lib/openstack/lib/python3.10/site-packages/pycadf/identifier.py:71: UserWarning: Invalid uuid: neutron. To ensure interoperability, identifiers should be a valid uuid. warnings.warn(('Invalid uuid: %s. To ensure interoperability, '
2026-07-21 07:47:00.482 10 INFO neutron.wsgi [req-064d6326-6f7c-4d07-beb0-cc52153fcec0 req-be571219-6a2b-4d18-8e60-28efd4e10fca f1708b344cf944ceb4b45a23543aa568 5fbacf0cf08d4a29ab97893c932fdab7 - - 941e9478a541400a9dea1998c30101af 941e9478a541400a9dea1998c30101af] 199.204.45.109 "GET /v2.0/ports?tenant_id=b8e182786a374e84ab16c904db512139&device_id=271db2e0-d11b-4a0a-b78d-924e709b5ba7 HTTP/1.1" status: 200 len: 1407 time: 0.0381505
2026-07-21 07:47:00.510 10 INFO neutron.wsgi [req-064d6326-6f7c-4d07-beb0-cc52153fcec0 req-fd156803-81a6-4fe8-bc32-e30a9d41d2f4 f1708b344cf944ceb4b45a23543aa568 5fbacf0cf08d4a29ab97893c932fdab7 - - 941e9478a541400a9dea1998c30101af 941e9478a541400a9dea1998c30101af] 199.204.45.109 "GET /v2.0/floatingips?fixed_ip_address=10.100.0.4&port_id=24743710-0906-4109-8c8c-1584e705a604 HTTP/1.1" status: 200 len: 217 time: 0.0216854
2026-07-21 07:47:00.561 10 INFO neutron.wsgi [req-064d6326-6f7c-4d07-beb0-cc52153fcec0 req-7b23e3e7-3e8c-426a-80a2-0ad6ab36d604 f1708b344cf944ceb4b45a23543aa568 5fbacf0cf08d4a29ab97893c932fdab7 - - 941e9478a541400a9dea1998c30101af 941e9478a541400a9dea1998c30101af] 199.204.45.109 "GET /v2.0/subnets?id=ce8d7b54-3a94-4f2d-9875-2705743476be HTTP/1.1" status: 200 len: 862 time: 0.0428870
2026-07-21 07:47:00.592 10 INFO neutron.wsgi [req-064d6326-6f7c-4d07-beb0-cc52153fcec0 req-494a7479-9081-4d15-a417-ab506246830c f1708b344cf944ceb4b45a23543aa568 5fbacf0cf08d4a29ab97893c932fdab7 - - 941e9478a541400a9dea1998c30101af 941e9478a541400a9dea1998c30101af] 199.204.45.109 "GET /v2.0/ports?network_id=956708fa-b3ec-49ac-aa2d-4544fa0d695c&device_owner=network%3Adhcp HTTP/1.1" status: 200 len: 210 time: 0.0246458
2026-07-21 07:47:00.633 9 INFO neutron.wsgi [req-64205f77-c3a8-44db-912d-aa33545a3fe8 req-46aa1467-71a7-4e09-a3ea-0ea5ca70c26c 8c072dc2d94d43d39da88156770ccb2b b8e182786a374e84ab16c904db512139 - - default default] 10.0.0.29 "GET /v2.0/security-groups?id=9efaf4cd-d149-43dd-921c-96098ada9806&fields=id&fields=name HTTP/1.1" status: 200 len: 313 time: 0.0419412
2026-07-21 07:47:00.674 10 INFO neutron.wsgi [req-064d6326-6f7c-4d07-beb0-cc52153fcec0 req-531e5cb6-0da0-4d68-8c33-c01cb12f900a f1708b344cf944ceb4b45a23543aa568 5fbacf0cf08d4a29ab97893c932fdab7 - - 941e9478a541400a9dea1998c30101af 941e9478a541400a9dea1998c30101af] 199.204.45.109 "GET /v2.0/networks/956708fa-b3ec-49ac-aa2d-4544fa0d695c?fields=segments HTTP/1.1" status: 200 len: 212 time: 0.0707986
2026-07-21 07:47:00.786 10 INFO neutron.wsgi [req-064d6326-6f7c-4d07-beb0-cc52153fcec0 req-31776f30-b6f2-4b74-ad25-12e8f8fe8add f1708b344cf944ceb4b45a23543aa568 5fbacf0cf08d4a29ab97893c932fdab7 - - 941e9478a541400a9dea1998c30101af 941e9478a541400a9dea1998c30101af] 199.204.45.109 "GET /v2.0/networks/956708fa-b3ec-49ac-aa2d-4544fa0d695c?fields=provider%3Aphysical_network&fields=provider%3Anetwork_type HTTP/1.1" status: 200 len: 277 time: 0.1044579
2026-07-21 07:47:00.822 9 INFO neutron.wsgi [None req-3138e38f-d37d-4c94-9f8a-83c9dab05bac 392083e5b101457e8f890e1524eef317 cd995afa4ffd4531a858f1c201a6e449 - - default default] 10.0.0.28 "GET /v2.0/routers HTTP/1.1" status: 200 len: 2215 time: 0.2314701
2026-07-21 07:47:00.844 9 INFO neutron.wsgi [None req-2cf3a54d-4709-4cb6-a198-d5c21431fb23 392083e5b101457e8f890e1524eef317 cd995afa4ffd4531a858f1c201a6e449 - - default default] 10.0.0.28 "GET /v2.0/agents?binary=ovn-controller HTTP/1.1" status: 200 len: 591 time: 0.0197396
2026-07-21 07:47:00.900 10 INFO neutron.wsgi [req-32c301cc-5b5d-4540-9bc1-4c54fb29f18c req-b1574432-45a2-4ade-b120-c955035585fa f1708b344cf944ceb4b45a23543aa568 5fbacf0cf08d4a29ab97893c932fdab7 - - 941e9478a541400a9dea1998c30101af 941e9478a541400a9dea1998c30101af] 199.204.45.109 "GET /v2.0/ports?tenant_id=b8e182786a374e84ab16c904db512139&device_id=271db2e0-d11b-4a0a-b78d-924e709b5ba7 HTTP/1.1" status: 200 len: 1407 time: 0.0581000
2026-07-21 07:47:00.924 9 INFO neutron.wsgi [None req-880e6264-bdec-4053-8de5-b31fd2ca51e7 392083e5b101457e8f890e1524eef317 cd995afa4ffd4531a858f1c201a6e449 - - default default] 10.0.0.28 "GET /v2.0/floatingips HTTP/1.1" status: 200 len: 2112 time: 0.0767331
2026-07-21 07:47:00.952 9 INFO neutron.wsgi [None req-e96284cc-6ec4-4bfa-b9f5-d73548ca0f8e ead96bf4df19470ba36d106b69c3b306 8ddb3f5e4785400fac334c442be5ca26 - - default default] 10.0.0.158 "DELETE /v2.0/networks/37698985-3867-4253-8fcc-bdbae92bdbc1 HTTP/1.1" status: 204 len: 168 time: 0.7128434
2026-07-21 07:47:00.990 10 INFO neutron.wsgi [req-32c301cc-5b5d-4540-9bc1-4c54fb29f18c req-b36ea87d-0e44-48c9-8b08-d392fe589ef5 f1708b344cf944ceb4b45a23543aa568 5fbacf0cf08d4a29ab97893c932fdab7 - - 941e9478a541400a9dea1998c30101af 941e9478a541400a9dea1998c30101af] 199.204.45.109 "GET /v2.0/networks?id=956708fa-b3ec-49ac-aa2d-4544fa0d695c HTTP/1.1" status: 200 len: 967 time: 0.0807533
2026-07-21 07:47:00.995 9 INFO neutron.plugins.ml2.drivers.ovn.mech_driver.mech_driver [None req-edcfc3cf-e4fd-463d-9ac2-f673b9c71150 - - - - - -] OVN reports status up for port: 24743710-0906-4109-8c8c-1584e705a604
2026-07-21 07:47:01.031 10 INFO neutron.wsgi [req-32c301cc-5b5d-4540-9bc1-4c54fb29f18c req-6e753ae1-abb1-45dc-95ee-47acbe90a2e3 f1708b344cf944ceb4b45a23543aa568 5fbacf0cf08d4a29ab97893c932fdab7 - - 941e9478a541400a9dea1998c30101af 941e9478a541400a9dea1998c30101af] 199.204.45.109 "GET /v2.0/floatingips?fixed_ip_address=10.100.0.4&port_id=24743710-0906-4109-8c8c-1584e705a604 HTTP/1.1" status: 200 len: 217 time: 0.0324252
2026-07-21 07:47:01.032 9 INFO neutron.wsgi [None req-1efacf6f-2ccc-41cc-a22d-9a9c44329a10 392083e5b101457e8f890e1524eef317 cd995afa4ffd4531a858f1c201a6e449 - - default default] 10.0.0.28 "GET /v2.0/networks HTTP/1.1" status: 200 len: 4637 time: 0.1060011
2026-07-21 07:47:01.033 9 INFO neutron.plugins.ml2.plugin [None req-edcfc3cf-e4fd-463d-9ac2-f673b9c71150 - - - - - -] Attempt 1 to provision port 24743710-0906-4109-8c8c-1584e705a604
2026-07-21 07:47:01.087 10 INFO neutron.wsgi [req-32c301cc-5b5d-4540-9bc1-4c54fb29f18c req-927c219c-4cac-4379-ba58-1d5a83ae2a4e f1708b344cf944ceb4b45a23543aa568 5fbacf0cf08d4a29ab97893c932fdab7 - - 941e9478a541400a9dea1998c30101af 941e9478a541400a9dea1998c30101af] 199.204.45.109 "GET /v2.0/subnets?id=ce8d7b54-3a94-4f2d-9875-2705743476be HTTP/1.1" status: 200 len: 862 time: 0.0467143
2026-07-21 07:47:01.091 9 INFO neutron.wsgi [None req-bb5365c6-046d-4a80-b281-463d86b3e157 392083e5b101457e8f890e1524eef317 cd995afa4ffd4531a858f1c201a6e449 - - default default] 10.0.0.28 "GET /v2.0/subnets HTTP/1.1" status: 200 len: 3412 time: 0.0521469
2026-07-21 07:47:01.108 9 INFO neutron.wsgi [None req-69319ffd-83f6-47f7-8ed8-e507490e5edf 392083e5b101457e8f890e1524eef317 cd995afa4ffd4531a858f1c201a6e449 - - default default] 10.0.0.28 "GET /v2.0/agents HTTP/1.1" status: 200 len: 997 time: 0.0146019
2026-07-21 07:47:01.118 10 INFO neutron.wsgi [req-32c301cc-5b5d-4540-9bc1-4c54fb29f18c req-73d93089-ccc5-4c46-894e-22467665f89f f1708b344cf944ceb4b45a23543aa568 5fbacf0cf08d4a29ab97893c932fdab7 - - 941e9478a541400a9dea1998c30101af 941e9478a541400a9dea1998c30101af] 199.204.45.109 "GET /v2.0/ports?network_id=956708fa-b3ec-49ac-aa2d-4544fa0d695c&device_owner=network%3Adhcp HTTP/1.1" status: 200 len: 210 time: 0.0253983
2026-07-21 07:47:01.192 10 INFO neutron.wsgi [req-32c301cc-5b5d-4540-9bc1-4c54fb29f18c req-46dd6c27-c2b5-4e70-8d5e-9528ad6572af f1708b344cf944ceb4b45a23543aa568 5fbacf0cf08d4a29ab97893c932fdab7 - - 941e9478a541400a9dea1998c30101af 941e9478a541400a9dea1998c30101af] 199.204.45.109 "GET /v2.0/networks/956708fa-b3ec-49ac-aa2d-4544fa0d695c?fields=segments HTTP/1.1" status: 200 len: 212 time: 0.0653734
2026-07-21 07:47:01.223 9 INFO neutron.wsgi [None req-63ef7422-0c5a-479c-b314-3ac02a62d95c 392083e5b101457e8f890e1524eef317 cd995afa4ffd4531a858f1c201a6e449 - - default default] 10.0.0.28 "GET /v2.0/security-groups HTTP/1.1" status: 200 len: 36144 time: 0.1064911
2026-07-21 07:47:01.349 9 INFO neutron.wsgi [None req-f3407830-ef53-4bd4-83ee-0e624de52a0d 392083e5b101457e8f890e1524eef317 cd995afa4ffd4531a858f1c201a6e449 - - default default] 10.0.0.28 "GET /v2.0/ports HTTP/1.1" status: 200 len: 20405 time: 0.1104496
2026-07-21 07:47:01.377 9 INFO neutron.wsgi [None req-c12e79c2-dba9-40ec-9fdb-b8bbb6c81cdc 392083e5b101457e8f890e1524eef317 cd995afa4ffd4531a858f1c201a6e449 - - default default] 10.0.0.28 "GET /v2.0/network-ip-availabilities HTTP/1.1" status: 200 len: 2722 time: 0.0168228
2026-07-21 07:47:01.423 9 INFO neutron.wsgi [None req-8805064d-0f46-40d8-90f5-ca388b9a06bf 392083e5b101457e8f890e1524eef317 cd995afa4ffd4531a858f1c201a6e449 - - default default] 10.0.0.28 "GET /v2.0/subnets HTTP/1.1" status: 200 len: 3412 time: 0.0451109
2026-07-21 07:47:01.438 9 INFO neutron.wsgi [None req-1de2939c-3c30-40c8-905a-7fda273d792a 392083e5b101457e8f890e1524eef317 cd995afa4ffd4531a858f1c201a6e449 - - default default] 10.0.0.28 "GET /v2.0/subnetpools HTTP/1.1" status: 200 len: 193 time: 0.0113854
2026-07-21 07:47:01.475 10 INFO neutron.wsgi [req-32c301cc-5b5d-4540-9bc1-4c54fb29f18c req-aafe1923-1140-4a1d-8814-35370501b120 f1708b344cf944ceb4b45a23543aa568 5fbacf0cf08d4a29ab97893c932fdab7 - - 941e9478a541400a9dea1998c30101af 941e9478a541400a9dea1998c30101af] 199.204.45.109 "GET /v2.0/networks/956708fa-b3ec-49ac-aa2d-4544fa0d695c?fields=provider%3Aphysical_network&fields=provider%3Anetwork_type HTTP/1.1" status: 200 len: 277 time: 0.2779708
2026-07-21 07:47:01.482 9 INFO neutron.services.segments.plugin [-] Segment 9cc1f14b-14e9-4bcc-b34f-4690e0bbf3f2 resource provider aggregate not found
2026-07-21 07:47:01.503 9 INFO neutron.services.segments.plugin [-] Segment 9cc1f14b-14e9-4bcc-b34f-4690e0bbf3f2 resource provider aggregate not found
2026-07-21 07:47:01.510 9 INFO neutron.services.segments.plugin [-] Segment 9cc1f14b-14e9-4bcc-b34f-4690e0bbf3f2 resource provider not found; error: Placement Client Error (4xx): {"errors": [{"status": 404, "title": "Not Found", "detail": "The resource could not be found.\n\n No resource provider with uuid 9cc1f14b-14e9-4bcc-b34f-4690e0bbf3f2 found for delete ", "request_id": "req-77edef0b-7fff-4299-9ede-03dce80d9edc"}]}
2026-07-21 07:47:01.533 9 INFO neutron.services.segments.plugin [-] Segment 9cc1f14b-14e9-4bcc-b34f-4690e0bbf3f2 resource provider not found; error: Placement Client Error (4xx): {"errors": [{"status": 404, "title": "Not Found", "detail": "The resource could not be found.\n\n No resource provider with uuid 9cc1f14b-14e9-4bcc-b34f-4690e0bbf3f2 found for delete ", "request_id": "req-d9629db5-ab11-4f9b-9228-032fad2acf05"}]}
2026-07-21 07:47:01.558 9 INFO neutron.db.ovn_revision_numbers_db [None req-edcfc3cf-e4fd-463d-9ac2-f673b9c71150 - - - - - -] Successfully bumped revision number for resource 24743710-0906-4109-8c8c-1584e705a604 (type: ports) to 4
2026-07-21 07:47:01.664 9 INFO neutron.notifiers.nova [-] Nova event matching ['req-1eb1c6c2-a0f5-439e-ac63-6c8ab96155b9'] response: {'server_uuid': '271db2e0-d11b-4a0a-b78d-924e709b5ba7', 'name': 'network-vif-plugged', 'status': 'completed', 'tag': '24743710-0906-4109-8c8c-1584e705a604', 'code': 200}
2026-07-21 07:47:01.673 10 INFO neutron.wsgi [None req-7237255b-251d-4600-86e6-b3df028c5d2c 392083e5b101457e8f890e1524eef317 cd995afa4ffd4531a858f1c201a6e449 - - default default] 10.0.0.158 "GET /v2.0/security-groups?tenant_id=8ddb3f5e4785400fac334c442be5ca26&name=default HTTP/1.1" status: 200 len: 2996 time: 0.1935775 /var/lib/openstack/lib/python3.10/site-packages/pycadf/identifier.py:71: UserWarning: Invalid uuid: neutron. To ensure interoperability, identifiers should be a valid uuid. warnings.warn(('Invalid uuid: %s. To ensure interoperability, '
2026-07-21 07:47:01.693 9 INFO neutron.wsgi [req-b0c0da2a-da17-4e0e-9503-3ee61e3d9913 req-3f27f969-8536-4c0f-ad26-7af433f75537 ef07f98857284cc6bdcec117e6ee70e2 9e90857ce0b24551a62668fdfc68e03e - - default default] 10.0.0.29 "GET /v2.0/ports?device_id=69977c3d-80f1-42b5-a2a0-1b78ee02ab21 HTTP/1.1" status: 200 len: 1170 time: 0.0914009
2026-07-21 07:47:01.702 10 WARNING neutron.plugins.ml2.drivers.ovn.mech_driver.ovsdb.ovn_client [None req-9a7bc7a7-8e58-4f31-9213-24392d36372a - - - - - -] No hosting information found for port 44709df7-7822-4304-96fc-547158d225f2: RuntimeError: No hosting information found for port 44709df7-7822-4304-96fc-547158d225f2
2026-07-21 07:47:01.759 9 INFO neutron.wsgi [req-5f9185c7-ba7c-4db1-add0-05b6d50e163a req-cb806da3-88e4-41ee-88c3-61797499ba44 8c072dc2d94d43d39da88156770ccb2b b8e182786a374e84ab16c904db512139 - - default default] 10.0.0.29 "GET /v2.0/ports?device_id=271db2e0-d11b-4a0a-b78d-924e709b5ba7 HTTP/1.1" status: 200 len: 1170 time: 0.0399356
2026-07-21 07:47:01.815 9 INFO neutron.wsgi [req-71198172-88f6-4052-a9d3-156954905e2d req-57e7a8af-a403-43ec-b1e1-abbd207ccf4a ef07f98857284cc6bdcec117e6ee70e2 9e90857ce0b24551a62668fdfc68e03e - - default default] 10.0.0.29 "GET /v2.0/ports/83e643ee-3ef7-47c0-8c20-28b5197470c4 HTTP/1.1" status: 200 len: 1167 time: 0.0528336
2026-07-21 07:47:01.830 9 INFO neutron.wsgi [req-5f9185c7-ba7c-4db1-add0-05b6d50e163a req-5eb48ff1-9123-4aea-aa76-ecaa7401669f 8c072dc2d94d43d39da88156770ccb2b b8e182786a374e84ab16c904db512139 - - default default] 10.0.0.29 "GET /v2.0/security-groups?id=9efaf4cd-d149-43dd-921c-96098ada9806&fields=id&fields=name HTTP/1.1" status: 200 len: 313 time: 0.0599208
2026-07-21 07:47:01.961 9 INFO neutron.wsgi [None req-bf1da64f-69c9-4ff8-941f-0146a0936afc 392083e5b101457e8f890e1524eef317 cd995afa4ffd4531a858f1c201a6e449 - - default default] 10.0.0.158 "DELETE /v2.0/security-groups/13a0a1cd-81ff-4200-ba14-79782ee61c34 HTTP/1.1" status: 204 len: 168 time: 0.2832460
2026-07-21 07:47:02.078 10 INFO neutron.wsgi [req-73fe419e-3c5c-44e1-a621-ae4338d2a3ff req-60625cc8-50a1-4c45-ac20-85b01c48590f ef07f98857284cc6bdcec117e6ee70e2 9e90857ce0b24551a62668fdfc68e03e - - default default] 199.204.45.109 "GET /v2.0/subnets?network_id=dbb2732e-bbc0-4dac-91a1-0d9f3c7916c6 HTTP/1.1" status: 200 len: 858 time: 0.0783994
2026-07-21 07:47:02.202 10 INFO neutron.wsgi [req-73fe419e-3c5c-44e1-a621-ae4338d2a3ff req-c70d1991-b3e6-42ed-b2ff-d8065c70e240 ef07f98857284cc6bdcec117e6ee70e2 9e90857ce0b24551a62668fdfc68e03e - - default default] 199.204.45.109 "GET /v2.0/ports?device_id=69977c3d-80f1-42b5-a2a0-1b78ee02ab21&device_owner=compute%3Anova&network_id=dbb2732e-bbc0-4dac-91a1-0d9f3c7916c6 HTTP/1.1" status: 200 len: 1170 time: 0.1202881
2026-07-21 07:47:02.749 10 INFO neutron.db.ovn_revision_numbers_db [req-73fe419e-3c5c-44e1-a621-ae4338d2a3ff req-5d106536-e789-42d6-912e-6bb651495a8f ef07f98857284cc6bdcec117e6ee70e2 9e90857ce0b24551a62668fdfc68e03e - - default default] Successfully bumped revision number for resource 83e643ee-3ef7-47c0-8c20-28b5197470c4 (type: ports) to 5
2026-07-21 07:47:02.762 10 INFO neutron.wsgi [req-73fe419e-3c5c-44e1-a621-ae4338d2a3ff req-5d106536-e789-42d6-912e-6bb651495a8f ef07f98857284cc6bdcec117e6ee70e2 9e90857ce0b24551a62668fdfc68e03e - - default default] 199.204.45.109 "PUT /v2.0/ports/83e643ee-3ef7-47c0-8c20-28b5197470c4 HTTP/1.1" status: 200 len: 1345 time: 0.5541403 /var/lib/openstack/lib/python3.10/site-packages/pycadf/identifier.py:71: UserWarning: Invalid uuid: neutron. To ensure interoperability, identifiers should be a valid uuid. warnings.warn(('Invalid uuid: %s. To ensure interoperability, '
2026-07-21 07:47:02.819 10 INFO neutron.notifiers.nova [-] Nova event matching ['req-1fdaaabf-837f-4197-b2fb-b7b463db2a79'] response: {'name': 'network-changed', 'server_uuid': '69977c3d-80f1-42b5-a2a0-1b78ee02ab21', 'tag': '83e643ee-3ef7-47c0-8c20-28b5197470c4', 'status': 'completed', 'code': 200}
2026-07-21 07:47:02.843 10 INFO neutron.wsgi [req-73fe419e-3c5c-44e1-a621-ae4338d2a3ff req-fa18182f-ec36-4cbe-83ad-0f2822a009ea f1708b344cf944ceb4b45a23543aa568 5fbacf0cf08d4a29ab97893c932fdab7 - - 941e9478a541400a9dea1998c30101af 941e9478a541400a9dea1998c30101af] 199.204.45.109 "GET /v2.0/ports?tenant_id=9e90857ce0b24551a62668fdfc68e03e&device_id=69977c3d-80f1-42b5-a2a0-1b78ee02ab21 HTTP/1.1" status: 200 len: 1586 time: 0.0522299
2026-07-21 07:47:02.925 10 INFO neutron.wsgi [req-73fe419e-3c5c-44e1-a621-ae4338d2a3ff req-67fc2a9d-fb50-4319-b3b5-91ddf0fdec9d f1708b344cf944ceb4b45a23543aa568 5fbacf0cf08d4a29ab97893c932fdab7 - - 941e9478a541400a9dea1998c30101af 941e9478a541400a9dea1998c30101af] 199.204.45.109 "GET /v2.0/networks?id=dbb2732e-bbc0-4dac-91a1-0d9f3c7916c6 HTTP/1.1" status: 200 len: 981 time: 0.0748229
2026-07-21 07:47:02.996 10 INFO neutron.wsgi [req-73fe419e-3c5c-44e1-a621-ae4338d2a3ff req-c8a03203-36d2-4a27-9185-d92691d040a6 f1708b344cf944ceb4b45a23543aa568 5fbacf0cf08d4a29ab97893c932fdab7 - - 941e9478a541400a9dea1998c30101af 941e9478a541400a9dea1998c30101af] 199.204.45.109 "GET /v2.0/floatingips?fixed_ip_address=10.100.0.3&port_id=83e643ee-3ef7-47c0-8c20-28b5197470c4 HTTP/1.1" status: 200 len: 1059 time: 0.0640810
2026-07-21 07:47:03.028 10 INFO neutron.wsgi [req-73fe419e-3c5c-44e1-a621-ae4338d2a3ff req-1aa0acd4-f418-47e1-ae28-2f4d46069161 f1708b344cf944ceb4b45a23543aa568 5fbacf0cf08d4a29ab97893c932fdab7 - - 941e9478a541400a9dea1998c30101af 941e9478a541400a9dea1998c30101af] 199.204.45.109 "GET /v2.0/floatingips?fixed_ip_address=10.100.0.5&port_id=83e643ee-3ef7-47c0-8c20-28b5197470c4 HTTP/1.1" status: 200 len: 217 time: 0.0256517
2026-07-21 07:47:03.036 9 INFO neutron.wsgi [req-4f63ac83-527b-40f6-ba02-8d833104ff65 req-938d3a60-64a9-4243-aac3-fcf9d869f54a 8c072dc2d94d43d39da88156770ccb2b b8e182786a374e84ab16c904db512139 - - default default] 10.0.0.29 "GET /v2.0/ports?device_id=271db2e0-d11b-4a0a-b78d-924e709b5ba7 HTTP/1.1" status: 200 len: 1170 time: 0.1030097
2026-07-21 07:47:03.074 10 INFO neutron.wsgi [req-73fe419e-3c5c-44e1-a621-ae4338d2a3ff req-e6645341-363b-4bbc-b0d7-4c1392e4f2e0 f1708b344cf944ceb4b45a23543aa568 5fbacf0cf08d4a29ab97893c932fdab7 - - 941e9478a541400a9dea1998c30101af 941e9478a541400a9dea1998c30101af] 199.204.45.109 "GET /v2.0/subnets?id=554ca25f-aa02-4020-b23f-830605f7070e HTTP/1.1" status: 200 len: 876 time: 0.0369847
2026-07-21 07:47:03.093 9 INFO neutron.wsgi [req-4f63ac83-527b-40f6-ba02-8d833104ff65 req-179bf929-1e42-462e-94bd-d7c5abfe9242 8c072dc2d94d43d39da88156770ccb2b b8e182786a374e84ab16c904db512139 - - default default] 10.0.0.29 "GET /v2.0/security-groups?id=9efaf4cd-d149-43dd-921c-96098ada9806&fields=id&fields=name HTTP/1.1" status: 200 len: 313 time: 0.0451963
2026-07-21 07:47:03.096 10 INFO neutron.wsgi [req-73fe419e-3c5c-44e1-a621-ae4338d2a3ff req-5a23ce4f-18c2-4148-b24b-b54d15e3fb67 f1708b344cf944ceb4b45a23543aa568 5fbacf0cf08d4a29ab97893c932fdab7 - - 941e9478a541400a9dea1998c30101af 941e9478a541400a9dea1998c30101af] 199.204.45.109 "GET /v2.0/ports?network_id=dbb2732e-bbc0-4dac-91a1-0d9f3c7916c6&device_owner=network%3Adhcp HTTP/1.1" status: 200 len: 210 time: 0.0167594
2026-07-21 07:47:03.165 10 INFO neutron.wsgi [req-73fe419e-3c5c-44e1-a621-ae4338d2a3ff req-1e3cea76-ee99-4bb3-8b28-b969ac624f76 f1708b344cf944ceb4b45a23543aa568 5fbacf0cf08d4a29ab97893c932fdab7 - - 941e9478a541400a9dea1998c30101af 941e9478a541400a9dea1998c30101af] 199.204.45.109 "GET /v2.0/networks/dbb2732e-bbc0-4dac-91a1-0d9f3c7916c6?fields=segments HTTP/1.1" status: 200 len: 212 time: 0.0575011
2026-07-21 07:47:03.210 9 INFO neutron.wsgi [req-8c907e05-f645-4527-ba88-e496e78a3ded req-be89b415-a29c-4ae1-8a76-66bb362f2eaf 8c072dc2d94d43d39da88156770ccb2b b8e182786a374e84ab16c904db512139 - - default default] 10.0.0.29 "GET /v2.0/ports?device_id=271db2e0-d11b-4a0a-b78d-924e709b5ba7 HTTP/1.1" status: 200 len: 1170 time: 0.0475078
2026-07-21 07:47:03.227 10 INFO neutron.wsgi [req-73fe419e-3c5c-44e1-a621-ae4338d2a3ff req-1bd50d81-e5ba-4266-ae58-ea6feed88bab f1708b344cf944ceb4b45a23543aa568 5fbacf0cf08d4a29ab97893c932fdab7 - - 941e9478a541400a9dea1998c30101af 941e9478a541400a9dea1998c30101af] 199.204.45.109 "GET /v2.0/networks/dbb2732e-bbc0-4dac-91a1-0d9f3c7916c6?fields=provider%3Aphysical_network&fields=provider%3Anetwork_type HTTP/1.1" status: 200 len: 277 time: 0.0583134
2026-07-21 07:47:03.306 10 INFO neutron.wsgi [req-688d170d-4882-453a-8df4-c450ef1630e7 req-3d7e6ccf-16e4-4ccb-8bf2-f1e95d91a00d f1708b344cf944ceb4b45a23543aa568 5fbacf0cf08d4a29ab97893c932fdab7 - - 941e9478a541400a9dea1998c30101af 941e9478a541400a9dea1998c30101af] 199.204.45.109 "GET /v2.0/ports?tenant_id=9e90857ce0b24551a62668fdfc68e03e&device_id=69977c3d-80f1-42b5-a2a0-1b78ee02ab21 HTTP/1.1" status: 200 len: 1586 time: 0.0369682
2026-07-21 07:47:03.368 10 INFO neutron.wsgi [req-688d170d-4882-453a-8df4-c450ef1630e7 req-e15cf54a-3217-49bc-acee-b111ec8b63d4 f1708b344cf944ceb4b45a23543aa568 5fbacf0cf08d4a29ab97893c932fdab7 - - 941e9478a541400a9dea1998c30101af 941e9478a541400a9dea1998c30101af] 199.204.45.109 "GET /v2.0/networks?id=dbb2732e-bbc0-4dac-91a1-0d9f3c7916c6 HTTP/1.1" status: 200 len: 981 time: 0.0548158
2026-07-21 07:47:03.413 10 INFO neutron.wsgi [req-688d170d-4882-453a-8df4-c450ef1630e7 req-0ef2f5fd-ca3a-4c5f-9fe8-2822941186b4 f1708b344cf944ceb4b45a23543aa568 5fbacf0cf08d4a29ab97893c932fdab7 - - 941e9478a541400a9dea1998c30101af 941e9478a541400a9dea1998c30101af] 199.204.45.109 "GET /v2.0/floatingips?fixed_ip_address=10.100.0.3&port_id=83e643ee-3ef7-47c0-8c20-28b5197470c4 HTTP/1.1" status: 200 len: 1059 time: 0.0372705
2026-07-21 07:47:03.441 10 INFO neutron.wsgi [req-688d170d-4882-453a-8df4-c450ef1630e7 req-7142ddd5-c241-4d93-ac70-fbf42683d03e f1708b344cf944ceb4b45a23543aa568 5fbacf0cf08d4a29ab97893c932fdab7 - - 941e9478a541400a9dea1998c30101af 941e9478a541400a9dea1998c30101af] 199.204.45.109 "GET /v2.0/floatingips?fixed_ip_address=10.100.0.5&port_id=83e643ee-3ef7-47c0-8c20-28b5197470c4 HTTP/1.1" status: 200 len: 217 time: 0.0218048
2026-07-21 07:47:03.476 10 INFO neutron.wsgi [req-688d170d-4882-453a-8df4-c450ef1630e7 req-cf89083a-ab95-4283-9f9e-b7fab312894f f1708b344cf944ceb4b45a23543aa568 5fbacf0cf08d4a29ab97893c932fdab7 - - 941e9478a541400a9dea1998c30101af 941e9478a541400a9dea1998c30101af] 199.204.45.109 "GET /v2.0/subnets?id=554ca25f-aa02-4020-b23f-830605f7070e HTTP/1.1" status: 200 len: 876 time: 0.0287235
2026-07-21 07:47:03.501 10 INFO neutron.wsgi [req-688d170d-4882-453a-8df4-c450ef1630e7 req-0b52ee86-0eb2-4432-9c28-614b253d8903 f1708b344cf944ceb4b45a23543aa568 5fbacf0cf08d4a29ab97893c932fdab7 - - 941e9478a541400a9dea1998c30101af 941e9478a541400a9dea1998c30101af] 199.204.45.109 "GET /v2.0/ports?network_id=dbb2732e-bbc0-4dac-91a1-0d9f3c7916c6&device_owner=network%3Adhcp HTTP/1.1" status: 200 len: 210 time: 0.0184619
2026-07-21 07:47:03.534 9 INFO neutron.db.l3_db [None req-12beecfb-49f4-4ef7-9750-1433c641a70d 8c072dc2d94d43d39da88156770ccb2b b8e182786a374e84ab16c904db512139 - - default default] Floating IP ee6192e9-8c99-4040-8f47-40865ed2862a associated. External IP: 10.96.250.204, port: 24743710-0906-4109-8c8c-1584e705a604.
2026-07-21 07:47:03.570 10 INFO neutron.wsgi [req-688d170d-4882-453a-8df4-c450ef1630e7 req-f4ca8356-db9f-4b6a-a3ab-7b0019346989 f1708b344cf944ceb4b45a23543aa568 5fbacf0cf08d4a29ab97893c932fdab7 - - 941e9478a541400a9dea1998c30101af 941e9478a541400a9dea1998c30101af] 199.204.45.109 "GET /v2.0/networks/dbb2732e-bbc0-4dac-91a1-0d9f3c7916c6?fields=segments HTTP/1.1" status: 200 len: 212 time: 0.0606503
2026-07-21 07:47:03.626 10 INFO neutron.wsgi [req-688d170d-4882-453a-8df4-c450ef1630e7 req-f8a99fbc-0688-4f5c-ac64-267dc71c9493 f1708b344cf944ceb4b45a23543aa568 5fbacf0cf08d4a29ab97893c932fdab7 - - 941e9478a541400a9dea1998c30101af 941e9478a541400a9dea1998c30101af] 199.204.45.109 "GET /v2.0/networks/dbb2732e-bbc0-4dac-91a1-0d9f3c7916c6?fields=provider%3Aphysical_network&fields=provider%3Anetwork_type HTTP/1.1" status: 200 len: 277 time: 0.0530510
2026-07-21 07:47:03.832 9 INFO neutron.notifiers.nova [-] Nova event matching ['req-70aa69e3-65af-455d-a133-8f948d500bfa'] response: {'server_uuid': '271db2e0-d11b-4a0a-b78d-924e709b5ba7', 'name': 'network-vif-plugged', 'status': 'completed', 'tag': '24743710-0906-4109-8c8c-1584e705a604', 'code': 200}
2026-07-21 07:47:03.950 9 INFO neutron.db.ovn_revision_numbers_db [None req-12beecfb-49f4-4ef7-9750-1433c641a70d 8c072dc2d94d43d39da88156770ccb2b b8e182786a374e84ab16c904db512139 - - default default] Successfully bumped revision number for resource ee6192e9-8c99-4040-8f47-40865ed2862a (type: floatingips) to 1 /var/lib/openstack/lib/python3.10/site-packages/pycadf/identifier.py:71: UserWarning: Invalid uuid: neutron. To ensure interoperability, identifiers should be a valid uuid. warnings.warn(('Invalid uuid: %s. To ensure interoperability, '
2026-07-21 07:47:03.985 10 WARNING neutron_lib.context [None req-e6f9ef94-933c-4f96-9cd4-d8935c71eaff 72f88973f87a45789a0c46ca96bac323 85e86a3b027a4b79beed6827fd8178c9 - - default default] Method 'is_advsvc' is deprecated since 2023.2 release (neutron-lib 3.8.0) and will be removed once support for the old RBAC API policies will be removed from Neutron. Please use method 'is_service_role' instead.
2026-07-21 07:47:04.041 10 INFO neutron.wsgi [-] 10.0.0.246 "GET / HTTP/1.1" status: 200 len: 247 time: 0.0017300
2026-07-21 07:47:04.041 9 INFO neutron.wsgi [-] 10.0.0.246 "GET / HTTP/1.1" status: 200 len: 247 time: 0.0020719
2026-07-21 07:47:04.102 9 INFO neutron.db.ovn_revision_numbers_db [None req-12beecfb-49f4-4ef7-9750-1433c641a70d 8c072dc2d94d43d39da88156770ccb2b b8e182786a374e84ab16c904db512139 - - default default] Successfully bumped revision number for resource ee6192e9-8c99-4040-8f47-40865ed2862a (type: floatingips) to 2
2026-07-21 07:47:04.139 9 INFO neutron.wsgi [None req-12beecfb-49f4-4ef7-9750-1433c641a70d 8c072dc2d94d43d39da88156770ccb2b b8e182786a374e84ab16c904db512139 - - default default] 10.0.0.158 "PUT /v2.0/floatingips/ee6192e9-8c99-4040-8f47-40865ed2862a HTTP/1.1" status: 200 len: 1049 time: 0.9180603
2026-07-21 07:47:04.142 10 INFO neutron.db.ovn_revision_numbers_db [None req-e6f9ef94-933c-4f96-9cd4-d8935c71eaff 72f88973f87a45789a0c46ca96bac323 85e86a3b027a4b79beed6827fd8178c9 - - default default] Successfully bumped revision number for resource be1e3ef6-f557-4c5b-823a-833ea134f67b (type: security_groups) to 1
2026-07-21 07:47:04.156 10 INFO neutron.db.ovn_revision_numbers_db [None req-e6f9ef94-933c-4f96-9cd4-d8935c71eaff 72f88973f87a45789a0c46ca96bac323 85e86a3b027a4b79beed6827fd8178c9 - - default default] Successfully bumped revision number for resource 157e9b84-3a2c-45cb-9524-566c121e3657 (type: security_group_rules) to 0
2026-07-21 07:47:04.179 10 INFO neutron.db.ovn_revision_numbers_db [None req-e6f9ef94-933c-4f96-9cd4-d8935c71eaff 72f88973f87a45789a0c46ca96bac323 85e86a3b027a4b79beed6827fd8178c9 - - default default] Successfully bumped revision number for resource 6b859ac3-9e2b-44f1-9c53-33c72f394f35 (type: security_group_rules) to 0
2026-07-21 07:47:04.197 10 INFO neutron.db.ovn_revision_numbers_db [None req-e6f9ef94-933c-4f96-9cd4-d8935c71eaff 72f88973f87a45789a0c46ca96bac323 85e86a3b027a4b79beed6827fd8178c9 - - default default] Successfully bumped revision number for resource 95d454b3-3e1d-4967-862d-afe375333439 (type: security_group_rules) to 0
