2026-07-21 07:50:06.502 10 WARNING neutron_lib.context [None req-dc8f4d61-5a80-42f6-8cfe-44ebaa83b328 44669f0cf5f646e7b49a67a0ddaa05b4 9de0bacbae7f4bd2bfc6b6460935afd9 - - default default] Method 'is_advsvc' is deprecated since 2023.2 release (neutron-lib 3.8.0) and will be removed once support for the old RBAC API policies will be removed from Neutron. Please use method 'is_service_role' instead.
2026-07-21 07:50:06.758 10 WARNING neutron.scheduler.dhcp_agent_scheduler [None req-dc8f4d61-5a80-42f6-8cfe-44ebaa83b328 44669f0cf5f646e7b49a67a0ddaa05b4 9de0bacbae7f4bd2bfc6b6460935afd9 - - default default] No more DHCP agents
2026-07-21 07:50:06.761 10 WARNING neutron.api.rpc.agentnotifiers.dhcp_rpc_agent_api [None req-dc8f4d61-5a80-42f6-8cfe-44ebaa83b328 44669f0cf5f646e7b49a67a0ddaa05b4 9de0bacbae7f4bd2bfc6b6460935afd9 - - default default] Unable to schedule network 14accd9b-769a-4416-ac48-8a597ab5face: no agents available; will retry on subsequent port and subnet creation events.
2026-07-21 07:50:06.876 10 INFO neutron.db.ovn_revision_numbers_db [None req-dc8f4d61-5a80-42f6-8cfe-44ebaa83b328 44669f0cf5f646e7b49a67a0ddaa05b4 9de0bacbae7f4bd2bfc6b6460935afd9 - - default default] Successfully bumped revision number for resource 78fc8b01-2281-45bf-b716-d5d947a97a68 (type: ports) to 1
2026-07-21 07:50:06.906 10 INFO neutron.wsgi [None req-dc8f4d61-5a80-42f6-8cfe-44ebaa83b328 44669f0cf5f646e7b49a67a0ddaa05b4 9de0bacbae7f4bd2bfc6b6460935afd9 - - default default] 10.0.0.158 "POST /v2.0/ports HTTP/1.1" status: 201 len: 978 time: 0.4088964 /var/lib/openstack/lib/python3.10/site-packages/pycadf/identifier.py:71: UserWarning: Invalid uuid: neutron. To ensure interoperability, identifiers should be a valid uuid. warnings.warn(('Invalid uuid: %s. To ensure interoperability, '
2026-07-21 07:50:06.926 10 WARNING neutron_lib.context [None req-17b20a77-d965-4cb0-9fad-33982747df18 44669f0cf5f646e7b49a67a0ddaa05b4 9de0bacbae7f4bd2bfc6b6460935afd9 - - default default] Method 'is_advsvc' is deprecated since 2023.2 release (neutron-lib 3.8.0) and will be removed once support for the old RBAC API policies will be removed from Neutron. Please use method 'is_service_role' instead.
2026-07-21 07:50:07.016 10 INFO neutron.db.segments_db [None req-17b20a77-d965-4cb0-9fad-33982747df18 44669f0cf5f646e7b49a67a0ddaa05b4 9de0bacbae7f4bd2bfc6b6460935afd9 - - default default] Added segment 6224c424-fa82-4487-80a8-02d46d4a9063 of type geneve for network 5a4b26ad-eb6c-4060-b125-a4980a5df6c5
2026-07-21 07:50:07.052 9 INFO neutron.db.ovn_revision_numbers_db [None req-651ac07e-c7ef-487b-b298-df1d67018e1c 392083e5b101457e8f890e1524eef317 cd995afa4ffd4531a858f1c201a6e449 - - default default] Successfully bumped revision number for resource 06490388-9477-40aa-96cd-2b7253bebe13 (type: security_groups) to 1
2026-07-21 07:50:07.066 9 INFO neutron.db.ovn_revision_numbers_db [None req-651ac07e-c7ef-487b-b298-df1d67018e1c 392083e5b101457e8f890e1524eef317 cd995afa4ffd4531a858f1c201a6e449 - - default default] Successfully bumped revision number for resource 4fcc7a1f-e4da-4307-9a80-4e765c2c15e5 (type: security_group_rules) to 0
2026-07-21 07:50:07.079 9 INFO neutron.db.ovn_revision_numbers_db [None req-651ac07e-c7ef-487b-b298-df1d67018e1c 392083e5b101457e8f890e1524eef317 cd995afa4ffd4531a858f1c201a6e449 - - default default] Successfully bumped revision number for resource 53b4e657-a0ea-4477-a6e9-3a63b36fe74c (type: security_group_rules) to 0
2026-07-21 07:50:07.094 9 INFO neutron.db.ovn_revision_numbers_db [None req-651ac07e-c7ef-487b-b298-df1d67018e1c 392083e5b101457e8f890e1524eef317 cd995afa4ffd4531a858f1c201a6e449 - - default default] Successfully bumped revision number for resource 80cf6765-79af-4103-a92a-406cfe20260c (type: security_group_rules) to 0
2026-07-21 07:50:07.109 9 INFO neutron.db.ovn_revision_numbers_db [None req-651ac07e-c7ef-487b-b298-df1d67018e1c 392083e5b101457e8f890e1524eef317 cd995afa4ffd4531a858f1c201a6e449 - - default default] Successfully bumped revision number for resource c8d19b8a-0c40-45ef-8123-fc527c7b6b02 (type: security_group_rules) to 0
2026-07-21 07:50:07.136 9 INFO neutron.wsgi [None req-651ac07e-c7ef-487b-b298-df1d67018e1c 392083e5b101457e8f890e1524eef317 cd995afa4ffd4531a858f1c201a6e449 - - default default] 10.0.0.158 "GET /v2.0/security-groups?tenant_id=2cd50491c90742f3a973043c0194ba8c&name=default HTTP/1.1" status: 200 len: 3000 time: 0.3380282
2026-07-21 07:50:07.168 10 INFO neutron.db.ovn_revision_numbers_db [None req-17b20a77-d965-4cb0-9fad-33982747df18 44669f0cf5f646e7b49a67a0ddaa05b4 9de0bacbae7f4bd2bfc6b6460935afd9 - - default default] Successfully bumped revision number for resource 5a4b26ad-eb6c-4060-b125-a4980a5df6c5 (type: networks) to 1
2026-07-21 07:50:07.325 9 INFO neutron.wsgi [None req-35bd6f99-0dbf-4ffb-a009-37fd7243569e 392083e5b101457e8f890e1524eef317 cd995afa4ffd4531a858f1c201a6e449 - - default default] 10.0.0.158 "DELETE /v2.0/security-groups/06490388-9477-40aa-96cd-2b7253bebe13 HTTP/1.1" status: 204 len: 168 time: 0.1840730
2026-07-21 07:50:07.362 10 WARNING neutron.scheduler.dhcp_agent_scheduler [None req-17b20a77-d965-4cb0-9fad-33982747df18 44669f0cf5f646e7b49a67a0ddaa05b4 9de0bacbae7f4bd2bfc6b6460935afd9 - - default default] No more DHCP agents
2026-07-21 07:50:07.364 10 WARNING neutron.api.rpc.agentnotifiers.dhcp_rpc_agent_api [None req-17b20a77-d965-4cb0-9fad-33982747df18 44669f0cf5f646e7b49a67a0ddaa05b4 9de0bacbae7f4bd2bfc6b6460935afd9 - - default default] Unable to schedule network 5a4b26ad-eb6c-4060-b125-a4980a5df6c5: no agents available; will retry on subsequent port and subnet creation events.
2026-07-21 07:50:07.444 10 INFO neutron.db.ovn_revision_numbers_db [None req-17b20a77-d965-4cb0-9fad-33982747df18 44669f0cf5f646e7b49a67a0ddaa05b4 9de0bacbae7f4bd2bfc6b6460935afd9 - - default default] Successfully bumped revision number for resource 8b2cdf75-1a59-44f0-a6f8-38d2c8752647 (type: ports) to 1
2026-07-21 07:50:07.466 10 INFO neutron.wsgi [None req-17b20a77-d965-4cb0-9fad-33982747df18 44669f0cf5f646e7b49a67a0ddaa05b4 9de0bacbae7f4bd2bfc6b6460935afd9 - - default default] 10.0.0.158 "POST /v2.0/networks HTTP/1.1" status: 201 len: 835 time: 0.5472190
2026-07-21 07:50:07.476 10 WARNING neutron_lib.context [None req-a2474746-32ea-495a-9815-b283c4acfcef 44669f0cf5f646e7b49a67a0ddaa05b4 9de0bacbae7f4bd2bfc6b6460935afd9 - - default default] Method 'is_advsvc' is deprecated since 2023.2 release (neutron-lib 3.8.0) and will be removed once support for the old RBAC API policies will be removed from Neutron. Please use method 'is_service_role' instead.
2026-07-21 07:50:07.548 9 INFO neutron.db.ovn_revision_numbers_db [None req-8cc198c8-a5f0-4e63-8b80-e7a522d89868 392083e5b101457e8f890e1524eef317 cd995afa4ffd4531a858f1c201a6e449 - - default default] Successfully bumped revision number for resource 98138091-bab1-48ec-acde-8292ad6b33ff (type: security_groups) to 1
2026-07-21 07:50:07.564 9 INFO neutron.db.ovn_revision_numbers_db [None req-8cc198c8-a5f0-4e63-8b80-e7a522d89868 392083e5b101457e8f890e1524eef317 cd995afa4ffd4531a858f1c201a6e449 - - default default] Successfully bumped revision number for resource 2796e6e5-7ebc-48ac-85e4-175b24bec6fe (type: security_group_rules) to 0
2026-07-21 07:50:07.579 9 INFO neutron.db.ovn_revision_numbers_db [None req-8cc198c8-a5f0-4e63-8b80-e7a522d89868 392083e5b101457e8f890e1524eef317 cd995afa4ffd4531a858f1c201a6e449 - - default default] Successfully bumped revision number for resource 43a83e14-aaae-4851-996c-c42b0fa1b410 (type: security_group_rules) to 0
2026-07-21 07:50:07.594 9 INFO neutron.db.ovn_revision_numbers_db [None req-8cc198c8-a5f0-4e63-8b80-e7a522d89868 392083e5b101457e8f890e1524eef317 cd995afa4ffd4531a858f1c201a6e449 - - default default] Successfully bumped revision number for resource 94be942a-45da-4880-b275-cd06ba23c5e2 (type: security_group_rules) to 0
2026-07-21 07:50:07.612 9 INFO neutron.db.ovn_revision_numbers_db [None req-8cc198c8-a5f0-4e63-8b80-e7a522d89868 392083e5b101457e8f890e1524eef317 cd995afa4ffd4531a858f1c201a6e449 - - default default] Successfully bumped revision number for resource bb707f61-b019-4e09-bc14-1b309555b08f (type: security_group_rules) to 0
2026-07-21 07:50:07.635 9 INFO neutron.wsgi [None req-8cc198c8-a5f0-4e63-8b80-e7a522d89868 392083e5b101457e8f890e1524eef317 cd995afa4ffd4531a858f1c201a6e449 - - default default] 10.0.0.158 "GET /v2.0/security-groups?tenant_id=5044b1a6ba6a4ebfbb8ebdd110f9f1a2&name=default HTTP/1.1" status: 200 len: 3000 time: 0.2047124
2026-07-21 07:50:07.705 10 WARNING neutron.scheduler.dhcp_agent_scheduler [None req-a2474746-32ea-495a-9815-b283c4acfcef 44669f0cf5f646e7b49a67a0ddaa05b4 9de0bacbae7f4bd2bfc6b6460935afd9 - - default default] No more DHCP agents
2026-07-21 07:50:07.707 10 WARNING neutron.api.rpc.agentnotifiers.dhcp_rpc_agent_api [None req-a2474746-32ea-495a-9815-b283c4acfcef 44669f0cf5f646e7b49a67a0ddaa05b4 9de0bacbae7f4bd2bfc6b6460935afd9 - - default default] Unable to schedule network 5a4b26ad-eb6c-4060-b125-a4980a5df6c5: no agents available; will retry on subsequent port and subnet creation events.
2026-07-21 07:50:07.750 10 INFO neutron.db.ovn_revision_numbers_db [None req-a2474746-32ea-495a-9815-b283c4acfcef 44669f0cf5f646e7b49a67a0ddaa05b4 9de0bacbae7f4bd2bfc6b6460935afd9 - - default default] Successfully bumped revision number for resource 381b5905-fe88-4821-9dc5-cab35f88e44d (type: subnets) to 0
2026-07-21 07:50:07.767 10 INFO neutron.wsgi [None req-a2474746-32ea-495a-9815-b283c4acfcef 44669f0cf5f646e7b49a67a0ddaa05b4 9de0bacbae7f4bd2bfc6b6460935afd9 - - default default] 10.0.0.158 "POST /v2.0/subnets HTTP/1.1" status: 201 len: 821 time: 0.2951546
2026-07-21 07:50:07.778 10 WARNING neutron_lib.context [None req-6a2304d7-84ca-4d4b-8117-1771a649f702 44669f0cf5f646e7b49a67a0ddaa05b4 9de0bacbae7f4bd2bfc6b6460935afd9 - - default default] Method 'is_advsvc' is deprecated since 2023.2 release (neutron-lib 3.8.0) and will be removed once support for the old RBAC API policies will be removed from Neutron. Please use method 'is_service_role' instead.
2026-07-21 07:50:07.851 9 INFO neutron.wsgi [None req-cd7ac5bc-5f7f-414e-ae69-374299e98fd8 392083e5b101457e8f890e1524eef317 cd995afa4ffd4531a858f1c201a6e449 - - default default] 10.0.0.158 "DELETE /v2.0/security-groups/98138091-bab1-48ec-acde-8292ad6b33ff HTTP/1.1" status: 204 len: 168 time: 0.2084169
2026-07-21 07:50:08.151 10 WARNING neutron.scheduler.dhcp_agent_scheduler [None req-6a2304d7-84ca-4d4b-8117-1771a649f702 44669f0cf5f646e7b49a67a0ddaa05b4 9de0bacbae7f4bd2bfc6b6460935afd9 - - default default] No more DHCP agents
2026-07-21 07:50:08.152 10 WARNING neutron.api.rpc.agentnotifiers.dhcp_rpc_agent_api [None req-6a2304d7-84ca-4d4b-8117-1771a649f702 44669f0cf5f646e7b49a67a0ddaa05b4 9de0bacbae7f4bd2bfc6b6460935afd9 - - default default] Unable to schedule network 5a4b26ad-eb6c-4060-b125-a4980a5df6c5: no agents available; will retry on subsequent port and subnet creation events. /var/lib/openstack/lib/python3.10/site-packages/pycadf/identifier.py:71: UserWarning: Invalid uuid: neutron. To ensure interoperability, identifiers should be a valid uuid. warnings.warn(('Invalid uuid: %s. To ensure interoperability, '
2026-07-21 07:50:08.216 10 WARNING neutron_lib.context [None req-6173469a-7252-48b4-8e3f-ce46f4cc9915 7e203fb69e40492881de608567cfb4b1 b7e9058d26e84bc986aa738627a8cbf2 - - default default] Method 'is_advsvc' is deprecated since 2023.2 release (neutron-lib 3.8.0) and will be removed once support for the old RBAC API policies will be removed from Neutron. Please use method 'is_service_role' instead.
2026-07-21 07:50:08.286 10 INFO neutron.db.ovn_revision_numbers_db [None req-6a2304d7-84ca-4d4b-8117-1771a649f702 44669f0cf5f646e7b49a67a0ddaa05b4 9de0bacbae7f4bd2bfc6b6460935afd9 - - default default] Successfully bumped revision number for resource 8c1e9129-57d6-46b0-b4e7-946da00c242d (type: ports) to 1
2026-07-21 07:50:08.312 10 INFO neutron.wsgi [None req-6a2304d7-84ca-4d4b-8117-1771a649f702 44669f0cf5f646e7b49a67a0ddaa05b4 9de0bacbae7f4bd2bfc6b6460935afd9 - - default default] 10.0.0.158 "POST /v2.0/ports HTTP/1.1" status: 201 len: 1160 time: 0.5402763
2026-07-21 07:50:08.396 10 INFO neutron.db.ovn_revision_numbers_db [None req-6173469a-7252-48b4-8e3f-ce46f4cc9915 7e203fb69e40492881de608567cfb4b1 b7e9058d26e84bc986aa738627a8cbf2 - - default default] Successfully bumped revision number for resource b5503ddc-5447-41dd-87f8-70e33b0b3cc0 (type: security_groups) to 1
2026-07-21 07:50:08.418 10 INFO neutron.db.ovn_revision_numbers_db [None req-6173469a-7252-48b4-8e3f-ce46f4cc9915 7e203fb69e40492881de608567cfb4b1 b7e9058d26e84bc986aa738627a8cbf2 - - default default] Successfully bumped revision number for resource 03fa447e-d3fb-44e9-a3c4-c70c4008925b (type: security_group_rules) to 0
2026-07-21 07:50:08.449 10 INFO neutron.db.ovn_revision_numbers_db [None req-6173469a-7252-48b4-8e3f-ce46f4cc9915 7e203fb69e40492881de608567cfb4b1 b7e9058d26e84bc986aa738627a8cbf2 - - default default] Successfully bumped revision number for resource 346eae0f-622f-4096-b459-ab0cce6710ac (type: security_group_rules) to 0
2026-07-21 07:50:08.482 10 INFO neutron.db.ovn_revision_numbers_db [None req-6173469a-7252-48b4-8e3f-ce46f4cc9915 7e203fb69e40492881de608567cfb4b1 b7e9058d26e84bc986aa738627a8cbf2 - - default default] Successfully bumped revision number for resource 56c8d194-ca06-4180-b0f0-0aebe78b56ee (type: security_group_rules) to 0
2026-07-21 07:50:08.509 10 INFO neutron.db.ovn_revision_numbers_db [None req-6173469a-7252-48b4-8e3f-ce46f4cc9915 7e203fb69e40492881de608567cfb4b1 b7e9058d26e84bc986aa738627a8cbf2 - - default default] Successfully bumped revision number for resource 96cf4d2f-e41c-4409-b9e5-64d61d2961e5 (type: security_group_rules) to 0
2026-07-21 07:50:08.627 10 INFO neutron.db.ovn_revision_numbers_db [None req-6173469a-7252-48b4-8e3f-ce46f4cc9915 7e203fb69e40492881de608567cfb4b1 b7e9058d26e84bc986aa738627a8cbf2 - - default default] Successfully bumped revision number for resource b9a3c107-f3ae-41b3-9366-21a18a9707f1 (type: security_groups) to 1
2026-07-21 07:50:08.638 10 INFO neutron.wsgi [None req-0c2299ae-a34a-457e-afad-7130b1b15bc1 44669f0cf5f646e7b49a67a0ddaa05b4 9de0bacbae7f4bd2bfc6b6460935afd9 - - default default] 10.0.0.158 "DELETE /v2.0/ports/8c1e9129-57d6-46b0-b4e7-946da00c242d HTTP/1.1" status: 204 len: 168 time: 0.3209636
2026-07-21 07:50:08.642 10 INFO neutron.db.ovn_revision_numbers_db [None req-6173469a-7252-48b4-8e3f-ce46f4cc9915 7e203fb69e40492881de608567cfb4b1 b7e9058d26e84bc986aa738627a8cbf2 - - default default] Successfully bumped revision number for resource 5fdd6f4f-1c1a-4e80-a215-6c7898158908 (type: security_group_rules) to 0
2026-07-21 07:50:08.654 10 INFO neutron.db.ovn_revision_numbers_db [None req-6173469a-7252-48b4-8e3f-ce46f4cc9915 7e203fb69e40492881de608567cfb4b1 b7e9058d26e84bc986aa738627a8cbf2 - - default default] Successfully bumped revision number for resource 8a1218a2-74d2-46d5-bcaa-593a96c02768 (type: security_group_rules) to 0
2026-07-21 07:50:08.667 9 INFO neutron.pecan_wsgi.hooks.translation [None req-2debaceb-5874-4a59-8789-822271af7c2e 44669f0cf5f646e7b49a67a0ddaa05b4 9de0bacbae7f4bd2bfc6b6460935afd9 - - default default] DELETE failed (client error): The resource could not be found.
2026-07-21 07:50:08.669 9 INFO neutron.wsgi [None req-2debaceb-5874-4a59-8789-822271af7c2e 44669f0cf5f646e7b49a67a0ddaa05b4 9de0bacbae7f4bd2bfc6b6460935afd9 - - default default] 10.0.0.158 "DELETE /v2.0/ports/8c1e9129-57d6-46b0-b4e7-946da00c242d HTTP/1.1" status: 404 len: 333 time: 0.0249381
2026-07-21 07:50:08.671 10 INFO neutron.wsgi [None req-6173469a-7252-48b4-8e3f-ce46f4cc9915 7e203fb69e40492881de608567cfb4b1 b7e9058d26e84bc986aa738627a8cbf2 - - default default] 10.0.0.158 "POST /v2.0/security-groups HTTP/1.1" status: 201 len: 1739 time: 0.6306293
2026-07-21 07:50:08.694 10 INFO neutron.pecan_wsgi.hooks.translation [None req-90121a94-4bae-4a2f-924f-a9509624f81b 44669f0cf5f646e7b49a67a0ddaa05b4 9de0bacbae7f4bd2bfc6b6460935afd9 - - default default] GET failed (client error): The resource could not be found.
2026-07-21 07:50:08.696 10 INFO neutron.wsgi [None req-90121a94-4bae-4a2f-924f-a9509624f81b 44669f0cf5f646e7b49a67a0ddaa05b4 9de0bacbae7f4bd2bfc6b6460935afd9 - - default default] 10.0.0.158 "GET /v2.0/ports/8c1e9129-57d6-46b0-b4e7-946da00c242d HTTP/1.1" status: 404 len: 333 time: 0.0161130
2026-07-21 07:50:08.733 9 INFO neutron.wsgi [None req-3a9bf7eb-db11-481b-8a6c-ce55dd63e2bd 7e203fb69e40492881de608567cfb4b1 b7e9058d26e84bc986aa738627a8cbf2 - - default default] 10.0.0.158 "PUT /v2.0/security-groups/b9a3c107-f3ae-41b3-9366-21a18a9707f1/tags HTTP/1.1" status: 200 len: 218 time: 0.0525813
2026-07-21 07:50:08.779 10 INFO neutron.wsgi [None req-54a04a84-9fb8-45be-96a8-a01f54a01610 7e203fb69e40492881de608567cfb4b1 b7e9058d26e84bc986aa738627a8cbf2 - - default default] 10.0.0.158 "GET /v2.0/security-groups/b9a3c107-f3ae-41b3-9366-21a18a9707f1/tags HTTP/1.1" status: 200 len: 218 time: 0.0400913
2026-07-21 07:50:08.840 10 INFO neutron.wsgi [None req-ead6684b-dde6-47a4-8784-7201a372eb93 7e203fb69e40492881de608567cfb4b1 b7e9058d26e84bc986aa738627a8cbf2 - - default default] 10.0.0.158 "PUT /v2.0/security-groups/b9a3c107-f3ae-41b3-9366-21a18a9707f1/tags/green HTTP/1.1" status: 201 len: 201 time: 0.0458720
2026-07-21 07:50:08.878 10 INFO neutron.wsgi [None req-398225bb-4923-4b48-a3e6-aa50b43754e0 7e203fb69e40492881de608567cfb4b1 b7e9058d26e84bc986aa738627a8cbf2 - - default default] 10.0.0.158 "GET /v2.0/security-groups/b9a3c107-f3ae-41b3-9366-21a18a9707f1/tags HTTP/1.1" status: 200 len: 227 time: 0.0326579
2026-07-21 07:50:08.911 10 INFO neutron.wsgi [None req-2d9d4b3e-3d99-476c-9144-8cb73fc3d514 7e203fb69e40492881de608567cfb4b1 b7e9058d26e84bc986aa738627a8cbf2 - - default default] 10.0.0.158 "PUT /v2.0/security-groups/b9a3c107-f3ae-41b3-9366-21a18a9707f1/tags/red HTTP/1.1" status: 201 len: 201 time: 0.0277095
2026-07-21 07:50:08.935 9 INFO neutron.wsgi [None req-c6062751-fb6a-493a-8262-add470687cec 44669f0cf5f646e7b49a67a0ddaa05b4 9de0bacbae7f4bd2bfc6b6460935afd9 - - default default] 10.0.0.158 "DELETE /v2.0/subnets/381b5905-fe88-4821-9dc5-cab35f88e44d HTTP/1.1" status: 204 len: 168 time: 0.2269228
2026-07-21 07:50:08.961 9 INFO neutron.wsgi [None req-0833c0b2-8333-46b5-ba50-b3967b4ae167 7e203fb69e40492881de608567cfb4b1 b7e9058d26e84bc986aa738627a8cbf2 - - default default] 10.0.0.158 "GET /v2.0/security-groups/b9a3c107-f3ae-41b3-9366-21a18a9707f1/tags HTTP/1.1" status: 200 len: 227 time: 0.0455854
2026-07-21 07:50:08.998 9 INFO neutron.wsgi [None req-14c40eec-d80c-4acc-9d2e-0a0538e92526 7e203fb69e40492881de608567cfb4b1 b7e9058d26e84bc986aa738627a8cbf2 - - default default] 10.0.0.158 "PUT /v2.0/security-groups/b9a3c107-f3ae-41b3-9366-21a18a9707f1/tags/black.or.white HTTP/1.1" status: 201 len: 201 time: 0.0340111
2026-07-21 07:50:09.021 9 INFO neutron.wsgi [None req-1403ed80-61bb-48ca-8b51-7a9bb04db29e 7e203fb69e40492881de608567cfb4b1 b7e9058d26e84bc986aa738627a8cbf2 - - default default] 10.0.0.158 "GET /v2.0/security-groups/b9a3c107-f3ae-41b3-9366-21a18a9707f1/tags HTTP/1.1" status: 200 len: 245 time: 0.0193448
2026-07-21 07:50:09.062 9 INFO neutron.wsgi [None req-70b6ab77-6545-4446-a81b-e7a396c9e353 7e203fb69e40492881de608567cfb4b1 b7e9058d26e84bc986aa738627a8cbf2 - - default default] 10.0.0.158 "PUT /v2.0/security-groups/b9a3c107-f3ae-41b3-9366-21a18a9707f1/tags HTTP/1.1" status: 200 len: 230 time: 0.0369327
2026-07-21 07:50:09.096 9 INFO neutron.wsgi [None req-b50805ff-7b8e-4b08-b3ff-e0a239304df5 7e203fb69e40492881de608567cfb4b1 b7e9058d26e84bc986aa738627a8cbf2 - - default default] 10.0.0.158 "GET /v2.0/security-groups/b9a3c107-f3ae-41b3-9366-21a18a9707f1/tags HTTP/1.1" status: 200 len: 230 time: 0.0275793
2026-07-21 07:50:09.121 9 INFO neutron.wsgi [None req-1b38315c-b947-428c-b1c4-d5dffb0cad1a 7e203fb69e40492881de608567cfb4b1 b7e9058d26e84bc986aa738627a8cbf2 - - default default] 10.0.0.158 "GET /v2.0/security-groups/b9a3c107-f3ae-41b3-9366-21a18a9707f1/tags/red HTTP/1.1" status: 204 len: 168 time: 0.0208728
2026-07-21 07:50:09.149 9 INFO neutron.api.v2.resource [None req-2da76be4-e199-43e2-9807-2ce2aa2cfd90 7e203fb69e40492881de608567cfb4b1 b7e9058d26e84bc986aa738627a8cbf2 - - default default] show failed (client error): The resource could not be found.
2026-07-21 07:50:09.150 9 INFO neutron.wsgi [None req-2da76be4-e199-43e2-9807-2ce2aa2cfd90 7e203fb69e40492881de608567cfb4b1 b7e9058d26e84bc986aa738627a8cbf2 - - default default] 10.0.0.158 "GET /v2.0/security-groups/b9a3c107-f3ae-41b3-9366-21a18a9707f1/tags/green HTTP/1.1" status: 404 len: 299 time: 0.0238416
2026-07-21 07:50:09.211 9 INFO neutron.wsgi [None req-cf2997e3-2971-4255-9c5f-a4994a7379f2 7e203fb69e40492881de608567cfb4b1 b7e9058d26e84bc986aa738627a8cbf2 - - default default] 10.0.0.158 "DELETE /v2.0/security-groups/b9a3c107-f3ae-41b3-9366-21a18a9707f1/tags/red HTTP/1.1" status: 204 len: 168 time: 0.0511274
2026-07-21 07:50:09.255 10 INFO neutron.wsgi [None req-80ee3c2f-e671-49dc-970e-4d570a2ae3f0 7e203fb69e40492881de608567cfb4b1 b7e9058d26e84bc986aa738627a8cbf2 - - default default] 10.0.0.158 "GET /v2.0/security-groups/b9a3c107-f3ae-41b3-9366-21a18a9707f1/tags HTTP/1.1" status: 200 len: 223 time: 0.0350921
2026-07-21 07:50:09.288 9 INFO neutron.api.v2.resource [None req-9887e15a-c44a-4dfd-9991-2c002aaee9cd 7e203fb69e40492881de608567cfb4b1 b7e9058d26e84bc986aa738627a8cbf2 - - default default] delete failed (client error): The resource could not be found.
2026-07-21 07:50:09.290 9 INFO neutron.wsgi [None req-9887e15a-c44a-4dfd-9991-2c002aaee9cd 7e203fb69e40492881de608567cfb4b1 b7e9058d26e84bc986aa738627a8cbf2 - - default default] 10.0.0.158 "DELETE /v2.0/security-groups/b9a3c107-f3ae-41b3-9366-21a18a9707f1/tags/green HTTP/1.1" status: 404 len: 299 time: 0.0288751
2026-07-21 07:50:09.316 10 INFO neutron.services.segments.plugin [-] Segment 6224c424-fa82-4487-80a8-02d46d4a9063 resource provider aggregate not found
2026-07-21 07:50:09.323 10 INFO neutron.services.segments.plugin [-] Segment 6224c424-fa82-4487-80a8-02d46d4a9063 resource provider aggregate not found
2026-07-21 07:50:09.332 10 INFO neutron.services.segments.plugin [-] Segment 6224c424-fa82-4487-80a8-02d46d4a9063 resource provider not found; error: Placement Client Error (4xx): {"errors": [{"status": 404, "title": "Not Found", "detail": "The resource could not be found.\n\n No resource provider with uuid 6224c424-fa82-4487-80a8-02d46d4a9063 found for delete ", "request_id": "req-7171c0cf-d682-44c2-b7f7-d7300a723347"}]}
2026-07-21 07:50:09.344 10 INFO neutron.services.segments.plugin [-] Segment 6224c424-fa82-4487-80a8-02d46d4a9063 resource provider not found; error: Placement Client Error (4xx): {"errors": [{"status": 404, "title": "Not Found", "detail": "The resource could not be found.\n\n No resource provider with uuid 6224c424-fa82-4487-80a8-02d46d4a9063 found for delete ", "request_id": "req-c03b88bd-fb77-4a4b-8efb-c93102895d47"}]}
2026-07-21 07:50:09.350 9 INFO neutron.wsgi [None req-7c006030-5a2e-4949-af2f-f6b44326411d 7e203fb69e40492881de608567cfb4b1 b7e9058d26e84bc986aa738627a8cbf2 - - default default] 10.0.0.158 "DELETE /v2.0/security-groups/b9a3c107-f3ae-41b3-9366-21a18a9707f1/tags HTTP/1.1" status: 204 len: 168 time: 0.0521965
2026-07-21 07:50:09.361 10 INFO neutron.wsgi [None req-51d3e590-6bd1-451f-bf28-02ea44b80ce6 44669f0cf5f646e7b49a67a0ddaa05b4 9de0bacbae7f4bd2bfc6b6460935afd9 - - default default] 10.0.0.158 "DELETE /v2.0/networks/5a4b26ad-eb6c-4060-b125-a4980a5df6c5 HTTP/1.1" status: 204 len: 168 time: 0.4214747
2026-07-21 07:50:09.370 9 WARNING neutron_lib.context [None req-1ac8c7d2-6f7b-46e3-99f3-885e1ffbcce0 44669f0cf5f646e7b49a67a0ddaa05b4 9de0bacbae7f4bd2bfc6b6460935afd9 - - default default] Method 'is_advsvc' is deprecated since 2023.2 release (neutron-lib 3.8.0) and will be removed once support for the old RBAC API policies will be removed from Neutron. Please use method 'is_service_role' instead.
2026-07-21 07:50:09.383 9 INFO neutron.wsgi [None req-3ec73af7-4656-479f-979b-50d89c6232c5 7e203fb69e40492881de608567cfb4b1 b7e9058d26e84bc986aa738627a8cbf2 - - default default] 10.0.0.158 "GET /v2.0/security-groups/b9a3c107-f3ae-41b3-9366-21a18a9707f1/tags HTTP/1.1" status: 200 len: 205 time: 0.0279677
2026-07-21 07:50:09.456 9 INFO neutron.db.segments_db [None req-1ac8c7d2-6f7b-46e3-99f3-885e1ffbcce0 44669f0cf5f646e7b49a67a0ddaa05b4 9de0bacbae7f4bd2bfc6b6460935afd9 - - default default] Added segment b84e4c2e-c4e5-4904-9caf-7b3c2fbc9276 of type geneve for network 8fedbd7d-feb9-498f-88f1-a74e2e9345d2
2026-07-21 07:50:09.509 10 INFO neutron.wsgi [None req-a6b6778e-e131-4f75-a3a8-928f1d64e1f1 7e203fb69e40492881de608567cfb4b1 b7e9058d26e84bc986aa738627a8cbf2 - - default default] 10.0.0.158 "DELETE /v2.0/security-groups/b9a3c107-f3ae-41b3-9366-21a18a9707f1 HTTP/1.1" status: 204 len: 168 time: 0.1026223
2026-07-21 07:50:09.585 9 INFO neutron.db.ovn_revision_numbers_db [None req-1ac8c7d2-6f7b-46e3-99f3-885e1ffbcce0 44669f0cf5f646e7b49a67a0ddaa05b4 9de0bacbae7f4bd2bfc6b6460935afd9 - - default default] Successfully bumped revision number for resource 8fedbd7d-feb9-498f-88f1-a74e2e9345d2 (type: networks) to 1
2026-07-21 07:50:09.753 9 WARNING neutron.scheduler.dhcp_agent_scheduler [None req-1ac8c7d2-6f7b-46e3-99f3-885e1ffbcce0 44669f0cf5f646e7b49a67a0ddaa05b4 9de0bacbae7f4bd2bfc6b6460935afd9 - - default default] No more DHCP agents
2026-07-21 07:50:09.756 9 WARNING neutron.api.rpc.agentnotifiers.dhcp_rpc_agent_api [None req-1ac8c7d2-6f7b-46e3-99f3-885e1ffbcce0 44669f0cf5f646e7b49a67a0ddaa05b4 9de0bacbae7f4bd2bfc6b6460935afd9 - - default default] Unable to schedule network 8fedbd7d-feb9-498f-88f1-a74e2e9345d2: no agents available; will retry on subsequent port and subnet creation events.
2026-07-21 07:50:09.829 9 INFO neutron.db.ovn_revision_numbers_db [None req-1ac8c7d2-6f7b-46e3-99f3-885e1ffbcce0 44669f0cf5f646e7b49a67a0ddaa05b4 9de0bacbae7f4bd2bfc6b6460935afd9 - - default default] Successfully bumped revision number for resource cc7f3317-47c7-4569-9c7e-89d3d9a37bf8 (type: ports) to 1
2026-07-21 07:50:09.858 9 INFO neutron.wsgi [None req-1ac8c7d2-6f7b-46e3-99f3-885e1ffbcce0 44669f0cf5f646e7b49a67a0ddaa05b4 9de0bacbae7f4bd2bfc6b6460935afd9 - - default default] 10.0.0.158 "POST /v2.0/networks HTTP/1.1" status: 201 len: 835 time: 0.4915254
2026-07-21 07:50:09.871 9 WARNING neutron_lib.context [None req-faad9aef-36aa-4b81-8b23-d5df9950ff57 44669f0cf5f646e7b49a67a0ddaa05b4 9de0bacbae7f4bd2bfc6b6460935afd9 - - default default] Method 'is_advsvc' is deprecated since 2023.2 release (neutron-lib 3.8.0) and will be removed once support for the old RBAC API policies will be removed from Neutron. Please use method 'is_service_role' instead.
2026-07-21 07:50:10.135 9 WARNING neutron.scheduler.dhcp_agent_scheduler [None req-faad9aef-36aa-4b81-8b23-d5df9950ff57 44669f0cf5f646e7b49a67a0ddaa05b4 9de0bacbae7f4bd2bfc6b6460935afd9 - - default default] No more DHCP agents
2026-07-21 07:50:10.137 9 WARNING neutron.api.rpc.agentnotifiers.dhcp_rpc_agent_api [None req-faad9aef-36aa-4b81-8b23-d5df9950ff57 44669f0cf5f646e7b49a67a0ddaa05b4 9de0bacbae7f4bd2bfc6b6460935afd9 - - default default] Unable to schedule network 8fedbd7d-feb9-498f-88f1-a74e2e9345d2: no agents available; will retry on subsequent port and subnet creation events.
2026-07-21 07:50:10.176 9 INFO neutron.db.ovn_revision_numbers_db [None req-faad9aef-36aa-4b81-8b23-d5df9950ff57 44669f0cf5f646e7b49a67a0ddaa05b4 9de0bacbae7f4bd2bfc6b6460935afd9 - - default default] Successfully bumped revision number for resource 087b28b7-ec32-4ec1-9850-0fce8b3a558f (type: subnets) to 0
2026-07-21 07:50:10.192 9 INFO neutron.wsgi [None req-faad9aef-36aa-4b81-8b23-d5df9950ff57 44669f0cf5f646e7b49a67a0ddaa05b4 9de0bacbae7f4bd2bfc6b6460935afd9 - - default default] 10.0.0.158 "POST /v2.0/subnets HTTP/1.1" status: 201 len: 821 time: 0.3260946
2026-07-21 07:50:10.203 9 WARNING neutron_lib.context [None req-708ba675-2818-47aa-9729-e14bd512b70f 44669f0cf5f646e7b49a67a0ddaa05b4 9de0bacbae7f4bd2bfc6b6460935afd9 - - default default] Method 'is_advsvc' is deprecated since 2023.2 release (neutron-lib 3.8.0) and will be removed once support for the old RBAC API policies will be removed from Neutron. Please use method 'is_service_role' instead.
2026-07-21 07:50:10.342 10 INFO neutron.db.ovn_revision_numbers_db [None req-036c072e-6027-4a47-85cc-54de85832b00 392083e5b101457e8f890e1524eef317 cd995afa4ffd4531a858f1c201a6e449 - - default default] Successfully bumped revision number for resource 38de2db9-1ab2-44c1-b316-d802d98d3e19 (type: security_groups) to 1
2026-07-21 07:50:10.364 10 INFO neutron.db.ovn_revision_numbers_db [None req-036c072e-6027-4a47-85cc-54de85832b00 392083e5b101457e8f890e1524eef317 cd995afa4ffd4531a858f1c201a6e449 - - default default] Successfully bumped revision number for resource 965053d1-41a3-4338-92dc-282de3f9862b (type: security_group_rules) to 0
2026-07-21 07:50:10.388 10 INFO neutron.db.ovn_revision_numbers_db [None req-036c072e-6027-4a47-85cc-54de85832b00 392083e5b101457e8f890e1524eef317 cd995afa4ffd4531a858f1c201a6e449 - - default default] Successfully bumped revision number for resource b6c1541c-f222-4d1d-9875-fc8505163061 (type: security_group_rules) to 0
2026-07-21 07:50:10.403 10 INFO neutron.db.ovn_revision_numbers_db [None req-036c072e-6027-4a47-85cc-54de85832b00 392083e5b101457e8f890e1524eef317 cd995afa4ffd4531a858f1c201a6e449 - - default default] Successfully bumped revision number for resource d67f8576-516f-4574-9745-2662140b53f3 (type: security_group_rules) to 0
2026-07-21 07:50:10.416 10 INFO neutron.db.ovn_revision_numbers_db [None req-036c072e-6027-4a47-85cc-54de85832b00 392083e5b101457e8f890e1524eef317 cd995afa4ffd4531a858f1c201a6e449 - - default default] Successfully bumped revision number for resource e0f025d8-460b-4b93-8df7-3ce6fab5dd62 (type: security_group_rules) to 0
2026-07-21 07:50:10.441 10 INFO neutron.wsgi [None req-036c072e-6027-4a47-85cc-54de85832b00 392083e5b101457e8f890e1524eef317 cd995afa4ffd4531a858f1c201a6e449 - - default default] 10.0.0.158 "GET /v2.0/security-groups?tenant_id=3be0e2d3216a4a359c8c80f513fc9bc8&name=default HTTP/1.1" status: 200 len: 3000 time: 0.3826406
2026-07-21 07:50:10.561 9 WARNING neutron.scheduler.dhcp_agent_scheduler [None req-708ba675-2818-47aa-9729-e14bd512b70f 44669f0cf5f646e7b49a67a0ddaa05b4 9de0bacbae7f4bd2bfc6b6460935afd9 - - default default] No more DHCP agents
2026-07-21 07:50:10.564 9 WARNING neutron.api.rpc.agentnotifiers.dhcp_rpc_agent_api [None req-708ba675-2818-47aa-9729-e14bd512b70f 44669f0cf5f646e7b49a67a0ddaa05b4 9de0bacbae7f4bd2bfc6b6460935afd9 - - default default] Unable to schedule network 8fedbd7d-feb9-498f-88f1-a74e2e9345d2: no agents available; will retry on subsequent port and subnet creation events.
2026-07-21 07:50:10.672 9 INFO neutron.db.ovn_revision_numbers_db [None req-708ba675-2818-47aa-9729-e14bd512b70f 44669f0cf5f646e7b49a67a0ddaa05b4 9de0bacbae7f4bd2bfc6b6460935afd9 - - default default] Successfully bumped revision number for resource 1da88505-f2e1-49e4-8b42-1917631d5995 (type: ports) to 1
2026-07-21 07:50:10.692 9 INFO neutron.wsgi [None req-708ba675-2818-47aa-9729-e14bd512b70f 44669f0cf5f646e7b49a67a0ddaa05b4 9de0bacbae7f4bd2bfc6b6460935afd9 - - default default] 10.0.0.158 "POST /v2.0/ports HTTP/1.1" status: 201 len: 1126 time: 0.4937088
2026-07-21 07:50:10.848 10 INFO neutron.wsgi [None req-383be20c-e07c-498f-8be0-1c8ba4e77ed7 392083e5b101457e8f890e1524eef317 cd995afa4ffd4531a858f1c201a6e449 - - default default] 10.0.0.158 "DELETE /v2.0/security-groups/38de2db9-1ab2-44c1-b316-d802d98d3e19 HTTP/1.1" status: 204 len: 168 time: 0.4024699
2026-07-21 07:50:11.042 9 INFO neutron.wsgi [None req-146c2454-b6bc-4ae3-b926-52ac22a0ccc6 44669f0cf5f646e7b49a67a0ddaa05b4 9de0bacbae7f4bd2bfc6b6460935afd9 - - default default] 10.0.0.158 "DELETE /v2.0/ports/1da88505-f2e1-49e4-8b42-1917631d5995 HTTP/1.1" status: 204 len: 168 time: 0.3443954
2026-07-21 07:50:11.048 10 INFO neutron.wsgi [None req-fcc7399d-5425-40af-899e-61d6b5d93ae1 392083e5b101457e8f890e1524eef317 cd995afa4ffd4531a858f1c201a6e449 - - default default] 10.0.0.158 "GET /v2.0/security-groups?tenant_id=b7e9058d26e84bc986aa738627a8cbf2&name=default HTTP/1.1" status: 200 len: 3000 time: 0.0376801
2026-07-21 07:50:11.066 9 INFO neutron.pecan_wsgi.hooks.translation [None req-cc1d1846-d9ce-4223-8bff-f24e5ebbfca6 44669f0cf5f646e7b49a67a0ddaa05b4 9de0bacbae7f4bd2bfc6b6460935afd9 - - default default] GET failed (client error): The resource could not be found.
2026-07-21 07:50:11.067 9 INFO neutron.wsgi [None req-cc1d1846-d9ce-4223-8bff-f24e5ebbfca6 44669f0cf5f646e7b49a67a0ddaa05b4 9de0bacbae7f4bd2bfc6b6460935afd9 - - default default] 10.0.0.158 "GET /v2.0/ports/1da88505-f2e1-49e4-8b42-1917631d5995 HTTP/1.1" status: 404 len: 333 time: 0.0185778
2026-07-21 07:50:11.258 10 INFO neutron.wsgi [None req-485f5d9d-0aad-40c9-8846-e6854f2f68f3 44669f0cf5f646e7b49a67a0ddaa05b4 9de0bacbae7f4bd2bfc6b6460935afd9 - - default default] 10.0.0.158 "DELETE /v2.0/subnets/087b28b7-ec32-4ec1-9850-0fce8b3a558f HTTP/1.1" status: 204 len: 168 time: 0.1865094
2026-07-21 07:50:11.312 10 INFO neutron.wsgi [None req-41550844-bfbc-40f5-bf0b-1942df7a2b74 392083e5b101457e8f890e1524eef317 cd995afa4ffd4531a858f1c201a6e449 - - default default] 10.0.0.158 "DELETE /v2.0/security-groups/b5503ddc-5447-41dd-87f8-70e33b0b3cc0 HTTP/1.1" status: 204 len: 168 time: 0.2590415
2026-07-21 07:50:11.571 10 INFO neutron.services.segments.plugin [-] Segment b84e4c2e-c4e5-4904-9caf-7b3c2fbc9276 resource provider aggregate not found
2026-07-21 07:50:11.577 10 INFO neutron.services.segments.plugin [-] Segment b84e4c2e-c4e5-4904-9caf-7b3c2fbc9276 resource provider aggregate not found
2026-07-21 07:50:11.592 10 INFO neutron.services.segments.plugin [-] Segment b84e4c2e-c4e5-4904-9caf-7b3c2fbc9276 resource provider not found; error: Placement Client Error (4xx): {"errors": [{"status": 404, "title": "Not Found", "detail": "The resource could not be found.\n\n No resource provider with uuid b84e4c2e-c4e5-4904-9caf-7b3c2fbc9276 found for delete ", "request_id": "req-6aa98be2-3367-4a02-8201-f8ee0f743681"}]}
2026-07-21 07:50:11.594 10 INFO neutron.services.segments.plugin [-] Segment b84e4c2e-c4e5-4904-9caf-7b3c2fbc9276 resource provider not found; error: Placement Client Error (4xx): {"errors": [{"status": 404, "title": "Not Found", "detail": "The resource could not be found.\n\n No resource provider with uuid b84e4c2e-c4e5-4904-9caf-7b3c2fbc9276 found for delete ", "request_id": "req-0adb7931-a32d-4e23-8edc-fd67117c97b2"}]}
2026-07-21 07:50:11.625 10 INFO neutron.wsgi [None req-629d2550-dadd-4adc-ab37-d3ca72cd7c66 44669f0cf5f646e7b49a67a0ddaa05b4 9de0bacbae7f4bd2bfc6b6460935afd9 - - default default] 10.0.0.158 "DELETE /v2.0/networks/8fedbd7d-feb9-498f-88f1-a74e2e9345d2 HTTP/1.1" status: 204 len: 168 time: 0.3593888
2026-07-21 07:50:11.638 9 WARNING neutron_lib.context [None req-e42a5f17-b211-4d6c-b137-68e4d5494964 44669f0cf5f646e7b49a67a0ddaa05b4 9de0bacbae7f4bd2bfc6b6460935afd9 - - default default] Method 'is_advsvc' is deprecated since 2023.2 release (neutron-lib 3.8.0) and will be removed once support for the old RBAC API policies will be removed from Neutron. Please use method 'is_service_role' instead.
2026-07-21 07:50:11.911 9 WARNING neutron.scheduler.dhcp_agent_scheduler [None req-e42a5f17-b211-4d6c-b137-68e4d5494964 44669f0cf5f646e7b49a67a0ddaa05b4 9de0bacbae7f4bd2bfc6b6460935afd9 - - default default] No more DHCP agents
2026-07-21 07:50:11.914 9 WARNING neutron.api.rpc.agentnotifiers.dhcp_rpc_agent_api [None req-e42a5f17-b211-4d6c-b137-68e4d5494964 44669f0cf5f646e7b49a67a0ddaa05b4 9de0bacbae7f4bd2bfc6b6460935afd9 - - default default] Unable to schedule network 14accd9b-769a-4416-ac48-8a597ab5face: no agents available; will retry on subsequent port and subnet creation events.
2026-07-21 07:50:12.006 9 INFO neutron.db.ovn_revision_numbers_db [None req-e42a5f17-b211-4d6c-b137-68e4d5494964 44669f0cf5f646e7b49a67a0ddaa05b4 9de0bacbae7f4bd2bfc6b6460935afd9 - - default default] Successfully bumped revision number for resource fb32099d-0830-401e-bb9e-11e6ac8a9961 (type: ports) to 1
2026-07-21 07:50:12.029 9 INFO neutron.wsgi [None req-e42a5f17-b211-4d6c-b137-68e4d5494964 44669f0cf5f646e7b49a67a0ddaa05b4 9de0bacbae7f4bd2bfc6b6460935afd9 - - default default] 10.0.0.158 "POST /v2.0/ports HTTP/1.1" status: 201 len: 978 time: 0.3967524 /var/lib/openstack/lib/python3.10/site-packages/pycadf/identifier.py:71: UserWarning: Invalid uuid: neutron. To ensure interoperability, identifiers should be a valid uuid. warnings.warn(('Invalid uuid: %s. To ensure interoperability, '
2026-07-21 07:50:12.235 9 INFO neutron.plugins.ml2.drivers.ovn.mech_driver.mech_driver [None req-edcfc3cf-e4fd-463d-9ac2-f673b9c71150 - - - - - -] OVN reports status down for port: fb32099d-0830-401e-bb9e-11e6ac8a9961
2026-07-21 07:50:12.269 9 INFO neutron.db.ovn_revision_numbers_db [None req-65706304-bd6c-499f-a2af-3ce1f7b1ba59 44669f0cf5f646e7b49a67a0ddaa05b4 9de0bacbae7f4bd2bfc6b6460935afd9 - - default default] Successfully bumped revision number for resource fb32099d-0830-401e-bb9e-11e6ac8a9961 (type: ports) to 2
2026-07-21 07:50:12.281 9 INFO neutron.wsgi [None req-65706304-bd6c-499f-a2af-3ce1f7b1ba59 44669f0cf5f646e7b49a67a0ddaa05b4 9de0bacbae7f4bd2bfc6b6460935afd9 - - default default] 10.0.0.158 "PUT /v2.0/ports/fb32099d-0830-401e-bb9e-11e6ac8a9961 HTTP/1.1" status: 200 len: 946 time: 0.2463341
2026-07-21 07:50:12.529 10 INFO neutron.wsgi [None req-64746375-3cab-487e-9434-bcc411d070c3 44669f0cf5f646e7b49a67a0ddaa05b4 9de0bacbae7f4bd2bfc6b6460935afd9 - - default default] 10.0.0.158 "DELETE /v2.0/ports/fb32099d-0830-401e-bb9e-11e6ac8a9961 HTTP/1.1" status: 204 len: 168 time: 0.2409170 /var/lib/openstack/lib/python3.10/site-packages/pycadf/identifier.py:71: UserWarning: Invalid uuid: neutron. To ensure interoperability, identifiers should be a valid uuid. warnings.warn(('Invalid uuid: %s. To ensure interoperability, '
2026-07-21 07:50:12.607 9 INFO neutron.wsgi [None req-19befe00-305b-417d-be09-ef6e981b0ef8 44669f0cf5f646e7b49a67a0ddaa05b4 9de0bacbae7f4bd2bfc6b6460935afd9 - - default default] 10.0.0.158 "GET /v2.0/ports HTTP/1.1" status: 200 len: 1733 time: 0.0730774
2026-07-21 07:50:12.629 9 INFO neutron.pecan_wsgi.hooks.translation [None req-f17f8340-ee92-4f38-a84c-1d260c17be90 44669f0cf5f646e7b49a67a0ddaa05b4 9de0bacbae7f4bd2bfc6b6460935afd9 - - default default] GET failed (client error): The resource could not be found.
2026-07-21 07:50:12.630 9 INFO neutron.wsgi [None req-f17f8340-ee92-4f38-a84c-1d260c17be90 44669f0cf5f646e7b49a67a0ddaa05b4 9de0bacbae7f4bd2bfc6b6460935afd9 - - default default] 10.0.0.158 "GET /v2.0/ports/fb32099d-0830-401e-bb9e-11e6ac8a9961 HTTP/1.1" status: 404 len: 333 time: 0.0180314
2026-07-21 07:50:12.674 9 INFO neutron.wsgi [None req-b2d6454c-a7d2-44e2-ac3c-42d840e5668c 44669f0cf5f646e7b49a67a0ddaa05b4 9de0bacbae7f4bd2bfc6b6460935afd9 - - default default] 10.0.0.158 "GET /v2.0/ports HTTP/1.1" status: 200 len: 1733 time: 0.0365138
2026-07-21 07:50:12.720 9 INFO neutron.wsgi [None req-4fc6621f-84b3-40e6-ac27-eb534646ae80 44669f0cf5f646e7b49a67a0ddaa05b4 9de0bacbae7f4bd2bfc6b6460935afd9 - - default default] 10.0.0.158 "GET /v2.0/ports/78fc8b01-2281-45bf-b716-d5d947a97a68 HTTP/1.1" status: 200 len: 973 time: 0.0386610
2026-07-21 07:50:12.740 9 INFO neutron.pecan_wsgi.hooks.translation [None req-8dab5620-df8c-45b1-a49c-d223ee23b7b3 44669f0cf5f646e7b49a67a0ddaa05b4 9de0bacbae7f4bd2bfc6b6460935afd9 - - default default] DELETE failed (client error): The resource could not be found.
2026-07-21 07:50:12.743 9 INFO neutron.wsgi [None req-8dab5620-df8c-45b1-a49c-d223ee23b7b3 44669f0cf5f646e7b49a67a0ddaa05b4 9de0bacbae7f4bd2bfc6b6460935afd9 - - default default] 10.0.0.158 "DELETE /v2.0/ports/1da88505-f2e1-49e4-8b42-1917631d5995 HTTP/1.1" status: 404 len: 333 time: 0.0165248
2026-07-21 07:50:12.760 9 INFO neutron.pecan_wsgi.hooks.translation [None req-1d9dc89d-3a8d-425c-b586-4866b92780ed 44669f0cf5f646e7b49a67a0ddaa05b4 9de0bacbae7f4bd2bfc6b6460935afd9 - - default default] DELETE failed (client error): The resource could not be found.
2026-07-21 07:50:12.763 9 INFO neutron.wsgi [None req-1d9dc89d-3a8d-425c-b586-4866b92780ed 44669f0cf5f646e7b49a67a0ddaa05b4 9de0bacbae7f4bd2bfc6b6460935afd9 - - default default] 10.0.0.158 "DELETE /v2.0/subnets/087b28b7-ec32-4ec1-9850-0fce8b3a558f HTTP/1.1" status: 404 len: 337 time: 0.0156944
2026-07-21 07:50:12.784 10 INFO neutron.pecan_wsgi.hooks.translation [None req-9dd2ee2c-db3c-433e-a30b-215b145fa4bc 44669f0cf5f646e7b49a67a0ddaa05b4 9de0bacbae7f4bd2bfc6b6460935afd9 - - default default] DELETE failed (client error): The resource could not be found.
2026-07-21 07:50:12.787 10 INFO neutron.wsgi [None req-9dd2ee2c-db3c-433e-a30b-215b145fa4bc 44669f0cf5f646e7b49a67a0ddaa05b4 9de0bacbae7f4bd2bfc6b6460935afd9 - - default default] 10.0.0.158 "DELETE /v2.0/subnets/381b5905-fe88-4821-9dc5-cab35f88e44d HTTP/1.1" status: 404 len: 337 time: 0.0181596
2026-07-21 07:50:13.053 10 INFO neutron.wsgi [None req-d329cc84-3ae4-439b-8114-fd1b6b4b9499 44669f0cf5f646e7b49a67a0ddaa05b4 9de0bacbae7f4bd2bfc6b6460935afd9 - - default default] 10.0.0.158 "DELETE /v2.0/ports/78fc8b01-2281-45bf-b716-d5d947a97a68 HTTP/1.1" status: 204 len: 168 time: 0.2619040
2026-07-21 07:50:13.418 10 INFO neutron.wsgi [None req-3b5cd5ac-cef6-4555-b178-8490ac6c16ab 44669f0cf5f646e7b49a67a0ddaa05b4 9de0bacbae7f4bd2bfc6b6460935afd9 - - default default] 10.0.0.158 "DELETE /v2.0/networks/14accd9b-769a-4416-ac48-8a597ab5face HTTP/1.1" status: 204 len: 168 time: 0.3598664
2026-07-21 07:50:13.612 10 INFO neutron.services.segments.plugin [-] Segment 55d4ce0d-9a5f-434b-b780-c7f12a17497e resource provider aggregate not found
2026-07-21 07:50:13.619 10 INFO neutron.services.segments.plugin [-] Segment 55d4ce0d-9a5f-434b-b780-c7f12a17497e resource provider aggregate not found
2026-07-21 07:50:13.634 10 INFO neutron.services.segments.plugin [-] Segment 55d4ce0d-9a5f-434b-b780-c7f12a17497e resource provider not found; error: Placement Client Error (4xx): {"errors": [{"status": 404, "title": "Not Found", "detail": "The resource could not be found.\n\n No resource provider with uuid 55d4ce0d-9a5f-434b-b780-c7f12a17497e found for delete ", "request_id": "req-f4c42205-50f8-4ed7-b099-1e47cc5dae07"}]}
2026-07-21 07:50:13.639 10 INFO neutron.services.segments.plugin [-] Segment 55d4ce0d-9a5f-434b-b780-c7f12a17497e resource provider not found; error: Placement Client Error (4xx): {"errors": [{"status": 404, "title": "Not Found", "detail": "The resource could not be found.\n\n No resource provider with uuid 55d4ce0d-9a5f-434b-b780-c7f12a17497e found for delete ", "request_id": "req-0c78111c-4fad-47fb-a67d-fc6968db60dc"}]}
2026-07-21 07:50:14.110 10 INFO neutron.wsgi [None req-f2c53fa8-8353-4707-8b50-325791034be5 392083e5b101457e8f890e1524eef317 cd995afa4ffd4531a858f1c201a6e449 - - default default] 10.0.0.158 "GET /v2.0/security-groups?tenant_id=9de0bacbae7f4bd2bfc6b6460935afd9&name=default HTTP/1.1" status: 200 len: 3000 time: 0.1337466
2026-07-21 07:50:14.319 10 INFO neutron.wsgi [None req-eae08c6e-b063-46b8-b2f4-fe3979bab12c 392083e5b101457e8f890e1524eef317 cd995afa4ffd4531a858f1c201a6e449 - - default default] 10.0.0.158 "DELETE /v2.0/security-groups/6a97e007-83ab-45a3-b7ca-7c491834120f HTTP/1.1" status: 204 len: 168 time: 0.2054303
2026-07-21 07:50:14.452 10 WARNING neutron_lib.context [None req-98a14a2b-efc6-469b-817d-ef481716cb83 83540fc4698b4e708447e0700115ff15 60eae9221b35494398fd2af22d1e3264 - - default default] Method 'is_advsvc' is deprecated since 2023.2 release (neutron-lib 3.8.0) and will be removed once support for the old RBAC API policies will be removed from Neutron. Please use method 'is_service_role' instead.
2026-07-21 07:50:14.572 10 INFO neutron.db.ovn_revision_numbers_db [None req-98a14a2b-efc6-469b-817d-ef481716cb83 83540fc4698b4e708447e0700115ff15 60eae9221b35494398fd2af22d1e3264 - - default default] Successfully bumped revision number for resource 39781695-b51d-45e3-a20f-0bb66e28efd6 (type: security_groups) to 1
2026-07-21 07:50:14.586 10 INFO neutron.db.ovn_revision_numbers_db [None req-98a14a2b-efc6-469b-817d-ef481716cb83 83540fc4698b4e708447e0700115ff15 60eae9221b35494398fd2af22d1e3264 - - default default] Successfully bumped revision number for resource 13d8548f-4844-4e6a-8f69-eaa342485f6a (type: security_group_rules) to 0
2026-07-21 07:50:14.600 10 INFO neutron.db.ovn_revision_numbers_db [None req-98a14a2b-efc6-469b-817d-ef481716cb83 83540fc4698b4e708447e0700115ff15 60eae9221b35494398fd2af22d1e3264 - - default default] Successfully bumped revision number for resource 6eeae7a9-c8df-4146-949e-1fd5c770a98c (type: security_group_rules) to 0
2026-07-21 07:50:14.614 10 INFO neutron.db.ovn_revision_numbers_db [None req-98a14a2b-efc6-469b-817d-ef481716cb83 83540fc4698b4e708447e0700115ff15 60eae9221b35494398fd2af22d1e3264 - - default default] Successfully bumped revision number for resource b7664a98-0ebb-4e4f-9bd2-12db0e3545c0 (type: security_group_rules) to 0
2026-07-21 07:50:14.627 10 INFO neutron.db.ovn_revision_numbers_db [None req-98a14a2b-efc6-469b-817d-ef481716cb83 83540fc4698b4e708447e0700115ff15 60eae9221b35494398fd2af22d1e3264 - - default default] Successfully bumped revision number for resource fb7610dc-16e4-492d-807b-9d5a57d81127 (type: security_group_rules) to 0
2026-07-21 07:50:14.675 10 INFO neutron.db.segments_db [None req-98a14a2b-efc6-469b-817d-ef481716cb83 83540fc4698b4e708447e0700115ff15 60eae9221b35494398fd2af22d1e3264 - - default default] Added segment 75bcd800-defa-4dad-8cec-6dadb5a5fbc4 of type geneve for network c5de3768-4c1d-45bd-9b89-5791beaa5d63
2026-07-21 07:50:14.812 10 INFO neutron.db.ovn_revision_numbers_db [None req-98a14a2b-efc6-469b-817d-ef481716cb83 83540fc4698b4e708447e0700115ff15 60eae9221b35494398fd2af22d1e3264 - - default default] Successfully bumped revision number for resource c5de3768-4c1d-45bd-9b89-5791beaa5d63 (type: networks) to 1
2026-07-21 07:50:15.050 10 WARNING neutron.scheduler.dhcp_agent_scheduler [None req-98a14a2b-efc6-469b-817d-ef481716cb83 83540fc4698b4e708447e0700115ff15 60eae9221b35494398fd2af22d1e3264 - - default default] No more DHCP agents
2026-07-21 07:50:15.054 10 WARNING neutron.api.rpc.agentnotifiers.dhcp_rpc_agent_api [None req-98a14a2b-efc6-469b-817d-ef481716cb83 83540fc4698b4e708447e0700115ff15 60eae9221b35494398fd2af22d1e3264 - - default default] Unable to schedule network c5de3768-4c1d-45bd-9b89-5791beaa5d63: no agents available; will retry on subsequent port and subnet creation events.
2026-07-21 07:50:15.153 10 INFO neutron.db.ovn_revision_numbers_db [None req-98a14a2b-efc6-469b-817d-ef481716cb83 83540fc4698b4e708447e0700115ff15 60eae9221b35494398fd2af22d1e3264 - - default default] Successfully bumped revision number for resource 6963785c-d9fd-4565-bbff-f85cf8fcd68e (type: ports) to 1
2026-07-21 07:50:15.176 10 INFO neutron.wsgi [None req-98a14a2b-efc6-469b-817d-ef481716cb83 83540fc4698b4e708447e0700115ff15 60eae9221b35494398fd2af22d1e3264 - - default default] 10.0.0.158 "POST /v2.0/networks HTTP/1.1" status: 201 len: 839 time: 0.8307233
2026-07-21 07:50:15.186 10 WARNING neutron_lib.context [None req-0ff598d3-b3fd-429c-a07f-bf69fb066545 83540fc4698b4e708447e0700115ff15 60eae9221b35494398fd2af22d1e3264 - - default default] Method 'is_advsvc' is deprecated since 2023.2 release (neutron-lib 3.8.0) and will be removed once support for the old RBAC API policies will be removed from Neutron. Please use method 'is_service_role' instead.
2026-07-21 07:50:15.447 10 WARNING neutron.scheduler.dhcp_agent_scheduler [None req-0ff598d3-b3fd-429c-a07f-bf69fb066545 83540fc4698b4e708447e0700115ff15 60eae9221b35494398fd2af22d1e3264 - - default default] No more DHCP agents
2026-07-21 07:50:15.448 10 WARNING neutron.api.rpc.agentnotifiers.dhcp_rpc_agent_api [None req-0ff598d3-b3fd-429c-a07f-bf69fb066545 83540fc4698b4e708447e0700115ff15 60eae9221b35494398fd2af22d1e3264 - - default default] Unable to schedule network c5de3768-4c1d-45bd-9b89-5791beaa5d63: no agents available; will retry on subsequent port and subnet creation events.
2026-07-21 07:50:15.960 10 INFO neutron.db.ovn_revision_numbers_db [None req-0ff598d3-b3fd-429c-a07f-bf69fb066545 83540fc4698b4e708447e0700115ff15 60eae9221b35494398fd2af22d1e3264 - - default default] Successfully bumped revision number for resource 6963785c-d9fd-4565-bbff-f85cf8fcd68e (type: ports) to 2
2026-07-21 07:50:15.991 10 INFO neutron.db.ovn_revision_numbers_db [None req-0ff598d3-b3fd-429c-a07f-bf69fb066545 83540fc4698b4e708447e0700115ff15 60eae9221b35494398fd2af22d1e3264 - - default default] Successfully bumped revision number for resource 6081f43d-0997-42fb-a599-5f6f5232dc03 (type: subnets) to 0
2026-07-21 07:50:16.004 10 INFO neutron.wsgi [None req-0ff598d3-b3fd-429c-a07f-bf69fb066545 83540fc4698b4e708447e0700115ff15 60eae9221b35494398fd2af22d1e3264 - - default default] 10.0.0.158 "POST /v2.0/subnets HTTP/1.1" status: 201 len: 832 time: 0.8220341
2026-07-21 07:50:16.260 10 INFO neutron.wsgi [None req-0a4012e7-f839-405f-9a3b-a38586754533 42f82c96c464418dbd4ca51c83c0f9f8 048a4e00a83a451c9567ddcf5730727f - - default default] 10.0.0.158 "GET /v2.0/subnetpools?name=shared-default-subnetpool-v6 HTTP/1.1" status: 200 len: 212 time: 0.2509801
2026-07-21 07:50:16.280 9 WARNING neutron_lib.context [None req-98174b85-80f5-4665-887b-b0ad8c90a87a 83540fc4698b4e708447e0700115ff15 60eae9221b35494398fd2af22d1e3264 - - default default] Method 'is_advsvc' is deprecated since 2023.2 release (neutron-lib 3.8.0) and will be removed once support for the old RBAC API policies will be removed from Neutron. Please use method 'is_service_role' instead.
2026-07-21 07:50:16.627 9 WARNING neutron.scheduler.dhcp_agent_scheduler [None req-98174b85-80f5-4665-887b-b0ad8c90a87a 83540fc4698b4e708447e0700115ff15 60eae9221b35494398fd2af22d1e3264 - - default default] No more DHCP agents
