2026-07-21 07:49:58.284 10 INFO neutron.db.ovn_revision_numbers_db [None req-328f1a3b-cf8b-4366-a8cf-a93fa1b872a8 392083e5b101457e8f890e1524eef317 cd995afa4ffd4531a858f1c201a6e449 - - default default] Successfully bumped revision number for resource c4916475-4e94-44d4-8333-d7d8994f4489 (type: security_group_rules) to 0
2026-07-21 07:49:58.299 10 INFO neutron.db.ovn_revision_numbers_db [None req-328f1a3b-cf8b-4366-a8cf-a93fa1b872a8 392083e5b101457e8f890e1524eef317 cd995afa4ffd4531a858f1c201a6e449 - - default default] Successfully bumped revision number for resource d25df9b3-353c-4782-9050-433004273e85 (type: security_group_rules) to 0
2026-07-21 07:49:58.310 9 INFO neutron.wsgi [None req-c791c0d6-78a2-4297-9d1e-7cdfc0b5f7d6 cf30a108fe8e48d0bb1677d269d8824f 9ba0adc6929042c083edae61fc3c0702 - - default default] 10.0.0.158 "GET /v2.0/routers/e4be6610-6f56-4ae8-9432-c632a758abbc HTTP/1.1" status: 200 len: 655 time: 0.0463171
2026-07-21 07:49:58.341 10 INFO neutron.wsgi [None req-328f1a3b-cf8b-4366-a8cf-a93fa1b872a8 392083e5b101457e8f890e1524eef317 cd995afa4ffd4531a858f1c201a6e449 - - default default] 10.0.0.158 "GET /v2.0/security-groups?tenant_id=6c86aa8e07944ae085b28c35d42e594b&name=default HTTP/1.1" status: 200 len: 2996 time: 0.3328035
2026-07-21 07:49:58.346 10 WARNING neutron.scheduler.dhcp_agent_scheduler [None req-64c06ab5-9273-422e-bafa-e5389d48d3d8 eda1dfb9e893496e87911b85f286b932 1fe024c5fd2e4f3e929de790c406b33c - - default default] No more DHCP agents
2026-07-21 07:49:58.350 10 WARNING neutron.api.rpc.agentnotifiers.dhcp_rpc_agent_api [None req-64c06ab5-9273-422e-bafa-e5389d48d3d8 eda1dfb9e893496e87911b85f286b932 1fe024c5fd2e4f3e929de790c406b33c - - default default] Unable to schedule network 16aee7d3-0fa5-4eb8-b57e-c5baa513e438: no agents available; will retry on subsequent port and subnet creation events.
2026-07-21 07:49:58.644 10 INFO neutron.wsgi [None req-a7fd4e26-8bf8-4cc4-ae08-df92cb8d4a41 392083e5b101457e8f890e1524eef317 cd995afa4ffd4531a858f1c201a6e449 - - default default] 10.0.0.158 "DELETE /v2.0/security-groups/28073376-bb1a-4aab-b4c2-32fe6664dd85 HTTP/1.1" status: 204 len: 168 time: 0.2969141
2026-07-21 07:49:58.747 10 INFO neutron.services.segments.plugin [-] Segment 663ee480-0935-4fe4-b825-cea652b8f920 resource provider aggregate not found
2026-07-21 07:49:58.760 10 INFO neutron.services.segments.plugin [-] Segment 663ee480-0935-4fe4-b825-cea652b8f920 resource provider aggregate not found
2026-07-21 07:49:58.763 9 INFO neutron.db.ovn_revision_numbers_db [None req-5671a2ae-c1ed-4916-a216-00163ccf7020 cf30a108fe8e48d0bb1677d269d8824f 9ba0adc6929042c083edae61fc3c0702 - - default default] Successfully bumped revision number for resource e4be6610-6f56-4ae8-9432-c632a758abbc (type: routers) to 7
2026-07-21 07:49:58.766 10 INFO neutron.services.segments.plugin [-] Segment 663ee480-0935-4fe4-b825-cea652b8f920 resource provider not found; error: Placement Client Error (4xx): {"errors": [{"status": 404, "title": "Not Found", "detail": "The resource could not be found.\n\n No resource provider with uuid 663ee480-0935-4fe4-b825-cea652b8f920 found for delete ", "request_id": "req-883cf95b-1d66-44a1-b103-184164f8bd87"}]}
2026-07-21 07:49:58.767 9 INFO neutron.wsgi [None req-5671a2ae-c1ed-4916-a216-00163ccf7020 cf30a108fe8e48d0bb1677d269d8824f 9ba0adc6929042c083edae61fc3c0702 - - default default] 10.0.0.158 "PUT /v2.0/routers/e4be6610-6f56-4ae8-9432-c632a758abbc HTTP/1.1" status: 200 len: 655 time: 0.4522994
2026-07-21 07:49:58.777 10 INFO neutron.services.segments.plugin [-] Segment 663ee480-0935-4fe4-b825-cea652b8f920 resource provider not found; error: Placement Client Error (4xx): {"errors": [{"status": 404, "title": "Not Found", "detail": "The resource could not be found.\n\n No resource provider with uuid 663ee480-0935-4fe4-b825-cea652b8f920 found for delete ", "request_id": "req-b2963f64-6399-45c9-b154-692c57bb8dd4"}]}
2026-07-21 07:49:58.790 9 INFO neutron.wsgi [None req-21c29c71-f4c9-4c4f-9b20-b5bdb66b93f4 cf30a108fe8e48d0bb1677d269d8824f 9ba0adc6929042c083edae61fc3c0702 - - default default] 10.0.0.158 "GET /v2.0/ports?device_id=e4be6610-6f56-4ae8-9432-c632a758abbc HTTP/1.1" status: 200 len: 205 time: 0.0193028
2026-07-21 07:49:58.980 10 INFO neutron.db.ovn_revision_numbers_db [None req-64c06ab5-9273-422e-bafa-e5389d48d3d8 eda1dfb9e893496e87911b85f286b932 1fe024c5fd2e4f3e929de790c406b33c - - default default] Successfully bumped revision number for resource 62d69318-1309-412b-a924-2ee39f9bf146 (type: ports) to 2
2026-07-21 07:49:59.016 10 INFO neutron.db.ovn_revision_numbers_db [None req-64c06ab5-9273-422e-bafa-e5389d48d3d8 eda1dfb9e893496e87911b85f286b932 1fe024c5fd2e4f3e929de790c406b33c - - default default] Successfully bumped revision number for resource a6850da5-436d-4f41-8595-11bd98ef1887 (type: subnets) to 0
2026-07-21 07:49:59.044 10 WARNING neutron.scheduler.dhcp_agent_scheduler [None req-64c06ab5-9273-422e-bafa-e5389d48d3d8 eda1dfb9e893496e87911b85f286b932 1fe024c5fd2e4f3e929de790c406b33c - - default default] No more DHCP agents
2026-07-21 07:49:59.046 10 WARNING neutron.api.rpc.agentnotifiers.dhcp_rpc_agent_api [None req-64c06ab5-9273-422e-bafa-e5389d48d3d8 eda1dfb9e893496e87911b85f286b932 1fe024c5fd2e4f3e929de790c406b33c - - default default] Unable to schedule network 39c7157b-4e56-4ffc-81c6-65d27a1751ad: no agents available; will retry on subsequent port and subnet creation events.
2026-07-21 07:49:59.101 9 INFO neutron.wsgi [None req-df981b36-7690-47f1-8156-262ce6de321f cf30a108fe8e48d0bb1677d269d8824f 9ba0adc6929042c083edae61fc3c0702 - - default default] 10.0.0.158 "DELETE /v2.0/routers/e4be6610-6f56-4ae8-9432-c632a758abbc HTTP/1.1" status: 204 len: 168 time: 0.3009191
2026-07-21 07:49:59.142 10 INFO neutron.wsgi [None req-b91591ef-e1bb-47ee-b4cc-c5a964e91ddc 392083e5b101457e8f890e1524eef317 cd995afa4ffd4531a858f1c201a6e449 - - default default] 10.0.0.158 "GET /v2.0/security-groups?tenant_id=1cc3bf05fb2d4e4cb66b39a4d4233a0c&name=default HTTP/1.1" status: 200 len: 2996 time: 0.2349095
2026-07-21 07:49:59.316 9 INFO neutron.wsgi [None req-7f186e6b-1ddb-48b6-8228-e13eba046891 392083e5b101457e8f890e1524eef317 cd995afa4ffd4531a858f1c201a6e449 - - default default] 10.0.0.158 "DELETE /v2.0/security-groups/5c26a7b0-987a-445a-be44-2982dc7d8475 HTTP/1.1" status: 204 len: 168 time: 0.1689324
2026-07-21 07:49:59.529 10 INFO neutron.db.ovn_revision_numbers_db [None req-64c06ab5-9273-422e-bafa-e5389d48d3d8 eda1dfb9e893496e87911b85f286b932 1fe024c5fd2e4f3e929de790c406b33c - - default default] Successfully bumped revision number for resource 97bb2372-b1da-499e-bd46-d56239d11d02 (type: ports) to 2
2026-07-21 07:49:59.573 10 INFO neutron.db.ovn_revision_numbers_db [None req-64c06ab5-9273-422e-bafa-e5389d48d3d8 eda1dfb9e893496e87911b85f286b932 1fe024c5fd2e4f3e929de790c406b33c - - default default] Successfully bumped revision number for resource 86011c80-e82b-41be-a2f3-68fc5d7c65cd (type: subnets) to 0
2026-07-21 07:49:59.588 10 INFO neutron.wsgi [None req-64c06ab5-9273-422e-bafa-e5389d48d3d8 eda1dfb9e893496e87911b85f286b932 1fe024c5fd2e4f3e929de790c406b33c - - default default] 10.0.0.158 "POST /v2.0/subnets HTTP/1.1" status: 201 len: 1425 time: 1.7922065
2026-07-21 07:49:59.588 9 INFO neutron.db.ovn_revision_numbers_db [None req-286aa048-ea3c-4154-984b-7142e83aca82 392083e5b101457e8f890e1524eef317 cd995afa4ffd4531a858f1c201a6e449 - - default default] Successfully bumped revision number for resource e36f022f-1cb0-434d-b92b-50425cc6c17b (type: security_groups) to 1
2026-07-21 07:49:59.599 9 INFO neutron.db.ovn_revision_numbers_db [None req-286aa048-ea3c-4154-984b-7142e83aca82 392083e5b101457e8f890e1524eef317 cd995afa4ffd4531a858f1c201a6e449 - - default default] Successfully bumped revision number for resource 04a4a73f-8f94-48c5-96dd-7b9d84ab54df (type: security_group_rules) to 0
2026-07-21 07:49:59.612 9 INFO neutron.db.ovn_revision_numbers_db [None req-286aa048-ea3c-4154-984b-7142e83aca82 392083e5b101457e8f890e1524eef317 cd995afa4ffd4531a858f1c201a6e449 - - default default] Successfully bumped revision number for resource 884c3263-27c2-4afe-871e-d2b4cf216e06 (type: security_group_rules) to 0
2026-07-21 07:49:59.626 9 INFO neutron.db.ovn_revision_numbers_db [None req-286aa048-ea3c-4154-984b-7142e83aca82 392083e5b101457e8f890e1524eef317 cd995afa4ffd4531a858f1c201a6e449 - - default default] Successfully bumped revision number for resource 9bdb0b8e-bc08-4339-8599-d8ab47503355 (type: security_group_rules) to 0
2026-07-21 07:49:59.639 9 INFO neutron.db.ovn_revision_numbers_db [None req-286aa048-ea3c-4154-984b-7142e83aca82 392083e5b101457e8f890e1524eef317 cd995afa4ffd4531a858f1c201a6e449 - - default default] Successfully bumped revision number for resource b4bdb002-7791-4c66-8b65-127e5a87d084 (type: security_group_rules) to 0
2026-07-21 07:49:59.647 10 INFO neutron.wsgi [None req-6e831655-9b00-44d1-b36d-9c69901dcdfe eda1dfb9e893496e87911b85f286b932 1fe024c5fd2e4f3e929de790c406b33c - - default default] 10.0.0.158 "GET /v2.0/subnets HTTP/1.1" status: 200 len: 2033 time: 0.0542982
2026-07-21 07:49:59.661 9 INFO neutron.wsgi [None req-286aa048-ea3c-4154-984b-7142e83aca82 392083e5b101457e8f890e1524eef317 cd995afa4ffd4531a858f1c201a6e449 - - default default] 10.0.0.158 "GET /v2.0/security-groups?tenant_id=fd4299c0aa7b4fe593b342c36e5731c9&name=default HTTP/1.1" status: 200 len: 2996 time: 0.1958098
2026-07-21 07:49:59.961 9 INFO neutron.db.ovn_revision_numbers_db [None req-f10f612b-1e41-4d8b-b2fd-b8b52de022e6 392083e5b101457e8f890e1524eef317 cd995afa4ffd4531a858f1c201a6e449 - - default default] Successfully bumped revision number for resource a64158a2-186e-40cf-b7a1-9f342e6eac33 (type: security_groups) to 1
2026-07-21 07:49:59.973 9 INFO neutron.db.ovn_revision_numbers_db [None req-f10f612b-1e41-4d8b-b2fd-b8b52de022e6 392083e5b101457e8f890e1524eef317 cd995afa4ffd4531a858f1c201a6e449 - - default default] Successfully bumped revision number for resource 1b209878-2443-4ff6-9a4b-1154a1280e15 (type: security_group_rules) to 0
2026-07-21 07:49:59.986 9 INFO neutron.db.ovn_revision_numbers_db [None req-f10f612b-1e41-4d8b-b2fd-b8b52de022e6 392083e5b101457e8f890e1524eef317 cd995afa4ffd4531a858f1c201a6e449 - - default default] Successfully bumped revision number for resource 3d9cff06-92fd-4487-aaaa-e7fb0d1f0bac (type: security_group_rules) to 0
2026-07-21 07:49:59.998 9 INFO neutron.db.ovn_revision_numbers_db [None req-f10f612b-1e41-4d8b-b2fd-b8b52de022e6 392083e5b101457e8f890e1524eef317 cd995afa4ffd4531a858f1c201a6e449 - - default default] Successfully bumped revision number for resource 9550abef-c641-43f0-b99a-23b59689ac28 (type: security_group_rules) to 0
2026-07-21 07:50:00.016 9 INFO neutron.db.ovn_revision_numbers_db [None req-f10f612b-1e41-4d8b-b2fd-b8b52de022e6 392083e5b101457e8f890e1524eef317 cd995afa4ffd4531a858f1c201a6e449 - - default default] Successfully bumped revision number for resource bc057ec1-1eb8-4a47-8c6c-86507b3d1999 (type: security_group_rules) to 0
2026-07-21 07:50:00.044 9 INFO neutron.wsgi [None req-f10f612b-1e41-4d8b-b2fd-b8b52de022e6 392083e5b101457e8f890e1524eef317 cd995afa4ffd4531a858f1c201a6e449 - - default default] 10.0.0.158 "GET /v2.0/security-groups?tenant_id=9ba0adc6929042c083edae61fc3c0702&name=default HTTP/1.1" status: 200 len: 2996 time: 0.3473697
2026-07-21 07:50:00.128 10 INFO neutron.wsgi [None req-7828b373-f8dc-4369-9733-a3e8b96fedb2 eda1dfb9e893496e87911b85f286b932 1fe024c5fd2e4f3e929de790c406b33c - - default default] 10.0.0.158 "DELETE /v2.0/subnets/a6850da5-436d-4f41-8595-11bd98ef1887 HTTP/1.1" status: 204 len: 168 time: 0.4723794
2026-07-21 07:50:00.183 10 INFO neutron.wsgi [None req-ced27b4a-26cf-48d9-8edb-76ef195a1241 392083e5b101457e8f890e1524eef317 cd995afa4ffd4531a858f1c201a6e449 - - default default] 10.0.0.158 "DELETE /v2.0/security-groups/e36f022f-1cb0-434d-b92b-50425cc6c17b HTTP/1.1" status: 204 len: 168 time: 0.5188687
2026-07-21 07:50:00.328 9 INFO neutron.wsgi [None req-9b8c8e55-805e-4f54-854a-1e96e3838574 392083e5b101457e8f890e1524eef317 cd995afa4ffd4531a858f1c201a6e449 - - default default] 10.0.0.158 "DELETE /v2.0/security-groups/a64158a2-186e-40cf-b7a1-9f342e6eac33 HTTP/1.1" status: 204 len: 168 time: 0.2800462
2026-07-21 07:50:00.360 9 INFO neutron.wsgi [None req-eb0464c7-cafb-412e-b309-1b485b97a499 eda1dfb9e893496e87911b85f286b932 1fe024c5fd2e4f3e929de790c406b33c - - default default] 10.0.0.158 "DELETE /v2.0/subnets/86011c80-e82b-41be-a2f3-68fc5d7c65cd HTTP/1.1" status: 204 len: 168 time: 0.2260931
2026-07-21 07:50:00.416 9 INFO neutron.wsgi [None req-ed50bb09-3046-48f1-8190-f085969b4333 eda1dfb9e893496e87911b85f286b932 1fe024c5fd2e4f3e929de790c406b33c - - default default] 10.0.0.158 "GET /v2.0/subnets HTTP/1.1" status: 200 len: 820 time: 0.0499458
2026-07-21 07:50:00.725 9 INFO neutron.wsgi [None req-a5944cde-3755-40a5-a82f-c0a15c4ec685 392083e5b101457e8f890e1524eef317 cd995afa4ffd4531a858f1c201a6e449 - - default default] 10.0.0.28 "GET /v2.0/networks HTTP/1.1" status: 200 len: 5248 time: 0.2799859
2026-07-21 07:50:00.733 9 INFO neutron.db.ovn_revision_numbers_db [None req-32721a0d-de47-4c66-a01f-5ef7ae659b0d 392083e5b101457e8f890e1524eef317 cd995afa4ffd4531a858f1c201a6e449 - - default default] Successfully bumped revision number for resource 0c848930-92d0-4cc5-9dc9-a3a64fd90b86 (type: security_groups) to 1
2026-07-21 07:50:00.760 9 INFO neutron.db.ovn_revision_numbers_db [None req-32721a0d-de47-4c66-a01f-5ef7ae659b0d 392083e5b101457e8f890e1524eef317 cd995afa4ffd4531a858f1c201a6e449 - - default default] Successfully bumped revision number for resource 3ea29f11-93f4-44d5-b0a9-d245d68e2ece (type: security_group_rules) to 0
2026-07-21 07:50:00.792 9 INFO neutron.db.ovn_revision_numbers_db [None req-32721a0d-de47-4c66-a01f-5ef7ae659b0d 392083e5b101457e8f890e1524eef317 cd995afa4ffd4531a858f1c201a6e449 - - default default] Successfully bumped revision number for resource 66e57ff8-c47f-4e32-942c-7dcf24674d84 (type: security_group_rules) to 0
2026-07-21 07:50:00.800 9 INFO neutron.wsgi [None req-fb16aecc-7b04-4cb7-bc76-eed9cd205e96 392083e5b101457e8f890e1524eef317 cd995afa4ffd4531a858f1c201a6e449 - - default default] 10.0.0.28 "GET /v2.0/security-groups HTTP/1.1" status: 200 len: 22367 time: 0.0724697
2026-07-21 07:50:01.114 9 INFO neutron.db.ovn_revision_numbers_db [None req-32721a0d-de47-4c66-a01f-5ef7ae659b0d 392083e5b101457e8f890e1524eef317 cd995afa4ffd4531a858f1c201a6e449 - - default default] Successfully bumped revision number for resource 799e918b-9e18-4663-906f-af2905f63603 (type: security_group_rules) to 0
2026-07-21 07:50:01.168 9 INFO neutron.wsgi [None req-7bfe10dd-edf6-4065-abd7-28b6b889779c 392083e5b101457e8f890e1524eef317 cd995afa4ffd4531a858f1c201a6e449 - - default default] 10.0.0.28 "GET /v2.0/ports HTTP/1.1" status: 200 len: 7979 time: 0.3611207
2026-07-21 07:50:01.171 9 INFO neutron.db.ovn_revision_numbers_db [None req-32721a0d-de47-4c66-a01f-5ef7ae659b0d 392083e5b101457e8f890e1524eef317 cd995afa4ffd4531a858f1c201a6e449 - - default default] Successfully bumped revision number for resource 882238f4-509e-43f8-8618-a8e0336ddb21 (type: security_group_rules) to 0
2026-07-21 07:50:01.210 9 INFO neutron.wsgi [None req-55eec8f0-731d-4411-ab58-00459d10fb53 392083e5b101457e8f890e1524eef317 cd995afa4ffd4531a858f1c201a6e449 - - default default] 10.0.0.28 "GET /v2.0/routers HTTP/1.1" status: 200 len: 189 time: 0.0356576
2026-07-21 07:50:01.239 9 INFO neutron.wsgi [None req-32721a0d-de47-4c66-a01f-5ef7ae659b0d 392083e5b101457e8f890e1524eef317 cd995afa4ffd4531a858f1c201a6e449 - - default default] 10.0.0.158 "GET /v2.0/security-groups?tenant_id=fd62d1f8d8f849f2bcc0bb42ff1f2f9b&name=default HTTP/1.1" status: 200 len: 3000 time: 0.7384710
2026-07-21 07:50:01.280 9 INFO neutron.wsgi [None req-dc021e8c-a09e-42e9-92d0-1b840cb8955b 392083e5b101457e8f890e1524eef317 cd995afa4ffd4531a858f1c201a6e449 - - default default] 10.0.0.28 "GET /v2.0/agents?binary=ovn-controller HTTP/1.1" status: 200 len: 591 time: 0.0641799
2026-07-21 07:50:01.287 9 INFO neutron.services.segments.plugin [-] Segment 255f6cc0-556b-44b0-8d7a-0ca4ef09e42a resource provider aggregate not found
2026-07-21 07:50:01.305 9 INFO neutron.services.segments.plugin [-] Segment 255f6cc0-556b-44b0-8d7a-0ca4ef09e42a resource provider aggregate not found
2026-07-21 07:50:01.311 9 INFO neutron.services.segments.plugin [-] Segment 255f6cc0-556b-44b0-8d7a-0ca4ef09e42a resource provider not found; error: Placement Client Error (4xx): {"errors": [{"status": 404, "title": "Not Found", "detail": "The resource could not be found.\n\n No resource provider with uuid 255f6cc0-556b-44b0-8d7a-0ca4ef09e42a found for delete ", "request_id": "req-4f28f6b9-8d95-4948-93f0-2e4096e80111"}]}
2026-07-21 07:50:01.322 9 INFO neutron.wsgi [None req-981a0014-6143-4b21-b761-373ad0c04f5a 392083e5b101457e8f890e1524eef317 cd995afa4ffd4531a858f1c201a6e449 - - default default] 10.0.0.28 "GET /v2.0/agents HTTP/1.1" status: 200 len: 997 time: 0.0415428
2026-07-21 07:50:01.325 9 INFO neutron.services.segments.plugin [-] Segment 255f6cc0-556b-44b0-8d7a-0ca4ef09e42a resource provider not found; error: Placement Client Error (4xx): {"errors": [{"status": 404, "title": "Not Found", "detail": "The resource could not be found.\n\n No resource provider with uuid 255f6cc0-556b-44b0-8d7a-0ca4ef09e42a found for delete ", "request_id": "req-65776542-75c2-45cd-bf22-d772fb30991c"}]}
2026-07-21 07:50:01.343 9 INFO neutron.wsgi [None req-9a0414b5-c3b0-4eb0-9ecf-0edae7ba564b 392083e5b101457e8f890e1524eef317 cd995afa4ffd4531a858f1c201a6e449 - - default default] 10.0.0.28 "GET /v2.0/network-ip-availabilities HTTP/1.1" status: 200 len: 2422 time: 0.0166876
2026-07-21 07:50:01.368 9 INFO neutron.wsgi [None req-76893b77-486a-4e74-94ae-980b00e96332 eda1dfb9e893496e87911b85f286b932 1fe024c5fd2e4f3e929de790c406b33c - - default default] 10.0.0.158 "DELETE /v2.0/networks/39c7157b-4e56-4ffc-81c6-65d27a1751ad HTTP/1.1" status: 204 len: 168 time: 0.9437063
2026-07-21 07:50:01.388 9 INFO neutron.wsgi [None req-3a1e090e-d3eb-4d49-a904-2075b4ecbba6 392083e5b101457e8f890e1524eef317 cd995afa4ffd4531a858f1c201a6e449 - - default default] 10.0.0.28 "GET /v2.0/subnets HTTP/1.1" status: 200 len: 1437 time: 0.0420747
2026-07-21 07:50:01.426 9 INFO neutron.wsgi [None req-e24ccc51-9025-4853-b513-0613671c0bd8 392083e5b101457e8f890e1524eef317 cd995afa4ffd4531a858f1c201a6e449 - - default default] 10.0.0.28 "GET /v2.0/subnets HTTP/1.1" status: 200 len: 1437 time: 0.0361896
2026-07-21 07:50:01.441 9 INFO neutron.wsgi [None req-f1c9f992-6f38-4096-b240-7477dfdd064d 392083e5b101457e8f890e1524eef317 cd995afa4ffd4531a858f1c201a6e449 - - default default] 10.0.0.28 "GET /v2.0/subnetpools HTTP/1.1" status: 200 len: 193 time: 0.0108881
2026-07-21 07:50:01.462 9 INFO neutron.wsgi [None req-adf4365a-0556-4048-b3d2-1e9226193699 392083e5b101457e8f890e1524eef317 cd995afa4ffd4531a858f1c201a6e449 - - default default] 10.0.0.28 "GET /v2.0/floatingips HTTP/1.1" status: 200 len: 193 time: 0.0189943
2026-07-21 07:50:01.591 9 INFO neutron.wsgi [None req-1d14f3e3-27d4-4498-89e3-4196596dd5e1 392083e5b101457e8f890e1524eef317 cd995afa4ffd4531a858f1c201a6e449 - - default default] 10.0.0.158 "DELETE /v2.0/security-groups/0c848930-92d0-4cc5-9dc9-a3a64fd90b86 HTTP/1.1" status: 204 len: 168 time: 0.3436089
2026-07-21 07:50:01.748 10 INFO neutron.services.segments.plugin [-] Segment 681b2fee-5322-40bc-9627-c8d290fbc53c resource provider aggregate not found
2026-07-21 07:50:01.757 10 INFO neutron.services.segments.plugin [-] Segment 681b2fee-5322-40bc-9627-c8d290fbc53c resource provider aggregate not found
2026-07-21 07:50:01.764 10 INFO neutron.services.segments.plugin [-] Segment 681b2fee-5322-40bc-9627-c8d290fbc53c resource provider not found; error: Placement Client Error (4xx): {"errors": [{"status": 404, "title": "Not Found", "detail": "The resource could not be found.\n\n No resource provider with uuid 681b2fee-5322-40bc-9627-c8d290fbc53c found for delete ", "request_id": "req-1d0b181b-56ad-4f72-abc0-bc880fc2f7ef"}]}
2026-07-21 07:50:01.776 10 INFO neutron.services.segments.plugin [-] Segment 681b2fee-5322-40bc-9627-c8d290fbc53c resource provider not found; error: Placement Client Error (4xx): {"errors": [{"status": 404, "title": "Not Found", "detail": "The resource could not be found.\n\n No resource provider with uuid 681b2fee-5322-40bc-9627-c8d290fbc53c found for delete ", "request_id": "req-f199b929-3a81-4cf0-b3c2-d488a4734982"}]}
2026-07-21 07:50:01.790 10 INFO neutron.wsgi [None req-5173390f-8525-4a9a-92bb-feb7f1acc63a eda1dfb9e893496e87911b85f286b932 1fe024c5fd2e4f3e929de790c406b33c - - default default] 10.0.0.158 "DELETE /v2.0/networks/16aee7d3-0fa5-4eb8-b57e-c5baa513e438 HTTP/1.1" status: 204 len: 168 time: 0.4160907
2026-07-21 07:50:02.194 9 INFO neutron.wsgi [None req-9627c5c1-e6f8-4487-bc69-ddcfb8f2df93 eda1dfb9e893496e87911b85f286b932 1fe024c5fd2e4f3e929de790c406b33c - - default default] 10.0.0.158 "DELETE /v2.0/networks/5619bc68-73b6-42d5-aa00-d3253999efb7 HTTP/1.1" status: 204 len: 168 time: 0.3992422
2026-07-21 07:50:02.305 10 INFO neutron.wsgi [None req-de73b707-686d-4ddd-b44b-ac02e8c42286 783ef469df9e4a11b8f74a5452dc88da 6b083ca97c854224beca61fe5969b0bf - - default default] 10.0.0.158 "POST /v2.0/qos/policies HTTP/1.1" status: 201 len: 558 time: 0.2823527
2026-07-21 07:50:02.349 9 INFO neutron.wsgi [None req-b7be7c1d-00b0-4389-8c84-9aa25309488c 783ef469df9e4a11b8f74a5452dc88da 6b083ca97c854224beca61fe5969b0bf - - default default] 10.0.0.158 "PUT /v2.0/policies/67deb679-f9a3-47cb-ab50-3bf5010beb8b/tags HTTP/1.1" status: 200 len: 218 time: 0.0369811
2026-07-21 07:50:02.384 10 INFO neutron.wsgi [None req-96d47f03-7643-4faa-9ae3-ea807cdf8c80 783ef469df9e4a11b8f74a5452dc88da 6b083ca97c854224beca61fe5969b0bf - - default default] 10.0.0.158 "GET /v2.0/policies/67deb679-f9a3-47cb-ab50-3bf5010beb8b/tags HTTP/1.1" status: 200 len: 218 time: 0.0306687
2026-07-21 07:50:02.426 9 INFO neutron.wsgi [None req-a8465707-4c52-4d92-9400-d69697eefc7a 783ef469df9e4a11b8f74a5452dc88da 6b083ca97c854224beca61fe5969b0bf - - default default] 10.0.0.158 "PUT /v2.0/policies/67deb679-f9a3-47cb-ab50-3bf5010beb8b/tags/green HTTP/1.1" status: 201 len: 201 time: 0.0371029
2026-07-21 07:50:02.446 9 INFO neutron.wsgi [None req-af33591b-c766-4850-9372-1678259262fe 783ef469df9e4a11b8f74a5452dc88da 6b083ca97c854224beca61fe5969b0bf - - default default] 10.0.0.158 "GET /v2.0/policies/67deb679-f9a3-47cb-ab50-3bf5010beb8b/tags HTTP/1.1" status: 200 len: 227 time: 0.0160463
2026-07-21 07:50:02.482 10 INFO neutron.wsgi [None req-17cfd9ae-0ead-490f-8e10-b7213e13199e 783ef469df9e4a11b8f74a5452dc88da 6b083ca97c854224beca61fe5969b0bf - - default default] 10.0.0.158 "PUT /v2.0/policies/67deb679-f9a3-47cb-ab50-3bf5010beb8b/tags/red HTTP/1.1" status: 201 len: 201 time: 0.0195816
2026-07-21 07:50:02.504 9 INFO neutron.wsgi [None req-0928ed8c-6dca-4820-8b77-a8977aedd9b9 783ef469df9e4a11b8f74a5452dc88da 6b083ca97c854224beca61fe5969b0bf - - default default] 10.0.0.158 "GET /v2.0/policies/67deb679-f9a3-47cb-ab50-3bf5010beb8b/tags HTTP/1.1" status: 200 len: 227 time: 0.0177457
2026-07-21 07:50:02.540 9 INFO neutron.wsgi [None req-1f95db2f-34db-4065-8aa1-ea83c55b357b 783ef469df9e4a11b8f74a5452dc88da 6b083ca97c854224beca61fe5969b0bf - - default default] 10.0.0.158 "PUT /v2.0/policies/67deb679-f9a3-47cb-ab50-3bf5010beb8b/tags/black.or.white HTTP/1.1" status: 201 len: 201 time: 0.0308428
2026-07-21 07:50:02.561 9 INFO neutron.wsgi [None req-1c11cb9d-773d-453f-bd62-fa68e82b276d 783ef469df9e4a11b8f74a5452dc88da 6b083ca97c854224beca61fe5969b0bf - - default default] 10.0.0.158 "GET /v2.0/policies/67deb679-f9a3-47cb-ab50-3bf5010beb8b/tags HTTP/1.1" status: 200 len: 245 time: 0.0179842
2026-07-21 07:50:02.597 9 INFO neutron.wsgi [None req-ac030c2a-637f-476d-8aa0-3962c6bde4af 783ef469df9e4a11b8f74a5452dc88da 6b083ca97c854224beca61fe5969b0bf - - default default] 10.0.0.158 "PUT /v2.0/policies/67deb679-f9a3-47cb-ab50-3bf5010beb8b/tags HTTP/1.1" status: 200 len: 230 time: 0.0321047
2026-07-21 07:50:02.604 10 INFO neutron.wsgi [None req-5631f963-6b17-4eab-abf7-a415f59b6bb7 eda1dfb9e893496e87911b85f286b932 1fe024c5fd2e4f3e929de790c406b33c - - default default] 10.0.0.158 "DELETE /v2.0/networks/d576bd98-8f68-4809-86a8-8783248db9ee HTTP/1.1" status: 204 len: 168 time: 0.4044669
2026-07-21 07:50:02.620 9 INFO neutron.wsgi [None req-abd2e50e-25e0-4978-b068-553b36df51e8 783ef469df9e4a11b8f74a5452dc88da 6b083ca97c854224beca61fe5969b0bf - - default default] 10.0.0.158 "GET /v2.0/policies/67deb679-f9a3-47cb-ab50-3bf5010beb8b/tags HTTP/1.1" status: 200 len: 230 time: 0.0178497
2026-07-21 07:50:02.639 10 INFO neutron.wsgi [None req-08cb3629-95bd-4812-9c72-c34a41435224 783ef469df9e4a11b8f74a5452dc88da 6b083ca97c854224beca61fe5969b0bf - - default default] 10.0.0.158 "GET /v2.0/policies/67deb679-f9a3-47cb-ab50-3bf5010beb8b/tags/red HTTP/1.1" status: 204 len: 168 time: 0.0142446
2026-07-21 07:50:02.656 10 INFO neutron.api.v2.resource [None req-2dd92e8d-4e6b-4610-89dc-a9e393d69b53 783ef469df9e4a11b8f74a5452dc88da 6b083ca97c854224beca61fe5969b0bf - - default default] show failed (client error): The resource could not be found.
2026-07-21 07:50:02.657 10 INFO neutron.wsgi [None req-2dd92e8d-4e6b-4610-89dc-a9e393d69b53 783ef469df9e4a11b8f74a5452dc88da 6b083ca97c854224beca61fe5969b0bf - - default default] 10.0.0.158 "GET /v2.0/policies/67deb679-f9a3-47cb-ab50-3bf5010beb8b/tags/green HTTP/1.1" status: 404 len: 299 time: 0.0126579
2026-07-21 07:50:02.691 10 INFO neutron.wsgi [None req-8a536845-fd7b-4e85-8c0f-2f145322fab9 783ef469df9e4a11b8f74a5452dc88da 6b083ca97c854224beca61fe5969b0bf - - default default] 10.0.0.158 "DELETE /v2.0/policies/67deb679-f9a3-47cb-ab50-3bf5010beb8b/tags/red HTTP/1.1" status: 204 len: 168 time: 0.0304017
2026-07-21 07:50:02.716 10 INFO neutron.wsgi [None req-17a91932-a1dc-416d-812f-f5a5e129b8c9 783ef469df9e4a11b8f74a5452dc88da 6b083ca97c854224beca61fe5969b0bf - - default default] 10.0.0.158 "GET /v2.0/policies/67deb679-f9a3-47cb-ab50-3bf5010beb8b/tags HTTP/1.1" status: 200 len: 223 time: 0.0200670
2026-07-21 07:50:02.743 10 INFO neutron.api.v2.resource [None req-20675fe5-8559-41fb-8b01-5e6a1aa520d6 783ef469df9e4a11b8f74a5452dc88da 6b083ca97c854224beca61fe5969b0bf - - default default] delete failed (client error): The resource could not be found.
2026-07-21 07:50:02.744 10 INFO neutron.wsgi [None req-20675fe5-8559-41fb-8b01-5e6a1aa520d6 783ef469df9e4a11b8f74a5452dc88da 6b083ca97c854224beca61fe5969b0bf - - default default] 10.0.0.158 "DELETE /v2.0/policies/67deb679-f9a3-47cb-ab50-3bf5010beb8b/tags/green HTTP/1.1" status: 404 len: 299 time: 0.0237479
2026-07-21 07:50:02.781 10 INFO neutron.wsgi [None req-e8270e4a-6942-4e89-951e-575957d273fc 783ef469df9e4a11b8f74a5452dc88da 6b083ca97c854224beca61fe5969b0bf - - default default] 10.0.0.158 "DELETE /v2.0/policies/67deb679-f9a3-47cb-ab50-3bf5010beb8b/tags HTTP/1.1" status: 204 len: 168 time: 0.0317595
2026-07-21 07:50:02.800 10 INFO neutron.wsgi [None req-21dff6a1-01cf-4c81-adc7-5eda13d087e4 783ef469df9e4a11b8f74a5452dc88da 6b083ca97c854224beca61fe5969b0bf - - default default] 10.0.0.158 "GET /v2.0/policies/67deb679-f9a3-47cb-ab50-3bf5010beb8b/tags HTTP/1.1" status: 200 len: 205 time: 0.0151067
2026-07-21 07:50:02.874 10 INFO neutron.wsgi [None req-9c9dac98-981b-484e-941e-a6e678ccb846 783ef469df9e4a11b8f74a5452dc88da 6b083ca97c854224beca61fe5969b0bf - - default default] 10.0.0.158 "DELETE /v2.0/qos/policies/67deb679-f9a3-47cb-ab50-3bf5010beb8b HTTP/1.1" status: 204 len: 168 time: 0.0614083
2026-07-21 07:50:03.344 9 INFO neutron.services.segments.plugin [-] Segment 9112739c-7473-4f89-8eec-ce327befa525 resource provider aggregate not found
2026-07-21 07:50:03.363 9 INFO neutron.services.segments.plugin [-] Segment 9112739c-7473-4f89-8eec-ce327befa525 resource provider aggregate not found
2026-07-21 07:50:03.412 9 INFO neutron.services.segments.plugin [-] Segment 9112739c-7473-4f89-8eec-ce327befa525 resource provider not found; error: Placement Client Error (4xx): {"errors": [{"status": 404, "title": "Not Found", "detail": "The resource could not be found.\n\n No resource provider with uuid 9112739c-7473-4f89-8eec-ce327befa525 found for delete ", "request_id": "req-f70633a6-13bf-4005-978f-e10befa68897"}]}
2026-07-21 07:50:03.441 9 INFO neutron.services.segments.plugin [-] Segment 9112739c-7473-4f89-8eec-ce327befa525 resource provider not found; error: Placement Client Error (4xx): {"errors": [{"status": 404, "title": "Not Found", "detail": "The resource could not be found.\n\n No resource provider with uuid 9112739c-7473-4f89-8eec-ce327befa525 found for delete ", "request_id": "req-5d3eb831-1485-49ec-b40b-fd60f5b1c0a5"}]}
2026-07-21 07:50:03.455 9 INFO neutron.wsgi [None req-9964b8ae-24ac-4cc8-8614-99a379dfd21d 392083e5b101457e8f890e1524eef317 cd995afa4ffd4531a858f1c201a6e449 - - default default] 10.0.0.158 "GET /v2.0/security-groups?tenant_id=1fe024c5fd2e4f3e929de790c406b33c&name=default HTTP/1.1" status: 200 len: 2996 time: 0.2900169
2026-07-21 07:50:03.662 9 INFO neutron.wsgi [None req-011e57d7-729a-40e5-8b3c-86a19bb71d64 392083e5b101457e8f890e1524eef317 cd995afa4ffd4531a858f1c201a6e449 - - default default] 10.0.0.158 "DELETE /v2.0/security-groups/76aa8807-6944-4bcb-b2bf-858c3ddc9685 HTTP/1.1" status: 204 len: 168 time: 0.2013655
2026-07-21 07:50:03.784 10 INFO neutron.services.segments.plugin [-] Segment a3110468-d74c-407e-9c64-69f78bc825a5 resource provider aggregate not found
2026-07-21 07:50:03.815 10 INFO neutron.services.segments.plugin [-] Segment a3110468-d74c-407e-9c64-69f78bc825a5 resource provider not found; error: Placement Client Error (4xx): {"errors": [{"status": 404, "title": "Not Found", "detail": "The resource could not be found.\n\n No resource provider with uuid a3110468-d74c-407e-9c64-69f78bc825a5 found for delete ", "request_id": "req-03977a26-44bf-43ea-9560-4e43bffb7db2"}]}
2026-07-21 07:50:03.818 10 INFO neutron.services.segments.plugin [-] Segment a3110468-d74c-407e-9c64-69f78bc825a5 resource provider aggregate not found
2026-07-21 07:50:03.834 9 INFO neutron.db.ovn_revision_numbers_db [None req-aeab41c2-a690-42b4-8aec-c20c98044f77 392083e5b101457e8f890e1524eef317 cd995afa4ffd4531a858f1c201a6e449 - - default default] Successfully bumped revision number for resource 5acb1851-0209-4fd4-8dc1-8033a696d8dd (type: security_groups) to 1
2026-07-21 07:50:03.853 10 INFO neutron.services.segments.plugin [-] Segment a3110468-d74c-407e-9c64-69f78bc825a5 resource provider not found; error: Placement Client Error (4xx): {"errors": [{"status": 404, "title": "Not Found", "detail": "The resource could not be found.\n\n No resource provider with uuid a3110468-d74c-407e-9c64-69f78bc825a5 found for delete ", "request_id": "req-18155b91-ab2e-4d4a-9862-015975cb1290"}]}
2026-07-21 07:50:03.853 9 INFO neutron.db.ovn_revision_numbers_db [None req-aeab41c2-a690-42b4-8aec-c20c98044f77 392083e5b101457e8f890e1524eef317 cd995afa4ffd4531a858f1c201a6e449 - - default default] Successfully bumped revision number for resource 084bfdab-4b65-4fe6-ab2f-b883cab12120 (type: security_group_rules) to 0
2026-07-21 07:50:03.872 9 INFO neutron.db.ovn_revision_numbers_db [None req-aeab41c2-a690-42b4-8aec-c20c98044f77 392083e5b101457e8f890e1524eef317 cd995afa4ffd4531a858f1c201a6e449 - - default default] Successfully bumped revision number for resource 5dc44080-7594-4d6f-994c-00345a9a7e2d (type: security_group_rules) to 0
2026-07-21 07:50:03.892 9 INFO neutron.db.ovn_revision_numbers_db [None req-aeab41c2-a690-42b4-8aec-c20c98044f77 392083e5b101457e8f890e1524eef317 cd995afa4ffd4531a858f1c201a6e449 - - default default] Successfully bumped revision number for resource a4147de8-07b3-4ab5-9251-2fc03ca64082 (type: security_group_rules) to 0
2026-07-21 07:50:03.931 9 INFO neutron.db.ovn_revision_numbers_db [None req-aeab41c2-a690-42b4-8aec-c20c98044f77 392083e5b101457e8f890e1524eef317 cd995afa4ffd4531a858f1c201a6e449 - - default default] Successfully bumped revision number for resource dcc91ad6-0eaa-4074-b306-0bb8a6da99cb (type: security_group_rules) to 0
2026-07-21 07:50:03.963 9 INFO neutron.wsgi [None req-aeab41c2-a690-42b4-8aec-c20c98044f77 392083e5b101457e8f890e1524eef317 cd995afa4ffd4531a858f1c201a6e449 - - default default] 10.0.0.158 "GET /v2.0/security-groups?tenant_id=57b97e08e9154734835168e57a286b15&name=default HTTP/1.1" status: 200 len: 3000 time: 0.4015608
2026-07-21 07:50:03.967 10 INFO neutron.db.ovn_revision_numbers_db [None req-97e0c7c6-7565-4014-8fa9-1bb52686ac28 392083e5b101457e8f890e1524eef317 cd995afa4ffd4531a858f1c201a6e449 - - default default] Successfully bumped revision number for resource 90993678-2a58-4329-9cab-1fb1be376471 (type: security_groups) to 1
2026-07-21 07:50:04.001 10 INFO neutron.db.ovn_revision_numbers_db [None req-97e0c7c6-7565-4014-8fa9-1bb52686ac28 392083e5b101457e8f890e1524eef317 cd995afa4ffd4531a858f1c201a6e449 - - default default] Successfully bumped revision number for resource 2905eb72-3cd8-4ca8-bcdc-8bdee89adc3b (type: security_group_rules) to 0
2026-07-21 07:50:04.016 10 INFO neutron.db.ovn_revision_numbers_db [None req-97e0c7c6-7565-4014-8fa9-1bb52686ac28 392083e5b101457e8f890e1524eef317 cd995afa4ffd4531a858f1c201a6e449 - - default default] Successfully bumped revision number for resource 62656b4d-8317-430a-b2af-76e5a20ac050 (type: security_group_rules) to 0
2026-07-21 07:50:04.036 10 INFO neutron.db.ovn_revision_numbers_db [None req-97e0c7c6-7565-4014-8fa9-1bb52686ac28 392083e5b101457e8f890e1524eef317 cd995afa4ffd4531a858f1c201a6e449 - - default default] Successfully bumped revision number for resource 734a98fc-1e1e-4c33-9ed0-e24bb4a22b0a (type: security_group_rules) to 0
2026-07-21 07:50:04.041 9 INFO neutron.wsgi [-] 10.0.0.246 "GET / HTTP/1.1" status: 200 len: 247 time: 0.0020280
2026-07-21 07:50:04.042 10 INFO neutron.wsgi [-] 10.0.0.246 "GET / HTTP/1.1" status: 200 len: 247 time: 0.0022840
2026-07-21 07:50:04.053 10 INFO neutron.db.ovn_revision_numbers_db [None req-97e0c7c6-7565-4014-8fa9-1bb52686ac28 392083e5b101457e8f890e1524eef317 cd995afa4ffd4531a858f1c201a6e449 - - default default] Successfully bumped revision number for resource 92755e34-45cb-4635-99c5-ededfd35aa53 (type: security_group_rules) to 0
2026-07-21 07:50:04.078 10 INFO neutron.wsgi [None req-97e0c7c6-7565-4014-8fa9-1bb52686ac28 392083e5b101457e8f890e1524eef317 cd995afa4ffd4531a858f1c201a6e449 - - default default] 10.0.0.158 "GET /v2.0/security-groups?tenant_id=9815322084714ae2b1ae8860cf810da0&name=default HTTP/1.1" status: 200 len: 3000 time: 0.3223481
2026-07-21 07:50:04.229 9 INFO neutron.wsgi [None req-5159677a-c77a-49a6-a88e-d348262844c2 392083e5b101457e8f890e1524eef317 cd995afa4ffd4531a858f1c201a6e449 - - default default] 10.0.0.158 "DELETE /v2.0/security-groups/5acb1851-0209-4fd4-8dc1-8033a696d8dd HTTP/1.1" status: 204 len: 168 time: 0.2625191
2026-07-21 07:50:04.350 10 INFO neutron.wsgi [None req-cf41b7a0-de56-4129-a8fa-882574d2de55 392083e5b101457e8f890e1524eef317 cd995afa4ffd4531a858f1c201a6e449 - - default default] 10.0.0.158 "DELETE /v2.0/security-groups/90993678-2a58-4329-9cab-1fb1be376471 HTTP/1.1" status: 204 len: 168 time: 0.2636719
2026-07-21 07:50:04.496 9 INFO neutron.db.ovn_revision_numbers_db [None req-acd00eda-f67d-4ae5-a938-b7b203b8c042 392083e5b101457e8f890e1524eef317 cd995afa4ffd4531a858f1c201a6e449 - - default default] Successfully bumped revision number for resource 59466a58-0eef-4c4e-b53a-0980b83ad493 (type: security_groups) to 1
2026-07-21 07:50:04.511 9 INFO neutron.db.ovn_revision_numbers_db [None req-acd00eda-f67d-4ae5-a938-b7b203b8c042 392083e5b101457e8f890e1524eef317 cd995afa4ffd4531a858f1c201a6e449 - - default default] Successfully bumped revision number for resource 12207832-e805-4047-90fc-e711e0d0ea32 (type: security_group_rules) to 0
2026-07-21 07:50:04.524 9 INFO neutron.db.ovn_revision_numbers_db [None req-acd00eda-f67d-4ae5-a938-b7b203b8c042 392083e5b101457e8f890e1524eef317 cd995afa4ffd4531a858f1c201a6e449 - - default default] Successfully bumped revision number for resource 5e8fd972-b0a0-45cb-afb7-77e5598794bb (type: security_group_rules) to 0
2026-07-21 07:50:04.541 9 INFO neutron.db.ovn_revision_numbers_db [None req-acd00eda-f67d-4ae5-a938-b7b203b8c042 392083e5b101457e8f890e1524eef317 cd995afa4ffd4531a858f1c201a6e449 - - default default] Successfully bumped revision number for resource 69a73812-e1af-444c-bf2a-6b6ea700b8c9 (type: security_group_rules) to 0
2026-07-21 07:50:04.555 9 INFO neutron.db.ovn_revision_numbers_db [None req-acd00eda-f67d-4ae5-a938-b7b203b8c042 392083e5b101457e8f890e1524eef317 cd995afa4ffd4531a858f1c201a6e449 - - default default] Successfully bumped revision number for resource 87c62f29-a45e-4954-afbd-d64ee9cd9c9d (type: security_group_rules) to 0
2026-07-21 07:50:04.578 9 INFO neutron.wsgi [None req-acd00eda-f67d-4ae5-a938-b7b203b8c042 392083e5b101457e8f890e1524eef317 cd995afa4ffd4531a858f1c201a6e449 - - default default] 10.0.0.158 "GET /v2.0/security-groups?tenant_id=6b083ca97c854224beca61fe5969b0bf&name=default HTTP/1.1" status: 200 len: 3000 time: 0.1863110
2026-07-21 07:50:04.722 10 INFO neutron.db.ovn_revision_numbers_db [None req-5446632e-8c24-4449-b8fa-3c60f520470d 392083e5b101457e8f890e1524eef317 cd995afa4ffd4531a858f1c201a6e449 - - default default] Successfully bumped revision number for resource fb9e1551-8fad-4d6f-ab9c-2b0da607eb99 (type: security_groups) to 1
2026-07-21 07:50:04.737 10 INFO neutron.db.ovn_revision_numbers_db [None req-5446632e-8c24-4449-b8fa-3c60f520470d 392083e5b101457e8f890e1524eef317 cd995afa4ffd4531a858f1c201a6e449 - - default default] Successfully bumped revision number for resource 2dc85f48-40e4-409d-b6cb-3ec032c0159f (type: security_group_rules) to 0
2026-07-21 07:50:04.749 10 INFO neutron.db.ovn_revision_numbers_db [None req-5446632e-8c24-4449-b8fa-3c60f520470d 392083e5b101457e8f890e1524eef317 cd995afa4ffd4531a858f1c201a6e449 - - default default] Successfully bumped revision number for resource 721f23be-a6d4-4ab2-8a12-809293d42933 (type: security_group_rules) to 0
2026-07-21 07:50:04.761 10 INFO neutron.db.ovn_revision_numbers_db [None req-5446632e-8c24-4449-b8fa-3c60f520470d 392083e5b101457e8f890e1524eef317 cd995afa4ffd4531a858f1c201a6e449 - - default default] Successfully bumped revision number for resource c5ef3ac3-da60-4c86-94c9-8ba6c5ca6bce (type: security_group_rules) to 0
2026-07-21 07:50:04.775 10 INFO neutron.db.ovn_revision_numbers_db [None req-5446632e-8c24-4449-b8fa-3c60f520470d 392083e5b101457e8f890e1524eef317 cd995afa4ffd4531a858f1c201a6e449 - - default default] Successfully bumped revision number for resource fb89a5ef-d3ab-4642-8481-1d782b25b722 (type: security_group_rules) to 0
2026-07-21 07:50:04.805 10 INFO neutron.wsgi [None req-5446632e-8c24-4449-b8fa-3c60f520470d 392083e5b101457e8f890e1524eef317 cd995afa4ffd4531a858f1c201a6e449 - - default default] 10.0.0.158 "GET /v2.0/security-groups?tenant_id=6516c3af905b40658f577d96e8cdd79f&name=default HTTP/1.1" status: 200 len: 3000 time: 0.2065980
2026-07-21 07:50:04.826 9 INFO neutron.wsgi [None req-d7a46935-ac8d-4214-8ee6-aab90b80d27d 392083e5b101457e8f890e1524eef317 cd995afa4ffd4531a858f1c201a6e449 - - default default] 10.0.0.158 "DELETE /v2.0/security-groups/59466a58-0eef-4c4e-b53a-0980b83ad493 HTTP/1.1" status: 204 len: 168 time: 0.2425821
2026-07-21 07:50:05.020 10 INFO neutron.wsgi [None req-51410416-8f89-4349-afd1-d21ec7f7e0e7 392083e5b101457e8f890e1524eef317 cd995afa4ffd4531a858f1c201a6e449 - - default default] 10.0.0.158 "DELETE /v2.0/security-groups/fb9e1551-8fad-4d6f-ab9c-2b0da607eb99 HTTP/1.1" status: 204 len: 168 time: 0.2100871
2026-07-21 07:50:05.308 10 WARNING neutron_lib.context [None req-14ee7f87-a39f-4ef6-80da-a0e3ea03d195 10962f31edfb4a24bdf6797d2b771984 2cd50491c90742f3a973043c0194ba8c - - default default] Method 'is_advsvc' is deprecated since 2023.2 release (neutron-lib 3.8.0) and will be removed once support for the old RBAC API policies will be removed from Neutron. Please use method 'is_service_role' instead.
2026-07-21 07:50:05.352 10 INFO neutron.wsgi [None req-14ee7f87-a39f-4ef6-80da-a0e3ea03d195 10962f31edfb4a24bdf6797d2b771984 2cd50491c90742f3a973043c0194ba8c - - default default] 10.0.0.158 "POST /v2.0/subnetpools HTTP/1.1" status: 201 len: 715 time: 0.2689254
2026-07-21 07:50:05.392 9 INFO neutron.wsgi [None req-e3c37e07-b529-4e0f-bc05-73f0fd5d2334 10962f31edfb4a24bdf6797d2b771984 2cd50491c90742f3a973043c0194ba8c - - default default] 10.0.0.158 "PUT /v2.0/subnetpools/f38f2c4a-4837-44d2-9b40-f92afc444ac6/tags HTTP/1.1" status: 200 len: 218 time: 0.0343568
2026-07-21 07:50:05.429 9 INFO neutron.wsgi [None req-351159ed-68a8-4b94-94b1-3d620ef1a756 10962f31edfb4a24bdf6797d2b771984 2cd50491c90742f3a973043c0194ba8c - - default default] 10.0.0.158 "GET /v2.0/subnetpools/f38f2c4a-4837-44d2-9b40-f92afc444ac6/tags HTTP/1.1" status: 200 len: 218 time: 0.0296366
2026-07-21 07:50:05.466 9 INFO neutron.wsgi [None req-2e4d55cc-22a5-4de9-a2a5-82a22af8286c 10962f31edfb4a24bdf6797d2b771984 2cd50491c90742f3a973043c0194ba8c - - default default] 10.0.0.158 "PUT /v2.0/subnetpools/f38f2c4a-4837-44d2-9b40-f92afc444ac6/tags/green HTTP/1.1" status: 201 len: 201 time: 0.0318775
2026-07-21 07:50:05.503 9 INFO neutron.wsgi [None req-e7c9b851-decb-421a-81b4-00576bdd43cf 10962f31edfb4a24bdf6797d2b771984 2cd50491c90742f3a973043c0194ba8c - - default default] 10.0.0.158 "GET /v2.0/subnetpools/f38f2c4a-4837-44d2-9b40-f92afc444ac6/tags HTTP/1.1" status: 200 len: 227 time: 0.0338016
2026-07-21 07:50:05.532 9 INFO neutron.wsgi [None req-d70d482e-eb05-4d60-bbf5-5aac832ae929 10962f31edfb4a24bdf6797d2b771984 2cd50491c90742f3a973043c0194ba8c - - default default] 10.0.0.158 "PUT /v2.0/subnetpools/f38f2c4a-4837-44d2-9b40-f92afc444ac6/tags/red HTTP/1.1" status: 201 len: 201 time: 0.0242376
2026-07-21 07:50:05.560 10 INFO neutron.wsgi [None req-45978878-bcfd-4bf8-979e-32c3aa5d484c 10962f31edfb4a24bdf6797d2b771984 2cd50491c90742f3a973043c0194ba8c - - default default] 10.0.0.158 "GET /v2.0/subnetpools/f38f2c4a-4837-44d2-9b40-f92afc444ac6/tags HTTP/1.1" status: 200 len: 227 time: 0.0218720
2026-07-21 07:50:05.596 9 INFO neutron.wsgi [None req-3b320d0c-16da-4bfb-bdfc-797a3edd7d32 10962f31edfb4a24bdf6797d2b771984 2cd50491c90742f3a973043c0194ba8c - - default default] 10.0.0.158 "PUT /v2.0/subnetpools/f38f2c4a-4837-44d2-9b40-f92afc444ac6/tags/black.or.white HTTP/1.1" status: 201 len: 201 time: 0.0325253
2026-07-21 07:50:05.622 9 INFO neutron.wsgi [None req-1b171c1e-328c-4f65-89ff-32350c4c1564 10962f31edfb4a24bdf6797d2b771984 2cd50491c90742f3a973043c0194ba8c - - default default] 10.0.0.158 "GET /v2.0/subnetpools/f38f2c4a-4837-44d2-9b40-f92afc444ac6/tags HTTP/1.1" status: 200 len: 245 time: 0.0214109
2026-07-21 07:50:05.660 9 INFO neutron.wsgi [None req-3c88140a-f2d2-4741-b812-9bb5e978d3e9 10962f31edfb4a24bdf6797d2b771984 2cd50491c90742f3a973043c0194ba8c - - default default] 10.0.0.158 "PUT /v2.0/subnetpools/f38f2c4a-4837-44d2-9b40-f92afc444ac6/tags HTTP/1.1" status: 200 len: 230 time: 0.0346854
2026-07-21 07:50:05.685 9 INFO neutron.wsgi [None req-5f3530ed-1d9e-4c07-8979-bfe48c60b2b7 10962f31edfb4a24bdf6797d2b771984 2cd50491c90742f3a973043c0194ba8c - - default default] 10.0.0.158 "GET /v2.0/subnetpools/f38f2c4a-4837-44d2-9b40-f92afc444ac6/tags HTTP/1.1" status: 200 len: 230 time: 0.0199261
2026-07-21 07:50:05.712 10 INFO neutron.wsgi [None req-425c1958-5ade-4713-9d8f-474b63bab054 10962f31edfb4a24bdf6797d2b771984 2cd50491c90742f3a973043c0194ba8c - - default default] 10.0.0.158 "GET /v2.0/subnetpools/f38f2c4a-4837-44d2-9b40-f92afc444ac6/tags/red HTTP/1.1" status: 204 len: 168 time: 0.0214264
2026-07-21 07:50:05.736 10 INFO neutron.api.v2.resource [None req-7c1e26fc-303b-4037-8961-4b6d2823f148 10962f31edfb4a24bdf6797d2b771984 2cd50491c90742f3a973043c0194ba8c - - default default] show failed (client error): The resource could not be found.
2026-07-21 07:50:05.738 10 INFO neutron.wsgi [None req-7c1e26fc-303b-4037-8961-4b6d2823f148 10962f31edfb4a24bdf6797d2b771984 2cd50491c90742f3a973043c0194ba8c - - default default] 10.0.0.158 "GET /v2.0/subnetpools/f38f2c4a-4837-44d2-9b40-f92afc444ac6/tags/green HTTP/1.1" status: 404 len: 299 time: 0.0203598
2026-07-21 07:50:05.771 10 WARNING neutron_lib.context [None req-61667d53-1259-4f6d-b5aa-94d4001b5055 44669f0cf5f646e7b49a67a0ddaa05b4 9de0bacbae7f4bd2bfc6b6460935afd9 - - default default] Method 'is_advsvc' is deprecated since 2023.2 release (neutron-lib 3.8.0) and will be removed once support for the old RBAC API policies will be removed from Neutron. Please use method 'is_service_role' instead.
2026-07-21 07:50:05.776 9 INFO neutron.wsgi [None req-c94383ef-6dbd-46fa-9e24-1cbcfcbecbe9 10962f31edfb4a24bdf6797d2b771984 2cd50491c90742f3a973043c0194ba8c - - default default] 10.0.0.158 "DELETE /v2.0/subnetpools/f38f2c4a-4837-44d2-9b40-f92afc444ac6/tags/red HTTP/1.1" status: 204 len: 168 time: 0.0328972
2026-07-21 07:50:05.811 10 INFO neutron.wsgi [None req-cb20e3ee-8151-4a6b-a56e-6723df443218 10962f31edfb4a24bdf6797d2b771984 2cd50491c90742f3a973043c0194ba8c - - default default] 10.0.0.158 "GET /v2.0/subnetpools/f38f2c4a-4837-44d2-9b40-f92afc444ac6/tags HTTP/1.1" status: 200 len: 223 time: 0.0300856
2026-07-21 07:50:05.848 9 INFO neutron.api.v2.resource [None req-fa5af3c2-9556-493e-80dd-bfe321c1938a 10962f31edfb4a24bdf6797d2b771984 2cd50491c90742f3a973043c0194ba8c - - default default] delete failed (client error): The resource could not be found.
2026-07-21 07:50:05.849 9 INFO neutron.wsgi [None req-fa5af3c2-9556-493e-80dd-bfe321c1938a 10962f31edfb4a24bdf6797d2b771984 2cd50491c90742f3a973043c0194ba8c - - default default] 10.0.0.158 "DELETE /v2.0/subnetpools/f38f2c4a-4837-44d2-9b40-f92afc444ac6/tags/green HTTP/1.1" status: 404 len: 299 time: 0.0340242
2026-07-21 07:50:05.896 9 INFO neutron.wsgi [None req-b76f9971-b3d9-4443-95c8-25fe18978935 10962f31edfb4a24bdf6797d2b771984 2cd50491c90742f3a973043c0194ba8c - - default default] 10.0.0.158 "DELETE /v2.0/subnetpools/f38f2c4a-4837-44d2-9b40-f92afc444ac6/tags HTTP/1.1" status: 204 len: 168 time: 0.0405426
2026-07-21 07:50:05.943 10 INFO neutron.wsgi [None req-f02bc079-e192-48cd-a6d9-768fc7cc72d2 10962f31edfb4a24bdf6797d2b771984 2cd50491c90742f3a973043c0194ba8c - - default default] 10.0.0.158 "GET /v2.0/subnetpools/f38f2c4a-4837-44d2-9b40-f92afc444ac6/tags HTTP/1.1" status: 200 len: 205 time: 0.0383101
2026-07-21 07:50:05.944 10 INFO neutron.db.ovn_revision_numbers_db [None req-61667d53-1259-4f6d-b5aa-94d4001b5055 44669f0cf5f646e7b49a67a0ddaa05b4 9de0bacbae7f4bd2bfc6b6460935afd9 - - default default] Successfully bumped revision number for resource 6a97e007-83ab-45a3-b7ca-7c491834120f (type: security_groups) to 1
2026-07-21 07:50:05.959 10 INFO neutron.db.ovn_revision_numbers_db [None req-61667d53-1259-4f6d-b5aa-94d4001b5055 44669f0cf5f646e7b49a67a0ddaa05b4 9de0bacbae7f4bd2bfc6b6460935afd9 - - default default] Successfully bumped revision number for resource 4a4dcb21-7fa2-4a67-bc69-c0fed19930d6 (type: security_group_rules) to 0
2026-07-21 07:50:05.974 10 INFO neutron.db.ovn_revision_numbers_db [None req-61667d53-1259-4f6d-b5aa-94d4001b5055 44669f0cf5f646e7b49a67a0ddaa05b4 9de0bacbae7f4bd2bfc6b6460935afd9 - - default default] Successfully bumped revision number for resource 7b501cad-a36b-44ef-8c6a-91519f141bf5 (type: security_group_rules) to 0
2026-07-21 07:50:05.991 10 INFO neutron.db.ovn_revision_numbers_db [None req-61667d53-1259-4f6d-b5aa-94d4001b5055 44669f0cf5f646e7b49a67a0ddaa05b4 9de0bacbae7f4bd2bfc6b6460935afd9 - - default default] Successfully bumped revision number for resource c2791df7-a5ba-43bf-93e7-30649447dba8 (type: security_group_rules) to 0
2026-07-21 07:50:06.008 10 INFO neutron.db.ovn_revision_numbers_db [None req-61667d53-1259-4f6d-b5aa-94d4001b5055 44669f0cf5f646e7b49a67a0ddaa05b4 9de0bacbae7f4bd2bfc6b6460935afd9 - - default default] Successfully bumped revision number for resource e76a0038-5fb9-43bd-ae4d-41a5039adb60 (type: security_group_rules) to 0
2026-07-21 07:50:06.043 9 INFO neutron.wsgi [None req-28aeb6b2-6326-434a-8579-11103eb7c0bb 10962f31edfb4a24bdf6797d2b771984 2cd50491c90742f3a973043c0194ba8c - - default default] 10.0.0.158 "DELETE /v2.0/subnetpools/f38f2c4a-4837-44d2-9b40-f92afc444ac6 HTTP/1.1" status: 204 len: 168 time: 0.0748210
2026-07-21 07:50:06.063 10 INFO neutron.db.segments_db [None req-61667d53-1259-4f6d-b5aa-94d4001b5055 44669f0cf5f646e7b49a67a0ddaa05b4 9de0bacbae7f4bd2bfc6b6460935afd9 - - default default] Added segment 55d4ce0d-9a5f-434b-b780-c7f12a17497e of type geneve for network 14accd9b-769a-4416-ac48-8a597ab5face
2026-07-21 07:50:06.209 10 INFO neutron.db.ovn_revision_numbers_db [None req-61667d53-1259-4f6d-b5aa-94d4001b5055 44669f0cf5f646e7b49a67a0ddaa05b4 9de0bacbae7f4bd2bfc6b6460935afd9 - - default default] Successfully bumped revision number for resource 14accd9b-769a-4416-ac48-8a597ab5face (type: networks) to 1
2026-07-21 07:50:06.375 10 WARNING neutron.scheduler.dhcp_agent_scheduler [None req-61667d53-1259-4f6d-b5aa-94d4001b5055 44669f0cf5f646e7b49a67a0ddaa05b4 9de0bacbae7f4bd2bfc6b6460935afd9 - - default default] No more DHCP agents
2026-07-21 07:50:06.377 10 WARNING neutron.api.rpc.agentnotifiers.dhcp_rpc_agent_api [None req-61667d53-1259-4f6d-b5aa-94d4001b5055 44669f0cf5f646e7b49a67a0ddaa05b4 9de0bacbae7f4bd2bfc6b6460935afd9 - - default default] Unable to schedule network 14accd9b-769a-4416-ac48-8a597ab5face: no agents available; will retry on subsequent port and subnet creation events.
2026-07-21 07:50:06.473 10 INFO neutron.db.ovn_revision_numbers_db [None req-61667d53-1259-4f6d-b5aa-94d4001b5055 44669f0cf5f646e7b49a67a0ddaa05b4 9de0bacbae7f4bd2bfc6b6460935afd9 - - default default] Successfully bumped revision number for resource 78dc7a92-225e-4661-a2a0-56f3c7566f83 (type: ports) to 1
2026-07-21 07:50:06.493 10 INFO neutron.wsgi [None req-61667d53-1259-4f6d-b5aa-94d4001b5055 44669f0cf5f646e7b49a67a0ddaa05b4 9de0bacbae7f4bd2bfc6b6460935afd9 - - default default] 10.0.0.158 "POST /v2.0/networks HTTP/1.1" status: 201 len: 848 time: 0.8520083
