2026-07-21 07:47:04.213 9 INFO neutron.wsgi [req-34e557c9-c3fc-43f1-b8cc-2bf90c2d62dd req-89059000-5554-4b9d-8614-29ce1fff1324 ef07f98857284cc6bdcec117e6ee70e2 9e90857ce0b24551a62668fdfc68e03e - - default default] 10.0.0.29 "GET /v2.0/ports?device_id=69977c3d-80f1-42b5-a2a0-1b78ee02ab21 HTTP/1.1" status: 200 len: 1348 time: 0.0500526
2026-07-21 07:47:04.215 10 INFO neutron.db.ovn_revision_numbers_db [None req-e6f9ef94-933c-4f96-9cd4-d8935c71eaff 72f88973f87a45789a0c46ca96bac323 85e86a3b027a4b79beed6827fd8178c9 - - default default] Successfully bumped revision number for resource e1620e5a-58af-4d12-abf9-ed2b19a96bb9 (type: security_group_rules) to 0
2026-07-21 07:47:04.244 9 INFO neutron.wsgi [req-b06eadd8-1a80-4b18-9700-53f40d186c24 req-de40f4b1-0be7-4018-8011-13affd21bac0 8c072dc2d94d43d39da88156770ccb2b b8e182786a374e84ab16c904db512139 - - default default] 10.0.0.29 "GET /v2.0/ports?device_id=271db2e0-d11b-4a0a-b78d-924e709b5ba7 HTTP/1.1" status: 200 len: 1170 time: 0.0468357
2026-07-21 07:47:04.264 10 INFO neutron.db.segments_db [None req-e6f9ef94-933c-4f96-9cd4-d8935c71eaff 72f88973f87a45789a0c46ca96bac323 85e86a3b027a4b79beed6827fd8178c9 - - default default] Added segment 0d6aad29-bcf7-4dc5-b848-2457cf0c0cf3 of type geneve for network 631ad966-2095-46e5-95d8-487916efef51
2026-07-21 07:47:04.278 9 INFO neutron.wsgi [req-34e557c9-c3fc-43f1-b8cc-2bf90c2d62dd req-108a5c02-3d7c-44c2-a1b1-1bcc25ca25c1 ef07f98857284cc6bdcec117e6ee70e2 9e90857ce0b24551a62668fdfc68e03e - - default default] 10.0.0.29 "GET /v2.0/security-groups?id=d31d6950-c19d-4f78-9ee3-688e2bc8b9c4&fields=id&fields=name HTTP/1.1" status: 200 len: 313 time: 0.0567439
2026-07-21 07:47:04.295 9 INFO neutron.wsgi [req-b06eadd8-1a80-4b18-9700-53f40d186c24 req-7f47e8b8-0e9d-4ba1-bbce-8c946a19b8b6 8c072dc2d94d43d39da88156770ccb2b b8e182786a374e84ab16c904db512139 - - default default] 10.0.0.29 "GET /v2.0/security-groups?id=9efaf4cd-d149-43dd-921c-96098ada9806&fields=id&fields=name HTTP/1.1" status: 200 len: 313 time: 0.0407968
2026-07-21 07:47:04.456 9 INFO neutron.wsgi [req-d2a0deb5-a7c0-4a92-8d7d-b8fed9821414 req-c6ebb0f3-2607-4def-a881-77db4a911458 07eb5747c0e140719624c70af48e4bad 4c7cabb78c5c455abd2a8b12951cbc7c - - default default] 10.0.0.29 "GET /v2.0/security-groups?name=tempest-securitygroup--1194680465&fields=id&tenant_id=4c7cabb78c5c455abd2a8b12951cbc7c HTTP/1.1" status: 200 len: 267 time: 0.0352585
2026-07-21 07:47:04.480 10 INFO neutron.wsgi [req-18f245c3-e31c-44af-86a0-ec4896495c48 req-9aa790e1-a8c4-400a-b5ad-ba66f3b0c349 ef07f98857284cc6bdcec117e6ee70e2 9e90857ce0b24551a62668fdfc68e03e - - default default] 199.204.45.109 "GET /v2.0/ports?device_id=69977c3d-80f1-42b5-a2a0-1b78ee02ab21&device_owner=compute%3Anova&fixed_ips=ip_address%3D10.100.0.5 HTTP/1.1" status: 200 len: 1348 time: 0.0790744
2026-07-21 07:47:04.481 10 INFO neutron.db.ovn_revision_numbers_db [None req-e6f9ef94-933c-4f96-9cd4-d8935c71eaff 72f88973f87a45789a0c46ca96bac323 85e86a3b027a4b79beed6827fd8178c9 - - default default] Successfully bumped revision number for resource 631ad966-2095-46e5-95d8-487916efef51 (type: networks) to 1
2026-07-21 07:47:04.537 9 INFO neutron.wsgi [req-d2a0deb5-a7c0-4a92-8d7d-b8fed9821414 req-c7f674c4-6726-4620-8250-ddbd50314058 07eb5747c0e140719624c70af48e4bad 4c7cabb78c5c455abd2a8b12951cbc7c - - default default] 10.0.0.29 "GET /v2.0/networks?id=7c00b5a9-979f-4d7f-a87c-4f8844559b6a HTTP/1.1" status: 200 len: 879 time: 0.0719056
2026-07-21 07:47:04.558 9 INFO neutron.wsgi [req-d2a0deb5-a7c0-4a92-8d7d-b8fed9821414 req-af281b1c-8d94-478a-8a3c-6c7ae00b033a 07eb5747c0e140719624c70af48e4bad 4c7cabb78c5c455abd2a8b12951cbc7c - - default default] 10.0.0.29 "GET /v2.0/quotas/4c7cabb78c5c455abd2a8b12951cbc7c HTTP/1.1" status: 200 len: 386 time: 0.0142226
2026-07-21 07:47:04.669 9 INFO neutron.wsgi [req-d2a0deb5-a7c0-4a92-8d7d-b8fed9821414 req-f994d122-e3fc-4325-89a1-d14f018dd3ec 07eb5747c0e140719624c70af48e4bad 4c7cabb78c5c455abd2a8b12951cbc7c - - default default] 10.0.0.29 "GET /v2.0/ports?tenant_id=4c7cabb78c5c455abd2a8b12951cbc7c&fields=id HTTP/1.1" status: 200 len: 302 time: 0.1031706
2026-07-21 07:47:04.695 9 INFO neutron.plugins.ml2.drivers.ovn.mech_driver.mech_driver [None req-edcfc3cf-e4fd-463d-9ac2-f673b9c71150 - - - - - -] OVN reports status down for port: 24743710-0906-4109-8c8c-1584e705a604
2026-07-21 07:47:04.705 9 INFO neutron.wsgi [req-84f0aa22-f091-44af-a66c-7907153f9d80 req-0ebb7628-7a71-4839-9714-73134d3d280a 8c072dc2d94d43d39da88156770ccb2b b8e182786a374e84ab16c904db512139 - - default default] 10.0.0.29 "GET /v2.0/ports?device_id=271db2e0-d11b-4a0a-b78d-924e709b5ba7 HTTP/1.1" status: 200 len: 1170 time: 0.0657845
2026-07-21 07:47:04.746 9 INFO neutron.wsgi [req-84f0aa22-f091-44af-a66c-7907153f9d80 req-d72bd51e-5a75-41a0-a0fe-b3522e8058b7 8c072dc2d94d43d39da88156770ccb2b b8e182786a374e84ab16c904db512139 - - default default] 10.0.0.29 "GET /v2.0/security-groups?id=9efaf4cd-d149-43dd-921c-96098ada9806&fields=id&fields=name HTTP/1.1" status: 200 len: 313 time: 0.0343850
2026-07-21 07:47:04.750 10 WARNING neutron.scheduler.dhcp_agent_scheduler [None req-e6f9ef94-933c-4f96-9cd4-d8935c71eaff 72f88973f87a45789a0c46ca96bac323 85e86a3b027a4b79beed6827fd8178c9 - - default default] No more DHCP agents
2026-07-21 07:47:04.760 10 WARNING neutron.api.rpc.agentnotifiers.dhcp_rpc_agent_api [None req-e6f9ef94-933c-4f96-9cd4-d8935c71eaff 72f88973f87a45789a0c46ca96bac323 85e86a3b027a4b79beed6827fd8178c9 - - default default] Unable to schedule network 631ad966-2095-46e5-95d8-487916efef51: no agents available; will retry on subsequent port and subnet creation events.
2026-07-21 07:47:04.914 10 INFO neutron.db.ovn_revision_numbers_db [None req-e6f9ef94-933c-4f96-9cd4-d8935c71eaff 72f88973f87a45789a0c46ca96bac323 85e86a3b027a4b79beed6827fd8178c9 - - default default] Successfully bumped revision number for resource 13ee7e72-66fb-4938-8778-9163bdd00d9a (type: ports) to 1
2026-07-21 07:47:04.960 10 INFO neutron.wsgi [None req-e6f9ef94-933c-4f96-9cd4-d8935c71eaff 72f88973f87a45789a0c46ca96bac323 85e86a3b027a4b79beed6827fd8178c9 - - default default] 10.0.0.158 "POST /v2.0/networks HTTP/1.1" status: 201 len: 844 time: 1.1696630
2026-07-21 07:47:04.974 9 WARNING neutron_lib.context [None req-82e23c88-f626-429d-b894-e8a0ec3d37b8 72f88973f87a45789a0c46ca96bac323 85e86a3b027a4b79beed6827fd8178c9 - - default default] Method 'is_advsvc' is deprecated since 2023.2 release (neutron-lib 3.8.0) and will be removed once support for the old RBAC API policies will be removed from Neutron. Please use method 'is_service_role' instead.
2026-07-21 07:47:05.023 9 INFO neutron.db.ovn_revision_numbers_db [None req-edcfc3cf-e4fd-463d-9ac2-f673b9c71150 - - - - - -] Successfully bumped revision number for resource 24743710-0906-4109-8c8c-1584e705a604 (type: ports) to 5
2026-07-21 07:47:05.089 9 INFO neutron.wsgi [req-d2a0deb5-a7c0-4a92-8d7d-b8fed9821414 req-2cbe9f03-4f08-4af3-bc66-0a52710c7655 f1708b344cf944ceb4b45a23543aa568 5fbacf0cf08d4a29ab97893c932fdab7 - - 941e9478a541400a9dea1998c30101af 941e9478a541400a9dea1998c30101af] 10.0.0.29 "GET /v2.0/extensions HTTP/1.1" status: 200 len: 16980 time: 0.0744495 /var/lib/openstack/lib/python3.10/site-packages/pycadf/identifier.py:71: UserWarning: Invalid uuid: neutron. To ensure interoperability, identifiers should be a valid uuid. warnings.warn(('Invalid uuid: %s. To ensure interoperability, '
2026-07-21 07:47:05.129 10 INFO neutron.wsgi [req-74089313-8f96-4410-847b-85d821925b0b req-f9e8a5ee-6f85-457f-80fb-c845933a5719 8c072dc2d94d43d39da88156770ccb2b b8e182786a374e84ab16c904db512139 - - default default] 199.204.45.109 "GET /v2.0/ports?device_id=271db2e0-d11b-4a0a-b78d-924e709b5ba7 HTTP/1.1" status: 200 len: 1168 time: 0.1529164
2026-07-21 07:47:05.158 9 INFO neutron.wsgi [req-d2a0deb5-a7c0-4a92-8d7d-b8fed9821414 req-8b33a6a3-09e8-465e-8b1c-338683f85eed f1708b344cf944ceb4b45a23543aa568 5fbacf0cf08d4a29ab97893c932fdab7 - - 941e9478a541400a9dea1998c30101af 941e9478a541400a9dea1998c30101af] 10.0.0.29 "GET /v2.0/networks/7c00b5a9-979f-4d7f-a87c-4f8844559b6a?fields=segments HTTP/1.1" status: 200 len: 212 time: 0.0623050
2026-07-21 07:47:05.275 9 INFO neutron.wsgi [req-d2a0deb5-a7c0-4a92-8d7d-b8fed9821414 req-5b146275-ba0a-40f3-a1dc-2b4e9b0439f7 f1708b344cf944ceb4b45a23543aa568 5fbacf0cf08d4a29ab97893c932fdab7 - - 941e9478a541400a9dea1998c30101af 941e9478a541400a9dea1998c30101af] 10.0.0.29 "GET /v2.0/networks/7c00b5a9-979f-4d7f-a87c-4f8844559b6a?fields=provider%3Aphysical_network&fields=provider%3Anetwork_type HTTP/1.1" status: 200 len: 277 time: 0.1087794
2026-07-21 07:47:05.275 9 WARNING neutron.scheduler.dhcp_agent_scheduler [None req-82e23c88-f626-429d-b894-e8a0ec3d37b8 72f88973f87a45789a0c46ca96bac323 85e86a3b027a4b79beed6827fd8178c9 - - default default] No more DHCP agents
2026-07-21 07:47:05.277 9 WARNING neutron.api.rpc.agentnotifiers.dhcp_rpc_agent_api [None req-82e23c88-f626-429d-b894-e8a0ec3d37b8 72f88973f87a45789a0c46ca96bac323 85e86a3b027a4b79beed6827fd8178c9 - - default default] Unable to schedule network 631ad966-2095-46e5-95d8-487916efef51: no agents available; will retry on subsequent port and subnet creation events.
2026-07-21 07:47:05.351 9 INFO neutron.db.ovn_revision_numbers_db [None req-82e23c88-f626-429d-b894-e8a0ec3d37b8 72f88973f87a45789a0c46ca96bac323 85e86a3b027a4b79beed6827fd8178c9 - - default default] Successfully bumped revision number for resource 9e9ab4c1-e7ca-4634-aecc-0aba3927c81c (type: ports) to 1
2026-07-21 07:47:05.371 9 INFO neutron.wsgi [None req-82e23c88-f626-429d-b894-e8a0ec3d37b8 72f88973f87a45789a0c46ca96bac323 85e86a3b027a4b79beed6827fd8178c9 - - default default] 10.0.0.158 "POST /v2.0/ports HTTP/1.1" status: 201 len: 973 time: 0.4010115 /var/lib/openstack/lib/python3.10/site-packages/pycadf/identifier.py:71: UserWarning: Invalid uuid: neutron. To ensure interoperability, identifiers should be a valid uuid. warnings.warn(('Invalid uuid: %s. To ensure interoperability, '
2026-07-21 07:47:05.385 9 WARNING neutron_lib.context [None req-96a1e335-e09c-4908-8d27-18980a25f877 72f88973f87a45789a0c46ca96bac323 85e86a3b027a4b79beed6827fd8178c9 - - default default] Method 'is_advsvc' is deprecated since 2023.2 release (neutron-lib 3.8.0) and will be removed once support for the old RBAC API policies will be removed from Neutron. Please use method 'is_service_role' instead.
2026-07-21 07:47:05.465 9 INFO neutron.db.segments_db [None req-96a1e335-e09c-4908-8d27-18980a25f877 72f88973f87a45789a0c46ca96bac323 85e86a3b027a4b79beed6827fd8178c9 - - default default] Added segment ed2a9ad4-5b04-417c-889a-a67c5ecd12bf of type geneve for network 450e1eae-09fd-4891-9f53-e327be0623e3
2026-07-21 07:47:05.466 10 INFO neutron.db.ovn_revision_numbers_db [req-18f245c3-e31c-44af-86a0-ec4896495c48 req-ef4669b3-182c-41f7-a9d7-e9785ee9ba58 ef07f98857284cc6bdcec117e6ee70e2 9e90857ce0b24551a62668fdfc68e03e - - default default] Successfully bumped revision number for resource 83e643ee-3ef7-47c0-8c20-28b5197470c4 (type: ports) to 6
2026-07-21 07:47:05.482 10 INFO neutron.wsgi [req-18f245c3-e31c-44af-86a0-ec4896495c48 req-ef4669b3-182c-41f7-a9d7-e9785ee9ba58 ef07f98857284cc6bdcec117e6ee70e2 9e90857ce0b24551a62668fdfc68e03e - - default default] 199.204.45.109 "PUT /v2.0/ports/83e643ee-3ef7-47c0-8c20-28b5197470c4 HTTP/1.1" status: 200 len: 1167 time: 0.9978244 /var/lib/openstack/lib/python3.10/site-packages/pycadf/identifier.py:71: UserWarning: Invalid uuid: neutron. To ensure interoperability, identifiers should be a valid uuid. warnings.warn(('Invalid uuid: %s. To ensure interoperability, '
2026-07-21 07:47:05.547 10 INFO neutron.notifiers.nova [-] Nova event matching ['req-1e332a39-e75b-4347-93a7-c6270d6da3d9'] response: {'name': 'network-changed', 'server_uuid': '69977c3d-80f1-42b5-a2a0-1b78ee02ab21', 'tag': '83e643ee-3ef7-47c0-8c20-28b5197470c4', 'status': 'completed', 'code': 200}
2026-07-21 07:47:05.566 10 INFO neutron.wsgi [req-18f245c3-e31c-44af-86a0-ec4896495c48 req-dde8123b-0f1d-4761-9383-dc3087be6b19 f1708b344cf944ceb4b45a23543aa568 5fbacf0cf08d4a29ab97893c932fdab7 - - 941e9478a541400a9dea1998c30101af 941e9478a541400a9dea1998c30101af] 199.204.45.109 "GET /v2.0/ports?tenant_id=9e90857ce0b24551a62668fdfc68e03e&device_id=69977c3d-80f1-42b5-a2a0-1b78ee02ab21 HTTP/1.1" status: 200 len: 1409 time: 0.0484986
2026-07-21 07:47:05.596 9 INFO neutron.wsgi [req-c5d18ec0-0f67-4527-b92d-4987c4cacd47 req-6b204b6a-5ce5-463b-ba03-959db1ac6be1 07eb5747c0e140719624c70af48e4bad 4c7cabb78c5c455abd2a8b12951cbc7c - - default default] 10.0.0.29 "GET /v2.0/ports?device_id=3ba96b57-e703-4f9b-a193-4cc38f7dd7d2 HTTP/1.1" status: 200 len: 210 time: 0.0253575
2026-07-21 07:47:05.617 9 INFO neutron.db.ovn_revision_numbers_db [None req-96a1e335-e09c-4908-8d27-18980a25f877 72f88973f87a45789a0c46ca96bac323 85e86a3b027a4b79beed6827fd8178c9 - - default default] Successfully bumped revision number for resource 450e1eae-09fd-4891-9f53-e327be0623e3 (type: networks) to 1
2026-07-21 07:47:05.661 10 INFO neutron.wsgi [req-18f245c3-e31c-44af-86a0-ec4896495c48 req-1a2e3607-1d9d-40eb-8f27-7868da168440 f1708b344cf944ceb4b45a23543aa568 5fbacf0cf08d4a29ab97893c932fdab7 - - 941e9478a541400a9dea1998c30101af 941e9478a541400a9dea1998c30101af] 199.204.45.109 "GET /v2.0/networks?id=dbb2732e-bbc0-4dac-91a1-0d9f3c7916c6 HTTP/1.1" status: 200 len: 981 time: 0.0857818
2026-07-21 07:47:05.732 10 INFO neutron.wsgi [req-18f245c3-e31c-44af-86a0-ec4896495c48 req-94bf4bcd-11e3-4976-8197-4551acf3d5c4 f1708b344cf944ceb4b45a23543aa568 5fbacf0cf08d4a29ab97893c932fdab7 - - 941e9478a541400a9dea1998c30101af 941e9478a541400a9dea1998c30101af] 199.204.45.109 "GET /v2.0/floatingips?fixed_ip_address=10.100.0.3&port_id=83e643ee-3ef7-47c0-8c20-28b5197470c4 HTTP/1.1" status: 200 len: 1059 time: 0.0610051
2026-07-21 07:47:05.757 10 INFO neutron.db.l3_db [req-74089313-8f96-4410-847b-85d821925b0b req-78347fd6-15b5-47e9-a71f-f20b313904a7 8c072dc2d94d43d39da88156770ccb2b b8e182786a374e84ab16c904db512139 - - default default] Floating IP ee6192e9-8c99-4040-8f47-40865ed2862a disassociated. External IP: 10.96.250.204, port: 24743710-0906-4109-8c8c-1584e705a604.
2026-07-21 07:47:05.800 9 WARNING neutron.scheduler.dhcp_agent_scheduler [None req-96a1e335-e09c-4908-8d27-18980a25f877 72f88973f87a45789a0c46ca96bac323 85e86a3b027a4b79beed6827fd8178c9 - - default default] No more DHCP agents
2026-07-21 07:47:05.805 9 WARNING neutron.api.rpc.agentnotifiers.dhcp_rpc_agent_api [None req-96a1e335-e09c-4908-8d27-18980a25f877 72f88973f87a45789a0c46ca96bac323 85e86a3b027a4b79beed6827fd8178c9 - - default default] Unable to schedule network 450e1eae-09fd-4891-9f53-e327be0623e3: no agents available; will retry on subsequent port and subnet creation events.
2026-07-21 07:47:05.822 10 INFO neutron.wsgi [req-18f245c3-e31c-44af-86a0-ec4896495c48 req-27080818-87e8-4c42-a52b-94fcad6b5371 f1708b344cf944ceb4b45a23543aa568 5fbacf0cf08d4a29ab97893c932fdab7 - - 941e9478a541400a9dea1998c30101af 941e9478a541400a9dea1998c30101af] 199.204.45.109 "GET /v2.0/subnets?id=554ca25f-aa02-4020-b23f-830605f7070e HTTP/1.1" status: 200 len: 876 time: 0.0844913 /var/lib/openstack/lib/python3.10/site-packages/pycadf/identifier.py:71: UserWarning: Invalid uuid: neutron. To ensure interoperability, identifiers should be a valid uuid. warnings.warn(('Invalid uuid: %s. To ensure interoperability, '
2026-07-21 07:47:05.858 10 INFO neutron.wsgi [req-18f245c3-e31c-44af-86a0-ec4896495c48 req-7f7f19e2-7e1f-44da-b68c-8afeefa0f2b7 f1708b344cf944ceb4b45a23543aa568 5fbacf0cf08d4a29ab97893c932fdab7 - - 941e9478a541400a9dea1998c30101af 941e9478a541400a9dea1998c30101af] 199.204.45.109 "GET /v2.0/ports?network_id=dbb2732e-bbc0-4dac-91a1-0d9f3c7916c6&device_owner=network%3Adhcp HTTP/1.1" status: 200 len: 210 time: 0.0252032
2026-07-21 07:47:05.874 9 INFO neutron.wsgi [req-1b7b4bdd-ddc0-4e8f-91a3-6256c37fc79c req-80d5ae91-da2b-47c7-b272-f0cd82090089 8c072dc2d94d43d39da88156770ccb2b b8e182786a374e84ab16c904db512139 - - default default] 10.0.0.29 "GET /v2.0/ports?device_id=271db2e0-d11b-4a0a-b78d-924e709b5ba7 HTTP/1.1" status: 200 len: 1168 time: 0.0661137
2026-07-21 07:47:05.876 9 INFO neutron.notifiers.nova [-] Nova event matching ['req-072ba93e-4bf1-4a31-88ba-a9df910fbf3c'] response: {'name': 'network-changed', 'server_uuid': '271db2e0-d11b-4a0a-b78d-924e709b5ba7', 'tag': '24743710-0906-4109-8c8c-1584e705a604', 'status': 'completed', 'code': 200}
2026-07-21 07:47:05.876 9 INFO neutron.notifiers.nova [-] Nova event matching ['req-072ba93e-4bf1-4a31-88ba-a9df910fbf3c'] response: {'server_uuid': '271db2e0-d11b-4a0a-b78d-924e709b5ba7', 'name': 'network-vif-unplugged', 'status': 'completed', 'tag': '24743710-0906-4109-8c8c-1584e705a604', 'code': 200}
2026-07-21 07:47:05.876 9 INFO neutron.notifiers.nova [-] Nova event matching ['req-072ba93e-4bf1-4a31-88ba-a9df910fbf3c'] response: {'server_uuid': '271db2e0-d11b-4a0a-b78d-924e709b5ba7', 'name': 'network-vif-plugged', 'status': 'completed', 'tag': '24743710-0906-4109-8c8c-1584e705a604', 'code': 200}
2026-07-21 07:47:05.941 9 INFO neutron.wsgi [req-1b7b4bdd-ddc0-4e8f-91a3-6256c37fc79c req-5c3d0c28-05a0-4726-971d-ae5035bb80d1 8c072dc2d94d43d39da88156770ccb2b b8e182786a374e84ab16c904db512139 - - default default] 10.0.0.29 "GET /v2.0/security-groups?id=9efaf4cd-d149-43dd-921c-96098ada9806&fields=id&fields=name HTTP/1.1" status: 200 len: 313 time: 0.0604002
2026-07-21 07:47:05.944 9 INFO neutron.db.ovn_revision_numbers_db [None req-96a1e335-e09c-4908-8d27-18980a25f877 72f88973f87a45789a0c46ca96bac323 85e86a3b027a4b79beed6827fd8178c9 - - default default] Successfully bumped revision number for resource 93b3d76d-aace-4689-8a16-390a79f7e7de (type: ports) to 1
2026-07-21 07:47:05.961 10 INFO neutron.wsgi [req-e9283a16-7869-4a9b-a907-e801e473a402 req-b4b26751-4fba-43a5-b02f-eb026f9a4fe2 f1708b344cf944ceb4b45a23543aa568 5fbacf0cf08d4a29ab97893c932fdab7 - - 941e9478a541400a9dea1998c30101af 941e9478a541400a9dea1998c30101af] 199.204.45.109 "GET /v2.0/ports?tenant_id=b8e182786a374e84ab16c904db512139&device_id=271db2e0-d11b-4a0a-b78d-924e709b5ba7 HTTP/1.1" status: 200 len: 1407 time: 0.0652721
2026-07-21 07:47:05.966 9 INFO neutron.wsgi [None req-96a1e335-e09c-4908-8d27-18980a25f877 72f88973f87a45789a0c46ca96bac323 85e86a3b027a4b79beed6827fd8178c9 - - default default] 10.0.0.158 "POST /v2.0/networks HTTP/1.1" status: 201 len: 831 time: 0.5869873
2026-07-21 07:47:05.976 9 WARNING neutron_lib.context [None req-0a0212b7-e127-4574-a597-d7e2212474b1 72f88973f87a45789a0c46ca96bac323 85e86a3b027a4b79beed6827fd8178c9 - - default default] Method 'is_advsvc' is deprecated since 2023.2 release (neutron-lib 3.8.0) and will be removed once support for the old RBAC API policies will be removed from Neutron. Please use method 'is_service_role' instead.
2026-07-21 07:47:06.038 10 INFO neutron.wsgi [req-18f245c3-e31c-44af-86a0-ec4896495c48 req-16d9e968-3ac0-4898-87a1-25df28badc6d f1708b344cf944ceb4b45a23543aa568 5fbacf0cf08d4a29ab97893c932fdab7 - - 941e9478a541400a9dea1998c30101af 941e9478a541400a9dea1998c30101af] 199.204.45.109 "GET /v2.0/networks/dbb2732e-bbc0-4dac-91a1-0d9f3c7916c6?fields=segments HTTP/1.1" status: 200 len: 212 time: 0.1711297
2026-07-21 07:47:06.083 10 INFO neutron.wsgi [req-e9283a16-7869-4a9b-a907-e801e473a402 req-de0910a5-68fa-430d-9521-da58a9ff3e34 f1708b344cf944ceb4b45a23543aa568 5fbacf0cf08d4a29ab97893c932fdab7 - - 941e9478a541400a9dea1998c30101af 941e9478a541400a9dea1998c30101af] 199.204.45.109 "GET /v2.0/networks?id=956708fa-b3ec-49ac-aa2d-4544fa0d695c HTTP/1.1" status: 200 len: 967 time: 0.1157560
2026-07-21 07:47:06.123 10 INFO neutron.wsgi [req-e9283a16-7869-4a9b-a907-e801e473a402 req-2a889014-90fb-4cb8-ae8e-e24b75b0e44e f1708b344cf944ceb4b45a23543aa568 5fbacf0cf08d4a29ab97893c932fdab7 - - 941e9478a541400a9dea1998c30101af 941e9478a541400a9dea1998c30101af] 199.204.45.109 "GET /v2.0/floatingips?fixed_ip_address=10.100.0.4&port_id=24743710-0906-4109-8c8c-1584e705a604 HTTP/1.1" status: 200 len: 217 time: 0.0336664
2026-07-21 07:47:06.126 10 INFO neutron.wsgi [req-74089313-8f96-4410-847b-85d821925b0b req-78347fd6-15b5-47e9-a71f-f20b313904a7 8c072dc2d94d43d39da88156770ccb2b b8e182786a374e84ab16c904db512139 - - default default] 199.204.45.109 "DELETE /v2.0/ports/24743710-0906-4109-8c8c-1584e705a604 HTTP/1.1" status: 204 len: 173 time: 0.9916382
2026-07-21 07:47:06.160 10 INFO neutron.wsgi [req-18f245c3-e31c-44af-86a0-ec4896495c48 req-7c5e4a85-12c3-4364-a46f-7df706df22a9 f1708b344cf944ceb4b45a23543aa568 5fbacf0cf08d4a29ab97893c932fdab7 - - 941e9478a541400a9dea1998c30101af 941e9478a541400a9dea1998c30101af] 199.204.45.109 "GET /v2.0/networks/dbb2732e-bbc0-4dac-91a1-0d9f3c7916c6?fields=provider%3Aphysical_network&fields=provider%3Anetwork_type HTTP/1.1" status: 200 len: 277 time: 0.1123800
2026-07-21 07:47:06.168 10 INFO neutron.wsgi [req-e9283a16-7869-4a9b-a907-e801e473a402 req-aa5f2170-4fef-4957-89a7-9c53aa637ee8 f1708b344cf944ceb4b45a23543aa568 5fbacf0cf08d4a29ab97893c932fdab7 - - 941e9478a541400a9dea1998c30101af 941e9478a541400a9dea1998c30101af] 199.204.45.109 "GET /v2.0/subnets?id=ce8d7b54-3a94-4f2d-9875-2705743476be HTTP/1.1" status: 200 len: 862 time: 0.0398445
2026-07-21 07:47:06.188 10 INFO neutron.wsgi [req-e9283a16-7869-4a9b-a907-e801e473a402 req-644e4864-9928-439a-9aa2-62a02907eb42 f1708b344cf944ceb4b45a23543aa568 5fbacf0cf08d4a29ab97893c932fdab7 - - 941e9478a541400a9dea1998c30101af 941e9478a541400a9dea1998c30101af] 199.204.45.109 "GET /v2.0/ports?network_id=956708fa-b3ec-49ac-aa2d-4544fa0d695c&device_owner=network%3Adhcp HTTP/1.1" status: 200 len: 210 time: 0.0146487
2026-07-21 07:47:06.226 9 WARNING neutron.scheduler.dhcp_agent_scheduler [None req-0a0212b7-e127-4574-a597-d7e2212474b1 72f88973f87a45789a0c46ca96bac323 85e86a3b027a4b79beed6827fd8178c9 - - default default] No more DHCP agents
2026-07-21 07:47:06.228 9 WARNING neutron.api.rpc.agentnotifiers.dhcp_rpc_agent_api [None req-0a0212b7-e127-4574-a597-d7e2212474b1 72f88973f87a45789a0c46ca96bac323 85e86a3b027a4b79beed6827fd8178c9 - - default default] Unable to schedule network 450e1eae-09fd-4891-9f53-e327be0623e3: no agents available; will retry on subsequent port and subnet creation events.
2026-07-21 07:47:06.257 10 INFO neutron.wsgi [req-e9283a16-7869-4a9b-a907-e801e473a402 req-22da5c50-b74d-4de0-951c-0b0c77e72df0 f1708b344cf944ceb4b45a23543aa568 5fbacf0cf08d4a29ab97893c932fdab7 - - 941e9478a541400a9dea1998c30101af 941e9478a541400a9dea1998c30101af] 199.204.45.109 "GET /v2.0/networks/956708fa-b3ec-49ac-aa2d-4544fa0d695c?fields=segments HTTP/1.1" status: 200 len: 212 time: 0.0640576
2026-07-21 07:47:06.280 10 INFO neutron.wsgi [req-b2e33ff5-62d2-4ca1-99e5-8115d146944c req-f4dfe40c-9116-48e4-83e2-44dadb9557b1 f1708b344cf944ceb4b45a23543aa568 5fbacf0cf08d4a29ab97893c932fdab7 - - 941e9478a541400a9dea1998c30101af 941e9478a541400a9dea1998c30101af] 199.204.45.109 "GET /v2.0/ports?tenant_id=9e90857ce0b24551a62668fdfc68e03e&device_id=69977c3d-80f1-42b5-a2a0-1b78ee02ab21 HTTP/1.1" status: 200 len: 1409 time: 0.0479250
2026-07-21 07:47:06.350 10 INFO neutron.wsgi [req-e9283a16-7869-4a9b-a907-e801e473a402 req-e0b8fba5-550a-44f0-81ce-96c21f02d7d8 f1708b344cf944ceb4b45a23543aa568 5fbacf0cf08d4a29ab97893c932fdab7 - - 941e9478a541400a9dea1998c30101af 941e9478a541400a9dea1998c30101af] 199.204.45.109 "GET /v2.0/networks/956708fa-b3ec-49ac-aa2d-4544fa0d695c?fields=provider%3Aphysical_network&fields=provider%3Anetwork_type HTTP/1.1" status: 200 len: 277 time: 0.0889292
2026-07-21 07:47:06.358 10 INFO neutron.wsgi [req-b2e33ff5-62d2-4ca1-99e5-8115d146944c req-19d29a37-5284-4da9-86e8-92cefeef7c5a f1708b344cf944ceb4b45a23543aa568 5fbacf0cf08d4a29ab97893c932fdab7 - - 941e9478a541400a9dea1998c30101af 941e9478a541400a9dea1998c30101af] 199.204.45.109 "GET /v2.0/networks?id=dbb2732e-bbc0-4dac-91a1-0d9f3c7916c6 HTTP/1.1" status: 200 len: 981 time: 0.0722375
2026-07-21 07:47:06.408 10 INFO neutron.wsgi [req-b2e33ff5-62d2-4ca1-99e5-8115d146944c req-fbf0d1bf-0d6d-4f01-9ffe-a510fe46bfbb f1708b344cf944ceb4b45a23543aa568 5fbacf0cf08d4a29ab97893c932fdab7 - - 941e9478a541400a9dea1998c30101af 941e9478a541400a9dea1998c30101af] 199.204.45.109 "GET /v2.0/floatingips?fixed_ip_address=10.100.0.3&port_id=83e643ee-3ef7-47c0-8c20-28b5197470c4 HTTP/1.1" status: 200 len: 1059 time: 0.0444791
2026-07-21 07:47:06.457 10 INFO neutron.wsgi [req-b2e33ff5-62d2-4ca1-99e5-8115d146944c req-6c41e974-ce2b-4362-9419-90c5e02ffca9 f1708b344cf944ceb4b45a23543aa568 5fbacf0cf08d4a29ab97893c932fdab7 - - 941e9478a541400a9dea1998c30101af 941e9478a541400a9dea1998c30101af] 199.204.45.109 "GET /v2.0/subnets?id=554ca25f-aa02-4020-b23f-830605f7070e HTTP/1.1" status: 200 len: 876 time: 0.0398433
2026-07-21 07:47:06.488 10 INFO neutron.wsgi [req-b2e33ff5-62d2-4ca1-99e5-8115d146944c req-8946b8dc-7d43-4788-bcfa-f9eef3c58d57 f1708b344cf944ceb4b45a23543aa568 5fbacf0cf08d4a29ab97893c932fdab7 - - 941e9478a541400a9dea1998c30101af 941e9478a541400a9dea1998c30101af] 199.204.45.109 "GET /v2.0/ports?network_id=dbb2732e-bbc0-4dac-91a1-0d9f3c7916c6&device_owner=network%3Adhcp HTTP/1.1" status: 200 len: 210 time: 0.0189638
2026-07-21 07:47:06.512 10 INFO neutron.wsgi [req-d2a0deb5-a7c0-4a92-8d7d-b8fed9821414 req-b922666a-7d91-4333-b0d7-84788dfb4818 07eb5747c0e140719624c70af48e4bad 4c7cabb78c5c455abd2a8b12951cbc7c - - default default] 199.204.45.109 "GET /v2.0/networks?id=7c00b5a9-979f-4d7f-a87c-4f8844559b6a HTTP/1.1" status: 200 len: 879 time: 0.0801537
2026-07-21 07:47:06.576 10 INFO neutron.wsgi [req-b2e33ff5-62d2-4ca1-99e5-8115d146944c req-fa30523c-3ede-45cd-b25e-4b5eca552355 f1708b344cf944ceb4b45a23543aa568 5fbacf0cf08d4a29ab97893c932fdab7 - - 941e9478a541400a9dea1998c30101af 941e9478a541400a9dea1998c30101af] 199.204.45.109 "GET /v2.0/networks/dbb2732e-bbc0-4dac-91a1-0d9f3c7916c6?fields=segments HTTP/1.1" status: 200 len: 212 time: 0.0837107
2026-07-21 07:47:06.579 10 INFO neutron.wsgi [req-d2a0deb5-a7c0-4a92-8d7d-b8fed9821414 req-288370e2-ced2-4fc1-9fb7-560de56c8467 07eb5747c0e140719624c70af48e4bad 4c7cabb78c5c455abd2a8b12951cbc7c - - default default] 199.204.45.109 "GET /v2.0/security-groups?fields=id&fields=name&tenant_id=4c7cabb78c5c455abd2a8b12951cbc7c HTTP/1.1" status: 200 len: 380 time: 0.0479436
2026-07-21 07:47:06.602 10 WARNING neutron_lib.context [req-d2a0deb5-a7c0-4a92-8d7d-b8fed9821414 req-23ef40b4-5641-4224-9b87-e45126e87cb5 07eb5747c0e140719624c70af48e4bad 4c7cabb78c5c455abd2a8b12951cbc7c - - default default] Method 'is_advsvc' is deprecated since 2023.2 release (neutron-lib 3.8.0) and will be removed once support for the old RBAC API policies will be removed from Neutron. Please use method 'is_service_role' instead.
2026-07-21 07:47:06.670 10 INFO neutron.wsgi [req-b2e33ff5-62d2-4ca1-99e5-8115d146944c req-19b12372-8e38-480b-be78-f9784d57bc97 f1708b344cf944ceb4b45a23543aa568 5fbacf0cf08d4a29ab97893c932fdab7 - - 941e9478a541400a9dea1998c30101af 941e9478a541400a9dea1998c30101af] 199.204.45.109 "GET /v2.0/networks/dbb2732e-bbc0-4dac-91a1-0d9f3c7916c6?fields=provider%3Aphysical_network&fields=provider%3Anetwork_type HTTP/1.1" status: 200 len: 277 time: 0.0814404
2026-07-21 07:47:06.690 9 INFO neutron.wsgi [req-85eac089-5493-4f1b-8c99-fe86927df815 req-879d389f-1dbb-4116-9b5b-ba96874c9042 07eb5747c0e140719624c70af48e4bad 4c7cabb78c5c455abd2a8b12951cbc7c - - default default] 10.0.0.29 "GET /v2.0/ports?device_id=3ba96b57-e703-4f9b-a193-4cc38f7dd7d2 HTTP/1.1" status: 200 len: 210 time: 0.0269511
2026-07-21 07:47:06.734 9 INFO neutron.db.ovn_revision_numbers_db [None req-0a0212b7-e127-4574-a597-d7e2212474b1 72f88973f87a45789a0c46ca96bac323 85e86a3b027a4b79beed6827fd8178c9 - - default default] Successfully bumped revision number for resource 93b3d76d-aace-4689-8a16-390a79f7e7de (type: ports) to 2
2026-07-21 07:47:06.767 9 INFO neutron.db.ovn_revision_numbers_db [None req-0a0212b7-e127-4574-a597-d7e2212474b1 72f88973f87a45789a0c46ca96bac323 85e86a3b027a4b79beed6827fd8178c9 - - default default] Successfully bumped revision number for resource fbf42d86-f2a3-460b-bb8b-aaee2d66978b (type: subnets) to 0
2026-07-21 07:47:06.781 9 INFO neutron.wsgi [None req-0a0212b7-e127-4574-a597-d7e2212474b1 72f88973f87a45789a0c46ca96bac323 85e86a3b027a4b79beed6827fd8178c9 - - default default] 10.0.0.158 "POST /v2.0/subnets HTTP/1.1" status: 201 len: 801 time: 0.8107388
2026-07-21 07:47:06.795 9 WARNING neutron_lib.context [None req-de00bc21-d92f-44b6-919b-a4d88a1f3b98 72f88973f87a45789a0c46ca96bac323 85e86a3b027a4b79beed6827fd8178c9 - - default default] Method 'is_advsvc' is deprecated since 2023.2 release (neutron-lib 3.8.0) and will be removed once support for the old RBAC API policies will be removed from Neutron. Please use method 'is_service_role' instead.
2026-07-21 07:47:06.876 10 INFO neutron.plugins.ml2.drivers.ovn.mech_driver.mech_driver [None req-9a7bc7a7-8e58-4f31-9213-24392d36372a - - - - - -] OVN reports status down for port: 83e643ee-3ef7-47c0-8c20-28b5197470c4
2026-07-21 07:47:06.942 9 INFO neutron.wsgi [req-82d03073-2b23-4f75-85b3-a5c83dddb415 req-46cd6d2a-0438-48fe-81bc-2fb796068840 ef07f98857284cc6bdcec117e6ee70e2 9e90857ce0b24551a62668fdfc68e03e - - default default] 10.0.0.29 "GET /v2.0/ports?device_id=69977c3d-80f1-42b5-a2a0-1b78ee02ab21 HTTP/1.1" status: 200 len: 1170 time: 0.1376574
2026-07-21 07:47:07.024 9 INFO neutron.wsgi [req-82d03073-2b23-4f75-85b3-a5c83dddb415 req-b526e639-8bca-4475-919f-1e40008a485a ef07f98857284cc6bdcec117e6ee70e2 9e90857ce0b24551a62668fdfc68e03e - - default default] 10.0.0.29 "GET /v2.0/security-groups?id=d31d6950-c19d-4f78-9ee3-688e2bc8b9c4&fields=id&fields=name HTTP/1.1" status: 200 len: 313 time: 0.0766568
2026-07-21 07:47:07.096 10 WARNING neutron.scheduler.dhcp_agent_scheduler [req-d2a0deb5-a7c0-4a92-8d7d-b8fed9821414 req-23ef40b4-5641-4224-9b87-e45126e87cb5 07eb5747c0e140719624c70af48e4bad 4c7cabb78c5c455abd2a8b12951cbc7c - - default default] No more DHCP agents
2026-07-21 07:47:07.100 10 WARNING neutron.api.rpc.agentnotifiers.dhcp_rpc_agent_api [req-d2a0deb5-a7c0-4a92-8d7d-b8fed9821414 req-23ef40b4-5641-4224-9b87-e45126e87cb5 07eb5747c0e140719624c70af48e4bad 4c7cabb78c5c455abd2a8b12951cbc7c - - default default] Unable to schedule network 7c00b5a9-979f-4d7f-a87c-4f8844559b6a: no agents available; will retry on subsequent port and subnet creation events. /var/lib/openstack/lib/python3.10/site-packages/pycadf/identifier.py:71: UserWarning: Invalid uuid: neutron. To ensure interoperability, identifiers should be a valid uuid. warnings.warn(('Invalid uuid: %s. To ensure interoperability, '
2026-07-21 07:47:07.174 10 INFO neutron.wsgi [req-11c7f144-a742-447f-a4c5-fdd116d2e715 req-7756754e-fa9e-4b65-9c6a-0573a555809f ef07f98857284cc6bdcec117e6ee70e2 9e90857ce0b24551a62668fdfc68e03e - - default default] 199.204.45.109 "GET /v2.0/ports?device_id=69977c3d-80f1-42b5-a2a0-1b78ee02ab21 HTTP/1.1" status: 200 len: 1168 time: 0.0569990
2026-07-21 07:47:07.204 9 INFO neutron.wsgi [None req-73a26ce3-f5d0-4682-b0de-9fb6ad4d55e0 8c072dc2d94d43d39da88156770ccb2b b8e182786a374e84ab16c904db512139 - - default default] 10.0.0.158 "DELETE /v2.0/security-groups/9efaf4cd-d149-43dd-921c-96098ada9806 HTTP/1.1" status: 204 len: 168 time: 0.1521473 /var/lib/openstack/lib/python3.10/site-packages/pycadf/identifier.py:71: UserWarning: Invalid uuid: neutron. To ensure interoperability, identifiers should be a valid uuid. warnings.warn(('Invalid uuid: %s. To ensure interoperability, '
2026-07-21 07:47:07.227 9 INFO neutron.api.v2.resource [None req-7155777c-6eca-44a8-ae79-6eb241d575e6 8c072dc2d94d43d39da88156770ccb2b b8e182786a374e84ab16c904db512139 - - default default] show failed (client error): The resource could not be found.
2026-07-21 07:47:07.228 9 INFO neutron.wsgi [None req-7155777c-6eca-44a8-ae79-6eb241d575e6 8c072dc2d94d43d39da88156770ccb2b b8e182786a374e84ab16c904db512139 - - default default] 10.0.0.158 "GET /v2.0/security-groups/9efaf4cd-d149-43dd-921c-96098ada9806 HTTP/1.1" status: 404 len: 347 time: 0.0173402
2026-07-21 07:47:07.234 9 WARNING neutron.scheduler.dhcp_agent_scheduler [None req-de00bc21-d92f-44b6-919b-a4d88a1f3b98 72f88973f87a45789a0c46ca96bac323 85e86a3b027a4b79beed6827fd8178c9 - - default default] No more DHCP agents
2026-07-21 07:47:07.241 9 WARNING neutron.api.rpc.agentnotifiers.dhcp_rpc_agent_api [None req-de00bc21-d92f-44b6-919b-a4d88a1f3b98 72f88973f87a45789a0c46ca96bac323 85e86a3b027a4b79beed6827fd8178c9 - - default default] Unable to schedule network 450e1eae-09fd-4891-9f53-e327be0623e3: no agents available; will retry on subsequent port and subnet creation events.
2026-07-21 07:47:07.368 10 INFO neutron.db.ovn_revision_numbers_db [None req-9a7bc7a7-8e58-4f31-9213-24392d36372a - - - - - -] Successfully bumped revision number for resource 83e643ee-3ef7-47c0-8c20-28b5197470c4 (type: ports) to 7
2026-07-21 07:47:07.378 10 INFO neutron.db.ovn_revision_numbers_db [req-d2a0deb5-a7c0-4a92-8d7d-b8fed9821414 req-23ef40b4-5641-4224-9b87-e45126e87cb5 07eb5747c0e140719624c70af48e4bad 4c7cabb78c5c455abd2a8b12951cbc7c - - default default] Successfully bumped revision number for resource b33a9ef5-0a9b-46a5-a82e-0710198d8707 (type: ports) to 1
2026-07-21 07:47:07.419 10 INFO neutron.wsgi [req-d2a0deb5-a7c0-4a92-8d7d-b8fed9821414 req-23ef40b4-5641-4224-9b87-e45126e87cb5 07eb5747c0e140719624c70af48e4bad 4c7cabb78c5c455abd2a8b12951cbc7c - - default default] 199.204.45.109 "POST /v2.0/ports HTTP/1.1" status: 201 len: 1158 time: 0.8232503
2026-07-21 07:47:07.478 9 INFO neutron.db.ovn_revision_numbers_db [None req-de00bc21-d92f-44b6-919b-a4d88a1f3b98 72f88973f87a45789a0c46ca96bac323 85e86a3b027a4b79beed6827fd8178c9 - - default default] Successfully bumped revision number for resource 68add966-4e74-4d53-97ca-997052263f5f (type: ports) to 1
2026-07-21 07:47:07.506 9 INFO neutron.wsgi [None req-de00bc21-d92f-44b6-919b-a4d88a1f3b98 72f88973f87a45789a0c46ca96bac323 85e86a3b027a4b79beed6827fd8178c9 - - default default] 10.0.0.158 "POST /v2.0/ports HTTP/1.1" status: 201 len: 1149 time: 0.7170391 /var/lib/openstack/lib/python3.10/site-packages/pycadf/identifier.py:71: UserWarning: Invalid uuid: neutron. To ensure interoperability, identifiers should be a valid uuid. warnings.warn(('Invalid uuid: %s. To ensure interoperability, '
2026-07-21 07:47:07.588 10 INFO neutron.notifiers.nova [-] Nova event matching ['req-e68ec1e0-c37f-4186-aeef-f7f0edaf08a4'] response: {'server_uuid': '271db2e0-d11b-4a0a-b78d-924e709b5ba7', 'name': 'network-vif-deleted', 'tag': '24743710-0906-4109-8c8c-1584e705a604', 'status': 'completed', 'code': 200}
2026-07-21 07:47:07.588 10 INFO neutron.notifiers.nova [-] Nova event matching ['req-e68ec1e0-c37f-4186-aeef-f7f0edaf08a4'] response: {'server_uuid': '69977c3d-80f1-42b5-a2a0-1b78ee02ab21', 'name': 'network-vif-unplugged', 'status': 'completed', 'tag': '83e643ee-3ef7-47c0-8c20-28b5197470c4', 'code': 200}
2026-07-21 07:47:07.588 10 INFO neutron.notifiers.nova [-] Nova event matching ['req-e68ec1e0-c37f-4186-aeef-f7f0edaf08a4'] response: {'server_uuid': '69977c3d-80f1-42b5-a2a0-1b78ee02ab21', 'name': 'network-vif-plugged', 'status': 'completed', 'tag': '83e643ee-3ef7-47c0-8c20-28b5197470c4', 'code': 200}
2026-07-21 07:47:07.656 9 INFO neutron.wsgi [None req-3428c69c-b5b5-4c28-8ff9-ecc298369f67 8c072dc2d94d43d39da88156770ccb2b b8e182786a374e84ab16c904db512139 - - default default] 10.0.0.158 "DELETE /v2.0/floatingips/ee6192e9-8c99-4040-8f47-40865ed2862a HTTP/1.1" status: 204 len: 168 time: 0.4232280
2026-07-21 07:47:07.823 10 INFO neutron.db.l3_db [req-11c7f144-a742-447f-a4c5-fdd116d2e715 req-8cf76660-ad6c-45a6-a286-94829c42c9e7 ef07f98857284cc6bdcec117e6ee70e2 9e90857ce0b24551a62668fdfc68e03e - - default default] Floating IP c9cb1ed7-e97e-4ff1-880a-c38db82705f0 disassociated. External IP: 10.96.250.211, port: 83e643ee-3ef7-47c0-8c20-28b5197470c4.
2026-07-21 07:47:07.942 9 INFO neutron.wsgi [req-7478fa85-3512-4d00-8d8e-9d3daaf2d0fc req-2b80bb44-0626-453f-868e-eec8c380dbf7 07eb5747c0e140719624c70af48e4bad 4c7cabb78c5c455abd2a8b12951cbc7c - - default default] 10.0.0.29 "GET /v2.0/ports?device_id=3ba96b57-e703-4f9b-a193-4cc38f7dd7d2 HTTP/1.1" status: 200 len: 1156 time: 0.0588238
2026-07-21 07:47:08.009 9 INFO neutron.wsgi [req-7478fa85-3512-4d00-8d8e-9d3daaf2d0fc req-2c41b1d0-e7ab-4c57-a2e5-7dd7effb96c9 07eb5747c0e140719624c70af48e4bad 4c7cabb78c5c455abd2a8b12951cbc7c - - default default] 10.0.0.29 "GET /v2.0/security-groups?id=d913f4c7-706e-4e9e-b071-04857b5bdeaf&fields=id&fields=name HTTP/1.1" status: 200 len: 313 time: 0.0604405
2026-07-21 07:47:08.100 10 INFO neutron.wsgi [req-11c7f144-a742-447f-a4c5-fdd116d2e715 req-8cf76660-ad6c-45a6-a286-94829c42c9e7 ef07f98857284cc6bdcec117e6ee70e2 9e90857ce0b24551a62668fdfc68e03e - - default default] 199.204.45.109 "DELETE /v2.0/ports/83e643ee-3ef7-47c0-8c20-28b5197470c4 HTTP/1.1" status: 204 len: 173 time: 0.9197361
2026-07-21 07:47:08.125 9 INFO neutron.wsgi [req-87eaf5eb-7639-4d9b-baa8-4b08bc58db51 req-974b9584-0af1-47bd-9ede-4189017292a1 ef07f98857284cc6bdcec117e6ee70e2 9e90857ce0b24551a62668fdfc68e03e - - default default] 10.0.0.29 "GET /v2.0/ports?device_id=69977c3d-80f1-42b5-a2a0-1b78ee02ab21 HTTP/1.1" status: 200 len: 210 time: 0.0213900
2026-07-21 07:47:08.150 9 INFO neutron.wsgi [None req-48375233-14cb-46e6-a0ce-80be09b97406 72f88973f87a45789a0c46ca96bac323 85e86a3b027a4b79beed6827fd8178c9 - - default default] 10.0.0.158 "DELETE /v2.0/ports/68add966-4e74-4d53-97ca-997052263f5f HTTP/1.1" status: 204 len: 168 time: 0.6378591 /var/lib/openstack/lib/python3.10/site-packages/pycadf/identifier.py:71: UserWarning: Invalid uuid: neutron. To ensure interoperability, identifiers should be a valid uuid. warnings.warn(('Invalid uuid: %s. To ensure interoperability, '
2026-07-21 07:47:08.176 10 INFO neutron.pecan_wsgi.hooks.translation [None req-1927f390-9a96-44a0-9a1a-d66bbe20ad25 72f88973f87a45789a0c46ca96bac323 85e86a3b027a4b79beed6827fd8178c9 - - default default] DELETE failed (client error): The resource could not be found.
2026-07-21 07:47:08.178 10 INFO neutron.wsgi [None req-1927f390-9a96-44a0-9a1a-d66bbe20ad25 72f88973f87a45789a0c46ca96bac323 85e86a3b027a4b79beed6827fd8178c9 - - default default] 10.0.0.158 "DELETE /v2.0/ports/68add966-4e74-4d53-97ca-997052263f5f HTTP/1.1" status: 404 len: 333 time: 0.0194800
2026-07-21 07:47:08.201 10 INFO neutron.pecan_wsgi.hooks.translation [None req-f886242a-7915-43da-bc4e-e52589f5dacc 72f88973f87a45789a0c46ca96bac323 85e86a3b027a4b79beed6827fd8178c9 - - default default] GET failed (client error): The resource could not be found.
2026-07-21 07:47:08.202 10 INFO neutron.wsgi [None req-f886242a-7915-43da-bc4e-e52589f5dacc 72f88973f87a45789a0c46ca96bac323 85e86a3b027a4b79beed6827fd8178c9 - - default default] 10.0.0.158 "GET /v2.0/ports/68add966-4e74-4d53-97ca-997052263f5f HTTP/1.1" status: 404 len: 333 time: 0.0185876
2026-07-21 07:47:08.245 10 INFO neutron.db.ovn_revision_numbers_db [req-d2a0deb5-a7c0-4a92-8d7d-b8fed9821414 req-a4960f2b-fb68-4fba-9f5c-3c5536124714 f1708b344cf944ceb4b45a23543aa568 5fbacf0cf08d4a29ab97893c932fdab7 - - 941e9478a541400a9dea1998c30101af 941e9478a541400a9dea1998c30101af] Successfully bumped revision number for resource b33a9ef5-0a9b-46a5-a82e-0710198d8707 (type: ports) to 2
2026-07-21 07:47:08.461 10 INFO neutron.db.ovn_revision_numbers_db [req-d2a0deb5-a7c0-4a92-8d7d-b8fed9821414 req-a4960f2b-fb68-4fba-9f5c-3c5536124714 f1708b344cf944ceb4b45a23543aa568 5fbacf0cf08d4a29ab97893c932fdab7 - - 941e9478a541400a9dea1998c30101af 941e9478a541400a9dea1998c30101af] Successfully bumped revision number for resource b33a9ef5-0a9b-46a5-a82e-0710198d8707 (type: ports) to 2
2026-07-21 07:47:08.483 10 INFO neutron.wsgi [req-d2a0deb5-a7c0-4a92-8d7d-b8fed9821414 req-a4960f2b-fb68-4fba-9f5c-3c5536124714 f1708b344cf944ceb4b45a23543aa568 5fbacf0cf08d4a29ab97893c932fdab7 - - 941e9478a541400a9dea1998c30101af 941e9478a541400a9dea1998c30101af] 199.204.45.109 "PUT /v2.0/ports/b33a9ef5-0a9b-46a5-a82e-0710198d8707 HTTP/1.1" status: 200 len: 1376 time: 1.0547836
2026-07-21 07:47:08.484 9 INFO neutron.wsgi [None req-92a634a8-6e15-449f-9a0e-2a483e35738e 72f88973f87a45789a0c46ca96bac323 85e86a3b027a4b79beed6827fd8178c9 - - default default] 10.0.0.158 "DELETE /v2.0/subnets/fbf42d86-f2a3-460b-bb8b-aaee2d66978b HTTP/1.1" status: 204 len: 168 time: 0.2761595 /var/lib/openstack/lib/python3.10/site-packages/pycadf/identifier.py:71: UserWarning: Invalid uuid: neutron. To ensure interoperability, identifiers should be a valid uuid. warnings.warn(('Invalid uuid: %s. To ensure interoperability, '
2026-07-21 07:47:08.556 10 INFO neutron.wsgi [req-d2a0deb5-a7c0-4a92-8d7d-b8fed9821414 req-2881975a-9256-4b0e-83c2-74ec8db9a5c0 f1708b344cf944ceb4b45a23543aa568 5fbacf0cf08d4a29ab97893c932fdab7 - - 941e9478a541400a9dea1998c30101af 941e9478a541400a9dea1998c30101af] 199.204.45.109 "GET /v2.0/ports?tenant_id=4c7cabb78c5c455abd2a8b12951cbc7c&device_id=3ba96b57-e703-4f9b-a193-4cc38f7dd7d2 HTTP/1.1" status: 200 len: 1407 time: 0.0426521
2026-07-21 07:47:08.583 10 INFO neutron.wsgi [req-d2a0deb5-a7c0-4a92-8d7d-b8fed9821414 req-9c8dc2f2-1d36-477d-8654-403aba146f69 f1708b344cf944ceb4b45a23543aa568 5fbacf0cf08d4a29ab97893c932fdab7 - - 941e9478a541400a9dea1998c30101af 941e9478a541400a9dea1998c30101af] 199.204.45.109 "GET /v2.0/floatingips?fixed_ip_address=10.100.0.9&port_id=b33a9ef5-0a9b-46a5-a82e-0710198d8707 HTTP/1.1" status: 200 len: 217 time: 0.0201278
2026-07-21 07:47:08.622 10 INFO neutron.wsgi [req-d2a0deb5-a7c0-4a92-8d7d-b8fed9821414 req-a48430cb-dc84-4f7e-8a75-fe9546750369 f1708b344cf944ceb4b45a23543aa568 5fbacf0cf08d4a29ab97893c932fdab7 - - 941e9478a541400a9dea1998c30101af 941e9478a541400a9dea1998c30101af] 199.204.45.109 "GET /v2.0/subnets?id=b75f053a-3cad-444e-9f51-e4867df3b3fe HTTP/1.1" status: 200 len: 873 time: 0.0327485
2026-07-21 07:47:08.655 10 INFO neutron.wsgi [req-d2a0deb5-a7c0-4a92-8d7d-b8fed9821414 req-10add657-88e0-4068-8610-800002c6ef32 f1708b344cf944ceb4b45a23543aa568 5fbacf0cf08d4a29ab97893c932fdab7 - - 941e9478a541400a9dea1998c30101af 941e9478a541400a9dea1998c30101af] 199.204.45.109 "GET /v2.0/ports?network_id=7c00b5a9-979f-4d7f-a87c-4f8844559b6a&device_owner=network%3Adhcp HTTP/1.1" status: 200 len: 210 time: 0.0208209
2026-07-21 07:47:08.716 10 INFO neutron.wsgi [req-d2a0deb5-a7c0-4a92-8d7d-b8fed9821414 req-e8e510d7-05c7-424c-80ae-d9b9461211a0 f1708b344cf944ceb4b45a23543aa568 5fbacf0cf08d4a29ab97893c932fdab7 - - 941e9478a541400a9dea1998c30101af 941e9478a541400a9dea1998c30101af] 199.204.45.109 "GET /v2.0/networks/7c00b5a9-979f-4d7f-a87c-4f8844559b6a?fields=segments HTTP/1.1" status: 200 len: 212 time: 0.0527925
2026-07-21 07:47:08.793 10 INFO neutron.wsgi [req-d2a0deb5-a7c0-4a92-8d7d-b8fed9821414 req-dbc7e3b2-8989-4b96-8460-58a1679ad8f9 f1708b344cf944ceb4b45a23543aa568 5fbacf0cf08d4a29ab97893c932fdab7 - - 941e9478a541400a9dea1998c30101af 941e9478a541400a9dea1998c30101af] 199.204.45.109 "GET /v2.0/networks/7c00b5a9-979f-4d7f-a87c-4f8844559b6a?fields=provider%3Aphysical_network&fields=provider%3Anetwork_type HTTP/1.1" status: 200 len: 277 time: 0.0696530
2026-07-21 07:47:08.923 9 INFO neutron.services.segments.plugin [-] Segment ed2a9ad4-5b04-417c-889a-a67c5ecd12bf resource provider aggregate not found
2026-07-21 07:47:08.941 9 INFO neutron.services.segments.plugin [-] Segment ed2a9ad4-5b04-417c-889a-a67c5ecd12bf resource provider aggregate not found
2026-07-21 07:47:08.950 9 INFO neutron.services.segments.plugin [-] Segment ed2a9ad4-5b04-417c-889a-a67c5ecd12bf resource provider not found; error: Placement Client Error (4xx): {"errors": [{"status": 404, "title": "Not Found", "detail": "The resource could not be found.\n\n No resource provider with uuid ed2a9ad4-5b04-417c-889a-a67c5ecd12bf found for delete ", "request_id": "req-c078d750-b89c-4e54-a119-872020b2cb26"}]}
2026-07-21 07:47:08.964 9 INFO neutron.services.segments.plugin [-] Segment ed2a9ad4-5b04-417c-889a-a67c5ecd12bf resource provider not found; error: Placement Client Error (4xx): {"errors": [{"status": 404, "title": "Not Found", "detail": "The resource could not be found.\n\n No resource provider with uuid ed2a9ad4-5b04-417c-889a-a67c5ecd12bf found for delete ", "request_id": "req-ce42c142-25ab-4cd5-9ca6-57e5908b305a"}]}
2026-07-21 07:47:09.002 9 INFO neutron.wsgi [None req-03cd9713-61d8-4009-b9bf-b4c6ecab2f6d 72f88973f87a45789a0c46ca96bac323 85e86a3b027a4b79beed6827fd8178c9 - - default default] 10.0.0.158 "DELETE /v2.0/networks/450e1eae-09fd-4891-9f53-e327be0623e3 HTTP/1.1" status: 204 len: 168 time: 0.5134261
2026-07-21 07:47:09.014 10 WARNING neutron_lib.context [None req-a92f46cc-9dba-4df8-991b-9ec28864229b 72f88973f87a45789a0c46ca96bac323 85e86a3b027a4b79beed6827fd8178c9 - - default default] Method 'is_advsvc' is deprecated since 2023.2 release (neutron-lib 3.8.0) and will be removed once support for the old RBAC API policies will be removed from Neutron. Please use method 'is_service_role' instead.
2026-07-21 07:47:09.104 10 INFO neutron.db.segments_db [None req-a92f46cc-9dba-4df8-991b-9ec28864229b 72f88973f87a45789a0c46ca96bac323 85e86a3b027a4b79beed6827fd8178c9 - - default default] Added segment 7a472fba-c79a-44a7-8dce-51afbce2c7c0 of type geneve for network b9fd0687-70aa-420c-9df6-9a0276fdab32
2026-07-21 07:47:09.130 9 INFO neutron.wsgi [req-62f8a5b1-2f27-46a2-a708-2a2483c8a7eb req-3b84d20b-fe3b-422b-aaef-d80b5ad24e19 07eb5747c0e140719624c70af48e4bad 4c7cabb78c5c455abd2a8b12951cbc7c - - default default] 10.0.0.29 "GET /v2.0/ports?device_id=3ba96b57-e703-4f9b-a193-4cc38f7dd7d2 HTTP/1.1" status: 200 len: 1168 time: 0.0460382
2026-07-21 07:47:09.199 9 INFO neutron.wsgi [req-62f8a5b1-2f27-46a2-a708-2a2483c8a7eb req-58f98af2-f9a7-4874-9e47-905fa35968ca 07eb5747c0e140719624c70af48e4bad 4c7cabb78c5c455abd2a8b12951cbc7c - - default default] 10.0.0.29 "GET /v2.0/security-groups?id=d913f4c7-706e-4e9e-b071-04857b5bdeaf&fields=id&fields=name HTTP/1.1" status: 200 len: 313 time: 0.0613935
2026-07-21 07:47:09.278 10 INFO neutron.db.ovn_revision_numbers_db [None req-a92f46cc-9dba-4df8-991b-9ec28864229b 72f88973f87a45789a0c46ca96bac323 85e86a3b027a4b79beed6827fd8178c9 - - default default] Successfully bumped revision number for resource b9fd0687-70aa-420c-9df6-9a0276fdab32 (type: networks) to 1
2026-07-21 07:47:09.351 9 INFO neutron.wsgi [None req-d4d960c1-c42a-4597-8b50-4c8a812f0010 392083e5b101457e8f890e1524eef317 cd995afa4ffd4531a858f1c201a6e449 - - default default] 10.0.0.158 "PUT /v2.0/routers/3014e016-c8f4-4dc3-9523-9b4fe2fcde1f/remove_router_interface HTTP/1.1" status: 200 len: 503 time: 1.6864948 /var/lib/openstack/lib/python3.10/site-packages/pycadf/identifier.py:71: UserWarning: Invalid uuid: neutron. To ensure interoperability, identifiers should be a valid uuid. warnings.warn(('Invalid uuid: %s. To ensure interoperability, '
2026-07-21 07:47:09.402 9 INFO neutron.wsgi [None req-78b54640-1e45-4ac8-93de-dbb54d4e9d75 ef07f98857284cc6bdcec117e6ee70e2 9e90857ce0b24551a62668fdfc68e03e - - default default] 10.0.0.158 "DELETE /v2.0/security-groups/d31d6950-c19d-4f78-9ee3-688e2bc8b9c4 HTTP/1.1" status: 204 len: 168 time: 0.1969612
2026-07-21 07:47:09.421 9 INFO neutron.api.v2.resource [None req-7e69acf9-bebc-4d76-8af8-9aeb938faca1 ef07f98857284cc6bdcec117e6ee70e2 9e90857ce0b24551a62668fdfc68e03e - - default default] show failed (client error): The resource could not be found.
2026-07-21 07:47:09.423 9 INFO neutron.wsgi [None req-7e69acf9-bebc-4d76-8af8-9aeb938faca1 ef07f98857284cc6bdcec117e6ee70e2 9e90857ce0b24551a62668fdfc68e03e - - default default] 10.0.0.158 "GET /v2.0/security-groups/d31d6950-c19d-4f78-9ee3-688e2bc8b9c4 HTTP/1.1" status: 404 len: 347 time: 0.0136344
2026-07-21 07:47:09.508 10 WARNING neutron.scheduler.dhcp_agent_scheduler [None req-a92f46cc-9dba-4df8-991b-9ec28864229b 72f88973f87a45789a0c46ca96bac323 85e86a3b027a4b79beed6827fd8178c9 - - default default] No more DHCP agents
2026-07-21 07:47:09.511 10 WARNING neutron.api.rpc.agentnotifiers.dhcp_rpc_agent_api [None req-a92f46cc-9dba-4df8-991b-9ec28864229b 72f88973f87a45789a0c46ca96bac323 85e86a3b027a4b79beed6827fd8178c9 - - default default] Unable to schedule network b9fd0687-70aa-420c-9df6-9a0276fdab32: no agents available; will retry on subsequent port and subnet creation events.
2026-07-21 07:47:09.646 10 INFO neutron.db.ovn_revision_numbers_db [None req-a92f46cc-9dba-4df8-991b-9ec28864229b 72f88973f87a45789a0c46ca96bac323 85e86a3b027a4b79beed6827fd8178c9 - - default default] Successfully bumped revision number for resource 7c368b23-e61f-4b11-af69-8ef56c4945f0 (type: ports) to 1
2026-07-21 07:47:09.651 9 INFO neutron.plugins.ml2.drivers.ovn.mech_driver.mech_driver [None req-edcfc3cf-e4fd-463d-9ac2-f673b9c71150 - - - - - -] OVN reports status up for port: b33a9ef5-0a9b-46a5-a82e-0710198d8707
2026-07-21 07:47:09.654 10 INFO neutron.notifiers.nova [-] Nova event matching ['req-12c9db35-5d18-4362-99cd-ee5ae80f5bd9'] response: {'server_uuid': '69977c3d-80f1-42b5-a2a0-1b78ee02ab21', 'name': 'network-vif-deleted', 'tag': '83e643ee-3ef7-47c0-8c20-28b5197470c4', 'status': 'completed', 'code': 200}
2026-07-21 07:47:09.654 10 INFO neutron.notifiers.nova [-] Nova event matching ['req-12c9db35-5d18-4362-99cd-ee5ae80f5bd9'] response: {'name': 'network-changed', 'server_uuid': '3ba96b57-e703-4f9b-a193-4cc38f7dd7d2', 'tag': 'b33a9ef5-0a9b-46a5-a82e-0710198d8707', 'status': 'completed', 'code': 200}
2026-07-21 07:47:09.664 9 INFO neutron.plugins.ml2.plugin [None req-edcfc3cf-e4fd-463d-9ac2-f673b9c71150 - - - - - -] Attempt 1 to provision port b33a9ef5-0a9b-46a5-a82e-0710198d8707
2026-07-21 07:47:09.708 10 INFO neutron.wsgi [None req-a92f46cc-9dba-4df8-991b-9ec28864229b 72f88973f87a45789a0c46ca96bac323 85e86a3b027a4b79beed6827fd8178c9 - - default default] 10.0.0.158 "POST /v2.0/networks HTTP/1.1" status: 201 len: 831 time: 0.7003934
