2026-07-21 07:47:57.260 9 INFO neutron.wsgi [req-7326cdf4-ed85-40cc-862a-66bb925dee6f req-8d7d242a-45ba-4ec4-a813-f02f64f9e7fe 4b73146f55124677af1a0c01b88de78d f7d0320b88554d43b6eccce89c3827b6 - - default default] 10.0.0.29 "GET /v2.0/security-groups?id=846548c3-3086-44e4-ae33-aa5650e53100&fields=id&fields=name HTTP/1.1" status: 200 len: 313 time: 0.0487862
2026-07-21 07:47:57.441 10 WARNING neutron.plugins.ml2.drivers.ovn.mech_driver.ovsdb.ovn_client [None req-9a7bc7a7-8e58-4f31-9213-24392d36372a - - - - - -] No hosting information found for port 07836add-0632-4dbf-a6e4-3bbce622cb28: RuntimeError: No hosting information found for port 07836add-0632-4dbf-a6e4-3bbce622cb28
2026-07-21 07:47:57.441 10 INFO neutron.plugins.ml2.drivers.ovn.mech_driver.mech_driver [None req-9a7bc7a7-8e58-4f31-9213-24392d36372a - - - - - -] OVN reports status up for port: db117bab-4cc6-4773-b5a3-bc59e71d73e6
2026-07-21 07:47:57.451 10 INFO neutron.plugins.ml2.plugin [None req-9a7bc7a7-8e58-4f31-9213-24392d36372a - - - - - -] Attempt 1 to provision port db117bab-4cc6-4773-b5a3-bc59e71d73e6
2026-07-21 07:47:57.574 10 INFO neutron.notifiers.nova [-] Nova event matching ['req-49f47493-3293-42c0-806d-a15225ace061'] response: {'server_uuid': '155e1064-6896-437c-8155-d6dec46cb8d6', 'name': 'network-vif-plugged', 'status': 'completed', 'tag': 'db117bab-4cc6-4773-b5a3-bc59e71d73e6', 'code': 200}
2026-07-21 07:47:57.661 10 INFO neutron.plugins.ml2.drivers.ovn.mech_driver.ovsdb.ovsdb_monitor [None req-d3c04a6b-074d-4de0-876a-630dfd84367c - - - - - -] Router 191cba7f-a50f-47b0-b629-d6ebaea7448d is bound to host instance
2026-07-21 07:47:57.664 9 INFO neutron.plugins.ml2.drivers.ovn.mech_driver.mech_driver [None req-edcfc3cf-e4fd-463d-9ac2-f673b9c71150 - - - - - -] OVN reports status up for port: f82d5c1e-f297-46ea-85cb-6d279d424290
2026-07-21 07:47:57.674 9 INFO neutron.plugins.ml2.plugin [None req-edcfc3cf-e4fd-463d-9ac2-f673b9c71150 - - - - - -] Attempt 1 to provision port f82d5c1e-f297-46ea-85cb-6d279d424290
2026-07-21 07:47:57.693 9 INFO neutron.db.ovn_revision_numbers_db [None req-4aaf8800-58ef-48ed-ae9e-a2abbb4e60fe 392083e5b101457e8f890e1524eef317 cd995afa4ffd4531a858f1c201a6e449 - - default default] Successfully bumped revision number for resource f82d5c1e-f297-46ea-85cb-6d279d424290 (type: router_ports) to 1
2026-07-21 07:47:57.770 9 INFO neutron.db.ovn_revision_numbers_db [None req-4aaf8800-58ef-48ed-ae9e-a2abbb4e60fe 392083e5b101457e8f890e1524eef317 cd995afa4ffd4531a858f1c201a6e449 - - default default] Successfully bumped revision number for resource 191cba7f-a50f-47b0-b629-d6ebaea7448d (type: routers) to 2
2026-07-21 07:47:57.786 9 INFO neutron.wsgi [None req-4aaf8800-58ef-48ed-ae9e-a2abbb4e60fe 392083e5b101457e8f890e1524eef317 cd995afa4ffd4531a858f1c201a6e449 - - default default] 10.0.0.158 "POST /v2.0/routers HTTP/1.1" status: 201 len: 873 time: 1.4999099
2026-07-21 07:47:58.051 10 INFO neutron.db.ovn_revision_numbers_db [None req-9a7bc7a7-8e58-4f31-9213-24392d36372a - - - - - -] Successfully bumped revision number for resource db117bab-4cc6-4773-b5a3-bc59e71d73e6 (type: ports) to 4
2026-07-21 07:47:58.114 10 INFO neutron.plugins.ml2.drivers.ovn.mech_driver.mech_driver [None req-9a7bc7a7-8e58-4f31-9213-24392d36372a - - - - - -] OVN reports status up for port: f2a1bd4f-c992-457d-8246-e26be4347bfd
2026-07-21 07:47:58.134 10 INFO neutron.plugins.ml2.plugin [None req-9a7bc7a7-8e58-4f31-9213-24392d36372a - - - - - -] Attempt 1 to provision port f2a1bd4f-c992-457d-8246-e26be4347bfd
2026-07-21 07:47:58.185 9 INFO neutron.wsgi [req-62da2ae5-e878-44ee-b071-d08423fb86e1 req-120ade59-9738-4f10-bca7-75d523a0a88f 743665242b6447ee9095b3d2a733f3de 2ced595c353241ae934769be6523ef88 - - default default] 10.0.0.29 "GET /v2.0/ports?device_id=155e1064-6896-437c-8155-d6dec46cb8d6 HTTP/1.1" status: 200 len: 1174 time: 0.0429492
2026-07-21 07:47:58.243 9 INFO neutron.wsgi [req-62da2ae5-e878-44ee-b071-d08423fb86e1 req-9b73209f-7d8b-488c-9cfc-8683c9ce2629 743665242b6447ee9095b3d2a733f3de 2ced595c353241ae934769be6523ef88 - - default default] 10.0.0.29 "GET /v2.0/security-groups?id=9b42d216-334a-4afb-9067-9a36c469fa21&fields=id&fields=name HTTP/1.1" status: 200 len: 286 time: 0.0499611
2026-07-21 07:47:58.250 9 WARNING neutron.scheduler.dhcp_agent_scheduler [None req-7da31f07-1c2e-41f2-925d-46aa9da4d043 392083e5b101457e8f890e1524eef317 cd995afa4ffd4531a858f1c201a6e449 - - default default] No more DHCP agents
2026-07-21 07:47:58.251 9 WARNING neutron.api.rpc.agentnotifiers.dhcp_rpc_agent_api [None req-7da31f07-1c2e-41f2-925d-46aa9da4d043 392083e5b101457e8f890e1524eef317 cd995afa4ffd4531a858f1c201a6e449 - - default default] Unable to schedule network e58bfa2d-b1b6-4a85-94ee-966148187bf9: no agents available; will retry on subsequent port and subnet creation events.
2026-07-21 07:47:58.384 9 INFO neutron.wsgi [req-5fe50e03-aa76-4f1b-a441-32269ae62732 req-c4e4bc2d-c242-4f3d-87ac-3013b2eb29cc 4b73146f55124677af1a0c01b88de78d f7d0320b88554d43b6eccce89c3827b6 - - default default] 10.0.0.29 "GET /v2.0/ports?device_id=0f098ad6-f2c2-4d8f-95d4-4428c1049995 HTTP/1.1" status: 200 len: 1170 time: 0.0532444
2026-07-21 07:47:58.467 9 INFO neutron.wsgi [req-5fe50e03-aa76-4f1b-a441-32269ae62732 req-19188ebf-9ab3-44bc-a180-acf0d4e4cf24 4b73146f55124677af1a0c01b88de78d f7d0320b88554d43b6eccce89c3827b6 - - default default] 10.0.0.29 "GET /v2.0/security-groups?id=846548c3-3086-44e4-ae33-aa5650e53100&fields=id&fields=name HTTP/1.1" status: 200 len: 313 time: 0.0776241
2026-07-21 07:47:58.474 9 INFO neutron.db.ovn_revision_numbers_db [None req-7da31f07-1c2e-41f2-925d-46aa9da4d043 392083e5b101457e8f890e1524eef317 cd995afa4ffd4531a858f1c201a6e449 - - default default] Successfully bumped revision number for resource ea2c31d4-b818-464b-ace0-38a98a820bf2 (type: ports) to 1
2026-07-21 07:47:58.527 9 WARNING neutron_lib.context [None req-9fd580af-2e1c-478b-83f1-a42425e0290c 064d80cf22804e16b729aa56d9497be9 f244972a3a534f60ad5f2433c77e258b - - default default] Method 'is_advsvc' is deprecated since 2023.2 release (neutron-lib 3.8.0) and will be removed once support for the old RBAC API policies will be removed from Neutron. Please use method 'is_service_role' instead.
2026-07-21 07:47:58.542 10 INFO neutron.db.ovn_revision_numbers_db [None req-9a7bc7a7-8e58-4f31-9213-24392d36372a - - - - - -] Successfully bumped revision number for resource f2a1bd4f-c992-457d-8246-e26be4347bfd (type: ports) to 4
2026-07-21 07:47:58.555 10 INFO neutron.db.ovn_revision_numbers_db [None req-d3c04a6b-074d-4de0-876a-630dfd84367c - - - - - -] Successfully bumped revision number for resource f82d5c1e-f297-46ea-85cb-6d279d424290 (type: ports) to 1
2026-07-21 07:47:58.789 10 INFO neutron.plugins.ml2.drivers.ovn.mech_driver.mech_driver [None req-9a7bc7a7-8e58-4f31-9213-24392d36372a - - - - - -] OVN reports status down for port: db117bab-4cc6-4773-b5a3-bc59e71d73e6
2026-07-21 07:47:58.870 10 INFO neutron.db.ovn_revision_numbers_db [None req-d3c04a6b-074d-4de0-876a-630dfd84367c - - - - - -] Successfully bumped revision number for resource f82d5c1e-f297-46ea-85cb-6d279d424290 (type: router_ports) to 3
2026-07-21 07:47:58.923 9 INFO neutron.wsgi [req-b6bcd1ef-c311-4f5b-b4fe-3709d303b00a req-ae8783fc-eec2-489c-a7f4-63cd7c58ddfc 743665242b6447ee9095b3d2a733f3de 2ced595c353241ae934769be6523ef88 - - default default] 10.0.0.29 "GET /v2.0/ports?device_id=155e1064-6896-437c-8155-d6dec46cb8d6 HTTP/1.1" status: 200 len: 1174 time: 0.1413679
2026-07-21 07:47:58.984 9 INFO neutron.wsgi [req-b6bcd1ef-c311-4f5b-b4fe-3709d303b00a req-7227dfcf-2cfc-487f-9b36-661a33ccaafe 743665242b6447ee9095b3d2a733f3de 2ced595c353241ae934769be6523ef88 - - default default] 10.0.0.29 "GET /v2.0/security-groups?id=9b42d216-334a-4afb-9067-9a36c469fa21&fields=id&fields=name HTTP/1.1" status: 200 len: 286 time: 0.0475240
2026-07-21 07:47:59.032 9 INFO neutron.db.ovn_revision_numbers_db [None req-9fd580af-2e1c-478b-83f1-a42425e0290c 064d80cf22804e16b729aa56d9497be9 f244972a3a534f60ad5f2433c77e258b - - default default] Successfully bumped revision number for resource 020b38fa-4424-43ca-9af9-14f238d77a70 (type: security_groups) to 1
2026-07-21 07:47:59.057 9 INFO neutron.db.ovn_revision_numbers_db [None req-9fd580af-2e1c-478b-83f1-a42425e0290c 064d80cf22804e16b729aa56d9497be9 f244972a3a534f60ad5f2433c77e258b - - default default] Successfully bumped revision number for resource 85418e8a-29f9-4e7b-b4a6-dca5d8fc174f (type: security_group_rules) to 0 /var/lib/openstack/lib/python3.10/site-packages/pycadf/identifier.py:71: UserWarning: Invalid uuid: neutron. To ensure interoperability, identifiers should be a valid uuid. warnings.warn(('Invalid uuid: %s. To ensure interoperability, '
2026-07-21 07:47:59.079 9 INFO neutron.db.ovn_revision_numbers_db [None req-9fd580af-2e1c-478b-83f1-a42425e0290c 064d80cf22804e16b729aa56d9497be9 f244972a3a534f60ad5f2433c77e258b - - default default] Successfully bumped revision number for resource 9162662d-29b2-4cc3-9628-7fd936b6cf2f (type: security_group_rules) to 0
2026-07-21 07:47:59.099 9 INFO neutron.db.ovn_revision_numbers_db [None req-9fd580af-2e1c-478b-83f1-a42425e0290c 064d80cf22804e16b729aa56d9497be9 f244972a3a534f60ad5f2433c77e258b - - default default] Successfully bumped revision number for resource cf23a22b-0e8a-4324-9fe0-20d6b2639e3c (type: security_group_rules) to 0
2026-07-21 07:47:59.118 9 INFO neutron.db.ovn_revision_numbers_db [None req-9fd580af-2e1c-478b-83f1-a42425e0290c 064d80cf22804e16b729aa56d9497be9 f244972a3a534f60ad5f2433c77e258b - - default default] Successfully bumped revision number for resource f2c7bd6e-078c-48d6-9899-a4e8c6bd07ff (type: security_group_rules) to 0
2026-07-21 07:47:59.143 10 INFO neutron.db.ovn_revision_numbers_db [None req-d3c04a6b-074d-4de0-876a-630dfd84367c - - - - - -] Successfully bumped revision number for resource f82d5c1e-f297-46ea-85cb-6d279d424290 (type: ports) to 2
2026-07-21 07:47:59.187 9 INFO neutron.db.segments_db [None req-9fd580af-2e1c-478b-83f1-a42425e0290c 064d80cf22804e16b729aa56d9497be9 f244972a3a534f60ad5f2433c77e258b - - default default] Added segment 20552629-ca85-4f04-bed7-e484afd4f934 of type geneve for network c6a7f322-55b6-4c73-b4a3-3b3c644b264c
2026-07-21 07:47:59.213 10 INFO neutron.wsgi [req-d9cd67a7-7d03-43b4-a12f-57735d3caa47 req-bb1c9d83-b782-4dda-8b22-26a7253db139 743665242b6447ee9095b3d2a733f3de 2ced595c353241ae934769be6523ef88 - - default default] 199.204.45.109 "GET /v2.0/ports?device_id=155e1064-6896-437c-8155-d6dec46cb8d6 HTTP/1.1" status: 200 len: 1172 time: 0.1404397
2026-07-21 07:47:59.262 9 INFO neutron.db.ovn_revision_numbers_db [None req-7da31f07-1c2e-41f2-925d-46aa9da4d043 392083e5b101457e8f890e1524eef317 cd995afa4ffd4531a858f1c201a6e449 - - default default] Successfully bumped revision number for resource ea2c31d4-b818-464b-ace0-38a98a820bf2 (type: router_ports) to 1
2026-07-21 07:47:59.275 10 INFO neutron.db.ovn_revision_numbers_db [None req-9a7bc7a7-8e58-4f31-9213-24392d36372a - - - - - -] Successfully bumped revision number for resource db117bab-4cc6-4773-b5a3-bc59e71d73e6 (type: ports) to 5
2026-07-21 07:47:59.373 9 INFO neutron.db.ovn_revision_numbers_db [None req-9fd580af-2e1c-478b-83f1-a42425e0290c 064d80cf22804e16b729aa56d9497be9 f244972a3a534f60ad5f2433c77e258b - - default default] Successfully bumped revision number for resource c6a7f322-55b6-4c73-b4a3-3b3c644b264c (type: networks) to 1
2026-07-21 07:47:59.515 9 INFO neutron.db.ovn_revision_numbers_db [None req-7da31f07-1c2e-41f2-925d-46aa9da4d043 392083e5b101457e8f890e1524eef317 cd995afa4ffd4531a858f1c201a6e449 - - default default] Successfully bumped revision number for resource ea2c31d4-b818-464b-ace0-38a98a820bf2 (type: ports) to 1
2026-07-21 07:47:59.525 10 INFO neutron.db.ovn_revision_numbers_db [None req-d3c04a6b-074d-4de0-876a-630dfd84367c - - - - - -] Successfully bumped revision number for resource f82d5c1e-f297-46ea-85cb-6d279d424290 (type: ports) to 4
2026-07-21 07:47:59.626 10 INFO neutron.notifiers.nova [-] Nova event matching ['req-5ce31d31-0f29-4936-ba29-0ffd3499a81c'] response: {'server_uuid': '155e1064-6896-437c-8155-d6dec46cb8d6', 'name': 'network-vif-plugged', 'status': 'completed', 'tag': 'db117bab-4cc6-4773-b5a3-bc59e71d73e6', 'code': 200}
2026-07-21 07:47:59.626 10 INFO neutron.notifiers.nova [-] Nova event matching ['req-5ce31d31-0f29-4936-ba29-0ffd3499a81c'] response: {'server_uuid': '0f098ad6-f2c2-4d8f-95d4-4428c1049995', 'name': 'network-vif-plugged', 'status': 'completed', 'tag': 'f2a1bd4f-c992-457d-8246-e26be4347bfd', 'code': 200}
2026-07-21 07:47:59.626 10 INFO neutron.notifiers.nova [-] Nova event matching ['req-5ce31d31-0f29-4936-ba29-0ffd3499a81c'] response: {'server_uuid': '0f098ad6-f2c2-4d8f-95d4-4428c1049995', 'name': 'network-vif-plugged', 'status': 'completed', 'tag': 'f2a1bd4f-c992-457d-8246-e26be4347bfd', 'code': 200}
2026-07-21 07:47:59.626 10 INFO neutron.notifiers.nova [-] Nova event matching ['req-5ce31d31-0f29-4936-ba29-0ffd3499a81c'] response: {'server_uuid': '155e1064-6896-437c-8155-d6dec46cb8d6', 'name': 'network-vif-unplugged', 'status': 'completed', 'tag': 'db117bab-4cc6-4773-b5a3-bc59e71d73e6', 'code': 200}
2026-07-21 07:47:59.626 10 INFO neutron.notifiers.nova [-] Nova event matching ['req-5ce31d31-0f29-4936-ba29-0ffd3499a81c'] response: {'server_uuid': '155e1064-6896-437c-8155-d6dec46cb8d6', 'name': 'network-vif-plugged', 'status': 'completed', 'tag': 'db117bab-4cc6-4773-b5a3-bc59e71d73e6', 'code': 200}
2026-07-21 07:47:59.647 9 WARNING neutron.scheduler.dhcp_agent_scheduler [None req-9fd580af-2e1c-478b-83f1-a42425e0290c 064d80cf22804e16b729aa56d9497be9 f244972a3a534f60ad5f2433c77e258b - - default default] No more DHCP agents
2026-07-21 07:47:59.651 9 WARNING neutron.api.rpc.agentnotifiers.dhcp_rpc_agent_api [None req-9fd580af-2e1c-478b-83f1-a42425e0290c 064d80cf22804e16b729aa56d9497be9 f244972a3a534f60ad5f2433c77e258b - - default default] Unable to schedule network c6a7f322-55b6-4c73-b4a3-3b3c644b264c: no agents available; will retry on subsequent port and subnet creation events.
2026-07-21 07:47:59.651 10 INFO neutron.wsgi [req-d9cd67a7-7d03-43b4-a12f-57735d3caa47 req-b455f879-face-4253-b83e-605aba2e9567 743665242b6447ee9095b3d2a733f3de 2ced595c353241ae934769be6523ef88 - - default default] 199.204.45.109 "DELETE /v2.0/ports/db117bab-4cc6-4773-b5a3-bc59e71d73e6 HTTP/1.1" status: 204 len: 173 time: 0.4326417
2026-07-21 07:47:59.667 9 WARNING neutron.scheduler.dhcp_agent_scheduler [None req-7da31f07-1c2e-41f2-925d-46aa9da4d043 392083e5b101457e8f890e1524eef317 cd995afa4ffd4531a858f1c201a6e449 - - default default] No more DHCP agents
2026-07-21 07:47:59.671 9 WARNING neutron.api.rpc.agentnotifiers.dhcp_rpc_agent_api [None req-7da31f07-1c2e-41f2-925d-46aa9da4d043 392083e5b101457e8f890e1524eef317 cd995afa4ffd4531a858f1c201a6e449 - - default default] Unable to schedule network e58bfa2d-b1b6-4a85-94ee-966148187bf9: no agents available; will retry on subsequent port and subnet creation events.
2026-07-21 07:47:59.713 9 INFO neutron.wsgi [req-3e4603b4-f50d-432c-9b13-24a7d74ee8d2 req-c1451954-72e2-4cae-aa06-5184ea302db0 4b73146f55124677af1a0c01b88de78d f7d0320b88554d43b6eccce89c3827b6 - - default default] 10.0.0.29 "GET /v2.0/ports?device_id=0f098ad6-f2c2-4d8f-95d4-4428c1049995 HTTP/1.1" status: 200 len: 1170 time: 0.1758435
2026-07-21 07:47:59.774 10 INFO neutron.db.ovn_revision_numbers_db [None req-d3c04a6b-074d-4de0-876a-630dfd84367c - - - - - -] Successfully bumped revision number for resource f82d5c1e-f297-46ea-85cb-6d279d424290 (type: router_ports) to 4
2026-07-21 07:47:59.812 9 INFO neutron.wsgi [req-3e4603b4-f50d-432c-9b13-24a7d74ee8d2 req-e8fa34f8-83ec-415a-b164-6382bfd74eb9 4b73146f55124677af1a0c01b88de78d f7d0320b88554d43b6eccce89c3827b6 - - default default] 10.0.0.29 "GET /v2.0/security-groups?id=846548c3-3086-44e4-ae33-aa5650e53100&fields=id&fields=name HTTP/1.1" status: 200 len: 313 time: 0.0922487
2026-07-21 07:47:59.821 9 INFO neutron.db.ovn_revision_numbers_db [None req-9fd580af-2e1c-478b-83f1-a42425e0290c 064d80cf22804e16b729aa56d9497be9 f244972a3a534f60ad5f2433c77e258b - - default default] Successfully bumped revision number for resource 8d6fd3f0-ec9b-4eac-b4e7-05f20c10ed7e (type: ports) to 1
2026-07-21 07:47:59.872 9 INFO neutron.wsgi [None req-9fd580af-2e1c-478b-83f1-a42425e0290c 064d80cf22804e16b729aa56d9497be9 f244972a3a534f60ad5f2433c77e258b - - default default] 10.0.0.158 "POST /v2.0/networks HTTP/1.1" status: 201 len: 842 time: 1.5473497 /var/lib/openstack/lib/python3.10/site-packages/pycadf/identifier.py:71: UserWarning: Invalid uuid: neutron. To ensure interoperability, identifiers should be a valid uuid. warnings.warn(('Invalid uuid: %s. To ensure interoperability, '
2026-07-21 07:47:59.917 10 WARNING neutron_lib.context [None req-aa078008-d702-4f5d-b505-b459789173da 064d80cf22804e16b729aa56d9497be9 f244972a3a534f60ad5f2433c77e258b - - default default] Method 'is_advsvc' is deprecated since 2023.2 release (neutron-lib 3.8.0) and will be removed once support for the old RBAC API policies will be removed from Neutron. Please use method 'is_service_role' instead.
2026-07-21 07:48:00.107 9 INFO neutron.wsgi [req-f861346a-5477-4945-93a9-bd1135e62513 req-35c16c12-82e2-4d84-9b2d-efaab2ef056c 743665242b6447ee9095b3d2a733f3de 2ced595c353241ae934769be6523ef88 - - default default] 10.0.0.29 "GET /v2.0/ports?device_id=155e1064-6896-437c-8155-d6dec46cb8d6 HTTP/1.1" status: 200 len: 210 time: 0.0238647
2026-07-21 07:48:00.172 10 WARNING neutron.scheduler.dhcp_agent_scheduler [None req-aa078008-d702-4f5d-b505-b459789173da 064d80cf22804e16b729aa56d9497be9 f244972a3a534f60ad5f2433c77e258b - - default default] No more DHCP agents
2026-07-21 07:48:00.174 10 WARNING neutron.api.rpc.agentnotifiers.dhcp_rpc_agent_api [None req-aa078008-d702-4f5d-b505-b459789173da 064d80cf22804e16b729aa56d9497be9 f244972a3a534f60ad5f2433c77e258b - - default default] Unable to schedule network c6a7f322-55b6-4c73-b4a3-3b3c644b264c: no agents available; will retry on subsequent port and subnet creation events.
2026-07-21 07:48:00.507 9 INFO neutron.plugins.ml2.drivers.ovn.mech_driver.mech_driver [None req-edcfc3cf-e4fd-463d-9ac2-f673b9c71150 - - - - - -] OVN reports status up for port: ea2c31d4-b818-464b-ace0-38a98a820bf2
2026-07-21 07:48:00.522 9 INFO neutron.plugins.ml2.plugin [None req-edcfc3cf-e4fd-463d-9ac2-f673b9c71150 - - - - - -] Attempt 1 to provision port ea2c31d4-b818-464b-ace0-38a98a820bf2
2026-07-21 07:48:00.612 9 INFO neutron.wsgi [None req-1f64adcd-b046-4765-ace4-0f1b9c1ccc44 392083e5b101457e8f890e1524eef317 cd995afa4ffd4531a858f1c201a6e449 - - default default] 10.0.0.28 "GET /v2.0/subnets HTTP/1.1" status: 200 len: 4677 time: 0.1579299
2026-07-21 07:48:00.652 10 INFO neutron.db.ovn_revision_numbers_db [None req-aa078008-d702-4f5d-b505-b459789173da 064d80cf22804e16b729aa56d9497be9 f244972a3a534f60ad5f2433c77e258b - - default default] Successfully bumped revision number for resource 8d6fd3f0-ec9b-4eac-b4e7-05f20c10ed7e (type: ports) to 2
2026-07-21 07:48:00.689 10 INFO neutron.db.ovn_revision_numbers_db [None req-aa078008-d702-4f5d-b505-b459789173da 064d80cf22804e16b729aa56d9497be9 f244972a3a534f60ad5f2433c77e258b - - default default] Successfully bumped revision number for resource 589b53c7-cf65-4322-9fe8-c40dd99ba8a1 (type: subnets) to 0
2026-07-21 07:48:00.707 10 INFO neutron.wsgi [None req-aa078008-d702-4f5d-b505-b459789173da 064d80cf22804e16b729aa56d9497be9 f244972a3a534f60ad5f2433c77e258b - - default default] 10.0.0.158 "POST /v2.0/subnets HTTP/1.1" status: 201 len: 816 time: 0.7935641
2026-07-21 07:48:00.707 9 INFO neutron.db.ovn_revision_numbers_db [None req-7da31f07-1c2e-41f2-925d-46aa9da4d043 392083e5b101457e8f890e1524eef317 cd995afa4ffd4531a858f1c201a6e449 - - default default] Successfully bumped revision number for resource ea2c31d4-b818-464b-ace0-38a98a820bf2 (type: router_ports) to 1
2026-07-21 07:48:00.709 9 INFO neutron.wsgi [None req-7da31f07-1c2e-41f2-925d-46aa9da4d043 392083e5b101457e8f890e1524eef317 cd995afa4ffd4531a858f1c201a6e449 - - default default] 10.0.0.158 "PUT /v2.0/routers/191cba7f-a50f-47b0-b629-d6ebaea7448d/add_router_interface HTTP/1.1" status: 200 len: 503 time: 2.9168861
2026-07-21 07:48:00.717 10 WARNING neutron_lib.context [None req-2f37ddca-7fb1-49c4-ac41-266e3fcef922 064d80cf22804e16b729aa56d9497be9 f244972a3a534f60ad5f2433c77e258b - - default default] Method 'is_advsvc' is deprecated since 2023.2 release (neutron-lib 3.8.0) and will be removed once support for the old RBAC API policies will be removed from Neutron. Please use method 'is_service_role' instead.
2026-07-21 07:48:00.736 9 INFO neutron.wsgi [None req-812f9fa8-7a87-497a-bb7a-b2e72502d17d 392083e5b101457e8f890e1524eef317 cd995afa4ffd4531a858f1c201a6e449 - - default default] 10.0.0.28 "GET /v2.0/networks HTTP/1.1" status: 200 len: 6137 time: 0.1215391
2026-07-21 07:48:00.806 10 INFO neutron.db.segments_db [None req-2f37ddca-7fb1-49c4-ac41-266e3fcef922 064d80cf22804e16b729aa56d9497be9 f244972a3a534f60ad5f2433c77e258b - - default default] Added segment 0db11b61-c452-4bfa-aeee-1a2d4ec89717 of type geneve for network ce197d53-7f25-47d1-9717-1514bf2a496e
2026-07-21 07:48:00.825 9 INFO neutron.wsgi [None req-7328910f-2d61-43cc-bccd-ca12c36491e3 392083e5b101457e8f890e1524eef317 cd995afa4ffd4531a858f1c201a6e449 - - default default] 10.0.0.28 "GET /v2.0/security-groups HTTP/1.1" status: 200 len: 33444 time: 0.0833497
2026-07-21 07:48:00.887 9 INFO neutron.wsgi [None req-525b32a5-9077-46ea-a99e-ed3f4644ca63 392083e5b101457e8f890e1524eef317 cd995afa4ffd4531a858f1c201a6e449 - - default default] 10.0.0.28 "GET /v2.0/subnets HTTP/1.1" status: 200 len: 4677 time: 0.0522749
2026-07-21 07:48:00.923 9 INFO neutron.wsgi [None req-2a5ef7e6-0680-4c4e-a4b8-5047c2d9952a 392083e5b101457e8f890e1524eef317 cd995afa4ffd4531a858f1c201a6e449 - - default default] 10.0.0.28 "GET /v2.0/subnetpools HTTP/1.1" status: 200 len: 193 time: 0.0326962
2026-07-21 07:48:00.977 10 INFO neutron.db.ovn_revision_numbers_db [None req-2f37ddca-7fb1-49c4-ac41-266e3fcef922 064d80cf22804e16b729aa56d9497be9 f244972a3a534f60ad5f2433c77e258b - - default default] Successfully bumped revision number for resource ce197d53-7f25-47d1-9717-1514bf2a496e (type: networks) to 1
2026-07-21 07:48:00.979 9 INFO neutron.wsgi [req-10cfd579-ebf5-4b81-ac6a-b3174a0b5eb9 req-f91b607f-debd-4b13-b389-5ab38d950095 4b73146f55124677af1a0c01b88de78d f7d0320b88554d43b6eccce89c3827b6 - - default default] 10.0.0.29 "GET /v2.0/ports?device_id=0f098ad6-f2c2-4d8f-95d4-4428c1049995 HTTP/1.1" status: 200 len: 1170 time: 0.0922582
2026-07-21 07:48:01.039 9 INFO neutron.wsgi [req-10cfd579-ebf5-4b81-ac6a-b3174a0b5eb9 req-7a3cf2a3-767c-4cfe-af27-1eb0cdad1727 4b73146f55124677af1a0c01b88de78d f7d0320b88554d43b6eccce89c3827b6 - - default default] 10.0.0.29 "GET /v2.0/security-groups?id=846548c3-3086-44e4-ae33-aa5650e53100&fields=id&fields=name HTTP/1.1" status: 200 len: 313 time: 0.0539713
2026-07-21 07:48:01.044 9 INFO neutron.wsgi [None req-46e37d58-56d0-489c-ab58-5daa73567978 392083e5b101457e8f890e1524eef317 cd995afa4ffd4531a858f1c201a6e449 - - default default] 10.0.0.28 "GET /v2.0/routers HTTP/1.1" status: 200 len: 2872 time: 0.1152074
2026-07-21 07:48:01.058 9 INFO neutron.wsgi [None req-b2e44bae-3ede-480d-b731-232b80a4df9b 392083e5b101457e8f890e1524eef317 cd995afa4ffd4531a858f1c201a6e449 - - default default] 10.0.0.28 "GET /v2.0/agents?binary=ovn-controller HTTP/1.1" status: 200 len: 591 time: 0.0121109
2026-07-21 07:48:01.059 9 INFO neutron.db.ovn_revision_numbers_db [None req-edcfc3cf-e4fd-463d-9ac2-f673b9c71150 - - - - - -] Successfully bumped revision number for resource ea2c31d4-b818-464b-ace0-38a98a820bf2 (type: ports) to 2
2026-07-21 07:48:01.077 9 INFO neutron.wsgi [None req-78406153-d8e2-487e-8fb9-261437e0e02d 392083e5b101457e8f890e1524eef317 cd995afa4ffd4531a858f1c201a6e449 - - default default] 10.0.0.28 "GET /v2.0/agents HTTP/1.1" status: 200 len: 997 time: 0.0159810
2026-07-21 07:48:01.119 9 INFO neutron.wsgi [None req-482ef07b-4790-4bac-972b-7ad47130cfe6 392083e5b101457e8f890e1524eef317 cd995afa4ffd4531a858f1c201a6e449 - - default default] 10.0.0.28 "GET /v2.0/network-ip-availabilities HTTP/1.1" status: 200 len: 3874 time: 0.0309618
2026-07-21 07:48:01.177 10 WARNING neutron.scheduler.dhcp_agent_scheduler [None req-2f37ddca-7fb1-49c4-ac41-266e3fcef922 064d80cf22804e16b729aa56d9497be9 f244972a3a534f60ad5f2433c77e258b - - default default] No more DHCP agents
2026-07-21 07:48:01.182 10 WARNING neutron.api.rpc.agentnotifiers.dhcp_rpc_agent_api [None req-2f37ddca-7fb1-49c4-ac41-266e3fcef922 064d80cf22804e16b729aa56d9497be9 f244972a3a534f60ad5f2433c77e258b - - default default] Unable to schedule network ce197d53-7f25-47d1-9717-1514bf2a496e: no agents available; will retry on subsequent port and subnet creation events.
2026-07-21 07:48:01.308 10 INFO neutron.db.ovn_revision_numbers_db [None req-2f37ddca-7fb1-49c4-ac41-266e3fcef922 064d80cf22804e16b729aa56d9497be9 f244972a3a534f60ad5f2433c77e258b - - default default] Successfully bumped revision number for resource 5dcaa1fb-25a7-46e7-9dbd-641dd228ddb8 (type: ports) to 1
2026-07-21 07:48:01.335 10 INFO neutron.wsgi [None req-2f37ddca-7fb1-49c4-ac41-266e3fcef922 064d80cf22804e16b729aa56d9497be9 f244972a3a534f60ad5f2433c77e258b - - default default] 10.0.0.158 "POST /v2.0/networks HTTP/1.1" status: 201 len: 841 time: 0.6225853
2026-07-21 07:48:01.404 9 INFO neutron.wsgi [None req-a707c38a-d24b-4b0e-9dab-1fedf8f01ce5 392083e5b101457e8f890e1524eef317 cd995afa4ffd4531a858f1c201a6e449 - - default default] 10.0.0.28 "GET /v2.0/floatingips HTTP/1.1" status: 200 len: 730 time: 0.2824981
2026-07-21 07:48:01.414 9 INFO neutron.wsgi [req-31b3ba23-bdfd-42ba-802c-8f6047516284 req-f5315b92-5fe5-4388-8257-970bb14c91f7 4b73146f55124677af1a0c01b88de78d f7d0320b88554d43b6eccce89c3827b6 - - default default] 10.0.0.29 "GET /v2.0/ports?device_id=0f098ad6-f2c2-4d8f-95d4-4428c1049995 HTTP/1.1" status: 200 len: 1170 time: 0.3112016
2026-07-21 07:48:01.490 10 WARNING neutron_lib.context [None req-61c77453-9009-4076-8e71-223788df575f b2feb96ef130485d99ebe0ca19940f6a af4f6227d0e04e799f7d01b22c053f9d - - default default] Method 'is_advsvc' is deprecated since 2023.2 release (neutron-lib 3.8.0) and will be removed once support for the old RBAC API policies will be removed from Neutron. Please use method 'is_service_role' instead.
2026-07-21 07:48:01.517 9 INFO neutron.wsgi [None req-7413e550-44d9-4b96-8acd-0b1571f69582 392083e5b101457e8f890e1524eef317 cd995afa4ffd4531a858f1c201a6e449 - - default default] 10.0.0.28 "GET /v2.0/ports HTTP/1.1" status: 200 len: 22387 time: 0.1113594
2026-07-21 07:48:01.528 9 INFO neutron.db.ovn_revision_numbers_db [None req-edcfc3cf-e4fd-463d-9ac2-f673b9c71150 - - - - - -] Successfully bumped revision number for resource ea2c31d4-b818-464b-ace0-38a98a820bf2 (type: router_ports) to 2
2026-07-21 07:48:01.663 10 INFO neutron.notifiers.nova [-] Nova event matching ['req-1f982555-fec7-4515-a938-22589053504c'] response: {'server_uuid': '155e1064-6896-437c-8155-d6dec46cb8d6', 'name': 'network-vif-deleted', 'tag': 'db117bab-4cc6-4773-b5a3-bc59e71d73e6', 'status': 'completed', 'code': 200}
2026-07-21 07:48:01.963 10 INFO neutron.db.ovn_revision_numbers_db [None req-b2caff87-7081-413c-a94b-be8397a43300 064d80cf22804e16b729aa56d9497be9 f244972a3a534f60ad5f2433c77e258b - - default default] Successfully bumped revision number for resource ce197d53-7f25-47d1-9717-1514bf2a496e (type: networks) to 2
2026-07-21 07:48:01.967 10 INFO neutron.wsgi [None req-b2caff87-7081-413c-a94b-be8397a43300 064d80cf22804e16b729aa56d9497be9 f244972a3a534f60ad5f2433c77e258b - - default default] 10.0.0.158 "PUT /v2.0/networks/ce197d53-7f25-47d1-9717-1514bf2a496e HTTP/1.1" status: 200 len: 792 time: 0.6269956
2026-07-21 07:48:01.981 9 WARNING neutron_lib.context [None req-697d089e-320e-4f95-a481-693fd43ec346 064d80cf22804e16b729aa56d9497be9 f244972a3a534f60ad5f2433c77e258b - - default default] Method 'is_advsvc' is deprecated since 2023.2 release (neutron-lib 3.8.0) and will be removed once support for the old RBAC API policies will be removed from Neutron. Please use method 'is_service_role' instead.
2026-07-21 07:48:02.072 10 INFO neutron.db.l3_db [None req-495121c0-3bd6-4770-86af-59d66d0812b8 4b73146f55124677af1a0c01b88de78d f7d0320b88554d43b6eccce89c3827b6 - - default default] Floating IP b3e85f5a-65a2-47d3-9ead-80bd01e6bf43 associated. External IP: 10.96.250.206, port: f2a1bd4f-c992-457d-8246-e26be4347bfd.
2026-07-21 07:48:02.074 10 INFO neutron.db.ovn_revision_numbers_db [None req-61c77453-9009-4076-8e71-223788df575f b2feb96ef130485d99ebe0ca19940f6a af4f6227d0e04e799f7d01b22c053f9d - - default default] Successfully bumped revision number for resource f07faf06-b736-4bf9-91c8-77120130b16b (type: security_groups) to 1
2026-07-21 07:48:02.112 10 INFO neutron.db.ovn_revision_numbers_db [None req-61c77453-9009-4076-8e71-223788df575f b2feb96ef130485d99ebe0ca19940f6a af4f6227d0e04e799f7d01b22c053f9d - - default default] Successfully bumped revision number for resource 35abd3ac-611c-480b-85d5-5f7c94dea208 (type: security_group_rules) to 0
2026-07-21 07:48:02.135 10 INFO neutron.db.ovn_revision_numbers_db [None req-61c77453-9009-4076-8e71-223788df575f b2feb96ef130485d99ebe0ca19940f6a af4f6227d0e04e799f7d01b22c053f9d - - default default] Successfully bumped revision number for resource dfe19777-5c60-47e3-a119-2df6889e534a (type: security_group_rules) to 0
2026-07-21 07:48:02.170 10 INFO neutron.wsgi [None req-61c77453-9009-4076-8e71-223788df575f b2feb96ef130485d99ebe0ca19940f6a af4f6227d0e04e799f7d01b22c053f9d - - default default] 10.0.0.158 "POST /v2.0/security-groups HTTP/1.1" status: 201 len: 1809 time: 0.6851890
2026-07-21 07:48:02.179 10 WARNING neutron_lib.context [None req-5325db5b-3c5f-49af-9810-ef6e3921bbf5 b2feb96ef130485d99ebe0ca19940f6a af4f6227d0e04e799f7d01b22c053f9d - - default default] Method 'is_advsvc' is deprecated since 2023.2 release (neutron-lib 3.8.0) and will be removed once support for the old RBAC API policies will be removed from Neutron. Please use method 'is_service_role' instead.
2026-07-21 07:48:02.249 9 WARNING neutron.scheduler.dhcp_agent_scheduler [None req-697d089e-320e-4f95-a481-693fd43ec346 064d80cf22804e16b729aa56d9497be9 f244972a3a534f60ad5f2433c77e258b - - default default] No more DHCP agents
2026-07-21 07:48:02.251 9 WARNING neutron.api.rpc.agentnotifiers.dhcp_rpc_agent_api [None req-697d089e-320e-4f95-a481-693fd43ec346 064d80cf22804e16b729aa56d9497be9 f244972a3a534f60ad5f2433c77e258b - - default default] Unable to schedule network ce197d53-7f25-47d1-9717-1514bf2a496e: no agents available; will retry on subsequent port and subnet creation events.
2026-07-21 07:48:02.319 10 INFO neutron.db.ovn_revision_numbers_db [None req-495121c0-3bd6-4770-86af-59d66d0812b8 4b73146f55124677af1a0c01b88de78d f7d0320b88554d43b6eccce89c3827b6 - - default default] Successfully bumped revision number for resource b3e85f5a-65a2-47d3-9ead-80bd01e6bf43 (type: floatingips) to 1
2026-07-21 07:48:02.379 10 INFO neutron.db.ovn_revision_numbers_db [None req-5325db5b-3c5f-49af-9810-ef6e3921bbf5 b2feb96ef130485d99ebe0ca19940f6a af4f6227d0e04e799f7d01b22c053f9d - - default default] Successfully bumped revision number for resource ba9f2a7a-76e3-4a8b-8346-bf977823609a (type: security_group_rules) to 0
2026-07-21 07:48:02.439 10 INFO neutron.wsgi [None req-5325db5b-3c5f-49af-9810-ef6e3921bbf5 b2feb96ef130485d99ebe0ca19940f6a af4f6227d0e04e799f7d01b22c053f9d - - default default] 10.0.0.158 "POST /v2.0/security-group-rules HTTP/1.1" status: 201 len: 764 time: 0.2640045
2026-07-21 07:48:02.451 9 WARNING neutron_lib.context [None req-d95cffb5-458e-4f2b-b8d7-c70fe3558d6f b2feb96ef130485d99ebe0ca19940f6a af4f6227d0e04e799f7d01b22c053f9d - - default default] Method 'is_advsvc' is deprecated since 2023.2 release (neutron-lib 3.8.0) and will be removed once support for the old RBAC API policies will be removed from Neutron. Please use method 'is_service_role' instead.
2026-07-21 07:48:02.488 10 INFO neutron.db.ovn_revision_numbers_db [None req-495121c0-3bd6-4770-86af-59d66d0812b8 4b73146f55124677af1a0c01b88de78d f7d0320b88554d43b6eccce89c3827b6 - - default default] Successfully bumped revision number for resource b3e85f5a-65a2-47d3-9ead-80bd01e6bf43 (type: floatingips) to 2
2026-07-21 07:48:02.519 10 INFO neutron.wsgi [None req-495121c0-3bd6-4770-86af-59d66d0812b8 4b73146f55124677af1a0c01b88de78d f7d0320b88554d43b6eccce89c3827b6 - - default default] 10.0.0.158 "PUT /v2.0/floatingips/b3e85f5a-65a2-47d3-9ead-80bd01e6bf43 HTTP/1.1" status: 200 len: 1049 time: 1.0852959
2026-07-21 07:48:02.673 9 INFO neutron.db.ovn_revision_numbers_db [None req-d95cffb5-458e-4f2b-b8d7-c70fe3558d6f b2feb96ef130485d99ebe0ca19940f6a af4f6227d0e04e799f7d01b22c053f9d - - default default] Successfully bumped revision number for resource 71d7e7da-c7bc-4c30-8da7-7aa1ea7ac7c2 (type: security_group_rules) to 0
2026-07-21 07:48:02.709 9 INFO neutron.wsgi [None req-d95cffb5-458e-4f2b-b8d7-c70fe3558d6f b2feb96ef130485d99ebe0ca19940f6a af4f6227d0e04e799f7d01b22c053f9d - - default default] 10.0.0.158 "POST /v2.0/security-group-rules HTTP/1.1" status: 201 len: 763 time: 0.2651348
2026-07-21 07:48:02.721 9 WARNING neutron_lib.context [None req-c5b4c7d2-6004-4115-8438-b4a942922f2b b2feb96ef130485d99ebe0ca19940f6a af4f6227d0e04e799f7d01b22c053f9d - - default default] Method 'is_advsvc' is deprecated since 2023.2 release (neutron-lib 3.8.0) and will be removed once support for the old RBAC API policies will be removed from Neutron. Please use method 'is_service_role' instead.
2026-07-21 07:48:02.903 9 INFO neutron.db.ovn_revision_numbers_db [None req-c5b4c7d2-6004-4115-8438-b4a942922f2b b2feb96ef130485d99ebe0ca19940f6a af4f6227d0e04e799f7d01b22c053f9d - - default default] Successfully bumped revision number for resource 8c54063a-37fa-448f-a1e3-9363586b6d85 (type: security_group_rules) to 0
2026-07-21 07:48:02.919 9 INFO neutron.db.ovn_revision_numbers_db [None req-697d089e-320e-4f95-a481-693fd43ec346 064d80cf22804e16b729aa56d9497be9 f244972a3a534f60ad5f2433c77e258b - - default default] Successfully bumped revision number for resource 5dcaa1fb-25a7-46e7-9dbd-641dd228ddb8 (type: ports) to 2
2026-07-21 07:48:02.936 9 INFO neutron.wsgi [None req-c5b4c7d2-6004-4115-8438-b4a942922f2b b2feb96ef130485d99ebe0ca19940f6a af4f6227d0e04e799f7d01b22c053f9d - - default default] 10.0.0.158 "POST /v2.0/security-group-rules HTTP/1.1" status: 201 len: 769 time: 0.2211757
2026-07-21 07:48:02.949 9 WARNING neutron_lib.context [None req-0476f00c-e10c-475e-b8c3-8ac17a34ace3 b2feb96ef130485d99ebe0ca19940f6a af4f6227d0e04e799f7d01b22c053f9d - - default default] Method 'is_advsvc' is deprecated since 2023.2 release (neutron-lib 3.8.0) and will be removed once support for the old RBAC API policies will be removed from Neutron. Please use method 'is_service_role' instead.
2026-07-21 07:48:02.976 9 INFO neutron.db.ovn_revision_numbers_db [None req-697d089e-320e-4f95-a481-693fd43ec346 064d80cf22804e16b729aa56d9497be9 f244972a3a534f60ad5f2433c77e258b - - default default] Successfully bumped revision number for resource 14bbd9ad-61c7-4a04-92bf-98ff373d9b82 (type: subnets) to 0
2026-07-21 07:48:02.996 9 INFO neutron.wsgi [None req-697d089e-320e-4f95-a481-693fd43ec346 064d80cf22804e16b729aa56d9497be9 f244972a3a534f60ad5f2433c77e258b - - default default] 10.0.0.158 "POST /v2.0/subnets HTTP/1.1" status: 201 len: 801 time: 1.0234551
2026-07-21 07:48:03.103 9 INFO neutron.db.ovn_revision_numbers_db [None req-0476f00c-e10c-475e-b8c3-8ac17a34ace3 b2feb96ef130485d99ebe0ca19940f6a af4f6227d0e04e799f7d01b22c053f9d - - default default] Successfully bumped revision number for resource 62918431-0a79-40f5-a4b7-f7345b2beda3 (type: security_group_rules) to 0
2026-07-21 07:48:03.142 9 INFO neutron.wsgi [None req-0476f00c-e10c-475e-b8c3-8ac17a34ace3 b2feb96ef130485d99ebe0ca19940f6a af4f6227d0e04e799f7d01b22c053f9d - - default default] 10.0.0.158 "POST /v2.0/security-group-rules HTTP/1.1" status: 201 len: 768 time: 0.2005296
2026-07-21 07:48:03.154 9 WARNING neutron_lib.context [None req-33e72a25-51b5-4583-a2ca-fdecbc32eec2 b2feb96ef130485d99ebe0ca19940f6a af4f6227d0e04e799f7d01b22c053f9d - - default default] Method 'is_advsvc' is deprecated since 2023.2 release (neutron-lib 3.8.0) and will be removed once support for the old RBAC API policies will be removed from Neutron. Please use method 'is_service_role' instead.
2026-07-21 07:48:03.178 9 INFO neutron.db.securitygroups_db [None req-33e72a25-51b5-4583-a2ca-fdecbc32eec2 b2feb96ef130485d99ebe0ca19940f6a af4f6227d0e04e799f7d01b22c053f9d - - default default] Project af4f6227d0e04e799f7d01b22c053f9d added a security group rule with legacy IPv6 ICMP protocol name icmp, ipv6-icmp should be used instead. It was automatically converted.
2026-07-21 07:48:03.350 9 INFO neutron.db.ovn_revision_numbers_db [None req-33e72a25-51b5-4583-a2ca-fdecbc32eec2 b2feb96ef130485d99ebe0ca19940f6a af4f6227d0e04e799f7d01b22c053f9d - - default default] Successfully bumped revision number for resource 24a51ad1-45b6-4a47-91df-d4a80abdb19f (type: security_group_rules) to 0
2026-07-21 07:48:03.380 9 INFO neutron.wsgi [None req-33e72a25-51b5-4583-a2ca-fdecbc32eec2 b2feb96ef130485d99ebe0ca19940f6a af4f6227d0e04e799f7d01b22c053f9d - - default default] 10.0.0.158 "POST /v2.0/security-group-rules HTTP/1.1" status: 201 len: 774 time: 0.2313476
2026-07-21 07:48:03.388 9 WARNING neutron_lib.context [None req-d566653b-9259-400a-922a-b0eb8d711430 b2feb96ef130485d99ebe0ca19940f6a af4f6227d0e04e799f7d01b22c053f9d - - default default] Method 'is_advsvc' is deprecated since 2023.2 release (neutron-lib 3.8.0) and will be removed once support for the old RBAC API policies will be removed from Neutron. Please use method 'is_service_role' instead.
2026-07-21 07:48:03.391 9 INFO neutron.db.ovn_revision_numbers_db [None req-d8ac8787-6e4a-4542-8df2-911a60044cd8 064d80cf22804e16b729aa56d9497be9 f244972a3a534f60ad5f2433c77e258b - - default default] Successfully bumped revision number for resource 14bbd9ad-61c7-4a04-92bf-98ff373d9b82 (type: subnets) to 1
2026-07-21 07:48:03.393 9 INFO neutron.wsgi [None req-d8ac8787-6e4a-4542-8df2-911a60044cd8 064d80cf22804e16b729aa56d9497be9 f244972a3a534f60ad5f2433c77e258b - - default default] 10.0.0.158 "PUT /v2.0/subnets/14bbd9ad-61c7-4a04-92bf-98ff373d9b82 HTTP/1.1" status: 200 len: 806 time: 0.3906167
2026-07-21 07:48:03.415 9 INFO neutron.db.securitygroups_db [None req-d566653b-9259-400a-922a-b0eb8d711430 b2feb96ef130485d99ebe0ca19940f6a af4f6227d0e04e799f7d01b22c053f9d - - default default] Project af4f6227d0e04e799f7d01b22c053f9d added a security group rule with legacy IPv6 ICMP protocol name icmp, ipv6-icmp should be used instead. It was automatically converted.
2026-07-21 07:48:03.552 9 INFO neutron.db.ovn_revision_numbers_db [None req-d566653b-9259-400a-922a-b0eb8d711430 b2feb96ef130485d99ebe0ca19940f6a af4f6227d0e04e799f7d01b22c053f9d - - default default] Successfully bumped revision number for resource 87342ae4-5f2d-49c7-8d69-475710c13ce7 (type: security_group_rules) to 0
2026-07-21 07:48:03.594 9 INFO neutron.wsgi [None req-d566653b-9259-400a-922a-b0eb8d711430 b2feb96ef130485d99ebe0ca19940f6a af4f6227d0e04e799f7d01b22c053f9d - - default default] 10.0.0.158 "POST /v2.0/security-group-rules HTTP/1.1" status: 201 len: 773 time: 0.2090242
2026-07-21 07:48:03.658 10 INFO neutron.wsgi [None req-96878fd2-2a71-4abf-b86e-0d66a84c0274 392083e5b101457e8f890e1524eef317 cd995afa4ffd4531a858f1c201a6e449 - - default default] 10.0.0.158 "PUT /v2.0/routers/829f082d-ff12-4db7-94b7-0cd0ce001aa6/remove_router_interface HTTP/1.1" status: 200 len: 503 time: 1.2853987 /var/lib/openstack/lib/python3.10/site-packages/pycadf/identifier.py:71: UserWarning: Invalid uuid: neutron. To ensure interoperability, identifiers should be a valid uuid. warnings.warn(('Invalid uuid: %s. To ensure interoperability, '
2026-07-21 07:48:03.714 10 INFO neutron.notifiers.nova [-] Nova event matching ['req-b33ef35f-ddc8-4f0c-a449-bfcff77d61a4'] response: {'name': 'network-changed', 'server_uuid': '0f098ad6-f2c2-4d8f-95d4-4428c1049995', 'tag': 'f2a1bd4f-c992-457d-8246-e26be4347bfd', 'status': 'completed', 'code': 200}
2026-07-21 07:48:03.765 10 INFO neutron.wsgi [req-b79b3c1a-5ec3-4fed-9880-888597ee96a8 req-88b6f685-1f17-4630-ae74-a7be0ded364d f1708b344cf944ceb4b45a23543aa568 5fbacf0cf08d4a29ab97893c932fdab7 - - 941e9478a541400a9dea1998c30101af 941e9478a541400a9dea1998c30101af] 199.204.45.109 "GET /v2.0/ports?tenant_id=f7d0320b88554d43b6eccce89c3827b6&device_id=0f098ad6-f2c2-4d8f-95d4-4428c1049995 HTTP/1.1" status: 200 len: 1409 time: 0.0490036
2026-07-21 07:48:03.875 10 INFO neutron.wsgi [req-b79b3c1a-5ec3-4fed-9880-888597ee96a8 req-603772a5-c298-4b7b-bbfa-aaa1f2aa3096 f1708b344cf944ceb4b45a23543aa568 5fbacf0cf08d4a29ab97893c932fdab7 - - 941e9478a541400a9dea1998c30101af 941e9478a541400a9dea1998c30101af] 199.204.45.109 "GET /v2.0/networks?id=ceefd6a3-de98-4812-8a7d-1f11ce357b99 HTTP/1.1" status: 200 len: 974 time: 0.1055717
2026-07-21 07:48:03.944 9 INFO neutron.services.segments.plugin [-] Segment 0db11b61-c452-4bfa-aeee-1a2d4ec89717 resource provider aggregate not found
2026-07-21 07:48:03.949 9 INFO neutron.services.segments.plugin [-] Segment 0db11b61-c452-4bfa-aeee-1a2d4ec89717 resource provider aggregate not found
2026-07-21 07:48:03.953 10 INFO neutron.wsgi [req-b79b3c1a-5ec3-4fed-9880-888597ee96a8 req-4d28b41a-602b-4310-b790-bf97fcd95cb1 f1708b344cf944ceb4b45a23543aa568 5fbacf0cf08d4a29ab97893c932fdab7 - - 941e9478a541400a9dea1998c30101af 941e9478a541400a9dea1998c30101af] 199.204.45.109 "GET /v2.0/floatingips?fixed_ip_address=10.100.0.9&port_id=f2a1bd4f-c992-457d-8246-e26be4347bfd HTTP/1.1" status: 200 len: 1059 time: 0.0720999
2026-07-21 07:48:03.974 9 INFO neutron.services.segments.plugin [-] Segment 0db11b61-c452-4bfa-aeee-1a2d4ec89717 resource provider not found; error: Placement Client Error (4xx): {"errors": [{"status": 404, "title": "Not Found", "detail": "The resource could not be found.\n\n No resource provider with uuid 0db11b61-c452-4bfa-aeee-1a2d4ec89717 found for delete ", "request_id": "req-57d5cf57-4f3c-42ac-ab22-60dd10b7f817"}]}
2026-07-21 07:48:03.977 9 INFO neutron.services.segments.plugin [-] Segment 0db11b61-c452-4bfa-aeee-1a2d4ec89717 resource provider not found; error: Placement Client Error (4xx): {"errors": [{"status": 404, "title": "Not Found", "detail": "The resource could not be found.\n\n No resource provider with uuid 0db11b61-c452-4bfa-aeee-1a2d4ec89717 found for delete ", "request_id": "req-e7ef7889-fabb-43c8-bc3c-1ccbfb1e86b5"}]}
2026-07-21 07:48:03.982 9 WARNING neutron_lib.context [None req-cef79fdd-ed3f-4c92-8699-7743a9c9a0d5 b2feb96ef130485d99ebe0ca19940f6a af4f6227d0e04e799f7d01b22c053f9d - - default default] Method 'is_advsvc' is deprecated since 2023.2 release (neutron-lib 3.8.0) and will be removed once support for the old RBAC API policies will be removed from Neutron. Please use method 'is_service_role' instead.
2026-07-21 07:48:04.003 9 INFO neutron.wsgi [None req-b2a7a308-e4bf-4fcf-8f77-d57fd380a48a 064d80cf22804e16b729aa56d9497be9 f244972a3a534f60ad5f2433c77e258b - - default default] 10.0.0.158 "DELETE /v2.0/networks/ce197d53-7f25-47d1-9717-1514bf2a496e HTTP/1.1" status: 204 len: 168 time: 0.6055396
2026-07-21 07:48:04.022 10 INFO neutron.wsgi [req-b79b3c1a-5ec3-4fed-9880-888597ee96a8 req-5a3b1faa-8a0c-4b45-ad50-9deebda462f9 f1708b344cf944ceb4b45a23543aa568 5fbacf0cf08d4a29ab97893c932fdab7 - - 941e9478a541400a9dea1998c30101af 941e9478a541400a9dea1998c30101af] 199.204.45.109 "GET /v2.0/subnets?id=ec03c79a-86bc-4ee4-afbb-6f31c5392995 HTTP/1.1" status: 200 len: 869 time: 0.0608790
2026-07-21 07:48:04.026 9 INFO neutron.pecan_wsgi.hooks.translation [None req-6660feb1-697d-4963-abbb-ec52465f45ed 064d80cf22804e16b729aa56d9497be9 f244972a3a534f60ad5f2433c77e258b - - default default] DELETE failed (client error): The resource could not be found.
2026-07-21 07:48:04.028 9 INFO neutron.wsgi [None req-6660feb1-697d-4963-abbb-ec52465f45ed 064d80cf22804e16b729aa56d9497be9 f244972a3a534f60ad5f2433c77e258b - - default default] 10.0.0.158 "DELETE /v2.0/networks/ce197d53-7f25-47d1-9717-1514bf2a496e HTTP/1.1" status: 404 len: 339 time: 0.0175896
2026-07-21 07:48:04.040 10 INFO neutron.wsgi [-] 10.0.0.246 "GET / HTTP/1.1" status: 200 len: 247 time: 0.0015209
2026-07-21 07:48:04.042 10 INFO neutron.wsgi [-] 10.0.0.246 "GET / HTTP/1.1" status: 200 len: 247 time: 0.0012786
2026-07-21 07:48:04.067 10 INFO neutron.wsgi [req-b79b3c1a-5ec3-4fed-9880-888597ee96a8 req-18026190-3804-4bee-8f92-524207004111 f1708b344cf944ceb4b45a23543aa568 5fbacf0cf08d4a29ab97893c932fdab7 - - 941e9478a541400a9dea1998c30101af 941e9478a541400a9dea1998c30101af] 199.204.45.109 "GET /v2.0/ports?network_id=ceefd6a3-de98-4812-8a7d-1f11ce357b99&device_owner=network%3Adhcp HTTP/1.1" status: 200 len: 210 time: 0.0376413
2026-07-21 07:48:04.113 9 INFO neutron.wsgi [None req-b6441fd3-c84a-4ecb-904e-17d92f4c33f3 064d80cf22804e16b729aa56d9497be9 f244972a3a534f60ad5f2433c77e258b - - default default] 10.0.0.158 "GET /v2.0/networks?router%3Aexternal=True HTTP/1.1" status: 200 len: 845 time: 0.0779755
2026-07-21 07:48:04.148 9 INFO neutron.db.ovn_revision_numbers_db [None req-cef79fdd-ed3f-4c92-8699-7743a9c9a0d5 b2feb96ef130485d99ebe0ca19940f6a af4f6227d0e04e799f7d01b22c053f9d - - default default] Successfully bumped revision number for resource 01681ef9-8bb5-4249-9943-d57d690b5378 (type: security_groups) to 1
2026-07-21 07:48:04.151 10 INFO neutron.wsgi [req-b79b3c1a-5ec3-4fed-9880-888597ee96a8 req-f2db9826-198c-4b3c-ba22-0e5c2b3c3e50 f1708b344cf944ceb4b45a23543aa568 5fbacf0cf08d4a29ab97893c932fdab7 - - 941e9478a541400a9dea1998c30101af 941e9478a541400a9dea1998c30101af] 199.204.45.109 "GET /v2.0/networks/ceefd6a3-de98-4812-8a7d-1f11ce357b99?fields=segments HTTP/1.1" status: 200 len: 212 time: 0.0678120
2026-07-21 07:48:04.152 9 INFO neutron.wsgi [None req-bd4dc957-7b28-4c1f-bc62-2cdd75fbe8b7 064d80cf22804e16b729aa56d9497be9 f244972a3a534f60ad5f2433c77e258b - - default default] 10.0.0.158 "GET /v2.0/subnets?network_id=aff44d3b-7972-44ba-8030-c8f4900b0d1a HTTP/1.1" status: 200 len: 820 time: 0.0327063
2026-07-21 07:48:04.162 10 INFO neutron.wsgi [None req-6920a538-975b-46e2-b602-af32176d5042 064d80cf22804e16b729aa56d9497be9 f244972a3a534f60ad5f2433c77e258b - - default default] 10.0.0.158 "GET /v2.0/extensions HTTP/1.1" status: 200 len: 16975 time: 0.0054109
2026-07-21 07:48:04.164 9 INFO neutron.db.ovn_revision_numbers_db [None req-cef79fdd-ed3f-4c92-8699-7743a9c9a0d5 b2feb96ef130485d99ebe0ca19940f6a af4f6227d0e04e799f7d01b22c053f9d - - default default] Successfully bumped revision number for resource 9ea461dc-c7cd-4f85-86e9-79374b396dd6 (type: security_group_rules) to 0
2026-07-21 07:48:04.184 9 INFO neutron.db.ovn_revision_numbers_db [None req-cef79fdd-ed3f-4c92-8699-7743a9c9a0d5 b2feb96ef130485d99ebe0ca19940f6a af4f6227d0e04e799f7d01b22c053f9d - - default default] Successfully bumped revision number for resource d0ab4e1b-42e8-4ebb-a536-7489216ba41d (type: security_group_rules) to 0
2026-07-21 07:48:04.217 9 INFO neutron.wsgi [None req-cef79fdd-ed3f-4c92-8699-7743a9c9a0d5 b2feb96ef130485d99ebe0ca19940f6a af4f6227d0e04e799f7d01b22c053f9d - - default default] 10.0.0.158 "POST /v2.0/security-groups HTTP/1.1" status: 201 len: 1795 time: 0.2414179
2026-07-21 07:48:04.233 10 WARNING neutron_lib.context [None req-5f2bc2be-1070-4bb7-9e0d-93c811878283 b2feb96ef130485d99ebe0ca19940f6a af4f6227d0e04e799f7d01b22c053f9d - - default default] Method 'is_advsvc' is deprecated since 2023.2 release (neutron-lib 3.8.0) and will be removed once support for the old RBAC API policies will be removed from Neutron. Please use method 'is_service_role' instead.
2026-07-21 07:48:04.246 9 INFO neutron.wsgi [None req-57be1b6c-a74e-46a5-92ce-cbce993620af 064d80cf22804e16b729aa56d9497be9 f244972a3a534f60ad5f2433c77e258b - - default default] 10.0.0.158 "GET /v2.0/networks HTTP/1.1" status: 200 len: 1503 time: 0.0786092
2026-07-21 07:48:04.264 10 INFO neutron.wsgi [req-b79b3c1a-5ec3-4fed-9880-888597ee96a8 req-63c81ced-cd3c-4772-b8ce-31daa4650802 f1708b344cf944ceb4b45a23543aa568 5fbacf0cf08d4a29ab97893c932fdab7 - - 941e9478a541400a9dea1998c30101af 941e9478a541400a9dea1998c30101af] 199.204.45.109 "GET /v2.0/networks/ceefd6a3-de98-4812-8a7d-1f11ce357b99?fields=provider%3Aphysical_network&fields=provider%3Anetwork_type HTTP/1.1" status: 200 len: 277 time: 0.1009636
2026-07-21 07:48:04.288 9 INFO neutron.wsgi [None req-06f43c1a-d6aa-49b4-8ef0-350da02c7c77 064d80cf22804e16b729aa56d9497be9 f244972a3a534f60ad5f2433c77e258b - - default default] 10.0.0.158 "GET /v2.0/subnets HTTP/1.1" status: 200 len: 1428 time: 0.0358891
2026-07-21 07:48:04.365 9 INFO neutron.wsgi [None req-4fe67a3d-d2ad-4074-8d61-485ec412a3ad 064d80cf22804e16b729aa56d9497be9 f244972a3a534f60ad5f2433c77e258b - - default default] 10.0.0.158 "GET /v2.0/networks/c6a7f322-55b6-4c73-b4a3-3b3c644b264c HTTP/1.1" status: 200 len: 862 time: 0.0708754
2026-07-21 07:48:04.411 9 INFO neutron.wsgi [None req-29f91dc9-3a3c-47d2-b0d0-780da3a2e0ab 064d80cf22804e16b729aa56d9497be9 f244972a3a534f60ad5f2433c77e258b - - default default] 10.0.0.158 "GET /v2.0/subnets/589b53c7-cf65-4322-9fe8-c40dd99ba8a1 HTTP/1.1" status: 200 len: 811 time: 0.0372992
2026-07-21 07:48:04.441 10 INFO neutron.pecan_wsgi.hooks.translation [None req-161876aa-7b70-4d8f-8b8e-f22aed69bafd 064d80cf22804e16b729aa56d9497be9 f244972a3a534f60ad5f2433c77e258b - - default default] DELETE failed (client error): The resource could not be found.
2026-07-21 07:48:04.444 10 INFO neutron.wsgi [None req-161876aa-7b70-4d8f-8b8e-f22aed69bafd 064d80cf22804e16b729aa56d9497be9 f244972a3a534f60ad5f2433c77e258b - - default default] 10.0.0.158 "DELETE /v2.0/subnets/14bbd9ad-61c7-4a04-92bf-98ff373d9b82 HTTP/1.1" status: 404 len: 337 time: 0.0271766
