2026-07-21 07:47:09.721 10 WARNING neutron_lib.context [None req-4150ef60-c896-410e-9cbd-8183d018af7c 72f88973f87a45789a0c46ca96bac323 85e86a3b027a4b79beed6827fd8178c9 - - default default] Method 'is_advsvc' is deprecated since 2023.2 release (neutron-lib 3.8.0) and will be removed once support for the old RBAC API policies will be removed from Neutron. Please use method 'is_service_role' instead.
2026-07-21 07:47:09.737 10 INFO neutron.wsgi [req-6428bbf7-0719-4ff8-a995-c8d631d773f6 req-544f71aa-704a-45e6-baf4-d69eece60e26 f1708b344cf944ceb4b45a23543aa568 5fbacf0cf08d4a29ab97893c932fdab7 - - 941e9478a541400a9dea1998c30101af 941e9478a541400a9dea1998c30101af] 199.204.45.109 "GET /v2.0/ports?tenant_id=4c7cabb78c5c455abd2a8b12951cbc7c&device_id=3ba96b57-e703-4f9b-a193-4cc38f7dd7d2 HTTP/1.1" status: 200 len: 1407 time: 0.0640142
2026-07-21 07:47:09.825 9 INFO neutron.notifiers.nova [-] Nova event matching ['req-c36a1279-bc84-4e5d-9f31-0a143ca6cc59'] response: {'server_uuid': '3ba96b57-e703-4f9b-a193-4cc38f7dd7d2', 'name': 'network-vif-plugged', 'status': 'completed', 'tag': 'b33a9ef5-0a9b-46a5-a82e-0710198d8707', 'code': 200}
2026-07-21 07:47:09.856 10 INFO neutron.wsgi [req-6428bbf7-0719-4ff8-a995-c8d631d773f6 req-8c59f6c3-b95f-42be-9a60-2e90dedacd02 f1708b344cf944ceb4b45a23543aa568 5fbacf0cf08d4a29ab97893c932fdab7 - - 941e9478a541400a9dea1998c30101af 941e9478a541400a9dea1998c30101af] 199.204.45.109 "GET /v2.0/networks?id=7c00b5a9-979f-4d7f-a87c-4f8844559b6a HTTP/1.1" status: 200 len: 978 time: 0.1121154
2026-07-21 07:47:09.911 10 INFO neutron.wsgi [req-6428bbf7-0719-4ff8-a995-c8d631d773f6 req-0624fbc0-8b26-4cda-ab84-26bb44fc9658 f1708b344cf944ceb4b45a23543aa568 5fbacf0cf08d4a29ab97893c932fdab7 - - 941e9478a541400a9dea1998c30101af 941e9478a541400a9dea1998c30101af] 199.204.45.109 "GET /v2.0/floatingips?fixed_ip_address=10.100.0.9&port_id=b33a9ef5-0a9b-46a5-a82e-0710198d8707 HTTP/1.1" status: 200 len: 217 time: 0.0388751
2026-07-21 07:47:09.988 10 INFO neutron.wsgi [req-6428bbf7-0719-4ff8-a995-c8d631d773f6 req-326669ba-2a0a-43be-b1e4-856c3d8a1528 f1708b344cf944ceb4b45a23543aa568 5fbacf0cf08d4a29ab97893c932fdab7 - - 941e9478a541400a9dea1998c30101af 941e9478a541400a9dea1998c30101af] 199.204.45.109 "GET /v2.0/subnets?id=b75f053a-3cad-444e-9f51-e4867df3b3fe HTTP/1.1" status: 200 len: 873 time: 0.0703480
2026-07-21 07:47:10.017 9 INFO neutron.db.ovn_revision_numbers_db [None req-edcfc3cf-e4fd-463d-9ac2-f673b9c71150 - - - - - -] Successfully bumped revision number for resource b33a9ef5-0a9b-46a5-a82e-0710198d8707 (type: ports) to 4
2026-07-21 07:47:10.018 10 INFO neutron.wsgi [req-6428bbf7-0719-4ff8-a995-c8d631d773f6 req-9674417f-8f15-421e-8502-09378a22958b f1708b344cf944ceb4b45a23543aa568 5fbacf0cf08d4a29ab97893c932fdab7 - - 941e9478a541400a9dea1998c30101af 941e9478a541400a9dea1998c30101af] 199.204.45.109 "GET /v2.0/ports?network_id=7c00b5a9-979f-4d7f-a87c-4f8844559b6a&device_owner=network%3Adhcp HTTP/1.1" status: 200 len: 210 time: 0.0224776
2026-07-21 07:47:10.024 10 INFO neutron.wsgi [None req-bba0613b-e9f4-4ae2-a27c-dd40b891d16c ef07f98857284cc6bdcec117e6ee70e2 9e90857ce0b24551a62668fdfc68e03e - - default default] 10.0.0.158 "DELETE /v2.0/floatingips/c9cb1ed7-e97e-4ff1-880a-c38db82705f0 HTTP/1.1" status: 204 len: 168 time: 0.5959542
2026-07-21 07:47:10.103 10 INFO neutron.wsgi [req-6428bbf7-0719-4ff8-a995-c8d631d773f6 req-092ca7ec-03f8-47fa-957b-bbd1d2d19515 f1708b344cf944ceb4b45a23543aa568 5fbacf0cf08d4a29ab97893c932fdab7 - - 941e9478a541400a9dea1998c30101af 941e9478a541400a9dea1998c30101af] 199.204.45.109 "GET /v2.0/networks/7c00b5a9-979f-4d7f-a87c-4f8844559b6a?fields=segments HTTP/1.1" status: 200 len: 212 time: 0.0759034
2026-07-21 07:47:10.152 10 WARNING neutron.scheduler.dhcp_agent_scheduler [None req-4150ef60-c896-410e-9cbd-8183d018af7c 72f88973f87a45789a0c46ca96bac323 85e86a3b027a4b79beed6827fd8178c9 - - default default] No more DHCP agents
2026-07-21 07:47:10.162 10 WARNING neutron.api.rpc.agentnotifiers.dhcp_rpc_agent_api [None req-4150ef60-c896-410e-9cbd-8183d018af7c 72f88973f87a45789a0c46ca96bac323 85e86a3b027a4b79beed6827fd8178c9 - - default default] Unable to schedule network b9fd0687-70aa-420c-9df6-9a0276fdab32: no agents available; will retry on subsequent port and subnet creation events.
2026-07-21 07:47:10.231 10 INFO neutron.wsgi [req-6428bbf7-0719-4ff8-a995-c8d631d773f6 req-0cd73a86-69f3-43d0-8be4-d6ddad0a6f60 f1708b344cf944ceb4b45a23543aa568 5fbacf0cf08d4a29ab97893c932fdab7 - - 941e9478a541400a9dea1998c30101af 941e9478a541400a9dea1998c30101af] 199.204.45.109 "GET /v2.0/networks/7c00b5a9-979f-4d7f-a87c-4f8844559b6a?fields=provider%3Aphysical_network&fields=provider%3Anetwork_type HTTP/1.1" status: 200 len: 277 time: 0.1187422 /var/lib/openstack/lib/python3.10/site-packages/pycadf/identifier.py:71: UserWarning: Invalid uuid: neutron. To ensure interoperability, identifiers should be a valid uuid. warnings.warn(('Invalid uuid: %s. To ensure interoperability, '
2026-07-21 07:47:10.471 9 INFO neutron.wsgi [req-951488b3-e5e1-40fe-8f1f-afd35e6a13c7 req-39e38b4a-a092-4fae-9895-51a56164a360 07eb5747c0e140719624c70af48e4bad 4c7cabb78c5c455abd2a8b12951cbc7c - - default default] 10.0.0.29 "GET /v2.0/ports?device_id=3ba96b57-e703-4f9b-a193-4cc38f7dd7d2 HTTP/1.1" status: 200 len: 1170 time: 0.1568637
2026-07-21 07:47:10.535 9 INFO neutron.wsgi [req-951488b3-e5e1-40fe-8f1f-afd35e6a13c7 req-7190b67e-3519-4f33-a4d8-8ad8dfee10eb 07eb5747c0e140719624c70af48e4bad 4c7cabb78c5c455abd2a8b12951cbc7c - - default default] 10.0.0.29 "GET /v2.0/security-groups?id=d913f4c7-706e-4e9e-b071-04857b5bdeaf&fields=id&fields=name HTTP/1.1" status: 200 len: 313 time: 0.0469759
2026-07-21 07:47:10.538 9 INFO neutron.wsgi [None req-90a63dea-8384-4cef-9342-76571cdfce3e 392083e5b101457e8f890e1524eef317 cd995afa4ffd4531a858f1c201a6e449 - - default default] 10.0.0.158 "DELETE /v2.0/routers/3014e016-c8f4-4dc3-9523-9b4fe2fcde1f HTTP/1.1" status: 204 len: 168 time: 1.1818523
2026-07-21 07:47:10.691 9 INFO neutron.wsgi [None req-4251aa1c-cf6f-489d-a380-696be7df6284 392083e5b101457e8f890e1524eef317 cd995afa4ffd4531a858f1c201a6e449 - - default default] 10.0.0.158 "DELETE /v2.0/subnets/ce8d7b54-3a94-4f2d-9875-2705743476be HTTP/1.1" status: 204 len: 168 time: 0.1480842
2026-07-21 07:47:10.983 9 INFO neutron.services.segments.plugin [-] Segment 31c206e6-b7c5-4a98-b127-d812695d9767 resource provider aggregate not found
2026-07-21 07:47:10.990 9 INFO neutron.services.segments.plugin [-] Segment 31c206e6-b7c5-4a98-b127-d812695d9767 resource provider aggregate not found
2026-07-21 07:47:11.009 9 INFO neutron.services.segments.plugin [-] Segment 31c206e6-b7c5-4a98-b127-d812695d9767 resource provider not found; error: Placement Client Error (4xx): {"errors": [{"status": 404, "title": "Not Found", "detail": "The resource could not be found.\n\n No resource provider with uuid 31c206e6-b7c5-4a98-b127-d812695d9767 found for delete ", "request_id": "req-4c8ae87e-684b-42a9-83cc-06014e481b70"}]}
2026-07-21 07:47:11.012 9 INFO neutron.services.segments.plugin [-] Segment 31c206e6-b7c5-4a98-b127-d812695d9767 resource provider not found; error: Placement Client Error (4xx): {"errors": [{"status": 404, "title": "Not Found", "detail": "The resource could not be found.\n\n No resource provider with uuid 31c206e6-b7c5-4a98-b127-d812695d9767 found for delete ", "request_id": "req-2a7cdc6f-e42a-484c-b498-493f1f6f0f01"}]}
2026-07-21 07:47:11.028 9 INFO neutron.wsgi [None req-907f8372-5418-4d20-8aec-174a0939171b 392083e5b101457e8f890e1524eef317 cd995afa4ffd4531a858f1c201a6e449 - - default default] 10.0.0.158 "DELETE /v2.0/networks/956708fa-b3ec-49ac-aa2d-4544fa0d695c HTTP/1.1" status: 204 len: 168 time: 0.3321767
2026-07-21 07:47:11.041 10 INFO neutron.db.ovn_revision_numbers_db [None req-4150ef60-c896-410e-9cbd-8183d018af7c 72f88973f87a45789a0c46ca96bac323 85e86a3b027a4b79beed6827fd8178c9 - - default default] Successfully bumped revision number for resource 7c368b23-e61f-4b11-af69-8ef56c4945f0 (type: ports) to 2
2026-07-21 07:47:11.078 10 INFO neutron.db.ovn_revision_numbers_db [None req-4150ef60-c896-410e-9cbd-8183d018af7c 72f88973f87a45789a0c46ca96bac323 85e86a3b027a4b79beed6827fd8178c9 - - default default] Successfully bumped revision number for resource 2985896c-2a8c-43c0-b3ff-32f3cc36755c (type: subnets) to 0
2026-07-21 07:47:11.105 10 INFO neutron.wsgi [None req-4150ef60-c896-410e-9cbd-8183d018af7c 72f88973f87a45789a0c46ca96bac323 85e86a3b027a4b79beed6827fd8178c9 - - default default] 10.0.0.158 "POST /v2.0/subnets HTTP/1.1" status: 201 len: 801 time: 1.3897476
2026-07-21 07:47:11.119 9 WARNING neutron_lib.context [None req-e6b80bef-cd92-449e-9fc1-036ad9b223b4 72f88973f87a45789a0c46ca96bac323 85e86a3b027a4b79beed6827fd8178c9 - - default default] Method 'is_advsvc' is deprecated since 2023.2 release (neutron-lib 3.8.0) and will be removed once support for the old RBAC API policies will be removed from Neutron. Please use method 'is_service_role' instead.
2026-07-21 07:47:11.289 9 INFO neutron.wsgi [None req-785bf5ff-3fe4-4976-b88a-9600505574c4 392083e5b101457e8f890e1524eef317 cd995afa4ffd4531a858f1c201a6e449 - - default default] 10.0.0.158 "GET /v2.0/security-groups?tenant_id=b8e182786a374e84ab16c904db512139&name=default HTTP/1.1" status: 200 len: 2996 time: 0.0468590
2026-07-21 07:47:11.444 9 WARNING neutron.scheduler.dhcp_agent_scheduler [None req-e6b80bef-cd92-449e-9fc1-036ad9b223b4 72f88973f87a45789a0c46ca96bac323 85e86a3b027a4b79beed6827fd8178c9 - - default default] No more DHCP agents
2026-07-21 07:47:11.447 9 WARNING neutron.api.rpc.agentnotifiers.dhcp_rpc_agent_api [None req-e6b80bef-cd92-449e-9fc1-036ad9b223b4 72f88973f87a45789a0c46ca96bac323 85e86a3b027a4b79beed6827fd8178c9 - - default default] Unable to schedule network b9fd0687-70aa-420c-9df6-9a0276fdab32: no agents available; will retry on subsequent port and subnet creation events.
2026-07-21 07:47:11.606 10 INFO neutron.wsgi [None req-c8465c74-a4e5-46c0-a895-a50a78d42d44 392083e5b101457e8f890e1524eef317 cd995afa4ffd4531a858f1c201a6e449 - - default default] 10.0.0.158 "DELETE /v2.0/security-groups/9b7fe963-d007-4132-8166-ac64592c7977 HTTP/1.1" status: 204 len: 168 time: 0.3067236
2026-07-21 07:47:11.609 10 INFO neutron.wsgi [None req-e3a463c2-ea1b-4b9c-9dbe-8fb8792d94a8 392083e5b101457e8f890e1524eef317 cd995afa4ffd4531a858f1c201a6e449 - - default default] 10.0.0.158 "PUT /v2.0/routers/cfaf7b67-65fa-4a47-8cfc-af848567c810/remove_router_interface HTTP/1.1" status: 200 len: 503 time: 1.4860554
2026-07-21 07:47:11.609 9 INFO neutron.db.ovn_revision_numbers_db [None req-e6b80bef-cd92-449e-9fc1-036ad9b223b4 72f88973f87a45789a0c46ca96bac323 85e86a3b027a4b79beed6827fd8178c9 - - default default] Successfully bumped revision number for resource aa50ed06-4771-4d82-8d7c-9e9a41157abc (type: ports) to 1 /var/lib/openstack/lib/python3.10/site-packages/pycadf/identifier.py:71: UserWarning: Invalid uuid: neutron. To ensure interoperability, identifiers should be a valid uuid. warnings.warn(('Invalid uuid: %s. To ensure interoperability, '
2026-07-21 07:47:11.673 9 INFO neutron.wsgi [req-67e7826e-5df0-46ed-9f79-cffa4187a3e9 req-d7674039-4c21-45f3-bcf1-70120d3399bb 07eb5747c0e140719624c70af48e4bad 4c7cabb78c5c455abd2a8b12951cbc7c - - default default] 10.0.0.29 "GET /v2.0/ports?device_id=3ba96b57-e703-4f9b-a193-4cc38f7dd7d2 HTTP/1.1" status: 200 len: 1170 time: 0.0590315
2026-07-21 07:47:11.675 9 INFO neutron.wsgi [None req-e6b80bef-cd92-449e-9fc1-036ad9b223b4 72f88973f87a45789a0c46ca96bac323 85e86a3b027a4b79beed6827fd8178c9 - - default default] 10.0.0.158 "POST /v2.0/ports HTTP/1.1" status: 201 len: 1110 time: 0.5636759
2026-07-21 07:47:11.718 9 INFO neutron.wsgi [req-67e7826e-5df0-46ed-9f79-cffa4187a3e9 req-4f867701-5412-47d2-ad7a-13d685e89e43 07eb5747c0e140719624c70af48e4bad 4c7cabb78c5c455abd2a8b12951cbc7c - - default default] 10.0.0.29 "GET /v2.0/security-groups?id=d913f4c7-706e-4e9e-b071-04857b5bdeaf&fields=id&fields=name HTTP/1.1" status: 200 len: 313 time: 0.0403945
2026-07-21 07:47:11.848 9 INFO neutron.wsgi [req-c2868fa6-761e-426e-8ee7-d58eb9d67ddd req-5ba2d059-d241-47d9-8b47-ca179a381dcb 07eb5747c0e140719624c70af48e4bad 4c7cabb78c5c455abd2a8b12951cbc7c - - default default] 10.0.0.29 "GET /v2.0/ports?device_id=3ba96b57-e703-4f9b-a193-4cc38f7dd7d2 HTTP/1.1" status: 200 len: 1170 time: 0.0679519
2026-07-21 07:47:11.876 9 INFO neutron.notifiers.nova [-] Nova event matching ['req-2de48fac-b70a-4e33-a207-0b1e1bf73a28'] response: {'server_uuid': '3ba96b57-e703-4f9b-a193-4cc38f7dd7d2', 'name': 'network-vif-plugged', 'status': 'completed', 'tag': 'b33a9ef5-0a9b-46a5-a82e-0710198d8707', 'code': 200}
2026-07-21 07:47:12.233 10 INFO neutron.db.l3_db [None req-bec13df3-5d6c-4e5f-806b-d30fdc1fed35 07eb5747c0e140719624c70af48e4bad 4c7cabb78c5c455abd2a8b12951cbc7c - - default default] Floating IP ecb37a9c-ebf1-41c2-a351-d280641e28cd associated. External IP: 10.96.250.212, port: b33a9ef5-0a9b-46a5-a82e-0710198d8707.
2026-07-21 07:47:12.325 10 INFO neutron.wsgi [None req-08ccc16a-f59c-446e-9fb8-8d5af99ed984 72f88973f87a45789a0c46ca96bac323 85e86a3b027a4b79beed6827fd8178c9 - - default default] 10.0.0.158 "DELETE /v2.0/ports/aa50ed06-4771-4d82-8d7c-9e9a41157abc HTTP/1.1" status: 204 len: 168 time: 0.6401110
2026-07-21 07:47:12.349 9 INFO neutron.pecan_wsgi.hooks.translation [None req-c9e870c2-799d-4e3f-9fa5-3491928f260a 72f88973f87a45789a0c46ca96bac323 85e86a3b027a4b79beed6827fd8178c9 - - default default] GET failed (client error): The resource could not be found.
2026-07-21 07:47:12.351 9 INFO neutron.wsgi [None req-c9e870c2-799d-4e3f-9fa5-3491928f260a 72f88973f87a45789a0c46ca96bac323 85e86a3b027a4b79beed6827fd8178c9 - - default default] 10.0.0.158 "GET /v2.0/ports/aa50ed06-4771-4d82-8d7c-9e9a41157abc HTTP/1.1" status: 404 len: 333 time: 0.0202613
2026-07-21 07:47:12.557 9 INFO neutron.wsgi [None req-45c7d256-5de7-435b-a137-443c036cda18 72f88973f87a45789a0c46ca96bac323 85e86a3b027a4b79beed6827fd8178c9 - - default default] 10.0.0.158 "DELETE /v2.0/subnets/2985896c-2a8c-43c0-b3ff-32f3cc36755c HTTP/1.1" status: 204 len: 168 time: 0.2001710
2026-07-21 07:47:12.751 10 INFO neutron.db.ovn_revision_numbers_db [None req-bec13df3-5d6c-4e5f-806b-d30fdc1fed35 07eb5747c0e140719624c70af48e4bad 4c7cabb78c5c455abd2a8b12951cbc7c - - default default] Successfully bumped revision number for resource ecb37a9c-ebf1-41c2-a351-d280641e28cd (type: floatingips) to 1
2026-07-21 07:47:12.927 10 INFO neutron.db.ovn_revision_numbers_db [None req-bec13df3-5d6c-4e5f-806b-d30fdc1fed35 07eb5747c0e140719624c70af48e4bad 4c7cabb78c5c455abd2a8b12951cbc7c - - default default] Successfully bumped revision number for resource ecb37a9c-ebf1-41c2-a351-d280641e28cd (type: floatingips) to 2
2026-07-21 07:47:12.975 9 INFO neutron.wsgi [None req-fcf38583-4c55-43d4-a252-3b632d7397ae 72f88973f87a45789a0c46ca96bac323 85e86a3b027a4b79beed6827fd8178c9 - - default default] 10.0.0.158 "DELETE /v2.0/networks/b9fd0687-70aa-420c-9df6-9a0276fdab32 HTTP/1.1" status: 204 len: 168 time: 0.4132075
2026-07-21 07:47:12.977 10 INFO neutron.wsgi [None req-bec13df3-5d6c-4e5f-806b-d30fdc1fed35 07eb5747c0e140719624c70af48e4bad 4c7cabb78c5c455abd2a8b12951cbc7c - - default default] 10.0.0.158 "PUT /v2.0/floatingips/ecb37a9c-ebf1-41c2-a351-d280641e28cd HTTP/1.1" status: 200 len: 1049 time: 1.1100261 /var/lib/openstack/lib/python3.10/site-packages/pycadf/identifier.py:71: UserWarning: Invalid uuid: neutron. To ensure interoperability, identifiers should be a valid uuid. warnings.warn(('Invalid uuid: %s. To ensure interoperability, '
2026-07-21 07:47:12.988 9 WARNING neutron_lib.context [None req-113106bc-cd75-423f-a7a7-9c3c6440b7dd 72f88973f87a45789a0c46ca96bac323 85e86a3b027a4b79beed6827fd8178c9 - - default default] Method 'is_advsvc' is deprecated since 2023.2 release (neutron-lib 3.8.0) and will be removed once support for the old RBAC API policies will be removed from Neutron. Please use method 'is_service_role' instead.
2026-07-21 07:47:13.030 10 INFO neutron.notifiers.nova [-] Nova event matching ['req-eff8b891-e396-476b-b542-dab2d798f472'] response: {'name': 'network-changed', 'server_uuid': '3ba96b57-e703-4f9b-a193-4cc38f7dd7d2', 'tag': 'b33a9ef5-0a9b-46a5-a82e-0710198d8707', 'status': 'completed', 'code': 200}
2026-07-21 07:47:13.046 9 INFO neutron.services.segments.plugin [-] Segment 7a472fba-c79a-44a7-8dce-51afbce2c7c0 resource provider aggregate not found
2026-07-21 07:47:13.051 9 INFO neutron.services.segments.plugin [-] Segment 7a472fba-c79a-44a7-8dce-51afbce2c7c0 resource provider aggregate not found
2026-07-21 07:47:13.065 9 INFO neutron.services.segments.plugin [-] Segment 7a472fba-c79a-44a7-8dce-51afbce2c7c0 resource provider not found; error: Placement Client Error (4xx): {"errors": [{"status": 404, "title": "Not Found", "detail": "The resource could not be found.\n\n No resource provider with uuid 7a472fba-c79a-44a7-8dce-51afbce2c7c0 found for delete ", "request_id": "req-5666f425-84a4-4bb5-a780-6a44128c4598"}]}
2026-07-21 07:47:13.077 9 INFO neutron.services.segments.plugin [-] Segment 7a472fba-c79a-44a7-8dce-51afbce2c7c0 resource provider not found; error: Placement Client Error (4xx): {"errors": [{"status": 404, "title": "Not Found", "detail": "The resource could not be found.\n\n No resource provider with uuid 7a472fba-c79a-44a7-8dce-51afbce2c7c0 found for delete ", "request_id": "req-826b3a89-7773-486a-ad6b-7b3c7c49f0bc"}]}
2026-07-21 07:47:13.094 10 INFO neutron.wsgi [None req-83a6b050-cab9-448a-9705-4a0b408cadad 392083e5b101457e8f890e1524eef317 cd995afa4ffd4531a858f1c201a6e449 - - default default] 10.0.0.158 "DELETE /v2.0/routers/cfaf7b67-65fa-4a47-8cfc-af848567c810 HTTP/1.1" status: 204 len: 168 time: 1.4797895
2026-07-21 07:47:13.096 9 INFO neutron.wsgi [req-541acc55-f52d-46a1-8f31-06ba70b674b0 req-abb16957-4661-4bda-a039-78b673514bdd 07eb5747c0e140719624c70af48e4bad 4c7cabb78c5c455abd2a8b12951cbc7c - - default default] 10.0.0.29 "GET /v2.0/ports?device_id=3ba96b57-e703-4f9b-a193-4cc38f7dd7d2 HTTP/1.1" status: 200 len: 1170 time: 0.0393536
2026-07-21 07:47:13.099 10 INFO neutron.wsgi [req-2b9d652d-8c24-4475-b690-762c08d641d8 req-e46e8a25-ecb7-4ce4-8bbe-bd6039e75e21 f1708b344cf944ceb4b45a23543aa568 5fbacf0cf08d4a29ab97893c932fdab7 - - 941e9478a541400a9dea1998c30101af 941e9478a541400a9dea1998c30101af] 199.204.45.109 "GET /v2.0/ports?tenant_id=4c7cabb78c5c455abd2a8b12951cbc7c&device_id=3ba96b57-e703-4f9b-a193-4cc38f7dd7d2 HTTP/1.1" status: 200 len: 1409 time: 0.0474064
2026-07-21 07:47:13.147 9 INFO neutron.wsgi [req-541acc55-f52d-46a1-8f31-06ba70b674b0 req-84c859d3-b698-4a00-a3fe-7181f5c824d8 07eb5747c0e140719624c70af48e4bad 4c7cabb78c5c455abd2a8b12951cbc7c - - default default] 10.0.0.29 "GET /v2.0/security-groups?id=d913f4c7-706e-4e9e-b071-04857b5bdeaf&fields=id&fields=name HTTP/1.1" status: 200 len: 313 time: 0.0441060
2026-07-21 07:47:13.182 10 INFO neutron.wsgi [req-2b9d652d-8c24-4475-b690-762c08d641d8 req-ed692cc7-3531-44a9-bcd0-cd7d89b528a5 f1708b344cf944ceb4b45a23543aa568 5fbacf0cf08d4a29ab97893c932fdab7 - - 941e9478a541400a9dea1998c30101af 941e9478a541400a9dea1998c30101af] 199.204.45.109 "GET /v2.0/networks?id=7c00b5a9-979f-4d7f-a87c-4f8844559b6a HTTP/1.1" status: 200 len: 978 time: 0.0718365
2026-07-21 07:47:13.249 10 INFO neutron.wsgi [req-2b9d652d-8c24-4475-b690-762c08d641d8 req-42122f1a-7473-4ead-a650-6cbeafd525a4 f1708b344cf944ceb4b45a23543aa568 5fbacf0cf08d4a29ab97893c932fdab7 - - 941e9478a541400a9dea1998c30101af 941e9478a541400a9dea1998c30101af] 199.204.45.109 "GET /v2.0/floatingips?fixed_ip_address=10.100.0.9&port_id=b33a9ef5-0a9b-46a5-a82e-0710198d8707 HTTP/1.1" status: 200 len: 1059 time: 0.0597394
2026-07-21 07:47:13.304 10 INFO neutron.wsgi [req-2b9d652d-8c24-4475-b690-762c08d641d8 req-064d176c-f412-4235-b6c8-c4c29c0675c2 f1708b344cf944ceb4b45a23543aa568 5fbacf0cf08d4a29ab97893c932fdab7 - - 941e9478a541400a9dea1998c30101af 941e9478a541400a9dea1998c30101af] 199.204.45.109 "GET /v2.0/subnets?id=b75f053a-3cad-444e-9f51-e4867df3b3fe HTTP/1.1" status: 200 len: 873 time: 0.0474207
2026-07-21 07:47:13.305 9 WARNING neutron.scheduler.dhcp_agent_scheduler [None req-113106bc-cd75-423f-a7a7-9c3c6440b7dd 72f88973f87a45789a0c46ca96bac323 85e86a3b027a4b79beed6827fd8178c9 - - default default] No more DHCP agents
2026-07-21 07:47:13.307 9 WARNING neutron.api.rpc.agentnotifiers.dhcp_rpc_agent_api [None req-113106bc-cd75-423f-a7a7-9c3c6440b7dd 72f88973f87a45789a0c46ca96bac323 85e86a3b027a4b79beed6827fd8178c9 - - default default] Unable to schedule network 631ad966-2095-46e5-95d8-487916efef51: no agents available; will retry on subsequent port and subnet creation events.
2026-07-21 07:47:13.334 10 INFO neutron.wsgi [req-2b9d652d-8c24-4475-b690-762c08d641d8 req-4e70535d-dd57-4be1-bf27-c11622dcebc7 f1708b344cf944ceb4b45a23543aa568 5fbacf0cf08d4a29ab97893c932fdab7 - - 941e9478a541400a9dea1998c30101af 941e9478a541400a9dea1998c30101af] 199.204.45.109 "GET /v2.0/ports?network_id=7c00b5a9-979f-4d7f-a87c-4f8844559b6a&device_owner=network%3Adhcp HTTP/1.1" status: 200 len: 210 time: 0.0255873
2026-07-21 07:47:13.402 9 INFO neutron.db.ovn_revision_numbers_db [None req-113106bc-cd75-423f-a7a7-9c3c6440b7dd 72f88973f87a45789a0c46ca96bac323 85e86a3b027a4b79beed6827fd8178c9 - - default default] Successfully bumped revision number for resource 76e98646-54d7-4148-b1df-4f5430411bb8 (type: ports) to 1
2026-07-21 07:47:13.403 10 INFO neutron.wsgi [None req-505c4aa4-d5f2-4e21-9b65-224c6c461ac9 392083e5b101457e8f890e1524eef317 cd995afa4ffd4531a858f1c201a6e449 - - default default] 10.0.0.158 "DELETE /v2.0/subnets/554ca25f-aa02-4020-b23f-830605f7070e HTTP/1.1" status: 204 len: 168 time: 0.2982116
2026-07-21 07:47:13.408 10 INFO neutron.wsgi [req-2b9d652d-8c24-4475-b690-762c08d641d8 req-cf595774-b661-478d-a076-97602b2ab27d f1708b344cf944ceb4b45a23543aa568 5fbacf0cf08d4a29ab97893c932fdab7 - - 941e9478a541400a9dea1998c30101af 941e9478a541400a9dea1998c30101af] 199.204.45.109 "GET /v2.0/networks/7c00b5a9-979f-4d7f-a87c-4f8844559b6a?fields=segments HTTP/1.1" status: 200 len: 212 time: 0.0669074 /var/lib/openstack/lib/python3.10/site-packages/pycadf/identifier.py:71: UserWarning: Invalid uuid: neutron. To ensure interoperability, identifiers should be a valid uuid. warnings.warn(('Invalid uuid: %s. To ensure interoperability, '
2026-07-21 07:47:13.457 9 INFO neutron.wsgi [None req-113106bc-cd75-423f-a7a7-9c3c6440b7dd 72f88973f87a45789a0c46ca96bac323 85e86a3b027a4b79beed6827fd8178c9 - - default default] 10.0.0.158 "POST /v2.0/ports HTTP/1.1" status: 201 len: 973 time: 0.4726748
2026-07-21 07:47:13.471 9 INFO neutron.plugins.ml2.drivers.ovn.mech_driver.mech_driver [None req-edcfc3cf-e4fd-463d-9ac2-f673b9c71150 - - - - - -] OVN reports status down for port: b33a9ef5-0a9b-46a5-a82e-0710198d8707
2026-07-21 07:47:13.486 10 INFO neutron.wsgi [req-2b9d652d-8c24-4475-b690-762c08d641d8 req-bc7e9c3b-5106-4114-953b-9a0c86e690e1 f1708b344cf944ceb4b45a23543aa568 5fbacf0cf08d4a29ab97893c932fdab7 - - 941e9478a541400a9dea1998c30101af 941e9478a541400a9dea1998c30101af] 199.204.45.109 "GET /v2.0/networks/7c00b5a9-979f-4d7f-a87c-4f8844559b6a?fields=provider%3Aphysical_network&fields=provider%3Anetwork_type HTTP/1.1" status: 200 len: 277 time: 0.0715022
2026-07-21 07:47:13.495 9 INFO neutron.wsgi [req-7251ca1b-4e69-4508-9a18-d9c56d80e01e req-e30aae63-6028-4c43-806f-ebfd33dc12e6 07eb5747c0e140719624c70af48e4bad 4c7cabb78c5c455abd2a8b12951cbc7c - - default default] 10.0.0.29 "GET /v2.0/ports?device_id=3ba96b57-e703-4f9b-a193-4cc38f7dd7d2 HTTP/1.1" status: 200 len: 1170 time: 0.0724387
2026-07-21 07:47:13.563 9 INFO neutron.wsgi [req-7251ca1b-4e69-4508-9a18-d9c56d80e01e req-b8833415-d63c-4e7d-81c2-e8df2caf0c0a 07eb5747c0e140719624c70af48e4bad 4c7cabb78c5c455abd2a8b12951cbc7c - - default default] 10.0.0.29 "GET /v2.0/security-groups?id=d913f4c7-706e-4e9e-b071-04857b5bdeaf&fields=id&fields=name HTTP/1.1" status: 200 len: 313 time: 0.0592980
2026-07-21 07:47:13.771 10 INFO neutron.plugins.ml2.drivers.ovn.mech_driver.mech_driver [None req-9a7bc7a7-8e58-4f31-9213-24392d36372a - - - - - -] OVN reports status down for port: 76e98646-54d7-4148-b1df-4f5430411bb8
2026-07-21 07:47:13.826 10 INFO neutron.db.ovn_revision_numbers_db [None req-1fe090f1-cbe5-4694-9ebd-f0954eedd025 72f88973f87a45789a0c46ca96bac323 85e86a3b027a4b79beed6827fd8178c9 - - default default] Successfully bumped revision number for resource 76e98646-54d7-4148-b1df-4f5430411bb8 (type: ports) to 2
2026-07-21 07:47:13.841 10 INFO neutron.wsgi [None req-1fe090f1-cbe5-4694-9ebd-f0954eedd025 72f88973f87a45789a0c46ca96bac323 85e86a3b027a4b79beed6827fd8178c9 - - default default] 10.0.0.158 "PUT /v2.0/ports/76e98646-54d7-4148-b1df-4f5430411bb8 HTTP/1.1" status: 200 len: 946 time: 0.3780572
2026-07-21 07:47:13.858 10 INFO neutron.wsgi [req-e6ea275b-2ad1-495c-a041-c817c5277e74 req-192a491b-7c51-4a54-a911-cc00d3c0c5b8 07eb5747c0e140719624c70af48e4bad 4c7cabb78c5c455abd2a8b12951cbc7c - - default default] 199.204.45.109 "GET /v2.0/ports?device_id=3ba96b57-e703-4f9b-a193-4cc38f7dd7d2 HTTP/1.1" status: 200 len: 1168 time: 0.1318891
2026-07-21 07:47:13.862 9 INFO neutron.db.ovn_revision_numbers_db [None req-edcfc3cf-e4fd-463d-9ac2-f673b9c71150 - - - - - -] Successfully bumped revision number for resource b33a9ef5-0a9b-46a5-a82e-0710198d8707 (type: ports) to 5 /var/lib/openstack/lib/python3.10/site-packages/pycadf/identifier.py:71: UserWarning: Invalid uuid: neutron. To ensure interoperability, identifiers should be a valid uuid. warnings.warn(('Invalid uuid: %s. To ensure interoperability, '
2026-07-21 07:47:13.922 9 INFO neutron.notifiers.nova [-] Nova event matching ['req-923b1ca9-f93d-4cac-ba29-0db463c47192'] response: {'server_uuid': '3ba96b57-e703-4f9b-a193-4cc38f7dd7d2', 'name': 'network-vif-unplugged', 'status': 'completed', 'tag': 'b33a9ef5-0a9b-46a5-a82e-0710198d8707', 'code': 200}
2026-07-21 07:47:13.970 9 INFO neutron.wsgi [None req-437da280-481e-4f6d-9c15-7c9048c1a833 392083e5b101457e8f890e1524eef317 cd995afa4ffd4531a858f1c201a6e449 - - default default] 10.0.0.158 "DELETE /v2.0/networks/dbb2732e-bbc0-4dac-91a1-0d9f3c7916c6 HTTP/1.1" status: 204 len: 168 time: 0.5625770 /var/lib/openstack/lib/python3.10/site-packages/pycadf/identifier.py:71: UserWarning: Invalid uuid: neutron. To ensure interoperability, identifiers should be a valid uuid. warnings.warn(('Invalid uuid: %s. To ensure interoperability, '
2026-07-21 07:47:14.126 9 INFO neutron.wsgi [None req-6e29e4c1-afa1-493c-9796-57829e197971 392083e5b101457e8f890e1524eef317 cd995afa4ffd4531a858f1c201a6e449 - - default default] 10.0.0.158 "GET /v2.0/security-groups?tenant_id=9e90857ce0b24551a62668fdfc68e03e&name=default HTTP/1.1" status: 200 len: 2992 time: 0.0377369
2026-07-21 07:47:14.182 9 INFO neutron.wsgi [None req-e01d2ec9-308b-47d5-92f5-d79075c95df7 72f88973f87a45789a0c46ca96bac323 85e86a3b027a4b79beed6827fd8178c9 - - default default] 10.0.0.158 "DELETE /v2.0/ports/76e98646-54d7-4148-b1df-4f5430411bb8 HTTP/1.1" status: 204 len: 168 time: 0.3285093
2026-07-21 07:47:14.211 10 INFO neutron.db.l3_db [req-e6ea275b-2ad1-495c-a041-c817c5277e74 req-7f0ce9e2-ddcc-45cb-92ba-465a090168f9 07eb5747c0e140719624c70af48e4bad 4c7cabb78c5c455abd2a8b12951cbc7c - - default default] Floating IP ecb37a9c-ebf1-41c2-a351-d280641e28cd disassociated. External IP: 10.96.250.212, port: b33a9ef5-0a9b-46a5-a82e-0710198d8707.
2026-07-21 07:47:14.311 9 INFO neutron.wsgi [None req-0fed692e-caf9-49d0-8d3f-51d144f40aef 72f88973f87a45789a0c46ca96bac323 85e86a3b027a4b79beed6827fd8178c9 - - default default] 10.0.0.158 "GET /v2.0/ports HTTP/1.1" status: 200 len: 1728 time: 0.1219809 /var/lib/openstack/lib/python3.10/site-packages/pycadf/identifier.py:71: UserWarning: Invalid uuid: neutron. To ensure interoperability, identifiers should be a valid uuid. warnings.warn(('Invalid uuid: %s. To ensure interoperability, '
2026-07-21 07:47:14.355 9 INFO neutron.pecan_wsgi.hooks.translation [None req-147413bc-63bf-4972-8fd8-1c0a161b726d 72f88973f87a45789a0c46ca96bac323 85e86a3b027a4b79beed6827fd8178c9 - - default default] GET failed (client error): The resource could not be found.
2026-07-21 07:47:14.357 9 INFO neutron.wsgi [None req-147413bc-63bf-4972-8fd8-1c0a161b726d 72f88973f87a45789a0c46ca96bac323 85e86a3b027a4b79beed6827fd8178c9 - - default default] 10.0.0.158 "GET /v2.0/ports/76e98646-54d7-4148-b1df-4f5430411bb8 HTTP/1.1" status: 404 len: 333 time: 0.0412238
2026-07-21 07:47:14.396 10 INFO neutron.wsgi [req-e6ea275b-2ad1-495c-a041-c817c5277e74 req-7f0ce9e2-ddcc-45cb-92ba-465a090168f9 07eb5747c0e140719624c70af48e4bad 4c7cabb78c5c455abd2a8b12951cbc7c - - default default] 199.204.45.109 "DELETE /v2.0/ports/b33a9ef5-0a9b-46a5-a82e-0710198d8707 HTTP/1.1" status: 204 len: 173 time: 0.5301185
2026-07-21 07:47:14.411 9 INFO neutron.wsgi [None req-312835f5-74f8-4221-878e-36c62856c4f3 72f88973f87a45789a0c46ca96bac323 85e86a3b027a4b79beed6827fd8178c9 - - default default] 10.0.0.158 "GET /v2.0/ports HTTP/1.1" status: 200 len: 1728 time: 0.0497200
2026-07-21 07:47:14.452 9 INFO neutron.wsgi [None req-3e2fd370-a057-404c-8ec8-30b2ab709377 72f88973f87a45789a0c46ca96bac323 85e86a3b027a4b79beed6827fd8178c9 - - default default] 10.0.0.158 "GET /v2.0/ports/9e9ab4c1-e7ca-4634-aecc-0aba3927c81c HTTP/1.1" status: 200 len: 968 time: 0.0361440
2026-07-21 07:47:14.473 9 INFO neutron.pecan_wsgi.hooks.translation [None req-8877f9d6-4f18-4da4-87a2-e2ad3d1b8480 72f88973f87a45789a0c46ca96bac323 85e86a3b027a4b79beed6827fd8178c9 - - default default] DELETE failed (client error): The resource could not be found.
2026-07-21 07:47:14.476 9 INFO neutron.wsgi [None req-8877f9d6-4f18-4da4-87a2-e2ad3d1b8480 72f88973f87a45789a0c46ca96bac323 85e86a3b027a4b79beed6827fd8178c9 - - default default] 10.0.0.158 "DELETE /v2.0/ports/aa50ed06-4771-4d82-8d7c-9e9a41157abc HTTP/1.1" status: 404 len: 333 time: 0.0187645
2026-07-21 07:47:14.500 10 INFO neutron.pecan_wsgi.hooks.translation [None req-77a4a33a-b5b6-479c-8f1a-833a185ed958 72f88973f87a45789a0c46ca96bac323 85e86a3b027a4b79beed6827fd8178c9 - - default default] DELETE failed (client error): The resource could not be found.
2026-07-21 07:47:14.502 10 INFO neutron.wsgi [None req-77a4a33a-b5b6-479c-8f1a-833a185ed958 72f88973f87a45789a0c46ca96bac323 85e86a3b027a4b79beed6827fd8178c9 - - default default] 10.0.0.158 "DELETE /v2.0/subnets/2985896c-2a8c-43c0-b3ff-32f3cc36755c HTTP/1.1" status: 404 len: 337 time: 0.0204377
2026-07-21 07:47:14.518 9 INFO neutron.wsgi [None req-05f0d62e-7553-4c60-b68b-bb5791cc4673 392083e5b101457e8f890e1524eef317 cd995afa4ffd4531a858f1c201a6e449 - - default default] 10.0.0.158 "DELETE /v2.0/security-groups/bcb03174-47c1-4c13-93bd-27d6574b1117 HTTP/1.1" status: 204 len: 168 time: 0.3869703
2026-07-21 07:47:14.532 10 INFO neutron.pecan_wsgi.hooks.translation [None req-1521199e-da88-4e45-ba01-72bab828671a 72f88973f87a45789a0c46ca96bac323 85e86a3b027a4b79beed6827fd8178c9 - - default default] DELETE failed (client error): The resource could not be found.
2026-07-21 07:47:14.534 10 INFO neutron.wsgi [None req-1521199e-da88-4e45-ba01-72bab828671a 72f88973f87a45789a0c46ca96bac323 85e86a3b027a4b79beed6827fd8178c9 - - default default] 10.0.0.158 "DELETE /v2.0/subnets/fbf42d86-f2a3-460b-bb8b-aaee2d66978b HTTP/1.1" status: 404 len: 337 time: 0.0294101
2026-07-21 07:47:14.658 9 INFO neutron.wsgi [req-1899a308-a2cb-47cc-ae2b-2f0b97ebaa49 req-f49c8673-a52b-42c1-bfe5-7ac698870444 07eb5747c0e140719624c70af48e4bad 4c7cabb78c5c455abd2a8b12951cbc7c - - default default] 10.0.0.29 "GET /v2.0/ports?device_id=3ba96b57-e703-4f9b-a193-4cc38f7dd7d2 HTTP/1.1" status: 200 len: 210 time: 0.0283864
2026-07-21 07:47:14.786 10 INFO neutron.wsgi [None req-52ec7193-d5b1-4655-8e9f-2011525e6774 72f88973f87a45789a0c46ca96bac323 85e86a3b027a4b79beed6827fd8178c9 - - default default] 10.0.0.158 "DELETE /v2.0/ports/9e9ab4c1-e7ca-4634-aecc-0aba3927c81c HTTP/1.1" status: 204 len: 168 time: 0.2473433
2026-07-21 07:47:15.070 10 INFO neutron.notifiers.nova [-] Nova event matching ['req-75f347b7-5493-4db5-bf59-fc0ee85b1d07'] response: {'server_uuid': '3ba96b57-e703-4f9b-a193-4cc38f7dd7d2', 'name': 'network-vif-deleted', 'tag': 'b33a9ef5-0a9b-46a5-a82e-0710198d8707', 'status': 'completed', 'code': 200}
2026-07-21 07:47:15.094 9 INFO neutron.services.segments.plugin [-] Segment fb7b005b-aed3-4dfa-89fb-051316b9624f resource provider aggregate not found
2026-07-21 07:47:15.102 9 INFO neutron.services.segments.plugin [-] Segment fb7b005b-aed3-4dfa-89fb-051316b9624f resource provider aggregate not found
2026-07-21 07:47:15.111 9 INFO neutron.services.segments.plugin [-] Segment fb7b005b-aed3-4dfa-89fb-051316b9624f resource provider not found; error: Placement Client Error (4xx): {"errors": [{"status": 404, "title": "Not Found", "detail": "The resource could not be found.\n\n No resource provider with uuid fb7b005b-aed3-4dfa-89fb-051316b9624f found for delete ", "request_id": "req-67dbff47-88ed-40df-9e40-50b52399e077"}]}
2026-07-21 07:47:15.117 9 INFO neutron.services.segments.plugin [-] Segment fb7b005b-aed3-4dfa-89fb-051316b9624f resource provider not found; error: Placement Client Error (4xx): {"errors": [{"status": 404, "title": "Not Found", "detail": "The resource could not be found.\n\n No resource provider with uuid fb7b005b-aed3-4dfa-89fb-051316b9624f found for delete ", "request_id": "req-35bc1906-f1a1-4856-b6a4-4f8f4147eefe"}]}
2026-07-21 07:47:15.268 9 INFO neutron.wsgi [None req-f7a1bd93-aaf8-4732-9312-383df818b5d0 72f88973f87a45789a0c46ca96bac323 85e86a3b027a4b79beed6827fd8178c9 - - default default] 10.0.0.158 "DELETE /v2.0/networks/631ad966-2095-46e5-95d8-487916efef51 HTTP/1.1" status: 204 len: 168 time: 0.4753368
2026-07-21 07:47:15.871 9 INFO neutron.wsgi [None req-3082de85-f3ae-4c3e-92b3-7696b3000f06 07eb5747c0e140719624c70af48e4bad 4c7cabb78c5c455abd2a8b12951cbc7c - - default default] 10.0.0.158 "DELETE /v2.0/security-groups/d913f4c7-706e-4e9e-b071-04857b5bdeaf HTTP/1.1" status: 204 len: 168 time: 0.1317241
2026-07-21 07:47:15.887 9 INFO neutron.api.v2.resource [None req-d5f77017-81d2-4392-b652-7d2d4ad4854f 07eb5747c0e140719624c70af48e4bad 4c7cabb78c5c455abd2a8b12951cbc7c - - default default] show failed (client error): The resource could not be found.
2026-07-21 07:47:15.889 9 INFO neutron.wsgi [None req-d5f77017-81d2-4392-b652-7d2d4ad4854f 07eb5747c0e140719624c70af48e4bad 4c7cabb78c5c455abd2a8b12951cbc7c - - default default] 10.0.0.158 "GET /v2.0/security-groups/d913f4c7-706e-4e9e-b071-04857b5bdeaf HTTP/1.1" status: 404 len: 347 time: 0.0128326
2026-07-21 07:47:15.963 9 INFO neutron.notifiers.nova [-] Nova event matching ['req-530e662c-3bae-4432-aa08-75a196828f1e'] response: {'server_uuid': '3ba96b57-e703-4f9b-a193-4cc38f7dd7d2', 'name': 'network-vif-plugged', 'status': 'completed', 'tag': 'b33a9ef5-0a9b-46a5-a82e-0710198d8707', 'code': 200}
2026-07-21 07:47:15.995 9 INFO neutron.wsgi [None req-fa4c1530-1318-4f43-80ea-95858b62a405 392083e5b101457e8f890e1524eef317 cd995afa4ffd4531a858f1c201a6e449 - - default default] 10.0.0.158 "GET /v2.0/security-groups?tenant_id=85e86a3b027a4b79beed6827fd8178c9&name=default HTTP/1.1" status: 200 len: 2996 time: 0.2747076
2026-07-21 07:47:16.442 9 INFO neutron.wsgi [None req-10b00cc0-5a0b-43ac-8035-c08499e18175 392083e5b101457e8f890e1524eef317 cd995afa4ffd4531a858f1c201a6e449 - - default default] 10.0.0.158 "DELETE /v2.0/security-groups/be1e3ef6-f557-4c5b-823a-833ea134f67b HTTP/1.1" status: 204 len: 168 time: 0.4428978
2026-07-21 07:47:16.487 9 INFO neutron.wsgi [None req-0ebe8e6b-c4cc-4ab3-a211-b5bdc9430353 07eb5747c0e140719624c70af48e4bad 4c7cabb78c5c455abd2a8b12951cbc7c - - default default] 10.0.0.158 "DELETE /v2.0/floatingips/ecb37a9c-ebf1-41c2-a351-d280641e28cd HTTP/1.1" status: 204 len: 168 time: 0.5940571
2026-07-21 07:47:16.894 10 INFO neutron.db.ovn_revision_numbers_db [None req-1aa6dd13-5cdf-4c4a-912b-c4a101625921 392083e5b101457e8f890e1524eef317 cd995afa4ffd4531a858f1c201a6e449 - - default default] Successfully bumped revision number for resource c827159e-afa2-4195-b3cd-38ac6daeebb8 (type: security_groups) to 1
2026-07-21 07:47:16.917 10 INFO neutron.db.ovn_revision_numbers_db [None req-1aa6dd13-5cdf-4c4a-912b-c4a101625921 392083e5b101457e8f890e1524eef317 cd995afa4ffd4531a858f1c201a6e449 - - default default] Successfully bumped revision number for resource 0367684e-8672-44fa-8669-6d1d8afe61bd (type: security_group_rules) to 0
2026-07-21 07:47:16.941 10 INFO neutron.db.ovn_revision_numbers_db [None req-1aa6dd13-5cdf-4c4a-912b-c4a101625921 392083e5b101457e8f890e1524eef317 cd995afa4ffd4531a858f1c201a6e449 - - default default] Successfully bumped revision number for resource 5edd8267-155d-48b0-9964-a0aad4506a13 (type: security_group_rules) to 0
2026-07-21 07:47:16.960 10 INFO neutron.db.ovn_revision_numbers_db [None req-1aa6dd13-5cdf-4c4a-912b-c4a101625921 392083e5b101457e8f890e1524eef317 cd995afa4ffd4531a858f1c201a6e449 - - default default] Successfully bumped revision number for resource 6382d1c6-c132-4ec0-b285-ec921959e093 (type: security_group_rules) to 0
2026-07-21 07:47:16.988 10 INFO neutron.db.ovn_revision_numbers_db [None req-1aa6dd13-5cdf-4c4a-912b-c4a101625921 392083e5b101457e8f890e1524eef317 cd995afa4ffd4531a858f1c201a6e449 - - default default] Successfully bumped revision number for resource 6916def7-fdbb-4338-9437-b459da5f7717 (type: security_group_rules) to 0
2026-07-21 07:47:17.042 10 INFO neutron.db.segments_db [None req-1aa6dd13-5cdf-4c4a-912b-c4a101625921 392083e5b101457e8f890e1524eef317 cd995afa4ffd4531a858f1c201a6e449 - - default default] Added segment 1cc9e9d2-6ea2-4f66-9e52-b2c1e4be8851 of type geneve for network bfc54dd5-a73e-42e9-8203-57c55c0c22da
2026-07-21 07:47:17.132 9 INFO neutron.services.segments.plugin [-] Segment 0d6aad29-bcf7-4dc5-b848-2457cf0c0cf3 resource provider aggregate not found
2026-07-21 07:47:17.138 9 INFO neutron.services.segments.plugin [-] Segment 0d6aad29-bcf7-4dc5-b848-2457cf0c0cf3 resource provider aggregate not found
2026-07-21 07:47:17.158 9 INFO neutron.services.segments.plugin [-] Segment 0d6aad29-bcf7-4dc5-b848-2457cf0c0cf3 resource provider not found; error: Placement Client Error (4xx): {"errors": [{"status": 404, "title": "Not Found", "detail": "The resource could not be found.\n\n No resource provider with uuid 0d6aad29-bcf7-4dc5-b848-2457cf0c0cf3 found for delete ", "request_id": "req-842ccb3e-8d7b-480f-b63d-b4733d581a28"}]}
2026-07-21 07:47:17.159 9 INFO neutron.services.segments.plugin [-] Segment 0d6aad29-bcf7-4dc5-b848-2457cf0c0cf3 resource provider not found; error: Placement Client Error (4xx): {"errors": [{"status": 404, "title": "Not Found", "detail": "The resource could not be found.\n\n No resource provider with uuid 0d6aad29-bcf7-4dc5-b848-2457cf0c0cf3 found for delete ", "request_id": "req-01bb1092-df51-4a1f-9fe7-5ae2cbb07711"}]}
2026-07-21 07:47:17.179 10 INFO neutron.db.ovn_revision_numbers_db [None req-1aa6dd13-5cdf-4c4a-912b-c4a101625921 392083e5b101457e8f890e1524eef317 cd995afa4ffd4531a858f1c201a6e449 - - default default] Successfully bumped revision number for resource bfc54dd5-a73e-42e9-8203-57c55c0c22da (type: networks) to 1
2026-07-21 07:47:17.340 10 WARNING neutron.scheduler.dhcp_agent_scheduler [None req-1aa6dd13-5cdf-4c4a-912b-c4a101625921 392083e5b101457e8f890e1524eef317 cd995afa4ffd4531a858f1c201a6e449 - - default default] No more DHCP agents
2026-07-21 07:47:17.342 10 WARNING neutron.api.rpc.agentnotifiers.dhcp_rpc_agent_api [None req-1aa6dd13-5cdf-4c4a-912b-c4a101625921 392083e5b101457e8f890e1524eef317 cd995afa4ffd4531a858f1c201a6e449 - - default default] Unable to schedule network bfc54dd5-a73e-42e9-8203-57c55c0c22da: no agents available; will retry on subsequent port and subnet creation events.
2026-07-21 07:47:17.441 10 INFO neutron.db.ovn_revision_numbers_db [None req-1aa6dd13-5cdf-4c4a-912b-c4a101625921 392083e5b101457e8f890e1524eef317 cd995afa4ffd4531a858f1c201a6e449 - - default default] Successfully bumped revision number for resource b8946045-bf65-4f01-84a4-11c84b9aed80 (type: ports) to 1
2026-07-21 07:47:17.463 10 INFO neutron.wsgi [None req-1aa6dd13-5cdf-4c4a-912b-c4a101625921 392083e5b101457e8f890e1524eef317 cd995afa4ffd4531a858f1c201a6e449 - - default default] 10.0.0.158 "POST /v2.0/networks HTTP/1.1" status: 201 len: 945 time: 1.0066252
2026-07-21 07:47:17.477 9 INFO neutron.wsgi [None req-23029582-e762-4e72-9aaa-79751fa91f4c 392083e5b101457e8f890e1524eef317 cd995afa4ffd4531a858f1c201a6e449 - - default default] 10.0.0.158 "PUT /v2.0/routers/7e78167b-3214-4993-9e27-bc5a6584801e/remove_router_interface HTTP/1.1" status: 200 len: 503 time: 0.9851050 /var/lib/openstack/lib/python3.10/site-packages/pycadf/identifier.py:71: UserWarning: Invalid uuid: neutron. To ensure interoperability, identifiers should be a valid uuid. warnings.warn(('Invalid uuid: %s. To ensure interoperability, '
2026-07-21 07:47:17.630 10 WARNING neutron.scheduler.dhcp_agent_scheduler [None req-7f58c55a-6b7b-4ac2-be81-15658f7fc6ed 392083e5b101457e8f890e1524eef317 cd995afa4ffd4531a858f1c201a6e449 - - default default] No more DHCP agents
2026-07-21 07:47:17.634 10 WARNING neutron.api.rpc.agentnotifiers.dhcp_rpc_agent_api [None req-7f58c55a-6b7b-4ac2-be81-15658f7fc6ed 392083e5b101457e8f890e1524eef317 cd995afa4ffd4531a858f1c201a6e449 - - default default] Unable to schedule network bfc54dd5-a73e-42e9-8203-57c55c0c22da: no agents available; will retry on subsequent port and subnet creation events.
2026-07-21 07:47:17.704 9 INFO neutron.db.ovn_revision_numbers_db [None req-4f39001e-9cb3-4a86-a6c2-2905ac788993 392083e5b101457e8f890e1524eef317 cd995afa4ffd4531a858f1c201a6e449 - - default default] Successfully bumped revision number for resource 526d9db1-c6a6-4b40-b0bf-269baf072b53 (type: security_groups) to 1
2026-07-21 07:47:17.724 9 INFO neutron.db.ovn_revision_numbers_db [None req-4f39001e-9cb3-4a86-a6c2-2905ac788993 392083e5b101457e8f890e1524eef317 cd995afa4ffd4531a858f1c201a6e449 - - default default] Successfully bumped revision number for resource 00aaf256-d3fb-45c3-b0fb-54da1aad495c (type: security_group_rules) to 0
2026-07-21 07:47:17.762 9 INFO neutron.db.ovn_revision_numbers_db [None req-4f39001e-9cb3-4a86-a6c2-2905ac788993 392083e5b101457e8f890e1524eef317 cd995afa4ffd4531a858f1c201a6e449 - - default default] Successfully bumped revision number for resource 24c90739-aaf6-4eeb-9f21-463ad6b6d126 (type: security_group_rules) to 0
2026-07-21 07:47:17.789 9 INFO neutron.db.ovn_revision_numbers_db [None req-4f39001e-9cb3-4a86-a6c2-2905ac788993 392083e5b101457e8f890e1524eef317 cd995afa4ffd4531a858f1c201a6e449 - - default default] Successfully bumped revision number for resource 304b03ff-2558-4103-9570-088051732f5d (type: security_group_rules) to 0
2026-07-21 07:47:17.806 9 INFO neutron.db.ovn_revision_numbers_db [None req-4f39001e-9cb3-4a86-a6c2-2905ac788993 392083e5b101457e8f890e1524eef317 cd995afa4ffd4531a858f1c201a6e449 - - default default] Successfully bumped revision number for resource 8e7a30c7-4469-4137-ad22-4ef68dea0e24 (type: security_group_rules) to 0
2026-07-21 07:47:17.836 9 INFO neutron.wsgi [None req-4f39001e-9cb3-4a86-a6c2-2905ac788993 392083e5b101457e8f890e1524eef317 cd995afa4ffd4531a858f1c201a6e449 - - default default] 10.0.0.158 "GET /v2.0/security-groups?tenant_id=8f8d62c5836140049c042ab80157257d&name=default HTTP/1.1" status: 200 len: 2996 time: 0.4846079
2026-07-21 07:47:18.127 10 INFO neutron.wsgi [None req-df141003-0448-41d7-97be-19e3b1fed535 392083e5b101457e8f890e1524eef317 cd995afa4ffd4531a858f1c201a6e449 - - default default] 10.0.0.158 "DELETE /v2.0/security-groups/526d9db1-c6a6-4b40-b0bf-269baf072b53 HTTP/1.1" status: 204 len: 168 time: 0.2818549
2026-07-21 07:47:18.172 10 INFO neutron.db.ovn_revision_numbers_db [None req-7f58c55a-6b7b-4ac2-be81-15658f7fc6ed 392083e5b101457e8f890e1524eef317 cd995afa4ffd4531a858f1c201a6e449 - - default default] Successfully bumped revision number for resource b8946045-bf65-4f01-84a4-11c84b9aed80 (type: ports) to 2
2026-07-21 07:47:18.202 10 INFO neutron.db.ovn_revision_numbers_db [None req-7f58c55a-6b7b-4ac2-be81-15658f7fc6ed 392083e5b101457e8f890e1524eef317 cd995afa4ffd4531a858f1c201a6e449 - - default default] Successfully bumped revision number for resource 9452f312-a120-4580-9573-b5009155751e (type: subnets) to 0
2026-07-21 07:47:18.214 10 INFO neutron.wsgi [None req-7f58c55a-6b7b-4ac2-be81-15658f7fc6ed 392083e5b101457e8f890e1524eef317 cd995afa4ffd4531a858f1c201a6e449 - - default default] 10.0.0.158 "POST /v2.0/subnets HTTP/1.1" status: 201 len: 865 time: 0.7452850
2026-07-21 07:47:18.308 9 WARNING neutron_lib.context [None req-23f2f874-fc2b-4f2e-8301-3b1fbaa570e5 2d34045d945e4586a6b22f36a9643a06 3b8cd9de8481439c8af33f5e7f38361d - - default default] Method 'is_advsvc' is deprecated since 2023.2 release (neutron-lib 3.8.0) and will be removed once support for the old RBAC API policies will be removed from Neutron. Please use method 'is_service_role' instead.
2026-07-21 07:47:18.372 9 INFO neutron.wsgi [None req-abaf8eae-bae8-430f-8e6f-f6a6cca96b69 392083e5b101457e8f890e1524eef317 cd995afa4ffd4531a858f1c201a6e449 - - default default] 10.0.0.158 "DELETE /v2.0/routers/7e78167b-3214-4993-9e27-bc5a6584801e HTTP/1.1" status: 204 len: 168 time: 0.8909705
2026-07-21 07:47:18.487 9 INFO neutron.db.ovn_revision_numbers_db [None req-51b07849-0e57-4748-a629-40dbaf77c338 392083e5b101457e8f890e1524eef317 cd995afa4ffd4531a858f1c201a6e449 - - default default] Successfully bumped revision number for resource 7c2ab40d-0106-419a-a3e6-6ccedad6fee4 (type: security_groups) to 1
2026-07-21 07:47:18.520 9 INFO neutron.db.ovn_revision_numbers_db [None req-51b07849-0e57-4748-a629-40dbaf77c338 392083e5b101457e8f890e1524eef317 cd995afa4ffd4531a858f1c201a6e449 - - default default] Successfully bumped revision number for resource 104f6cd0-3a89-49fc-92b0-cab4bb3b1123 (type: security_group_rules) to 0
2026-07-21 07:47:18.546 9 INFO neutron.db.ovn_revision_numbers_db [None req-51b07849-0e57-4748-a629-40dbaf77c338 392083e5b101457e8f890e1524eef317 cd995afa4ffd4531a858f1c201a6e449 - - default default] Successfully bumped revision number for resource 74ef7595-6617-4b1c-a416-ad841174c863 (type: security_group_rules) to 0
2026-07-21 07:47:18.549 9 INFO neutron.db.ovn_revision_numbers_db [None req-23f2f874-fc2b-4f2e-8301-3b1fbaa570e5 2d34045d945e4586a6b22f36a9643a06 3b8cd9de8481439c8af33f5e7f38361d - - default default] Successfully bumped revision number for resource 4609ba14-6fee-43fd-ba71-4fe58718b491 (type: security_groups) to 1
2026-07-21 07:47:18.572 9 INFO neutron.db.ovn_revision_numbers_db [None req-23f2f874-fc2b-4f2e-8301-3b1fbaa570e5 2d34045d945e4586a6b22f36a9643a06 3b8cd9de8481439c8af33f5e7f38361d - - default default] Successfully bumped revision number for resource 4baaeafc-7efd-4b16-baea-bd1365b9b513 (type: security_group_rules) to 0
2026-07-21 07:47:18.575 9 INFO neutron.db.ovn_revision_numbers_db [None req-51b07849-0e57-4748-a629-40dbaf77c338 392083e5b101457e8f890e1524eef317 cd995afa4ffd4531a858f1c201a6e449 - - default default] Successfully bumped revision number for resource b577eceb-c0fa-4302-ab6f-959691993ef8 (type: security_group_rules) to 0
2026-07-21 07:47:18.591 9 INFO neutron.db.ovn_revision_numbers_db [None req-23f2f874-fc2b-4f2e-8301-3b1fbaa570e5 2d34045d945e4586a6b22f36a9643a06 3b8cd9de8481439c8af33f5e7f38361d - - default default] Successfully bumped revision number for resource 7129af79-954d-42a9-93d9-574a97f02e7d (type: security_group_rules) to 0
2026-07-21 07:47:18.598 9 INFO neutron.db.ovn_revision_numbers_db [None req-51b07849-0e57-4748-a629-40dbaf77c338 392083e5b101457e8f890e1524eef317 cd995afa4ffd4531a858f1c201a6e449 - - default default] Successfully bumped revision number for resource d8d115b9-b1a7-4157-9aef-785922514e8f (type: security_group_rules) to 0
2026-07-21 07:47:18.614 9 INFO neutron.db.ovn_revision_numbers_db [None req-23f2f874-fc2b-4f2e-8301-3b1fbaa570e5 2d34045d945e4586a6b22f36a9643a06 3b8cd9de8481439c8af33f5e7f38361d - - default default] Successfully bumped revision number for resource c55d30e1-c6fe-4a75-bf9d-70d424e986ff (type: security_group_rules) to 0
2026-07-21 07:47:18.631 9 INFO neutron.wsgi [None req-51b07849-0e57-4748-a629-40dbaf77c338 392083e5b101457e8f890e1524eef317 cd995afa4ffd4531a858f1c201a6e449 - - default default] 10.0.0.158 "GET /v2.0/security-groups?tenant_id=930eac56be464ced9f71afc2c6c21cfd&name=default HTTP/1.1" status: 200 len: 2996 time: 0.3492751
2026-07-21 07:47:18.643 9 INFO neutron.db.ovn_revision_numbers_db [None req-23f2f874-fc2b-4f2e-8301-3b1fbaa570e5 2d34045d945e4586a6b22f36a9643a06 3b8cd9de8481439c8af33f5e7f38361d - - default default] Successfully bumped revision number for resource f335b573-479a-4d6b-8b78-e5e5985a2ac9 (type: security_group_rules) to 0
2026-07-21 07:47:18.666 9 INFO neutron.wsgi [None req-dec3be86-3d81-4dd7-b4cf-e06bba34c8ec 392083e5b101457e8f890e1524eef317 cd995afa4ffd4531a858f1c201a6e449 - - default default] 10.0.0.158 "DELETE /v2.0/subnets/b75f053a-3cad-444e-9f51-e4867df3b3fe HTTP/1.1" status: 204 len: 168 time: 0.2886708
2026-07-21 07:47:18.808 9 INFO neutron.db.ovn_revision_numbers_db [None req-23f2f874-fc2b-4f2e-8301-3b1fbaa570e5 2d34045d945e4586a6b22f36a9643a06 3b8cd9de8481439c8af33f5e7f38361d - - default default] Successfully bumped revision number for resource 16c0e9fe-841a-4c62-bc90-5f582cb1409d (type: security_groups) to 1
2026-07-21 07:47:18.823 10 WARNING neutron.scheduler.dhcp_agent_scheduler [None req-dd2a058c-276a-4108-9149-d8bced68be4f 392083e5b101457e8f890e1524eef317 cd995afa4ffd4531a858f1c201a6e449 - - default default] No more DHCP agents
2026-07-21 07:47:18.825 10 WARNING neutron.api.rpc.agentnotifiers.dhcp_rpc_agent_api [None req-dd2a058c-276a-4108-9149-d8bced68be4f 392083e5b101457e8f890e1524eef317 cd995afa4ffd4531a858f1c201a6e449 - - default default] Unable to schedule network aff44d3b-7972-44ba-8030-c8f4900b0d1a: no agents available; will retry on subsequent port and subnet creation events.
