2026-07-21 07:46:41.051 9 INFO neutron.wsgi [req-5e4341c5-b4e7-42a4-9f08-dd1eb49937a8 req-8ec8b4bf-b1f5-468f-9ed1-f715dc538c62 e192bdff7cf34de3923856a6542a472c 49aac3aae43e4e6181c628483f6a718e - - default default] 10.0.0.29 "DELETE /v2.0/security-groups/a3ac71cb-9153-498c-bf8c-88741ff04dda HTTP/1.1" status: 204 len: 173 time: 0.1978347
2026-07-21 07:46:41.067 9 INFO neutron.db.ovn_revision_numbers_db [None req-edcfc3cf-e4fd-463d-9ac2-f673b9c71150 - - - - - -] Successfully bumped revision number for resource 11690ce2-4623-4657-ade5-e60ba0950419 (type: router_ports) to 2
2026-07-21 07:46:41.089 9 INFO neutron.api.v2.resource [req-5021058c-fa87-4743-90c7-06935e8ed0aa req-76db4608-b6ca-4930-b3b1-d0bbe0e9cfb8 e192bdff7cf34de3923856a6542a472c 49aac3aae43e4e6181c628483f6a718e - - default default] show failed (client error): The resource could not be found.
2026-07-21 07:46:41.090 9 INFO neutron.wsgi [req-5021058c-fa87-4743-90c7-06935e8ed0aa req-76db4608-b6ca-4930-b3b1-d0bbe0e9cfb8 e192bdff7cf34de3923856a6542a472c 49aac3aae43e4e6181c628483f6a718e - - default default] 10.0.0.29 "GET /v2.0/security-groups/a3ac71cb-9153-498c-bf8c-88741ff04dda HTTP/1.1" status: 404 len: 352 time: 0.0120437
2026-07-21 07:46:41.161 9 INFO neutron.wsgi [req-1176fdac-ee48-4cc0-bdbb-10134961025d req-66c377a3-d130-4a65-afa0-b40387872ef9 e192bdff7cf34de3923856a6542a472c 49aac3aae43e4e6181c628483f6a718e - - default default] 10.0.0.29 "GET /v2.0/security-groups/d7e77b17-6aad-4e73-98de-a1f2e7195acf HTTP/1.1" status: 200 len: 1817 time: 0.0432277
2026-07-21 07:46:41.293 9 INFO neutron.wsgi [req-1176fdac-ee48-4cc0-bdbb-10134961025d req-b087be1d-cc61-4e79-ac6b-d27984e03eec e192bdff7cf34de3923856a6542a472c 49aac3aae43e4e6181c628483f6a718e - - default default] 10.0.0.29 "DELETE /v2.0/security-groups/d7e77b17-6aad-4e73-98de-a1f2e7195acf HTTP/1.1" status: 204 len: 173 time: 0.1263223
2026-07-21 07:46:41.331 9 INFO neutron.api.v2.resource [req-3a678be9-6439-4958-a64c-d65a489bb56e req-c25dd03c-07ae-4ed9-a6e1-e56d48a77b90 e192bdff7cf34de3923856a6542a472c 49aac3aae43e4e6181c628483f6a718e - - default default] show failed (client error): The resource could not be found.
2026-07-21 07:46:41.333 9 INFO neutron.wsgi [req-3a678be9-6439-4958-a64c-d65a489bb56e req-c25dd03c-07ae-4ed9-a6e1-e56d48a77b90 e192bdff7cf34de3923856a6542a472c 49aac3aae43e4e6181c628483f6a718e - - default default] 10.0.0.29 "GET /v2.0/security-groups/d7e77b17-6aad-4e73-98de-a1f2e7195acf HTTP/1.1" status: 404 len: 352 time: 0.0144913
2026-07-21 07:46:41.403 9 INFO neutron.wsgi [req-f3e43862-0cd8-456e-a5fd-17be20b32932 req-00cde932-41bf-453f-abdc-f51cafa8c99f e192bdff7cf34de3923856a6542a472c 49aac3aae43e4e6181c628483f6a718e - - default default] 10.0.0.29 "GET /v2.0/security-groups/439b0763-7edb-4302-b7ad-545c7e432089 HTTP/1.1" status: 200 len: 1817 time: 0.0459199
2026-07-21 07:46:41.473 10 WARNING neutron.scheduler.dhcp_agent_scheduler [None req-eefdf5a9-b8c7-4b22-aaac-7876e94cb46f d51181604ea1491cbca3716fc1ad055d a39fa93f48b7434e9f4fc5dce9d42ef6 - - default default] No more DHCP agents
2026-07-21 07:46:41.482 10 WARNING neutron.api.rpc.agentnotifiers.dhcp_rpc_agent_api [None req-eefdf5a9-b8c7-4b22-aaac-7876e94cb46f d51181604ea1491cbca3716fc1ad055d a39fa93f48b7434e9f4fc5dce9d42ef6 - - default default] Unable to schedule network bf0edfba-015d-4c91-bb9a-6edfe2749ba6: no agents available; will retry on subsequent port and subnet creation events.
2026-07-21 07:46:41.527 9 INFO neutron.wsgi [req-f3e43862-0cd8-456e-a5fd-17be20b32932 req-d6930403-0eb1-49d5-86cc-2917ab36b578 e192bdff7cf34de3923856a6542a472c 49aac3aae43e4e6181c628483f6a718e - - default default] 10.0.0.29 "DELETE /v2.0/security-groups/439b0763-7edb-4302-b7ad-545c7e432089 HTTP/1.1" status: 204 len: 173 time: 0.1145029
2026-07-21 07:46:41.564 9 INFO neutron.api.v2.resource [req-988bb016-f145-45ab-a62e-1d975f60037c req-9956226e-3cb8-4efe-9f42-c541e533a846 e192bdff7cf34de3923856a6542a472c 49aac3aae43e4e6181c628483f6a718e - - default default] show failed (client error): The resource could not be found.
2026-07-21 07:46:41.565 9 INFO neutron.wsgi [req-988bb016-f145-45ab-a62e-1d975f60037c req-9956226e-3cb8-4efe-9f42-c541e533a846 e192bdff7cf34de3923856a6542a472c 49aac3aae43e4e6181c628483f6a718e - - default default] 10.0.0.29 "GET /v2.0/security-groups/439b0763-7edb-4302-b7ad-545c7e432089 HTTP/1.1" status: 404 len: 352 time: 0.0159595
2026-07-21 07:46:41.626 9 INFO neutron.wsgi [req-05053195-058c-4868-be63-9495e4f4191c req-b177effd-3e38-4b30-9d33-178ac8e6137b e192bdff7cf34de3923856a6542a472c 49aac3aae43e4e6181c628483f6a718e - - default default] 10.0.0.29 "GET /v2.0/security-groups?tenant_id=49aac3aae43e4e6181c628483f6a718e HTTP/1.1" status: 200 len: 2997 time: 0.0390432
2026-07-21 07:46:41.664 9 INFO neutron.wsgi [req-05053195-058c-4868-be63-9495e4f4191c req-6979331b-4b33-44e5-8a01-ad3b1de95227 e192bdff7cf34de3923856a6542a472c 49aac3aae43e4e6181c628483f6a718e - - default default] 10.0.0.29 "GET /v2.0/security-groups/a9b031f0-70cc-4194-a209-003074fc7cfd HTTP/1.1" status: 200 len: 2994 time: 0.0272074
2026-07-21 07:46:41.701 9 INFO neutron.wsgi [req-05053195-058c-4868-be63-9495e4f4191c req-4e259041-a054-44f9-b9ec-44b5e4b1b61b e192bdff7cf34de3923856a6542a472c 49aac3aae43e4e6181c628483f6a718e - - default default] 10.0.0.29 "GET /v2.0/security-groups/a9b031f0-70cc-4194-a209-003074fc7cfd HTTP/1.1" status: 200 len: 2994 time: 0.0288441
2026-07-21 07:46:41.707 10 INFO neutron.db.ovn_revision_numbers_db [None req-eefdf5a9-b8c7-4b22-aaac-7876e94cb46f d51181604ea1491cbca3716fc1ad055d a39fa93f48b7434e9f4fc5dce9d42ef6 - - default default] Successfully bumped revision number for resource a0c39a7e-ff6a-4f3e-8884-43bcbeb7ccba (type: ports) to 1
2026-07-21 07:46:41.734 9 INFO neutron.api.v2.resource [req-8891cc0d-4fc5-4772-a5a8-5f9ecbfca75d req-d50001f1-4a75-4a5d-9989-485460a83978 e192bdff7cf34de3923856a6542a472c 49aac3aae43e4e6181c628483f6a718e - - default default] show failed (client error): The resource could not be found.
2026-07-21 07:46:41.735 9 INFO neutron.wsgi [req-8891cc0d-4fc5-4772-a5a8-5f9ecbfca75d req-d50001f1-4a75-4a5d-9989-485460a83978 e192bdff7cf34de3923856a6542a472c 49aac3aae43e4e6181c628483f6a718e - - default default] 10.0.0.29 "GET /v2.0/security-groups/439b0763-7edb-4302-b7ad-545c7e432089 HTTP/1.1" status: 404 len: 352 time: 0.0130498
2026-07-21 07:46:41.757 10 INFO neutron.wsgi [None req-eefdf5a9-b8c7-4b22-aaac-7876e94cb46f d51181604ea1491cbca3716fc1ad055d a39fa93f48b7434e9f4fc5dce9d42ef6 - - default default] 10.0.0.158 "POST /v2.0/networks HTTP/1.1" status: 201 len: 1445 time: 2.2525966
2026-07-21 07:46:41.765 9 INFO neutron.api.v2.resource [req-736057e2-347b-4f7a-8a77-010e1369012f req-56d5283d-ae6b-4c03-8e9f-e937359a8d76 e192bdff7cf34de3923856a6542a472c 49aac3aae43e4e6181c628483f6a718e - - default default] show failed (client error): The resource could not be found.
2026-07-21 07:46:41.766 9 INFO neutron.wsgi [req-736057e2-347b-4f7a-8a77-010e1369012f req-56d5283d-ae6b-4c03-8e9f-e937359a8d76 e192bdff7cf34de3923856a6542a472c 49aac3aae43e4e6181c628483f6a718e - - default default] 10.0.0.29 "GET /v2.0/security-groups/d7e77b17-6aad-4e73-98de-a1f2e7195acf HTTP/1.1" status: 404 len: 352 time: 0.0122349 /var/lib/openstack/lib/python3.10/site-packages/pycadf/identifier.py:71: UserWarning: Invalid uuid: neutron. To ensure interoperability, identifiers should be a valid uuid. warnings.warn(('Invalid uuid: %s. To ensure interoperability, '
2026-07-21 07:46:41.798 9 INFO neutron.api.v2.resource [req-7260daee-9370-43f4-8804-5c1b4247b53e req-f021143c-4750-44c0-8150-d536542f77f8 e192bdff7cf34de3923856a6542a472c 49aac3aae43e4e6181c628483f6a718e - - default default] show failed (client error): The resource could not be found.
2026-07-21 07:46:41.800 9 INFO neutron.wsgi [req-7260daee-9370-43f4-8804-5c1b4247b53e req-f021143c-4750-44c0-8150-d536542f77f8 e192bdff7cf34de3923856a6542a472c 49aac3aae43e4e6181c628483f6a718e - - default default] 10.0.0.29 "GET /v2.0/security-groups/a3ac71cb-9153-498c-bf8c-88741ff04dda HTTP/1.1" status: 404 len: 352 time: 0.0134528
2026-07-21 07:46:41.835 10 WARNING neutron.scheduler.dhcp_agent_scheduler [req-24e6704c-d126-42f2-8d21-82ceb10703e0 req-d15d93ca-cd0a-439f-a352-a805ea32c5aa ef07f98857284cc6bdcec117e6ee70e2 9e90857ce0b24551a62668fdfc68e03e - - default default] No more DHCP agents
2026-07-21 07:46:41.851 10 WARNING neutron.api.rpc.agentnotifiers.dhcp_rpc_agent_api [req-24e6704c-d126-42f2-8d21-82ceb10703e0 req-d15d93ca-cd0a-439f-a352-a805ea32c5aa ef07f98857284cc6bdcec117e6ee70e2 9e90857ce0b24551a62668fdfc68e03e - - default default] Unable to schedule network dbb2732e-bbc0-4dac-91a1-0d9f3c7916c6: no agents available; will retry on subsequent port and subnet creation events.
2026-07-21 07:46:41.963 10 INFO neutron.wsgi [None req-7fd9394b-656b-4010-89b6-935307220b2d d51181604ea1491cbca3716fc1ad055d a39fa93f48b7434e9f4fc5dce9d42ef6 - - default default] 10.0.0.158 "GET /v2.0/networks HTTP/1.1" status: 200 len: 2051 time: 0.1999247
2026-07-21 07:46:41.967 9 INFO neutron.wsgi [req-a5efc799-0a0e-44a6-a2d1-ca68e9795ce3 req-b9aab6f0-646d-4b8c-8f09-e29afff0a903 ef07f98857284cc6bdcec117e6ee70e2 9e90857ce0b24551a62668fdfc68e03e - - default default] 10.0.0.29 "GET /v2.0/ports?device_id=69977c3d-80f1-42b5-a2a0-1b78ee02ab21 HTTP/1.1" status: 200 len: 1156 time: 0.0619063
2026-07-21 07:46:42.060 9 INFO neutron.wsgi [req-a5efc799-0a0e-44a6-a2d1-ca68e9795ce3 req-ab2f653d-77fc-497f-ad8d-ccb68a9dda29 ef07f98857284cc6bdcec117e6ee70e2 9e90857ce0b24551a62668fdfc68e03e - - default default] 10.0.0.29 "GET /v2.0/security-groups?id=d31d6950-c19d-4f78-9ee3-688e2bc8b9c4&fields=id&fields=name HTTP/1.1" status: 200 len: 313 time: 0.0791256
2026-07-21 07:46:42.350 10 INFO neutron.db.ovn_revision_numbers_db [req-24e6704c-d126-42f2-8d21-82ceb10703e0 req-d15d93ca-cd0a-439f-a352-a805ea32c5aa ef07f98857284cc6bdcec117e6ee70e2 9e90857ce0b24551a62668fdfc68e03e - - default default] Successfully bumped revision number for resource 83e643ee-3ef7-47c0-8c20-28b5197470c4 (type: ports) to 1
2026-07-21 07:46:42.366 10 INFO neutron.wsgi [None req-2f89ec84-2845-4f78-be7d-c2b7d4ed605c 392083e5b101457e8f890e1524eef317 cd995afa4ffd4531a858f1c201a6e449 - - default default] 10.0.0.158 "DELETE /v2.0/routers/cad26f34-2b55-4a5c-a550-148cd97b51ef HTTP/1.1" status: 204 len: 168 time: 1.9233580 /var/lib/openstack/lib/python3.10/site-packages/pycadf/identifier.py:71: UserWarning: Invalid uuid: neutron. To ensure interoperability, identifiers should be a valid uuid. warnings.warn(('Invalid uuid: %s. To ensure interoperability, '
2026-07-21 07:46:42.379 10 INFO neutron.wsgi [req-24e6704c-d126-42f2-8d21-82ceb10703e0 req-d15d93ca-cd0a-439f-a352-a805ea32c5aa ef07f98857284cc6bdcec117e6ee70e2 9e90857ce0b24551a62668fdfc68e03e - - default default] 199.204.45.109 "POST /v2.0/ports HTTP/1.1" status: 201 len: 1158 time: 1.3638389
2026-07-21 07:46:42.394 10 INFO neutron.wsgi [req-24e6704c-d126-42f2-8d21-82ceb10703e0 req-68607f8e-af9b-4714-b958-5faa7abd760d ef07f98857284cc6bdcec117e6ee70e2 9e90857ce0b24551a62668fdfc68e03e - - default default] 199.204.45.109 "GET /v2.0/extensions HTTP/1.1" status: 200 len: 16980 time: 0.0088344
2026-07-21 07:46:42.545 10 INFO neutron.wsgi [None req-d002c3f0-a3f3-4316-bbd2-b6c0b918919b 392083e5b101457e8f890e1524eef317 cd995afa4ffd4531a858f1c201a6e449 - - default default] 10.0.0.158 "DELETE /v2.0/subnets/9512ddc9-8485-41f0-84fe-c503cf8d8fae HTTP/1.1" status: 204 len: 168 time: 0.1732323
2026-07-21 07:46:42.595 9 INFO neutron.wsgi [None req-5536cc3e-5bd6-4b05-8752-19ddf980b589 d51181604ea1491cbca3716fc1ad055d a39fa93f48b7434e9f4fc5dce9d42ef6 - - default default] 10.0.0.158 "DELETE /v2.0/networks/adfe0f4c-eb77-41a3-8576-e2aa071171a2 HTTP/1.1" status: 204 len: 168 time: 0.6206999
2026-07-21 07:46:42.896 9 INFO neutron.services.segments.plugin [-] Segment 9f9678bd-4d24-4800-96e6-4a961a298793 resource provider aggregate not found
2026-07-21 07:46:42.921 9 INFO neutron.services.segments.plugin [-] Segment 9f9678bd-4d24-4800-96e6-4a961a298793 resource provider not found; error: Placement Client Error (4xx): {"errors": [{"status": 404, "title": "Not Found", "detail": "The resource could not be found.\n\n No resource provider with uuid 9f9678bd-4d24-4800-96e6-4a961a298793 found for delete ", "request_id": "req-f6246618-ab82-43df-bd03-356d198009c5"}]}
2026-07-21 07:46:42.928 9 INFO neutron.services.segments.plugin [-] Segment 9f9678bd-4d24-4800-96e6-4a961a298793 resource provider aggregate not found
2026-07-21 07:46:42.950 9 INFO neutron.services.segments.plugin [-] Segment 9f9678bd-4d24-4800-96e6-4a961a298793 resource provider not found; error: Placement Client Error (4xx): {"errors": [{"status": 404, "title": "Not Found", "detail": "The resource could not be found.\n\n No resource provider with uuid 9f9678bd-4d24-4800-96e6-4a961a298793 found for delete ", "request_id": "req-dce18cb6-7836-4819-993e-87b4746a0f58"}]}
2026-07-21 07:46:43.200 10 INFO neutron.wsgi [None req-407f645b-7812-4888-b693-ca74233a04f2 d51181604ea1491cbca3716fc1ad055d a39fa93f48b7434e9f4fc5dce9d42ef6 - - default default] 10.0.0.158 "DELETE /v2.0/networks/bf0edfba-015d-4c91-bb9a-6edfe2749ba6 HTTP/1.1" status: 204 len: 168 time: 0.5964477 /var/lib/openstack/lib/python3.10/site-packages/pycadf/identifier.py:71: UserWarning: Invalid uuid: neutron. To ensure interoperability, identifiers should be a valid uuid. warnings.warn(('Invalid uuid: %s. To ensure interoperability, '
2026-07-21 07:46:43.295 10 INFO neutron.wsgi [None req-e3f2578b-28d1-42de-bd03-357216330cd0 d51181604ea1491cbca3716fc1ad055d a39fa93f48b7434e9f4fc5dce9d42ef6 - - default default] 10.0.0.158 "GET /v2.0/networks HTTP/1.1" status: 200 len: 845 time: 0.0842810
2026-07-21 07:46:43.310 10 WARNING neutron_lib.context [None req-c2aeef58-21a7-41cd-b36c-3049e01edc6b d51181604ea1491cbca3716fc1ad055d a39fa93f48b7434e9f4fc5dce9d42ef6 - - default default] Method 'is_advsvc' is deprecated since 2023.2 release (neutron-lib 3.8.0) and will be removed once support for the old RBAC API policies will be removed from Neutron. Please use method 'is_service_role' instead.
2026-07-21 07:46:43.335 9 INFO neutron.wsgi [req-7469a7aa-dd7c-4dbc-94c4-6953bc7f48b2 req-badcc234-06c0-4cfc-904a-0dfc90bbc7d8 ef07f98857284cc6bdcec117e6ee70e2 9e90857ce0b24551a62668fdfc68e03e - - default default] 10.0.0.29 "GET /v2.0/ports?device_id=69977c3d-80f1-42b5-a2a0-1b78ee02ab21 HTTP/1.1" status: 200 len: 1168 time: 0.1596248
2026-07-21 07:46:43.350 9 INFO neutron.wsgi [None req-ed1f54ad-345a-4f0f-a1ef-482e5413b968 392083e5b101457e8f890e1524eef317 cd995afa4ffd4531a858f1c201a6e449 - - default default] 10.0.0.158 "DELETE /v2.0/networks/d2c28b56-54df-46bc-9744-c4c51988d3d0 HTTP/1.1" status: 204 len: 168 time: 0.7995708
2026-07-21 07:46:43.402 10 INFO neutron.db.ovn_revision_numbers_db [req-24e6704c-d126-42f2-8d21-82ceb10703e0 req-9422b371-1937-4d98-b7ab-957711df17d3 f1708b344cf944ceb4b45a23543aa568 5fbacf0cf08d4a29ab97893c932fdab7 - - 941e9478a541400a9dea1998c30101af 941e9478a541400a9dea1998c30101af] Successfully bumped revision number for resource 83e643ee-3ef7-47c0-8c20-28b5197470c4 (type: ports) to 2
2026-07-21 07:46:43.425 9 INFO neutron.wsgi [req-7469a7aa-dd7c-4dbc-94c4-6953bc7f48b2 req-dd594d81-f70d-4eb5-95ff-d87393369e00 ef07f98857284cc6bdcec117e6ee70e2 9e90857ce0b24551a62668fdfc68e03e - - default default] 10.0.0.29 "GET /v2.0/security-groups?id=d31d6950-c19d-4f78-9ee3-688e2bc8b9c4&fields=id&fields=name HTTP/1.1" status: 200 len: 313 time: 0.0782585
2026-07-21 07:46:43.431 10 INFO neutron.db.segments_db [None req-c2aeef58-21a7-41cd-b36c-3049e01edc6b d51181604ea1491cbca3716fc1ad055d a39fa93f48b7434e9f4fc5dce9d42ef6 - - default default] Added segment 90e70212-25ce-4181-aed5-4ae3e63deca1 of type geneve for network d70cdad4-aa31-4053-8cec-a9f2f5117f5d
2026-07-21 07:46:43.475 10 INFO neutron.services.segments.plugin [-] Segment b6564474-6efd-4855-91f0-b33bc1474f8f resource provider aggregate not found
2026-07-21 07:46:43.487 10 INFO neutron.services.segments.plugin [-] Segment b6564474-6efd-4855-91f0-b33bc1474f8f resource provider aggregate not found
2026-07-21 07:46:43.497 10 INFO neutron.services.segments.plugin [-] Segment b6564474-6efd-4855-91f0-b33bc1474f8f resource provider not found; error: Placement Client Error (4xx): {"errors": [{"status": 404, "title": "Not Found", "detail": "The resource could not be found.\n\n No resource provider with uuid b6564474-6efd-4855-91f0-b33bc1474f8f found for delete ", "request_id": "req-fbb8bfe3-d32f-42d0-8275-90def30597dd"}]}
2026-07-21 07:46:43.507 10 INFO neutron.services.segments.plugin [-] Segment b6564474-6efd-4855-91f0-b33bc1474f8f resource provider not found; error: Placement Client Error (4xx): {"errors": [{"status": 404, "title": "Not Found", "detail": "The resource could not be found.\n\n No resource provider with uuid b6564474-6efd-4855-91f0-b33bc1474f8f found for delete ", "request_id": "req-2d6d3360-728a-4d55-962f-c83b3b73ee52"}]}
2026-07-21 07:46:43.567 9 INFO neutron.wsgi [None req-79739a78-c3cf-468d-acb8-0158e4324f1d 392083e5b101457e8f890e1524eef317 cd995afa4ffd4531a858f1c201a6e449 - - default default] 10.0.0.158 "PUT /v2.0/routers/a2db76a9-2ade-4aa2-9cb4-6fc319fe8073/remove_router_interface HTTP/1.1" status: 200 len: 503 time: 1.7583725
2026-07-21 07:46:43.575 9 INFO neutron.wsgi [None req-e0489199-63d9-4be3-91b5-bda469ad1995 392083e5b101457e8f890e1524eef317 cd995afa4ffd4531a858f1c201a6e449 - - default default] 10.0.0.158 "GET /v2.0/security-groups?tenant_id=d1753edc10b74ba78a5335e6e695c83b&name=default HTTP/1.1" status: 200 len: 2992 time: 0.0692964 /var/lib/openstack/lib/python3.10/site-packages/pycadf/identifier.py:71: UserWarning: Invalid uuid: neutron. To ensure interoperability, identifiers should be a valid uuid. warnings.warn(('Invalid uuid: %s. To ensure interoperability, '
2026-07-21 07:46:43.639 10 INFO neutron.db.ovn_revision_numbers_db [None req-c2aeef58-21a7-41cd-b36c-3049e01edc6b d51181604ea1491cbca3716fc1ad055d a39fa93f48b7434e9f4fc5dce9d42ef6 - - default default] Successfully bumped revision number for resource d70cdad4-aa31-4053-8cec-a9f2f5117f5d (type: networks) to 1
2026-07-21 07:46:43.756 10 INFO neutron.db.ovn_revision_numbers_db [req-24e6704c-d126-42f2-8d21-82ceb10703e0 req-9422b371-1937-4d98-b7ab-957711df17d3 f1708b344cf944ceb4b45a23543aa568 5fbacf0cf08d4a29ab97893c932fdab7 - - 941e9478a541400a9dea1998c30101af 941e9478a541400a9dea1998c30101af] Successfully bumped revision number for resource 83e643ee-3ef7-47c0-8c20-28b5197470c4 (type: ports) to 2
2026-07-21 07:46:43.781 10 INFO neutron.wsgi [req-24e6704c-d126-42f2-8d21-82ceb10703e0 req-9422b371-1937-4d98-b7ab-957711df17d3 f1708b344cf944ceb4b45a23543aa568 5fbacf0cf08d4a29ab97893c932fdab7 - - 941e9478a541400a9dea1998c30101af 941e9478a541400a9dea1998c30101af] 199.204.45.109 "PUT /v2.0/ports/83e643ee-3ef7-47c0-8c20-28b5197470c4 HTTP/1.1" status: 200 len: 1376 time: 1.0623293 /var/lib/openstack/lib/python3.10/site-packages/pycadf/identifier.py:71: UserWarning: Invalid uuid: neutron. To ensure interoperability, identifiers should be a valid uuid. warnings.warn(('Invalid uuid: %s. To ensure interoperability, '
2026-07-21 07:46:43.944 9 INFO neutron.wsgi [None req-4964f1e5-acff-485b-959b-63fde951a21a 392083e5b101457e8f890e1524eef317 cd995afa4ffd4531a858f1c201a6e449 - - default default] 10.0.0.158 "DELETE /v2.0/security-groups/454d4178-6fd2-4cb4-9c5e-65391998e41c HTTP/1.1" status: 204 len: 168 time: 0.3643069
2026-07-21 07:46:44.040 10 INFO neutron.wsgi [req-24e6704c-d126-42f2-8d21-82ceb10703e0 req-82bcbd49-8d23-4713-8ea2-58a4d55e4143 f1708b344cf944ceb4b45a23543aa568 5fbacf0cf08d4a29ab97893c932fdab7 - - 941e9478a541400a9dea1998c30101af 941e9478a541400a9dea1998c30101af] 199.204.45.109 "GET /v2.0/ports?tenant_id=9e90857ce0b24551a62668fdfc68e03e&device_id=69977c3d-80f1-42b5-a2a0-1b78ee02ab21 HTTP/1.1" status: 200 len: 1407 time: 0.2189143
2026-07-21 07:46:44.040 10 WARNING neutron.scheduler.dhcp_agent_scheduler [None req-c2aeef58-21a7-41cd-b36c-3049e01edc6b d51181604ea1491cbca3716fc1ad055d a39fa93f48b7434e9f4fc5dce9d42ef6 - - default default] No more DHCP agents
2026-07-21 07:46:44.042 10 WARNING neutron.api.rpc.agentnotifiers.dhcp_rpc_agent_api [None req-c2aeef58-21a7-41cd-b36c-3049e01edc6b d51181604ea1491cbca3716fc1ad055d a39fa93f48b7434e9f4fc5dce9d42ef6 - - default default] Unable to schedule network d70cdad4-aa31-4053-8cec-a9f2f5117f5d: no agents available; will retry on subsequent port and subnet creation events.
2026-07-21 07:46:44.077 10 INFO neutron.wsgi [req-24e6704c-d126-42f2-8d21-82ceb10703e0 req-73a7d952-b59d-4d12-9988-19a59bc8bf4f f1708b344cf944ceb4b45a23543aa568 5fbacf0cf08d4a29ab97893c932fdab7 - - 941e9478a541400a9dea1998c30101af 941e9478a541400a9dea1998c30101af] 199.204.45.109 "GET /v2.0/floatingips?fixed_ip_address=10.100.0.3&port_id=83e643ee-3ef7-47c0-8c20-28b5197470c4 HTTP/1.1" status: 200 len: 217 time: 0.0275989
2026-07-21 07:46:44.131 10 INFO neutron.wsgi [req-24e6704c-d126-42f2-8d21-82ceb10703e0 req-aececdb7-9fbd-4035-a2c5-66bec4dd2718 f1708b344cf944ceb4b45a23543aa568 5fbacf0cf08d4a29ab97893c932fdab7 - - 941e9478a541400a9dea1998c30101af 941e9478a541400a9dea1998c30101af] 199.204.45.109 "GET /v2.0/subnets?id=554ca25f-aa02-4020-b23f-830605f7070e HTTP/1.1" status: 200 len: 876 time: 0.0432343
2026-07-21 07:46:44.166 10 INFO neutron.wsgi [req-24e6704c-d126-42f2-8d21-82ceb10703e0 req-d056d476-ad83-4c2c-8f6a-752287930b34 f1708b344cf944ceb4b45a23543aa568 5fbacf0cf08d4a29ab97893c932fdab7 - - 941e9478a541400a9dea1998c30101af 941e9478a541400a9dea1998c30101af] 199.204.45.109 "GET /v2.0/ports?network_id=dbb2732e-bbc0-4dac-91a1-0d9f3c7916c6&device_owner=network%3Adhcp HTTP/1.1" status: 200 len: 210 time: 0.0263906
2026-07-21 07:46:44.172 10 INFO neutron.db.ovn_revision_numbers_db [None req-c2aeef58-21a7-41cd-b36c-3049e01edc6b d51181604ea1491cbca3716fc1ad055d a39fa93f48b7434e9f4fc5dce9d42ef6 - - default default] Successfully bumped revision number for resource 3f64a4cb-0654-44e5-9aa0-68f1b597588e (type: ports) to 1
2026-07-21 07:46:44.215 10 INFO neutron.wsgi [None req-c2aeef58-21a7-41cd-b36c-3049e01edc6b d51181604ea1491cbca3716fc1ad055d a39fa93f48b7434e9f4fc5dce9d42ef6 - - default default] 10.0.0.158 "POST /v2.0/networks HTTP/1.1" status: 201 len: 853 time: 0.9108579
2026-07-21 07:46:44.226 9 WARNING neutron_lib.context [None req-824961fb-3dbf-40cb-95ec-d01aa4700618 d51181604ea1491cbca3716fc1ad055d a39fa93f48b7434e9f4fc5dce9d42ef6 - - default default] Method 'is_advsvc' is deprecated since 2023.2 release (neutron-lib 3.8.0) and will be removed once support for the old RBAC API policies will be removed from Neutron. Please use method 'is_service_role' instead.
2026-07-21 07:46:44.237 10 INFO neutron.wsgi [req-24e6704c-d126-42f2-8d21-82ceb10703e0 req-4cdab4f1-6447-495a-8f51-d44f901d6edb f1708b344cf944ceb4b45a23543aa568 5fbacf0cf08d4a29ab97893c932fdab7 - - 941e9478a541400a9dea1998c30101af 941e9478a541400a9dea1998c30101af] 199.204.45.109 "GET /v2.0/networks/dbb2732e-bbc0-4dac-91a1-0d9f3c7916c6?fields=segments HTTP/1.1" status: 200 len: 212 time: 0.0641134
2026-07-21 07:46:44.295 10 INFO neutron.notifiers.nova [-] Nova event matching ['req-38d1ed05-746e-4ca8-af05-905ba617b956'] response: {'name': 'network-changed', 'server_uuid': '69977c3d-80f1-42b5-a2a0-1b78ee02ab21', 'tag': '83e643ee-3ef7-47c0-8c20-28b5197470c4', 'status': 'completed', 'code': 200}
2026-07-21 07:46:44.301 10 INFO neutron.wsgi [req-24e6704c-d126-42f2-8d21-82ceb10703e0 req-0e67cf7e-6329-4c8e-afd1-29d128d76cb3 f1708b344cf944ceb4b45a23543aa568 5fbacf0cf08d4a29ab97893c932fdab7 - - 941e9478a541400a9dea1998c30101af 941e9478a541400a9dea1998c30101af] 199.204.45.109 "GET /v2.0/networks/dbb2732e-bbc0-4dac-91a1-0d9f3c7916c6?fields=provider%3Aphysical_network&fields=provider%3Anetwork_type HTTP/1.1" status: 200 len: 277 time: 0.0597906
2026-07-21 07:46:44.339 9 INFO neutron.db.segments_db [None req-824961fb-3dbf-40cb-95ec-d01aa4700618 d51181604ea1491cbca3716fc1ad055d a39fa93f48b7434e9f4fc5dce9d42ef6 - - default default] Added segment 77f00739-22c1-4d84-b48a-ab0dfb2cad01 of type geneve for network 74c8ec33-4cfb-43e5-9fbe-dd544795616c
2026-07-21 07:46:44.384 10 INFO neutron.wsgi [req-2b13ad12-b7f5-408a-9bb7-a209c3ebdcc8 req-7b135ed3-69a5-4711-9c37-aa796e177dac f1708b344cf944ceb4b45a23543aa568 5fbacf0cf08d4a29ab97893c932fdab7 - - 941e9478a541400a9dea1998c30101af 941e9478a541400a9dea1998c30101af] 199.204.45.109 "GET /v2.0/ports?tenant_id=9e90857ce0b24551a62668fdfc68e03e&device_id=69977c3d-80f1-42b5-a2a0-1b78ee02ab21 HTTP/1.1" status: 200 len: 1407 time: 0.0388508
2026-07-21 07:46:44.553 9 INFO neutron.wsgi [None req-73ee1b66-3039-4674-9eb2-e2a9c5a421eb 392083e5b101457e8f890e1524eef317 cd995afa4ffd4531a858f1c201a6e449 - - default default] 10.0.0.158 "DELETE /v2.0/routers/a2db76a9-2ade-4aa2-9cb4-6fc319fe8073 HTTP/1.1" status: 204 len: 168 time: 0.9812686
2026-07-21 07:46:44.574 9 INFO neutron.wsgi [req-2047638a-e869-4d76-a2d2-95754f4dc783 req-ad78e4cf-033d-48c8-88bc-1184e4e73217 ef07f98857284cc6bdcec117e6ee70e2 9e90857ce0b24551a62668fdfc68e03e - - default default] 10.0.0.29 "GET /v2.0/ports?device_id=69977c3d-80f1-42b5-a2a0-1b78ee02ab21 HTTP/1.1" status: 200 len: 1168 time: 0.0674675
2026-07-21 07:46:44.579 10 INFO neutron.wsgi [req-2b13ad12-b7f5-408a-9bb7-a209c3ebdcc8 req-3a9d0038-328f-454b-b94f-5af940c92a0d f1708b344cf944ceb4b45a23543aa568 5fbacf0cf08d4a29ab97893c932fdab7 - - 941e9478a541400a9dea1998c30101af 941e9478a541400a9dea1998c30101af] 199.204.45.109 "GET /v2.0/networks?id=dbb2732e-bbc0-4dac-91a1-0d9f3c7916c6 HTTP/1.1" status: 200 len: 981 time: 0.0744488
2026-07-21 07:46:44.587 9 INFO neutron.db.ovn_revision_numbers_db [None req-824961fb-3dbf-40cb-95ec-d01aa4700618 d51181604ea1491cbca3716fc1ad055d a39fa93f48b7434e9f4fc5dce9d42ef6 - - default default] Successfully bumped revision number for resource 74c8ec33-4cfb-43e5-9fbe-dd544795616c (type: networks) to 1
2026-07-21 07:46:44.610 10 INFO neutron.wsgi [req-2b13ad12-b7f5-408a-9bb7-a209c3ebdcc8 req-0fa49f58-8329-4c1e-b94b-2bf59fc6232c f1708b344cf944ceb4b45a23543aa568 5fbacf0cf08d4a29ab97893c932fdab7 - - 941e9478a541400a9dea1998c30101af 941e9478a541400a9dea1998c30101af] 199.204.45.109 "GET /v2.0/floatingips?fixed_ip_address=10.100.0.3&port_id=83e643ee-3ef7-47c0-8c20-28b5197470c4 HTTP/1.1" status: 200 len: 217 time: 0.0262032
2026-07-21 07:46:44.633 9 INFO neutron.wsgi [req-2047638a-e869-4d76-a2d2-95754f4dc783 req-6970d7fe-e1f3-471b-ba97-ee84d457c20b ef07f98857284cc6bdcec117e6ee70e2 9e90857ce0b24551a62668fdfc68e03e - - default default] 10.0.0.29 "GET /v2.0/security-groups?id=d31d6950-c19d-4f78-9ee3-688e2bc8b9c4&fields=id&fields=name HTTP/1.1" status: 200 len: 313 time: 0.0531063
2026-07-21 07:46:44.658 10 INFO neutron.wsgi [req-2b13ad12-b7f5-408a-9bb7-a209c3ebdcc8 req-a1844e1a-8b5d-4a0f-99fa-6368c58f7dd3 f1708b344cf944ceb4b45a23543aa568 5fbacf0cf08d4a29ab97893c932fdab7 - - 941e9478a541400a9dea1998c30101af 941e9478a541400a9dea1998c30101af] 199.204.45.109 "GET /v2.0/subnets?id=554ca25f-aa02-4020-b23f-830605f7070e HTTP/1.1" status: 200 len: 876 time: 0.0376077
2026-07-21 07:46:44.691 10 INFO neutron.wsgi [req-2b13ad12-b7f5-408a-9bb7-a209c3ebdcc8 req-8a57a02d-0304-42e0-a29c-ef799f162222 f1708b344cf944ceb4b45a23543aa568 5fbacf0cf08d4a29ab97893c932fdab7 - - 941e9478a541400a9dea1998c30101af 941e9478a541400a9dea1998c30101af] 199.204.45.109 "GET /v2.0/ports?network_id=dbb2732e-bbc0-4dac-91a1-0d9f3c7916c6&device_owner=network%3Adhcp HTTP/1.1" status: 200 len: 210 time: 0.0263109
2026-07-21 07:46:44.764 10 INFO neutron.wsgi [req-2b13ad12-b7f5-408a-9bb7-a209c3ebdcc8 req-f1e42ed3-cf9c-4095-a8ee-a224a48b2cdb f1708b344cf944ceb4b45a23543aa568 5fbacf0cf08d4a29ab97893c932fdab7 - - 941e9478a541400a9dea1998c30101af 941e9478a541400a9dea1998c30101af] 199.204.45.109 "GET /v2.0/networks/dbb2732e-bbc0-4dac-91a1-0d9f3c7916c6?fields=segments HTTP/1.1" status: 200 len: 212 time: 0.0674920
2026-07-21 07:46:44.822 10 INFO neutron.wsgi [None req-e0e68725-5524-41d7-a291-eb41e33b7005 392083e5b101457e8f890e1524eef317 cd995afa4ffd4531a858f1c201a6e449 - - default default] 10.0.0.158 "DELETE /v2.0/subnets/5c79893a-9b5d-4117-b1f8-49b7a78c35d9 HTTP/1.1" status: 204 len: 168 time: 0.2647731
2026-07-21 07:46:44.832 9 WARNING neutron.scheduler.dhcp_agent_scheduler [None req-824961fb-3dbf-40cb-95ec-d01aa4700618 d51181604ea1491cbca3716fc1ad055d a39fa93f48b7434e9f4fc5dce9d42ef6 - - default default] No more DHCP agents
2026-07-21 07:46:44.834 9 WARNING neutron.api.rpc.agentnotifiers.dhcp_rpc_agent_api [None req-824961fb-3dbf-40cb-95ec-d01aa4700618 d51181604ea1491cbca3716fc1ad055d a39fa93f48b7434e9f4fc5dce9d42ef6 - - default default] Unable to schedule network 74c8ec33-4cfb-43e5-9fbe-dd544795616c: no agents available; will retry on subsequent port and subnet creation events.
2026-07-21 07:46:44.862 10 INFO neutron.wsgi [req-2b13ad12-b7f5-408a-9bb7-a209c3ebdcc8 req-ee1c6445-4f6b-488d-9d3f-b7a4e4ad5d0e f1708b344cf944ceb4b45a23543aa568 5fbacf0cf08d4a29ab97893c932fdab7 - - 941e9478a541400a9dea1998c30101af 941e9478a541400a9dea1998c30101af] 199.204.45.109 "GET /v2.0/networks/dbb2732e-bbc0-4dac-91a1-0d9f3c7916c6?fields=provider%3Aphysical_network&fields=provider%3Anetwork_type HTTP/1.1" status: 200 len: 277 time: 0.0895805
2026-07-21 07:46:45.045 9 INFO neutron.services.segments.plugin [-] Segment 163e4c5a-7923-421e-99e8-2ee16ec09890 resource provider aggregate not found
2026-07-21 07:46:45.053 9 INFO neutron.services.segments.plugin [-] Segment 163e4c5a-7923-421e-99e8-2ee16ec09890 resource provider aggregate not found
2026-07-21 07:46:45.063 9 INFO neutron.services.segments.plugin [-] Segment 163e4c5a-7923-421e-99e8-2ee16ec09890 resource provider not found; error: Placement Client Error (4xx): {"errors": [{"status": 404, "title": "Not Found", "detail": "The resource could not be found.\n\n No resource provider with uuid 163e4c5a-7923-421e-99e8-2ee16ec09890 found for delete ", "request_id": "req-0091140d-233e-442e-ab2c-10377177a3be"}]}
2026-07-21 07:46:45.075 9 INFO neutron.services.segments.plugin [-] Segment 163e4c5a-7923-421e-99e8-2ee16ec09890 resource provider not found; error: Placement Client Error (4xx): {"errors": [{"status": 404, "title": "Not Found", "detail": "The resource could not be found.\n\n No resource provider with uuid 163e4c5a-7923-421e-99e8-2ee16ec09890 found for delete ", "request_id": "req-708e8886-2dfd-4d31-bcbb-411781b1efc5"}]}
2026-07-21 07:46:45.094 9 INFO neutron.db.ovn_revision_numbers_db [None req-824961fb-3dbf-40cb-95ec-d01aa4700618 d51181604ea1491cbca3716fc1ad055d a39fa93f48b7434e9f4fc5dce9d42ef6 - - default default] Successfully bumped revision number for resource fa306abd-2051-49a4-8d75-590703579a00 (type: ports) to 1
2026-07-21 07:46:45.125 9 INFO neutron.wsgi [None req-824961fb-3dbf-40cb-95ec-d01aa4700618 d51181604ea1491cbca3716fc1ad055d a39fa93f48b7434e9f4fc5dce9d42ef6 - - default default] 10.0.0.158 "POST /v2.0/networks HTTP/1.1" status: 201 len: 853 time: 0.9027910
2026-07-21 07:46:45.136 9 WARNING neutron_lib.context [None req-da8c2494-6141-418f-a2f4-c41ebf754668 d51181604ea1491cbca3716fc1ad055d a39fa93f48b7434e9f4fc5dce9d42ef6 - - default default] Method 'is_advsvc' is deprecated since 2023.2 release (neutron-lib 3.8.0) and will be removed once support for the old RBAC API policies will be removed from Neutron. Please use method 'is_service_role' instead.
2026-07-21 07:46:45.181 9 WARNING neutron_lib.context [None req-da8c2494-6141-418f-a2f4-c41ebf754668 d51181604ea1491cbca3716fc1ad055d a39fa93f48b7434e9f4fc5dce9d42ef6 - - default default] Method 'is_advsvc' is deprecated since 2023.2 release (neutron-lib 3.8.0) and will be removed once support for the old RBAC API policies will be removed from Neutron. Please use method 'is_service_role' instead.
2026-07-21 07:46:45.203 10 INFO neutron.wsgi [None req-9af27c0b-3140-4ccb-aa8d-182987c2fbcc 392083e5b101457e8f890e1524eef317 cd995afa4ffd4531a858f1c201a6e449 - - default default] 10.0.0.158 "DELETE /v2.0/networks/b1096e86-dbda-4ba8-9c6e-b77a1ff75df9 HTTP/1.1" status: 204 len: 168 time: 0.3748450
2026-07-21 07:46:45.378 9 INFO neutron.wsgi [None req-79e8a409-4518-4813-848c-89a94e3d9270 392083e5b101457e8f890e1524eef317 cd995afa4ffd4531a858f1c201a6e449 - - default default] 10.0.0.158 "GET /v2.0/security-groups?tenant_id=49aac3aae43e4e6181c628483f6a718e&name=default HTTP/1.1" status: 200 len: 2992 time: 0.0707881
2026-07-21 07:46:45.522 10 INFO neutron.services.segments.plugin [-] Segment 75687585-66a4-4724-bca4-c2325eb16c2a resource provider aggregate not found
2026-07-21 07:46:45.534 10 INFO neutron.services.segments.plugin [-] Segment 75687585-66a4-4724-bca4-c2325eb16c2a resource provider aggregate not found
2026-07-21 07:46:45.539 10 INFO neutron.services.segments.plugin [-] Segment 75687585-66a4-4724-bca4-c2325eb16c2a resource provider not found; error: Placement Client Error (4xx): {"errors": [{"status": 404, "title": "Not Found", "detail": "The resource could not be found.\n\n No resource provider with uuid 75687585-66a4-4724-bca4-c2325eb16c2a found for delete ", "request_id": "req-91fb44e4-e197-4c20-a70a-f49ce22080c0"}]}
2026-07-21 07:46:45.550 10 INFO neutron.services.segments.plugin [-] Segment 75687585-66a4-4724-bca4-c2325eb16c2a resource provider not found; error: Placement Client Error (4xx): {"errors": [{"status": 404, "title": "Not Found", "detail": "The resource could not be found.\n\n No resource provider with uuid 75687585-66a4-4724-bca4-c2325eb16c2a found for delete ", "request_id": "req-a872c323-891f-4b8a-bc22-872d7fd6df98"}]}
2026-07-21 07:46:45.609 10 INFO neutron.wsgi [None req-567e4a3a-303b-498c-8a63-dd6aaec5282a 392083e5b101457e8f890e1524eef317 cd995afa4ffd4531a858f1c201a6e449 - - default default] 10.0.0.158 "DELETE /v2.0/security-groups/a9b031f0-70cc-4194-a209-003074fc7cfd HTTP/1.1" status: 204 len: 168 time: 0.2260060
2026-07-21 07:46:45.636 9 WARNING neutron.scheduler.dhcp_agent_scheduler [None req-da8c2494-6141-418f-a2f4-c41ebf754668 d51181604ea1491cbca3716fc1ad055d a39fa93f48b7434e9f4fc5dce9d42ef6 - - default default] No more DHCP agents
2026-07-21 07:46:45.640 9 WARNING neutron.api.rpc.agentnotifiers.dhcp_rpc_agent_api [None req-da8c2494-6141-418f-a2f4-c41ebf754668 d51181604ea1491cbca3716fc1ad055d a39fa93f48b7434e9f4fc5dce9d42ef6 - - default default] Unable to schedule network d70cdad4-aa31-4053-8cec-a9f2f5117f5d: no agents available; will retry on subsequent port and subnet creation events. /var/lib/openstack/lib/python3.10/site-packages/pycadf/identifier.py:71: UserWarning: Invalid uuid: neutron. To ensure interoperability, identifiers should be a valid uuid. warnings.warn(('Invalid uuid: %s. To ensure interoperability, '
2026-07-21 07:46:45.755 9 INFO neutron.wsgi [req-a7ca399a-e22d-4586-bf21-ceab6e1e97d5 req-87fd758d-b210-4863-b69e-e504f9092b71 ef07f98857284cc6bdcec117e6ee70e2 9e90857ce0b24551a62668fdfc68e03e - - default default] 10.0.0.29 "GET /v2.0/ports?device_id=69977c3d-80f1-42b5-a2a0-1b78ee02ab21 HTTP/1.1" status: 200 len: 1168 time: 0.0560412
2026-07-21 07:46:45.756 9 INFO neutron.db.ovn_revision_numbers_db [None req-da8c2494-6141-418f-a2f4-c41ebf754668 d51181604ea1491cbca3716fc1ad055d a39fa93f48b7434e9f4fc5dce9d42ef6 - - default default] Successfully bumped revision number for resource 0236a225-f5a0-4bd8-a1e4-51fd292b6a20 (type: ports) to 1
2026-07-21 07:46:45.793 9 WARNING neutron.scheduler.dhcp_agent_scheduler [None req-da8c2494-6141-418f-a2f4-c41ebf754668 d51181604ea1491cbca3716fc1ad055d a39fa93f48b7434e9f4fc5dce9d42ef6 - - default default] No more DHCP agents
2026-07-21 07:46:45.800 9 WARNING neutron.api.rpc.agentnotifiers.dhcp_rpc_agent_api [None req-da8c2494-6141-418f-a2f4-c41ebf754668 d51181604ea1491cbca3716fc1ad055d a39fa93f48b7434e9f4fc5dce9d42ef6 - - default default] Unable to schedule network 74c8ec33-4cfb-43e5-9fbe-dd544795616c: no agents available; will retry on subsequent port and subnet creation events.
2026-07-21 07:46:45.824 9 INFO neutron.wsgi [req-a7ca399a-e22d-4586-bf21-ceab6e1e97d5 req-0155dd91-712d-4f3d-8b7e-4c7746d77ada ef07f98857284cc6bdcec117e6ee70e2 9e90857ce0b24551a62668fdfc68e03e - - default default] 10.0.0.29 "GET /v2.0/security-groups?id=d31d6950-c19d-4f78-9ee3-688e2bc8b9c4&fields=id&fields=name HTTP/1.1" status: 200 len: 313 time: 0.0535829
2026-07-21 07:46:45.917 9 INFO neutron.db.ovn_revision_numbers_db [None req-da8c2494-6141-418f-a2f4-c41ebf754668 d51181604ea1491cbca3716fc1ad055d a39fa93f48b7434e9f4fc5dce9d42ef6 - - default default] Successfully bumped revision number for resource 9a23d256-0e2c-47cb-ad69-8233894b2623 (type: ports) to 1
2026-07-21 07:46:45.966 9 INFO neutron.wsgi [None req-da8c2494-6141-418f-a2f4-c41ebf754668 d51181604ea1491cbca3716fc1ad055d a39fa93f48b7434e9f4fc5dce9d42ef6 - - default default] 10.0.0.158 "POST /v2.0/ports HTTP/1.1" status: 201 len: 1706 time: 0.8346651 /var/lib/openstack/lib/python3.10/site-packages/pycadf/identifier.py:71: UserWarning: Invalid uuid: neutron. To ensure interoperability, identifiers should be a valid uuid. warnings.warn(('Invalid uuid: %s. To ensure interoperability, '
2026-07-21 07:46:46.054 9 WARNING neutron.plugins.ml2.drivers.ovn.mech_driver.ovsdb.ovn_client [None req-edcfc3cf-e4fd-463d-9ac2-f673b9c71150 - - - - - -] No hosting information found for port 11690ce2-4623-4657-ade5-e60ba0950419: RuntimeError: No hosting information found for port 11690ce2-4623-4657-ade5-e60ba0950419
2026-07-21 07:46:46.054 9 INFO neutron.plugins.ml2.drivers.ovn.mech_driver.mech_driver [None req-edcfc3cf-e4fd-463d-9ac2-f673b9c71150 - - - - - -] OVN reports status up for port: d19cfc14-54b2-45d9-b444-7849a2c2dcd8
2026-07-21 07:46:46.158 9 INFO neutron.wsgi [None req-3cff8990-f5c9-40ad-9471-1446423777cf d51181604ea1491cbca3716fc1ad055d a39fa93f48b7434e9f4fc5dce9d42ef6 - - default default] 10.0.0.158 "GET /v2.0/ports HTTP/1.1" status: 200 len: 3213 time: 0.1739185
2026-07-21 07:46:46.383 9 INFO neutron.db.ovn_revision_numbers_db [None req-80fac6e0-ce3a-493d-9f79-42de2332c403 392083e5b101457e8f890e1524eef317 cd995afa4ffd4531a858f1c201a6e449 - - default default] Successfully bumped revision number for resource 9b7fe963-d007-4132-8166-ac64592c7977 (type: security_groups) to 1
2026-07-21 07:46:46.398 9 INFO neutron.db.ovn_revision_numbers_db [None req-80fac6e0-ce3a-493d-9f79-42de2332c403 392083e5b101457e8f890e1524eef317 cd995afa4ffd4531a858f1c201a6e449 - - default default] Successfully bumped revision number for resource 752b1fe9-de81-4b26-bcfe-3eb398e8a2bc (type: security_group_rules) to 0
2026-07-21 07:46:46.458 9 INFO neutron.db.ovn_revision_numbers_db [None req-80fac6e0-ce3a-493d-9f79-42de2332c403 392083e5b101457e8f890e1524eef317 cd995afa4ffd4531a858f1c201a6e449 - - default default] Successfully bumped revision number for resource 9ff21e9c-ae2b-4d2d-b19a-0afb061383d5 (type: security_group_rules) to 0
2026-07-21 07:46:46.586 9 INFO neutron.wsgi [None req-1fa4fa01-255d-4d94-9710-57d1c843c47c d51181604ea1491cbca3716fc1ad055d a39fa93f48b7434e9f4fc5dce9d42ef6 - - default default] 10.0.0.158 "DELETE /v2.0/ports/0236a225-f5a0-4bd8-a1e4-51fd292b6a20 HTTP/1.1" status: 204 len: 168 time: 0.4254241
2026-07-21 07:46:46.588 9 INFO neutron.db.ovn_revision_numbers_db [None req-80fac6e0-ce3a-493d-9f79-42de2332c403 392083e5b101457e8f890e1524eef317 cd995afa4ffd4531a858f1c201a6e449 - - default default] Successfully bumped revision number for resource be6796fd-7c0a-490d-91a7-e5297ec31913 (type: security_group_rules) to 0
2026-07-21 07:46:46.605 9 INFO neutron.db.ovn_revision_numbers_db [None req-80fac6e0-ce3a-493d-9f79-42de2332c403 392083e5b101457e8f890e1524eef317 cd995afa4ffd4531a858f1c201a6e449 - - default default] Successfully bumped revision number for resource dd1973ef-c865-456f-a52d-911cc00a29c9 (type: security_group_rules) to 0
2026-07-21 07:46:46.659 9 INFO neutron.db.segments_db [None req-80fac6e0-ce3a-493d-9f79-42de2332c403 392083e5b101457e8f890e1524eef317 cd995afa4ffd4531a858f1c201a6e449 - - default default] Added segment 31c206e6-b7c5-4a98-b127-d812695d9767 of type geneve for network 956708fa-b3ec-49ac-aa2d-4544fa0d695c
2026-07-21 07:46:46.824 9 INFO neutron.db.ovn_revision_numbers_db [None req-80fac6e0-ce3a-493d-9f79-42de2332c403 392083e5b101457e8f890e1524eef317 cd995afa4ffd4531a858f1c201a6e449 - - default default] Successfully bumped revision number for resource 956708fa-b3ec-49ac-aa2d-4544fa0d695c (type: networks) to 1
2026-07-21 07:46:46.872 10 INFO neutron.wsgi [None req-12d40e7c-45c7-4323-8992-f625d36a3621 d51181604ea1491cbca3716fc1ad055d a39fa93f48b7434e9f4fc5dce9d42ef6 - - default default] 10.0.0.158 "DELETE /v2.0/ports/9a23d256-0e2c-47cb-ad69-8233894b2623 HTTP/1.1" status: 204 len: 168 time: 0.2788072
2026-07-21 07:46:46.970 9 INFO neutron.wsgi [req-ccfd24df-4ff2-4b5b-b914-753b8a4e50cb req-26992988-6b1e-4ec3-8420-6fab9dcdb217 ef07f98857284cc6bdcec117e6ee70e2 9e90857ce0b24551a62668fdfc68e03e - - default default] 10.0.0.29 "GET /v2.0/ports?device_id=69977c3d-80f1-42b5-a2a0-1b78ee02ab21 HTTP/1.1" status: 200 len: 1168 time: 0.0776296
2026-07-21 07:46:47.029 9 INFO neutron.wsgi [req-ccfd24df-4ff2-4b5b-b914-753b8a4e50cb req-bf6a2dc8-e0e8-4cb1-8f92-508d47761b75 ef07f98857284cc6bdcec117e6ee70e2 9e90857ce0b24551a62668fdfc68e03e - - default default] 10.0.0.29 "GET /v2.0/security-groups?id=d31d6950-c19d-4f78-9ee3-688e2bc8b9c4&fields=id&fields=name HTTP/1.1" status: 200 len: 313 time: 0.0504522
2026-07-21 07:46:47.046 10 INFO neutron.wsgi [None req-fdd723d8-ece8-45c7-8793-3c8cd08ff049 d51181604ea1491cbca3716fc1ad055d a39fa93f48b7434e9f4fc5dce9d42ef6 - - default default] 10.0.0.158 "GET /v2.0/ports HTTP/1.1" status: 200 len: 1718 time: 0.1556170
2026-07-21 07:46:47.056 10 WARNING neutron_lib.context [None req-05afadb5-e640-4bdd-b33b-2cf0839a7bfe d51181604ea1491cbca3716fc1ad055d a39fa93f48b7434e9f4fc5dce9d42ef6 - - default default] Method 'is_advsvc' is deprecated since 2023.2 release (neutron-lib 3.8.0) and will be removed once support for the old RBAC API policies will be removed from Neutron. Please use method 'is_service_role' instead.
2026-07-21 07:46:47.090 9 WARNING neutron.scheduler.dhcp_agent_scheduler [None req-80fac6e0-ce3a-493d-9f79-42de2332c403 392083e5b101457e8f890e1524eef317 cd995afa4ffd4531a858f1c201a6e449 - - default default] No more DHCP agents
2026-07-21 07:46:47.094 9 WARNING neutron.api.rpc.agentnotifiers.dhcp_rpc_agent_api [None req-80fac6e0-ce3a-493d-9f79-42de2332c403 392083e5b101457e8f890e1524eef317 cd995afa4ffd4531a858f1c201a6e449 - - default default] Unable to schedule network 956708fa-b3ec-49ac-aa2d-4544fa0d695c: no agents available; will retry on subsequent port and subnet creation events.
2026-07-21 07:46:47.160 10 INFO neutron.db.segments_db [None req-05afadb5-e640-4bdd-b33b-2cf0839a7bfe d51181604ea1491cbca3716fc1ad055d a39fa93f48b7434e9f4fc5dce9d42ef6 - - default default] Added segment 84c9d4bc-2311-49b0-8004-b1a6f0e0213d of type geneve for network 83cfb3b0-58a5-4381-b885-6234a2bdf3d8
2026-07-21 07:46:47.189 9 INFO neutron.db.ovn_revision_numbers_db [None req-80fac6e0-ce3a-493d-9f79-42de2332c403 392083e5b101457e8f890e1524eef317 cd995afa4ffd4531a858f1c201a6e449 - - default default] Successfully bumped revision number for resource 0c5be8b2-cdac-4bcd-91b1-fa749959f320 (type: ports) to 1
2026-07-21 07:46:47.228 10 INFO neutron.plugins.ml2.drivers.ovn.mech_driver.mech_driver [None req-9a7bc7a7-8e58-4f31-9213-24392d36372a - - - - - -] OVN reports status up for port: 83e643ee-3ef7-47c0-8c20-28b5197470c4
2026-07-21 07:46:47.251 9 INFO neutron.wsgi [None req-80fac6e0-ce3a-493d-9f79-42de2332c403 392083e5b101457e8f890e1524eef317 cd995afa4ffd4531a858f1c201a6e449 - - default default] 10.0.0.158 "POST /v2.0/networks HTTP/1.1" status: 201 len: 939 time: 1.3246765
2026-07-21 07:46:47.257 10 INFO neutron.plugins.ml2.plugin [None req-9a7bc7a7-8e58-4f31-9213-24392d36372a - - - - - -] Attempt 1 to provision port 83e643ee-3ef7-47c0-8c20-28b5197470c4
2026-07-21 07:46:47.389 10 INFO neutron.db.ovn_revision_numbers_db [None req-05afadb5-e640-4bdd-b33b-2cf0839a7bfe d51181604ea1491cbca3716fc1ad055d a39fa93f48b7434e9f4fc5dce9d42ef6 - - default default] Successfully bumped revision number for resource 83cfb3b0-58a5-4381-b885-6234a2bdf3d8 (type: networks) to 1
2026-07-21 07:46:47.454 10 INFO neutron.notifiers.nova [-] Nova event matching ['req-5fd18827-c3cb-4c66-b0c2-4a0c24213cb9'] response: {'server_uuid': '69977c3d-80f1-42b5-a2a0-1b78ee02ab21', 'name': 'network-vif-plugged', 'status': 'completed', 'tag': '83e643ee-3ef7-47c0-8c20-28b5197470c4', 'code': 200}
2026-07-21 07:46:47.502 9 WARNING neutron.scheduler.dhcp_agent_scheduler [None req-579f42a6-9d4c-4269-a9e7-51334f4cea09 392083e5b101457e8f890e1524eef317 cd995afa4ffd4531a858f1c201a6e449 - - default default] No more DHCP agents
2026-07-21 07:46:47.504 9 WARNING neutron.api.rpc.agentnotifiers.dhcp_rpc_agent_api [None req-579f42a6-9d4c-4269-a9e7-51334f4cea09 392083e5b101457e8f890e1524eef317 cd995afa4ffd4531a858f1c201a6e449 - - default default] Unable to schedule network 956708fa-b3ec-49ac-aa2d-4544fa0d695c: no agents available; will retry on subsequent port and subnet creation events.
2026-07-21 07:46:47.628 10 WARNING neutron.scheduler.dhcp_agent_scheduler [None req-05afadb5-e640-4bdd-b33b-2cf0839a7bfe d51181604ea1491cbca3716fc1ad055d a39fa93f48b7434e9f4fc5dce9d42ef6 - - default default] No more DHCP agents
2026-07-21 07:46:47.632 10 WARNING neutron.api.rpc.agentnotifiers.dhcp_rpc_agent_api [None req-05afadb5-e640-4bdd-b33b-2cf0839a7bfe d51181604ea1491cbca3716fc1ad055d a39fa93f48b7434e9f4fc5dce9d42ef6 - - default default] Unable to schedule network 83cfb3b0-58a5-4381-b885-6234a2bdf3d8: no agents available; will retry on subsequent port and subnet creation events.
2026-07-21 07:46:47.706 10 INFO neutron.db.ovn_revision_numbers_db [None req-9a7bc7a7-8e58-4f31-9213-24392d36372a - - - - - -] Successfully bumped revision number for resource 83e643ee-3ef7-47c0-8c20-28b5197470c4 (type: ports) to 4
2026-07-21 07:46:47.779 10 INFO neutron.db.ovn_revision_numbers_db [None req-05afadb5-e640-4bdd-b33b-2cf0839a7bfe d51181604ea1491cbca3716fc1ad055d a39fa93f48b7434e9f4fc5dce9d42ef6 - - default default] Successfully bumped revision number for resource 5449f9c5-5159-483e-91ab-d1769c3c1ca0 (type: ports) to 1
2026-07-21 07:46:47.806 10 INFO neutron.wsgi [None req-05afadb5-e640-4bdd-b33b-2cf0839a7bfe d51181604ea1491cbca3716fc1ad055d a39fa93f48b7434e9f4fc5dce9d42ef6 - - default default] 10.0.0.158 "POST /v2.0/networks HTTP/1.1" status: 201 len: 853 time: 0.7539043 /var/lib/openstack/lib/python3.10/site-packages/pycadf/identifier.py:71: UserWarning: Invalid uuid: neutron. To ensure interoperability, identifiers should be a valid uuid. warnings.warn(('Invalid uuid: %s. To ensure interoperability, '
2026-07-21 07:46:47.829 10 WARNING neutron_lib.context [None req-97701279-745a-4c4e-87d2-11785d5d7b77 d51181604ea1491cbca3716fc1ad055d a39fa93f48b7434e9f4fc5dce9d42ef6 - - default default] Method 'is_advsvc' is deprecated since 2023.2 release (neutron-lib 3.8.0) and will be removed once support for the old RBAC API policies will be removed from Neutron. Please use method 'is_service_role' instead.
2026-07-21 07:46:47.885 10 INFO neutron.db.ovn_revision_numbers_db [None req-7e6e0bc2-2b36-4db6-b63b-ea0c1d72e9bc 392083e5b101457e8f890e1524eef317 cd995afa4ffd4531a858f1c201a6e449 - - default default] Successfully bumped revision number for resource ec7164ec-be68-42fd-b216-6324a361e118 (type: security_groups) to 1
2026-07-21 07:46:47.904 10 INFO neutron.db.ovn_revision_numbers_db [None req-7e6e0bc2-2b36-4db6-b63b-ea0c1d72e9bc 392083e5b101457e8f890e1524eef317 cd995afa4ffd4531a858f1c201a6e449 - - default default] Successfully bumped revision number for resource 235a8ce0-2cd8-4155-9e49-2c80c0bc84a3 (type: security_group_rules) to 0
2026-07-21 07:46:47.928 10 INFO neutron.db.ovn_revision_numbers_db [None req-7e6e0bc2-2b36-4db6-b63b-ea0c1d72e9bc 392083e5b101457e8f890e1524eef317 cd995afa4ffd4531a858f1c201a6e449 - - default default] Successfully bumped revision number for resource 27235d56-3b8b-4af9-a78b-61f098cab68e (type: security_group_rules) to 0
2026-07-21 07:46:47.931 10 INFO neutron.db.segments_db [None req-97701279-745a-4c4e-87d2-11785d5d7b77 d51181604ea1491cbca3716fc1ad055d a39fa93f48b7434e9f4fc5dce9d42ef6 - - default default] Added segment 80d5daa7-047c-4cea-95c9-52b41dae5b92 of type geneve for network c2e87c9a-a28b-4e67-97e6-9d61811540bf
2026-07-21 07:46:47.954 10 INFO neutron.db.ovn_revision_numbers_db [None req-7e6e0bc2-2b36-4db6-b63b-ea0c1d72e9bc 392083e5b101457e8f890e1524eef317 cd995afa4ffd4531a858f1c201a6e449 - - default default] Successfully bumped revision number for resource 71968b42-0cb5-4bf3-afa1-038ead023802 (type: security_group_rules) to 0
2026-07-21 07:46:48.025 9 INFO neutron.db.ovn_revision_numbers_db [None req-579f42a6-9d4c-4269-a9e7-51334f4cea09 392083e5b101457e8f890e1524eef317 cd995afa4ffd4531a858f1c201a6e449 - - default default] Successfully bumped revision number for resource 0c5be8b2-cdac-4bcd-91b1-fa749959f320 (type: ports) to 2
2026-07-21 07:46:48.065 9 INFO neutron.db.ovn_revision_numbers_db [None req-579f42a6-9d4c-4269-a9e7-51334f4cea09 392083e5b101457e8f890e1524eef317 cd995afa4ffd4531a858f1c201a6e449 - - default default] Successfully bumped revision number for resource ce8d7b54-3a94-4f2d-9875-2705743476be (type: subnets) to 0
2026-07-21 07:46:48.081 9 INFO neutron.wsgi [None req-579f42a6-9d4c-4269-a9e7-51334f4cea09 392083e5b101457e8f890e1524eef317 cd995afa4ffd4531a858f1c201a6e449 - - default default] 10.0.0.158 "POST /v2.0/subnets HTTP/1.1" status: 201 len: 859 time: 0.8228550
2026-07-21 07:46:48.152 9 INFO neutron.wsgi [req-a5ff5d1b-3aa1-45a1-953d-f9e7766db539 req-b3452451-0637-4f65-9c9d-98935fabff11 ef07f98857284cc6bdcec117e6ee70e2 9e90857ce0b24551a62668fdfc68e03e - - default default] 10.0.0.29 "GET /v2.0/ports?device_id=69977c3d-80f1-42b5-a2a0-1b78ee02ab21 HTTP/1.1" status: 200 len: 1170 time: 0.0431228
