2026-07-21 07:48:46.455 10 WARNING neutron.api.rpc.agentnotifiers.dhcp_rpc_agent_api [None req-747e4296-7ed6-40f0-b357-2e905089c6fb 62d8e1af9cb64c48a6ee3648b34f19b5 abf78e1040e64ff49f193bfd44f9a85e - - default default] Unable to schedule network caa725a4-da89-41fd-a8cc-776cf9af6372: no agents available; will retry on subsequent port and subnet creation events.
2026-07-21 07:48:46.558 10 INFO neutron.db.ovn_revision_numbers_db [None req-747e4296-7ed6-40f0-b357-2e905089c6fb 62d8e1af9cb64c48a6ee3648b34f19b5 abf78e1040e64ff49f193bfd44f9a85e - - default default] Successfully bumped revision number for resource d4f44a43-32b8-4de1-987f-056b67768b29 (type: ports) to 1
2026-07-21 07:48:46.598 10 INFO neutron.wsgi [None req-747e4296-7ed6-40f0-b357-2e905089c6fb 62d8e1af9cb64c48a6ee3648b34f19b5 abf78e1040e64ff49f193bfd44f9a85e - - default default] 10.0.0.158 "POST /v2.0/networks HTTP/1.1" status: 201 len: 829 time: 0.6144962
2026-07-21 07:48:46.607 10 WARNING neutron_lib.context [None req-ffa0745e-8757-4829-8c8c-5a3324aa1752 62d8e1af9cb64c48a6ee3648b34f19b5 abf78e1040e64ff49f193bfd44f9a85e - - default default] Method 'is_advsvc' is deprecated since 2023.2 release (neutron-lib 3.8.0) and will be removed once support for the old RBAC API policies will be removed from Neutron. Please use method 'is_service_role' instead.
2026-07-21 07:48:46.720 9 INFO neutron.wsgi [None req-c19500fd-055d-4efb-acf8-2d2f59f1c793 845e4d501b4443fea6e71c07c07a84a8 868747cbdc204e62973e1a7dce428d88 - - default default] 10.0.0.158 "DELETE /v2.0/networks/58c43a87-9aa7-41b2-a1cf-c16fbc836959 HTTP/1.1" status: 204 len: 168 time: 0.3839262
2026-07-21 07:48:46.959 10 WARNING neutron.scheduler.dhcp_agent_scheduler [None req-ffa0745e-8757-4829-8c8c-5a3324aa1752 62d8e1af9cb64c48a6ee3648b34f19b5 abf78e1040e64ff49f193bfd44f9a85e - - default default] No more DHCP agents
2026-07-21 07:48:46.964 10 INFO neutron.services.segments.plugin [-] Segment 1705c2b2-1aa8-4534-ad64-e697c1b904db resource provider aggregate not found
2026-07-21 07:48:46.973 10 INFO neutron.services.segments.plugin [-] Segment 1705c2b2-1aa8-4534-ad64-e697c1b904db resource provider aggregate not found
2026-07-21 07:48:46.992 10 WARNING neutron.api.rpc.agentnotifiers.dhcp_rpc_agent_api [None req-ffa0745e-8757-4829-8c8c-5a3324aa1752 62d8e1af9cb64c48a6ee3648b34f19b5 abf78e1040e64ff49f193bfd44f9a85e - - default default] Unable to schedule network caa725a4-da89-41fd-a8cc-776cf9af6372: no agents available; will retry on subsequent port and subnet creation events.
2026-07-21 07:48:46.996 10 INFO neutron.services.segments.plugin [-] Segment 1705c2b2-1aa8-4534-ad64-e697c1b904db resource provider not found; error: Placement Client Error (4xx): {"errors": [{"status": 404, "title": "Not Found", "detail": "The resource could not be found.\n\n No resource provider with uuid 1705c2b2-1aa8-4534-ad64-e697c1b904db found for delete ", "request_id": "req-7b025cd9-7a0d-4205-aa79-65fb02c61861"}]}
2026-07-21 07:48:47.012 10 INFO neutron.services.segments.plugin [-] Segment 1705c2b2-1aa8-4534-ad64-e697c1b904db resource provider not found; error: Placement Client Error (4xx): {"errors": [{"status": 404, "title": "Not Found", "detail": "The resource could not be found.\n\n No resource provider with uuid 1705c2b2-1aa8-4534-ad64-e697c1b904db found for delete ", "request_id": "req-c9ef238f-01d0-4d1e-852f-236be8a383ad"}]}
2026-07-21 07:48:47.209 9 WARNING neutron.plugins.ml2.drivers.ovn.mech_driver.ovsdb.ovn_client [None req-edcfc3cf-e4fd-463d-9ac2-f673b9c71150 - - - - - -] No port found with ID f918a9b3-c128-4334-b124-44f23edb7d04: RuntimeError: No port found with ID f918a9b3-c128-4334-b124-44f23edb7d04
2026-07-21 07:48:47.347 10 INFO neutron.wsgi [None req-d6a0a505-5149-4473-8941-9a435591919d 845e4d501b4443fea6e71c07c07a84a8 868747cbdc204e62973e1a7dce428d88 - - default default] 10.0.0.158 "DELETE /v2.0/networks/a85737ae-6336-41b3-bfff-c688cff7066b HTTP/1.1" status: 204 len: 168 time: 0.6208179
2026-07-21 07:48:47.461 9 INFO neutron.services.segments.plugin [-] Segment 015a5741-f408-418f-98d5-b33cd58d8547 resource provider aggregate not found
2026-07-21 07:48:47.472 9 INFO neutron.services.segments.plugin [-] Segment 015a5741-f408-418f-98d5-b33cd58d8547 resource provider aggregate not found
2026-07-21 07:48:47.486 9 INFO neutron.services.segments.plugin [-] Segment 015a5741-f408-418f-98d5-b33cd58d8547 resource provider not found; error: Placement Client Error (4xx): {"errors": [{"status": 404, "title": "Not Found", "detail": "The resource could not be found.\n\n No resource provider with uuid 015a5741-f408-418f-98d5-b33cd58d8547 found for delete ", "request_id": "req-ffd97e22-de26-40e7-9af1-54b7d5623917"}]}
2026-07-21 07:48:47.490 9 INFO neutron.services.segments.plugin [-] Segment 015a5741-f408-418f-98d5-b33cd58d8547 resource provider not found; error: Placement Client Error (4xx): {"errors": [{"status": 404, "title": "Not Found", "detail": "The resource could not be found.\n\n No resource provider with uuid 015a5741-f408-418f-98d5-b33cd58d8547 found for delete ", "request_id": "req-0837887a-681f-4a33-a085-99adbf916eb2"}]}
2026-07-21 07:48:47.631 10 INFO neutron.db.ovn_revision_numbers_db [None req-ffa0745e-8757-4829-8c8c-5a3324aa1752 62d8e1af9cb64c48a6ee3648b34f19b5 abf78e1040e64ff49f193bfd44f9a85e - - default default] Successfully bumped revision number for resource d4f44a43-32b8-4de1-987f-056b67768b29 (type: ports) to 2
2026-07-21 07:48:47.668 10 INFO neutron.db.ovn_revision_numbers_db [None req-ffa0745e-8757-4829-8c8c-5a3324aa1752 62d8e1af9cb64c48a6ee3648b34f19b5 abf78e1040e64ff49f193bfd44f9a85e - - default default] Successfully bumped revision number for resource 3f4cef8c-7e05-4df1-aea3-1bbf910ecaf9 (type: subnets) to 0
2026-07-21 07:48:47.683 10 INFO neutron.wsgi [None req-ffa0745e-8757-4829-8c8c-5a3324aa1752 62d8e1af9cb64c48a6ee3648b34f19b5 abf78e1040e64ff49f193bfd44f9a85e - - default default] 10.0.0.158 "POST /v2.0/subnets HTTP/1.1" status: 201 len: 801 time: 1.0813956
2026-07-21 07:48:47.693 10 WARNING neutron_lib.context [None req-3e1a1a13-7652-4c90-9378-80354fc61066 62d8e1af9cb64c48a6ee3648b34f19b5 abf78e1040e64ff49f193bfd44f9a85e - - default default] Method 'is_advsvc' is deprecated since 2023.2 release (neutron-lib 3.8.0) and will be removed once support for the old RBAC API policies will be removed from Neutron. Please use method 'is_service_role' instead.
2026-07-21 07:48:47.824 9 INFO neutron.db.ovn_revision_numbers_db [None req-b0c93a0d-978f-4f7b-9d2c-ce3240e8ed06 392083e5b101457e8f890e1524eef317 cd995afa4ffd4531a858f1c201a6e449 - - default default] Successfully bumped revision number for resource 1a50aa14-3cf7-4077-a69e-6816a86c5a76 (type: security_groups) to 1
2026-07-21 07:48:47.834 10 INFO neutron.db.ovn_revision_numbers_db [None req-3e1a1a13-7652-4c90-9378-80354fc61066 62d8e1af9cb64c48a6ee3648b34f19b5 abf78e1040e64ff49f193bfd44f9a85e - - default default] Successfully bumped revision number for resource e96ae5af-ca50-4fcc-b64a-2abf7318e362 (type: routers) to 1
2026-07-21 07:48:47.856 10 INFO neutron.wsgi [None req-3e1a1a13-7652-4c90-9378-80354fc61066 62d8e1af9cb64c48a6ee3648b34f19b5 abf78e1040e64ff49f193bfd44f9a85e - - default default] 10.0.0.158 "POST /v2.0/routers HTTP/1.1" status: 201 len: 686 time: 0.1683922
2026-07-21 07:48:47.866 10 WARNING neutron_lib.context [None req-88425c0c-630c-456b-a2b7-849fd378aea4 62d8e1af9cb64c48a6ee3648b34f19b5 abf78e1040e64ff49f193bfd44f9a85e - - default default] Method 'is_advsvc' is deprecated since 2023.2 release (neutron-lib 3.8.0) and will be removed once support for the old RBAC API policies will be removed from Neutron. Please use method 'is_service_role' instead.
2026-07-21 07:48:47.875 9 INFO neutron.db.ovn_revision_numbers_db [None req-b0c93a0d-978f-4f7b-9d2c-ce3240e8ed06 392083e5b101457e8f890e1524eef317 cd995afa4ffd4531a858f1c201a6e449 - - default default] Successfully bumped revision number for resource 54a06840-3d22-4283-9a95-33f6d45b82ab (type: security_group_rules) to 0
2026-07-21 07:48:47.901 9 INFO neutron.db.ovn_revision_numbers_db [None req-b0c93a0d-978f-4f7b-9d2c-ce3240e8ed06 392083e5b101457e8f890e1524eef317 cd995afa4ffd4531a858f1c201a6e449 - - default default] Successfully bumped revision number for resource d2b8d11e-e02b-4613-8fdc-1404a6ea256b (type: security_group_rules) to 0
2026-07-21 07:48:47.930 9 INFO neutron.db.ovn_revision_numbers_db [None req-b0c93a0d-978f-4f7b-9d2c-ce3240e8ed06 392083e5b101457e8f890e1524eef317 cd995afa4ffd4531a858f1c201a6e449 - - default default] Successfully bumped revision number for resource d76a521d-c37d-46d1-8998-f44849542da9 (type: security_group_rules) to 0
2026-07-21 07:48:47.946 9 INFO neutron.db.ovn_revision_numbers_db [None req-e7a64559-b739-47e1-b2d6-fb66becc4718 5d3c6d4daeae44f4894abecd0f5dbb19 d3f48180ccaf4cfaaf0167598da26192 - - default default] Successfully bumped revision number for resource 6f6a95b2-7632-4472-b9fb-d9509d4e7938 (type: security_groups) to 1
2026-07-21 07:48:47.966 9 INFO neutron.db.ovn_revision_numbers_db [None req-b0c93a0d-978f-4f7b-9d2c-ce3240e8ed06 392083e5b101457e8f890e1524eef317 cd995afa4ffd4531a858f1c201a6e449 - - default default] Successfully bumped revision number for resource f2769a37-a5b2-44c4-bd45-4edc2692c89a (type: security_group_rules) to 0
2026-07-21 07:48:47.994 9 INFO neutron.db.ovn_revision_numbers_db [None req-e7a64559-b739-47e1-b2d6-fb66becc4718 5d3c6d4daeae44f4894abecd0f5dbb19 d3f48180ccaf4cfaaf0167598da26192 - - default default] Successfully bumped revision number for resource 53969b37-b2c3-47fb-8286-08210ae19fa0 (type: security_group_rules) to 0
2026-07-21 07:48:48.007 9 INFO neutron.db.ovn_revision_numbers_db [None req-e7a64559-b739-47e1-b2d6-fb66becc4718 5d3c6d4daeae44f4894abecd0f5dbb19 d3f48180ccaf4cfaaf0167598da26192 - - default default] Successfully bumped revision number for resource 6869036b-c054-4ce5-8c4f-1853b61b5c25 (type: security_group_rules) to 0
2026-07-21 07:48:48.033 9 INFO neutron.db.segments_db [None req-b0c93a0d-978f-4f7b-9d2c-ce3240e8ed06 392083e5b101457e8f890e1524eef317 cd995afa4ffd4531a858f1c201a6e449 - - default default] Added segment 77dbbab6-7b99-49af-b7a0-9a739ecc6db6 of type geneve for network c86f510f-3abf-49e7-9adf-0a419515e626
2026-07-21 07:48:48.044 9 INFO neutron.db.ovn_revision_numbers_db [None req-e7a64559-b739-47e1-b2d6-fb66becc4718 5d3c6d4daeae44f4894abecd0f5dbb19 d3f48180ccaf4cfaaf0167598da26192 - - default default] Successfully bumped revision number for resource ac8510db-bbd8-4df8-a5b2-ba43ea156818 (type: security_group_rules) to 0
2026-07-21 07:48:48.080 9 INFO neutron.db.ovn_revision_numbers_db [None req-e7a64559-b739-47e1-b2d6-fb66becc4718 5d3c6d4daeae44f4894abecd0f5dbb19 d3f48180ccaf4cfaaf0167598da26192 - - default default] Successfully bumped revision number for resource e473c6fc-a4f1-40c8-ae60-3009feaeae44 (type: security_group_rules) to 0
2026-07-21 07:48:48.153 9 INFO neutron.db.segments_db [None req-e7a64559-b739-47e1-b2d6-fb66becc4718 5d3c6d4daeae44f4894abecd0f5dbb19 d3f48180ccaf4cfaaf0167598da26192 - - default default] Added segment 502da7cc-6ba1-40f9-b14c-7461b21475e7 of type geneve for network 0311d980-9ed9-46a9-a096-7b3c65fa3efd
2026-07-21 07:48:48.223 10 WARNING neutron.scheduler.dhcp_agent_scheduler [None req-88425c0c-630c-456b-a2b7-849fd378aea4 62d8e1af9cb64c48a6ee3648b34f19b5 abf78e1040e64ff49f193bfd44f9a85e - - default default] No more DHCP agents
2026-07-21 07:48:48.226 10 WARNING neutron.api.rpc.agentnotifiers.dhcp_rpc_agent_api [None req-88425c0c-630c-456b-a2b7-849fd378aea4 62d8e1af9cb64c48a6ee3648b34f19b5 abf78e1040e64ff49f193bfd44f9a85e - - default default] Unable to schedule network caa725a4-da89-41fd-a8cc-776cf9af6372: no agents available; will retry on subsequent port and subnet creation events.
2026-07-21 07:48:48.284 9 INFO neutron.wsgi [None req-6edbe43c-e836-48f5-a94a-33e720eecdb0 845e4d501b4443fea6e71c07c07a84a8 868747cbdc204e62973e1a7dce428d88 - - default default] 10.0.0.158 "DELETE /v2.0/networks/cc469941-1284-47f7-9094-d8b679ee9c42 HTTP/1.1" status: 204 len: 168 time: 0.9309707
2026-07-21 07:48:48.292 9 INFO neutron.db.ovn_revision_numbers_db [None req-b0c93a0d-978f-4f7b-9d2c-ce3240e8ed06 392083e5b101457e8f890e1524eef317 cd995afa4ffd4531a858f1c201a6e449 - - default default] Successfully bumped revision number for resource c86f510f-3abf-49e7-9adf-0a419515e626 (type: networks) to 1
2026-07-21 07:48:48.422 9 INFO neutron.db.ovn_revision_numbers_db [None req-e7a64559-b739-47e1-b2d6-fb66becc4718 5d3c6d4daeae44f4894abecd0f5dbb19 d3f48180ccaf4cfaaf0167598da26192 - - default default] Successfully bumped revision number for resource 0311d980-9ed9-46a9-a096-7b3c65fa3efd (type: networks) to 1
2026-07-21 07:48:48.623 9 WARNING neutron.scheduler.dhcp_agent_scheduler [None req-b0c93a0d-978f-4f7b-9d2c-ce3240e8ed06 392083e5b101457e8f890e1524eef317 cd995afa4ffd4531a858f1c201a6e449 - - default default] No more DHCP agents
2026-07-21 07:48:48.624 9 WARNING neutron.api.rpc.agentnotifiers.dhcp_rpc_agent_api [None req-b0c93a0d-978f-4f7b-9d2c-ce3240e8ed06 392083e5b101457e8f890e1524eef317 cd995afa4ffd4531a858f1c201a6e449 - - default default] Unable to schedule network c86f510f-3abf-49e7-9adf-0a419515e626: no agents available; will retry on subsequent port and subnet creation events.
2026-07-21 07:48:48.709 9 WARNING neutron.scheduler.dhcp_agent_scheduler [None req-e7a64559-b739-47e1-b2d6-fb66becc4718 5d3c6d4daeae44f4894abecd0f5dbb19 d3f48180ccaf4cfaaf0167598da26192 - - default default] No more DHCP agents
2026-07-21 07:48:48.716 9 WARNING neutron.api.rpc.agentnotifiers.dhcp_rpc_agent_api [None req-e7a64559-b739-47e1-b2d6-fb66becc4718 5d3c6d4daeae44f4894abecd0f5dbb19 d3f48180ccaf4cfaaf0167598da26192 - - default default] Unable to schedule network 0311d980-9ed9-46a9-a096-7b3c65fa3efd: no agents available; will retry on subsequent port and subnet creation events.
2026-07-21 07:48:48.768 10 INFO neutron.db.ovn_revision_numbers_db [None req-88425c0c-630c-456b-a2b7-849fd378aea4 62d8e1af9cb64c48a6ee3648b34f19b5 abf78e1040e64ff49f193bfd44f9a85e - - default default] Successfully bumped revision number for resource 4d8792e9-062e-4908-a686-d5c6cf03d6eb (type: ports) to 1
2026-07-21 07:48:48.787 9 INFO neutron.db.ovn_revision_numbers_db [None req-b0c93a0d-978f-4f7b-9d2c-ce3240e8ed06 392083e5b101457e8f890e1524eef317 cd995afa4ffd4531a858f1c201a6e449 - - default default] Successfully bumped revision number for resource a68b52d8-70ac-4681-b078-fc55ab26314c (type: ports) to 1
2026-07-21 07:48:48.790 10 INFO neutron.wsgi [None req-88425c0c-630c-456b-a2b7-849fd378aea4 62d8e1af9cb64c48a6ee3648b34f19b5 abf78e1040e64ff49f193bfd44f9a85e - - default default] 10.0.0.158 "POST /v2.0/ports HTTP/1.1" status: 201 len: 1147 time: 0.9294066 /var/lib/openstack/lib/python3.10/site-packages/pycadf/identifier.py:71: UserWarning: Invalid uuid: neutron. To ensure interoperability, identifiers should be a valid uuid. warnings.warn(('Invalid uuid: %s. To ensure interoperability, '
2026-07-21 07:48:48.827 9 INFO neutron.wsgi [None req-b0c93a0d-978f-4f7b-9d2c-ce3240e8ed06 392083e5b101457e8f890e1524eef317 cd995afa4ffd4531a858f1c201a6e449 - - default default] 10.0.0.158 "POST /v2.0/networks HTTP/1.1" status: 201 len: 947 time: 1.6115620
2026-07-21 07:48:48.861 9 INFO neutron.db.ovn_revision_numbers_db [None req-e7a64559-b739-47e1-b2d6-fb66becc4718 5d3c6d4daeae44f4894abecd0f5dbb19 d3f48180ccaf4cfaaf0167598da26192 - - default default] Successfully bumped revision number for resource 891d085f-06fb-4c71-8a29-8ec281ce5c3b (type: ports) to 1
2026-07-21 07:48:48.892 9 INFO neutron.wsgi [None req-e7a64559-b739-47e1-b2d6-fb66becc4718 5d3c6d4daeae44f4894abecd0f5dbb19 d3f48180ccaf4cfaaf0167598da26192 - - default default] 10.0.0.158 "POST /v2.0/networks HTTP/1.1" status: 201 len: 929 time: 1.5166824
2026-07-21 07:48:48.994 9 INFO neutron.wsgi [None req-9c54f930-3202-4d2e-8ac3-7f1d5d0ae632 845e4d501b4443fea6e71c07c07a84a8 868747cbdc204e62973e1a7dce428d88 - - default default] 10.0.0.158 "DELETE /v2.0/networks/c89bd650-9791-4e59-9f6c-db91b36f84f6 HTTP/1.1" status: 204 len: 168 time: 0.7042193
2026-07-21 07:48:49.020 10 INFO neutron.services.segments.plugin [-] Segment 82932726-56fe-4525-9eb9-7f1c378c17f3 resource provider aggregate not found
2026-07-21 07:48:49.039 10 INFO neutron.services.segments.plugin [-] Segment 82932726-56fe-4525-9eb9-7f1c378c17f3 resource provider not found; error: Placement Client Error (4xx): {"errors": [{"status": 404, "title": "Not Found", "detail": "The resource could not be found.\n\n No resource provider with uuid 82932726-56fe-4525-9eb9-7f1c378c17f3 found for delete ", "request_id": "req-e69d48f5-9910-4774-ae19-ece48272a348"}]}
2026-07-21 07:48:49.040 9 INFO neutron.wsgi [-] 10.0.0.246 "GET / HTTP/1.1" status: 200 len: 247 time: 0.0012410
2026-07-21 07:48:49.041 10 INFO neutron.services.segments.plugin [-] Segment 82932726-56fe-4525-9eb9-7f1c378c17f3 resource provider aggregate not found
2026-07-21 07:48:49.046 10 INFO neutron.wsgi [-] 10.0.0.246 "GET / HTTP/1.1" status: 200 len: 247 time: 0.0012500
2026-07-21 07:48:49.058 10 INFO neutron.services.segments.plugin [-] Segment 82932726-56fe-4525-9eb9-7f1c378c17f3 resource provider not found; error: Placement Client Error (4xx): {"errors": [{"status": 404, "title": "Not Found", "detail": "The resource could not be found.\n\n No resource provider with uuid 82932726-56fe-4525-9eb9-7f1c378c17f3 found for delete ", "request_id": "req-f344ed20-1015-4389-9e69-de1d60ba85d8"}]}
2026-07-21 07:48:49.099 9 WARNING neutron.scheduler.dhcp_agent_scheduler [None req-5489133c-0a3e-4639-94f4-7df7edbcdbc0 5d3c6d4daeae44f4894abecd0f5dbb19 d3f48180ccaf4cfaaf0167598da26192 - - default default] No more DHCP agents
2026-07-21 07:48:49.103 10 WARNING neutron.scheduler.dhcp_agent_scheduler [None req-4900e820-3d08-4e1a-ab30-6d87fff21d33 392083e5b101457e8f890e1524eef317 cd995afa4ffd4531a858f1c201a6e449 - - default default] No more DHCP agents
2026-07-21 07:48:49.103 9 WARNING neutron.api.rpc.agentnotifiers.dhcp_rpc_agent_api [None req-5489133c-0a3e-4639-94f4-7df7edbcdbc0 5d3c6d4daeae44f4894abecd0f5dbb19 d3f48180ccaf4cfaaf0167598da26192 - - default default] Unable to schedule network 0311d980-9ed9-46a9-a096-7b3c65fa3efd: no agents available; will retry on subsequent port and subnet creation events.
2026-07-21 07:48:49.107 10 WARNING neutron.api.rpc.agentnotifiers.dhcp_rpc_agent_api [None req-4900e820-3d08-4e1a-ab30-6d87fff21d33 392083e5b101457e8f890e1524eef317 cd995afa4ffd4531a858f1c201a6e449 - - default default] Unable to schedule network c86f510f-3abf-49e7-9adf-0a419515e626: no agents available; will retry on subsequent port and subnet creation events.
2026-07-21 07:48:49.326 10 INFO neutron.plugins.ml2.drivers.ovn.mech_driver.mech_driver [None req-9a7bc7a7-8e58-4f31-9213-24392d36372a - - - - - -] OVN reports status up for port: 4d8792e9-062e-4908-a686-d5c6cf03d6eb
2026-07-21 07:48:49.349 10 INFO neutron.plugins.ml2.plugin [None req-9a7bc7a7-8e58-4f31-9213-24392d36372a - - - - - -] Attempt 1 to provision port 4d8792e9-062e-4908-a686-d5c6cf03d6eb
2026-07-21 07:48:49.381 10 INFO neutron.db.ovn_revision_numbers_db [None req-787b56e5-e9f5-4588-bfab-9fd1189e2e67 62d8e1af9cb64c48a6ee3648b34f19b5 abf78e1040e64ff49f193bfd44f9a85e - - default default] Successfully bumped revision number for resource 4d8792e9-062e-4908-a686-d5c6cf03d6eb (type: router_ports) to 2
2026-07-21 07:48:49.521 9 INFO neutron.services.segments.plugin [-] Segment 3102c270-3478-47f6-9d5e-c47efb6094a6 resource provider aggregate not found
2026-07-21 07:48:49.529 9 INFO neutron.services.segments.plugin [-] Segment 3102c270-3478-47f6-9d5e-c47efb6094a6 resource provider aggregate not found
2026-07-21 07:48:49.544 9 INFO neutron.wsgi [None req-6877b5a1-1159-4bbd-a746-6a301f2e72b8 845e4d501b4443fea6e71c07c07a84a8 868747cbdc204e62973e1a7dce428d88 - - default default] 10.0.0.158 "DELETE /v2.0/networks/74450ddd-35ce-463b-aa8d-c14f3f4b115c HTTP/1.1" status: 204 len: 168 time: 0.5420210
2026-07-21 07:48:49.550 9 INFO neutron.services.segments.plugin [-] Segment 3102c270-3478-47f6-9d5e-c47efb6094a6 resource provider not found; error: Placement Client Error (4xx): {"errors": [{"status": 404, "title": "Not Found", "detail": "The resource could not be found.\n\n No resource provider with uuid 3102c270-3478-47f6-9d5e-c47efb6094a6 found for delete ", "request_id": "req-9e52b86e-1ca6-4f59-abab-4e2c632f6307"}]}
2026-07-21 07:48:49.554 9 INFO neutron.services.segments.plugin [-] Segment 3102c270-3478-47f6-9d5e-c47efb6094a6 resource provider not found; error: Placement Client Error (4xx): {"errors": [{"status": 404, "title": "Not Found", "detail": "The resource could not be found.\n\n No resource provider with uuid 3102c270-3478-47f6-9d5e-c47efb6094a6 found for delete ", "request_id": "req-44742c03-689b-4df1-92b4-5641816737d8"}]}
2026-07-21 07:48:49.572 9 INFO neutron.services.segments.plugin [-] Segment 41161c18-c162-4e07-9a20-066168499715 resource provider aggregate not found
2026-07-21 07:48:49.578 9 INFO neutron.services.segments.plugin [-] Segment 41161c18-c162-4e07-9a20-066168499715 resource provider aggregate not found
2026-07-21 07:48:49.594 9 INFO neutron.services.segments.plugin [-] Segment 41161c18-c162-4e07-9a20-066168499715 resource provider not found; error: Placement Client Error (4xx): {"errors": [{"status": 404, "title": "Not Found", "detail": "The resource could not be found.\n\n No resource provider with uuid 41161c18-c162-4e07-9a20-066168499715 found for delete ", "request_id": "req-b4dcb05b-6105-45ca-a93c-f041c74664ef"}]}
2026-07-21 07:48:49.599 9 INFO neutron.services.segments.plugin [-] Segment 41161c18-c162-4e07-9a20-066168499715 resource provider not found; error: Placement Client Error (4xx): {"errors": [{"status": 404, "title": "Not Found", "detail": "The resource could not be found.\n\n No resource provider with uuid 41161c18-c162-4e07-9a20-066168499715 found for delete ", "request_id": "req-97aa967c-1ec4-4be3-b8f6-b5d76a3fdf77"}]}
2026-07-21 07:48:49.614 9 INFO neutron.services.segments.plugin [-] Segment 28fe79c9-6fd4-4170-b8f1-734f73b3ba9c resource provider aggregate not found
2026-07-21 07:48:49.620 9 INFO neutron.services.segments.plugin [-] Segment 28fe79c9-6fd4-4170-b8f1-734f73b3ba9c resource provider aggregate not found
2026-07-21 07:48:49.631 9 INFO neutron.services.segments.plugin [-] Segment 28fe79c9-6fd4-4170-b8f1-734f73b3ba9c resource provider not found; error: Placement Client Error (4xx): {"errors": [{"status": 404, "title": "Not Found", "detail": "The resource could not be found.\n\n No resource provider with uuid 28fe79c9-6fd4-4170-b8f1-734f73b3ba9c found for delete ", "request_id": "req-8a18971c-76af-441d-b956-00384f9d3e4f"}]}
2026-07-21 07:48:49.640 9 INFO neutron.services.segments.plugin [-] Segment 28fe79c9-6fd4-4170-b8f1-734f73b3ba9c resource provider not found; error: Placement Client Error (4xx): {"errors": [{"status": 404, "title": "Not Found", "detail": "The resource could not be found.\n\n No resource provider with uuid 28fe79c9-6fd4-4170-b8f1-734f73b3ba9c found for delete ", "request_id": "req-fc804865-88e1-4582-bcd2-f515e4df3616"}]}
2026-07-21 07:48:49.717 10 INFO neutron.db.ovn_revision_numbers_db [None req-787b56e5-e9f5-4588-bfab-9fd1189e2e67 62d8e1af9cb64c48a6ee3648b34f19b5 abf78e1040e64ff49f193bfd44f9a85e - - default default] Successfully bumped revision number for resource 4d8792e9-062e-4908-a686-d5c6cf03d6eb (type: ports) to 2
2026-07-21 07:48:49.799 9 INFO neutron.db.ovn_revision_numbers_db [None req-5489133c-0a3e-4639-94f4-7df7edbcdbc0 5d3c6d4daeae44f4894abecd0f5dbb19 d3f48180ccaf4cfaaf0167598da26192 - - default default] Successfully bumped revision number for resource 891d085f-06fb-4c71-8a29-8ec281ce5c3b (type: ports) to 2
2026-07-21 07:48:49.846 9 INFO neutron.db.ovn_revision_numbers_db [None req-5489133c-0a3e-4639-94f4-7df7edbcdbc0 5d3c6d4daeae44f4894abecd0f5dbb19 d3f48180ccaf4cfaaf0167598da26192 - - default default] Successfully bumped revision number for resource 316e612b-5e41-46d1-81bd-60709f3cfd48 (type: subnets) to 0
2026-07-21 07:48:49.871 9 INFO neutron.wsgi [None req-5489133c-0a3e-4639-94f4-7df7edbcdbc0 5d3c6d4daeae44f4894abecd0f5dbb19 d3f48180ccaf4cfaaf0167598da26192 - - default default] 10.0.0.158 "POST /v2.0/subnets HTTP/1.1" status: 201 len: 819 time: 0.9734106
2026-07-21 07:48:49.892 9 WARNING neutron.api.v2.base [None req-a3d0f377-b91e-4718-b35b-ad0c3cbe91b8 5d3c6d4daeae44f4894abecd0f5dbb19 d3f48180ccaf4cfaaf0167598da26192 - - default default] An exception happened while processing the request body. The exception message is [Invalid input for target_tenant. Reason: 'None' is not a valid string.].: webob.exc.HTTPBadRequest: Invalid input for target_tenant. Reason: 'None' is not a valid string.
2026-07-21 07:48:49.894 9 INFO neutron.api.v2.resource [None req-a3d0f377-b91e-4718-b35b-ad0c3cbe91b8 5d3c6d4daeae44f4894abecd0f5dbb19 d3f48180ccaf4cfaaf0167598da26192 - - default default] create failed (client error): Invalid input for target_tenant. Reason: 'None' is not a valid string.
2026-07-21 07:48:49.896 9 INFO neutron.wsgi [None req-a3d0f377-b91e-4718-b35b-ad0c3cbe91b8 5d3c6d4daeae44f4894abecd0f5dbb19 d3f48180ccaf4cfaaf0167598da26192 - - default default] 10.0.0.158 "POST /v2.0/rbac-policies HTTP/1.1" status: 400 len: 346 time: 0.0123491
2026-07-21 07:48:49.948 10 INFO neutron.db.ovn_revision_numbers_db [None req-9a7bc7a7-8e58-4f31-9213-24392d36372a - - - - - -] Successfully bumped revision number for resource 4d8792e9-062e-4908-a686-d5c6cf03d6eb (type: ports) to 3
2026-07-21 07:48:50.107 10 INFO neutron.db.ovn_revision_numbers_db [None req-4900e820-3d08-4e1a-ab30-6d87fff21d33 392083e5b101457e8f890e1524eef317 cd995afa4ffd4531a858f1c201a6e449 - - default default] Successfully bumped revision number for resource a68b52d8-70ac-4681-b078-fc55ab26314c (type: ports) to 2
2026-07-21 07:48:50.128 10 INFO neutron.db.ovn_revision_numbers_db [None req-9a7bc7a7-8e58-4f31-9213-24392d36372a - - - - - -] Successfully bumped revision number for resource 4d8792e9-062e-4908-a686-d5c6cf03d6eb (type: router_ports) to 3
2026-07-21 07:48:50.165 10 INFO neutron.db.ovn_revision_numbers_db [None req-4900e820-3d08-4e1a-ab30-6d87fff21d33 392083e5b101457e8f890e1524eef317 cd995afa4ffd4531a858f1c201a6e449 - - default default] Successfully bumped revision number for resource 10827c8e-9a7d-4a89-95a2-3422d0e9cfae (type: subnets) to 0
2026-07-21 07:48:50.203 10 INFO neutron.wsgi [None req-4900e820-3d08-4e1a-ab30-6d87fff21d33 392083e5b101457e8f890e1524eef317 cd995afa4ffd4531a858f1c201a6e449 - - default default] 10.0.0.158 "POST /v2.0/subnets HTTP/1.1" status: 201 len: 867 time: 1.3721137
2026-07-21 07:48:50.544 10 INFO neutron.db.ovn_revision_numbers_db [None req-787b56e5-e9f5-4588-bfab-9fd1189e2e67 62d8e1af9cb64c48a6ee3648b34f19b5 abf78e1040e64ff49f193bfd44f9a85e - - default default] Successfully bumped revision number for resource 4d8792e9-062e-4908-a686-d5c6cf03d6eb (type: ports) to 3 /var/lib/openstack/lib/python3.10/site-packages/pycadf/identifier.py:71: UserWarning: Invalid uuid: neutron. To ensure interoperability, identifiers should be a valid uuid. warnings.warn(('Invalid uuid: %s. To ensure interoperability, '
2026-07-21 07:48:50.618 10 WARNING neutron.scheduler.dhcp_agent_scheduler [None req-787b56e5-e9f5-4588-bfab-9fd1189e2e67 62d8e1af9cb64c48a6ee3648b34f19b5 abf78e1040e64ff49f193bfd44f9a85e - - default default] No more DHCP agents
2026-07-21 07:48:50.620 10 WARNING neutron.api.rpc.agentnotifiers.dhcp_rpc_agent_api [None req-787b56e5-e9f5-4588-bfab-9fd1189e2e67 62d8e1af9cb64c48a6ee3648b34f19b5 abf78e1040e64ff49f193bfd44f9a85e - - default default] Unable to schedule network caa725a4-da89-41fd-a8cc-776cf9af6372: no agents available; will retry on subsequent port and subnet creation events.
2026-07-21 07:48:50.706 9 INFO neutron.wsgi [None req-17242bea-9255-4e4b-9084-4343962b8a00 5d3c6d4daeae44f4894abecd0f5dbb19 d3f48180ccaf4cfaaf0167598da26192 - - default default] 10.0.0.158 "DELETE /v2.0/networks/0311d980-9ed9-46a9-a096-7b3c65fa3efd HTTP/1.1" status: 204 len: 168 time: 0.8028436
2026-07-21 07:48:50.771 10 INFO neutron.db.ovn_revision_numbers_db [None req-787b56e5-e9f5-4588-bfab-9fd1189e2e67 62d8e1af9cb64c48a6ee3648b34f19b5 abf78e1040e64ff49f193bfd44f9a85e - - default default] Successfully bumped revision number for resource 4d8792e9-062e-4908-a686-d5c6cf03d6eb (type: router_ports) to 3
2026-07-21 07:48:50.774 10 INFO neutron.wsgi [None req-787b56e5-e9f5-4588-bfab-9fd1189e2e67 62d8e1af9cb64c48a6ee3648b34f19b5 abf78e1040e64ff49f193bfd44f9a85e - - default default] 10.0.0.158 "PUT /v2.0/routers/e96ae5af-ca50-4fcc-b64a-2abf7318e362/add_router_interface HTTP/1.1" status: 200 len: 503 time: 1.9777932
2026-07-21 07:48:50.800 10 INFO neutron.db.ovn_revision_numbers_db [None req-f2287e6f-9980-4399-8728-ed687263d166 392083e5b101457e8f890e1524eef317 cd995afa4ffd4531a858f1c201a6e449 - - default default] Successfully bumped revision number for resource c8420fba-a9b8-4fd9-8391-1aa620dc3e24 (type: security_groups) to 1
2026-07-21 07:48:50.812 10 INFO neutron.wsgi [None req-e6d43110-7bc0-48a1-927e-8931afd6917f 62d8e1af9cb64c48a6ee3648b34f19b5 abf78e1040e64ff49f193bfd44f9a85e - - default default] 10.0.0.158 "GET /v2.0/ports/4d8792e9-062e-4908-a686-d5c6cf03d6eb HTTP/1.1" status: 200 len: 1205 time: 0.0332465
2026-07-21 07:48:50.840 10 INFO neutron.db.ovn_revision_numbers_db [None req-f2287e6f-9980-4399-8728-ed687263d166 392083e5b101457e8f890e1524eef317 cd995afa4ffd4531a858f1c201a6e449 - - default default] Successfully bumped revision number for resource af49fdc6-c515-4f96-bd8f-568df7cd5a06 (type: security_group_rules) to 0
2026-07-21 07:48:50.884 10 INFO neutron.db.ovn_revision_numbers_db [None req-f2287e6f-9980-4399-8728-ed687263d166 392083e5b101457e8f890e1524eef317 cd995afa4ffd4531a858f1c201a6e449 - - default default] Successfully bumped revision number for resource b0b3326b-cd49-471d-b24a-041bc90e4100 (type: security_group_rules) to 0
2026-07-21 07:48:50.924 10 INFO neutron.db.ovn_revision_numbers_db [None req-f2287e6f-9980-4399-8728-ed687263d166 392083e5b101457e8f890e1524eef317 cd995afa4ffd4531a858f1c201a6e449 - - default default] Successfully bumped revision number for resource b5e83db5-b306-4258-8e02-03c2e8a598e8 (type: security_group_rules) to 0
2026-07-21 07:48:50.953 10 INFO neutron.db.ovn_revision_numbers_db [None req-f2287e6f-9980-4399-8728-ed687263d166 392083e5b101457e8f890e1524eef317 cd995afa4ffd4531a858f1c201a6e449 - - default default] Successfully bumped revision number for resource d440925f-87c9-409e-9b4f-a2fb10139046 (type: security_group_rules) to 0
2026-07-21 07:48:51.000 10 INFO neutron.wsgi [None req-f2287e6f-9980-4399-8728-ed687263d166 392083e5b101457e8f890e1524eef317 cd995afa4ffd4531a858f1c201a6e449 - - default default] 10.0.0.158 "GET /v2.0/security-groups?tenant_id=25b90e31a91e49cab6c1c3b785a3c00f&name=default HTTP/1.1" status: 200 len: 2996 time: 0.5661819
2026-07-21 07:48:51.040 9 INFO neutron.db.segments_db [None req-bd869542-0c55-4390-930a-d12c9db0c88b 5d3c6d4daeae44f4894abecd0f5dbb19 d3f48180ccaf4cfaaf0167598da26192 - - default default] Added segment 654a80bb-1764-4f4c-ba74-f4db3aeaec12 of type geneve for network c3b9b26f-a9cf-4a10-922f-22e98a2a8fa0
2026-07-21 07:48:51.062 9 WARNING neutron.scheduler.dhcp_agent_scheduler [None req-5f8b088b-74be-42a0-bb6d-1a5558424414 392083e5b101457e8f890e1524eef317 cd995afa4ffd4531a858f1c201a6e449 - - default default] No more DHCP agents
2026-07-21 07:48:51.067 9 WARNING neutron.api.rpc.agentnotifiers.dhcp_rpc_agent_api [None req-5f8b088b-74be-42a0-bb6d-1a5558424414 392083e5b101457e8f890e1524eef317 cd995afa4ffd4531a858f1c201a6e449 - - default default] Unable to schedule network aff44d3b-7972-44ba-8030-c8f4900b0d1a: no agents available; will retry on subsequent port and subnet creation events.
2026-07-21 07:48:51.252 9 INFO neutron.db.ovn_revision_numbers_db [None req-bd869542-0c55-4390-930a-d12c9db0c88b 5d3c6d4daeae44f4894abecd0f5dbb19 d3f48180ccaf4cfaaf0167598da26192 - - default default] Successfully bumped revision number for resource c3b9b26f-a9cf-4a10-922f-22e98a2a8fa0 (type: networks) to 1
2026-07-21 07:48:51.343 9 INFO neutron.db.ovn_revision_numbers_db [None req-5f8b088b-74be-42a0-bb6d-1a5558424414 392083e5b101457e8f890e1524eef317 cd995afa4ffd4531a858f1c201a6e449 - - default default] Successfully bumped revision number for resource fabac1be-ad01-490b-baf7-5a9171bf83ea (type: ports) to 1
2026-07-21 07:48:51.480 9 INFO neutron.wsgi [None req-fb22fe60-5eae-4d6e-b0b9-bae9e2f6c080 392083e5b101457e8f890e1524eef317 cd995afa4ffd4531a858f1c201a6e449 - - default default] 10.0.0.158 "DELETE /v2.0/security-groups/c8420fba-a9b8-4fd9-8391-1aa620dc3e24 HTTP/1.1" status: 204 len: 168 time: 0.4734900
2026-07-21 07:48:51.506 9 WARNING neutron.scheduler.dhcp_agent_scheduler [None req-bd869542-0c55-4390-930a-d12c9db0c88b 5d3c6d4daeae44f4894abecd0f5dbb19 d3f48180ccaf4cfaaf0167598da26192 - - default default] No more DHCP agents
2026-07-21 07:48:51.510 9 WARNING neutron.api.rpc.agentnotifiers.dhcp_rpc_agent_api [None req-bd869542-0c55-4390-930a-d12c9db0c88b 5d3c6d4daeae44f4894abecd0f5dbb19 d3f48180ccaf4cfaaf0167598da26192 - - default default] Unable to schedule network c3b9b26f-a9cf-4a10-922f-22e98a2a8fa0: no agents available; will retry on subsequent port and subnet creation events.
2026-07-21 07:48:51.652 9 INFO neutron.db.ovn_revision_numbers_db [None req-bd869542-0c55-4390-930a-d12c9db0c88b 5d3c6d4daeae44f4894abecd0f5dbb19 d3f48180ccaf4cfaaf0167598da26192 - - default default] Successfully bumped revision number for resource 5b2077c4-387d-4037-b909-f9374b35fa6b (type: ports) to 1
2026-07-21 07:48:51.664 9 INFO neutron.services.segments.plugin [-] Segment 502da7cc-6ba1-40f9-b14c-7461b21475e7 resource provider aggregate not found
2026-07-21 07:48:51.668 9 INFO neutron.services.segments.plugin [-] Segment 502da7cc-6ba1-40f9-b14c-7461b21475e7 resource provider aggregate not found
2026-07-21 07:48:51.687 9 INFO neutron.services.segments.plugin [-] Segment 502da7cc-6ba1-40f9-b14c-7461b21475e7 resource provider not found; error: Placement Client Error (4xx): {"errors": [{"status": 404, "title": "Not Found", "detail": "The resource could not be found.\n\n No resource provider with uuid 502da7cc-6ba1-40f9-b14c-7461b21475e7 found for delete ", "request_id": "req-dcdf548c-19f4-4e21-b43c-f2c038bb2774"}]}
2026-07-21 07:48:51.688 9 INFO neutron.services.segments.plugin [-] Segment 502da7cc-6ba1-40f9-b14c-7461b21475e7 resource provider not found; error: Placement Client Error (4xx): {"errors": [{"status": 404, "title": "Not Found", "detail": "The resource could not be found.\n\n No resource provider with uuid 502da7cc-6ba1-40f9-b14c-7461b21475e7 found for delete ", "request_id": "req-64ca0cc8-dcdc-420e-bcb8-4e212f4cbec3"}]}
2026-07-21 07:48:51.723 10 INFO neutron.wsgi [None req-22080284-7743-463c-8f06-fc85fb08b12c 62d8e1af9cb64c48a6ee3648b34f19b5 abf78e1040e64ff49f193bfd44f9a85e - - default default] 10.0.0.158 "PUT /v2.0/routers/e96ae5af-ca50-4fcc-b64a-2abf7318e362/remove_router_interface HTTP/1.1" status: 200 len: 503 time: 0.9047310
2026-07-21 07:48:51.728 9 INFO neutron.wsgi [None req-bd869542-0c55-4390-930a-d12c9db0c88b 5d3c6d4daeae44f4894abecd0f5dbb19 d3f48180ccaf4cfaaf0167598da26192 - - default default] 10.0.0.158 "POST /v2.0/networks HTTP/1.1" status: 201 len: 928 time: 1.0124493 /var/lib/openstack/lib/python3.10/site-packages/pycadf/identifier.py:71: UserWarning: Invalid uuid: neutron. To ensure interoperability, identifiers should be a valid uuid. warnings.warn(('Invalid uuid: %s. To ensure interoperability, '
2026-07-21 07:48:51.805 9 INFO neutron.db.ovn_revision_numbers_db [None req-c80ebdc5-1d89-4258-b3ca-bfff27155338 392083e5b101457e8f890e1524eef317 cd995afa4ffd4531a858f1c201a6e449 - - default default] Successfully bumped revision number for resource 2b3c9b31-382b-4b25-9ed6-6526b52e443e (type: security_groups) to 1
2026-07-21 07:48:51.832 9 INFO neutron.db.ovn_revision_numbers_db [None req-c80ebdc5-1d89-4258-b3ca-bfff27155338 392083e5b101457e8f890e1524eef317 cd995afa4ffd4531a858f1c201a6e449 - - default default] Successfully bumped revision number for resource 106d9ab7-d2e8-47a3-b32e-b7ca0ba07b0c (type: security_group_rules) to 0
2026-07-21 07:48:51.845 10 INFO neutron.api.v2.resource [None req-6e0bcbc5-ed41-46c6-bfd1-7989944dcdb7 62d8e1af9cb64c48a6ee3648b34f19b5 abf78e1040e64ff49f193bfd44f9a85e - - default default] remove_router_interface failed (client error): The resource could not be found.
2026-07-21 07:48:51.847 10 INFO neutron.wsgi [None req-6e0bcbc5-ed41-46c6-bfd1-7989944dcdb7 62d8e1af9cb64c48a6ee3648b34f19b5 abf78e1040e64ff49f193bfd44f9a85e - - default default] 10.0.0.158 "PUT /v2.0/routers/e96ae5af-ca50-4fcc-b64a-2abf7318e362/remove_router_interface HTTP/1.1" status: 404 len: 398 time: 0.1151612
2026-07-21 07:48:51.859 9 INFO neutron.db.ovn_revision_numbers_db [None req-c80ebdc5-1d89-4258-b3ca-bfff27155338 392083e5b101457e8f890e1524eef317 cd995afa4ffd4531a858f1c201a6e449 - - default default] Successfully bumped revision number for resource 2a914dfd-b910-49cd-bb50-9e65b3faf2b5 (type: security_group_rules) to 0
2026-07-21 07:48:51.894 9 INFO neutron.db.ovn_revision_numbers_db [None req-c80ebdc5-1d89-4258-b3ca-bfff27155338 392083e5b101457e8f890e1524eef317 cd995afa4ffd4531a858f1c201a6e449 - - default default] Successfully bumped revision number for resource 898ddb5e-5757-4883-835d-f72a3f685130 (type: security_group_rules) to 0
2026-07-21 07:48:51.911 9 INFO neutron.wsgi [None req-8c2d9d3a-6757-4065-a168-d8a0d33dd231 62d8e1af9cb64c48a6ee3648b34f19b5 abf78e1040e64ff49f193bfd44f9a85e - - default default] 10.0.0.158 "GET /v2.0/ports?device_id=e96ae5af-ca50-4fcc-b64a-2abf7318e362 HTTP/1.1" status: 200 len: 205 time: 0.0433259
2026-07-21 07:48:51.932 9 INFO neutron.db.ovn_revision_numbers_db [None req-c80ebdc5-1d89-4258-b3ca-bfff27155338 392083e5b101457e8f890e1524eef317 cd995afa4ffd4531a858f1c201a6e449 - - default default] Successfully bumped revision number for resource b40dd664-2b14-47f7-a6f6-23334a3d4ad3 (type: security_group_rules) to 0
2026-07-21 07:48:51.964 9 INFO neutron.wsgi [None req-c80ebdc5-1d89-4258-b3ca-bfff27155338 392083e5b101457e8f890e1524eef317 cd995afa4ffd4531a858f1c201a6e449 - - default default] 10.0.0.158 "GET /v2.0/security-groups?tenant_id=3e8cfb846fbb416fa80e20670bbce156&name=default HTTP/1.1" status: 200 len: 2996 time: 0.3796458
2026-07-21 07:48:52.050 10 WARNING neutron.scheduler.dhcp_agent_scheduler [None req-1208a897-7b6e-4cb1-8e98-3ff106b71eef 5d3c6d4daeae44f4894abecd0f5dbb19 d3f48180ccaf4cfaaf0167598da26192 - - default default] No more DHCP agents
2026-07-21 07:48:52.057 10 WARNING neutron.api.rpc.agentnotifiers.dhcp_rpc_agent_api [None req-1208a897-7b6e-4cb1-8e98-3ff106b71eef 5d3c6d4daeae44f4894abecd0f5dbb19 d3f48180ccaf4cfaaf0167598da26192 - - default default] Unable to schedule network c3b9b26f-a9cf-4a10-922f-22e98a2a8fa0: no agents available; will retry on subsequent port and subnet creation events.
2026-07-21 07:48:52.119 10 INFO neutron.plugins.ml2.drivers.ovn.mech_driver.ovsdb.ovsdb_monitor [None req-d3c04a6b-074d-4de0-876a-630dfd84367c - - - - - -] Router 3da3c63c-8eaf-4d08-8b50-adecfd03975d is bound to host instance
2026-07-21 07:48:52.126 9 INFO neutron.db.ovn_revision_numbers_db [None req-5f8b088b-74be-42a0-bb6d-1a5558424414 392083e5b101457e8f890e1524eef317 cd995afa4ffd4531a858f1c201a6e449 - - default default] Successfully bumped revision number for resource fabac1be-ad01-490b-baf7-5a9171bf83ea (type: router_ports) to 1
2026-07-21 07:48:52.196 9 INFO neutron.db.ovn_revision_numbers_db [None req-5f8b088b-74be-42a0-bb6d-1a5558424414 392083e5b101457e8f890e1524eef317 cd995afa4ffd4531a858f1c201a6e449 - - default default] Successfully bumped revision number for resource 3da3c63c-8eaf-4d08-8b50-adecfd03975d (type: routers) to 2
2026-07-21 07:48:52.213 9 INFO neutron.wsgi [None req-5f8b088b-74be-42a0-bb6d-1a5558424414 392083e5b101457e8f890e1524eef317 cd995afa4ffd4531a858f1c201a6e449 - - default default] 10.0.0.158 "POST /v2.0/routers HTTP/1.1" status: 201 len: 878 time: 2.0044751
2026-07-21 07:48:52.370 10 INFO neutron.wsgi [None req-35f017a2-4b07-4a66-b24e-13e5594dbd39 62d8e1af9cb64c48a6ee3648b34f19b5 abf78e1040e64ff49f193bfd44f9a85e - - default default] 10.0.0.158 "DELETE /v2.0/routers/e96ae5af-ca50-4fcc-b64a-2abf7318e362 HTTP/1.1" status: 204 len: 168 time: 0.4523201
2026-07-21 07:48:52.595 10 INFO neutron.wsgi [None req-68b91b35-a3c8-45d3-a24c-bd257ec1b35c 392083e5b101457e8f890e1524eef317 cd995afa4ffd4531a858f1c201a6e449 - - default default] 10.0.0.158 "DELETE /v2.0/security-groups/2b3c9b31-382b-4b25-9ed6-6526b52e443e HTTP/1.1" status: 204 len: 168 time: 0.6194167
2026-07-21 07:48:52.636 9 INFO neutron.wsgi [None req-03089d39-0737-472d-98ed-dcff8b7c5b08 62d8e1af9cb64c48a6ee3648b34f19b5 abf78e1040e64ff49f193bfd44f9a85e - - default default] 10.0.0.158 "DELETE /v2.0/subnets/3f4cef8c-7e05-4df1-aea3-1bbf910ecaf9 HTTP/1.1" status: 204 len: 168 time: 0.2594473
2026-07-21 07:48:52.818 9 WARNING neutron.scheduler.dhcp_agent_scheduler [None req-cae1be31-c4ce-4a7e-b2bb-b024cd567761 392083e5b101457e8f890e1524eef317 cd995afa4ffd4531a858f1c201a6e449 - - default default] No more DHCP agents
2026-07-21 07:48:52.823 9 WARNING neutron.api.rpc.agentnotifiers.dhcp_rpc_agent_api [None req-cae1be31-c4ce-4a7e-b2bb-b024cd567761 392083e5b101457e8f890e1524eef317 cd995afa4ffd4531a858f1c201a6e449 - - default default] Unable to schedule network c86f510f-3abf-49e7-9adf-0a419515e626: no agents available; will retry on subsequent port and subnet creation events.
2026-07-21 07:48:52.881 10 INFO neutron.wsgi [None req-dba50ee8-1be6-4222-bf3c-931f5e303d17 392083e5b101457e8f890e1524eef317 cd995afa4ffd4531a858f1c201a6e449 - - default default] 10.0.0.158 "GET /v2.0/security-groups?tenant_id=868747cbdc204e62973e1a7dce428d88&name=default HTTP/1.1" status: 200 len: 2996 time: 0.0658569
2026-07-21 07:48:52.970 10 INFO neutron.db.ovn_revision_numbers_db [None req-d3c04a6b-074d-4de0-876a-630dfd84367c - - - - - -] Successfully bumped revision number for resource fabac1be-ad01-490b-baf7-5a9171bf83ea (type: ports) to 1
2026-07-21 07:48:52.977 10 INFO neutron.db.ovn_revision_numbers_db [None req-1208a897-7b6e-4cb1-8e98-3ff106b71eef 5d3c6d4daeae44f4894abecd0f5dbb19 d3f48180ccaf4cfaaf0167598da26192 - - default default] Successfully bumped revision number for resource 5b2077c4-387d-4037-b909-f9374b35fa6b (type: ports) to 2
2026-07-21 07:48:53.018 10 INFO neutron.db.ovn_revision_numbers_db [None req-1208a897-7b6e-4cb1-8e98-3ff106b71eef 5d3c6d4daeae44f4894abecd0f5dbb19 d3f48180ccaf4cfaaf0167598da26192 - - default default] Successfully bumped revision number for resource 26a3a594-5c3b-4891-8c6c-86dc287ead58 (type: subnets) to 0
2026-07-21 07:48:53.036 10 INFO neutron.wsgi [None req-1208a897-7b6e-4cb1-8e98-3ff106b71eef 5d3c6d4daeae44f4894abecd0f5dbb19 d3f48180ccaf4cfaaf0167598da26192 - - default default] 10.0.0.158 "POST /v2.0/subnets HTTP/1.1" status: 201 len: 822 time: 1.3023908
2026-07-21 07:48:53.045 10 WARNING neutron.api.v2.base [None req-484b71b5-3f4c-4686-9389-115bd22c364b 5d3c6d4daeae44f4894abecd0f5dbb19 d3f48180ccaf4cfaaf0167598da26192 - - default default] An exception happened while processing the request body. The exception message is [Invalid input for target_tenant. Reason: '1234123412341234123412341234123412341234123412341234123412341234123412341234123412341234123412341234123412341234123412341234123412341234123412341234123412341234123412341234123412341234123412341234123412341234123412341234123412341234123412341234123412341234123412341234123412341234123412341234123412341234123412341234123412341234123412341234123412341234123412341234123412341234123412341234123412341234' exceeds maximum length of 255.].: webob.exc.HTTPBadRequest: Invalid input for target_tenant. Reason: '1234123412341234123412341234123412341234123412341234123412341234123412341234123412341234123412341234123412341234123412341234123412341234123412341234123412341234123412341234123412341234123412341234123412341234123412341234123412341234123412341234123412341234123412341234123412341234123412341234123412341234123412341234123412341234123412341234123412341234123412341234123412341234123412341234123412341234' exceeds maximum length of 255.
2026-07-21 07:48:53.046 10 INFO neutron.api.v2.resource [None req-484b71b5-3f4c-4686-9389-115bd22c364b 5d3c6d4daeae44f4894abecd0f5dbb19 d3f48180ccaf4cfaaf0167598da26192 - - default default] create failed (client error): Invalid input for target_tenant. Reason: '1234123412341234123412341234123412341234123412341234123412341234123412341234123412341234123412341234123412341234123412341234123412341234123412341234123412341234123412341234123412341234123412341234123412341234123412341234123412341234123412341234123412341234123412341234123412341234123412341234123412341234123412341234123412341234123412341234123412341234123412341234123412341234123412341234123412341234' exceeds maximum length of 255.
2026-07-21 07:48:53.047 10 INFO neutron.wsgi [None req-484b71b5-3f4c-4686-9389-115bd22c364b 5d3c6d4daeae44f4894abecd0f5dbb19 d3f48180ccaf4cfaaf0167598da26192 - - default default] 10.0.0.158 "POST /v2.0/rbac-policies HTTP/1.1" status: 400 len: 750 time: 0.0061555
2026-07-21 07:48:53.111 9 INFO neutron.db.ovn_revision_numbers_db [None req-cae1be31-c4ce-4a7e-b2bb-b024cd567761 392083e5b101457e8f890e1524eef317 cd995afa4ffd4531a858f1c201a6e449 - - default default] Successfully bumped revision number for resource baa1abf6-63b7-4123-b2c6-4ae0761c2cc4 (type: ports) to 1
2026-07-21 07:48:53.230 10 INFO neutron.db.ovn_revision_numbers_db [None req-d3c04a6b-074d-4de0-876a-630dfd84367c - - - - - -] Successfully bumped revision number for resource fabac1be-ad01-490b-baf7-5a9171bf83ea (type: router_ports) to 3
2026-07-21 07:48:53.442 9 INFO neutron.wsgi [None req-d2767699-2077-4592-b5d0-717a3fbb83f9 62d8e1af9cb64c48a6ee3648b34f19b5 abf78e1040e64ff49f193bfd44f9a85e - - default default] 10.0.0.158 "DELETE /v2.0/networks/caa725a4-da89-41fd-a8cc-776cf9af6372 HTTP/1.1" status: 204 len: 168 time: 0.7978752
2026-07-21 07:48:53.459 9 WARNING neutron_lib.context [None req-55f37cb7-7958-4a44-b075-bfa514eef1d6 62d8e1af9cb64c48a6ee3648b34f19b5 abf78e1040e64ff49f193bfd44f9a85e - - default default] Method 'is_advsvc' is deprecated since 2023.2 release (neutron-lib 3.8.0) and will be removed once support for the old RBAC API policies will be removed from Neutron. Please use method 'is_service_role' instead.
2026-07-21 07:48:53.547 9 INFO neutron.wsgi [None req-25ec63c5-6a1f-44e9-8df3-7180505cf4ec 392083e5b101457e8f890e1524eef317 cd995afa4ffd4531a858f1c201a6e449 - - default default] 10.0.0.158 "DELETE /v2.0/security-groups/90516233-8cc7-4689-901f-3df0c778081c HTTP/1.1" status: 204 len: 168 time: 0.6544952
2026-07-21 07:48:53.571 9 INFO neutron.db.segments_db [None req-55f37cb7-7958-4a44-b075-bfa514eef1d6 62d8e1af9cb64c48a6ee3648b34f19b5 abf78e1040e64ff49f193bfd44f9a85e - - default default] Added segment e1073df2-b4bb-43af-8639-f12a7d2916d3 of type geneve for network 655bdcb5-2e9e-40b8-8511-64c40ed52355
2026-07-21 07:48:53.668 10 INFO neutron.db.ovn_revision_numbers_db [None req-d3c04a6b-074d-4de0-876a-630dfd84367c - - - - - -] Successfully bumped revision number for resource fabac1be-ad01-490b-baf7-5a9171bf83ea (type: ports) to 2
2026-07-21 07:48:53.719 9 INFO neutron.services.segments.plugin [-] Segment cf5b2f7a-20ce-4ef2-8010-cee9bcc8011e resource provider aggregate not found
2026-07-21 07:48:53.744 9 INFO neutron.services.segments.plugin [-] Segment cf5b2f7a-20ce-4ef2-8010-cee9bcc8011e resource provider aggregate not found
2026-07-21 07:48:53.761 9 INFO neutron.services.segments.plugin [-] Segment cf5b2f7a-20ce-4ef2-8010-cee9bcc8011e resource provider not found; error: Placement Client Error (4xx): {"errors": [{"status": 404, "title": "Not Found", "detail": "The resource could not be found.\n\n No resource provider with uuid cf5b2f7a-20ce-4ef2-8010-cee9bcc8011e found for delete ", "request_id": "req-971a1680-67b3-428a-90ad-f8579b6d3554"}]}
2026-07-21 07:48:53.765 9 INFO neutron.services.segments.plugin [-] Segment cf5b2f7a-20ce-4ef2-8010-cee9bcc8011e resource provider not found; error: Placement Client Error (4xx): {"errors": [{"status": 404, "title": "Not Found", "detail": "The resource could not be found.\n\n No resource provider with uuid cf5b2f7a-20ce-4ef2-8010-cee9bcc8011e found for delete ", "request_id": "req-1100655f-d060-4618-91ab-aacdc32a7ceb"}]}
2026-07-21 07:48:53.820 9 INFO neutron.db.ovn_revision_numbers_db [None req-55f37cb7-7958-4a44-b075-bfa514eef1d6 62d8e1af9cb64c48a6ee3648b34f19b5 abf78e1040e64ff49f193bfd44f9a85e - - default default] Successfully bumped revision number for resource 655bdcb5-2e9e-40b8-8511-64c40ed52355 (type: networks) to 1
2026-07-21 07:48:54.019 9 INFO neutron.db.ovn_revision_numbers_db [None req-cae1be31-c4ce-4a7e-b2bb-b024cd567761 392083e5b101457e8f890e1524eef317 cd995afa4ffd4531a858f1c201a6e449 - - default default] Successfully bumped revision number for resource baa1abf6-63b7-4123-b2c6-4ae0761c2cc4 (type: router_ports) to 1
2026-07-21 07:48:54.026 10 INFO neutron.services.segments.plugin [-] Segment 654a80bb-1764-4f4c-ba74-f4db3aeaec12 resource provider aggregate not found
2026-07-21 07:48:54.034 10 INFO neutron.services.segments.plugin [-] Segment 654a80bb-1764-4f4c-ba74-f4db3aeaec12 resource provider aggregate not found
2026-07-21 07:48:54.048 10 INFO neutron.services.segments.plugin [-] Segment 654a80bb-1764-4f4c-ba74-f4db3aeaec12 resource provider not found; error: Placement Client Error (4xx): {"errors": [{"status": 404, "title": "Not Found", "detail": "The resource could not be found.\n\n No resource provider with uuid 654a80bb-1764-4f4c-ba74-f4db3aeaec12 found for delete ", "request_id": "req-22b0d0b5-eb2d-4059-93d1-add3bdb3a9f1"}]}
2026-07-21 07:48:54.049 10 INFO neutron.db.ovn_revision_numbers_db [None req-d3c04a6b-074d-4de0-876a-630dfd84367c - - - - - -] Successfully bumped revision number for resource fabac1be-ad01-490b-baf7-5a9171bf83ea (type: ports) to 4
