2026-07-21 07:47:39.290 9 WARNING neutron.api.rpc.agentnotifiers.dhcp_rpc_agent_api [None req-ae289000-86ff-499b-9623-d409e0cd549b 392083e5b101457e8f890e1524eef317 cd995afa4ffd4531a858f1c201a6e449 - - default default] Unable to schedule network ceefd6a3-de98-4812-8a7d-1f11ce357b99: no agents available; will retry on subsequent port and subnet creation events.
2026-07-21 07:47:39.394 9 INFO neutron.db.ovn_revision_numbers_db [None req-ae289000-86ff-499b-9623-d409e0cd549b 392083e5b101457e8f890e1524eef317 cd995afa4ffd4531a858f1c201a6e449 - - default default] Successfully bumped revision number for resource 922ef587-daa6-4f11-8a93-ffebb0c1e403 (type: ports) to 1
2026-07-21 07:47:39.424 9 INFO neutron.wsgi [None req-ae289000-86ff-499b-9623-d409e0cd549b 392083e5b101457e8f890e1524eef317 cd995afa4ffd4531a858f1c201a6e449 - - default default] 10.0.0.158 "POST /v2.0/networks HTTP/1.1" status: 201 len: 946 time: 0.8216541
2026-07-21 07:47:39.490 9 WARNING neutron.scheduler.dhcp_agent_scheduler [None req-c88d7554-093a-49e2-bc43-e15994972256 392083e5b101457e8f890e1524eef317 cd995afa4ffd4531a858f1c201a6e449 - - default default] No more DHCP agents
2026-07-21 07:47:39.493 9 WARNING neutron.api.rpc.agentnotifiers.dhcp_rpc_agent_api [None req-c88d7554-093a-49e2-bc43-e15994972256 392083e5b101457e8f890e1524eef317 cd995afa4ffd4531a858f1c201a6e449 - - default default] Unable to schedule network 1f12cdb6-701e-456a-bc95-24e92231b5e9: no agents available; will retry on subsequent port and subnet creation events.
2026-07-21 07:47:39.635 9 WARNING neutron.scheduler.dhcp_agent_scheduler [None req-ffa05ac5-2bfc-4e9c-8ce8-569ae41a53ea 392083e5b101457e8f890e1524eef317 cd995afa4ffd4531a858f1c201a6e449 - - default default] No more DHCP agents
2026-07-21 07:47:39.641 9 WARNING neutron.api.rpc.agentnotifiers.dhcp_rpc_agent_api [None req-ffa05ac5-2bfc-4e9c-8ce8-569ae41a53ea 392083e5b101457e8f890e1524eef317 cd995afa4ffd4531a858f1c201a6e449 - - default default] Unable to schedule network ceefd6a3-de98-4812-8a7d-1f11ce357b99: no agents available; will retry on subsequent port and subnet creation events.
2026-07-21 07:47:39.688 9 INFO neutron.plugins.ml2.drivers.ovn.mech_driver.mech_driver [None req-edcfc3cf-e4fd-463d-9ac2-f673b9c71150 - - - - - -] OVN reports status up for port: c8aaaa23-0ce6-4bbd-aff1-b813ea37ee1e
2026-07-21 07:47:39.701 9 INFO neutron.plugins.ml2.plugin [None req-edcfc3cf-e4fd-463d-9ac2-f673b9c71150 - - - - - -] Attempt 1 to provision port c8aaaa23-0ce6-4bbd-aff1-b813ea37ee1e
2026-07-21 07:47:39.702 10 INFO neutron.db.ovn_revision_numbers_db [None req-6c656d67-eed9-473b-806e-dc34d60db918 768e1b9b6a604ec393685d9a3a436238 8379eebea03b466889f77b9c84b92998 - - default default] Successfully bumped revision number for resource c8aaaa23-0ce6-4bbd-aff1-b813ea37ee1e (type: router_ports) to 1
2026-07-21 07:47:39.766 10 INFO neutron.db.ovn_revision_numbers_db [None req-6c656d67-eed9-473b-806e-dc34d60db918 768e1b9b6a604ec393685d9a3a436238 8379eebea03b466889f77b9c84b92998 - - default default] Successfully bumped revision number for resource 75473a6d-4f59-4044-8fcd-075ed53c6aa4 (type: routers) to 2
2026-07-21 07:47:39.785 10 INFO neutron.wsgi [None req-6c656d67-eed9-473b-806e-dc34d60db918 768e1b9b6a604ec393685d9a3a436238 8379eebea03b466889f77b9c84b92998 - - default default] 10.0.0.158 "POST /v2.0/routers HTTP/1.1" status: 201 len: 874 time: 1.6292331
2026-07-21 07:47:40.177 9 INFO neutron.db.ovn_revision_numbers_db [None req-c88d7554-093a-49e2-bc43-e15994972256 392083e5b101457e8f890e1524eef317 cd995afa4ffd4531a858f1c201a6e449 - - default default] Successfully bumped revision number for resource 52984699-a327-4e58-9f62-fa5ccb93b023 (type: ports) to 2
2026-07-21 07:47:40.226 9 INFO neutron.db.ovn_revision_numbers_db [None req-c88d7554-093a-49e2-bc43-e15994972256 392083e5b101457e8f890e1524eef317 cd995afa4ffd4531a858f1c201a6e449 - - default default] Successfully bumped revision number for resource 572782b5-c7f8-40e6-a2ec-78d5788357b7 (type: subnets) to 0
2026-07-21 07:47:40.244 9 INFO neutron.wsgi [None req-c88d7554-093a-49e2-bc43-e15994972256 392083e5b101457e8f890e1524eef317 cd995afa4ffd4531a858f1c201a6e449 - - default default] 10.0.0.158 "POST /v2.0/subnets HTTP/1.1" status: 201 len: 861 time: 0.9676881
2026-07-21 07:47:40.316 9 INFO neutron.db.ovn_revision_numbers_db [None req-ffa05ac5-2bfc-4e9c-8ce8-569ae41a53ea 392083e5b101457e8f890e1524eef317 cd995afa4ffd4531a858f1c201a6e449 - - default default] Successfully bumped revision number for resource 922ef587-daa6-4f11-8a93-ffebb0c1e403 (type: ports) to 2
2026-07-21 07:47:40.394 9 INFO neutron.db.ovn_revision_numbers_db [None req-ffa05ac5-2bfc-4e9c-8ce8-569ae41a53ea 392083e5b101457e8f890e1524eef317 cd995afa4ffd4531a858f1c201a6e449 - - default default] Successfully bumped revision number for resource ec03c79a-86bc-4ee4-afbb-6f31c5392995 (type: subnets) to 0
2026-07-21 07:47:40.406 10 WARNING neutron.scheduler.dhcp_agent_scheduler [None req-1ef9c788-4a93-4a39-8126-663f9815d242 768e1b9b6a604ec393685d9a3a436238 8379eebea03b466889f77b9c84b92998 - - default default] No more DHCP agents
2026-07-21 07:47:40.408 10 WARNING neutron.api.rpc.agentnotifiers.dhcp_rpc_agent_api [None req-1ef9c788-4a93-4a39-8126-663f9815d242 768e1b9b6a604ec393685d9a3a436238 8379eebea03b466889f77b9c84b92998 - - default default] Unable to schedule network f6cd2c08-190e-42c2-bb85-00948b72beaf: no agents available; will retry on subsequent port and subnet creation events.
2026-07-21 07:47:40.415 9 INFO neutron.wsgi [None req-ffa05ac5-2bfc-4e9c-8ce8-569ae41a53ea 392083e5b101457e8f890e1524eef317 cd995afa4ffd4531a858f1c201a6e449 - - default default] 10.0.0.158 "POST /v2.0/subnets HTTP/1.1" status: 201 len: 866 time: 0.9857128
2026-07-21 07:47:40.555 10 INFO neutron.db.ovn_revision_numbers_db [None req-1ef9c788-4a93-4a39-8126-663f9815d242 768e1b9b6a604ec393685d9a3a436238 8379eebea03b466889f77b9c84b92998 - - default default] Successfully bumped revision number for resource 8dae2e2e-1c53-4c95-b03b-16866b534d34 (type: ports) to 1
2026-07-21 07:47:40.843 9 WARNING neutron.scheduler.dhcp_agent_scheduler [None req-d2b6932a-11bb-4164-bea8-1df6db755c02 392083e5b101457e8f890e1524eef317 cd995afa4ffd4531a858f1c201a6e449 - - default default] No more DHCP agents
2026-07-21 07:47:40.849 9 WARNING neutron.api.rpc.agentnotifiers.dhcp_rpc_agent_api [None req-d2b6932a-11bb-4164-bea8-1df6db755c02 392083e5b101457e8f890e1524eef317 cd995afa4ffd4531a858f1c201a6e449 - - default default] Unable to schedule network aff44d3b-7972-44ba-8030-c8f4900b0d1a: no agents available; will retry on subsequent port and subnet creation events.
2026-07-21 07:47:40.994 10 INFO neutron.plugins.ml2.drivers.ovn.mech_driver.mech_driver [None req-9a7bc7a7-8e58-4f31-9213-24392d36372a - - - - - -] OVN reports status up for port: 8dae2e2e-1c53-4c95-b03b-16866b534d34
2026-07-21 07:47:41.008 10 INFO neutron.plugins.ml2.plugin [None req-9a7bc7a7-8e58-4f31-9213-24392d36372a - - - - - -] Attempt 1 to provision port 8dae2e2e-1c53-4c95-b03b-16866b534d34
2026-07-21 07:47:41.027 10 INFO neutron.db.ovn_revision_numbers_db [None req-1ef9c788-4a93-4a39-8126-663f9815d242 768e1b9b6a604ec393685d9a3a436238 8379eebea03b466889f77b9c84b92998 - - default default] Successfully bumped revision number for resource 8dae2e2e-1c53-4c95-b03b-16866b534d34 (type: router_ports) to 1
2026-07-21 07:47:41.032 9 WARNING neutron.scheduler.dhcp_agent_scheduler [None req-799bebb1-1a90-4ea4-bcfb-777c114d7cde 392083e5b101457e8f890e1524eef317 cd995afa4ffd4531a858f1c201a6e449 - - default default] No more DHCP agents
2026-07-21 07:47:41.037 9 WARNING neutron.api.rpc.agentnotifiers.dhcp_rpc_agent_api [None req-799bebb1-1a90-4ea4-bcfb-777c114d7cde 392083e5b101457e8f890e1524eef317 cd995afa4ffd4531a858f1c201a6e449 - - default default] Unable to schedule network aff44d3b-7972-44ba-8030-c8f4900b0d1a: no agents available; will retry on subsequent port and subnet creation events.
2026-07-21 07:47:41.092 9 INFO neutron.db.ovn_revision_numbers_db [None req-d2b6932a-11bb-4164-bea8-1df6db755c02 392083e5b101457e8f890e1524eef317 cd995afa4ffd4531a858f1c201a6e449 - - default default] Successfully bumped revision number for resource 3a0fe8b9-87b1-484c-a234-f1b6658c1a05 (type: ports) to 1
2026-07-21 07:47:41.219 10 INFO neutron.db.ovn_revision_numbers_db [None req-1ef9c788-4a93-4a39-8126-663f9815d242 768e1b9b6a604ec393685d9a3a436238 8379eebea03b466889f77b9c84b92998 - - default default] Successfully bumped revision number for resource 8dae2e2e-1c53-4c95-b03b-16866b534d34 (type: ports) to 1
2026-07-21 07:47:41.331 10 WARNING neutron.scheduler.dhcp_agent_scheduler [None req-1ef9c788-4a93-4a39-8126-663f9815d242 768e1b9b6a604ec393685d9a3a436238 8379eebea03b466889f77b9c84b92998 - - default default] No more DHCP agents
2026-07-21 07:47:41.334 10 WARNING neutron.api.rpc.agentnotifiers.dhcp_rpc_agent_api [None req-1ef9c788-4a93-4a39-8126-663f9815d242 768e1b9b6a604ec393685d9a3a436238 8379eebea03b466889f77b9c84b92998 - - default default] Unable to schedule network f6cd2c08-190e-42c2-bb85-00948b72beaf: no agents available; will retry on subsequent port and subnet creation events.
2026-07-21 07:47:41.352 10 INFO neutron.db.ovn_revision_numbers_db [None req-9a7bc7a7-8e58-4f31-9213-24392d36372a - - - - - -] Successfully bumped revision number for resource 8dae2e2e-1c53-4c95-b03b-16866b534d34 (type: ports) to 2
2026-07-21 07:47:41.502 9 INFO neutron.db.ovn_revision_numbers_db [None req-799bebb1-1a90-4ea4-bcfb-777c114d7cde 392083e5b101457e8f890e1524eef317 cd995afa4ffd4531a858f1c201a6e449 - - default default] Successfully bumped revision number for resource 7173458e-4a61-4f6e-8876-d6191d1519d0 (type: ports) to 1
2026-07-21 07:47:41.735 10 INFO neutron.db.ovn_revision_numbers_db [None req-9a7bc7a7-8e58-4f31-9213-24392d36372a - - - - - -] Successfully bumped revision number for resource 8dae2e2e-1c53-4c95-b03b-16866b534d34 (type: router_ports) to 2
2026-07-21 07:47:41.994 10 INFO neutron.db.ovn_revision_numbers_db [None req-1ef9c788-4a93-4a39-8126-663f9815d242 768e1b9b6a604ec393685d9a3a436238 8379eebea03b466889f77b9c84b92998 - - default default] Successfully bumped revision number for resource 8dae2e2e-1c53-4c95-b03b-16866b534d34 (type: router_ports) to 2
2026-07-21 07:47:41.999 10 INFO neutron.wsgi [None req-1ef9c788-4a93-4a39-8126-663f9815d242 768e1b9b6a604ec393685d9a3a436238 8379eebea03b466889f77b9c84b92998 - - default default] 10.0.0.158 "PUT /v2.0/routers/75473a6d-4f59-4044-8fcd-075ed53c6aa4/add_router_interface HTTP/1.1" status: 200 len: 503 time: 2.2095320
2026-07-21 07:47:42.010 10 WARNING neutron_lib.context [None req-e973e8d3-6e2f-4b01-b53e-d341b26ed8af 768e1b9b6a604ec393685d9a3a436238 8379eebea03b466889f77b9c84b92998 - - default default] Method 'is_advsvc' is deprecated since 2023.2 release (neutron-lib 3.8.0) and will be removed once support for the old RBAC API policies will be removed from Neutron. Please use method 'is_service_role' instead.
2026-07-21 07:47:42.115 9 INFO neutron.plugins.ml2.drivers.ovn.mech_driver.ovsdb.ovsdb_monitor [-] Router 829f082d-ff12-4db7-94b7-0cd0ce001aa6 is bound to host instance
2026-07-21 07:47:42.166 9 INFO neutron.db.ovn_revision_numbers_db [None req-d2b6932a-11bb-4164-bea8-1df6db755c02 392083e5b101457e8f890e1524eef317 cd995afa4ffd4531a858f1c201a6e449 - - default default] Successfully bumped revision number for resource 3a0fe8b9-87b1-484c-a234-f1b6658c1a05 (type: router_ports) to 1
2026-07-21 07:47:42.280 9 INFO neutron.db.ovn_revision_numbers_db [None req-d2b6932a-11bb-4164-bea8-1df6db755c02 392083e5b101457e8f890e1524eef317 cd995afa4ffd4531a858f1c201a6e449 - - default default] Successfully bumped revision number for resource 829f082d-ff12-4db7-94b7-0cd0ce001aa6 (type: routers) to 2
2026-07-21 07:47:42.313 9 INFO neutron.wsgi [None req-d2b6932a-11bb-4164-bea8-1df6db755c02 392083e5b101457e8f890e1524eef317 cd995afa4ffd4531a858f1c201a6e449 - - default default] 10.0.0.158 "POST /v2.0/routers HTTP/1.1" status: 201 len: 872 time: 2.0649924 /var/lib/openstack/lib/python3.10/site-packages/pycadf/identifier.py:71: UserWarning: Invalid uuid: neutron. To ensure interoperability, identifiers should be a valid uuid. warnings.warn(('Invalid uuid: %s. To ensure interoperability, '
2026-07-21 07:47:42.352 10 INFO neutron.plugins.ml2.drivers.ovn.mech_driver.ovsdb.ovsdb_monitor [None req-d3c04a6b-074d-4de0-876a-630dfd84367c - - - - - -] Router 6128a1cf-80ec-42c9-ad9d-474c32ef720b is bound to host instance
2026-07-21 07:47:42.361 9 INFO neutron.db.ovn_revision_numbers_db [None req-799bebb1-1a90-4ea4-bcfb-777c114d7cde 392083e5b101457e8f890e1524eef317 cd995afa4ffd4531a858f1c201a6e449 - - default default] Successfully bumped revision number for resource 7173458e-4a61-4f6e-8876-d6191d1519d0 (type: router_ports) to 1
2026-07-21 07:47:42.382 10 WARNING neutron.scheduler.dhcp_agent_scheduler [None req-e973e8d3-6e2f-4b01-b53e-d341b26ed8af 768e1b9b6a604ec393685d9a3a436238 8379eebea03b466889f77b9c84b92998 - - default default] No more DHCP agents
2026-07-21 07:47:42.389 10 WARNING neutron.api.rpc.agentnotifiers.dhcp_rpc_agent_api [None req-e973e8d3-6e2f-4b01-b53e-d341b26ed8af 768e1b9b6a604ec393685d9a3a436238 8379eebea03b466889f77b9c84b92998 - - default default] Unable to schedule network f6cd2c08-190e-42c2-bb85-00948b72beaf: no agents available; will retry on subsequent port and subnet creation events.
2026-07-21 07:47:42.666 9 INFO neutron.db.ovn_revision_numbers_db [None req-799bebb1-1a90-4ea4-bcfb-777c114d7cde 392083e5b101457e8f890e1524eef317 cd995afa4ffd4531a858f1c201a6e449 - - default default] Successfully bumped revision number for resource 6128a1cf-80ec-42c9-ad9d-474c32ef720b (type: routers) to 2
2026-07-21 07:47:42.685 9 INFO neutron.wsgi [None req-799bebb1-1a90-4ea4-bcfb-777c114d7cde 392083e5b101457e8f890e1524eef317 cd995afa4ffd4531a858f1c201a6e449 - - default default] 10.0.0.158 "POST /v2.0/routers HTTP/1.1" status: 201 len: 877 time: 2.2661245
2026-07-21 07:47:42.727 10 INFO neutron.db.ovn_revision_numbers_db [None req-e973e8d3-6e2f-4b01-b53e-d341b26ed8af 768e1b9b6a604ec393685d9a3a436238 8379eebea03b466889f77b9c84b92998 - - default default] Successfully bumped revision number for resource e183ce09-c576-48b5-a7e8-e0b9e8fb9ae8 (type: ports) to 1
2026-07-21 07:47:42.781 10 INFO neutron.wsgi [None req-e973e8d3-6e2f-4b01-b53e-d341b26ed8af 768e1b9b6a604ec393685d9a3a436238 8379eebea03b466889f77b9c84b92998 - - default default] 10.0.0.158 "POST /v2.0/ports HTTP/1.1" status: 201 len: 1154 time: 0.7763536 /var/lib/openstack/lib/python3.10/site-packages/pycadf/identifier.py:71: UserWarning: Invalid uuid: neutron. To ensure interoperability, identifiers should be a valid uuid. warnings.warn(('Invalid uuid: %s. To ensure interoperability, '
2026-07-21 07:47:42.795 10 WARNING neutron_lib.context [None req-fba816a2-906e-4a2b-8cb1-a8e875fa1b45 768e1b9b6a604ec393685d9a3a436238 8379eebea03b466889f77b9c84b92998 - - default default] Method 'is_advsvc' is deprecated since 2023.2 release (neutron-lib 3.8.0) and will be removed once support for the old RBAC API policies will be removed from Neutron. Please use method 'is_service_role' instead.
2026-07-21 07:47:43.142 9 INFO neutron.db.ovn_revision_numbers_db [None req-4e58c11a-1e77-44b9-a0ed-f89bc631c34e - - - - - -] Successfully bumped revision number for resource 3a0fe8b9-87b1-484c-a234-f1b6658c1a05 (type: ports) to 1
2026-07-21 07:47:43.149 9 INFO neutron.db.ovn_revision_numbers_db [None req-41caf7e7-6e10-48b4-a46d-55021c6a9dc1 392083e5b101457e8f890e1524eef317 cd995afa4ffd4531a858f1c201a6e449 - - default default] Successfully bumped revision number for resource aaebd820-3a3f-4b14-a58b-de13cf5f5ae7 (type: security_groups) to 1
2026-07-21 07:47:43.171 10 WARNING neutron.scheduler.dhcp_agent_scheduler [None req-0d153d04-b94d-49df-ac85-55926f4092d2 392083e5b101457e8f890e1524eef317 cd995afa4ffd4531a858f1c201a6e449 - - default default] No more DHCP agents
2026-07-21 07:47:43.175 9 INFO neutron.db.ovn_revision_numbers_db [None req-41caf7e7-6e10-48b4-a46d-55021c6a9dc1 392083e5b101457e8f890e1524eef317 cd995afa4ffd4531a858f1c201a6e449 - - default default] Successfully bumped revision number for resource 22402355-5295-4768-8f19-d77ee3db9886 (type: security_group_rules) to 0
2026-07-21 07:47:43.179 10 WARNING neutron.api.rpc.agentnotifiers.dhcp_rpc_agent_api [None req-0d153d04-b94d-49df-ac85-55926f4092d2 392083e5b101457e8f890e1524eef317 cd995afa4ffd4531a858f1c201a6e449 - - default default] Unable to schedule network 1f12cdb6-701e-456a-bc95-24e92231b5e9: no agents available; will retry on subsequent port and subnet creation events.
2026-07-21 07:47:43.200 9 INFO neutron.db.ovn_revision_numbers_db [None req-41caf7e7-6e10-48b4-a46d-55021c6a9dc1 392083e5b101457e8f890e1524eef317 cd995afa4ffd4531a858f1c201a6e449 - - default default] Successfully bumped revision number for resource 47159192-f974-4e27-a660-bfb4d3945b26 (type: security_group_rules) to 0
2026-07-21 07:47:43.237 9 INFO neutron.db.ovn_revision_numbers_db [None req-41caf7e7-6e10-48b4-a46d-55021c6a9dc1 392083e5b101457e8f890e1524eef317 cd995afa4ffd4531a858f1c201a6e449 - - default default] Successfully bumped revision number for resource e62755ee-f86b-49e7-9053-cc73bc289d26 (type: security_group_rules) to 0
2026-07-21 07:47:43.257 9 INFO neutron.db.ovn_revision_numbers_db [None req-41caf7e7-6e10-48b4-a46d-55021c6a9dc1 392083e5b101457e8f890e1524eef317 cd995afa4ffd4531a858f1c201a6e449 - - default default] Successfully bumped revision number for resource fde162ac-f5b0-4a2d-821d-57e5050ead8b (type: security_group_rules) to 0
2026-07-21 07:47:43.283 10 INFO neutron.db.ovn_revision_numbers_db [None req-d3c04a6b-074d-4de0-876a-630dfd84367c - - - - - -] Successfully bumped revision number for resource 7173458e-4a61-4f6e-8876-d6191d1519d0 (type: ports) to 1
2026-07-21 07:47:43.304 9 INFO neutron.wsgi [None req-41caf7e7-6e10-48b4-a46d-55021c6a9dc1 392083e5b101457e8f890e1524eef317 cd995afa4ffd4531a858f1c201a6e449 - - default default] 10.0.0.158 "GET /v2.0/security-groups?tenant_id=ed141489589f413598d7ef7e3bdb0ca8&name=default HTTP/1.1" status: 200 len: 2996 time: 0.5015295
2026-07-21 07:47:43.393 9 WARNING neutron.scheduler.dhcp_agent_scheduler [None req-3181249b-4cfa-40cc-a047-466525f41b84 392083e5b101457e8f890e1524eef317 cd995afa4ffd4531a858f1c201a6e449 - - default default] No more DHCP agents
2026-07-21 07:47:43.397 9 WARNING neutron.api.rpc.agentnotifiers.dhcp_rpc_agent_api [None req-3181249b-4cfa-40cc-a047-466525f41b84 392083e5b101457e8f890e1524eef317 cd995afa4ffd4531a858f1c201a6e449 - - default default] Unable to schedule network ceefd6a3-de98-4812-8a7d-1f11ce357b99: no agents available; will retry on subsequent port and subnet creation events.
2026-07-21 07:47:43.410 10 WARNING neutron.scheduler.dhcp_agent_scheduler [None req-fba816a2-906e-4a2b-8cb1-a8e875fa1b45 768e1b9b6a604ec393685d9a3a436238 8379eebea03b466889f77b9c84b92998 - - default default] No more DHCP agents
2026-07-21 07:47:43.423 10 WARNING neutron.api.rpc.agentnotifiers.dhcp_rpc_agent_api [None req-fba816a2-906e-4a2b-8cb1-a8e875fa1b45 768e1b9b6a604ec393685d9a3a436238 8379eebea03b466889f77b9c84b92998 - - default default] Unable to schedule network f6cd2c08-190e-42c2-bb85-00948b72beaf: no agents available; will retry on subsequent port and subnet creation events.
2026-07-21 07:47:43.460 9 INFO neutron.db.ovn_revision_numbers_db [None req-4e58c11a-1e77-44b9-a0ed-f89bc631c34e - - - - - -] Successfully bumped revision number for resource 3a0fe8b9-87b1-484c-a234-f1b6658c1a05 (type: router_ports) to 3
2026-07-21 07:47:43.575 10 INFO neutron.db.ovn_revision_numbers_db [None req-0d153d04-b94d-49df-ac85-55926f4092d2 392083e5b101457e8f890e1524eef317 cd995afa4ffd4531a858f1c201a6e449 - - default default] Successfully bumped revision number for resource 5ec0fe5b-3788-4f0e-bc86-c72132fe1d53 (type: ports) to 1
2026-07-21 07:47:43.598 9 INFO neutron.db.ovn_revision_numbers_db [None req-3181249b-4cfa-40cc-a047-466525f41b84 392083e5b101457e8f890e1524eef317 cd995afa4ffd4531a858f1c201a6e449 - - default default] Successfully bumped revision number for resource 50a98e0e-5c91-472f-91eb-a8c9820911be (type: ports) to 1
2026-07-21 07:47:43.649 9 INFO neutron.db.ovn_revision_numbers_db [None req-4e58c11a-1e77-44b9-a0ed-f89bc631c34e - - - - - -] Successfully bumped revision number for resource 3a0fe8b9-87b1-484c-a234-f1b6658c1a05 (type: ports) to 2
2026-07-21 07:47:43.964 9 INFO neutron.db.ovn_revision_numbers_db [None req-4e58c11a-1e77-44b9-a0ed-f89bc631c34e - - - - - -] Successfully bumped revision number for resource 3a0fe8b9-87b1-484c-a234-f1b6658c1a05 (type: ports) to 4
2026-07-21 07:47:44.052 10 INFO neutron.db.ovn_revision_numbers_db [None req-d3c04a6b-074d-4de0-876a-630dfd84367c - - - - - -] Successfully bumped revision number for resource 7173458e-4a61-4f6e-8876-d6191d1519d0 (type: router_ports) to 3
2026-07-21 07:47:44.108 10 INFO neutron.db.ovn_revision_numbers_db [None req-fba816a2-906e-4a2b-8cb1-a8e875fa1b45 768e1b9b6a604ec393685d9a3a436238 8379eebea03b466889f77b9c84b92998 - - default default] Successfully bumped revision number for resource eee182cb-803e-40b2-9767-54f4efd88057 (type: ports) to 1
2026-07-21 07:47:44.113 9 INFO neutron.db.ovn_revision_numbers_db [None req-3181249b-4cfa-40cc-a047-466525f41b84 392083e5b101457e8f890e1524eef317 cd995afa4ffd4531a858f1c201a6e449 - - default default] Successfully bumped revision number for resource 50a98e0e-5c91-472f-91eb-a8c9820911be (type: router_ports) to 1
2026-07-21 07:47:44.163 10 INFO neutron.wsgi [None req-fba816a2-906e-4a2b-8cb1-a8e875fa1b45 768e1b9b6a604ec393685d9a3a436238 8379eebea03b466889f77b9c84b92998 - - default default] 10.0.0.158 "POST /v2.0/ports HTTP/1.1" status: 201 len: 1157 time: 1.3746278
2026-07-21 07:47:44.168 10 INFO neutron.wsgi [None req-05cb66d6-3459-483a-a35b-9c88ffadcdf5 392083e5b101457e8f890e1524eef317 cd995afa4ffd4531a858f1c201a6e449 - - default default] 10.0.0.158 "DELETE /v2.0/security-groups/aaebd820-3a3f-4b14-a58b-de13cf5f5ae7 HTTP/1.1" status: 204 len: 168 time: 0.8596239
2026-07-21 07:47:44.177 9 WARNING neutron_lib.context [None req-40645d4b-0241-4aa3-827e-464aafb450fc 768e1b9b6a604ec393685d9a3a436238 8379eebea03b466889f77b9c84b92998 - - default default] Method 'is_advsvc' is deprecated since 2023.2 release (neutron-lib 3.8.0) and will be removed once support for the old RBAC API policies will be removed from Neutron. Please use method 'is_service_role' instead.
2026-07-21 07:47:44.268 9 INFO neutron.db.ovn_revision_numbers_db [None req-4e58c11a-1e77-44b9-a0ed-f89bc631c34e - - - - - -] Successfully bumped revision number for resource 3a0fe8b9-87b1-484c-a234-f1b6658c1a05 (type: router_ports) to 4
2026-07-21 07:47:44.322 10 INFO neutron.db.ovn_revision_numbers_db [None req-d3c04a6b-074d-4de0-876a-630dfd84367c - - - - - -] Successfully bumped revision number for resource 7173458e-4a61-4f6e-8876-d6191d1519d0 (type: ports) to 2
2026-07-21 07:47:44.478 10 INFO neutron.db.ovn_revision_numbers_db [None req-0d153d04-b94d-49df-ac85-55926f4092d2 392083e5b101457e8f890e1524eef317 cd995afa4ffd4531a858f1c201a6e449 - - default default] Successfully bumped revision number for resource 5ec0fe5b-3788-4f0e-bc86-c72132fe1d53 (type: router_ports) to 1
2026-07-21 07:47:44.581 9 INFO neutron.db.ovn_revision_numbers_db [None req-3181249b-4cfa-40cc-a047-466525f41b84 392083e5b101457e8f890e1524eef317 cd995afa4ffd4531a858f1c201a6e449 - - default default] Successfully bumped revision number for resource 50a98e0e-5c91-472f-91eb-a8c9820911be (type: ports) to 1
2026-07-21 07:47:44.674 9 WARNING neutron.scheduler.dhcp_agent_scheduler [None req-3181249b-4cfa-40cc-a047-466525f41b84 392083e5b101457e8f890e1524eef317 cd995afa4ffd4531a858f1c201a6e449 - - default default] No more DHCP agents
2026-07-21 07:47:44.680 9 WARNING neutron.api.rpc.agentnotifiers.dhcp_rpc_agent_api [None req-3181249b-4cfa-40cc-a047-466525f41b84 392083e5b101457e8f890e1524eef317 cd995afa4ffd4531a858f1c201a6e449 - - default default] Unable to schedule network ceefd6a3-de98-4812-8a7d-1f11ce357b99: no agents available; will retry on subsequent port and subnet creation events.
2026-07-21 07:47:44.709 10 INFO neutron.db.ovn_revision_numbers_db [None req-d3c04a6b-074d-4de0-876a-630dfd84367c - - - - - -] Successfully bumped revision number for resource 7173458e-4a61-4f6e-8876-d6191d1519d0 (type: ports) to 4
2026-07-21 07:47:44.723 10 INFO neutron.db.ovn_revision_numbers_db [None req-0d153d04-b94d-49df-ac85-55926f4092d2 392083e5b101457e8f890e1524eef317 cd995afa4ffd4531a858f1c201a6e449 - - default default] Successfully bumped revision number for resource 5ec0fe5b-3788-4f0e-bc86-c72132fe1d53 (type: ports) to 1
2026-07-21 07:47:44.757 9 WARNING neutron.scheduler.dhcp_agent_scheduler [None req-40645d4b-0241-4aa3-827e-464aafb450fc 768e1b9b6a604ec393685d9a3a436238 8379eebea03b466889f77b9c84b92998 - - default default] No more DHCP agents
2026-07-21 07:47:44.762 9 WARNING neutron.api.rpc.agentnotifiers.dhcp_rpc_agent_api [None req-40645d4b-0241-4aa3-827e-464aafb450fc 768e1b9b6a604ec393685d9a3a436238 8379eebea03b466889f77b9c84b92998 - - default default] Unable to schedule network aff44d3b-7972-44ba-8030-c8f4900b0d1a: no agents available; will retry on subsequent port and subnet creation events.
2026-07-21 07:47:44.856 10 WARNING neutron.scheduler.dhcp_agent_scheduler [None req-0d153d04-b94d-49df-ac85-55926f4092d2 392083e5b101457e8f890e1524eef317 cd995afa4ffd4531a858f1c201a6e449 - - default default] No more DHCP agents
2026-07-21 07:47:44.860 10 WARNING neutron.api.rpc.agentnotifiers.dhcp_rpc_agent_api [None req-0d153d04-b94d-49df-ac85-55926f4092d2 392083e5b101457e8f890e1524eef317 cd995afa4ffd4531a858f1c201a6e449 - - default default] Unable to schedule network 1f12cdb6-701e-456a-bc95-24e92231b5e9: no agents available; will retry on subsequent port and subnet creation events.
2026-07-21 07:47:45.052 10 INFO neutron.db.ovn_revision_numbers_db [None req-d3c04a6b-074d-4de0-876a-630dfd84367c - - - - - -] Successfully bumped revision number for resource 7173458e-4a61-4f6e-8876-d6191d1519d0 (type: router_ports) to 4
2026-07-21 07:47:45.055 9 WARNING neutron.plugins.ml2.drivers.ovn.mech_driver.ovsdb.ovn_client [None req-edcfc3cf-e4fd-463d-9ac2-f673b9c71150 - - - - - -] No hosting information found for port c8aaaa23-0ce6-4bbd-aff1-b813ea37ee1e: RuntimeError: No hosting information found for port c8aaaa23-0ce6-4bbd-aff1-b813ea37ee1e
2026-07-21 07:47:45.055 9 INFO neutron.plugins.ml2.drivers.ovn.mech_driver.mech_driver [None req-edcfc3cf-e4fd-463d-9ac2-f673b9c71150 - - - - - -] OVN reports status up for port: 50a98e0e-5c91-472f-91eb-a8c9820911be
2026-07-21 07:47:45.085 9 INFO neutron.plugins.ml2.plugin [None req-edcfc3cf-e4fd-463d-9ac2-f673b9c71150 - - - - - -] Attempt 1 to provision port 50a98e0e-5c91-472f-91eb-a8c9820911be
2026-07-21 07:47:45.537 9 INFO neutron.db.l3_db [None req-40645d4b-0241-4aa3-827e-464aafb450fc 768e1b9b6a604ec393685d9a3a436238 8379eebea03b466889f77b9c84b92998 - - default default] Floating IP eb57d386-f3cb-4f61-bf23-7b54e62d5ffb associated. External IP: 10.96.250.207, port: eee182cb-803e-40b2-9767-54f4efd88057.
2026-07-21 07:47:45.579 10 INFO neutron.db.ovn_revision_numbers_db [None req-0d153d04-b94d-49df-ac85-55926f4092d2 392083e5b101457e8f890e1524eef317 cd995afa4ffd4531a858f1c201a6e449 - - default default] Successfully bumped revision number for resource 5ec0fe5b-3788-4f0e-bc86-c72132fe1d53 (type: router_ports) to 1
2026-07-21 07:47:45.582 10 INFO neutron.wsgi [None req-0d153d04-b94d-49df-ac85-55926f4092d2 392083e5b101457e8f890e1524eef317 cd995afa4ffd4531a858f1c201a6e449 - - default default] 10.0.0.158 "PUT /v2.0/routers/829f082d-ff12-4db7-94b7-0cd0ce001aa6/add_router_interface HTTP/1.1" status: 200 len: 503 time: 3.2535913
2026-07-21 07:47:45.631 9 INFO neutron.db.ovn_revision_numbers_db [None req-edcfc3cf-e4fd-463d-9ac2-f673b9c71150 - - - - - -] Successfully bumped revision number for resource 50a98e0e-5c91-472f-91eb-a8c9820911be (type: ports) to 2
2026-07-21 07:47:45.990 9 INFO neutron.db.ovn_revision_numbers_db [None req-edcfc3cf-e4fd-463d-9ac2-f673b9c71150 - - - - - -] Successfully bumped revision number for resource 50a98e0e-5c91-472f-91eb-a8c9820911be (type: router_ports) to 2
2026-07-21 07:47:46.009 9 INFO neutron.db.ovn_revision_numbers_db [None req-3181249b-4cfa-40cc-a047-466525f41b84 392083e5b101457e8f890e1524eef317 cd995afa4ffd4531a858f1c201a6e449 - - default default] Successfully bumped revision number for resource 50a98e0e-5c91-472f-91eb-a8c9820911be (type: router_ports) to 1
2026-07-21 07:47:46.011 9 INFO neutron.wsgi [None req-3181249b-4cfa-40cc-a047-466525f41b84 392083e5b101457e8f890e1524eef317 cd995afa4ffd4531a858f1c201a6e449 - - default default] 10.0.0.158 "PUT /v2.0/routers/6128a1cf-80ec-42c9-ad9d-474c32ef720b/add_router_interface HTTP/1.1" status: 200 len: 503 time: 3.3178089 /var/lib/openstack/lib/python3.10/site-packages/pycadf/identifier.py:71: UserWarning: Invalid uuid: neutron. To ensure interoperability, identifiers should be a valid uuid. warnings.warn(('Invalid uuid: %s. To ensure interoperability, '
2026-07-21 07:47:46.058 9 INFO neutron.db.ovn_revision_numbers_db [None req-40645d4b-0241-4aa3-827e-464aafb450fc 768e1b9b6a604ec393685d9a3a436238 8379eebea03b466889f77b9c84b92998 - - default default] Successfully bumped revision number for resource eb57d386-f3cb-4f61-bf23-7b54e62d5ffb (type: floatingips) to 0
2026-07-21 07:47:46.209 9 INFO neutron.db.ovn_revision_numbers_db [None req-40645d4b-0241-4aa3-827e-464aafb450fc 768e1b9b6a604ec393685d9a3a436238 8379eebea03b466889f77b9c84b92998 - - default default] Successfully bumped revision number for resource eb57d386-f3cb-4f61-bf23-7b54e62d5ffb (type: floatingips) to 1
2026-07-21 07:47:46.215 10 INFO neutron.db.ovn_revision_numbers_db [None req-96c90e81-bf97-4931-a591-d7706dbb58d2 392083e5b101457e8f890e1524eef317 cd995afa4ffd4531a858f1c201a6e449 - - default default] Successfully bumped revision number for resource 2d364d6c-8e23-405c-abae-04d5592ece90 (type: security_groups) to 1
2026-07-21 07:47:46.235 10 INFO neutron.db.ovn_revision_numbers_db [None req-96c90e81-bf97-4931-a591-d7706dbb58d2 392083e5b101457e8f890e1524eef317 cd995afa4ffd4531a858f1c201a6e449 - - default default] Successfully bumped revision number for resource 0fa88bca-0f4c-4f97-9815-1d7515a3e171 (type: security_group_rules) to 0
2026-07-21 07:47:46.248 10 INFO neutron.db.ovn_revision_numbers_db [None req-96c90e81-bf97-4931-a591-d7706dbb58d2 392083e5b101457e8f890e1524eef317 cd995afa4ffd4531a858f1c201a6e449 - - default default] Successfully bumped revision number for resource 730ed796-5e55-4cfa-8f65-bfc7025ea68d (type: security_group_rules) to 0
2026-07-21 07:47:46.253 9 INFO neutron.wsgi [None req-40645d4b-0241-4aa3-827e-464aafb450fc 768e1b9b6a604ec393685d9a3a436238 8379eebea03b466889f77b9c84b92998 - - default default] 10.0.0.158 "POST /v2.0/floatingips HTTP/1.1" status: 201 len: 1041 time: 2.0823281
2026-07-21 07:47:46.264 10 INFO neutron.db.ovn_revision_numbers_db [None req-96c90e81-bf97-4931-a591-d7706dbb58d2 392083e5b101457e8f890e1524eef317 cd995afa4ffd4531a858f1c201a6e449 - - default default] Successfully bumped revision number for resource 799797d8-c5a7-4442-969b-003836d46b56 (type: security_group_rules) to 0
2026-07-21 07:47:46.289 10 INFO neutron.db.ovn_revision_numbers_db [None req-96c90e81-bf97-4931-a591-d7706dbb58d2 392083e5b101457e8f890e1524eef317 cd995afa4ffd4531a858f1c201a6e449 - - default default] Successfully bumped revision number for resource 86b4e94a-3da1-41f7-8904-6e4003d69f78 (type: security_group_rules) to 0
2026-07-21 07:47:46.352 10 INFO neutron.db.segments_db [None req-96c90e81-bf97-4931-a591-d7706dbb58d2 392083e5b101457e8f890e1524eef317 cd995afa4ffd4531a858f1c201a6e449 - - default default] Added segment a7d21378-cc06-40c1-9f46-5246366e0a3e of type geneve for network df7d3a41-4500-4b57-ac46-7c94a4f7bbcf
2026-07-21 07:47:46.418 9 INFO neutron.db.l3_db [None req-126430ed-b931-4c5c-8afd-f480529e810e 768e1b9b6a604ec393685d9a3a436238 8379eebea03b466889f77b9c84b92998 - - default default] Floating IP eb57d386-f3cb-4f61-bf23-7b54e62d5ffb disassociated. External IP: 10.96.250.207, port: eee182cb-803e-40b2-9767-54f4efd88057.
2026-07-21 07:47:46.466 9 INFO neutron.db.ovn_revision_numbers_db [None req-126430ed-b931-4c5c-8afd-f480529e810e 768e1b9b6a604ec393685d9a3a436238 8379eebea03b466889f77b9c84b92998 - - default default] Successfully bumped revision number for resource eb57d386-f3cb-4f61-bf23-7b54e62d5ffb (type: floatingips) to 2
2026-07-21 07:47:46.526 10 INFO neutron.db.ovn_revision_numbers_db [None req-96c90e81-bf97-4931-a591-d7706dbb58d2 392083e5b101457e8f890e1524eef317 cd995afa4ffd4531a858f1c201a6e449 - - default default] Successfully bumped revision number for resource df7d3a41-4500-4b57-ac46-7c94a4f7bbcf (type: networks) to 1
2026-07-21 07:47:46.545 9 INFO neutron.wsgi [None req-126430ed-b931-4c5c-8afd-f480529e810e 768e1b9b6a604ec393685d9a3a436238 8379eebea03b466889f77b9c84b92998 - - default default] 10.0.0.158 "PUT /v2.0/floatingips/eb57d386-f3cb-4f61-bf23-7b54e62d5ffb HTTP/1.1" status: 200 len: 748 time: 0.2857413
2026-07-21 07:47:46.591 9 WARNING neutron_lib.context [None req-985c9bfb-074a-4572-bb01-8f1f1609fd0a 4b73146f55124677af1a0c01b88de78d f7d0320b88554d43b6eccce89c3827b6 - - default default] Method 'is_advsvc' is deprecated since 2023.2 release (neutron-lib 3.8.0) and will be removed once support for the old RBAC API policies will be removed from Neutron. Please use method 'is_service_role' instead.
2026-07-21 07:47:46.714 9 INFO neutron.db.ovn_revision_numbers_db [None req-985c9bfb-074a-4572-bb01-8f1f1609fd0a 4b73146f55124677af1a0c01b88de78d f7d0320b88554d43b6eccce89c3827b6 - - default default] Successfully bumped revision number for resource 846548c3-3086-44e4-ae33-aa5650e53100 (type: security_groups) to 1
2026-07-21 07:47:46.728 9 INFO neutron.db.ovn_revision_numbers_db [None req-985c9bfb-074a-4572-bb01-8f1f1609fd0a 4b73146f55124677af1a0c01b88de78d f7d0320b88554d43b6eccce89c3827b6 - - default default] Successfully bumped revision number for resource 0f951aba-9797-4f39-a82b-82bb3c94883f (type: security_group_rules) to 0
2026-07-21 07:47:46.743 9 INFO neutron.db.ovn_revision_numbers_db [None req-985c9bfb-074a-4572-bb01-8f1f1609fd0a 4b73146f55124677af1a0c01b88de78d f7d0320b88554d43b6eccce89c3827b6 - - default default] Successfully bumped revision number for resource 224b1be8-bb3c-4de1-8253-7ffb52986124 (type: security_group_rules) to 0
2026-07-21 07:47:46.768 9 INFO neutron.wsgi [None req-985c9bfb-074a-4572-bb01-8f1f1609fd0a 4b73146f55124677af1a0c01b88de78d f7d0320b88554d43b6eccce89c3827b6 - - default default] 10.0.0.158 "POST /v2.0/security-groups HTTP/1.1" status: 201 len: 1796 time: 0.1827872
2026-07-21 07:47:46.768 10 WARNING neutron.scheduler.dhcp_agent_scheduler [None req-96c90e81-bf97-4931-a591-d7706dbb58d2 392083e5b101457e8f890e1524eef317 cd995afa4ffd4531a858f1c201a6e449 - - default default] No more DHCP agents
2026-07-21 07:47:46.773 10 WARNING neutron.api.rpc.agentnotifiers.dhcp_rpc_agent_api [None req-96c90e81-bf97-4931-a591-d7706dbb58d2 392083e5b101457e8f890e1524eef317 cd995afa4ffd4531a858f1c201a6e449 - - default default] Unable to schedule network df7d3a41-4500-4b57-ac46-7c94a4f7bbcf: no agents available; will retry on subsequent port and subnet creation events.
2026-07-21 07:47:46.780 9 WARNING neutron_lib.context [None req-fe483b2d-8eb3-4bdb-bfe2-f22732c88342 4b73146f55124677af1a0c01b88de78d f7d0320b88554d43b6eccce89c3827b6 - - default default] Method 'is_advsvc' is deprecated since 2023.2 release (neutron-lib 3.8.0) and will be removed once support for the old RBAC API policies will be removed from Neutron. Please use method 'is_service_role' instead.
2026-07-21 07:47:46.888 10 INFO neutron.db.ovn_revision_numbers_db [None req-96c90e81-bf97-4931-a591-d7706dbb58d2 392083e5b101457e8f890e1524eef317 cd995afa4ffd4531a858f1c201a6e449 - - default default] Successfully bumped revision number for resource 18456ab6-3b3e-49f4-9341-af57b3c4d41b (type: ports) to 1
2026-07-21 07:47:46.917 9 INFO neutron.db.ovn_revision_numbers_db [None req-fe483b2d-8eb3-4bdb-bfe2-f22732c88342 4b73146f55124677af1a0c01b88de78d f7d0320b88554d43b6eccce89c3827b6 - - default default] Successfully bumped revision number for resource 27101f5f-403f-4d5b-a706-a72aca332f52 (type: security_group_rules) to 0
2026-07-21 07:47:46.929 10 INFO neutron.wsgi [None req-96c90e81-bf97-4931-a591-d7706dbb58d2 392083e5b101457e8f890e1524eef317 cd995afa4ffd4531a858f1c201a6e449 - - default default] 10.0.0.158 "POST /v2.0/networks HTTP/1.1" status: 201 len: 942 time: 1.0950501
2026-07-21 07:47:46.943 9 INFO neutron.wsgi [None req-fe483b2d-8eb3-4bdb-bfe2-f22732c88342 4b73146f55124677af1a0c01b88de78d f7d0320b88554d43b6eccce89c3827b6 - - default default] 10.0.0.158 "POST /v2.0/security-group-rules HTTP/1.1" status: 201 len: 764 time: 0.1675487
2026-07-21 07:47:46.950 10 WARNING neutron_lib.context [None req-7cd01956-28b9-44f7-a13a-b3762a5a990a 4b73146f55124677af1a0c01b88de78d f7d0320b88554d43b6eccce89c3827b6 - - default default] Method 'is_advsvc' is deprecated since 2023.2 release (neutron-lib 3.8.0) and will be removed once support for the old RBAC API policies will be removed from Neutron. Please use method 'is_service_role' instead.
2026-07-21 07:47:47.068 10 INFO neutron.wsgi [None req-d18f8ae7-9cce-474a-b3b7-7089e6227450 768e1b9b6a604ec393685d9a3a436238 8379eebea03b466889f77b9c84b92998 - - default default] 10.0.0.158 "DELETE /v2.0/floatingips/eb57d386-f3cb-4f61-bf23-7b54e62d5ffb HTTP/1.1" status: 204 len: 168 time: 0.5177903
2026-07-21 07:47:47.080 9 WARNING neutron_lib.context [None req-1a2ddf6b-b61b-40bf-b59c-aad4a9b6d930 768e1b9b6a604ec393685d9a3a436238 8379eebea03b466889f77b9c84b92998 - - default default] Method 'is_advsvc' is deprecated since 2023.2 release (neutron-lib 3.8.0) and will be removed once support for the old RBAC API policies will be removed from Neutron. Please use method 'is_service_role' instead.
2026-07-21 07:47:47.374 9 WARNING neutron.scheduler.dhcp_agent_scheduler [None req-1a2ddf6b-b61b-40bf-b59c-aad4a9b6d930 768e1b9b6a604ec393685d9a3a436238 8379eebea03b466889f77b9c84b92998 - - default default] No more DHCP agents
2026-07-21 07:47:47.375 9 WARNING neutron.api.rpc.agentnotifiers.dhcp_rpc_agent_api [None req-1a2ddf6b-b61b-40bf-b59c-aad4a9b6d930 768e1b9b6a604ec393685d9a3a436238 8379eebea03b466889f77b9c84b92998 - - default default] Unable to schedule network aff44d3b-7972-44ba-8030-c8f4900b0d1a: no agents available; will retry on subsequent port and subnet creation events.
2026-07-21 07:47:47.439 10 WARNING neutron.scheduler.dhcp_agent_scheduler [None req-a213627f-2285-4fc5-ba0c-60a3e0569658 392083e5b101457e8f890e1524eef317 cd995afa4ffd4531a858f1c201a6e449 - - default default] No more DHCP agents
2026-07-21 07:47:47.446 10 WARNING neutron.api.rpc.agentnotifiers.dhcp_rpc_agent_api [None req-a213627f-2285-4fc5-ba0c-60a3e0569658 392083e5b101457e8f890e1524eef317 cd995afa4ffd4531a858f1c201a6e449 - - default default] Unable to schedule network df7d3a41-4500-4b57-ac46-7c94a4f7bbcf: no agents available; will retry on subsequent port and subnet creation events.
2026-07-21 07:47:47.454 10 WARNING neutron.plugins.ml2.drivers.ovn.mech_driver.ovsdb.ovn_client [None req-9a7bc7a7-8e58-4f31-9213-24392d36372a - - - - - -] No hosting information found for port 8dae2e2e-1c53-4c95-b03b-16866b534d34: RuntimeError: No hosting information found for port 8dae2e2e-1c53-4c95-b03b-16866b534d34
2026-07-21 07:47:47.455 10 INFO neutron.plugins.ml2.drivers.ovn.mech_driver.mech_driver [None req-9a7bc7a7-8e58-4f31-9213-24392d36372a - - - - - -] OVN reports status up for port: 3a0fe8b9-87b1-484c-a234-f1b6658c1a05
2026-07-21 07:47:47.474 10 INFO neutron.plugins.ml2.plugin [None req-9a7bc7a7-8e58-4f31-9213-24392d36372a - - - - - -] Attempt 1 to provision port 3a0fe8b9-87b1-484c-a234-f1b6658c1a05
2026-07-21 07:47:47.478 10 INFO neutron.db.ovn_revision_numbers_db [None req-7cd01956-28b9-44f7-a13a-b3762a5a990a 4b73146f55124677af1a0c01b88de78d f7d0320b88554d43b6eccce89c3827b6 - - default default] Successfully bumped revision number for resource 1b0d442c-32b3-4dc7-bb69-7ab5701e984e (type: security_group_rules) to 0
2026-07-21 07:47:47.525 10 INFO neutron.wsgi [None req-7cd01956-28b9-44f7-a13a-b3762a5a990a 4b73146f55124677af1a0c01b88de78d f7d0320b88554d43b6eccce89c3827b6 - - default default] 10.0.0.158 "POST /v2.0/security-group-rules HTTP/1.1" status: 201 len: 769 time: 0.5788147
2026-07-21 07:47:47.536 10 WARNING neutron_lib.context [None req-6b61ab75-236e-4385-ae5f-0b59c58ebd60 4b73146f55124677af1a0c01b88de78d f7d0320b88554d43b6eccce89c3827b6 - - default default] Method 'is_advsvc' is deprecated since 2023.2 release (neutron-lib 3.8.0) and will be removed once support for the old RBAC API policies will be removed from Neutron. Please use method 'is_service_role' instead.
2026-07-21 07:47:47.617 10 INFO neutron.plugins.ml2.drivers.ovn.mech_driver.mech_driver [None req-9a7bc7a7-8e58-4f31-9213-24392d36372a - - - - - -] OVN reports status up for port: 7173458e-4a61-4f6e-8876-d6191d1519d0
2026-07-21 07:47:47.643 10 INFO neutron.plugins.ml2.plugin [None req-9a7bc7a7-8e58-4f31-9213-24392d36372a - - - - - -] Attempt 1 to provision port 7173458e-4a61-4f6e-8876-d6191d1519d0
2026-07-21 07:47:47.764 9 INFO neutron.db.l3_db [None req-1a2ddf6b-b61b-40bf-b59c-aad4a9b6d930 768e1b9b6a604ec393685d9a3a436238 8379eebea03b466889f77b9c84b92998 - - default default] Floating IP e311b8ec-0867-4cc3-9189-4612d7766d6d associated. External IP: 10.96.250.203, port: e183ce09-c576-48b5-a7e8-e0b9e8fb9ae8.
2026-07-21 07:47:47.912 9 INFO neutron.wsgi [req-6a1eedcc-c03e-4595-b904-fcd92dbb0bb0 req-04ca6263-725d-478e-a08a-6407936de3a0 743665242b6447ee9095b3d2a733f3de 2ced595c353241ae934769be6523ef88 - - default default] 10.0.0.29 "GET /v2.0/networks?id=1f12cdb6-701e-456a-bc95-24e92231b5e9 HTTP/1.1" status: 200 len: 870 time: 0.1240985
2026-07-21 07:47:47.939 9 INFO neutron.wsgi [req-6a1eedcc-c03e-4595-b904-fcd92dbb0bb0 req-d0a8347e-6fc3-4f3c-a970-4bac5e8f2c3b 743665242b6447ee9095b3d2a733f3de 2ced595c353241ae934769be6523ef88 - - default default] 10.0.0.29 "GET /v2.0/quotas/2ced595c353241ae934769be6523ef88 HTTP/1.1" status: 200 len: 386 time: 0.0194709
2026-07-21 07:47:48.035 10 WARNING neutron.scheduler.dhcp_agent_scheduler [None req-6b61ab75-236e-4385-ae5f-0b59c58ebd60 4b73146f55124677af1a0c01b88de78d f7d0320b88554d43b6eccce89c3827b6 - - default default] No more DHCP agents
2026-07-21 07:47:48.039 10 WARNING neutron.api.rpc.agentnotifiers.dhcp_rpc_agent_api [None req-6b61ab75-236e-4385-ae5f-0b59c58ebd60 4b73146f55124677af1a0c01b88de78d f7d0320b88554d43b6eccce89c3827b6 - - default default] Unable to schedule network aff44d3b-7972-44ba-8030-c8f4900b0d1a: no agents available; will retry on subsequent port and subnet creation events.
2026-07-21 07:47:48.044 9 INFO neutron.db.ovn_revision_numbers_db [None req-1a2ddf6b-b61b-40bf-b59c-aad4a9b6d930 768e1b9b6a604ec393685d9a3a436238 8379eebea03b466889f77b9c84b92998 - - default default] Successfully bumped revision number for resource e311b8ec-0867-4cc3-9189-4612d7766d6d (type: floatingips) to 0
2026-07-21 07:47:48.075 9 INFO neutron.wsgi [req-6a1eedcc-c03e-4595-b904-fcd92dbb0bb0 req-488572a8-42f4-407e-9735-a3dee750ea24 743665242b6447ee9095b3d2a733f3de 2ced595c353241ae934769be6523ef88 - - default default] 10.0.0.29 "GET /v2.0/ports?tenant_id=2ced595c353241ae934769be6523ef88&fields=id HTTP/1.1" status: 200 len: 302 time: 0.1243846
2026-07-21 07:47:48.161 9 INFO neutron.wsgi [req-6a1eedcc-c03e-4595-b904-fcd92dbb0bb0 req-2b1c0a66-96ba-42ea-98be-3cb6e5c05971 f1708b344cf944ceb4b45a23543aa568 5fbacf0cf08d4a29ab97893c932fdab7 - - 941e9478a541400a9dea1998c30101af 941e9478a541400a9dea1998c30101af] 10.0.0.29 "GET /v2.0/networks/1f12cdb6-701e-456a-bc95-24e92231b5e9?fields=segments HTTP/1.1" status: 200 len: 212 time: 0.0773489
2026-07-21 07:47:48.192 9 INFO neutron.db.ovn_revision_numbers_db [None req-1a2ddf6b-b61b-40bf-b59c-aad4a9b6d930 768e1b9b6a604ec393685d9a3a436238 8379eebea03b466889f77b9c84b92998 - - default default] Successfully bumped revision number for resource e311b8ec-0867-4cc3-9189-4612d7766d6d (type: floatingips) to 1
2026-07-21 07:47:48.224 10 INFO neutron.db.ovn_revision_numbers_db [None req-a213627f-2285-4fc5-ba0c-60a3e0569658 392083e5b101457e8f890e1524eef317 cd995afa4ffd4531a858f1c201a6e449 - - default default] Successfully bumped revision number for resource 18456ab6-3b3e-49f4-9341-af57b3c4d41b (type: ports) to 2
2026-07-21 07:47:48.245 9 INFO neutron.wsgi [req-6a1eedcc-c03e-4595-b904-fcd92dbb0bb0 req-41b72f42-91f1-4f3d-a66b-977c8d0cfc3a f1708b344cf944ceb4b45a23543aa568 5fbacf0cf08d4a29ab97893c932fdab7 - - 941e9478a541400a9dea1998c30101af 941e9478a541400a9dea1998c30101af] 10.0.0.29 "GET /v2.0/networks/1f12cdb6-701e-456a-bc95-24e92231b5e9?fields=provider%3Aphysical_network&fields=provider%3Anetwork_type HTTP/1.1" status: 200 len: 277 time: 0.0751185
2026-07-21 07:47:48.247 9 INFO neutron.wsgi [None req-1a2ddf6b-b61b-40bf-b59c-aad4a9b6d930 768e1b9b6a604ec393685d9a3a436238 8379eebea03b466889f77b9c84b92998 - - default default] 10.0.0.158 "POST /v2.0/floatingips HTTP/1.1" status: 201 len: 1041 time: 1.1721096
2026-07-21 07:47:48.273 10 INFO neutron.db.ovn_revision_numbers_db [None req-a213627f-2285-4fc5-ba0c-60a3e0569658 392083e5b101457e8f890e1524eef317 cd995afa4ffd4531a858f1c201a6e449 - - default default] Successfully bumped revision number for resource 63c8fd1f-c9c9-4e08-8c81-0915d423782d (type: subnets) to 0
2026-07-21 07:47:48.290 10 INFO neutron.wsgi [None req-a213627f-2285-4fc5-ba0c-60a3e0569658 392083e5b101457e8f890e1524eef317 cd995afa4ffd4531a858f1c201a6e449 - - default default] 10.0.0.158 "POST /v2.0/subnets HTTP/1.1" status: 201 len: 862 time: 1.3546679
2026-07-21 07:47:48.293 9 INFO neutron.wsgi [None req-8d5a5c46-40e9-45d7-acd1-4014cea2bba4 768e1b9b6a604ec393685d9a3a436238 8379eebea03b466889f77b9c84b92998 - - default default] 10.0.0.158 "GET /v2.0/floatingips/e311b8ec-0867-4cc3-9189-4612d7766d6d HTTP/1.1" status: 200 len: 1038 time: 0.0393159 /var/lib/openstack/lib/python3.10/site-packages/pycadf/identifier.py:71: UserWarning: Invalid uuid: neutron. To ensure interoperability, identifiers should be a valid uuid. warnings.warn(('Invalid uuid: %s. To ensure interoperability, '
2026-07-21 07:47:48.377 9 INFO neutron.wsgi [req-84530732-2fc8-43a2-9a3b-7ba34f84bc7c req-0e2be1bb-e586-4d7f-ac8b-01181b11a28c 743665242b6447ee9095b3d2a733f3de 2ced595c353241ae934769be6523ef88 - - default default] 10.0.0.29 "GET /v2.0/ports?device_id=155e1064-6896-437c-8155-d6dec46cb8d6 HTTP/1.1" status: 200 len: 210 time: 0.0255761
2026-07-21 07:47:48.389 10 INFO neutron.wsgi [None req-04948156-5895-4467-aeab-4ef600f2504d 768e1b9b6a604ec393685d9a3a436238 8379eebea03b466889f77b9c84b92998 - - default default] 10.0.0.158 "GET /v2.0/floatingips HTTP/1.1" status: 200 len: 1041 time: 0.0900021
2026-07-21 07:47:48.436 10 INFO neutron.db.ovn_revision_numbers_db [None req-6b61ab75-236e-4385-ae5f-0b59c58ebd60 4b73146f55124677af1a0c01b88de78d f7d0320b88554d43b6eccce89c3827b6 - - default default] Successfully bumped revision number for resource b3e85f5a-65a2-47d3-9ead-80bd01e6bf43 (type: floatingips) to 0
2026-07-21 07:47:48.467 10 INFO neutron.wsgi [None req-6b61ab75-236e-4385-ae5f-0b59c58ebd60 4b73146f55124677af1a0c01b88de78d f7d0320b88554d43b6eccce89c3827b6 - - default default] 10.0.0.158 "POST /v2.0/floatingips HTTP/1.1" status: 201 len: 751 time: 0.9359963
2026-07-21 07:47:48.693 10 INFO neutron.db.l3_db [None req-baa82c67-62c6-4e7f-bb12-f1b01981c1cd 768e1b9b6a604ec393685d9a3a436238 8379eebea03b466889f77b9c84b92998 - - default default] Floating IP e311b8ec-0867-4cc3-9189-4612d7766d6d associated. External IP: 10.96.250.203, port: e183ce09-c576-48b5-a7e8-e0b9e8fb9ae8.
2026-07-21 07:47:48.777 9 WARNING neutron.scheduler.dhcp_agent_scheduler [None req-02ecb69d-2021-4ffb-8aad-aae5c7dce2e9 392083e5b101457e8f890e1524eef317 cd995afa4ffd4531a858f1c201a6e449 - - default default] No more DHCP agents
2026-07-21 07:47:48.779 9 WARNING neutron.api.rpc.agentnotifiers.dhcp_rpc_agent_api [None req-02ecb69d-2021-4ffb-8aad-aae5c7dce2e9 392083e5b101457e8f890e1524eef317 cd995afa4ffd4531a858f1c201a6e449 - - default default] Unable to schedule network aff44d3b-7972-44ba-8030-c8f4900b0d1a: no agents available; will retry on subsequent port and subnet creation events.
2026-07-21 07:47:48.927 9 INFO neutron.wsgi [req-66c045d2-6280-44c1-a9f3-97a6bbb1a08c req-c1a4bf0e-313c-4667-9ef9-d593aab94380 4b73146f55124677af1a0c01b88de78d f7d0320b88554d43b6eccce89c3827b6 - - default default] 10.0.0.29 "GET /v2.0/security-groups?name=tempest-securitygroup--1661645726&fields=id&tenant_id=f7d0320b88554d43b6eccce89c3827b6 HTTP/1.1" status: 200 len: 267 time: 0.0520332
2026-07-21 07:47:48.953 10 INFO neutron.db.ovn_revision_numbers_db [None req-baa82c67-62c6-4e7f-bb12-f1b01981c1cd 768e1b9b6a604ec393685d9a3a436238 8379eebea03b466889f77b9c84b92998 - - default default] Successfully bumped revision number for resource e311b8ec-0867-4cc3-9189-4612d7766d6d (type: floatingips) to 2
2026-07-21 07:47:49.000 9 INFO neutron.db.ovn_revision_numbers_db [None req-02ecb69d-2021-4ffb-8aad-aae5c7dce2e9 392083e5b101457e8f890e1524eef317 cd995afa4ffd4531a858f1c201a6e449 - - default default] Successfully bumped revision number for resource f44c5dc6-043e-4eb2-a36c-c0c05e2d7cc4 (type: ports) to 1
2026-07-21 07:47:49.029 9 INFO neutron.wsgi [req-66c045d2-6280-44c1-a9f3-97a6bbb1a08c req-528a0d0a-2050-4c26-a21d-0cdf8aa08464 4b73146f55124677af1a0c01b88de78d f7d0320b88554d43b6eccce89c3827b6 - - default default] 10.0.0.29 "GET /v2.0/networks?id=ceefd6a3-de98-4812-8a7d-1f11ce357b99 HTTP/1.1" status: 200 len: 875 time: 0.0887818
2026-07-21 07:47:49.041 10 INFO neutron.wsgi [-] 10.0.0.246 "GET / HTTP/1.1" status: 200 len: 247 time: 0.0019965
