2026-07-21 07:47:18.837 9 INFO neutron.db.ovn_revision_numbers_db [None req-23f2f874-fc2b-4f2e-8301-3b1fbaa570e5 2d34045d945e4586a6b22f36a9643a06 3b8cd9de8481439c8af33f5e7f38361d - - default default] Successfully bumped revision number for resource 759b2d9a-6716-49fe-82ca-88f53ec22ac0 (type: security_group_rules) to 0
2026-07-21 07:47:18.866 9 INFO neutron.db.ovn_revision_numbers_db [None req-23f2f874-fc2b-4f2e-8301-3b1fbaa570e5 2d34045d945e4586a6b22f36a9643a06 3b8cd9de8481439c8af33f5e7f38361d - - default default] Successfully bumped revision number for resource b870f9bd-c936-496d-aebf-ad5e16cf57f5 (type: security_group_rules) to 0
2026-07-21 07:47:18.915 9 INFO neutron.wsgi [None req-23f2f874-fc2b-4f2e-8301-3b1fbaa570e5 2d34045d945e4586a6b22f36a9643a06 3b8cd9de8481439c8af33f5e7f38361d - - default default] 10.0.0.158 "POST /v2.0/security-groups HTTP/1.1" status: 201 len: 1761 time: 0.7068071
2026-07-21 07:47:18.991 9 INFO neutron.wsgi [None req-b3182f47-b50c-4e55-802b-e31aec3bbef2 2d34045d945e4586a6b22f36a9643a06 3b8cd9de8481439c8af33f5e7f38361d - - default default] 10.0.0.158 "GET /v2.0/security-groups HTTP/1.1" status: 200 len: 4539 time: 0.0698097
2026-07-21 07:47:19.025 9 INFO neutron.wsgi [None req-5cb2b744-90e9-4062-bad4-8e4423ad7fc3 392083e5b101457e8f890e1524eef317 cd995afa4ffd4531a858f1c201a6e449 - - default default] 10.0.0.158 "DELETE /v2.0/security-groups/7c2ab40d-0106-419a-a3e6-6ccedad6fee4 HTTP/1.1" status: 204 len: 168 time: 0.3874948
2026-07-21 07:47:19.031 10 INFO neutron.db.ovn_revision_numbers_db [None req-dd2a058c-276a-4108-9149-d8bced68be4f 392083e5b101457e8f890e1524eef317 cd995afa4ffd4531a858f1c201a6e449 - - default default] Successfully bumped revision number for resource 8bd94dbb-3bae-4667-b4b9-b2cd662bb991 (type: ports) to 1
2026-07-21 07:47:19.041 9 INFO neutron.wsgi [-] 10.0.0.246 "GET / HTTP/1.1" status: 200 len: 247 time: 0.0013082
2026-07-21 07:47:19.043 9 INFO neutron.wsgi [-] 10.0.0.246 "GET / HTTP/1.1" status: 200 len: 247 time: 0.0009074
2026-07-21 07:47:19.156 10 INFO neutron.db.ovn_revision_numbers_db [None req-a8afe39b-b617-4f8c-836e-88122fac53b1 2d34045d945e4586a6b22f36a9643a06 3b8cd9de8481439c8af33f5e7f38361d - - default default] Successfully bumped revision number for resource 16c0e9fe-841a-4c62-bc90-5f582cb1409d (type: security_groups) to 2
2026-07-21 07:47:19.159 10 INFO neutron.wsgi [None req-a8afe39b-b617-4f8c-836e-88122fac53b1 2d34045d945e4586a6b22f36a9643a06 3b8cd9de8481439c8af33f5e7f38361d - - default default] 10.0.0.158 "PUT /v2.0/security-groups/16c0e9fe-841a-4c62-bc90-5f582cb1409d HTTP/1.1" status: 200 len: 1795 time: 0.1624048
2026-07-21 07:47:19.182 9 INFO neutron.services.segments.plugin [-] Segment 101221fc-b30c-4cab-9e7f-5a1eaf56f063 resource provider aggregate not found
2026-07-21 07:47:19.188 9 INFO neutron.services.segments.plugin [-] Segment 101221fc-b30c-4cab-9e7f-5a1eaf56f063 resource provider aggregate not found
2026-07-21 07:47:19.198 9 INFO neutron.wsgi [None req-9d7363be-5617-4011-bd3b-e5f58a9711f4 392083e5b101457e8f890e1524eef317 cd995afa4ffd4531a858f1c201a6e449 - - default default] 10.0.0.158 "DELETE /v2.0/networks/7c00b5a9-979f-4d7f-a87c-4f8844559b6a HTTP/1.1" status: 204 len: 168 time: 0.5207448
2026-07-21 07:47:19.207 9 INFO neutron.services.segments.plugin [-] Segment 101221fc-b30c-4cab-9e7f-5a1eaf56f063 resource provider not found; error: Placement Client Error (4xx): {"errors": [{"status": 404, "title": "Not Found", "detail": "The resource could not be found.\n\n No resource provider with uuid 101221fc-b30c-4cab-9e7f-5a1eaf56f063 found for delete ", "request_id": "req-6761d19e-49ce-4e5d-9e55-8280612ca0f7"}]}
2026-07-21 07:47:19.208 9 INFO neutron.services.segments.plugin [-] Segment 101221fc-b30c-4cab-9e7f-5a1eaf56f063 resource provider not found; error: Placement Client Error (4xx): {"errors": [{"status": 404, "title": "Not Found", "detail": "The resource could not be found.\n\n No resource provider with uuid 101221fc-b30c-4cab-9e7f-5a1eaf56f063 found for delete ", "request_id": "req-ed7fe95c-7a99-4cb8-bdf4-87ac68a8a5b8"}]}
2026-07-21 07:47:19.210 10 INFO neutron.wsgi [None req-b7fa1641-5430-4def-9ce5-fd094c39c435 2d34045d945e4586a6b22f36a9643a06 3b8cd9de8481439c8af33f5e7f38361d - - default default] 10.0.0.158 "GET /v2.0/security-groups/16c0e9fe-841a-4c62-bc90-5f582cb1409d HTTP/1.1" status: 200 len: 1795 time: 0.0462811
2026-07-21 07:47:19.347 9 INFO neutron.wsgi [None req-b1e5d6b1-aab7-4689-bee6-d88f160cee4e 2d34045d945e4586a6b22f36a9643a06 3b8cd9de8481439c8af33f5e7f38361d - - default default] 10.0.0.158 "DELETE /v2.0/security-groups/16c0e9fe-841a-4c62-bc90-5f582cb1409d HTTP/1.1" status: 204 len: 168 time: 0.1269915
2026-07-21 07:47:19.385 9 INFO neutron.wsgi [None req-d19c884b-b792-4d60-8fbc-8eeed87a50f2 392083e5b101457e8f890e1524eef317 cd995afa4ffd4531a858f1c201a6e449 - - default default] 10.0.0.158 "GET /v2.0/security-groups?tenant_id=4c7cabb78c5c455abd2a8b12951cbc7c&name=default HTTP/1.1" status: 200 len: 2996 time: 0.0352151
2026-07-21 07:47:19.396 10 INFO neutron.wsgi [None req-7ee8bf0d-d976-41eb-a9dc-8e3e911ab38a 2d34045d945e4586a6b22f36a9643a06 3b8cd9de8481439c8af33f5e7f38361d - - default default] 10.0.0.158 "GET /v2.0/security-groups HTTP/1.1" status: 200 len: 2996 time: 0.0460916
2026-07-21 07:47:19.414 9 INFO neutron.api.v2.resource [None req-9aeb457a-e0d9-4ee1-bab1-a067f5edc4d6 2d34045d945e4586a6b22f36a9643a06 3b8cd9de8481439c8af33f5e7f38361d - - default default] delete failed (client error): The resource could not be found.
2026-07-21 07:47:19.415 9 INFO neutron.wsgi [None req-9aeb457a-e0d9-4ee1-bab1-a067f5edc4d6 2d34045d945e4586a6b22f36a9643a06 3b8cd9de8481439c8af33f5e7f38361d - - default default] 10.0.0.158 "DELETE /v2.0/security-groups/16c0e9fe-841a-4c62-bc90-5f582cb1409d HTTP/1.1" status: 404 len: 347 time: 0.0135827
2026-07-21 07:47:19.426 9 WARNING neutron_lib.context [None req-7d64cab5-f145-4bdf-aa22-7b658a94816c 2d34045d945e4586a6b22f36a9643a06 3b8cd9de8481439c8af33f5e7f38361d - - default default] Method 'is_advsvc' is deprecated since 2023.2 release (neutron-lib 3.8.0) and will be removed once support for the old RBAC API policies will be removed from Neutron. Please use method 'is_service_role' instead.
2026-07-21 07:47:19.551 9 INFO neutron.db.ovn_revision_numbers_db [None req-7d64cab5-f145-4bdf-aa22-7b658a94816c 2d34045d945e4586a6b22f36a9643a06 3b8cd9de8481439c8af33f5e7f38361d - - default default] Successfully bumped revision number for resource adf5900a-eec1-4be2-a06a-3c134a39ed17 (type: security_groups) to 1
2026-07-21 07:47:19.570 9 INFO neutron.db.ovn_revision_numbers_db [None req-7d64cab5-f145-4bdf-aa22-7b658a94816c 2d34045d945e4586a6b22f36a9643a06 3b8cd9de8481439c8af33f5e7f38361d - - default default] Successfully bumped revision number for resource 10658390-8c88-47ef-bf1a-dcf27161fa6d (type: security_group_rules) to 0
2026-07-21 07:47:19.583 9 INFO neutron.db.ovn_revision_numbers_db [None req-7d64cab5-f145-4bdf-aa22-7b658a94816c 2d34045d945e4586a6b22f36a9643a06 3b8cd9de8481439c8af33f5e7f38361d - - default default] Successfully bumped revision number for resource b75d4686-4b45-4ee5-ad27-03eb1f8f387d (type: security_group_rules) to 0
2026-07-21 07:47:19.605 9 INFO neutron.wsgi [None req-7d64cab5-f145-4bdf-aa22-7b658a94816c 2d34045d945e4586a6b22f36a9643a06 3b8cd9de8481439c8af33f5e7f38361d - - default default] 10.0.0.158 "POST /v2.0/security-groups HTTP/1.1" status: 201 len: 1761 time: 0.1840324
2026-07-21 07:47:19.615 9 WARNING neutron_lib.context [None req-de95ed2e-64ee-4e03-a1b7-ca8096b64936 2d34045d945e4586a6b22f36a9643a06 3b8cd9de8481439c8af33f5e7f38361d - - default default] Method 'is_advsvc' is deprecated since 2023.2 release (neutron-lib 3.8.0) and will be removed once support for the old RBAC API policies will be removed from Neutron. Please use method 'is_service_role' instead.
2026-07-21 07:47:19.630 9 INFO neutron.wsgi [None req-0bc9a94a-0456-4a1f-ba17-772250c3f09b 392083e5b101457e8f890e1524eef317 cd995afa4ffd4531a858f1c201a6e449 - - default default] 10.0.0.158 "DELETE /v2.0/security-groups/ec7164ec-be68-42fd-b216-6324a361e118 HTTP/1.1" status: 204 len: 168 time: 0.2397563
2026-07-21 07:47:19.683 9 INFO neutron.plugins.ml2.drivers.ovn.mech_driver.mech_driver [None req-edcfc3cf-e4fd-463d-9ac2-f673b9c71150 - - - - - -] OVN reports status up for port: 8bd94dbb-3bae-4667-b4b9-b2cd662bb991
2026-07-21 07:47:19.700 9 INFO neutron.plugins.ml2.plugin [None req-edcfc3cf-e4fd-463d-9ac2-f673b9c71150 - - - - - -] Attempt 1 to provision port 8bd94dbb-3bae-4667-b4b9-b2cd662bb991
2026-07-21 07:47:19.701 10 INFO neutron.plugins.ml2.drivers.ovn.mech_driver.ovsdb.ovsdb_monitor [None req-d3c04a6b-074d-4de0-876a-630dfd84367c - - - - - -] Router 5b179ee3-5325-43ec-84d8-10f6cd7bf9b6 is bound to host instance
2026-07-21 07:47:19.725 10 INFO neutron.db.ovn_revision_numbers_db [None req-dd2a058c-276a-4108-9149-d8bced68be4f 392083e5b101457e8f890e1524eef317 cd995afa4ffd4531a858f1c201a6e449 - - default default] Successfully bumped revision number for resource 8bd94dbb-3bae-4667-b4b9-b2cd662bb991 (type: router_ports) to 1
2026-07-21 07:47:19.784 9 INFO neutron.db.ovn_revision_numbers_db [None req-de95ed2e-64ee-4e03-a1b7-ca8096b64936 2d34045d945e4586a6b22f36a9643a06 3b8cd9de8481439c8af33f5e7f38361d - - default default] Successfully bumped revision number for resource c9512f7c-9ed9-4f87-80b4-b382420dae04 (type: security_group_rules) to 0
2026-07-21 07:47:19.820 9 INFO neutron.wsgi [None req-de95ed2e-64ee-4e03-a1b7-ca8096b64936 2d34045d945e4586a6b22f36a9643a06 3b8cd9de8481439c8af33f5e7f38361d - - default default] 10.0.0.158 "POST /v2.0/security-group-rules HTTP/1.1" status: 201 len: 768 time: 0.2089181
2026-07-21 07:47:19.822 10 INFO neutron.db.ovn_revision_numbers_db [None req-dd2a058c-276a-4108-9149-d8bced68be4f 392083e5b101457e8f890e1524eef317 cd995afa4ffd4531a858f1c201a6e449 - - default default] Successfully bumped revision number for resource 5b179ee3-5325-43ec-84d8-10f6cd7bf9b6 (type: routers) to 2
2026-07-21 07:47:19.842 10 INFO neutron.wsgi [None req-dd2a058c-276a-4108-9149-d8bced68be4f 392083e5b101457e8f890e1524eef317 cd995afa4ffd4531a858f1c201a6e449 - - default default] 10.0.0.158 "POST /v2.0/routers HTTP/1.1" status: 201 len: 876 time: 1.6230004
2026-07-21 07:47:19.851 9 INFO neutron.wsgi [None req-14dd352b-b770-43e1-b135-9a743a870788 2d34045d945e4586a6b22f36a9643a06 3b8cd9de8481439c8af33f5e7f38361d - - default default] 10.0.0.158 "GET /v2.0/security-group-rules/c9512f7c-9ed9-4f87-80b4-b382420dae04 HTTP/1.1" status: 200 len: 763 time: 0.0240552
2026-07-21 07:47:19.916 9 INFO neutron.wsgi [None req-f1c82355-2296-4ccd-bada-fdf5fdc25f84 2d34045d945e4586a6b22f36a9643a06 3b8cd9de8481439c8af33f5e7f38361d - - default default] 10.0.0.158 "GET /v2.0/security-group-rules HTTP/1.1" status: 200 len: 4113 time: 0.0602517
2026-07-21 07:47:20.041 9 INFO neutron.wsgi [None req-d7c9e071-78e5-49b6-bb09-10d2d8a18fcc 2d34045d945e4586a6b22f36a9643a06 3b8cd9de8481439c8af33f5e7f38361d - - default default] 10.0.0.158 "DELETE /v2.0/security-group-rules/c9512f7c-9ed9-4f87-80b4-b382420dae04 HTTP/1.1" status: 204 len: 168 time: 0.1193595
2026-07-21 07:47:20.090 9 INFO neutron.wsgi [None req-705333a6-d915-4c40-a609-f7614f378f4d 2d34045d945e4586a6b22f36a9643a06 3b8cd9de8481439c8af33f5e7f38361d - - default default] 10.0.0.158 "GET /v2.0/security-group-rules HTTP/1.1" status: 200 len: 3567 time: 0.0437558
2026-07-21 07:47:20.098 9 WARNING neutron_lib.context [None req-1f709ab8-9aa5-42d3-a54e-0d447485f9cb 2d34045d945e4586a6b22f36a9643a06 3b8cd9de8481439c8af33f5e7f38361d - - default default] Method 'is_advsvc' is deprecated since 2023.2 release (neutron-lib 3.8.0) and will be removed once support for the old RBAC API policies will be removed from Neutron. Please use method 'is_service_role' instead.
2026-07-21 07:47:20.192 9 INFO neutron.db.ovn_revision_numbers_db [None req-1f709ab8-9aa5-42d3-a54e-0d447485f9cb 2d34045d945e4586a6b22f36a9643a06 3b8cd9de8481439c8af33f5e7f38361d - - default default] Successfully bumped revision number for resource 9e7fa36a-45f8-423e-8216-101015c30ba7 (type: security_group_rules) to 0
2026-07-21 07:47:20.213 9 INFO neutron.wsgi [None req-1f709ab8-9aa5-42d3-a54e-0d447485f9cb 2d34045d945e4586a6b22f36a9643a06 3b8cd9de8481439c8af33f5e7f38361d - - default default] 10.0.0.158 "POST /v2.0/security-group-rules HTTP/1.1" status: 201 len: 768 time: 0.1190732
2026-07-21 07:47:20.238 9 INFO neutron.wsgi [None req-afbae699-b64e-46c1-854d-bda6e49fea71 2d34045d945e4586a6b22f36a9643a06 3b8cd9de8481439c8af33f5e7f38361d - - default default] 10.0.0.158 "GET /v2.0/security-group-rules/9e7fa36a-45f8-423e-8216-101015c30ba7 HTTP/1.1" status: 200 len: 763 time: 0.0170486
2026-07-21 07:47:20.278 9 INFO neutron.wsgi [None req-87b145cb-ec8d-4983-a5cd-027acecccb7c 2d34045d945e4586a6b22f36a9643a06 3b8cd9de8481439c8af33f5e7f38361d - - default default] 10.0.0.158 "GET /v2.0/security-group-rules HTTP/1.1" status: 200 len: 4113 time: 0.0359201
2026-07-21 07:47:20.328 10 INFO neutron.db.ovn_revision_numbers_db [None req-d3c04a6b-074d-4de0-876a-630dfd84367c - - - - - -] Successfully bumped revision number for resource 8bd94dbb-3bae-4667-b4b9-b2cd662bb991 (type: ports) to 1
2026-07-21 07:47:20.393 9 INFO neutron.wsgi [None req-9d99222b-2c00-4233-a5e2-d225507d1c2b 2d34045d945e4586a6b22f36a9643a06 3b8cd9de8481439c8af33f5e7f38361d - - default default] 10.0.0.158 "DELETE /v2.0/security-group-rules/9e7fa36a-45f8-423e-8216-101015c30ba7 HTTP/1.1" status: 204 len: 168 time: 0.1108260
2026-07-21 07:47:20.442 9 INFO neutron.wsgi [None req-e6d97b73-9478-4fe6-99bf-2aa54660f4a4 2d34045d945e4586a6b22f36a9643a06 3b8cd9de8481439c8af33f5e7f38361d - - default default] 10.0.0.158 "GET /v2.0/security-group-rules HTTP/1.1" status: 200 len: 3567 time: 0.0428076
2026-07-21 07:47:20.451 9 WARNING neutron_lib.context [None req-7c699570-d4cf-4671-bb35-b621cff0df23 2d34045d945e4586a6b22f36a9643a06 3b8cd9de8481439c8af33f5e7f38361d - - default default] Method 'is_advsvc' is deprecated since 2023.2 release (neutron-lib 3.8.0) and will be removed once support for the old RBAC API policies will be removed from Neutron. Please use method 'is_service_role' instead.
2026-07-21 07:47:20.551 9 INFO neutron.db.ovn_revision_numbers_db [None req-7c699570-d4cf-4671-bb35-b621cff0df23 2d34045d945e4586a6b22f36a9643a06 3b8cd9de8481439c8af33f5e7f38361d - - default default] Successfully bumped revision number for resource 29c38d38-d11e-48bb-85a5-7f8184091504 (type: security_group_rules) to 0
2026-07-21 07:47:20.576 9 INFO neutron.wsgi [None req-7c699570-d4cf-4671-bb35-b621cff0df23 2d34045d945e4586a6b22f36a9643a06 3b8cd9de8481439c8af33f5e7f38361d - - default default] 10.0.0.158 "POST /v2.0/security-group-rules HTTP/1.1" status: 201 len: 769 time: 0.1288998
2026-07-21 07:47:20.604 9 INFO neutron.wsgi [None req-577496ff-84e3-47db-ba47-000f219e0bb0 2d34045d945e4586a6b22f36a9643a06 3b8cd9de8481439c8af33f5e7f38361d - - default default] 10.0.0.158 "GET /v2.0/security-group-rules/29c38d38-d11e-48bb-85a5-7f8184091504 HTTP/1.1" status: 200 len: 764 time: 0.0214274
2026-07-21 07:47:20.629 10 WARNING neutron.scheduler.dhcp_agent_scheduler [None req-170a0e40-338e-433e-8059-e9eded2704e1 392083e5b101457e8f890e1524eef317 cd995afa4ffd4531a858f1c201a6e449 - - default default] No more DHCP agents
2026-07-21 07:47:20.631 10 WARNING neutron.api.rpc.agentnotifiers.dhcp_rpc_agent_api [None req-170a0e40-338e-433e-8059-e9eded2704e1 392083e5b101457e8f890e1524eef317 cd995afa4ffd4531a858f1c201a6e449 - - default default] Unable to schedule network bfc54dd5-a73e-42e9-8203-57c55c0c22da: no agents available; will retry on subsequent port and subnet creation events.
2026-07-21 07:47:20.647 9 INFO neutron.wsgi [None req-50584915-7d6c-4021-a340-55bfdcceff17 2d34045d945e4586a6b22f36a9643a06 3b8cd9de8481439c8af33f5e7f38361d - - default default] 10.0.0.158 "GET /v2.0/security-group-rules HTTP/1.1" status: 200 len: 4114 time: 0.0377293
2026-07-21 07:47:20.753 9 INFO neutron.wsgi [None req-7bcd9446-4826-4b14-9ff9-8a56ea7a6ef0 2d34045d945e4586a6b22f36a9643a06 3b8cd9de8481439c8af33f5e7f38361d - - default default] 10.0.0.158 "DELETE /v2.0/security-group-rules/29c38d38-d11e-48bb-85a5-7f8184091504 HTTP/1.1" status: 204 len: 168 time: 0.1005049
2026-07-21 07:47:20.792 9 INFO neutron.wsgi [None req-5067d0a8-f4dc-490d-92ca-1f0e08a9b955 2d34045d945e4586a6b22f36a9643a06 3b8cd9de8481439c8af33f5e7f38361d - - default default] 10.0.0.158 "GET /v2.0/security-group-rules HTTP/1.1" status: 200 len: 3567 time: 0.0342925
2026-07-21 07:47:20.820 10 INFO neutron.db.ovn_revision_numbers_db [None req-d3c04a6b-074d-4de0-876a-630dfd84367c - - - - - -] Successfully bumped revision number for resource 8bd94dbb-3bae-4667-b4b9-b2cd662bb991 (type: router_ports) to 3
2026-07-21 07:47:20.859 10 INFO neutron.db.ovn_revision_numbers_db [None req-170a0e40-338e-433e-8059-e9eded2704e1 392083e5b101457e8f890e1524eef317 cd995afa4ffd4531a858f1c201a6e449 - - default default] Successfully bumped revision number for resource 626d52bb-c26f-4611-8892-a1ed54830772 (type: ports) to 1
2026-07-21 07:47:21.128 10 INFO neutron.db.ovn_revision_numbers_db [None req-d3c04a6b-074d-4de0-876a-630dfd84367c - - - - - -] Successfully bumped revision number for resource 8bd94dbb-3bae-4667-b4b9-b2cd662bb991 (type: ports) to 2
2026-07-21 07:47:21.150 9 INFO neutron.wsgi [None req-18ffb4a9-adb6-4c6a-830c-1613e71e750e 2d34045d945e4586a6b22f36a9643a06 3b8cd9de8481439c8af33f5e7f38361d - - default default] 10.0.0.158 "DELETE /v2.0/security-groups/adf5900a-eec1-4be2-a06a-3c134a39ed17 HTTP/1.1" status: 204 len: 168 time: 0.3520825
2026-07-21 07:47:21.184 9 INFO neutron.wsgi [None req-de9531fe-bc66-4d08-b48f-4cd16b1d2d06 2d34045d945e4586a6b22f36a9643a06 3b8cd9de8481439c8af33f5e7f38361d - - default default] 10.0.0.158 "GET /v2.0/security-groups HTTP/1.1" status: 200 len: 2996 time: 0.0289507
2026-07-21 07:47:21.221 9 INFO neutron.wsgi [None req-56f8269c-8c99-41dc-9e9b-e622e12f9330 2d34045d945e4586a6b22f36a9643a06 3b8cd9de8481439c8af33f5e7f38361d - - default default] 10.0.0.158 "GET /v2.0/security-groups HTTP/1.1" status: 200 len: 2996 time: 0.0301919
2026-07-21 07:47:21.435 10 INFO neutron.db.ovn_revision_numbers_db [None req-d3c04a6b-074d-4de0-876a-630dfd84367c - - - - - -] Successfully bumped revision number for resource 8bd94dbb-3bae-4667-b4b9-b2cd662bb991 (type: ports) to 4
2026-07-21 07:47:21.443 10 INFO neutron.db.ovn_revision_numbers_db [None req-170a0e40-338e-433e-8059-e9eded2704e1 392083e5b101457e8f890e1524eef317 cd995afa4ffd4531a858f1c201a6e449 - - default default] Successfully bumped revision number for resource 626d52bb-c26f-4611-8892-a1ed54830772 (type: router_ports) to 1
2026-07-21 07:47:21.654 10 INFO neutron.db.ovn_revision_numbers_db [None req-170a0e40-338e-433e-8059-e9eded2704e1 392083e5b101457e8f890e1524eef317 cd995afa4ffd4531a858f1c201a6e449 - - default default] Successfully bumped revision number for resource 626d52bb-c26f-4611-8892-a1ed54830772 (type: ports) to 1
2026-07-21 07:47:21.660 10 INFO neutron.db.ovn_revision_numbers_db [None req-d3c04a6b-074d-4de0-876a-630dfd84367c - - - - - -] Successfully bumped revision number for resource 8bd94dbb-3bae-4667-b4b9-b2cd662bb991 (type: router_ports) to 4
2026-07-21 07:47:21.720 10 WARNING neutron.scheduler.dhcp_agent_scheduler [None req-170a0e40-338e-433e-8059-e9eded2704e1 392083e5b101457e8f890e1524eef317 cd995afa4ffd4531a858f1c201a6e449 - - default default] No more DHCP agents
2026-07-21 07:47:21.721 10 WARNING neutron.api.rpc.agentnotifiers.dhcp_rpc_agent_api [None req-170a0e40-338e-433e-8059-e9eded2704e1 392083e5b101457e8f890e1524eef317 cd995afa4ffd4531a858f1c201a6e449 - - default default] Unable to schedule network bfc54dd5-a73e-42e9-8203-57c55c0c22da: no agents available; will retry on subsequent port and subnet creation events.
2026-07-21 07:47:21.881 9 INFO neutron.plugins.ml2.drivers.ovn.mech_driver.mech_driver [None req-edcfc3cf-e4fd-463d-9ac2-f673b9c71150 - - - - - -] OVN reports status up for port: 626d52bb-c26f-4611-8892-a1ed54830772
2026-07-21 07:47:21.895 9 INFO neutron.plugins.ml2.plugin [None req-edcfc3cf-e4fd-463d-9ac2-f673b9c71150 - - - - - -] Attempt 1 to provision port 626d52bb-c26f-4611-8892-a1ed54830772
2026-07-21 07:47:21.899 9 INFO neutron.wsgi [None req-6d45e3da-d1d6-4d52-814b-e5381e00f8d1 392083e5b101457e8f890e1524eef317 cd995afa4ffd4531a858f1c201a6e449 - - default default] 10.0.0.158 "GET /v2.0/security-groups?tenant_id=3b8cd9de8481439c8af33f5e7f38361d&name=default HTTP/1.1" status: 200 len: 2996 time: 0.1765313
2026-07-21 07:47:22.142 10 INFO neutron.db.ovn_revision_numbers_db [None req-170a0e40-338e-433e-8059-e9eded2704e1 392083e5b101457e8f890e1524eef317 cd995afa4ffd4531a858f1c201a6e449 - - default default] Successfully bumped revision number for resource 626d52bb-c26f-4611-8892-a1ed54830772 (type: router_ports) to 1
2026-07-21 07:47:22.144 10 INFO neutron.wsgi [None req-170a0e40-338e-433e-8059-e9eded2704e1 392083e5b101457e8f890e1524eef317 cd995afa4ffd4531a858f1c201a6e449 - - default default] 10.0.0.158 "PUT /v2.0/routers/5b179ee3-5325-43ec-84d8-10f6cd7bf9b6/add_router_interface HTTP/1.1" status: 200 len: 503 time: 2.2980187
2026-07-21 07:47:22.178 9 INFO neutron.wsgi [None req-c50f3f61-2953-45ad-9173-99c275764a0f 392083e5b101457e8f890e1524eef317 cd995afa4ffd4531a858f1c201a6e449 - - default default] 10.0.0.158 "DELETE /v2.0/security-groups/4609ba14-6fee-43fd-ba71-4fe58718b491 HTTP/1.1" status: 204 len: 168 time: 0.2710109
2026-07-21 07:47:22.220 9 INFO neutron.db.ovn_revision_numbers_db [None req-edcfc3cf-e4fd-463d-9ac2-f673b9c71150 - - - - - -] Successfully bumped revision number for resource 626d52bb-c26f-4611-8892-a1ed54830772 (type: ports) to 2
2026-07-21 07:47:22.322 9 INFO neutron.db.ovn_revision_numbers_db [None req-edcfc3cf-e4fd-463d-9ac2-f673b9c71150 - - - - - -] Successfully bumped revision number for resource 626d52bb-c26f-4611-8892-a1ed54830772 (type: router_ports) to 2
2026-07-21 07:47:22.805 9 WARNING neutron_lib.context [None req-cefaaa09-977f-452a-a8c5-ccde5b70a9cc 806f8c056f364e159ea2705939738d50 16a1f05138dd498894554e968010cf02 - - default default] Method 'is_advsvc' is deprecated since 2023.2 release (neutron-lib 3.8.0) and will be removed once support for the old RBAC API policies will be removed from Neutron. Please use method 'is_service_role' instead.
2026-07-21 07:47:22.927 9 INFO neutron.db.ovn_revision_numbers_db [None req-cefaaa09-977f-452a-a8c5-ccde5b70a9cc 806f8c056f364e159ea2705939738d50 16a1f05138dd498894554e968010cf02 - - default default] Successfully bumped revision number for resource dc5babba-61f3-47ae-bd56-6eb19325d2c7 (type: security_groups) to 1
2026-07-21 07:47:22.942 9 INFO neutron.db.ovn_revision_numbers_db [None req-cefaaa09-977f-452a-a8c5-ccde5b70a9cc 806f8c056f364e159ea2705939738d50 16a1f05138dd498894554e968010cf02 - - default default] Successfully bumped revision number for resource 64d06019-fe13-41d2-b232-3207cddbcc6b (type: security_group_rules) to 0
2026-07-21 07:47:22.957 9 INFO neutron.db.ovn_revision_numbers_db [None req-cefaaa09-977f-452a-a8c5-ccde5b70a9cc 806f8c056f364e159ea2705939738d50 16a1f05138dd498894554e968010cf02 - - default default] Successfully bumped revision number for resource a8f392ff-8a62-4fd5-88bc-72ab34e20aec (type: security_group_rules) to 0
2026-07-21 07:47:22.979 9 INFO neutron.wsgi [None req-cefaaa09-977f-452a-a8c5-ccde5b70a9cc 806f8c056f364e159ea2705939738d50 16a1f05138dd498894554e968010cf02 - - default default] 10.0.0.158 "POST /v2.0/security-groups HTTP/1.1" status: 201 len: 1796 time: 0.1799836
2026-07-21 07:47:22.988 9 WARNING neutron_lib.context [None req-b0ac0544-d5ed-4f75-a290-660ea776c34d 806f8c056f364e159ea2705939738d50 16a1f05138dd498894554e968010cf02 - - default default] Method 'is_advsvc' is deprecated since 2023.2 release (neutron-lib 3.8.0) and will be removed once support for the old RBAC API policies will be removed from Neutron. Please use method 'is_service_role' instead.
2026-07-21 07:47:23.111 9 INFO neutron.db.ovn_revision_numbers_db [None req-b0ac0544-d5ed-4f75-a290-660ea776c34d 806f8c056f364e159ea2705939738d50 16a1f05138dd498894554e968010cf02 - - default default] Successfully bumped revision number for resource 1ce22efe-93f4-4cc0-a670-4f69cd9b2e16 (type: security_group_rules) to 0
2026-07-21 07:47:23.137 9 INFO neutron.wsgi [None req-b0ac0544-d5ed-4f75-a290-660ea776c34d 806f8c056f364e159ea2705939738d50 16a1f05138dd498894554e968010cf02 - - default default] 10.0.0.158 "POST /v2.0/security-group-rules HTTP/1.1" status: 201 len: 764 time: 0.1525152
2026-07-21 07:47:23.146 9 WARNING neutron_lib.context [None req-d006f586-0016-43d3-ac25-b3d8e570de29 806f8c056f364e159ea2705939738d50 16a1f05138dd498894554e968010cf02 - - default default] Method 'is_advsvc' is deprecated since 2023.2 release (neutron-lib 3.8.0) and will be removed once support for the old RBAC API policies will be removed from Neutron. Please use method 'is_service_role' instead.
2026-07-21 07:47:23.246 9 INFO neutron.db.ovn_revision_numbers_db [None req-d006f586-0016-43d3-ac25-b3d8e570de29 806f8c056f364e159ea2705939738d50 16a1f05138dd498894554e968010cf02 - - default default] Successfully bumped revision number for resource af630025-966b-4298-92ec-dde71148786b (type: security_group_rules) to 0
2026-07-21 07:47:23.270 9 INFO neutron.wsgi [None req-d006f586-0016-43d3-ac25-b3d8e570de29 806f8c056f364e159ea2705939738d50 16a1f05138dd498894554e968010cf02 - - default default] 10.0.0.158 "POST /v2.0/security-group-rules HTTP/1.1" status: 201 len: 769 time: 0.1285489
2026-07-21 07:47:23.279 9 WARNING neutron_lib.context [None req-0b5c05c0-44dc-4ab7-aba6-cc1b7b80db00 806f8c056f364e159ea2705939738d50 16a1f05138dd498894554e968010cf02 - - default default] Method 'is_advsvc' is deprecated since 2023.2 release (neutron-lib 3.8.0) and will be removed once support for the old RBAC API policies will be removed from Neutron. Please use method 'is_service_role' instead.
2026-07-21 07:47:23.430 10 INFO neutron.db.ovn_revision_numbers_db [None req-68986e1d-288c-40d5-ab17-c22d4259063f 392083e5b101457e8f890e1524eef317 cd995afa4ffd4531a858f1c201a6e449 - - default default] Successfully bumped revision number for resource 06cdf3a5-2fe7-4392-817f-444143bcd1a0 (type: security_groups) to 1
2026-07-21 07:47:23.453 10 INFO neutron.db.ovn_revision_numbers_db [None req-68986e1d-288c-40d5-ab17-c22d4259063f 392083e5b101457e8f890e1524eef317 cd995afa4ffd4531a858f1c201a6e449 - - default default] Successfully bumped revision number for resource 07ebfbe2-f6d8-4425-a7db-6cbd47ab89fd (type: security_group_rules) to 0
2026-07-21 07:47:23.471 10 INFO neutron.db.ovn_revision_numbers_db [None req-68986e1d-288c-40d5-ab17-c22d4259063f 392083e5b101457e8f890e1524eef317 cd995afa4ffd4531a858f1c201a6e449 - - default default] Successfully bumped revision number for resource 17b8cc44-3326-47a5-a76d-134b0cdb6407 (type: security_group_rules) to 0
2026-07-21 07:47:23.486 10 INFO neutron.db.ovn_revision_numbers_db [None req-68986e1d-288c-40d5-ab17-c22d4259063f 392083e5b101457e8f890e1524eef317 cd995afa4ffd4531a858f1c201a6e449 - - default default] Successfully bumped revision number for resource 59c7341c-98f4-4985-8a4e-f5f4a57efdbf (type: security_group_rules) to 0
2026-07-21 07:47:23.501 10 INFO neutron.db.ovn_revision_numbers_db [None req-68986e1d-288c-40d5-ab17-c22d4259063f 392083e5b101457e8f890e1524eef317 cd995afa4ffd4531a858f1c201a6e449 - - default default] Successfully bumped revision number for resource 874d51a3-e232-408a-8b3a-db7de6909567 (type: security_group_rules) to 0
2026-07-21 07:47:23.535 9 WARNING neutron.scheduler.dhcp_agent_scheduler [None req-0b5c05c0-44dc-4ab7-aba6-cc1b7b80db00 806f8c056f364e159ea2705939738d50 16a1f05138dd498894554e968010cf02 - - default default] No more DHCP agents
2026-07-21 07:47:23.537 10 INFO neutron.wsgi [None req-68986e1d-288c-40d5-ab17-c22d4259063f 392083e5b101457e8f890e1524eef317 cd995afa4ffd4531a858f1c201a6e449 - - default default] 10.0.0.158 "GET /v2.0/security-groups?tenant_id=71f494970dd745708d53c314e84ce2aa&name=default HTTP/1.1" status: 200 len: 2996 time: 0.4485929
2026-07-21 07:47:23.538 9 WARNING neutron.api.rpc.agentnotifiers.dhcp_rpc_agent_api [None req-0b5c05c0-44dc-4ab7-aba6-cc1b7b80db00 806f8c056f364e159ea2705939738d50 16a1f05138dd498894554e968010cf02 - - default default] Unable to schedule network aff44d3b-7972-44ba-8030-c8f4900b0d1a: no agents available; will retry on subsequent port and subnet creation events.
2026-07-21 07:47:23.729 10 INFO neutron.wsgi [None req-506173ce-1c1a-438b-8369-b65a2c750123 392083e5b101457e8f890e1524eef317 cd995afa4ffd4531a858f1c201a6e449 - - default default] 10.0.0.158 "DELETE /v2.0/security-groups/06cdf3a5-2fe7-4392-817f-444143bcd1a0 HTTP/1.1" status: 204 len: 168 time: 0.1875803
2026-07-21 07:47:23.749 9 INFO neutron.db.ovn_revision_numbers_db [None req-9584f72e-1991-42c6-8826-0a7c8aed0c95 392083e5b101457e8f890e1524eef317 cd995afa4ffd4531a858f1c201a6e449 - - default default] Successfully bumped revision number for resource 925e30e2-4b45-4b47-a609-f99b1a622bdb (type: security_groups) to 1
2026-07-21 07:47:23.767 9 INFO neutron.db.ovn_revision_numbers_db [None req-9584f72e-1991-42c6-8826-0a7c8aed0c95 392083e5b101457e8f890e1524eef317 cd995afa4ffd4531a858f1c201a6e449 - - default default] Successfully bumped revision number for resource a997bec6-749f-4452-b08d-13c5671b2f85 (type: security_group_rules) to 0
2026-07-21 07:47:23.803 9 INFO neutron.db.ovn_revision_numbers_db [None req-9584f72e-1991-42c6-8826-0a7c8aed0c95 392083e5b101457e8f890e1524eef317 cd995afa4ffd4531a858f1c201a6e449 - - default default] Successfully bumped revision number for resource d65d75a5-c83f-48b3-a997-34caf157a65e (type: security_group_rules) to 0
2026-07-21 07:47:23.828 9 INFO neutron.db.ovn_revision_numbers_db [None req-9584f72e-1991-42c6-8826-0a7c8aed0c95 392083e5b101457e8f890e1524eef317 cd995afa4ffd4531a858f1c201a6e449 - - default default] Successfully bumped revision number for resource ef2aa0b5-8638-442a-86bd-145d1455a9f7 (type: security_group_rules) to 0
2026-07-21 07:47:23.842 9 INFO neutron.db.ovn_revision_numbers_db [None req-9584f72e-1991-42c6-8826-0a7c8aed0c95 392083e5b101457e8f890e1524eef317 cd995afa4ffd4531a858f1c201a6e449 - - default default] Successfully bumped revision number for resource f6f5e45f-cb88-4291-b6fb-59f3628fca65 (type: security_group_rules) to 0
2026-07-21 07:47:23.889 9 INFO neutron.wsgi [None req-9584f72e-1991-42c6-8826-0a7c8aed0c95 392083e5b101457e8f890e1524eef317 cd995afa4ffd4531a858f1c201a6e449 - - default default] 10.0.0.158 "GET /v2.0/security-groups?tenant_id=aaa3f58bced1422193788e6d551b5ca4&name=default HTTP/1.1" status: 200 len: 2996 time: 0.3851135
2026-07-21 07:47:23.889 9 INFO neutron.db.ovn_revision_numbers_db [None req-0b5c05c0-44dc-4ab7-aba6-cc1b7b80db00 806f8c056f364e159ea2705939738d50 16a1f05138dd498894554e968010cf02 - - default default] Successfully bumped revision number for resource f29581c2-c97b-49bb-abdf-0ada4c77142e (type: floatingips) to 0
2026-07-21 07:47:23.906 9 INFO neutron.wsgi [None req-0b5c05c0-44dc-4ab7-aba6-cc1b7b80db00 806f8c056f364e159ea2705939738d50 16a1f05138dd498894554e968010cf02 - - default default] 10.0.0.158 "POST /v2.0/floatingips HTTP/1.1" status: 201 len: 751 time: 0.6310174
2026-07-21 07:47:24.029 10 INFO neutron.db.ovn_revision_numbers_db [None req-7f0c23cb-533e-47cc-be79-791ec38328c7 392083e5b101457e8f890e1524eef317 cd995afa4ffd4531a858f1c201a6e449 - - default default] Successfully bumped revision number for resource 08e01b67-eade-4162-a399-6f80311b772f (type: security_groups) to 1
2026-07-21 07:47:24.051 10 INFO neutron.db.ovn_revision_numbers_db [None req-7f0c23cb-533e-47cc-be79-791ec38328c7 392083e5b101457e8f890e1524eef317 cd995afa4ffd4531a858f1c201a6e449 - - default default] Successfully bumped revision number for resource 2591769d-57f7-4b68-b9a8-56734abba4ce (type: security_group_rules) to 0
2026-07-21 07:47:24.065 10 INFO neutron.db.ovn_revision_numbers_db [None req-7f0c23cb-533e-47cc-be79-791ec38328c7 392083e5b101457e8f890e1524eef317 cd995afa4ffd4531a858f1c201a6e449 - - default default] Successfully bumped revision number for resource 99e0738b-ca2b-444b-86ba-f22d52a7f871 (type: security_group_rules) to 0
2026-07-21 07:47:24.083 10 INFO neutron.db.ovn_revision_numbers_db [None req-7f0c23cb-533e-47cc-be79-791ec38328c7 392083e5b101457e8f890e1524eef317 cd995afa4ffd4531a858f1c201a6e449 - - default default] Successfully bumped revision number for resource aad00ab0-c7a2-45e8-a87c-2b901d6d20da (type: security_group_rules) to 0
2026-07-21 07:47:24.105 10 INFO neutron.db.ovn_revision_numbers_db [None req-7f0c23cb-533e-47cc-be79-791ec38328c7 392083e5b101457e8f890e1524eef317 cd995afa4ffd4531a858f1c201a6e449 - - default default] Successfully bumped revision number for resource d8a584d9-d348-49c2-bd6f-1c9a740017d3 (type: security_group_rules) to 0
2026-07-21 07:47:24.137 10 INFO neutron.wsgi [None req-7f0c23cb-533e-47cc-be79-791ec38328c7 392083e5b101457e8f890e1524eef317 cd995afa4ffd4531a858f1c201a6e449 - - default default] 10.0.0.158 "GET /v2.0/security-groups?tenant_id=d6c152463c1246e681478f062f9a51e0&name=default HTTP/1.1" status: 200 len: 2996 time: 0.2598145
2026-07-21 07:47:24.163 10 INFO neutron.wsgi [None req-e5d42099-c15c-4219-b367-5646d09a6239 392083e5b101457e8f890e1524eef317 cd995afa4ffd4531a858f1c201a6e449 - - default default] 10.0.0.158 "DELETE /v2.0/security-groups/925e30e2-4b45-4b47-a609-f99b1a622bdb HTTP/1.1" status: 204 len: 168 time: 0.2696857
2026-07-21 07:47:24.199 9 WARNING neutron_lib.context [None req-14e0bc51-ae07-49b6-9fd1-5ab23b895cc1 54cb5d64ed4f4df7953897efe7c91790 82e694a5c60a46f5a7a191f29efb9922 - - default default] Method 'is_advsvc' is deprecated since 2023.2 release (neutron-lib 3.8.0) and will be removed once support for the old RBAC API policies will be removed from Neutron. Please use method 'is_service_role' instead.
2026-07-21 07:47:24.268 9 INFO neutron.wsgi [None req-14e0bc51-ae07-49b6-9fd1-5ab23b895cc1 54cb5d64ed4f4df7953897efe7c91790 82e694a5c60a46f5a7a191f29efb9922 - - default default] 10.0.0.158 "POST /v2.0/subnetpools HTTP/1.1" status: 201 len: 748 time: 0.2703366
2026-07-21 07:47:24.301 9 INFO neutron.wsgi [None req-4198ca79-0d3b-4ac9-b350-f8dcce1c9ce3 54cb5d64ed4f4df7953897efe7c91790 82e694a5c60a46f5a7a191f29efb9922 - - default default] 10.0.0.158 "GET /v2.0/subnetpools/113987a1-940b-4c83-98e7-8e6d38f4d062 HTTP/1.1" status: 200 len: 743 time: 0.0288193
2026-07-21 07:47:24.379 9 INFO neutron.wsgi [req-5393598f-9dd9-4a9d-92aa-e84c1afd105c req-6700f52a-1823-4070-a06a-93bec409fbf9 806f8c056f364e159ea2705939738d50 16a1f05138dd498894554e968010cf02 - - default default] 10.0.0.29 "GET /v2.0/security-groups?name=tempest-securitygroup--721371348&fields=id&tenant_id=16a1f05138dd498894554e968010cf02 HTTP/1.1" status: 200 len: 267 time: 0.0422754
2026-07-21 07:47:24.399 10 INFO neutron.wsgi [None req-a573a9c2-bd76-486e-ae0b-950ab3bc3217 54cb5d64ed4f4df7953897efe7c91790 82e694a5c60a46f5a7a191f29efb9922 - - default default] 10.0.0.158 "PUT /v2.0/subnetpools/113987a1-940b-4c83-98e7-8e6d38f4d062 HTTP/1.1" status: 200 len: 695 time: 0.0925069
2026-07-21 07:47:24.432 9 INFO neutron.wsgi [None req-0f814123-890a-4213-a66a-fb74863cbe3b 392083e5b101457e8f890e1524eef317 cd995afa4ffd4531a858f1c201a6e449 - - default default] 10.0.0.158 "DELETE /v2.0/security-groups/08e01b67-eade-4162-a399-6f80311b772f HTTP/1.1" status: 204 len: 168 time: 0.2904227
2026-07-21 07:47:24.460 9 INFO neutron.wsgi [req-5393598f-9dd9-4a9d-92aa-e84c1afd105c req-8a969958-f98c-4705-bd67-2ed5cc3cab88 806f8c056f364e159ea2705939738d50 16a1f05138dd498894554e968010cf02 - - default default] 10.0.0.29 "GET /v2.0/networks?id=bfc54dd5-a73e-42e9-8203-57c55c0c22da HTTP/1.1" status: 200 len: 874 time: 0.0750260
2026-07-21 07:47:24.467 10 INFO neutron.wsgi [None req-ba70f5b8-7e30-49e6-8d7f-36efe3b291b4 54cb5d64ed4f4df7953897efe7c91790 82e694a5c60a46f5a7a191f29efb9922 - - default default] 10.0.0.158 "DELETE /v2.0/subnetpools/113987a1-940b-4c83-98e7-8e6d38f4d062 HTTP/1.1" status: 204 len: 168 time: 0.0635197
2026-07-21 07:47:24.480 9 INFO neutron.wsgi [req-5393598f-9dd9-4a9d-92aa-e84c1afd105c req-6359d96e-7ff1-453a-bb19-b431fc110ac6 806f8c056f364e159ea2705939738d50 16a1f05138dd498894554e968010cf02 - - default default] 10.0.0.29 "GET /v2.0/quotas/16a1f05138dd498894554e968010cf02 HTTP/1.1" status: 200 len: 386 time: 0.0107930
2026-07-21 07:47:24.491 10 INFO neutron.api.v2.resource [None req-4571df15-3ddb-4bb9-bd8b-ed7e964adf17 54cb5d64ed4f4df7953897efe7c91790 82e694a5c60a46f5a7a191f29efb9922 - - default default] show failed (client error): The resource could not be found.
2026-07-21 07:47:24.493 10 INFO neutron.wsgi [None req-4571df15-3ddb-4bb9-bd8b-ed7e964adf17 54cb5d64ed4f4df7953897efe7c91790 82e694a5c60a46f5a7a191f29efb9922 - - default default] 10.0.0.158 "GET /v2.0/subnetpools/113987a1-940b-4c83-98e7-8e6d38f4d062 HTTP/1.1" status: 404 len: 346 time: 0.0214150
2026-07-21 07:47:24.519 10 INFO neutron.api.v2.resource [None req-78036354-0e23-4f47-b0a8-a12a8e4eeec2 54cb5d64ed4f4df7953897efe7c91790 82e694a5c60a46f5a7a191f29efb9922 - - default default] delete failed (client error): The resource could not be found.
2026-07-21 07:47:24.520 10 INFO neutron.wsgi [None req-78036354-0e23-4f47-b0a8-a12a8e4eeec2 54cb5d64ed4f4df7953897efe7c91790 82e694a5c60a46f5a7a191f29efb9922 - - default default] 10.0.0.158 "DELETE /v2.0/subnetpools/113987a1-940b-4c83-98e7-8e6d38f4d062 HTTP/1.1" status: 404 len: 346 time: 0.0147252
2026-07-21 07:47:24.531 10 INFO neutron.db.ovn_revision_numbers_db [None req-3e90149c-04a3-4a9a-b00c-80816f0cf367 392083e5b101457e8f890e1524eef317 cd995afa4ffd4531a858f1c201a6e449 - - default default] Successfully bumped revision number for resource 2a71120c-b164-4720-b02d-c205dd75b15a (type: security_groups) to 1
2026-07-21 07:47:24.548 10 INFO neutron.db.ovn_revision_numbers_db [None req-3e90149c-04a3-4a9a-b00c-80816f0cf367 392083e5b101457e8f890e1524eef317 cd995afa4ffd4531a858f1c201a6e449 - - default default] Successfully bumped revision number for resource 031aa911-8d3a-470d-a089-e6c8f1a7ee19 (type: security_group_rules) to 0
2026-07-21 07:47:24.565 10 INFO neutron.db.ovn_revision_numbers_db [None req-3e90149c-04a3-4a9a-b00c-80816f0cf367 392083e5b101457e8f890e1524eef317 cd995afa4ffd4531a858f1c201a6e449 - - default default] Successfully bumped revision number for resource 66765b6e-94b5-4365-b730-6978f6f727e2 (type: security_group_rules) to 0
2026-07-21 07:47:24.581 10 INFO neutron.db.ovn_revision_numbers_db [None req-3e90149c-04a3-4a9a-b00c-80816f0cf367 392083e5b101457e8f890e1524eef317 cd995afa4ffd4531a858f1c201a6e449 - - default default] Successfully bumped revision number for resource 97924639-d328-4ba8-9ae3-070c3c86a227 (type: security_group_rules) to 0
2026-07-21 07:47:24.584 9 INFO neutron.wsgi [req-5393598f-9dd9-4a9d-92aa-e84c1afd105c req-54fad148-536c-4d9e-8996-517e53e93d7f 806f8c056f364e159ea2705939738d50 16a1f05138dd498894554e968010cf02 - - default default] 10.0.0.29 "GET /v2.0/ports?tenant_id=16a1f05138dd498894554e968010cf02&fields=id HTTP/1.1" status: 200 len: 302 time: 0.0968745
2026-07-21 07:47:24.597 10 INFO neutron.db.ovn_revision_numbers_db [None req-3e90149c-04a3-4a9a-b00c-80816f0cf367 392083e5b101457e8f890e1524eef317 cd995afa4ffd4531a858f1c201a6e449 - - default default] Successfully bumped revision number for resource b4334a72-6303-495a-a275-0c578e6b8eba (type: security_group_rules) to 0
2026-07-21 07:47:24.635 10 INFO neutron.wsgi [None req-3e90149c-04a3-4a9a-b00c-80816f0cf367 392083e5b101457e8f890e1524eef317 cd995afa4ffd4531a858f1c201a6e449 - - default default] 10.0.0.158 "GET /v2.0/security-groups?tenant_id=16c2dc798f4e47a58038902f3985c159&name=default HTTP/1.1" status: 200 len: 2996 time: 0.2731342
2026-07-21 07:47:24.660 9 INFO neutron.wsgi [req-5393598f-9dd9-4a9d-92aa-e84c1afd105c req-975185ef-974a-46e4-a7c5-1d6eecff5588 f1708b344cf944ceb4b45a23543aa568 5fbacf0cf08d4a29ab97893c932fdab7 - - 941e9478a541400a9dea1998c30101af 941e9478a541400a9dea1998c30101af] 10.0.0.29 "GET /v2.0/networks/bfc54dd5-a73e-42e9-8203-57c55c0c22da?fields=segments HTTP/1.1" status: 200 len: 212 time: 0.0648758
2026-07-21 07:47:24.731 9 INFO neutron.wsgi [req-5393598f-9dd9-4a9d-92aa-e84c1afd105c req-3964fa3e-7219-4382-9ea7-4bd503305776 f1708b344cf944ceb4b45a23543aa568 5fbacf0cf08d4a29ab97893c932fdab7 - - 941e9478a541400a9dea1998c30101af 941e9478a541400a9dea1998c30101af] 10.0.0.29 "GET /v2.0/networks/bfc54dd5-a73e-42e9-8203-57c55c0c22da?fields=provider%3Aphysical_network&fields=provider%3Anetwork_type HTTP/1.1" status: 200 len: 277 time: 0.0657036
2026-07-21 07:47:24.857 10 INFO neutron.wsgi [None req-0dbc24fc-8e5c-4c6d-98df-03c2a27a4135 392083e5b101457e8f890e1524eef317 cd995afa4ffd4531a858f1c201a6e449 - - default default] 10.0.0.158 "DELETE /v2.0/security-groups/2a71120c-b164-4720-b02d-c205dd75b15a HTTP/1.1" status: 204 len: 168 time: 0.2166734
2026-07-21 07:47:24.929 9 INFO neutron.wsgi [req-8a5b9995-438a-4d77-b51b-9940b28db04f req-d73d6968-ac6e-49fc-b84f-d46365abce45 806f8c056f364e159ea2705939738d50 16a1f05138dd498894554e968010cf02 - - default default] 10.0.0.29 "GET /v2.0/ports?device_id=42fa77b6-cf02-47fb-b3ac-0ca4b303f4e5 HTTP/1.1" status: 200 len: 210 time: 0.0331626
2026-07-21 07:47:25.387 9 INFO neutron.db.ovn_revision_numbers_db [None req-748e8e71-1eac-4a78-927f-4d26e3b4770a 392083e5b101457e8f890e1524eef317 cd995afa4ffd4531a858f1c201a6e449 - - default default] Successfully bumped revision number for resource e5416727-69ab-44b4-b85d-ca23d7634031 (type: security_groups) to 1
2026-07-21 07:47:25.399 9 INFO neutron.db.ovn_revision_numbers_db [None req-748e8e71-1eac-4a78-927f-4d26e3b4770a 392083e5b101457e8f890e1524eef317 cd995afa4ffd4531a858f1c201a6e449 - - default default] Successfully bumped revision number for resource 2dfbb5cd-aa6c-4952-bf2c-69a2a1a0bd77 (type: security_group_rules) to 0
2026-07-21 07:47:25.414 9 INFO neutron.db.ovn_revision_numbers_db [None req-748e8e71-1eac-4a78-927f-4d26e3b4770a 392083e5b101457e8f890e1524eef317 cd995afa4ffd4531a858f1c201a6e449 - - default default] Successfully bumped revision number for resource 4b2a20fb-80bf-4ea0-a1f0-e1f82e322f1a (type: security_group_rules) to 0
2026-07-21 07:47:25.430 9 INFO neutron.db.ovn_revision_numbers_db [None req-748e8e71-1eac-4a78-927f-4d26e3b4770a 392083e5b101457e8f890e1524eef317 cd995afa4ffd4531a858f1c201a6e449 - - default default] Successfully bumped revision number for resource 9aa08d2e-a5fa-4e8e-b072-37d895a1f20d (type: security_group_rules) to 0
2026-07-21 07:47:25.443 9 INFO neutron.db.ovn_revision_numbers_db [None req-748e8e71-1eac-4a78-927f-4d26e3b4770a 392083e5b101457e8f890e1524eef317 cd995afa4ffd4531a858f1c201a6e449 - - default default] Successfully bumped revision number for resource a22ed895-949a-4a58-8f1a-8a5f77999813 (type: security_group_rules) to 0
2026-07-21 07:47:25.468 9 INFO neutron.wsgi [None req-748e8e71-1eac-4a78-927f-4d26e3b4770a 392083e5b101457e8f890e1524eef317 cd995afa4ffd4531a858f1c201a6e449 - - default default] 10.0.0.158 "GET /v2.0/security-groups?tenant_id=82e694a5c60a46f5a7a191f29efb9922&name=default HTTP/1.1" status: 200 len: 2996 time: 0.3387935
2026-07-21 07:47:25.679 10 INFO neutron.wsgi [req-5393598f-9dd9-4a9d-92aa-e84c1afd105c req-d59b6af0-d630-4120-9a38-eecfdb44e0e5 806f8c056f364e159ea2705939738d50 16a1f05138dd498894554e968010cf02 - - default default] 199.204.45.109 "GET /v2.0/networks?id=bfc54dd5-a73e-42e9-8203-57c55c0c22da HTTP/1.1" status: 200 len: 874 time: 0.0835650
2026-07-21 07:47:25.688 9 INFO neutron.wsgi [None req-ab71fe0d-9def-4086-bc8b-9754093390c7 392083e5b101457e8f890e1524eef317 cd995afa4ffd4531a858f1c201a6e449 - - default default] 10.0.0.158 "DELETE /v2.0/security-groups/e5416727-69ab-44b4-b85d-ca23d7634031 HTTP/1.1" status: 204 len: 168 time: 0.2152238
2026-07-21 07:47:25.728 10 INFO neutron.wsgi [req-5393598f-9dd9-4a9d-92aa-e84c1afd105c req-cf437297-c337-4850-84dc-304f0fceeb6d 806f8c056f364e159ea2705939738d50 16a1f05138dd498894554e968010cf02 - - default default] 199.204.45.109 "GET /v2.0/security-groups?fields=id&fields=name&tenant_id=16a1f05138dd498894554e968010cf02 HTTP/1.1" status: 200 len: 379 time: 0.0426185
2026-07-21 07:47:25.737 10 WARNING neutron_lib.context [req-5393598f-9dd9-4a9d-92aa-e84c1afd105c req-48da9c98-5684-4e35-8e0b-52f03941918c 806f8c056f364e159ea2705939738d50 16a1f05138dd498894554e968010cf02 - - default default] Method 'is_advsvc' is deprecated since 2023.2 release (neutron-lib 3.8.0) and will be removed once support for the old RBAC API policies will be removed from Neutron. Please use method 'is_service_role' instead.
2026-07-21 07:47:26.024 9 INFO neutron.wsgi [req-0a9e5262-37e4-4a6b-8b5e-4937add2f647 req-b5f4cbb5-c3a7-487f-8987-2fdffd9d35f2 806f8c056f364e159ea2705939738d50 16a1f05138dd498894554e968010cf02 - - default default] 10.0.0.29 "GET /v2.0/ports?device_id=42fa77b6-cf02-47fb-b3ac-0ca4b303f4e5 HTTP/1.1" status: 200 len: 210 time: 0.0250823
2026-07-21 07:47:26.108 10 WARNING neutron.scheduler.dhcp_agent_scheduler [req-5393598f-9dd9-4a9d-92aa-e84c1afd105c req-48da9c98-5684-4e35-8e0b-52f03941918c 806f8c056f364e159ea2705939738d50 16a1f05138dd498894554e968010cf02 - - default default] No more DHCP agents
2026-07-21 07:47:26.111 10 WARNING neutron.api.rpc.agentnotifiers.dhcp_rpc_agent_api [req-5393598f-9dd9-4a9d-92aa-e84c1afd105c req-48da9c98-5684-4e35-8e0b-52f03941918c 806f8c056f364e159ea2705939738d50 16a1f05138dd498894554e968010cf02 - - default default] Unable to schedule network bfc54dd5-a73e-42e9-8203-57c55c0c22da: no agents available; will retry on subsequent port and subnet creation events.
2026-07-21 07:47:26.283 10 INFO neutron.db.ovn_revision_numbers_db [req-5393598f-9dd9-4a9d-92aa-e84c1afd105c req-48da9c98-5684-4e35-8e0b-52f03941918c 806f8c056f364e159ea2705939738d50 16a1f05138dd498894554e968010cf02 - - default default] Successfully bumped revision number for resource 125fff50-0d1d-444b-9bc7-1138d7817a00 (type: ports) to 1
2026-07-21 07:47:26.309 10 INFO neutron.wsgi [req-5393598f-9dd9-4a9d-92aa-e84c1afd105c req-48da9c98-5684-4e35-8e0b-52f03941918c 806f8c056f364e159ea2705939738d50 16a1f05138dd498894554e968010cf02 - - default default] 199.204.45.109 "POST /v2.0/ports HTTP/1.1" status: 201 len: 1158 time: 0.5764902 /var/lib/openstack/lib/python3.10/site-packages/pycadf/identifier.py:71: UserWarning: Invalid uuid: neutron. To ensure interoperability, identifiers should be a valid uuid. warnings.warn(('Invalid uuid: %s. To ensure interoperability, '
2026-07-21 07:47:26.710 10 INFO neutron.db.ovn_revision_numbers_db [req-5393598f-9dd9-4a9d-92aa-e84c1afd105c req-2d8c9cf4-2a43-4e40-afcf-233d6a820ce4 f1708b344cf944ceb4b45a23543aa568 5fbacf0cf08d4a29ab97893c932fdab7 - - 941e9478a541400a9dea1998c30101af 941e9478a541400a9dea1998c30101af] Successfully bumped revision number for resource 125fff50-0d1d-444b-9bc7-1138d7817a00 (type: ports) to 2
2026-07-21 07:47:26.946 10 INFO neutron.db.ovn_revision_numbers_db [req-5393598f-9dd9-4a9d-92aa-e84c1afd105c req-2d8c9cf4-2a43-4e40-afcf-233d6a820ce4 f1708b344cf944ceb4b45a23543aa568 5fbacf0cf08d4a29ab97893c932fdab7 - - 941e9478a541400a9dea1998c30101af 941e9478a541400a9dea1998c30101af] Successfully bumped revision number for resource 125fff50-0d1d-444b-9bc7-1138d7817a00 (type: ports) to 2
2026-07-21 07:47:26.965 10 INFO neutron.wsgi [req-5393598f-9dd9-4a9d-92aa-e84c1afd105c req-2d8c9cf4-2a43-4e40-afcf-233d6a820ce4 f1708b344cf944ceb4b45a23543aa568 5fbacf0cf08d4a29ab97893c932fdab7 - - 941e9478a541400a9dea1998c30101af 941e9478a541400a9dea1998c30101af] 199.204.45.109 "PUT /v2.0/ports/125fff50-0d1d-444b-9bc7-1138d7817a00 HTTP/1.1" status: 200 len: 1376 time: 0.6493256
2026-07-21 07:47:27.019 10 INFO neutron.notifiers.nova [-] Nova event matching ['req-9283b4eb-4f95-4205-8a4a-7397b76df12a'] response: {'name': 'network-changed', 'server_uuid': '42fa77b6-cf02-47fb-b3ac-0ca4b303f4e5', 'tag': '125fff50-0d1d-444b-9bc7-1138d7817a00', 'status': 'completed', 'code': 200} /var/lib/openstack/lib/python3.10/site-packages/pycadf/identifier.py:71: UserWarning: Invalid uuid: neutron. To ensure interoperability, identifiers should be a valid uuid. warnings.warn(('Invalid uuid: %s. To ensure interoperability, '
2026-07-21 07:47:27.064 10 INFO neutron.wsgi [req-5393598f-9dd9-4a9d-92aa-e84c1afd105c req-d545756f-2667-40f0-83ff-501377f3ef17 f1708b344cf944ceb4b45a23543aa568 5fbacf0cf08d4a29ab97893c932fdab7 - - 941e9478a541400a9dea1998c30101af 941e9478a541400a9dea1998c30101af] 199.204.45.109 "GET /v2.0/ports?tenant_id=16a1f05138dd498894554e968010cf02&device_id=42fa77b6-cf02-47fb-b3ac-0ca4b303f4e5 HTTP/1.1" status: 200 len: 1407 time: 0.0393054
2026-07-21 07:47:27.099 10 INFO neutron.wsgi [req-5393598f-9dd9-4a9d-92aa-e84c1afd105c req-6ac0f796-1f67-48f2-825d-324058e18f2f f1708b344cf944ceb4b45a23543aa568 5fbacf0cf08d4a29ab97893c932fdab7 - - 941e9478a541400a9dea1998c30101af 941e9478a541400a9dea1998c30101af] 199.204.45.109 "GET /v2.0/floatingips?fixed_ip_address=10.100.0.7&port_id=125fff50-0d1d-444b-9bc7-1138d7817a00 HTTP/1.1" status: 200 len: 217 time: 0.0276520
2026-07-21 07:47:27.136 9 INFO neutron.wsgi [req-3c732f6a-579a-4c8b-8ba1-ee43f90a95d7 req-d348b75d-5eab-492f-8ee4-7958e95944f4 806f8c056f364e159ea2705939738d50 16a1f05138dd498894554e968010cf02 - - default default] 10.0.0.29 "GET /v2.0/ports?device_id=42fa77b6-cf02-47fb-b3ac-0ca4b303f4e5 HTTP/1.1" status: 200 len: 1168 time: 0.0522933
2026-07-21 07:47:27.142 10 INFO neutron.wsgi [req-5393598f-9dd9-4a9d-92aa-e84c1afd105c req-5a046ae8-801a-4ebf-9ffa-67beba5c5907 f1708b344cf944ceb4b45a23543aa568 5fbacf0cf08d4a29ab97893c932fdab7 - - 941e9478a541400a9dea1998c30101af 941e9478a541400a9dea1998c30101af] 199.204.45.109 "GET /v2.0/subnets?id=9452f312-a120-4580-9573-b5009155751e HTTP/1.1" status: 200 len: 868 time: 0.0362308
