2026-07-21 07:50:30.002 10 INFO neutron.plugins.ml2.drivers.ovn.mech_driver.mech_driver [None req-9a7bc7a7-8e58-4f31-9213-24392d36372a - - - - - -] OVN reports status up for port: 49d60896-0268-4ec1-ac58-2291cc48e7ad
2026-07-21 07:50:30.014 10 INFO neutron.plugins.ml2.plugin [None req-9a7bc7a7-8e58-4f31-9213-24392d36372a - - - - - -] Attempt 1 to provision port 49d60896-0268-4ec1-ac58-2291cc48e7ad
2026-07-21 07:50:30.068 9 INFO neutron.db.ovn_revision_numbers_db [None req-4e58c11a-1e77-44b9-a0ed-f89bc631c34e - - - - - -] Successfully bumped revision number for resource 4d25f0a3-7414-4985-ae74-ad59144adcd0 (type: ports) to 2
2026-07-21 07:50:30.091 9 INFO neutron.db.ovn_revision_numbers_db [None req-1003a09e-f85c-4201-99b9-77921702b433 83540fc4698b4e708447e0700115ff15 60eae9221b35494398fd2af22d1e3264 - - default default] Successfully bumped revision number for resource 1c6c9242-b80f-4bcb-ae0d-afcc26562b0b (type: security_group_rules) to 0
2026-07-21 07:50:30.120 9 INFO neutron.wsgi [None req-1003a09e-f85c-4201-99b9-77921702b433 83540fc4698b4e708447e0700115ff15 60eae9221b35494398fd2af22d1e3264 - - default default] 10.0.0.158 "POST /v2.0/security-group-rules HTTP/1.1" status: 201 len: 764 time: 0.1973906
2026-07-21 07:50:30.136 9 WARNING neutron_lib.context [None req-7a721501-c9db-49bf-badc-05fd54990957 83540fc4698b4e708447e0700115ff15 60eae9221b35494398fd2af22d1e3264 - - default default] Method 'is_advsvc' is deprecated since 2023.2 release (neutron-lib 3.8.0) and will be removed once support for the old RBAC API policies will be removed from Neutron. Please use method 'is_service_role' instead.
2026-07-21 07:50:30.365 10 INFO neutron.db.ovn_revision_numbers_db [None req-9a7bc7a7-8e58-4f31-9213-24392d36372a - - - - - -] Successfully bumped revision number for resource 49d60896-0268-4ec1-ac58-2291cc48e7ad (type: ports) to 2
2026-07-21 07:50:30.479 10 INFO neutron.db.ovn_revision_numbers_db [None req-9a7bc7a7-8e58-4f31-9213-24392d36372a - - - - - -] Successfully bumped revision number for resource 49d60896-0268-4ec1-ac58-2291cc48e7ad (type: router_ports) to 2
2026-07-21 07:50:30.489 9 INFO neutron.db.ovn_revision_numbers_db [None req-7a721501-c9db-49bf-badc-05fd54990957 83540fc4698b4e708447e0700115ff15 60eae9221b35494398fd2af22d1e3264 - - default default] Successfully bumped revision number for resource b9ae6203-a2db-4adb-8891-7393d97ee532 (type: security_group_rules) to 0
2026-07-21 07:50:30.527 9 INFO neutron.wsgi [None req-7a721501-c9db-49bf-badc-05fd54990957 83540fc4698b4e708447e0700115ff15 60eae9221b35494398fd2af22d1e3264 - - default default] 10.0.0.158 "POST /v2.0/security-group-rules HTTP/1.1" status: 201 len: 766 time: 0.3994904
2026-07-21 07:50:30.539 9 WARNING neutron_lib.context [None req-9e3d4d68-d303-416e-99b2-e001f549b975 83540fc4698b4e708447e0700115ff15 60eae9221b35494398fd2af22d1e3264 - - default default] Method 'is_advsvc' is deprecated since 2023.2 release (neutron-lib 3.8.0) and will be removed once support for the old RBAC API policies will be removed from Neutron. Please use method 'is_service_role' instead.
2026-07-21 07:50:30.544 10 INFO neutron.db.ovn_revision_numbers_db [None req-d42436e8-7bea-4cba-a067-889b49a0b29e 7f7f47e8aa9e44948778acaf0f5bf6eb 41bd8e6ca10548fe9eafac18a27bdb29 - - default default] Successfully bumped revision number for resource 8cbc5d60-1b20-4ad3-aeaa-7a645868a457 (type: ports) to 2
2026-07-21 07:50:30.555 9 INFO neutron.db.ovn_revision_numbers_db [None req-4e58c11a-1e77-44b9-a0ed-f89bc631c34e - - - - - -] Successfully bumped revision number for resource 4d25f0a3-7414-4985-ae74-ad59144adcd0 (type: ports) to 4
2026-07-21 07:50:30.592 10 INFO neutron.db.ovn_revision_numbers_db [None req-d42436e8-7bea-4cba-a067-889b49a0b29e 7f7f47e8aa9e44948778acaf0f5bf6eb 41bd8e6ca10548fe9eafac18a27bdb29 - - default default] Successfully bumped revision number for resource 86b43fd0-0ca3-459c-9fea-5fa869ae6680 (type: subnets) to 0
2026-07-21 07:50:30.609 10 INFO neutron.wsgi [None req-d42436e8-7bea-4cba-a067-889b49a0b29e 7f7f47e8aa9e44948778acaf0f5bf6eb 41bd8e6ca10548fe9eafac18a27bdb29 - - default default] 10.0.0.158 "POST /v2.0/subnets HTTP/1.1" status: 201 len: 831 time: 0.9212682
2026-07-21 07:50:30.723 9 INFO neutron.db.ovn_revision_numbers_db [None req-9e3d4d68-d303-416e-99b2-e001f549b975 83540fc4698b4e708447e0700115ff15 60eae9221b35494398fd2af22d1e3264 - - default default] Successfully bumped revision number for resource e624bfef-494c-4758-aec1-9df230e1e38e (type: security_group_rules) to 0
2026-07-21 07:50:30.733 9 INFO neutron.db.ovn_revision_numbers_db [None req-4e58c11a-1e77-44b9-a0ed-f89bc631c34e - - - - - -] Successfully bumped revision number for resource 4d25f0a3-7414-4985-ae74-ad59144adcd0 (type: router_ports) to 4
2026-07-21 07:50:30.753 9 INFO neutron.wsgi [None req-9e3d4d68-d303-416e-99b2-e001f549b975 83540fc4698b4e708447e0700115ff15 60eae9221b35494398fd2af22d1e3264 - - default default] 10.0.0.158 "POST /v2.0/security-group-rules HTTP/1.1" status: 201 len: 768 time: 0.2202895
2026-07-21 07:50:30.766 10 WARNING neutron_lib.context [None req-06e465f8-019d-42ac-871a-c40505341494 83540fc4698b4e708447e0700115ff15 60eae9221b35494398fd2af22d1e3264 - - default default] Method 'is_advsvc' is deprecated since 2023.2 release (neutron-lib 3.8.0) and will be removed once support for the old RBAC API policies will be removed from Neutron. Please use method 'is_service_role' instead.
2026-07-21 07:50:31.000 10 INFO neutron.db.ovn_revision_numbers_db [None req-06e465f8-019d-42ac-871a-c40505341494 83540fc4698b4e708447e0700115ff15 60eae9221b35494398fd2af22d1e3264 - - default default] Successfully bumped revision number for resource d0302ec3-558f-42ea-b418-b212c39e73b6 (type: security_group_rules) to 0
2026-07-21 07:50:31.038 10 INFO neutron.wsgi [None req-06e465f8-019d-42ac-871a-c40505341494 83540fc4698b4e708447e0700115ff15 60eae9221b35494398fd2af22d1e3264 - - default default] 10.0.0.158 "POST /v2.0/security-group-rules HTTP/1.1" status: 201 len: 764 time: 0.2797477
2026-07-21 07:50:31.255 10 WARNING neutron.scheduler.dhcp_agent_scheduler [None req-5fd4055b-c958-45ad-8ab7-7a7bcd00e75c 7f7f47e8aa9e44948778acaf0f5bf6eb 41bd8e6ca10548fe9eafac18a27bdb29 - - default default] No more DHCP agents
2026-07-21 07:50:31.258 10 WARNING neutron.api.rpc.agentnotifiers.dhcp_rpc_agent_api [None req-5fd4055b-c958-45ad-8ab7-7a7bcd00e75c 7f7f47e8aa9e44948778acaf0f5bf6eb 41bd8e6ca10548fe9eafac18a27bdb29 - - default default] Unable to schedule network a3497b17-444b-4be5-8045-19664cc4e697: no agents available; will retry on subsequent port and subnet creation events.
2026-07-21 07:50:31.335 9 INFO neutron.wsgi [req-d52ad880-9edd-4d99-88cf-310ae1084035 req-b003f162-8fef-4f25-90fe-f69457ffde4c 83540fc4698b4e708447e0700115ff15 60eae9221b35494398fd2af22d1e3264 - - default default] 10.0.0.29 "GET /v2.0/security-groups?name=tempest-lb_member_SG-663799059&fields=id&tenant_id=60eae9221b35494398fd2af22d1e3264 HTTP/1.1" status: 200 len: 267 time: 0.0479481
2026-07-21 07:50:31.392 10 INFO neutron.db.ovn_revision_numbers_db [None req-5fd4055b-c958-45ad-8ab7-7a7bcd00e75c 7f7f47e8aa9e44948778acaf0f5bf6eb 41bd8e6ca10548fe9eafac18a27bdb29 - - default default] Successfully bumped revision number for resource b7031056-c705-4d4e-a9b4-727cf6845f0e (type: ports) to 1
2026-07-21 07:50:31.441 9 INFO neutron.wsgi [req-d52ad880-9edd-4d99-88cf-310ae1084035 req-e0947d35-f34d-4705-821f-611189c52f8d 83540fc4698b4e708447e0700115ff15 60eae9221b35494398fd2af22d1e3264 - - default default] 10.0.0.29 "GET /v2.0/networks?id=c1856682-9486-4eed-a2b0-f52bf9370967 HTTP/1.1" status: 200 len: 903 time: 0.0984316
2026-07-21 07:50:31.458 9 INFO neutron.wsgi [req-d52ad880-9edd-4d99-88cf-310ae1084035 req-46d57994-91af-4ed2-af24-8c102a8c1091 83540fc4698b4e708447e0700115ff15 60eae9221b35494398fd2af22d1e3264 - - default default] 10.0.0.29 "GET /v2.0/quotas/60eae9221b35494398fd2af22d1e3264 HTTP/1.1" status: 200 len: 386 time: 0.0093205
2026-07-21 07:50:31.638 9 INFO neutron.wsgi [req-d52ad880-9edd-4d99-88cf-310ae1084035 req-b5fc65c8-dac0-4347-ae0a-b950f7bbb386 83540fc4698b4e708447e0700115ff15 60eae9221b35494398fd2af22d1e3264 - - default default] 10.0.0.29 "GET /v2.0/ports?tenant_id=60eae9221b35494398fd2af22d1e3264&fields=id HTTP/1.1" status: 200 len: 486 time: 0.1728101
2026-07-21 07:50:31.692 9 INFO neutron.wsgi [req-d52ad880-9edd-4d99-88cf-310ae1084035 req-2d029b2e-0391-49fa-bad0-1f7b8a7782ff f1708b344cf944ceb4b45a23543aa568 5fbacf0cf08d4a29ab97893c932fdab7 - - 941e9478a541400a9dea1998c30101af 941e9478a541400a9dea1998c30101af] 10.0.0.29 "GET /v2.0/networks/c1856682-9486-4eed-a2b0-f52bf9370967?fields=segments HTTP/1.1" status: 200 len: 212 time: 0.0437074
2026-07-21 07:50:31.754 9 INFO neutron.wsgi [req-d52ad880-9edd-4d99-88cf-310ae1084035 req-bd8e199b-a2af-40ef-ab46-26b9e2a7c1c3 f1708b344cf944ceb4b45a23543aa568 5fbacf0cf08d4a29ab97893c932fdab7 - - 941e9478a541400a9dea1998c30101af 941e9478a541400a9dea1998c30101af] 10.0.0.29 "GET /v2.0/networks/c1856682-9486-4eed-a2b0-f52bf9370967?fields=provider%3Aphysical_network&fields=provider%3Anetwork_type HTTP/1.1" status: 200 len: 277 time: 0.0555930
2026-07-21 07:50:31.880 10 INFO neutron.db.ovn_revision_numbers_db [None req-5fd4055b-c958-45ad-8ab7-7a7bcd00e75c 7f7f47e8aa9e44948778acaf0f5bf6eb 41bd8e6ca10548fe9eafac18a27bdb29 - - default default] Successfully bumped revision number for resource b7031056-c705-4d4e-a9b4-727cf6845f0e (type: router_ports) to 1
2026-07-21 07:50:31.901 9 INFO neutron.wsgi [req-918f6757-418b-4cb7-a524-1009f40af932 req-aa6d21ec-92c2-404c-9e71-b29b2849198d 83540fc4698b4e708447e0700115ff15 60eae9221b35494398fd2af22d1e3264 - - default default] 10.0.0.29 "GET /v2.0/ports?device_id=a00afd11-15f2-4227-8a80-aeb66e404551 HTTP/1.1" status: 200 len: 210 time: 0.0256031
2026-07-21 07:50:32.046 10 INFO neutron.db.ovn_revision_numbers_db [None req-5fd4055b-c958-45ad-8ab7-7a7bcd00e75c 7f7f47e8aa9e44948778acaf0f5bf6eb 41bd8e6ca10548fe9eafac18a27bdb29 - - default default] Successfully bumped revision number for resource b7031056-c705-4d4e-a9b4-727cf6845f0e (type: ports) to 1
2026-07-21 07:50:32.107 10 WARNING neutron.scheduler.dhcp_agent_scheduler [None req-5fd4055b-c958-45ad-8ab7-7a7bcd00e75c 7f7f47e8aa9e44948778acaf0f5bf6eb 41bd8e6ca10548fe9eafac18a27bdb29 - - default default] No more DHCP agents
2026-07-21 07:50:32.108 10 WARNING neutron.api.rpc.agentnotifiers.dhcp_rpc_agent_api [None req-5fd4055b-c958-45ad-8ab7-7a7bcd00e75c 7f7f47e8aa9e44948778acaf0f5bf6eb 41bd8e6ca10548fe9eafac18a27bdb29 - - default default] Unable to schedule network a3497b17-444b-4be5-8045-19664cc4e697: no agents available; will retry on subsequent port and subnet creation events.
2026-07-21 07:50:32.383 10 INFO neutron.db.ovn_revision_numbers_db [None req-5fd4055b-c958-45ad-8ab7-7a7bcd00e75c 7f7f47e8aa9e44948778acaf0f5bf6eb 41bd8e6ca10548fe9eafac18a27bdb29 - - default default] Successfully bumped revision number for resource b7031056-c705-4d4e-a9b4-727cf6845f0e (type: router_ports) to 1
2026-07-21 07:50:32.385 10 INFO neutron.wsgi [None req-5fd4055b-c958-45ad-8ab7-7a7bcd00e75c 7f7f47e8aa9e44948778acaf0f5bf6eb 41bd8e6ca10548fe9eafac18a27bdb29 - - default default] 10.0.0.158 "PUT /v2.0/routers/d5502471-ebc1-491f-b81b-679bf08f6bcb/add_router_interface HTTP/1.1" status: 200 len: 503 time: 1.7714736
2026-07-21 07:50:32.484 10 INFO neutron.wsgi [None req-5f37877e-974e-440e-b17d-7bd1ac4b05fd ab899dbd8ff04f14b525842a61852c75 05ca1b1812864665a3b9671ed95937a2 - - default default] 10.0.0.158 "GET /v2.0/networks HTTP/1.1" status: 200 len: 5484 time: 0.0932095
2026-07-21 07:50:32.548 9 INFO neutron.wsgi [None req-79a4b1d2-1639-46e6-8f95-949b6b141526 ab899dbd8ff04f14b525842a61852c75 05ca1b1812864665a3b9671ed95937a2 - - default default] 10.0.0.158 "GET /v2.0/subnets HTTP/1.1" status: 200 len: 6155 time: 0.0564256
2026-07-21 07:50:32.573 10 INFO neutron.wsgi [req-d52ad880-9edd-4d99-88cf-310ae1084035 req-5ad2b616-dc94-49cf-8d49-b862c038a38d 83540fc4698b4e708447e0700115ff15 60eae9221b35494398fd2af22d1e3264 - - default default] 199.204.45.109 "GET /v2.0/networks?id=c1856682-9486-4eed-a2b0-f52bf9370967 HTTP/1.1" status: 200 len: 903 time: 0.0889604
2026-07-21 07:50:32.626 10 INFO neutron.wsgi [req-d52ad880-9edd-4d99-88cf-310ae1084035 req-9839392b-c6fc-4933-a0ae-c61a5f150639 83540fc4698b4e708447e0700115ff15 60eae9221b35494398fd2af22d1e3264 - - default default] 199.204.45.109 "GET /v2.0/security-groups?fields=id&fields=name&tenant_id=60eae9221b35494398fd2af22d1e3264 HTTP/1.1" status: 200 len: 377 time: 0.0477962
2026-07-21 07:50:32.647 10 WARNING neutron_lib.context [req-d52ad880-9edd-4d99-88cf-310ae1084035 req-730feb68-ccef-4da1-9f14-b39b49677399 83540fc4698b4e708447e0700115ff15 60eae9221b35494398fd2af22d1e3264 - - default default] Method 'is_advsvc' is deprecated since 2023.2 release (neutron-lib 3.8.0) and will be removed once support for the old RBAC API policies will be removed from Neutron. Please use method 'is_service_role' instead.
2026-07-21 07:50:32.676 9 INFO neutron.wsgi [None req-022e0b09-4f62-44c5-a2ba-c54a48312c26 ab899dbd8ff04f14b525842a61852c75 05ca1b1812864665a3b9671ed95937a2 - - default default] 10.0.0.158 "GET /v2.0/routers HTTP/1.1" status: 200 len: 1542 time: 0.1222529
2026-07-21 07:50:32.734 10 WARNING neutron_lib.context [None req-780bf1ec-7b2d-46de-a5bc-08693c158e8e 7f7f47e8aa9e44948778acaf0f5bf6eb 41bd8e6ca10548fe9eafac18a27bdb29 - - default default] Method 'is_advsvc' is deprecated since 2023.2 release (neutron-lib 3.8.0) and will be removed once support for the old RBAC API policies will be removed from Neutron. Please use method 'is_service_role' instead.
2026-07-21 07:50:33.145 10 INFO neutron.db.ovn_revision_numbers_db [None req-780bf1ec-7b2d-46de-a5bc-08693c158e8e 7f7f47e8aa9e44948778acaf0f5bf6eb 41bd8e6ca10548fe9eafac18a27bdb29 - - default default] Successfully bumped revision number for resource e453f745-b654-4630-9d7e-83b81d224049 (type: security_groups) to 1
2026-07-21 07:50:33.172 10 INFO neutron.db.ovn_revision_numbers_db [None req-780bf1ec-7b2d-46de-a5bc-08693c158e8e 7f7f47e8aa9e44948778acaf0f5bf6eb 41bd8e6ca10548fe9eafac18a27bdb29 - - default default] Successfully bumped revision number for resource 566755e5-092c-4eed-81c4-570ff91ea9fa (type: security_group_rules) to 0
2026-07-21 07:50:33.199 10 INFO neutron.db.ovn_revision_numbers_db [None req-780bf1ec-7b2d-46de-a5bc-08693c158e8e 7f7f47e8aa9e44948778acaf0f5bf6eb 41bd8e6ca10548fe9eafac18a27bdb29 - - default default] Successfully bumped revision number for resource d0cd70f7-5678-4494-bc9b-58ffc8432ec9 (type: security_group_rules) to 0
2026-07-21 07:50:33.229 10 INFO neutron.wsgi [None req-780bf1ec-7b2d-46de-a5bc-08693c158e8e 7f7f47e8aa9e44948778acaf0f5bf6eb 41bd8e6ca10548fe9eafac18a27bdb29 - - default default] 10.0.0.158 "POST /v2.0/security-groups HTTP/1.1" status: 201 len: 1813 time: 0.4998608
2026-07-21 07:50:33.241 9 WARNING neutron_lib.context [None req-3f71dbb4-a2f5-4318-a970-88b8e6eb74b4 7f7f47e8aa9e44948778acaf0f5bf6eb 41bd8e6ca10548fe9eafac18a27bdb29 - - default default] Method 'is_advsvc' is deprecated since 2023.2 release (neutron-lib 3.8.0) and will be removed once support for the old RBAC API policies will be removed from Neutron. Please use method 'is_service_role' instead.
2026-07-21 07:50:33.325 10 WARNING neutron.scheduler.dhcp_agent_scheduler [req-d52ad880-9edd-4d99-88cf-310ae1084035 req-730feb68-ccef-4da1-9f14-b39b49677399 83540fc4698b4e708447e0700115ff15 60eae9221b35494398fd2af22d1e3264 - - default default] No more DHCP agents
2026-07-21 07:50:33.327 10 WARNING neutron.api.rpc.agentnotifiers.dhcp_rpc_agent_api [req-d52ad880-9edd-4d99-88cf-310ae1084035 req-730feb68-ccef-4da1-9f14-b39b49677399 83540fc4698b4e708447e0700115ff15 60eae9221b35494398fd2af22d1e3264 - - default default] Unable to schedule network c1856682-9486-4eed-a2b0-f52bf9370967: no agents available; will retry on subsequent port and subnet creation events.
2026-07-21 07:50:33.384 9 INFO neutron.db.ovn_revision_numbers_db [None req-3f71dbb4-a2f5-4318-a970-88b8e6eb74b4 7f7f47e8aa9e44948778acaf0f5bf6eb 41bd8e6ca10548fe9eafac18a27bdb29 - - default default] Successfully bumped revision number for resource 49fd7d8a-68a2-4208-aeb8-9df095f5b57f (type: security_group_rules) to 0
2026-07-21 07:50:33.413 9 INFO neutron.wsgi [None req-3f71dbb4-a2f5-4318-a970-88b8e6eb74b4 7f7f47e8aa9e44948778acaf0f5bf6eb 41bd8e6ca10548fe9eafac18a27bdb29 - - default default] 10.0.0.158 "POST /v2.0/security-group-rules HTTP/1.1" status: 201 len: 764 time: 0.1781416
2026-07-21 07:50:33.434 9 WARNING neutron_lib.context [None req-a64bc80b-d18f-4421-ae3d-2ed458dea3c8 7f7f47e8aa9e44948778acaf0f5bf6eb 41bd8e6ca10548fe9eafac18a27bdb29 - - default default] Method 'is_advsvc' is deprecated since 2023.2 release (neutron-lib 3.8.0) and will be removed once support for the old RBAC API policies will be removed from Neutron. Please use method 'is_service_role' instead.
2026-07-21 07:50:33.522 10 INFO neutron.db.ovn_revision_numbers_db [req-d52ad880-9edd-4d99-88cf-310ae1084035 req-730feb68-ccef-4da1-9f14-b39b49677399 83540fc4698b4e708447e0700115ff15 60eae9221b35494398fd2af22d1e3264 - - default default] Successfully bumped revision number for resource bff6c859-d0ea-4b37-a907-f50ee464e7e5 (type: ports) to 1
2026-07-21 07:50:33.546 10 INFO neutron.wsgi [req-d52ad880-9edd-4d99-88cf-310ae1084035 req-730feb68-ccef-4da1-9f14-b39b49677399 83540fc4698b4e708447e0700115ff15 60eae9221b35494398fd2af22d1e3264 - - default default] 199.204.45.109 "POST /v2.0/ports HTTP/1.1" status: 201 len: 1388 time: 0.9061568
2026-07-21 07:50:33.554 9 INFO neutron.db.ovn_revision_numbers_db [None req-a64bc80b-d18f-4421-ae3d-2ed458dea3c8 7f7f47e8aa9e44948778acaf0f5bf6eb 41bd8e6ca10548fe9eafac18a27bdb29 - - default default] Successfully bumped revision number for resource 2c7516eb-2d6c-4bc6-a04d-bf94eb3ec0cd (type: security_group_rules) to 0 /var/lib/openstack/lib/python3.10/site-packages/pycadf/identifier.py:71: UserWarning: Invalid uuid: neutron. To ensure interoperability, identifiers should be a valid uuid. warnings.warn(('Invalid uuid: %s. To ensure interoperability, '
2026-07-21 07:50:33.589 9 INFO neutron.wsgi [None req-a64bc80b-d18f-4421-ae3d-2ed458dea3c8 7f7f47e8aa9e44948778acaf0f5bf6eb 41bd8e6ca10548fe9eafac18a27bdb29 - - default default] 10.0.0.158 "POST /v2.0/security-group-rules HTTP/1.1" status: 201 len: 763 time: 0.1693037
2026-07-21 07:50:33.600 10 WARNING neutron_lib.context [None req-6b29e0bc-72a0-4a21-8442-73a31a13226a 7f7f47e8aa9e44948778acaf0f5bf6eb 41bd8e6ca10548fe9eafac18a27bdb29 - - default default] Method 'is_advsvc' is deprecated since 2023.2 release (neutron-lib 3.8.0) and will be removed once support for the old RBAC API policies will be removed from Neutron. Please use method 'is_service_role' instead.
2026-07-21 07:50:33.785 10 INFO neutron.db.ovn_revision_numbers_db [None req-6b29e0bc-72a0-4a21-8442-73a31a13226a 7f7f47e8aa9e44948778acaf0f5bf6eb 41bd8e6ca10548fe9eafac18a27bdb29 - - default default] Successfully bumped revision number for resource c7922b13-9869-4913-89f4-c402a01d96a3 (type: security_group_rules) to 0
2026-07-21 07:50:33.817 10 INFO neutron.wsgi [None req-6b29e0bc-72a0-4a21-8442-73a31a13226a 7f7f47e8aa9e44948778acaf0f5bf6eb 41bd8e6ca10548fe9eafac18a27bdb29 - - default default] 10.0.0.158 "POST /v2.0/security-group-rules HTTP/1.1" status: 201 len: 769 time: 0.2230868
2026-07-21 07:50:33.832 10 WARNING neutron_lib.context [None req-895d199b-0d86-4264-be71-d3f8da435a03 7f7f47e8aa9e44948778acaf0f5bf6eb 41bd8e6ca10548fe9eafac18a27bdb29 - - default default] Method 'is_advsvc' is deprecated since 2023.2 release (neutron-lib 3.8.0) and will be removed once support for the old RBAC API policies will be removed from Neutron. Please use method 'is_service_role' instead.
2026-07-21 07:50:34.042 9 INFO neutron.wsgi [-] 10.0.0.246 "GET / HTTP/1.1" status: 200 len: 247 time: 0.0024390
2026-07-21 07:50:34.044 9 INFO neutron.wsgi [-] 10.0.0.246 "GET / HTTP/1.1" status: 200 len: 247 time: 0.0012548
2026-07-21 07:50:34.060 10 INFO neutron.db.ovn_revision_numbers_db [None req-895d199b-0d86-4264-be71-d3f8da435a03 7f7f47e8aa9e44948778acaf0f5bf6eb 41bd8e6ca10548fe9eafac18a27bdb29 - - default default] Successfully bumped revision number for resource 0b0d4edf-8343-4db0-bd29-49d76852c693 (type: security_group_rules) to 0
2026-07-21 07:50:34.064 10 INFO neutron.db.ovn_revision_numbers_db [req-d52ad880-9edd-4d99-88cf-310ae1084035 req-31ebba51-9d1a-4d17-b564-80f53c98ca88 f1708b344cf944ceb4b45a23543aa568 5fbacf0cf08d4a29ab97893c932fdab7 - - 941e9478a541400a9dea1998c30101af 941e9478a541400a9dea1998c30101af] Successfully bumped revision number for resource bff6c859-d0ea-4b37-a907-f50ee464e7e5 (type: ports) to 2
2026-07-21 07:50:34.086 10 INFO neutron.wsgi [None req-895d199b-0d86-4264-be71-d3f8da435a03 7f7f47e8aa9e44948778acaf0f5bf6eb 41bd8e6ca10548fe9eafac18a27bdb29 - - default default] 10.0.0.158 "POST /v2.0/security-group-rules HTTP/1.1" status: 201 len: 768 time: 0.2630172
2026-07-21 07:50:34.098 9 WARNING neutron_lib.context [None req-1c62ec15-61ed-4648-8d74-18fbd4c4dfc8 7f7f47e8aa9e44948778acaf0f5bf6eb 41bd8e6ca10548fe9eafac18a27bdb29 - - default default] Method 'is_advsvc' is deprecated since 2023.2 release (neutron-lib 3.8.0) and will be removed once support for the old RBAC API policies will be removed from Neutron. Please use method 'is_service_role' instead.
2026-07-21 07:50:34.115 9 INFO neutron.db.securitygroups_db [None req-1c62ec15-61ed-4648-8d74-18fbd4c4dfc8 7f7f47e8aa9e44948778acaf0f5bf6eb 41bd8e6ca10548fe9eafac18a27bdb29 - - default default] Project 41bd8e6ca10548fe9eafac18a27bdb29 added a security group rule with legacy IPv6 ICMP protocol name icmp, ipv6-icmp should be used instead. It was automatically converted.
2026-07-21 07:50:34.226 9 INFO neutron.db.ovn_revision_numbers_db [None req-1c62ec15-61ed-4648-8d74-18fbd4c4dfc8 7f7f47e8aa9e44948778acaf0f5bf6eb 41bd8e6ca10548fe9eafac18a27bdb29 - - default default] Successfully bumped revision number for resource 02dd0cb4-a939-4c57-abc0-a7a0b3965d3d (type: security_group_rules) to 0
2026-07-21 07:50:34.250 9 INFO neutron.wsgi [None req-1c62ec15-61ed-4648-8d74-18fbd4c4dfc8 7f7f47e8aa9e44948778acaf0f5bf6eb 41bd8e6ca10548fe9eafac18a27bdb29 - - default default] 10.0.0.158 "POST /v2.0/security-group-rules HTTP/1.1" status: 201 len: 774 time: 0.1569147 /var/lib/openstack/lib/python3.10/site-packages/pycadf/identifier.py:71: UserWarning: Invalid uuid: neutron. To ensure interoperability, identifiers should be a valid uuid. warnings.warn(('Invalid uuid: %s. To ensure interoperability, '
2026-07-21 07:50:34.260 10 WARNING neutron_lib.context [None req-fd72dbdd-08fd-4e8c-837c-742bb5990421 7f7f47e8aa9e44948778acaf0f5bf6eb 41bd8e6ca10548fe9eafac18a27bdb29 - - default default] Method 'is_advsvc' is deprecated since 2023.2 release (neutron-lib 3.8.0) and will be removed once support for the old RBAC API policies will be removed from Neutron. Please use method 'is_service_role' instead.
2026-07-21 07:50:34.276 10 INFO neutron.db.ovn_revision_numbers_db [req-d52ad880-9edd-4d99-88cf-310ae1084035 req-31ebba51-9d1a-4d17-b564-80f53c98ca88 f1708b344cf944ceb4b45a23543aa568 5fbacf0cf08d4a29ab97893c932fdab7 - - 941e9478a541400a9dea1998c30101af 941e9478a541400a9dea1998c30101af] Successfully bumped revision number for resource bff6c859-d0ea-4b37-a907-f50ee464e7e5 (type: ports) to 2
2026-07-21 07:50:34.281 10 INFO neutron.db.securitygroups_db [None req-fd72dbdd-08fd-4e8c-837c-742bb5990421 7f7f47e8aa9e44948778acaf0f5bf6eb 41bd8e6ca10548fe9eafac18a27bdb29 - - default default] Project 41bd8e6ca10548fe9eafac18a27bdb29 added a security group rule with legacy IPv6 ICMP protocol name icmp, ipv6-icmp should be used instead. It was automatically converted.
2026-07-21 07:50:34.296 10 INFO neutron.wsgi [req-d52ad880-9edd-4d99-88cf-310ae1084035 req-31ebba51-9d1a-4d17-b564-80f53c98ca88 f1708b344cf944ceb4b45a23543aa568 5fbacf0cf08d4a29ab97893c932fdab7 - - 941e9478a541400a9dea1998c30101af 941e9478a541400a9dea1998c30101af] 199.204.45.109 "PUT /v2.0/ports/bff6c859-d0ea-4b37-a907-f50ee464e7e5 HTTP/1.1" status: 200 len: 1605 time: 0.7419848
2026-07-21 07:50:34.341 10 INFO neutron.notifiers.nova [-] Nova event matching ['req-eb6fc3f7-77db-4e92-ac33-76b4f2bdcd23'] response: {'name': 'network-changed', 'server_uuid': 'a00afd11-15f2-4227-8a80-aeb66e404551', 'tag': 'bff6c859-d0ea-4b37-a907-f50ee464e7e5', 'status': 'completed', 'code': 200}
2026-07-21 07:50:34.384 10 INFO neutron.wsgi [req-d52ad880-9edd-4d99-88cf-310ae1084035 req-2fc1436d-1aed-4bc0-96e2-578d229805c5 f1708b344cf944ceb4b45a23543aa568 5fbacf0cf08d4a29ab97893c932fdab7 - - 941e9478a541400a9dea1998c30101af 941e9478a541400a9dea1998c30101af] 199.204.45.109 "GET /v2.0/ports?tenant_id=60eae9221b35494398fd2af22d1e3264&device_id=a00afd11-15f2-4227-8a80-aeb66e404551 HTTP/1.1" status: 200 len: 1636 time: 0.0547249
2026-07-21 07:50:34.425 10 INFO neutron.wsgi [req-d52ad880-9edd-4d99-88cf-310ae1084035 req-03acec5b-aa41-4750-9867-95289b6d7e01 f1708b344cf944ceb4b45a23543aa568 5fbacf0cf08d4a29ab97893c932fdab7 - - 941e9478a541400a9dea1998c30101af 941e9478a541400a9dea1998c30101af] 199.204.45.109 "GET /v2.0/floatingips?fixed_ip_address=10.2.1.163&port_id=bff6c859-d0ea-4b37-a907-f50ee464e7e5 HTTP/1.1" status: 200 len: 217 time: 0.0332377
2026-07-21 07:50:34.450 10 INFO neutron.wsgi [req-d52ad880-9edd-4d99-88cf-310ae1084035 req-74860984-c41f-4094-b520-313e8c8a78fa f1708b344cf944ceb4b45a23543aa568 5fbacf0cf08d4a29ab97893c932fdab7 - - 941e9478a541400a9dea1998c30101af 941e9478a541400a9dea1998c30101af] 199.204.45.109 "GET /v2.0/floatingips?fixed_ip_address=fd7b%3Af9f7%3Afff%3A4eca%3A%3A2e2&port_id=bff6c859-d0ea-4b37-a907-f50ee464e7e5 HTTP/1.1" status: 200 len: 217 time: 0.0197086
2026-07-21 07:50:34.458 10 INFO neutron.db.ovn_revision_numbers_db [None req-fd72dbdd-08fd-4e8c-837c-742bb5990421 7f7f47e8aa9e44948778acaf0f5bf6eb 41bd8e6ca10548fe9eafac18a27bdb29 - - default default] Successfully bumped revision number for resource 710ecb66-85ac-47b5-8256-dd183b4d4fec (type: security_group_rules) to 0
2026-07-21 07:50:34.495 10 INFO neutron.wsgi [req-d52ad880-9edd-4d99-88cf-310ae1084035 req-850e2ff2-59ea-413c-a33f-9ce8b5e286a5 f1708b344cf944ceb4b45a23543aa568 5fbacf0cf08d4a29ab97893c932fdab7 - - 941e9478a541400a9dea1998c30101af 941e9478a541400a9dea1998c30101af] 199.204.45.109 "GET /v2.0/subnets?id=121b924b-9df9-4805-a68c-b74395b74073&id=b5bcc59d-44de-4ec8-80dc-bc04921f9491 HTTP/1.1" status: 200 len: 1562 time: 0.0391812
2026-07-21 07:50:34.502 10 INFO neutron.wsgi [None req-fd72dbdd-08fd-4e8c-837c-742bb5990421 7f7f47e8aa9e44948778acaf0f5bf6eb 41bd8e6ca10548fe9eafac18a27bdb29 - - default default] 10.0.0.158 "POST /v2.0/security-group-rules HTTP/1.1" status: 201 len: 773 time: 0.2459512
2026-07-21 07:50:34.530 10 INFO neutron.wsgi [req-d52ad880-9edd-4d99-88cf-310ae1084035 req-844f4f40-c0cf-4483-a102-81a72bdc25a7 f1708b344cf944ceb4b45a23543aa568 5fbacf0cf08d4a29ab97893c932fdab7 - - 941e9478a541400a9dea1998c30101af 941e9478a541400a9dea1998c30101af] 199.204.45.109 "GET /v2.0/ports?network_id=c1856682-9486-4eed-a2b0-f52bf9370967&device_owner=network%3Adhcp HTTP/1.1" status: 200 len: 210 time: 0.0274088
2026-07-21 07:50:34.551 10 INFO neutron.wsgi [req-d52ad880-9edd-4d99-88cf-310ae1084035 req-46affba9-5468-4608-9eb7-17fb1f00ffec f1708b344cf944ceb4b45a23543aa568 5fbacf0cf08d4a29ab97893c932fdab7 - - 941e9478a541400a9dea1998c30101af 941e9478a541400a9dea1998c30101af] 199.204.45.109 "GET /v2.0/ports?network_id=c1856682-9486-4eed-a2b0-f52bf9370967&device_owner=network%3Adhcp HTTP/1.1" status: 200 len: 210 time: 0.0160124
2026-07-21 07:50:34.606 10 INFO neutron.wsgi [req-d52ad880-9edd-4d99-88cf-310ae1084035 req-d88f5897-8a09-4834-a664-c8cfd1cf160e f1708b344cf944ceb4b45a23543aa568 5fbacf0cf08d4a29ab97893c932fdab7 - - 941e9478a541400a9dea1998c30101af 941e9478a541400a9dea1998c30101af] 199.204.45.109 "GET /v2.0/networks/c1856682-9486-4eed-a2b0-f52bf9370967?fields=segments HTTP/1.1" status: 200 len: 212 time: 0.0480630
2026-07-21 07:50:34.666 10 INFO neutron.wsgi [req-d52ad880-9edd-4d99-88cf-310ae1084035 req-9c9e9b1e-b344-47fd-a864-426b5e078800 f1708b344cf944ceb4b45a23543aa568 5fbacf0cf08d4a29ab97893c932fdab7 - - 941e9478a541400a9dea1998c30101af 941e9478a541400a9dea1998c30101af] 199.204.45.109 "GET /v2.0/networks/c1856682-9486-4eed-a2b0-f52bf9370967?fields=provider%3Aphysical_network&fields=provider%3Anetwork_type HTTP/1.1" status: 200 len: 277 time: 0.0544474
2026-07-21 07:50:34.744 10 INFO neutron.wsgi [req-173c0cd5-1770-4be9-8884-5cf56a66fbff req-c61a2eae-a298-49ce-bd3f-2eef6d142456 f1708b344cf944ceb4b45a23543aa568 5fbacf0cf08d4a29ab97893c932fdab7 - - 941e9478a541400a9dea1998c30101af 941e9478a541400a9dea1998c30101af] 199.204.45.109 "GET /v2.0/ports?tenant_id=60eae9221b35494398fd2af22d1e3264&device_id=a00afd11-15f2-4227-8a80-aeb66e404551 HTTP/1.1" status: 200 len: 1636 time: 0.0355530
2026-07-21 07:50:34.816 10 INFO neutron.wsgi [req-173c0cd5-1770-4be9-8884-5cf56a66fbff req-a6df7315-17b7-4d42-8f24-71b76fe45e69 f1708b344cf944ceb4b45a23543aa568 5fbacf0cf08d4a29ab97893c932fdab7 - - 941e9478a541400a9dea1998c30101af 941e9478a541400a9dea1998c30101af] 199.204.45.109 "GET /v2.0/networks?id=c1856682-9486-4eed-a2b0-f52bf9370967 HTTP/1.1" status: 200 len: 1002 time: 0.0645556
2026-07-21 07:50:34.845 10 INFO neutron.wsgi [req-173c0cd5-1770-4be9-8884-5cf56a66fbff req-1c0c4e11-5c95-4d80-adcd-92c2922a44c1 f1708b344cf944ceb4b45a23543aa568 5fbacf0cf08d4a29ab97893c932fdab7 - - 941e9478a541400a9dea1998c30101af 941e9478a541400a9dea1998c30101af] 199.204.45.109 "GET /v2.0/floatingips?fixed_ip_address=10.2.1.163&port_id=bff6c859-d0ea-4b37-a907-f50ee464e7e5 HTTP/1.1" status: 200 len: 217 time: 0.0212431
2026-07-21 07:50:34.878 10 INFO neutron.wsgi [req-173c0cd5-1770-4be9-8884-5cf56a66fbff req-038f2e73-6a29-4c74-8de9-576a7b3c22f9 f1708b344cf944ceb4b45a23543aa568 5fbacf0cf08d4a29ab97893c932fdab7 - - 941e9478a541400a9dea1998c30101af 941e9478a541400a9dea1998c30101af] 199.204.45.109 "GET /v2.0/floatingips?fixed_ip_address=fd7b%3Af9f7%3Afff%3A4eca%3A%3A2e2&port_id=bff6c859-d0ea-4b37-a907-f50ee464e7e5 HTTP/1.1" status: 200 len: 217 time: 0.0268588
2026-07-21 07:50:34.934 10 INFO neutron.wsgi [req-173c0cd5-1770-4be9-8884-5cf56a66fbff req-7a2ab6ae-3a58-4a41-a170-361e3e5748fc f1708b344cf944ceb4b45a23543aa568 5fbacf0cf08d4a29ab97893c932fdab7 - - 941e9478a541400a9dea1998c30101af 941e9478a541400a9dea1998c30101af] 199.204.45.109 "GET /v2.0/subnets?id=121b924b-9df9-4805-a68c-b74395b74073&id=b5bcc59d-44de-4ec8-80dc-bc04921f9491 HTTP/1.1" status: 200 len: 1562 time: 0.0511780
2026-07-21 07:50:34.960 10 INFO neutron.wsgi [req-173c0cd5-1770-4be9-8884-5cf56a66fbff req-385272f7-53de-46e8-9e39-5ac88daf1aa7 f1708b344cf944ceb4b45a23543aa568 5fbacf0cf08d4a29ab97893c932fdab7 - - 941e9478a541400a9dea1998c30101af 941e9478a541400a9dea1998c30101af] 199.204.45.109 "GET /v2.0/ports?network_id=c1856682-9486-4eed-a2b0-f52bf9370967&device_owner=network%3Adhcp HTTP/1.1" status: 200 len: 210 time: 0.0219467
2026-07-21 07:50:34.989 10 INFO neutron.wsgi [req-173c0cd5-1770-4be9-8884-5cf56a66fbff req-5f76a55a-4299-43f0-a245-a1a8a399c977 f1708b344cf944ceb4b45a23543aa568 5fbacf0cf08d4a29ab97893c932fdab7 - - 941e9478a541400a9dea1998c30101af 941e9478a541400a9dea1998c30101af] 199.204.45.109 "GET /v2.0/ports?network_id=c1856682-9486-4eed-a2b0-f52bf9370967&device_owner=network%3Adhcp HTTP/1.1" status: 200 len: 210 time: 0.0227048
2026-07-21 07:50:35.038 9 INFO neutron.wsgi [None req-7a6d6842-42b1-4a8c-9d59-bc51b3e8a333 7f7f47e8aa9e44948778acaf0f5bf6eb 41bd8e6ca10548fe9eafac18a27bdb29 - - default default] 10.0.0.158 "GET /v2.0/networks HTTP/1.1" status: 200 len: 1492 time: 0.1997001
2026-07-21 07:50:35.054 10 INFO neutron.wsgi [req-173c0cd5-1770-4be9-8884-5cf56a66fbff req-91ca5936-6985-403a-9fd2-7605aa41f882 f1708b344cf944ceb4b45a23543aa568 5fbacf0cf08d4a29ab97893c932fdab7 - - 941e9478a541400a9dea1998c30101af 941e9478a541400a9dea1998c30101af] 199.204.45.109 "GET /v2.0/networks/c1856682-9486-4eed-a2b0-f52bf9370967?fields=segments HTTP/1.1" status: 200 len: 212 time: 0.0589490
2026-07-21 07:50:35.135 10 INFO neutron.wsgi [req-173c0cd5-1770-4be9-8884-5cf56a66fbff req-8c178086-d230-45c0-8444-92cebb8445f2 f1708b344cf944ceb4b45a23543aa568 5fbacf0cf08d4a29ab97893c932fdab7 - - 941e9478a541400a9dea1998c30101af 941e9478a541400a9dea1998c30101af] 199.204.45.109 "GET /v2.0/networks/c1856682-9486-4eed-a2b0-f52bf9370967?fields=provider%3Aphysical_network&fields=provider%3Anetwork_type HTTP/1.1" status: 200 len: 277 time: 0.0775325
2026-07-21 07:50:35.159 9 INFO neutron.wsgi [req-80a14e8c-b293-40e7-b655-ee5139a02eaf req-d9ca535a-1ac5-4d12-b1b9-72639aa0f8f5 7f7f47e8aa9e44948778acaf0f5bf6eb 41bd8e6ca10548fe9eafac18a27bdb29 - - default default] 10.0.0.29 "GET /v2.0/security-groups?name=tempest-secgroup-smoke-1414244318&fields=id&tenant_id=41bd8e6ca10548fe9eafac18a27bdb29 HTTP/1.1" status: 200 len: 267 time: 0.0392723
2026-07-21 07:50:35.232 9 INFO neutron.wsgi [req-80a14e8c-b293-40e7-b655-ee5139a02eaf req-243b97e8-752f-43cb-9610-59fdaba410da 7f7f47e8aa9e44948778acaf0f5bf6eb 41bd8e6ca10548fe9eafac18a27bdb29 - - default default] 10.0.0.29 "GET /v2.0/networks?id=a3497b17-444b-4be5-8045-19664cc4e697 HTTP/1.1" status: 200 len: 859 time: 0.0656013
2026-07-21 07:50:35.251 9 INFO neutron.wsgi [req-80a14e8c-b293-40e7-b655-ee5139a02eaf req-324d5979-be40-440f-b60a-7be4020f56f3 7f7f47e8aa9e44948778acaf0f5bf6eb 41bd8e6ca10548fe9eafac18a27bdb29 - - default default] 10.0.0.29 "GET /v2.0/quotas/41bd8e6ca10548fe9eafac18a27bdb29 HTTP/1.1" status: 200 len: 386 time: 0.0116067
2026-07-21 07:50:35.343 9 INFO neutron.wsgi [req-80a14e8c-b293-40e7-b655-ee5139a02eaf req-19346bcd-b174-4db8-91f2-ed5829b10f07 7f7f47e8aa9e44948778acaf0f5bf6eb 41bd8e6ca10548fe9eafac18a27bdb29 - - default default] 10.0.0.29 "GET /v2.0/ports?tenant_id=41bd8e6ca10548fe9eafac18a27bdb29&fields=id HTTP/1.1" status: 200 len: 302 time: 0.0851593
2026-07-21 07:50:35.402 9 INFO neutron.wsgi [req-80a14e8c-b293-40e7-b655-ee5139a02eaf req-fc98b76d-8d89-4a1a-a00d-1dc1fd79c4c2 f1708b344cf944ceb4b45a23543aa568 5fbacf0cf08d4a29ab97893c932fdab7 - - 941e9478a541400a9dea1998c30101af 941e9478a541400a9dea1998c30101af] 10.0.0.29 "GET /v2.0/networks/a3497b17-444b-4be5-8045-19664cc4e697?fields=segments HTTP/1.1" status: 200 len: 212 time: 0.0455966
2026-07-21 07:50:35.452 9 INFO neutron.wsgi [req-80a14e8c-b293-40e7-b655-ee5139a02eaf req-d7c469a1-1a47-4995-82ea-b5cad486e955 f1708b344cf944ceb4b45a23543aa568 5fbacf0cf08d4a29ab97893c932fdab7 - - 941e9478a541400a9dea1998c30101af 941e9478a541400a9dea1998c30101af] 10.0.0.29 "GET /v2.0/networks/a3497b17-444b-4be5-8045-19664cc4e697?fields=provider%3Aphysical_network&fields=provider%3Anetwork_type HTTP/1.1" status: 200 len: 277 time: 0.0430980
2026-07-21 07:50:35.580 9 INFO neutron.wsgi [req-80e7e500-b102-4826-ad8e-2fd9a394b8a6 req-60920c0f-b53e-40cd-8214-58c64b381628 7f7f47e8aa9e44948778acaf0f5bf6eb 41bd8e6ca10548fe9eafac18a27bdb29 - - default default] 10.0.0.29 "GET /v2.0/ports?device_id=dbf758e9-c42a-4fb6-8ea8-9f7fe5f22f40 HTTP/1.1" status: 200 len: 210 time: 0.0225480
2026-07-21 07:50:36.271 10 INFO neutron.wsgi [req-80a14e8c-b293-40e7-b655-ee5139a02eaf req-454b2bae-f021-4e8e-9385-86b8d3b364d6 7f7f47e8aa9e44948778acaf0f5bf6eb 41bd8e6ca10548fe9eafac18a27bdb29 - - default default] 199.204.45.109 "GET /v2.0/networks?id=a3497b17-444b-4be5-8045-19664cc4e697 HTTP/1.1" status: 200 len: 859 time: 0.0657082
2026-07-21 07:50:36.325 10 INFO neutron.wsgi [req-80a14e8c-b293-40e7-b655-ee5139a02eaf req-4ae8c454-1d71-411b-8814-566aaea2feb8 7f7f47e8aa9e44948778acaf0f5bf6eb 41bd8e6ca10548fe9eafac18a27bdb29 - - default default] 199.204.45.109 "GET /v2.0/security-groups?fields=id&fields=name&tenant_id=41bd8e6ca10548fe9eafac18a27bdb29 HTTP/1.1" status: 200 len: 380 time: 0.0480134
2026-07-21 07:50:36.335 10 WARNING neutron_lib.context [req-80a14e8c-b293-40e7-b655-ee5139a02eaf req-41ac033d-0ba2-4177-8090-781c9e9667ba 7f7f47e8aa9e44948778acaf0f5bf6eb 41bd8e6ca10548fe9eafac18a27bdb29 - - default default] Method 'is_advsvc' is deprecated since 2023.2 release (neutron-lib 3.8.0) and will be removed once support for the old RBAC API policies will be removed from Neutron. Please use method 'is_service_role' instead.
2026-07-21 07:50:36.391 10 WARNING neutron.plugins.ml2.drivers.ovn.mech_driver.ovsdb.ovn_client [None req-9a7bc7a7-8e58-4f31-9213-24392d36372a - - - - - -] No hosting information found for port 49d60896-0268-4ec1-ac58-2291cc48e7ad: RuntimeError: No hosting information found for port 49d60896-0268-4ec1-ac58-2291cc48e7ad
2026-07-21 07:50:36.392 10 INFO neutron.plugins.ml2.drivers.ovn.mech_driver.mech_driver [None req-9a7bc7a7-8e58-4f31-9213-24392d36372a - - - - - -] OVN reports status up for port: 41820ee5-e456-40fa-ac4a-89cb856d4345
2026-07-21 07:50:36.403 10 INFO neutron.plugins.ml2.plugin [None req-9a7bc7a7-8e58-4f31-9213-24392d36372a - - - - - -] Attempt 1 to provision port 41820ee5-e456-40fa-ac4a-89cb856d4345
2026-07-21 07:50:36.680 9 INFO neutron.wsgi [req-2843442e-3cc9-4cd8-aa20-0f8ce43bfd22 req-7b98f049-8b66-4b1a-b71f-91d2a1c0f7f2 7f7f47e8aa9e44948778acaf0f5bf6eb 41bd8e6ca10548fe9eafac18a27bdb29 - - default default] 10.0.0.29 "GET /v2.0/ports?device_id=dbf758e9-c42a-4fb6-8ea8-9f7fe5f22f40 HTTP/1.1" status: 200 len: 210 time: 0.0268557
2026-07-21 07:50:36.806 10 WARNING neutron.scheduler.dhcp_agent_scheduler [req-80a14e8c-b293-40e7-b655-ee5139a02eaf req-41ac033d-0ba2-4177-8090-781c9e9667ba 7f7f47e8aa9e44948778acaf0f5bf6eb 41bd8e6ca10548fe9eafac18a27bdb29 - - default default] No more DHCP agents
2026-07-21 07:50:36.812 10 WARNING neutron.api.rpc.agentnotifiers.dhcp_rpc_agent_api [req-80a14e8c-b293-40e7-b655-ee5139a02eaf req-41ac033d-0ba2-4177-8090-781c9e9667ba 7f7f47e8aa9e44948778acaf0f5bf6eb 41bd8e6ca10548fe9eafac18a27bdb29 - - default default] Unable to schedule network a3497b17-444b-4be5-8045-19664cc4e697: no agents available; will retry on subsequent port and subnet creation events.
2026-07-21 07:50:36.836 10 INFO neutron.db.ovn_revision_numbers_db [None req-9a7bc7a7-8e58-4f31-9213-24392d36372a - - - - - -] Successfully bumped revision number for resource 41820ee5-e456-40fa-ac4a-89cb856d4345 (type: ports) to 2
2026-07-21 07:50:36.963 10 INFO neutron.db.ovn_revision_numbers_db [None req-9a7bc7a7-8e58-4f31-9213-24392d36372a - - - - - -] Successfully bumped revision number for resource 41820ee5-e456-40fa-ac4a-89cb856d4345 (type: router_ports) to 2
2026-07-21 07:50:37.056 10 INFO neutron.db.ovn_revision_numbers_db [req-80a14e8c-b293-40e7-b655-ee5139a02eaf req-41ac033d-0ba2-4177-8090-781c9e9667ba 7f7f47e8aa9e44948778acaf0f5bf6eb 41bd8e6ca10548fe9eafac18a27bdb29 - - default default] Successfully bumped revision number for resource 03a7c0da-a5de-4cda-b925-88b99cee1fa9 (type: ports) to 1
2026-07-21 07:50:37.076 9 INFO neutron.wsgi [req-c81d51cc-b6bc-45f4-8910-26eaf5d376c1 req-36167d8d-6b13-4c15-b83c-82fec7402381 83540fc4698b4e708447e0700115ff15 60eae9221b35494398fd2af22d1e3264 - - default default] 10.0.0.29 "GET /v2.0/ports?device_id=a00afd11-15f2-4227-8a80-aeb66e404551 HTTP/1.1" status: 200 len: 1398 time: 0.1116273
2026-07-21 07:50:37.080 10 INFO neutron.wsgi [req-80a14e8c-b293-40e7-b655-ee5139a02eaf req-41ac033d-0ba2-4177-8090-781c9e9667ba 7f7f47e8aa9e44948778acaf0f5bf6eb 41bd8e6ca10548fe9eafac18a27bdb29 - - default default] 199.204.45.109 "POST /v2.0/ports HTTP/1.1" status: 201 len: 1162 time: 0.7505176 /var/lib/openstack/lib/python3.10/site-packages/pycadf/identifier.py:71: UserWarning: Invalid uuid: neutron. To ensure interoperability, identifiers should be a valid uuid. warnings.warn(('Invalid uuid: %s. To ensure interoperability, '
2026-07-21 07:50:37.128 9 INFO neutron.wsgi [req-c81d51cc-b6bc-45f4-8910-26eaf5d376c1 req-3d3bfc35-aa47-47df-9ef6-7147b914ce7c 83540fc4698b4e708447e0700115ff15 60eae9221b35494398fd2af22d1e3264 - - default default] 10.0.0.29 "GET /v2.0/security-groups?id=7896763c-51e5-4d87-ac1e-13a5b90f8ef4&fields=id&fields=name HTTP/1.1" status: 200 len: 310 time: 0.0443358
2026-07-21 07:50:37.475 10 INFO neutron.db.ovn_revision_numbers_db [req-80a14e8c-b293-40e7-b655-ee5139a02eaf req-a37ac4ca-2488-448e-b95c-5cc6e65c03c0 f1708b344cf944ceb4b45a23543aa568 5fbacf0cf08d4a29ab97893c932fdab7 - - 941e9478a541400a9dea1998c30101af 941e9478a541400a9dea1998c30101af] Successfully bumped revision number for resource 03a7c0da-a5de-4cda-b925-88b99cee1fa9 (type: ports) to 2
2026-07-21 07:50:37.663 10 INFO neutron.db.ovn_revision_numbers_db [req-80a14e8c-b293-40e7-b655-ee5139a02eaf req-a37ac4ca-2488-448e-b95c-5cc6e65c03c0 f1708b344cf944ceb4b45a23543aa568 5fbacf0cf08d4a29ab97893c932fdab7 - - 941e9478a541400a9dea1998c30101af 941e9478a541400a9dea1998c30101af] Successfully bumped revision number for resource 03a7c0da-a5de-4cda-b925-88b99cee1fa9 (type: ports) to 2
2026-07-21 07:50:37.681 10 INFO neutron.wsgi [req-80a14e8c-b293-40e7-b655-ee5139a02eaf req-a37ac4ca-2488-448e-b95c-5cc6e65c03c0 f1708b344cf944ceb4b45a23543aa568 5fbacf0cf08d4a29ab97893c932fdab7 - - 941e9478a541400a9dea1998c30101af 941e9478a541400a9dea1998c30101af] 199.204.45.109 "PUT /v2.0/ports/03a7c0da-a5de-4cda-b925-88b99cee1fa9 HTTP/1.1" status: 200 len: 1380 time: 0.5922093
2026-07-21 07:50:37.716 10 INFO neutron.notifiers.nova [-] Nova event matching ['req-b6732341-37b9-417f-8078-4ba9aba2ad1e'] response: {'name': 'network-changed', 'server_uuid': 'dbf758e9-c42a-4fb6-8ea8-9f7fe5f22f40', 'tag': '03a7c0da-a5de-4cda-b925-88b99cee1fa9', 'status': 'completed', 'code': 200} /var/lib/openstack/lib/python3.10/site-packages/pycadf/identifier.py:71: UserWarning: Invalid uuid: neutron. To ensure interoperability, identifiers should be a valid uuid. warnings.warn(('Invalid uuid: %s. To ensure interoperability, '
2026-07-21 07:50:37.756 10 INFO neutron.wsgi [req-80a14e8c-b293-40e7-b655-ee5139a02eaf req-ca4472bd-940f-41be-9636-3cf051846d6a f1708b344cf944ceb4b45a23543aa568 5fbacf0cf08d4a29ab97893c932fdab7 - - 941e9478a541400a9dea1998c30101af 941e9478a541400a9dea1998c30101af] 199.204.45.109 "GET /v2.0/ports?tenant_id=41bd8e6ca10548fe9eafac18a27bdb29&device_id=dbf758e9-c42a-4fb6-8ea8-9f7fe5f22f40 HTTP/1.1" status: 200 len: 1411 time: 0.0374310
2026-07-21 07:50:37.784 10 INFO neutron.wsgi [req-80a14e8c-b293-40e7-b655-ee5139a02eaf req-ac07fe9f-5e25-46c4-ae2d-9c768f510676 f1708b344cf944ceb4b45a23543aa568 5fbacf0cf08d4a29ab97893c932fdab7 - - 941e9478a541400a9dea1998c30101af 941e9478a541400a9dea1998c30101af] 199.204.45.109 "GET /v2.0/floatingips?fixed_ip_address=10.100.0.13&port_id=03a7c0da-a5de-4cda-b925-88b99cee1fa9 HTTP/1.1" status: 200 len: 217 time: 0.0204608
2026-07-21 07:50:37.787 9 INFO neutron.wsgi [req-90f2443a-00cb-452e-84dc-14f886f0a980 req-1439bab3-00a9-42ac-b092-2963eb931c6c 7f7f47e8aa9e44948778acaf0f5bf6eb 41bd8e6ca10548fe9eafac18a27bdb29 - - default default] 10.0.0.29 "GET /v2.0/ports?device_id=dbf758e9-c42a-4fb6-8ea8-9f7fe5f22f40 HTTP/1.1" status: 200 len: 1172 time: 0.0469072
2026-07-21 07:50:37.821 10 INFO neutron.wsgi [req-80a14e8c-b293-40e7-b655-ee5139a02eaf req-8878513c-78e8-482d-aa2a-38188d0108d3 f1708b344cf944ceb4b45a23543aa568 5fbacf0cf08d4a29ab97893c932fdab7 - - 941e9478a541400a9dea1998c30101af 941e9478a541400a9dea1998c30101af] 199.204.45.109 "GET /v2.0/subnets?id=86b43fd0-0ca3-459c-9fea-5fa869ae6680 HTTP/1.1" status: 200 len: 852 time: 0.0304978
2026-07-21 07:50:37.829 9 INFO neutron.wsgi [req-90f2443a-00cb-452e-84dc-14f886f0a980 req-03b66f78-1859-42b2-a5bb-111edad5a651 7f7f47e8aa9e44948778acaf0f5bf6eb 41bd8e6ca10548fe9eafac18a27bdb29 - - default default] 10.0.0.29 "GET /v2.0/security-groups?id=e453f745-b654-4630-9d7e-83b81d224049&fields=id&fields=name HTTP/1.1" status: 200 len: 313 time: 0.0358565
2026-07-21 07:50:37.857 10 INFO neutron.wsgi [req-80a14e8c-b293-40e7-b655-ee5139a02eaf req-7ba5f3f5-9a82-4e4a-bc20-687d0be567e5 f1708b344cf944ceb4b45a23543aa568 5fbacf0cf08d4a29ab97893c932fdab7 - - 941e9478a541400a9dea1998c30101af 941e9478a541400a9dea1998c30101af] 199.204.45.109 "GET /v2.0/ports?network_id=a3497b17-444b-4be5-8045-19664cc4e697&device_owner=network%3Adhcp HTTP/1.1" status: 200 len: 210 time: 0.0280135
2026-07-21 07:50:37.936 10 INFO neutron.wsgi [req-80a14e8c-b293-40e7-b655-ee5139a02eaf req-3cc52c24-bda9-4547-bad8-98e30e60c9bc f1708b344cf944ceb4b45a23543aa568 5fbacf0cf08d4a29ab97893c932fdab7 - - 941e9478a541400a9dea1998c30101af 941e9478a541400a9dea1998c30101af] 199.204.45.109 "GET /v2.0/networks/a3497b17-444b-4be5-8045-19664cc4e697?fields=segments HTTP/1.1" status: 200 len: 212 time: 0.0734496
2026-07-21 07:50:38.013 10 INFO neutron.wsgi [req-80a14e8c-b293-40e7-b655-ee5139a02eaf req-1999e67a-4c5e-4984-a068-6b1501cbc869 f1708b344cf944ceb4b45a23543aa568 5fbacf0cf08d4a29ab97893c932fdab7 - - 941e9478a541400a9dea1998c30101af 941e9478a541400a9dea1998c30101af] 199.204.45.109 "GET /v2.0/networks/a3497b17-444b-4be5-8045-19664cc4e697?fields=provider%3Aphysical_network&fields=provider%3Anetwork_type HTTP/1.1" status: 200 len: 277 time: 0.0697768
2026-07-21 07:50:38.098 10 INFO neutron.wsgi [req-9f24c544-bb35-4de5-992a-8167c525956c req-1471be02-943b-4480-bb9f-9970142892cf f1708b344cf944ceb4b45a23543aa568 5fbacf0cf08d4a29ab97893c932fdab7 - - 941e9478a541400a9dea1998c30101af 941e9478a541400a9dea1998c30101af] 199.204.45.109 "GET /v2.0/ports?tenant_id=41bd8e6ca10548fe9eafac18a27bdb29&device_id=dbf758e9-c42a-4fb6-8ea8-9f7fe5f22f40 HTTP/1.1" status: 200 len: 1411 time: 0.0378625
2026-07-21 07:50:38.158 10 INFO neutron.wsgi [req-9f24c544-bb35-4de5-992a-8167c525956c req-524e63ed-547a-4e5a-a68f-dfece3aa78d0 f1708b344cf944ceb4b45a23543aa568 5fbacf0cf08d4a29ab97893c932fdab7 - - 941e9478a541400a9dea1998c30101af 941e9478a541400a9dea1998c30101af] 199.204.45.109 "GET /v2.0/networks?id=a3497b17-444b-4be5-8045-19664cc4e697 HTTP/1.1" status: 200 len: 958 time: 0.0547047
2026-07-21 07:50:38.190 10 INFO neutron.wsgi [req-9f24c544-bb35-4de5-992a-8167c525956c req-77efdd80-09a5-49aa-a8d1-5f34b7b65f2f f1708b344cf944ceb4b45a23543aa568 5fbacf0cf08d4a29ab97893c932fdab7 - - 941e9478a541400a9dea1998c30101af 941e9478a541400a9dea1998c30101af] 199.204.45.109 "GET /v2.0/floatingips?fixed_ip_address=10.100.0.13&port_id=03a7c0da-a5de-4cda-b925-88b99cee1fa9 HTTP/1.1" status: 200 len: 217 time: 0.0267420
2026-07-21 07:50:38.206 9 INFO neutron.plugins.ml2.drivers.ovn.mech_driver.mech_driver [None req-edcfc3cf-e4fd-463d-9ac2-f673b9c71150 - - - - - -] OVN reports status up for port: 03a7c0da-a5de-4cda-b925-88b99cee1fa9
2026-07-21 07:50:38.221 9 INFO neutron.plugins.ml2.plugin [None req-edcfc3cf-e4fd-463d-9ac2-f673b9c71150 - - - - - -] Attempt 1 to provision port 03a7c0da-a5de-4cda-b925-88b99cee1fa9
2026-07-21 07:50:38.237 10 INFO neutron.wsgi [req-9f24c544-bb35-4de5-992a-8167c525956c req-2c6cf42e-901f-4bf5-b7c8-757c4970b783 f1708b344cf944ceb4b45a23543aa568 5fbacf0cf08d4a29ab97893c932fdab7 - - 941e9478a541400a9dea1998c30101af 941e9478a541400a9dea1998c30101af] 199.204.45.109 "GET /v2.0/subnets?id=86b43fd0-0ca3-459c-9fea-5fa869ae6680 HTTP/1.1" status: 200 len: 852 time: 0.0420635
2026-07-21 07:50:38.270 10 INFO neutron.wsgi [req-9f24c544-bb35-4de5-992a-8167c525956c req-a0037d37-2fb2-4404-b233-896635970d1b f1708b344cf944ceb4b45a23543aa568 5fbacf0cf08d4a29ab97893c932fdab7 - - 941e9478a541400a9dea1998c30101af 941e9478a541400a9dea1998c30101af] 199.204.45.109 "GET /v2.0/ports?network_id=a3497b17-444b-4be5-8045-19664cc4e697&device_owner=network%3Adhcp HTTP/1.1" status: 200 len: 210 time: 0.0286741
2026-07-21 07:50:38.335 10 INFO neutron.wsgi [req-9f24c544-bb35-4de5-992a-8167c525956c req-51fab7d6-f16e-44b4-bf1c-5298540e1265 f1708b344cf944ceb4b45a23543aa568 5fbacf0cf08d4a29ab97893c932fdab7 - - 941e9478a541400a9dea1998c30101af 941e9478a541400a9dea1998c30101af] 199.204.45.109 "GET /v2.0/networks/a3497b17-444b-4be5-8045-19664cc4e697?fields=segments HTTP/1.1" status: 200 len: 212 time: 0.0576992
2026-07-21 07:50:38.360 9 INFO neutron.notifiers.nova [-] Nova event matching ['req-58175a30-e41b-45de-ae75-28d017d60716'] response: {'server_uuid': 'dbf758e9-c42a-4fb6-8ea8-9f7fe5f22f40', 'name': 'network-vif-plugged', 'status': 'completed', 'tag': '03a7c0da-a5de-4cda-b925-88b99cee1fa9', 'code': 200}
2026-07-21 07:50:38.399 10 INFO neutron.wsgi [req-9f24c544-bb35-4de5-992a-8167c525956c req-042a2f7c-b72a-4fd3-90d8-052f77e991c7 f1708b344cf944ceb4b45a23543aa568 5fbacf0cf08d4a29ab97893c932fdab7 - - 941e9478a541400a9dea1998c30101af 941e9478a541400a9dea1998c30101af] 199.204.45.109 "GET /v2.0/networks/a3497b17-444b-4be5-8045-19664cc4e697?fields=provider%3Aphysical_network&fields=provider%3Anetwork_type HTTP/1.1" status: 200 len: 277 time: 0.0557969
2026-07-21 07:50:38.521 9 INFO neutron.db.ovn_revision_numbers_db [None req-edcfc3cf-e4fd-463d-9ac2-f673b9c71150 - - - - - -] Successfully bumped revision number for resource 03a7c0da-a5de-4cda-b925-88b99cee1fa9 (type: ports) to 4 /var/lib/openstack/lib/python3.10/site-packages/pycadf/identifier.py:71: UserWarning: Invalid uuid: neutron. To ensure interoperability, identifiers should be a valid uuid. warnings.warn(('Invalid uuid: %s. To ensure interoperability, '
2026-07-21 07:50:38.965 9 INFO neutron.wsgi [req-fa0e8b9d-d69f-42f0-83f5-b9c08bddfe76 req-eae0b330-074d-48b9-8ee7-58e2ba426e67 7f7f47e8aa9e44948778acaf0f5bf6eb 41bd8e6ca10548fe9eafac18a27bdb29 - - default default] 10.0.0.29 "GET /v2.0/ports?device_id=dbf758e9-c42a-4fb6-8ea8-9f7fe5f22f40 HTTP/1.1" status: 200 len: 1174 time: 0.0473812
2026-07-21 07:50:39.009 9 INFO neutron.wsgi [req-fa0e8b9d-d69f-42f0-83f5-b9c08bddfe76 req-c9ddc888-1bd7-42c8-9bd3-47e4b1e15e48 7f7f47e8aa9e44948778acaf0f5bf6eb 41bd8e6ca10548fe9eafac18a27bdb29 - - default default] 10.0.0.29 "GET /v2.0/security-groups?id=e453f745-b654-4630-9d7e-83b81d224049&fields=id&fields=name HTTP/1.1" status: 200 len: 313 time: 0.0388227
2026-07-21 07:50:40.109 9 INFO neutron.wsgi [req-f692ec80-de4c-457b-8fa8-52aa5893af9c req-7f1c3751-198d-4ef4-87d5-60bd93118db6 7f7f47e8aa9e44948778acaf0f5bf6eb 41bd8e6ca10548fe9eafac18a27bdb29 - - default default] 10.0.0.29 "GET /v2.0/ports?device_id=dbf758e9-c42a-4fb6-8ea8-9f7fe5f22f40 HTTP/1.1" status: 200 len: 1174 time: 0.0372672
