2026-07-21 07:46:36.043 10 INFO neutron.wsgi [None req-ebd92fa4-d5d6-45f5-838f-b6f44bceefce b71a8afd222b4553aa10c6be7ecff057 dc8794e151e249ccbc7460c70788aaa9 - - default default] 10.0.0.158 "GET /v2.0/extensions/qos-pps-minimum-rule-alias HTTP/1.1" status: 200 len: 471 time: 0.0035777
2026-07-21 07:46:36.044 10 INFO neutron.db.ovn_revision_numbers_db [None req-9a7bc7a7-8e58-4f31-9213-24392d36372a - - - - - -] Successfully bumped revision number for resource a082773b-6e8d-452e-bc80-f54a94f2e9ac (type: router_ports) to 4
2026-07-21 07:46:36.052 9 INFO neutron.wsgi [None req-b844e62d-bebd-46a3-b1bb-1691bb3c3479 b71a8afd222b4553aa10c6be7ecff057 dc8794e151e249ccbc7460c70788aaa9 - - default default] 10.0.0.158 "GET /v2.0/extensions/qos-pps HTTP/1.1" status: 200 len: 389 time: 0.0046468
2026-07-21 07:46:36.052 9 INFO neutron.db.ovn_revision_numbers_db [None req-6ed8fe01-64bc-44d9-a26d-36c91545d680 ef07f98857284cc6bdcec117e6ee70e2 9e90857ce0b24551a62668fdfc68e03e - - default default] Successfully bumped revision number for resource 2fbef65f-62a4-4438-a790-b631b172466a (type: security_group_rules) to 0
2026-07-21 07:46:36.062 10 INFO neutron.wsgi [None req-f50226cf-a218-4668-a9fa-710657b51c85 b71a8afd222b4553aa10c6be7ecff057 dc8794e151e249ccbc7460c70788aaa9 - - default default] 10.0.0.158 "GET /v2.0/extensions/qos-rule-type-details HTTP/1.1" status: 200 len: 423 time: 0.0054448
2026-07-21 07:46:36.071 9 INFO neutron.wsgi [None req-eb4e2f65-57db-41af-bfa1-0de8e41ab2bd b71a8afd222b4553aa10c6be7ecff057 dc8794e151e249ccbc7460c70788aaa9 - - default default] 10.0.0.158 "GET /v2.0/extensions/qos-rule-type-filter HTTP/1.1" status: 200 len: 567 time: 0.0046711
2026-07-21 07:46:36.071 9 INFO neutron.db.ovn_revision_numbers_db [None req-6ed8fe01-64bc-44d9-a26d-36c91545d680 ef07f98857284cc6bdcec117e6ee70e2 9e90857ce0b24551a62668fdfc68e03e - - default default] Successfully bumped revision number for resource 713514de-aed2-44a2-8284-8553a2d8809d (type: security_group_rules) to 0
2026-07-21 07:46:36.080 10 INFO neutron.wsgi [None req-a4bf3e0a-a305-4061-89e6-15a92fcf02bc b71a8afd222b4553aa10c6be7ecff057 dc8794e151e249ccbc7460c70788aaa9 - - default default] 10.0.0.158 "GET /v2.0/extensions/qos-rules-alias HTTP/1.1" status: 200 len: 448 time: 0.0054853
2026-07-21 07:46:36.089 9 INFO neutron.wsgi [None req-e06c6f2e-7eda-4840-b6e3-dec17bd42b85 b71a8afd222b4553aa10c6be7ecff057 dc8794e151e249ccbc7460c70788aaa9 - - default default] 10.0.0.158 "GET /v2.0/extensions/quota-check-limit HTTP/1.1" status: 200 len: 420 time: 0.0044186
2026-07-21 07:46:36.099 9 INFO neutron.wsgi [None req-5902f41b-2568-4be9-849b-d84f5970d036 b71a8afd222b4553aa10c6be7ecff057 dc8794e151e249ccbc7460c70788aaa9 - - default default] 10.0.0.158 "GET /v2.0/extensions/quotas HTTP/1.1" status: 200 len: 386 time: 0.0044065
2026-07-21 07:46:36.101 9 INFO neutron.wsgi [None req-6ed8fe01-64bc-44d9-a26d-36c91545d680 ef07f98857284cc6bdcec117e6ee70e2 9e90857ce0b24551a62668fdfc68e03e - - default default] 10.0.0.158 "POST /v2.0/security-groups HTTP/1.1" status: 201 len: 1796 time: 0.2312543
2026-07-21 07:46:36.108 9 INFO neutron.wsgi [None req-dfb350bc-fe40-4530-ab90-e6c82028e525 b71a8afd222b4553aa10c6be7ecff057 dc8794e151e249ccbc7460c70788aaa9 - - default default] 10.0.0.158 "GET /v2.0/extensions/quota_details HTTP/1.1" status: 200 len: 407 time: 0.0039909
2026-07-21 07:46:36.113 9 WARNING neutron_lib.context [None req-fb7c7b40-6499-4dac-8b13-3bdc82f24b6b ef07f98857284cc6bdcec117e6ee70e2 9e90857ce0b24551a62668fdfc68e03e - - default default] Method 'is_advsvc' is deprecated since 2023.2 release (neutron-lib 3.8.0) and will be removed once support for the old RBAC API policies will be removed from Neutron. Please use method 'is_service_role' instead.
2026-07-21 07:46:36.118 10 INFO neutron.wsgi [None req-1fdce0ef-c910-41c1-8e51-f8dd507d744c b71a8afd222b4553aa10c6be7ecff057 dc8794e151e249ccbc7460c70788aaa9 - - default default] 10.0.0.158 "GET /v2.0/extensions/rbac-policies HTTP/1.1" status: 200 len: 417 time: 0.0042846
2026-07-21 07:46:36.126 10 INFO neutron.wsgi [None req-5eeb95c2-1eae-443d-8e78-75e3afb7ddf5 b71a8afd222b4553aa10c6be7ecff057 dc8794e151e249ccbc7460c70788aaa9 - - default default] 10.0.0.158 "GET /v2.0/extensions/rbac-address-scope HTTP/1.1" status: 200 len: 384 time: 0.0032716
2026-07-21 07:46:36.136 9 INFO neutron.wsgi [None req-69695936-5d01-42da-b64b-31ac93aa10ca b71a8afd222b4553aa10c6be7ecff057 dc8794e151e249ccbc7460c70788aaa9 - - default default] 10.0.0.158 "GET /v2.0/extensions/rbac-security-groups HTTP/1.1" status: 200 len: 404 time: 0.0052705
2026-07-21 07:46:36.143 10 INFO neutron.wsgi [None req-1c3a3b24-02ff-4e13-9d5f-54bebd13bb40 b71a8afd222b4553aa10c6be7ecff057 dc8794e151e249ccbc7460c70788aaa9 - - default default] 10.0.0.158 "GET /v2.0/extensions/revision-if-match HTTP/1.1" status: 200 len: 441 time: 0.0033762
2026-07-21 07:46:36.155 10 INFO neutron.wsgi [None req-78b519db-24eb-4084-bada-95388531dcfb b71a8afd222b4553aa10c6be7ecff057 dc8794e151e249ccbc7460c70788aaa9 - - default default] 10.0.0.158 "GET /v2.0/extensions/standard-attr-revisions HTTP/1.1" status: 200 len: 423 time: 0.0069361
2026-07-21 07:46:36.163 10 INFO neutron.wsgi [None req-ca2549aa-fcf3-4b2a-aa2e-25f61344d3d1 b71a8afd222b4553aa10c6be7ecff057 dc8794e151e249ccbc7460c70788aaa9 - - default default] 10.0.0.158 "GET /v2.0/extensions/router_availability_zone HTTP/1.1" status: 200 len: 391 time: 0.0036137
2026-07-21 07:46:36.171 10 INFO neutron.wsgi [None req-309b1cf4-8feb-4dc9-9617-03a6e7e26c16 b71a8afd222b4553aa10c6be7ecff057 dc8794e151e249ccbc7460c70788aaa9 - - default default] 10.0.0.158 "GET /v2.0/extensions/security-groups-default-rules HTTP/1.1" status: 200 len: 456 time: 0.0045848
2026-07-21 07:46:36.180 9 INFO neutron.wsgi [None req-d21435ba-9d67-4bc8-bd39-d6f8700ce6ad b71a8afd222b4553aa10c6be7ecff057 dc8794e151e249ccbc7460c70788aaa9 - - default default] 10.0.0.158 "GET /v2.0/extensions/security-groups-normalized-cidr HTTP/1.1" status: 200 len: 445 time: 0.0049922
2026-07-21 07:46:36.194 9 INFO neutron.wsgi [None req-8f8a85de-80fd-4d32-af6b-10199ae87552 b71a8afd222b4553aa10c6be7ecff057 dc8794e151e249ccbc7460c70788aaa9 - - default default] 10.0.0.158 "GET /v2.0/extensions/security-groups-remote-address-group HTTP/1.1" status: 200 len: 448 time: 0.0091567
2026-07-21 07:46:36.199 9 WARNING neutron_lib.context [req-75a65a58-885f-4560-bf07-ebf1d4d2bc36 req-2ac2839e-087a-46d2-9f59-1aa5e246385b 99807518829a488a9be596f55f9cb92c d1753edc10b74ba78a5335e6e695c83b - - default default] Method 'is_advsvc' is deprecated since 2023.2 release (neutron-lib 3.8.0) and will be removed once support for the old RBAC API policies will be removed from Neutron. Please use method 'is_service_role' instead.
2026-07-21 07:46:36.206 10 INFO neutron.wsgi [None req-40c2dc38-dbbb-4941-ae30-949a7aafd874 b71a8afd222b4553aa10c6be7ecff057 dc8794e151e249ccbc7460c70788aaa9 - - default default] 10.0.0.158 "GET /v2.0/extensions/security-groups-shared-filtering HTTP/1.1" status: 200 len: 435 time: 0.0061488
2026-07-21 07:46:36.219 9 INFO neutron.wsgi [None req-42b997bb-4101-48df-b908-c9ce6610767c b71a8afd222b4553aa10c6be7ecff057 dc8794e151e249ccbc7460c70788aaa9 - - default default] 10.0.0.158 "GET /v2.0/extensions/security-group HTTP/1.1" status: 200 len: 364 time: 0.0052059
2026-07-21 07:46:36.229 9 INFO neutron.wsgi [None req-aab1a6a0-4c5a-4d80-a088-a1b8d2acd65f b71a8afd222b4553aa10c6be7ecff057 dc8794e151e249ccbc7460c70788aaa9 - - default default] 10.0.0.158 "GET /v2.0/extensions/segment HTTP/1.1" status: 200 len: 339 time: 0.0045969
2026-07-21 07:46:36.240 10 INFO neutron.plugins.ml2.drivers.ovn.mech_driver.mech_driver [None req-9a7bc7a7-8e58-4f31-9213-24392d36372a - - - - - -] OVN reports status up for port: 916217af-80ab-4c5e-a27b-88225a7da5dc
2026-07-21 07:46:36.244 9 INFO neutron.wsgi [None req-6ad3e1a8-8e11-438a-a83c-4b6ab6de3302 b71a8afd222b4553aa10c6be7ecff057 dc8794e151e249ccbc7460c70788aaa9 - - default default] 10.0.0.158 "GET /v2.0/extensions/segments-peer-subnet-host-routes HTTP/1.1" status: 200 len: 427 time: 0.0078483
2026-07-21 07:46:36.253 10 INFO neutron.wsgi [None req-cfa5d033-3c13-49ec-b4dc-608dea261c69 b71a8afd222b4553aa10c6be7ecff057 dc8794e151e249ccbc7460c70788aaa9 - - default default] 10.0.0.158 "GET /v2.0/extensions/service-type HTTP/1.1" status: 200 len: 415 time: 0.0052364
2026-07-21 07:46:36.264 10 INFO neutron.plugins.ml2.drivers.ovn.mech_driver.ovsdb.ovsdb_monitor [None req-d3c04a6b-074d-4de0-876a-630dfd84367c - - - - - -] Router a2db76a9-2ade-4aa2-9cb4-6fc319fe8073 is bound to host instance
2026-07-21 07:46:36.266 9 INFO neutron.wsgi [None req-fb7bb95d-d989-40c7-ad3c-f9eb3c23dbfb b71a8afd222b4553aa10c6be7ecff057 dc8794e151e249ccbc7460c70788aaa9 - - default default] 10.0.0.158 "GET /v2.0/extensions/sorting HTTP/1.1" status: 200 len: 377 time: 0.0043111
2026-07-21 07:46:36.268 10 INFO neutron.plugins.ml2.plugin [None req-9a7bc7a7-8e58-4f31-9213-24392d36372a - - - - - -] Attempt 1 to provision port 916217af-80ab-4c5e-a27b-88225a7da5dc
2026-07-21 07:46:36.277 9 INFO neutron.wsgi [None req-47927a79-073c-4ff1-9863-ef159e0edbd4 b71a8afd222b4553aa10c6be7ecff057 dc8794e151e249ccbc7460c70788aaa9 - - default default] 10.0.0.158 "GET /v2.0/extensions/standard-attr-segment HTTP/1.1" status: 200 len: 406 time: 0.0052218
2026-07-21 07:46:36.285 9 INFO neutron.wsgi [None req-dee0137a-5d40-4c0e-9596-94561a4cbc66 b71a8afd222b4553aa10c6be7ecff057 dc8794e151e249ccbc7460c70788aaa9 - - default default] 10.0.0.158 "GET /v2.0/extensions/standard-attr-description HTTP/1.1" status: 200 len: 408 time: 0.0039506
2026-07-21 07:46:36.294 9 INFO neutron.wsgi [None req-0d52eafb-97f4-4b17-b134-b6bef38a47c6 b71a8afd222b4553aa10c6be7ecff057 dc8794e151e249ccbc7460c70788aaa9 - - default default] 10.0.0.158 "GET /v2.0/extensions/stateful-security-group HTTP/1.1" status: 200 len: 402 time: 0.0058117
2026-07-21 07:46:36.303 9 INFO neutron.wsgi [None req-5dd8e7ee-d978-4298-b0cb-75136e6c5e66 b71a8afd222b4553aa10c6be7ecff057 dc8794e151e249ccbc7460c70788aaa9 - - default default] 10.0.0.158 "GET /v2.0/extensions/subnet-dns-publish-fixed-ip HTTP/1.1" status: 200 len: 421 time: 0.0048480
2026-07-21 07:46:36.303 10 INFO neutron.db.ovn_revision_numbers_db [None req-b3d93871-b756-4495-bac3-6705b24866c2 392083e5b101457e8f890e1524eef317 cd995afa4ffd4531a858f1c201a6e449 - - default default] Successfully bumped revision number for resource 916217af-80ab-4c5e-a27b-88225a7da5dc (type: router_ports) to 1
2026-07-21 07:46:36.312 9 INFO neutron.wsgi [None req-bfebd220-41af-4991-ae09-5b4732b9140b b71a8afd222b4553aa10c6be7ecff057 dc8794e151e249ccbc7460c70788aaa9 - - default default] 10.0.0.158 "GET /v2.0/extensions/subnet-segmentid-writable HTTP/1.1" status: 200 len: 421 time: 0.0040936
2026-07-21 07:46:36.313 9 INFO neutron.db.ovn_revision_numbers_db [None req-fb7c7b40-6499-4dac-8b13-3bdc82f24b6b ef07f98857284cc6bdcec117e6ee70e2 9e90857ce0b24551a62668fdfc68e03e - - default default] Successfully bumped revision number for resource aec40da4-4146-42d9-8647-2d9f6d935282 (type: security_group_rules) to 0
2026-07-21 07:46:36.325 9 INFO neutron.wsgi [None req-bded8049-97cd-435c-91ce-ca550eadd054 b71a8afd222b4553aa10c6be7ecff057 dc8794e151e249ccbc7460c70788aaa9 - - default default] 10.0.0.158 "GET /v2.0/extensions/subnet-service-types HTTP/1.1" status: 200 len: 400 time: 0.0064948
2026-07-21 07:46:36.337 10 INFO neutron.wsgi [None req-920bfcb8-a211-4f48-9064-20af296b550a b71a8afd222b4553aa10c6be7ecff057 dc8794e151e249ccbc7460c70788aaa9 - - default default] 10.0.0.158 "GET /v2.0/extensions/subnet_allocation HTTP/1.1" status: 200 len: 388 time: 0.0059271
2026-07-21 07:46:36.348 9 INFO neutron.wsgi [None req-fb7c7b40-6499-4dac-8b13-3bdc82f24b6b ef07f98857284cc6bdcec117e6ee70e2 9e90857ce0b24551a62668fdfc68e03e - - default default] 10.0.0.158 "POST /v2.0/security-group-rules HTTP/1.1" status: 201 len: 764 time: 0.2392166
2026-07-21 07:46:36.357 10 INFO neutron.wsgi [None req-ec063947-bb2e-405d-8215-78c4ad248aa3 b71a8afd222b4553aa10c6be7ecff057 dc8794e151e249ccbc7460c70788aaa9 - - default default] 10.0.0.158 "GET /v2.0/extensions/subnetpool-prefix-ops HTTP/1.1" status: 200 len: 418 time: 0.0141900
2026-07-21 07:46:36.361 9 WARNING neutron_lib.context [None req-fe07254d-2b3a-431c-8387-8ed2f7c3ff7d ef07f98857284cc6bdcec117e6ee70e2 9e90857ce0b24551a62668fdfc68e03e - - default default] Method 'is_advsvc' is deprecated since 2023.2 release (neutron-lib 3.8.0) and will be removed once support for the old RBAC API policies will be removed from Neutron. Please use method 'is_service_role' instead.
2026-07-21 07:46:36.371 10 INFO neutron.wsgi [None req-939d6956-4566-4460-a249-ea674efa832c b71a8afd222b4553aa10c6be7ecff057 dc8794e151e249ccbc7460c70788aaa9 - - default default] 10.0.0.158 "GET /v2.0/extensions/standard-attr-tag HTTP/1.1" status: 200 len: 537 time: 0.0071681
2026-07-21 07:46:36.379 9 INFO neutron.wsgi [None req-415069aa-4344-42ba-bca0-3644e0c5dbf1 b71a8afd222b4553aa10c6be7ecff057 dc8794e151e249ccbc7460c70788aaa9 - - default default] 10.0.0.158 "GET /v2.0/extensions/standard-attr-timestamp HTTP/1.1" status: 200 len: 449 time: 0.0035887
2026-07-21 07:46:36.389 9 INFO neutron.wsgi [None req-719a9462-d223-4b64-bae5-199c628c41b7 b71a8afd222b4553aa10c6be7ecff057 dc8794e151e249ccbc7460c70788aaa9 - - default default] 10.0.0.158 "GET /v2.0/extensions/trunk HTTP/1.1" status: 200 len: 358 time: 0.0063756
2026-07-21 07:46:36.396 9 INFO neutron.wsgi [None req-cea6467b-a57c-484a-940a-36b067738c3a b71a8afd222b4553aa10c6be7ecff057 dc8794e151e249ccbc7460c70788aaa9 - - default default] 10.0.0.158 "GET /v2.0/extensions/trunk-details HTTP/1.1" status: 200 len: 362 time: 0.0038931
2026-07-21 07:46:36.396 9 INFO neutron.db.ovn_revision_numbers_db [req-75a65a58-885f-4560-bf07-ebf1d4d2bc36 req-2ac2839e-087a-46d2-9f59-1aa5e246385b 99807518829a488a9be596f55f9cb92c d1753edc10b74ba78a5335e6e695c83b - - default default] Successfully bumped revision number for resource 287af063-4258-4efd-945f-96320ae27dd0 (type: security_groups) to 1
2026-07-21 07:46:36.450 9 INFO neutron.db.ovn_revision_numbers_db [req-75a65a58-885f-4560-bf07-ebf1d4d2bc36 req-2ac2839e-087a-46d2-9f59-1aa5e246385b 99807518829a488a9be596f55f9cb92c d1753edc10b74ba78a5335e6e695c83b - - default default] Successfully bumped revision number for resource 69cff2f3-62d9-48e8-b5d9-50b9fd873b96 (type: security_group_rules) to 0
2026-07-21 07:46:36.470 10 INFO neutron.db.ovn_revision_numbers_db [None req-b3d93871-b756-4495-bac3-6705b24866c2 392083e5b101457e8f890e1524eef317 cd995afa4ffd4531a858f1c201a6e449 - - default default] Successfully bumped revision number for resource a2db76a9-2ade-4aa2-9cb4-6fc319fe8073 (type: routers) to 2
2026-07-21 07:46:36.505 9 INFO neutron.db.ovn_revision_numbers_db [req-75a65a58-885f-4560-bf07-ebf1d4d2bc36 req-2ac2839e-087a-46d2-9f59-1aa5e246385b 99807518829a488a9be596f55f9cb92c d1753edc10b74ba78a5335e6e695c83b - - default default] Successfully bumped revision number for resource 6e2ed2a0-a4c1-4ede-9fb7-f6214b13ef21 (type: security_group_rules) to 0
2026-07-21 07:46:36.509 10 INFO neutron.wsgi [None req-b3d93871-b756-4495-bac3-6705b24866c2 392083e5b101457e8f890e1524eef317 cd995afa4ffd4531a858f1c201a6e449 - - default default] 10.0.0.158 "POST /v2.0/routers HTTP/1.1" status: 201 len: 878 time: 2.2536507
2026-07-21 07:46:36.661 9 INFO neutron.wsgi [req-75a65a58-885f-4560-bf07-ebf1d4d2bc36 req-2ac2839e-087a-46d2-9f59-1aa5e246385b 99807518829a488a9be596f55f9cb92c d1753edc10b74ba78a5335e6e695c83b - - default default] 10.0.0.29 "POST /v2.0/security-groups HTTP/1.1" status: 201 len: 1827 time: 0.5155675
2026-07-21 07:46:36.694 9 INFO neutron.db.ovn_revision_numbers_db [None req-fe07254d-2b3a-431c-8387-8ed2f7c3ff7d ef07f98857284cc6bdcec117e6ee70e2 9e90857ce0b24551a62668fdfc68e03e - - default default] Successfully bumped revision number for resource 1b3886c2-9ee4-43b5-8e8c-876a25a8fd91 (type: security_group_rules) to 0
2026-07-21 07:46:36.716 9 INFO neutron.wsgi [None req-fe07254d-2b3a-431c-8387-8ed2f7c3ff7d ef07f98857284cc6bdcec117e6ee70e2 9e90857ce0b24551a62668fdfc68e03e - - default default] 10.0.0.158 "POST /v2.0/security-group-rules HTTP/1.1" status: 201 len: 769 time: 0.3602891
2026-07-21 07:46:36.727 9 WARNING neutron_lib.context [None req-c6462ed0-bfd8-46ae-97d3-bdb4dd3945cd ef07f98857284cc6bdcec117e6ee70e2 9e90857ce0b24551a62668fdfc68e03e - - default default] Method 'is_advsvc' is deprecated since 2023.2 release (neutron-lib 3.8.0) and will be removed once support for the old RBAC API policies will be removed from Neutron. Please use method 'is_service_role' instead.
2026-07-21 07:46:37.022 10 INFO neutron.db.ovn_revision_numbers_db [None req-d3c04a6b-074d-4de0-876a-630dfd84367c - - - - - -] Successfully bumped revision number for resource 916217af-80ab-4c5e-a27b-88225a7da5dc (type: ports) to 1
2026-07-21 07:46:37.047 9 WARNING neutron.scheduler.dhcp_agent_scheduler [None req-c6462ed0-bfd8-46ae-97d3-bdb4dd3945cd ef07f98857284cc6bdcec117e6ee70e2 9e90857ce0b24551a62668fdfc68e03e - - default default] No more DHCP agents
2026-07-21 07:46:37.050 9 WARNING neutron.api.rpc.agentnotifiers.dhcp_rpc_agent_api [None req-c6462ed0-bfd8-46ae-97d3-bdb4dd3945cd ef07f98857284cc6bdcec117e6ee70e2 9e90857ce0b24551a62668fdfc68e03e - - default default] Unable to schedule network aff44d3b-7972-44ba-8030-c8f4900b0d1a: no agents available; will retry on subsequent port and subnet creation events.
2026-07-21 07:46:37.150 10 WARNING neutron.scheduler.dhcp_agent_scheduler [None req-5f09492d-2000-4278-9bce-072523b3d3c7 392083e5b101457e8f890e1524eef317 cd995afa4ffd4531a858f1c201a6e449 - - default default] No more DHCP agents
2026-07-21 07:46:37.154 10 WARNING neutron.api.rpc.agentnotifiers.dhcp_rpc_agent_api [None req-5f09492d-2000-4278-9bce-072523b3d3c7 392083e5b101457e8f890e1524eef317 cd995afa4ffd4531a858f1c201a6e449 - - default default] Unable to schedule network b1096e86-dbda-4ba8-9c6e-b77a1ff75df9: no agents available; will retry on subsequent port and subnet creation events.
2026-07-21 07:46:37.193 9 INFO neutron.wsgi [req-647a8290-10e8-4043-8b5c-ab4c0dcc37b6 req-347d0106-ffd9-4a79-8ff5-519e6373adfd 99807518829a488a9be596f55f9cb92c d1753edc10b74ba78a5335e6e695c83b - - default default] 10.0.0.29 "GET /v2.0/security-groups/287af063-4258-4efd-945f-96320ae27dd0 HTTP/1.1" status: 200 len: 1822 time: 0.1187382
2026-07-21 07:46:37.214 9 WARNING neutron_lib.context [req-647a8290-10e8-4043-8b5c-ab4c0dcc37b6 req-1000269e-6646-4b5d-a4a0-9df654694a20 99807518829a488a9be596f55f9cb92c d1753edc10b74ba78a5335e6e695c83b - - default default] Method 'is_advsvc' is deprecated since 2023.2 release (neutron-lib 3.8.0) and will be removed once support for the old RBAC API policies will be removed from Neutron. Please use method 'is_service_role' instead.
2026-07-21 07:46:37.233 9 INFO neutron.db.ovn_revision_numbers_db [None req-141d74af-0938-4ef0-9d2a-4aa013953767 392083e5b101457e8f890e1524eef317 cd995afa4ffd4531a858f1c201a6e449 - - default default] Successfully bumped revision number for resource 9a16cbe2-2f16-48bd-8fc3-0d8b899c0b7f (type: security_groups) to 1
2026-07-21 07:46:37.259 9 INFO neutron.db.ovn_revision_numbers_db [None req-141d74af-0938-4ef0-9d2a-4aa013953767 392083e5b101457e8f890e1524eef317 cd995afa4ffd4531a858f1c201a6e449 - - default default] Successfully bumped revision number for resource 2df3f971-18ff-4315-8577-4f2ae909b156 (type: security_group_rules) to 0
2026-07-21 07:46:37.292 9 INFO neutron.db.ovn_revision_numbers_db [None req-141d74af-0938-4ef0-9d2a-4aa013953767 392083e5b101457e8f890e1524eef317 cd995afa4ffd4531a858f1c201a6e449 - - default default] Successfully bumped revision number for resource 512e1302-ab25-4e18-a318-3cd317b2fdbb (type: security_group_rules) to 0
2026-07-21 07:46:37.313 10 INFO neutron.db.ovn_revision_numbers_db [None req-d3c04a6b-074d-4de0-876a-630dfd84367c - - - - - -] Successfully bumped revision number for resource 916217af-80ab-4c5e-a27b-88225a7da5dc (type: router_ports) to 3
2026-07-21 07:46:37.314 9 INFO neutron.db.ovn_revision_numbers_db [None req-141d74af-0938-4ef0-9d2a-4aa013953767 392083e5b101457e8f890e1524eef317 cd995afa4ffd4531a858f1c201a6e449 - - default default] Successfully bumped revision number for resource 9b829813-5625-46be-b973-dadf973e6e55 (type: security_group_rules) to 0
2026-07-21 07:46:37.336 10 INFO neutron.db.ovn_revision_numbers_db [None req-5f09492d-2000-4278-9bce-072523b3d3c7 392083e5b101457e8f890e1524eef317 cd995afa4ffd4531a858f1c201a6e449 - - default default] Successfully bumped revision number for resource d19cfc14-54b2-45d9-b444-7849a2c2dcd8 (type: ports) to 1
2026-07-21 07:46:37.338 9 INFO neutron.db.ovn_revision_numbers_db [None req-141d74af-0938-4ef0-9d2a-4aa013953767 392083e5b101457e8f890e1524eef317 cd995afa4ffd4531a858f1c201a6e449 - - default default] Successfully bumped revision number for resource f869b186-1f83-46cd-8ef6-99e3f469a21d (type: security_group_rules) to 0
2026-07-21 07:46:37.372 9 INFO neutron.wsgi [None req-141d74af-0938-4ef0-9d2a-4aa013953767 392083e5b101457e8f890e1524eef317 cd995afa4ffd4531a858f1c201a6e449 - - default default] 10.0.0.158 "GET /v2.0/security-groups?tenant_id=dc8794e151e249ccbc7460c70788aaa9&name=default HTTP/1.1" status: 200 len: 2996 time: 0.4419234
2026-07-21 07:46:37.459 9 INFO neutron.db.ovn_revision_numbers_db [req-647a8290-10e8-4043-8b5c-ab4c0dcc37b6 req-1000269e-6646-4b5d-a4a0-9df654694a20 99807518829a488a9be596f55f9cb92c d1753edc10b74ba78a5335e6e695c83b - - default default] Successfully bumped revision number for resource a72532ab-1530-48bf-9a63-133f56584a2c (type: security_group_rules) to 0
2026-07-21 07:46:37.480 9 INFO neutron.db.ovn_revision_numbers_db [None req-c6462ed0-bfd8-46ae-97d3-bdb4dd3945cd ef07f98857284cc6bdcec117e6ee70e2 9e90857ce0b24551a62668fdfc68e03e - - default default] Successfully bumped revision number for resource c9cb1ed7-e97e-4ff1-880a-c38db82705f0 (type: floatingips) to 0
2026-07-21 07:46:37.491 9 INFO neutron.wsgi [req-647a8290-10e8-4043-8b5c-ab4c0dcc37b6 req-1000269e-6646-4b5d-a4a0-9df654694a20 99807518829a488a9be596f55f9cb92c d1753edc10b74ba78a5335e6e695c83b - - default default] 10.0.0.29 "POST /v2.0/security-group-rules HTTP/1.1" status: 201 len: 786 time: 0.2886612
2026-07-21 07:46:37.520 9 INFO neutron.wsgi [None req-c6462ed0-bfd8-46ae-97d3-bdb4dd3945cd ef07f98857284cc6bdcec117e6ee70e2 9e90857ce0b24551a62668fdfc68e03e - - default default] 10.0.0.158 "POST /v2.0/floatingips HTTP/1.1" status: 201 len: 751 time: 0.7965922
2026-07-21 07:46:37.533 9 WARNING neutron_lib.context [req-92dbca1f-c0b5-4fdc-8934-390f878e740d req-c7270bf7-ab6c-4389-8137-fef6d6e420f6 99807518829a488a9be596f55f9cb92c d1753edc10b74ba78a5335e6e695c83b - - default default] Method 'is_advsvc' is deprecated since 2023.2 release (neutron-lib 3.8.0) and will be removed once support for the old RBAC API policies will be removed from Neutron. Please use method 'is_service_role' instead.
2026-07-21 07:46:37.548 10 INFO neutron.db.ovn_revision_numbers_db [None req-d3c04a6b-074d-4de0-876a-630dfd84367c - - - - - -] Successfully bumped revision number for resource 916217af-80ab-4c5e-a27b-88225a7da5dc (type: ports) to 2
2026-07-21 07:46:37.634 9 INFO neutron.db.ovn_revision_numbers_db [req-92dbca1f-c0b5-4fdc-8934-390f878e740d req-c7270bf7-ab6c-4389-8137-fef6d6e420f6 99807518829a488a9be596f55f9cb92c d1753edc10b74ba78a5335e6e695c83b - - default default] Successfully bumped revision number for resource 72d0a80d-e71a-43cc-89be-b434a1e09cc8 (type: security_groups) to 1
2026-07-21 07:46:37.647 9 INFO neutron.db.ovn_revision_numbers_db [req-92dbca1f-c0b5-4fdc-8934-390f878e740d req-c7270bf7-ab6c-4389-8137-fef6d6e420f6 99807518829a488a9be596f55f9cb92c d1753edc10b74ba78a5335e6e695c83b - - default default] Successfully bumped revision number for resource 507857e0-aebe-4996-915b-d46fbd151e23 (type: security_group_rules) to 0
2026-07-21 07:46:37.660 9 INFO neutron.db.ovn_revision_numbers_db [req-92dbca1f-c0b5-4fdc-8934-390f878e740d req-c7270bf7-ab6c-4389-8137-fef6d6e420f6 99807518829a488a9be596f55f9cb92c d1753edc10b74ba78a5335e6e695c83b - - default default] Successfully bumped revision number for resource d0c0ff6a-0a43-48f4-ab6c-d379b746e8ac (type: security_group_rules) to 0
2026-07-21 07:46:37.680 9 INFO neutron.wsgi [req-92dbca1f-c0b5-4fdc-8934-390f878e740d req-c7270bf7-ab6c-4389-8137-fef6d6e420f6 99807518829a488a9be596f55f9cb92c d1753edc10b74ba78a5335e6e695c83b - - default default] 10.0.0.29 "POST /v2.0/security-groups HTTP/1.1" status: 201 len: 1827 time: 0.1548467
2026-07-21 07:46:37.739 9 INFO neutron.wsgi [req-692e3293-bf92-4af5-8b59-d684d651912a req-1cfc153d-75b4-4c15-85d1-1559e6b98ddf 99807518829a488a9be596f55f9cb92c d1753edc10b74ba78a5335e6e695c83b - - default default] 10.0.0.29 "GET /v2.0/security-groups/72d0a80d-e71a-43cc-89be-b434a1e09cc8 HTTP/1.1" status: 200 len: 1822 time: 0.0325117
2026-07-21 07:46:37.748 9 WARNING neutron_lib.context [req-692e3293-bf92-4af5-8b59-d684d651912a req-10ff9175-dd15-47ab-9853-84ff03fa8996 99807518829a488a9be596f55f9cb92c d1753edc10b74ba78a5335e6e695c83b - - default default] Method 'is_advsvc' is deprecated since 2023.2 release (neutron-lib 3.8.0) and will be removed once support for the old RBAC API policies will be removed from Neutron. Please use method 'is_service_role' instead.
2026-07-21 07:46:37.803 10 INFO neutron.wsgi [None req-437f150d-cf17-4763-ba71-23b6c328d28b 392083e5b101457e8f890e1524eef317 cd995afa4ffd4531a858f1c201a6e449 - - default default] 10.0.0.158 "DELETE /v2.0/security-groups/9a16cbe2-2f16-48bd-8fc3-0d8b899c0b7f HTTP/1.1" status: 204 len: 168 time: 0.4235260
2026-07-21 07:46:37.889 9 INFO neutron.db.ovn_revision_numbers_db [req-692e3293-bf92-4af5-8b59-d684d651912a req-10ff9175-dd15-47ab-9853-84ff03fa8996 99807518829a488a9be596f55f9cb92c d1753edc10b74ba78a5335e6e695c83b - - default default] Successfully bumped revision number for resource a494894b-0552-4393-9f47-cb6843584f86 (type: security_group_rules) to 0
2026-07-21 07:46:37.919 9 INFO neutron.wsgi [req-692e3293-bf92-4af5-8b59-d684d651912a req-10ff9175-dd15-47ab-9853-84ff03fa8996 99807518829a488a9be596f55f9cb92c d1753edc10b74ba78a5335e6e695c83b - - default default] 10.0.0.29 "POST /v2.0/security-group-rules HTTP/1.1" status: 201 len: 786 time: 0.1758299
2026-07-21 07:46:37.996 10 INFO neutron.db.ovn_revision_numbers_db [None req-d3c04a6b-074d-4de0-876a-630dfd84367c - - - - - -] Successfully bumped revision number for resource 916217af-80ab-4c5e-a27b-88225a7da5dc (type: ports) to 4
2026-07-21 07:46:38.003 9 INFO neutron.wsgi [req-d7ed035e-4c31-4134-8cb3-9a87cdb174bc req-d87cadf4-89c7-497f-a30f-c6a03c948970 99807518829a488a9be596f55f9cb92c d1753edc10b74ba78a5335e6e695c83b - - default default] 10.0.0.29 "GET /v2.0/security-groups/72d0a80d-e71a-43cc-89be-b434a1e09cc8 HTTP/1.1" status: 200 len: 2415 time: 0.0544219
2026-07-21 07:46:38.014 9 INFO neutron.wsgi [req-24e6704c-d126-42f2-8d21-82ceb10703e0 req-4d840505-3043-4a1b-8c74-c7d396d3fbb8 ef07f98857284cc6bdcec117e6ee70e2 9e90857ce0b24551a62668fdfc68e03e - - default default] 10.0.0.29 "GET /v2.0/security-groups?name=tempest-securitygroup--1163418038&fields=id&tenant_id=9e90857ce0b24551a62668fdfc68e03e HTTP/1.1" status: 200 len: 267 time: 0.0507832
2026-07-21 07:46:38.017 9 WARNING neutron_lib.context [req-d7ed035e-4c31-4134-8cb3-9a87cdb174bc req-822b10e8-a872-4bbe-9770-83d765f54a76 99807518829a488a9be596f55f9cb92c d1753edc10b74ba78a5335e6e695c83b - - default default] Method 'is_advsvc' is deprecated since 2023.2 release (neutron-lib 3.8.0) and will be removed once support for the old RBAC API policies will be removed from Neutron. Please use method 'is_service_role' instead.
2026-07-21 07:46:38.055 10 INFO neutron.db.ovn_revision_numbers_db [None req-5f09492d-2000-4278-9bce-072523b3d3c7 392083e5b101457e8f890e1524eef317 cd995afa4ffd4531a858f1c201a6e449 - - default default] Successfully bumped revision number for resource d19cfc14-54b2-45d9-b444-7849a2c2dcd8 (type: router_ports) to 1
2026-07-21 07:46:38.115 9 INFO neutron.wsgi [req-24e6704c-d126-42f2-8d21-82ceb10703e0 req-6b4171fe-0bd1-4498-8745-3c75dced5c06 ef07f98857284cc6bdcec117e6ee70e2 9e90857ce0b24551a62668fdfc68e03e - - default default] 10.0.0.29 "GET /v2.0/networks?id=dbb2732e-bbc0-4dac-91a1-0d9f3c7916c6 HTTP/1.1" status: 200 len: 882 time: 0.0923326
2026-07-21 07:46:38.132 9 INFO neutron.wsgi [req-24e6704c-d126-42f2-8d21-82ceb10703e0 req-4119d04d-b413-4a8a-a7e9-7a378190e991 ef07f98857284cc6bdcec117e6ee70e2 9e90857ce0b24551a62668fdfc68e03e - - default default] 10.0.0.29 "GET /v2.0/quotas/9e90857ce0b24551a62668fdfc68e03e HTTP/1.1" status: 200 len: 386 time: 0.0110388
2026-07-21 07:46:38.220 9 INFO neutron.db.ovn_revision_numbers_db [req-d7ed035e-4c31-4134-8cb3-9a87cdb174bc req-822b10e8-a872-4bbe-9770-83d765f54a76 99807518829a488a9be596f55f9cb92c d1753edc10b74ba78a5335e6e695c83b - - default default] Successfully bumped revision number for resource c7247b94-4eb1-4f96-b094-577c0fe6030b (type: security_group_rules) to 0
2026-07-21 07:46:38.239 9 INFO neutron.wsgi [req-24e6704c-d126-42f2-8d21-82ceb10703e0 req-c23beb6f-19e2-4e38-a0d1-6419223e27e1 ef07f98857284cc6bdcec117e6ee70e2 9e90857ce0b24551a62668fdfc68e03e - - default default] 10.0.0.29 "GET /v2.0/ports?tenant_id=9e90857ce0b24551a62668fdfc68e03e&fields=id HTTP/1.1" status: 200 len: 302 time: 0.1022811
2026-07-21 07:46:38.239 10 INFO neutron.db.ovn_revision_numbers_db [None req-5f09492d-2000-4278-9bce-072523b3d3c7 392083e5b101457e8f890e1524eef317 cd995afa4ffd4531a858f1c201a6e449 - - default default] Successfully bumped revision number for resource d19cfc14-54b2-45d9-b444-7849a2c2dcd8 (type: ports) to 1
2026-07-21 07:46:38.249 9 INFO neutron.wsgi [req-d7ed035e-4c31-4134-8cb3-9a87cdb174bc req-822b10e8-a872-4bbe-9770-83d765f54a76 99807518829a488a9be596f55f9cb92c d1753edc10b74ba78a5335e6e695c83b - - default default] 10.0.0.29 "POST /v2.0/security-group-rules HTTP/1.1" status: 201 len: 791 time: 0.2378809
2026-07-21 07:46:38.248 10 INFO neutron.db.ovn_revision_numbers_db [None req-d3c04a6b-074d-4de0-876a-630dfd84367c - - - - - -] Successfully bumped revision number for resource 916217af-80ab-4c5e-a27b-88225a7da5dc (type: router_ports) to 4
2026-07-21 07:46:38.313 9 INFO neutron.wsgi [req-38486581-d093-42a6-9396-7eba5d75eeab req-0ca1e43b-2e90-43f6-9579-44c4867471e6 99807518829a488a9be596f55f9cb92c d1753edc10b74ba78a5335e6e695c83b - - default default] 10.0.0.29 "GET /v2.0/security-groups/72d0a80d-e71a-43cc-89be-b434a1e09cc8 HTTP/1.1" status: 200 len: 3013 time: 0.0392733
2026-07-21 07:46:38.324 10 WARNING neutron.scheduler.dhcp_agent_scheduler [None req-5f09492d-2000-4278-9bce-072523b3d3c7 392083e5b101457e8f890e1524eef317 cd995afa4ffd4531a858f1c201a6e449 - - default default] No more DHCP agents
2026-07-21 07:46:38.325 10 WARNING neutron.api.rpc.agentnotifiers.dhcp_rpc_agent_api [None req-5f09492d-2000-4278-9bce-072523b3d3c7 392083e5b101457e8f890e1524eef317 cd995afa4ffd4531a858f1c201a6e449 - - default default] Unable to schedule network b1096e86-dbda-4ba8-9c6e-b77a1ff75df9: no agents available; will retry on subsequent port and subnet creation events.
2026-07-21 07:46:38.347 9 INFO neutron.wsgi [req-be864d93-d82c-4f60-b0f3-838c368041c6 req-886f6a53-6c99-43a5-8c28-c136ac2534e0 99807518829a488a9be596f55f9cb92c d1753edc10b74ba78a5335e6e695c83b - - default default] 10.0.0.29 "GET /v2.0/security-group-rules/c7247b94-4eb1-4f96-b094-577c0fe6030b HTTP/1.1" status: 200 len: 783 time: 0.0156167
2026-07-21 07:46:38.377 9 INFO neutron.wsgi [req-be864d93-d82c-4f60-b0f3-838c368041c6 req-ccb61fe9-d443-4ac7-b83f-2f63c929eec1 99807518829a488a9be596f55f9cb92c d1753edc10b74ba78a5335e6e695c83b - - default default] 10.0.0.29 "GET /v2.0/security-groups/72d0a80d-e71a-43cc-89be-b434a1e09cc8 HTTP/1.1" status: 200 len: 3013 time: 0.0258670
2026-07-21 07:46:38.517 9 INFO neutron.wsgi [req-be864d93-d82c-4f60-b0f3-838c368041c6 req-47cfdbc4-dc05-4a08-92a4-4cbbc3fb11e2 99807518829a488a9be596f55f9cb92c d1753edc10b74ba78a5335e6e695c83b - - default default] 10.0.0.29 "DELETE /v2.0/security-group-rules/c7247b94-4eb1-4f96-b094-577c0fe6030b HTTP/1.1" status: 204 len: 173 time: 0.1367364
2026-07-21 07:46:38.563 9 INFO neutron.wsgi [req-9e723a6b-8abe-4ab8-a728-14d0014bffac req-7c5455de-efad-42de-8ce2-3e699877af9c 99807518829a488a9be596f55f9cb92c d1753edc10b74ba78a5335e6e695c83b - - default default] 10.0.0.29 "GET /v2.0/security-groups/72d0a80d-e71a-43cc-89be-b434a1e09cc8 HTTP/1.1" status: 200 len: 2415 time: 0.0280943
2026-07-21 07:46:38.673 9 INFO neutron.wsgi [req-9e723a6b-8abe-4ab8-a728-14d0014bffac req-bcc60088-dc55-4b02-9d7b-3a75cd89a362 99807518829a488a9be596f55f9cb92c d1753edc10b74ba78a5335e6e695c83b - - default default] 10.0.0.29 "DELETE /v2.0/security-groups/72d0a80d-e71a-43cc-89be-b434a1e09cc8 HTTP/1.1" status: 204 len: 173 time: 0.1025836
2026-07-21 07:46:38.680 9 INFO neutron.wsgi [req-24e6704c-d126-42f2-8d21-82ceb10703e0 req-74392b84-750e-464c-a012-5a248acd509b f1708b344cf944ceb4b45a23543aa568 5fbacf0cf08d4a29ab97893c932fdab7 - - 941e9478a541400a9dea1998c30101af 941e9478a541400a9dea1998c30101af] 10.0.0.29 "GET /v2.0/extensions HTTP/1.1" status: 200 len: 16980 time: 0.0428891
2026-07-21 07:46:38.744 9 INFO neutron.wsgi [req-5969d1a1-004c-43c6-b2e3-911aff39d576 req-14625282-2c79-494a-b549-29e9b7932948 99807518829a488a9be596f55f9cb92c d1753edc10b74ba78a5335e6e695c83b - - default default] 10.0.0.29 "GET /v2.0/security-groups/287af063-4258-4efd-945f-96320ae27dd0 HTTP/1.1" status: 200 len: 2415 time: 0.0458107
2026-07-21 07:46:38.754 9 INFO neutron.wsgi [req-24e6704c-d126-42f2-8d21-82ceb10703e0 req-9c2bdf36-f9c4-4d55-9626-a8dd7308a8b0 f1708b344cf944ceb4b45a23543aa568 5fbacf0cf08d4a29ab97893c932fdab7 - - 941e9478a541400a9dea1998c30101af 941e9478a541400a9dea1998c30101af] 10.0.0.29 "GET /v2.0/networks/dbb2732e-bbc0-4dac-91a1-0d9f3c7916c6?fields=segments HTTP/1.1" status: 200 len: 212 time: 0.0677752
2026-07-21 07:46:38.976 9 INFO neutron.wsgi [req-24e6704c-d126-42f2-8d21-82ceb10703e0 req-5885b4e9-89b7-4f80-9da3-874d2594b4a3 f1708b344cf944ceb4b45a23543aa568 5fbacf0cf08d4a29ab97893c932fdab7 - - 941e9478a541400a9dea1998c30101af 941e9478a541400a9dea1998c30101af] 10.0.0.29 "GET /v2.0/networks/dbb2732e-bbc0-4dac-91a1-0d9f3c7916c6?fields=provider%3Aphysical_network&fields=provider%3Anetwork_type HTTP/1.1" status: 200 len: 277 time: 0.2152441
2026-07-21 07:46:38.992 10 INFO neutron.db.ovn_revision_numbers_db [None req-5f09492d-2000-4278-9bce-072523b3d3c7 392083e5b101457e8f890e1524eef317 cd995afa4ffd4531a858f1c201a6e449 - - default default] Successfully bumped revision number for resource d19cfc14-54b2-45d9-b444-7849a2c2dcd8 (type: router_ports) to 1
2026-07-21 07:46:38.995 10 INFO neutron.wsgi [None req-5f09492d-2000-4278-9bce-072523b3d3c7 392083e5b101457e8f890e1524eef317 cd995afa4ffd4531a858f1c201a6e449 - - default default] 10.0.0.158 "PUT /v2.0/routers/a2db76a9-2ade-4aa2-9cb4-6fc319fe8073/add_router_interface HTTP/1.1" status: 200 len: 503 time: 2.4793706
2026-07-21 07:46:39.052 9 INFO neutron.wsgi [req-5969d1a1-004c-43c6-b2e3-911aff39d576 req-302593cd-5c6a-4b2e-94d0-21f357e6c5aa 99807518829a488a9be596f55f9cb92c d1753edc10b74ba78a5335e6e695c83b - - default default] 10.0.0.29 "DELETE /v2.0/security-groups/287af063-4258-4efd-945f-96320ae27dd0 HTTP/1.1" status: 204 len: 173 time: 0.2975104
2026-07-21 07:46:39.166 9 INFO neutron.wsgi [req-5c69af37-e8ac-4415-9034-3f38c90c2880 req-39e5514f-88a5-4349-8f20-bcbd9d076128 ef07f98857284cc6bdcec117e6ee70e2 9e90857ce0b24551a62668fdfc68e03e - - default default] 10.0.0.29 "GET /v2.0/ports?device_id=69977c3d-80f1-42b5-a2a0-1b78ee02ab21 HTTP/1.1" status: 200 len: 210 time: 0.0313027
2026-07-21 07:46:39.578 9 WARNING neutron_lib.context [req-82e304ec-1feb-4b30-a512-8a2281b1e1f0 req-e74d8079-88f0-4048-91c9-2a6ec3c829a6 e192bdff7cf34de3923856a6542a472c 49aac3aae43e4e6181c628483f6a718e - - default default] Method 'is_advsvc' is deprecated since 2023.2 release (neutron-lib 3.8.0) and will be removed once support for the old RBAC API policies will be removed from Neutron. Please use method 'is_service_role' instead.
2026-07-21 07:46:39.641 10 WARNING neutron_lib.context [None req-eefdf5a9-b8c7-4b22-aaac-7876e94cb46f d51181604ea1491cbca3716fc1ad055d a39fa93f48b7434e9f4fc5dce9d42ef6 - - default default] Method 'is_advsvc' is deprecated since 2023.2 release (neutron-lib 3.8.0) and will be removed once support for the old RBAC API policies will be removed from Neutron. Please use method 'is_service_role' instead.
2026-07-21 07:46:39.641 10 WARNING neutron_lib.context [None req-eefdf5a9-b8c7-4b22-aaac-7876e94cb46f d51181604ea1491cbca3716fc1ad055d a39fa93f48b7434e9f4fc5dce9d42ef6 - - default default] Method 'is_advsvc' is deprecated since 2023.2 release (neutron-lib 3.8.0) and will be removed once support for the old RBAC API policies will be removed from Neutron. Please use method 'is_service_role' instead.
2026-07-21 07:46:39.769 10 INFO neutron.db.ovn_revision_numbers_db [None req-eefdf5a9-b8c7-4b22-aaac-7876e94cb46f d51181604ea1491cbca3716fc1ad055d a39fa93f48b7434e9f4fc5dce9d42ef6 - - default default] Successfully bumped revision number for resource 2d9d32e9-d781-4997-b815-48706cb097b7 (type: security_groups) to 1
2026-07-21 07:46:39.780 9 INFO neutron.db.ovn_revision_numbers_db [req-82e304ec-1feb-4b30-a512-8a2281b1e1f0 req-e74d8079-88f0-4048-91c9-2a6ec3c829a6 e192bdff7cf34de3923856a6542a472c 49aac3aae43e4e6181c628483f6a718e - - default default] Successfully bumped revision number for resource a3ac71cb-9153-498c-bf8c-88741ff04dda (type: security_groups) to 1
2026-07-21 07:46:39.786 10 INFO neutron.db.ovn_revision_numbers_db [None req-eefdf5a9-b8c7-4b22-aaac-7876e94cb46f d51181604ea1491cbca3716fc1ad055d a39fa93f48b7434e9f4fc5dce9d42ef6 - - default default] Successfully bumped revision number for resource 9149523e-d27d-49cb-8514-9102466d53bc (type: security_group_rules) to 0
2026-07-21 07:46:39.797 9 INFO neutron.db.ovn_revision_numbers_db [req-82e304ec-1feb-4b30-a512-8a2281b1e1f0 req-e74d8079-88f0-4048-91c9-2a6ec3c829a6 e192bdff7cf34de3923856a6542a472c 49aac3aae43e4e6181c628483f6a718e - - default default] Successfully bumped revision number for resource 2816e367-5d7b-454d-8fed-f22c34ac084e (type: security_group_rules) to 0
2026-07-21 07:46:39.804 10 INFO neutron.db.ovn_revision_numbers_db [None req-eefdf5a9-b8c7-4b22-aaac-7876e94cb46f d51181604ea1491cbca3716fc1ad055d a39fa93f48b7434e9f4fc5dce9d42ef6 - - default default] Successfully bumped revision number for resource a9b39b18-52c0-47e4-b427-2435f8eb01d1 (type: security_group_rules) to 0
2026-07-21 07:46:39.816 9 INFO neutron.db.ovn_revision_numbers_db [req-82e304ec-1feb-4b30-a512-8a2281b1e1f0 req-e74d8079-88f0-4048-91c9-2a6ec3c829a6 e192bdff7cf34de3923856a6542a472c 49aac3aae43e4e6181c628483f6a718e - - default default] Successfully bumped revision number for resource bc5723ae-d961-4178-8da9-34481794134d (type: security_group_rules) to 0
2026-07-21 07:46:39.819 10 INFO neutron.db.ovn_revision_numbers_db [None req-eefdf5a9-b8c7-4b22-aaac-7876e94cb46f d51181604ea1491cbca3716fc1ad055d a39fa93f48b7434e9f4fc5dce9d42ef6 - - default default] Successfully bumped revision number for resource d567f13f-34a8-48d1-b8de-d0b5d46e38be (type: security_group_rules) to 0
2026-07-21 07:46:39.835 10 INFO neutron.db.ovn_revision_numbers_db [None req-eefdf5a9-b8c7-4b22-aaac-7876e94cb46f d51181604ea1491cbca3716fc1ad055d a39fa93f48b7434e9f4fc5dce9d42ef6 - - default default] Successfully bumped revision number for resource eba88f75-d69b-4297-866d-6c268781f518 (type: security_group_rules) to 0
2026-07-21 07:46:39.870 9 INFO neutron.wsgi [req-82e304ec-1feb-4b30-a512-8a2281b1e1f0 req-e74d8079-88f0-4048-91c9-2a6ec3c829a6 e192bdff7cf34de3923856a6542a472c 49aac3aae43e4e6181c628483f6a718e - - default default] 10.0.0.29 "POST /v2.0/security-groups HTTP/1.1" status: 201 len: 1823 time: 0.2980492
2026-07-21 07:46:39.908 9 WARNING neutron_lib.context [req-c29b80f7-d87f-4652-b2a4-12c8e9edaa45 req-95ee1cb1-5983-4671-97ed-6b7e5838fcb2 e192bdff7cf34de3923856a6542a472c 49aac3aae43e4e6181c628483f6a718e - - default default] Method 'is_advsvc' is deprecated since 2023.2 release (neutron-lib 3.8.0) and will be removed once support for the old RBAC API policies will be removed from Neutron. Please use method 'is_service_role' instead.
2026-07-21 07:46:39.924 10 INFO neutron.db.segments_db [None req-eefdf5a9-b8c7-4b22-aaac-7876e94cb46f d51181604ea1491cbca3716fc1ad055d a39fa93f48b7434e9f4fc5dce9d42ef6 - - default default] Added segment 9f9678bd-4d24-4800-96e6-4a961a298793 of type geneve for network adfe0f4c-eb77-41a3-8576-e2aa071171a2
2026-07-21 07:46:40.051 10 INFO neutron.db.segments_db [None req-eefdf5a9-b8c7-4b22-aaac-7876e94cb46f d51181604ea1491cbca3716fc1ad055d a39fa93f48b7434e9f4fc5dce9d42ef6 - - default default] Added segment b6564474-6efd-4855-91f0-b33bc1474f8f of type geneve for network bf0edfba-015d-4c91-bb9a-6edfe2749ba6
2026-07-21 07:46:40.107 9 INFO neutron.db.ovn_revision_numbers_db [req-c29b80f7-d87f-4652-b2a4-12c8e9edaa45 req-95ee1cb1-5983-4671-97ed-6b7e5838fcb2 e192bdff7cf34de3923856a6542a472c 49aac3aae43e4e6181c628483f6a718e - - default default] Successfully bumped revision number for resource d7e77b17-6aad-4e73-98de-a1f2e7195acf (type: security_groups) to 1
2026-07-21 07:46:40.125 9 INFO neutron.db.ovn_revision_numbers_db [req-c29b80f7-d87f-4652-b2a4-12c8e9edaa45 req-95ee1cb1-5983-4671-97ed-6b7e5838fcb2 e192bdff7cf34de3923856a6542a472c 49aac3aae43e4e6181c628483f6a718e - - default default] Successfully bumped revision number for resource 75ad47cd-df43-409b-a4aa-babba6f4068d (type: security_group_rules) to 0
2026-07-21 07:46:40.152 9 INFO neutron.db.ovn_revision_numbers_db [req-c29b80f7-d87f-4652-b2a4-12c8e9edaa45 req-95ee1cb1-5983-4671-97ed-6b7e5838fcb2 e192bdff7cf34de3923856a6542a472c 49aac3aae43e4e6181c628483f6a718e - - default default] Successfully bumped revision number for resource f493a0a1-531a-4e96-bd42-c444d605bbee (type: security_group_rules) to 0
2026-07-21 07:46:40.180 9 INFO neutron.wsgi [req-c29b80f7-d87f-4652-b2a4-12c8e9edaa45 req-95ee1cb1-5983-4671-97ed-6b7e5838fcb2 e192bdff7cf34de3923856a6542a472c 49aac3aae43e4e6181c628483f6a718e - - default default] 10.0.0.29 "POST /v2.0/security-groups HTTP/1.1" status: 201 len: 1822 time: 0.2802172
2026-07-21 07:46:40.205 9 WARNING neutron_lib.context [req-9c02041b-7516-48d6-a17c-f1043ec7d53e req-a11209c9-5407-4e29-9f11-5c76d27c715c e192bdff7cf34de3923856a6542a472c 49aac3aae43e4e6181c628483f6a718e - - default default] Method 'is_advsvc' is deprecated since 2023.2 release (neutron-lib 3.8.0) and will be removed once support for the old RBAC API policies will be removed from Neutron. Please use method 'is_service_role' instead.
2026-07-21 07:46:40.315 10 INFO neutron.db.ovn_revision_numbers_db [None req-eefdf5a9-b8c7-4b22-aaac-7876e94cb46f d51181604ea1491cbca3716fc1ad055d a39fa93f48b7434e9f4fc5dce9d42ef6 - - default default] Successfully bumped revision number for resource adfe0f4c-eb77-41a3-8576-e2aa071171a2 (type: networks) to 1
2026-07-21 07:46:40.394 9 INFO neutron.db.ovn_revision_numbers_db [req-9c02041b-7516-48d6-a17c-f1043ec7d53e req-a11209c9-5407-4e29-9f11-5c76d27c715c e192bdff7cf34de3923856a6542a472c 49aac3aae43e4e6181c628483f6a718e - - default default] Successfully bumped revision number for resource 439b0763-7edb-4302-b7ad-545c7e432089 (type: security_groups) to 1
2026-07-21 07:46:40.423 9 INFO neutron.db.ovn_revision_numbers_db [req-9c02041b-7516-48d6-a17c-f1043ec7d53e req-a11209c9-5407-4e29-9f11-5c76d27c715c e192bdff7cf34de3923856a6542a472c 49aac3aae43e4e6181c628483f6a718e - - default default] Successfully bumped revision number for resource cf3ddf07-24c8-4ed2-b269-d822c95808e9 (type: security_group_rules) to 0
2026-07-21 07:46:40.437 9 INFO neutron.wsgi [None req-3efeb748-ada3-41b0-a707-f96a56fce9fa 392083e5b101457e8f890e1524eef317 cd995afa4ffd4531a858f1c201a6e449 - - default default] 10.0.0.158 "PUT /v2.0/routers/cad26f34-2b55-4a5c-a550-148cd97b51ef/remove_router_interface HTTP/1.1" status: 200 len: 503 time: 1.3775184
2026-07-21 07:46:40.447 9 INFO neutron.db.ovn_revision_numbers_db [req-9c02041b-7516-48d6-a17c-f1043ec7d53e req-a11209c9-5407-4e29-9f11-5c76d27c715c e192bdff7cf34de3923856a6542a472c 49aac3aae43e4e6181c628483f6a718e - - default default] Successfully bumped revision number for resource fd6a0f91-3115-4a03-bcaa-32267abf319f (type: security_group_rules) to 0
2026-07-21 07:46:40.450 9 WARNING neutron.plugins.ml2.drivers.ovn.mech_driver.ovsdb.ovn_client [None req-edcfc3cf-e4fd-463d-9ac2-f673b9c71150 - - - - - -] No port found with ID 6730d567-7398-4e4d-85a7-578807827868: RuntimeError: No port found with ID 6730d567-7398-4e4d-85a7-578807827868
2026-07-21 07:46:40.450 9 INFO neutron.plugins.ml2.drivers.ovn.mech_driver.mech_driver [None req-edcfc3cf-e4fd-463d-9ac2-f673b9c71150 - - - - - -] OVN reports status up for port: 11690ce2-4623-4657-ade5-e60ba0950419
2026-07-21 07:46:40.462 9 INFO neutron.plugins.ml2.plugin [None req-edcfc3cf-e4fd-463d-9ac2-f673b9c71150 - - - - - -] Attempt 1 to provision port 11690ce2-4623-4657-ade5-e60ba0950419
2026-07-21 07:46:40.467 9 INFO neutron.wsgi [req-9c02041b-7516-48d6-a17c-f1043ec7d53e req-a11209c9-5407-4e29-9f11-5c76d27c715c e192bdff7cf34de3923856a6542a472c 49aac3aae43e4e6181c628483f6a718e - - default default] 10.0.0.29 "POST /v2.0/security-groups HTTP/1.1" status: 201 len: 1822 time: 0.2658787 /var/lib/openstack/lib/python3.10/site-packages/pycadf/identifier.py:71: UserWarning: Invalid uuid: neutron. To ensure interoperability, identifiers should be a valid uuid. warnings.warn(('Invalid uuid: %s. To ensure interoperability, '
2026-07-21 07:46:40.629 10 WARNING neutron.scheduler.dhcp_agent_scheduler [None req-eefdf5a9-b8c7-4b22-aaac-7876e94cb46f d51181604ea1491cbca3716fc1ad055d a39fa93f48b7434e9f4fc5dce9d42ef6 - - default default] No more DHCP agents
2026-07-21 07:46:40.633 10 WARNING neutron.api.rpc.agentnotifiers.dhcp_rpc_agent_api [None req-eefdf5a9-b8c7-4b22-aaac-7876e94cb46f d51181604ea1491cbca3716fc1ad055d a39fa93f48b7434e9f4fc5dce9d42ef6 - - default default] Unable to schedule network adfe0f4c-eb77-41a3-8576-e2aa071171a2: no agents available; will retry on subsequent port and subnet creation events.
2026-07-21 07:46:40.650 9 INFO neutron.wsgi [req-b4268f2a-75c6-44ac-84ec-08edfccb5052 req-6859c123-600e-4fc0-b66d-41a38a4c7038 ef07f98857284cc6bdcec117e6ee70e2 9e90857ce0b24551a62668fdfc68e03e - - default default] 10.0.0.29 "GET /v2.0/ports?device_id=69977c3d-80f1-42b5-a2a0-1b78ee02ab21 HTTP/1.1" status: 200 len: 210 time: 0.1689734
2026-07-21 07:46:40.696 9 INFO neutron.wsgi [req-c5a1b99c-0548-4d84-9654-2dbcbab5cfef req-85d5bb8b-51e9-467f-84ea-cd1e94099b01 e192bdff7cf34de3923856a6542a472c 49aac3aae43e4e6181c628483f6a718e - - default default] 10.0.0.29 "GET /v2.0/security-groups?tenant_id=49aac3aae43e4e6181c628483f6a718e HTTP/1.1" status: 200 len: 7795 time: 0.1911671
2026-07-21 07:46:40.738 9 INFO neutron.wsgi [req-c5a1b99c-0548-4d84-9654-2dbcbab5cfef req-e02b931e-7aeb-42ab-bd02-c636f92240af e192bdff7cf34de3923856a6542a472c 49aac3aae43e4e6181c628483f6a718e - - default default] 10.0.0.29 "GET /v2.0/security-groups/a9b031f0-70cc-4194-a209-003074fc7cfd HTTP/1.1" status: 200 len: 2994 time: 0.0358868
2026-07-21 07:46:40.785 9 INFO neutron.wsgi [req-c5a1b99c-0548-4d84-9654-2dbcbab5cfef req-a7f76108-afb6-40a5-b48c-3a0aa0cbf271 e192bdff7cf34de3923856a6542a472c 49aac3aae43e4e6181c628483f6a718e - - default default] 10.0.0.29 "GET /v2.0/security-groups/a9b031f0-70cc-4194-a209-003074fc7cfd HTTP/1.1" status: 200 len: 2994 time: 0.0399282
2026-07-21 07:46:40.822 10 INFO neutron.db.ovn_revision_numbers_db [None req-eefdf5a9-b8c7-4b22-aaac-7876e94cb46f d51181604ea1491cbca3716fc1ad055d a39fa93f48b7434e9f4fc5dce9d42ef6 - - default default] Successfully bumped revision number for resource 263edf5b-80d7-40bc-8c8c-d4b51f309bc1 (type: ports) to 1
2026-07-21 07:46:40.848 9 INFO neutron.wsgi [req-5e4341c5-b4e7-42a4-9f08-dd1eb49937a8 req-e5d230cb-c0d1-44cb-b661-40a25c852da4 e192bdff7cf34de3923856a6542a472c 49aac3aae43e4e6181c628483f6a718e - - default default] 10.0.0.29 "GET /v2.0/security-groups/a3ac71cb-9153-498c-bf8c-88741ff04dda HTTP/1.1" status: 200 len: 1818 time: 0.0303919
2026-07-21 07:46:40.849 10 INFO neutron.wsgi [req-24e6704c-d126-42f2-8d21-82ceb10703e0 req-57bb3865-ef69-4cd4-a27a-8dd8b3ac1200 ef07f98857284cc6bdcec117e6ee70e2 9e90857ce0b24551a62668fdfc68e03e - - default default] 199.204.45.109 "GET /v2.0/networks?id=dbb2732e-bbc0-4dac-91a1-0d9f3c7916c6 HTTP/1.1" status: 200 len: 882 time: 0.1818206
2026-07-21 07:46:40.978 9 INFO neutron.db.ovn_revision_numbers_db [None req-edcfc3cf-e4fd-463d-9ac2-f673b9c71150 - - - - - -] Successfully bumped revision number for resource 11690ce2-4623-4657-ade5-e60ba0950419 (type: ports) to 2
2026-07-21 07:46:40.988 10 INFO neutron.db.ovn_revision_numbers_db [None req-eefdf5a9-b8c7-4b22-aaac-7876e94cb46f d51181604ea1491cbca3716fc1ad055d a39fa93f48b7434e9f4fc5dce9d42ef6 - - default default] Successfully bumped revision number for resource bf0edfba-015d-4c91-bb9a-6edfe2749ba6 (type: networks) to 1
2026-07-21 07:46:41.007 10 INFO neutron.wsgi [req-24e6704c-d126-42f2-8d21-82ceb10703e0 req-d4b47d55-4a63-4c10-a96f-70e72939e707 ef07f98857284cc6bdcec117e6ee70e2 9e90857ce0b24551a62668fdfc68e03e - - default default] 199.204.45.109 "GET /v2.0/security-groups?fields=id&fields=name&tenant_id=9e90857ce0b24551a62668fdfc68e03e HTTP/1.1" status: 200 len: 380 time: 0.1277876
2026-07-21 07:46:41.021 10 WARNING neutron_lib.context [req-24e6704c-d126-42f2-8d21-82ceb10703e0 req-d15d93ca-cd0a-439f-a352-a805ea32c5aa ef07f98857284cc6bdcec117e6ee70e2 9e90857ce0b24551a62668fdfc68e03e - - default default] Method 'is_advsvc' is deprecated since 2023.2 release (neutron-lib 3.8.0) and will be removed once support for the old RBAC API policies will be removed from Neutron. Please use method 'is_service_role' instead.
