2026-07-21 07:48:36.814 10 INFO neutron.wsgi [None req-0dd0da64-9e97-4263-b7a9-02babb8adfbb 392083e5b101457e8f890e1524eef317 cd995afa4ffd4531a858f1c201a6e449 - - default default] 10.0.0.158 "DELETE /v2.0/routers/81374a73-7ed5-4965-b04a-ae4ac59ed5b7 HTTP/1.1" status: 204 len: 168 time: 0.9848437
2026-07-21 07:48:36.903 9 INFO neutron.db.ovn_revision_numbers_db [None req-4fca7645-7ff7-4389-8653-f43171ee9137 845e4d501b4443fea6e71c07c07a84a8 868747cbdc204e62973e1a7dce428d88 - - default default] Successfully bumped revision number for resource 93c22d03-d247-4487-86e9-6569c9e65a0f (type: ports) to 1
2026-07-21 07:48:36.965 9 INFO neutron.wsgi [None req-4fca7645-7ff7-4389-8653-f43171ee9137 845e4d501b4443fea6e71c07c07a84a8 868747cbdc204e62973e1a7dce428d88 - - default default] 10.0.0.158 "POST /v2.0/networks HTTP/1.1" status: 201 len: 831 time: 0.8068042
2026-07-21 07:48:36.981 9 WARNING neutron_lib.context [None req-dcc1db0a-c5ea-4127-b783-ca0976bb5a3e 845e4d501b4443fea6e71c07c07a84a8 868747cbdc204e62973e1a7dce428d88 - - default default] Method 'is_advsvc' is deprecated since 2023.2 release (neutron-lib 3.8.0) and will be removed once support for the old RBAC API policies will be removed from Neutron. Please use method 'is_service_role' instead.
2026-07-21 07:48:36.999 9 INFO neutron.db.ovn_revision_numbers_db [None req-63e4e43d-2abf-47cd-9f27-d13ba85067f0 62d8e1af9cb64c48a6ee3648b34f19b5 abf78e1040e64ff49f193bfd44f9a85e - - default default] Successfully bumped revision number for resource 616c09bb-edb2-4c9c-8eb4-3007b18d6779 (type: ports) to 2
2026-07-21 07:48:37.024 10 INFO neutron.wsgi [None req-b4efbb33-4e92-41c5-a13a-b74d8e80a661 392083e5b101457e8f890e1524eef317 cd995afa4ffd4531a858f1c201a6e449 - - default default] 10.0.0.158 "DELETE /v2.0/subnets/63c8fd1f-c9c9-4e08-8c81-0915d423782d HTTP/1.1" status: 204 len: 168 time: 0.2035289
2026-07-21 07:48:37.045 9 INFO neutron.wsgi [req-91d76d04-f041-458f-886c-c6486251f5fc req-3b8b962a-91ae-45e8-beb2-7c786f4a1ada 4b73146f55124677af1a0c01b88de78d f7d0320b88554d43b6eccce89c3827b6 - - default default] 10.0.0.29 "GET /v2.0/ports?device_id=0f098ad6-f2c2-4d8f-95d4-4428c1049995 HTTP/1.1" status: 200 len: 1170 time: 0.1797011
2026-07-21 07:48:37.084 9 INFO neutron.db.ovn_revision_numbers_db [None req-63e4e43d-2abf-47cd-9f27-d13ba85067f0 62d8e1af9cb64c48a6ee3648b34f19b5 abf78e1040e64ff49f193bfd44f9a85e - - default default] Successfully bumped revision number for resource 9e326228-6925-4cd8-a2d0-e3a89647c9af (type: subnets) to 0
2026-07-21 07:48:37.106 9 INFO neutron.wsgi [req-91d76d04-f041-458f-886c-c6486251f5fc req-c8b317c5-31b7-43f4-aaf9-231e3adf2026 4b73146f55124677af1a0c01b88de78d f7d0320b88554d43b6eccce89c3827b6 - - default default] 10.0.0.29 "GET /v2.0/security-groups?id=846548c3-3086-44e4-ae33-aa5650e53100&fields=id&fields=name HTTP/1.1" status: 200 len: 313 time: 0.0530715
2026-07-21 07:48:37.116 9 INFO neutron.wsgi [None req-63e4e43d-2abf-47cd-9f27-d13ba85067f0 62d8e1af9cb64c48a6ee3648b34f19b5 abf78e1040e64ff49f193bfd44f9a85e - - default default] 10.0.0.158 "POST /v2.0/subnets HTTP/1.1" status: 201 len: 801 time: 1.3219600
2026-07-21 07:48:37.126 9 WARNING neutron_lib.context [None req-b241dfa8-5137-478a-aad8-a27f8896d280 62d8e1af9cb64c48a6ee3648b34f19b5 abf78e1040e64ff49f193bfd44f9a85e - - default default] Method 'is_advsvc' is deprecated since 2023.2 release (neutron-lib 3.8.0) and will be removed once support for the old RBAC API policies will be removed from Neutron. Please use method 'is_service_role' instead.
2026-07-21 07:48:37.338 10 INFO neutron.plugins.ml2.drivers.ovn.mech_driver.mech_driver [None req-9a7bc7a7-8e58-4f31-9213-24392d36372a - - - - - -] OVN reports status down for port: f2a1bd4f-c992-457d-8246-e26be4347bfd
2026-07-21 07:48:37.404 10 INFO neutron.services.segments.plugin [-] Segment a7d21378-cc06-40c1-9f46-5246366e0a3e resource provider aggregate not found
2026-07-21 07:48:37.409 10 INFO neutron.services.segments.plugin [-] Segment a7d21378-cc06-40c1-9f46-5246366e0a3e resource provider aggregate not found
2026-07-21 07:48:37.421 10 INFO neutron.services.segments.plugin [-] Segment a7d21378-cc06-40c1-9f46-5246366e0a3e resource provider not found; error: Placement Client Error (4xx): {"errors": [{"status": 404, "title": "Not Found", "detail": "The resource could not be found.\n\n No resource provider with uuid a7d21378-cc06-40c1-9f46-5246366e0a3e found for delete ", "request_id": "req-6d9c500a-2157-41e9-8674-74b0dcd3f771"}]}
2026-07-21 07:48:37.438 10 INFO neutron.services.segments.plugin [-] Segment a7d21378-cc06-40c1-9f46-5246366e0a3e resource provider not found; error: Placement Client Error (4xx): {"errors": [{"status": 404, "title": "Not Found", "detail": "The resource could not be found.\n\n No resource provider with uuid a7d21378-cc06-40c1-9f46-5246366e0a3e found for delete ", "request_id": "req-694b9e68-5e17-40bf-b1f6-208382b56625"}]}
2026-07-21 07:48:37.480 10 INFO neutron.wsgi [None req-ddbae561-5f13-4a75-b393-7e776c7f85f6 392083e5b101457e8f890e1524eef317 cd995afa4ffd4531a858f1c201a6e449 - - default default] 10.0.0.158 "DELETE /v2.0/networks/df7d3a41-4500-4b57-ac46-7c94a4f7bbcf HTTP/1.1" status: 204 len: 168 time: 0.4511416
2026-07-21 07:48:37.599 10 INFO neutron.notifiers.nova [-] Nova event matching ['req-175a9439-15d7-42b0-8beb-d5ac0ede8afa'] response: {'server_uuid': '0f098ad6-f2c2-4d8f-95d4-4428c1049995', 'name': 'network-vif-unplugged', 'status': 'completed', 'tag': 'f2a1bd4f-c992-457d-8246-e26be4347bfd', 'code': 200}
2026-07-21 07:48:37.774 10 INFO neutron.wsgi [req-6cd04aba-90a0-43eb-a1b4-cb36d51ac5a6 req-df71f939-c7be-46c9-b13a-154a278a94f7 4b73146f55124677af1a0c01b88de78d f7d0320b88554d43b6eccce89c3827b6 - - default default] 199.204.45.109 "GET /v2.0/ports?device_id=0f098ad6-f2c2-4d8f-95d4-4428c1049995 HTTP/1.1" status: 200 len: 1168 time: 0.1983447
2026-07-21 07:48:37.781 9 INFO neutron.wsgi [req-22eb050f-2ca7-4f97-b4ae-0de4cc0a2ea8 req-2ca8f626-5932-4fe0-a1dc-ad2343cf8dbe 4b73146f55124677af1a0c01b88de78d f7d0320b88554d43b6eccce89c3827b6 - - default default] 10.0.0.29 "GET /v2.0/ports?device_id=0f098ad6-f2c2-4d8f-95d4-4428c1049995 HTTP/1.1" status: 200 len: 1168 time: 0.0820282 /var/lib/openstack/lib/python3.10/site-packages/pycadf/identifier.py:71: UserWarning: Invalid uuid: neutron. To ensure interoperability, identifiers should be a valid uuid. warnings.warn(('Invalid uuid: %s. To ensure interoperability, '
2026-07-21 07:48:37.830 9 INFO neutron.db.ovn_revision_numbers_db [None req-b241dfa8-5137-478a-aad8-a27f8896d280 62d8e1af9cb64c48a6ee3648b34f19b5 abf78e1040e64ff49f193bfd44f9a85e - - default default] Successfully bumped revision number for resource 2b1c9709-8ab9-448d-b304-4220344363c8 (type: routers) to 1
2026-07-21 07:48:37.850 9 WARNING neutron.scheduler.dhcp_agent_scheduler [None req-dcc1db0a-c5ea-4127-b783-ca0976bb5a3e 845e4d501b4443fea6e71c07c07a84a8 868747cbdc204e62973e1a7dce428d88 - - default default] No more DHCP agents
2026-07-21 07:48:37.857 9 WARNING neutron.api.rpc.agentnotifiers.dhcp_rpc_agent_api [None req-dcc1db0a-c5ea-4127-b783-ca0976bb5a3e 845e4d501b4443fea6e71c07c07a84a8 868747cbdc204e62973e1a7dce428d88 - - default default] Unable to schedule network a85737ae-6336-41b3-bfff-c688cff7066b: no agents available; will retry on subsequent port and subnet creation events.
2026-07-21 07:48:37.863 9 INFO neutron.wsgi [None req-b241dfa8-5137-478a-aad8-a27f8896d280 62d8e1af9cb64c48a6ee3648b34f19b5 abf78e1040e64ff49f193bfd44f9a85e - - default default] 10.0.0.158 "POST /v2.0/routers HTTP/1.1" status: 201 len: 687 time: 0.7425156
2026-07-21 07:48:37.867 9 INFO neutron.wsgi [req-22eb050f-2ca7-4f97-b4ae-0de4cc0a2ea8 req-dc734532-e478-4ca6-8b86-78bd2b00cf8b 4b73146f55124677af1a0c01b88de78d f7d0320b88554d43b6eccce89c3827b6 - - default default] 10.0.0.29 "GET /v2.0/security-groups?id=846548c3-3086-44e4-ae33-aa5650e53100&fields=id&fields=name HTTP/1.1" status: 200 len: 313 time: 0.0675740 /var/lib/openstack/lib/python3.10/site-packages/pycadf/identifier.py:71: UserWarning: Invalid uuid: neutron. To ensure interoperability, identifiers should be a valid uuid. warnings.warn(('Invalid uuid: %s. To ensure interoperability, '
2026-07-21 07:48:37.934 10 INFO neutron.db.ovn_revision_numbers_db [None req-9a7bc7a7-8e58-4f31-9213-24392d36372a - - - - - -] Successfully bumped revision number for resource f2a1bd4f-c992-457d-8246-e26be4347bfd (type: ports) to 7
2026-07-21 07:48:38.044 9 INFO neutron.db.ovn_revision_numbers_db [None req-dcc1db0a-c5ea-4127-b783-ca0976bb5a3e 845e4d501b4443fea6e71c07c07a84a8 868747cbdc204e62973e1a7dce428d88 - - default default] Successfully bumped revision number for resource 18eb38ed-e709-46af-b32d-bf09b6c36bef (type: ports) to 1
2026-07-21 07:48:38.076 9 INFO neutron.wsgi [None req-dcc1db0a-c5ea-4127-b783-ca0976bb5a3e 845e4d501b4443fea6e71c07c07a84a8 868747cbdc204e62973e1a7dce428d88 - - default default] 10.0.0.158 "POST /v2.0/ports HTTP/1.1" status: 201 len: 942 time: 1.1023400 /var/lib/openstack/lib/python3.10/site-packages/pycadf/identifier.py:71: UserWarning: Invalid uuid: neutron. To ensure interoperability, identifiers should be a valid uuid. warnings.warn(('Invalid uuid: %s. To ensure interoperability, '
2026-07-21 07:48:38.092 10 WARNING neutron_lib.context [None req-b5db1204-6858-41b1-bd65-cf8cecf2cd33 845e4d501b4443fea6e71c07c07a84a8 868747cbdc204e62973e1a7dce428d88 - - default default] Method 'is_advsvc' is deprecated since 2023.2 release (neutron-lib 3.8.0) and will be removed once support for the old RBAC API policies will be removed from Neutron. Please use method 'is_service_role' instead.
2026-07-21 07:48:38.230 10 INFO neutron.db.segments_db [None req-b5db1204-6858-41b1-bd65-cf8cecf2cd33 845e4d501b4443fea6e71c07c07a84a8 868747cbdc204e62973e1a7dce428d88 - - default default] Added segment 3102c270-3478-47f6-9d5e-c47efb6094a6 of type geneve for network cc469941-1284-47f7-9094-d8b679ee9c42
2026-07-21 07:48:38.299 10 INFO neutron.db.l3_db [req-6cd04aba-90a0-43eb-a1b4-cb36d51ac5a6 req-f3273db6-8628-4fa5-9c98-cfa429249ba0 4b73146f55124677af1a0c01b88de78d f7d0320b88554d43b6eccce89c3827b6 - - default default] Floating IP b3e85f5a-65a2-47d3-9ead-80bd01e6bf43 disassociated. External IP: 10.96.250.206, port: f2a1bd4f-c992-457d-8246-e26be4347bfd.
2026-07-21 07:48:38.308 9 WARNING neutron.scheduler.dhcp_agent_scheduler [None req-45343cca-b24e-4237-b6c7-e34b21bf45e0 62d8e1af9cb64c48a6ee3648b34f19b5 abf78e1040e64ff49f193bfd44f9a85e - - default default] No more DHCP agents
2026-07-21 07:48:38.313 9 WARNING neutron.api.rpc.agentnotifiers.dhcp_rpc_agent_api [None req-45343cca-b24e-4237-b6c7-e34b21bf45e0 62d8e1af9cb64c48a6ee3648b34f19b5 abf78e1040e64ff49f193bfd44f9a85e - - default default] Unable to schedule network d7c91e83-c367-4add-a1a7-88264548c501: no agents available; will retry on subsequent port and subnet creation events.
2026-07-21 07:48:38.486 10 INFO neutron.db.ovn_revision_numbers_db [None req-b5db1204-6858-41b1-bd65-cf8cecf2cd33 845e4d501b4443fea6e71c07c07a84a8 868747cbdc204e62973e1a7dce428d88 - - default default] Successfully bumped revision number for resource cc469941-1284-47f7-9094-d8b679ee9c42 (type: networks) to 1
2026-07-21 07:48:38.548 9 INFO neutron.db.ovn_revision_numbers_db [None req-45343cca-b24e-4237-b6c7-e34b21bf45e0 62d8e1af9cb64c48a6ee3648b34f19b5 abf78e1040e64ff49f193bfd44f9a85e - - default default] Successfully bumped revision number for resource a5f11f07-5971-4b6e-8296-1ebdbe13c050 (type: ports) to 1
2026-07-21 07:48:38.647 10 INFO neutron.wsgi [req-6cd04aba-90a0-43eb-a1b4-cb36d51ac5a6 req-f3273db6-8628-4fa5-9c98-cfa429249ba0 4b73146f55124677af1a0c01b88de78d f7d0320b88554d43b6eccce89c3827b6 - - default default] 199.204.45.109 "DELETE /v2.0/ports/f2a1bd4f-c992-457d-8246-e26be4347bfd HTTP/1.1" status: 204 len: 173 time: 0.8673794
2026-07-21 07:48:38.934 10 INFO neutron.plugins.ml2.drivers.ovn.mech_driver.mech_driver [None req-9a7bc7a7-8e58-4f31-9213-24392d36372a - - - - - -] OVN reports status up for port: a5f11f07-5971-4b6e-8296-1ebdbe13c050
2026-07-21 07:48:38.953 10 INFO neutron.plugins.ml2.plugin [None req-9a7bc7a7-8e58-4f31-9213-24392d36372a - - - - - -] Attempt 1 to provision port a5f11f07-5971-4b6e-8296-1ebdbe13c050 /var/lib/openstack/lib/python3.10/site-packages/pycadf/identifier.py:71: UserWarning: Invalid uuid: neutron. To ensure interoperability, identifiers should be a valid uuid. warnings.warn(('Invalid uuid: %s. To ensure interoperability, '
2026-07-21 07:48:38.972 9 INFO neutron.db.ovn_revision_numbers_db [None req-45343cca-b24e-4237-b6c7-e34b21bf45e0 62d8e1af9cb64c48a6ee3648b34f19b5 abf78e1040e64ff49f193bfd44f9a85e - - default default] Successfully bumped revision number for resource a5f11f07-5971-4b6e-8296-1ebdbe13c050 (type: router_ports) to 1
2026-07-21 07:48:38.986 9 INFO neutron.wsgi [req-bd755274-19be-4440-a3b3-d01a61052176 req-cb349acf-e735-43d1-a0d5-be81bda694d7 4b73146f55124677af1a0c01b88de78d f7d0320b88554d43b6eccce89c3827b6 - - default default] 10.0.0.29 "GET /v2.0/ports?device_id=0f098ad6-f2c2-4d8f-95d4-4428c1049995 HTTP/1.1" status: 200 len: 210 time: 0.0257325
2026-07-21 07:48:38.996 10 WARNING neutron.scheduler.dhcp_agent_scheduler [None req-b5db1204-6858-41b1-bd65-cf8cecf2cd33 845e4d501b4443fea6e71c07c07a84a8 868747cbdc204e62973e1a7dce428d88 - - default default] No more DHCP agents
2026-07-21 07:48:39.003 10 WARNING neutron.api.rpc.agentnotifiers.dhcp_rpc_agent_api [None req-b5db1204-6858-41b1-bd65-cf8cecf2cd33 845e4d501b4443fea6e71c07c07a84a8 868747cbdc204e62973e1a7dce428d88 - - default default] Unable to schedule network cc469941-1284-47f7-9094-d8b679ee9c42: no agents available; will retry on subsequent port and subnet creation events.
2026-07-21 07:48:39.130 9 INFO neutron.db.ovn_revision_numbers_db [None req-45343cca-b24e-4237-b6c7-e34b21bf45e0 62d8e1af9cb64c48a6ee3648b34f19b5 abf78e1040e64ff49f193bfd44f9a85e - - default default] Successfully bumped revision number for resource a5f11f07-5971-4b6e-8296-1ebdbe13c050 (type: ports) to 1
2026-07-21 07:48:39.154 10 INFO neutron.db.ovn_revision_numbers_db [None req-b5db1204-6858-41b1-bd65-cf8cecf2cd33 845e4d501b4443fea6e71c07c07a84a8 868747cbdc204e62973e1a7dce428d88 - - default default] Successfully bumped revision number for resource b70d04d7-3a1e-447f-916d-94a65820854f (type: ports) to 1
2026-07-21 07:48:39.186 10 INFO neutron.wsgi [None req-b5db1204-6858-41b1-bd65-cf8cecf2cd33 845e4d501b4443fea6e71c07c07a84a8 868747cbdc204e62973e1a7dce428d88 - - default default] 10.0.0.158 "POST /v2.0/networks HTTP/1.1" status: 201 len: 830 time: 1.1027722
2026-07-21 07:48:39.199 9 WARNING neutron_lib.context [None req-586ec6b9-befe-4653-843d-cbae70e70c70 845e4d501b4443fea6e71c07c07a84a8 868747cbdc204e62973e1a7dce428d88 - - default default] Method 'is_advsvc' is deprecated since 2023.2 release (neutron-lib 3.8.0) and will be removed once support for the old RBAC API policies will be removed from Neutron. Please use method 'is_service_role' instead.
2026-07-21 07:48:39.204 9 WARNING neutron.scheduler.dhcp_agent_scheduler [None req-45343cca-b24e-4237-b6c7-e34b21bf45e0 62d8e1af9cb64c48a6ee3648b34f19b5 abf78e1040e64ff49f193bfd44f9a85e - - default default] No more DHCP agents
2026-07-21 07:48:39.206 9 WARNING neutron.api.rpc.agentnotifiers.dhcp_rpc_agent_api [None req-45343cca-b24e-4237-b6c7-e34b21bf45e0 62d8e1af9cb64c48a6ee3648b34f19b5 abf78e1040e64ff49f193bfd44f9a85e - - default default] Unable to schedule network d7c91e83-c367-4add-a1a7-88264548c501: no agents available; will retry on subsequent port and subnet creation events.
2026-07-21 07:48:39.401 9 INFO neutron.db.ovn_revision_numbers_db [None req-45343cca-b24e-4237-b6c7-e34b21bf45e0 62d8e1af9cb64c48a6ee3648b34f19b5 abf78e1040e64ff49f193bfd44f9a85e - - default default] Successfully bumped revision number for resource a5f11f07-5971-4b6e-8296-1ebdbe13c050 (type: router_ports) to 2
2026-07-21 07:48:39.404 9 INFO neutron.wsgi [None req-45343cca-b24e-4237-b6c7-e34b21bf45e0 62d8e1af9cb64c48a6ee3648b34f19b5 abf78e1040e64ff49f193bfd44f9a85e - - default default] 10.0.0.158 "PUT /v2.0/routers/2b1c9709-8ab9-448d-b304-4220344363c8/add_router_interface HTTP/1.1" status: 200 len: 503 time: 1.5289042
2026-07-21 07:48:39.419 10 INFO neutron.db.ovn_revision_numbers_db [None req-9a7bc7a7-8e58-4f31-9213-24392d36372a - - - - - -] Successfully bumped revision number for resource a5f11f07-5971-4b6e-8296-1ebdbe13c050 (type: ports) to 2
2026-07-21 07:48:39.435 10 INFO neutron.wsgi [None req-c6c4af2a-8e48-4ee4-bc7b-883a275c7fdb 392083e5b101457e8f890e1524eef317 cd995afa4ffd4531a858f1c201a6e449 - - default default] 10.0.0.158 "PUT /v2.0/routers/191cba7f-a50f-47b0-b629-d6ebaea7448d/remove_router_interface HTTP/1.1" status: 200 len: 503 time: 1.9475255 /var/lib/openstack/lib/python3.10/site-packages/pycadf/identifier.py:71: UserWarning: Invalid uuid: neutron. To ensure interoperability, identifiers should be a valid uuid. warnings.warn(('Invalid uuid: %s. To ensure interoperability, '
2026-07-21 07:48:39.465 9 INFO neutron.wsgi [None req-730ca2d5-e5ee-4463-a78f-659d66582fdb 62d8e1af9cb64c48a6ee3648b34f19b5 abf78e1040e64ff49f193bfd44f9a85e - - default default] 10.0.0.158 "GET /v2.0/ports/a5f11f07-5971-4b6e-8296-1ebdbe13c050 HTTP/1.1" status: 200 len: 1137 time: 0.0528758
2026-07-21 07:48:39.572 9 WARNING neutron.scheduler.dhcp_agent_scheduler [None req-586ec6b9-befe-4653-843d-cbae70e70c70 845e4d501b4443fea6e71c07c07a84a8 868747cbdc204e62973e1a7dce428d88 - - default default] No more DHCP agents
2026-07-21 07:48:39.577 9 WARNING neutron.api.rpc.agentnotifiers.dhcp_rpc_agent_api [None req-586ec6b9-befe-4653-843d-cbae70e70c70 845e4d501b4443fea6e71c07c07a84a8 868747cbdc204e62973e1a7dce428d88 - - default default] Unable to schedule network cc469941-1284-47f7-9094-d8b679ee9c42: no agents available; will retry on subsequent port and subnet creation events.
2026-07-21 07:48:39.642 10 INFO neutron.notifiers.nova [-] Nova event matching ['req-ed86e680-3a66-4f30-802c-73fd3b6290bf'] response: {'server_uuid': '0f098ad6-f2c2-4d8f-95d4-4428c1049995', 'name': 'network-vif-plugged', 'status': 'completed', 'tag': 'f2a1bd4f-c992-457d-8246-e26be4347bfd', 'code': 200}
2026-07-21 07:48:39.642 10 INFO neutron.notifiers.nova [-] Nova event matching ['req-ed86e680-3a66-4f30-802c-73fd3b6290bf'] response: {'server_uuid': '0f098ad6-f2c2-4d8f-95d4-4428c1049995', 'name': 'network-vif-deleted', 'tag': 'f2a1bd4f-c992-457d-8246-e26be4347bfd', 'status': 'completed', 'code': 200}
2026-07-21 07:48:39.695 9 INFO neutron.db.ovn_revision_numbers_db [None req-586ec6b9-befe-4653-843d-cbae70e70c70 845e4d501b4443fea6e71c07c07a84a8 868747cbdc204e62973e1a7dce428d88 - - default default] Successfully bumped revision number for resource 4ed3acaa-9dc9-457e-8f52-6125463a8e00 (type: ports) to 1
2026-07-21 07:48:39.734 9 INFO neutron.wsgi [None req-586ec6b9-befe-4653-843d-cbae70e70c70 845e4d501b4443fea6e71c07c07a84a8 868747cbdc204e62973e1a7dce428d88 - - default default] 10.0.0.158 "POST /v2.0/ports HTTP/1.1" status: 201 len: 942 time: 0.5416999 /var/lib/openstack/lib/python3.10/site-packages/pycadf/identifier.py:71: UserWarning: Invalid uuid: neutron. To ensure interoperability, identifiers should be a valid uuid. warnings.warn(('Invalid uuid: %s. To ensure interoperability, '
2026-07-21 07:48:39.753 9 WARNING neutron_lib.context [None req-e9921d57-4cd7-4c1f-ae2e-9f5def08e95d 845e4d501b4443fea6e71c07c07a84a8 868747cbdc204e62973e1a7dce428d88 - - default default] Method 'is_advsvc' is deprecated since 2023.2 release (neutron-lib 3.8.0) and will be removed once support for the old RBAC API policies will be removed from Neutron. Please use method 'is_service_role' instead.
2026-07-21 07:48:39.861 9 INFO neutron.db.segments_db [None req-e9921d57-4cd7-4c1f-ae2e-9f5def08e95d 845e4d501b4443fea6e71c07c07a84a8 868747cbdc204e62973e1a7dce428d88 - - default default] Added segment 41161c18-c162-4e07-9a20-066168499715 of type geneve for network c89bd650-9791-4e59-9f6c-db91b36f84f6
2026-07-21 07:48:40.049 9 INFO neutron.db.ovn_revision_numbers_db [None req-e9921d57-4cd7-4c1f-ae2e-9f5def08e95d 845e4d501b4443fea6e71c07c07a84a8 868747cbdc204e62973e1a7dce428d88 - - default default] Successfully bumped revision number for resource c89bd650-9791-4e59-9f6c-db91b36f84f6 (type: networks) to 1
2026-07-21 07:48:40.093 9 WARNING neutron.scheduler.dhcp_agent_scheduler [None req-7ed6f1ec-4713-48c8-b142-a9a76d2d5e87 62d8e1af9cb64c48a6ee3648b34f19b5 abf78e1040e64ff49f193bfd44f9a85e - - default default] No more DHCP agents
2026-07-21 07:48:40.097 9 WARNING neutron.api.rpc.agentnotifiers.dhcp_rpc_agent_api [None req-7ed6f1ec-4713-48c8-b142-a9a76d2d5e87 62d8e1af9cb64c48a6ee3648b34f19b5 abf78e1040e64ff49f193bfd44f9a85e - - default default] Unable to schedule network 3f8e25f2-2ba8-469e-850f-c60aa0aceb98: no agents available; will retry on subsequent port and subnet creation events.
2026-07-21 07:48:40.286 9 WARNING neutron.scheduler.dhcp_agent_scheduler [None req-e9921d57-4cd7-4c1f-ae2e-9f5def08e95d 845e4d501b4443fea6e71c07c07a84a8 868747cbdc204e62973e1a7dce428d88 - - default default] No more DHCP agents
2026-07-21 07:48:40.289 9 WARNING neutron.api.rpc.agentnotifiers.dhcp_rpc_agent_api [None req-e9921d57-4cd7-4c1f-ae2e-9f5def08e95d 845e4d501b4443fea6e71c07c07a84a8 868747cbdc204e62973e1a7dce428d88 - - default default] Unable to schedule network c89bd650-9791-4e59-9f6c-db91b36f84f6: no agents available; will retry on subsequent port and subnet creation events.
2026-07-21 07:48:40.360 9 INFO neutron.db.ovn_revision_numbers_db [None req-7ed6f1ec-4713-48c8-b142-a9a76d2d5e87 62d8e1af9cb64c48a6ee3648b34f19b5 abf78e1040e64ff49f193bfd44f9a85e - - default default] Successfully bumped revision number for resource f918a9b3-c128-4334-b124-44f23edb7d04 (type: ports) to 1
2026-07-21 07:48:40.452 9 INFO neutron.db.ovn_revision_numbers_db [None req-e9921d57-4cd7-4c1f-ae2e-9f5def08e95d 845e4d501b4443fea6e71c07c07a84a8 868747cbdc204e62973e1a7dce428d88 - - default default] Successfully bumped revision number for resource bc3cd801-c078-433d-bffb-c6b8ffe6e2b7 (type: ports) to 1
2026-07-21 07:48:40.493 9 INFO neutron.wsgi [None req-e9921d57-4cd7-4c1f-ae2e-9f5def08e95d 845e4d501b4443fea6e71c07c07a84a8 868747cbdc204e62973e1a7dce428d88 - - default default] 10.0.0.158 "POST /v2.0/networks HTTP/1.1" status: 201 len: 830 time: 0.7530897
2026-07-21 07:48:40.507 9 WARNING neutron_lib.context [None req-cf32f550-a360-425d-bd2a-c829b6c093d1 845e4d501b4443fea6e71c07c07a84a8 868747cbdc204e62973e1a7dce428d88 - - default default] Method 'is_advsvc' is deprecated since 2023.2 release (neutron-lib 3.8.0) and will be removed once support for the old RBAC API policies will be removed from Neutron. Please use method 'is_service_role' instead.
2026-07-21 07:48:40.511 10 INFO neutron.wsgi [None req-2a3d5e0b-4e04-41d7-977b-0c2ac04690d6 4b73146f55124677af1a0c01b88de78d f7d0320b88554d43b6eccce89c3827b6 - - default default] 10.0.0.158 "DELETE /v2.0/security-groups/846548c3-3086-44e4-ae33-aa5650e53100 HTTP/1.1" status: 204 len: 168 time: 0.4359555
2026-07-21 07:48:40.549 9 INFO neutron.api.v2.resource [None req-d726b6d8-f44a-43aa-9103-2d4e55241510 4b73146f55124677af1a0c01b88de78d f7d0320b88554d43b6eccce89c3827b6 - - default default] show failed (client error): The resource could not be found.
2026-07-21 07:48:40.550 9 INFO neutron.wsgi [None req-d726b6d8-f44a-43aa-9103-2d4e55241510 4b73146f55124677af1a0c01b88de78d f7d0320b88554d43b6eccce89c3827b6 - - default default] 10.0.0.158 "GET /v2.0/security-groups/846548c3-3086-44e4-ae33-aa5650e53100 HTTP/1.1" status: 404 len: 347 time: 0.0337024
2026-07-21 07:48:40.703 10 INFO neutron.wsgi [None req-3559f28c-c1f5-40cf-8d23-9d4c9d51091b 392083e5b101457e8f890e1524eef317 cd995afa4ffd4531a858f1c201a6e449 - - default default] 10.0.0.158 "DELETE /v2.0/routers/191cba7f-a50f-47b0-b629-d6ebaea7448d HTTP/1.1" status: 204 len: 168 time: 1.2622232
2026-07-21 07:48:40.987 10 INFO neutron.wsgi [None req-f21d43d0-8cc6-49ed-9fbc-ff847805e75a 392083e5b101457e8f890e1524eef317 cd995afa4ffd4531a858f1c201a6e449 - - default default] 10.0.0.158 "DELETE /v2.0/subnets/333b5ecd-76e7-48fa-b01a-1a3364754e6d HTTP/1.1" status: 204 len: 168 time: 0.2789550
2026-07-21 07:48:41.087 10 INFO neutron.wsgi [None req-1deebeec-517a-4ca8-9e5d-96718800d397 4b73146f55124677af1a0c01b88de78d f7d0320b88554d43b6eccce89c3827b6 - - default default] 10.0.0.158 "DELETE /v2.0/floatingips/b3e85f5a-65a2-47d3-9ead-80bd01e6bf43 HTTP/1.1" status: 204 len: 168 time: 0.5317321
2026-07-21 07:48:41.323 9 WARNING neutron.scheduler.dhcp_agent_scheduler [None req-cf32f550-a360-425d-bd2a-c829b6c093d1 845e4d501b4443fea6e71c07c07a84a8 868747cbdc204e62973e1a7dce428d88 - - default default] No more DHCP agents
2026-07-21 07:48:41.328 9 WARNING neutron.api.rpc.agentnotifiers.dhcp_rpc_agent_api [None req-cf32f550-a360-425d-bd2a-c829b6c093d1 845e4d501b4443fea6e71c07c07a84a8 868747cbdc204e62973e1a7dce428d88 - - default default] Unable to schedule network c89bd650-9791-4e59-9f6c-db91b36f84f6: no agents available; will retry on subsequent port and subnet creation events.
2026-07-21 07:48:41.430 10 INFO neutron.services.segments.plugin [-] Segment db63271b-9c82-4108-8ab1-d844c8cfaf55 resource provider aggregate not found
2026-07-21 07:48:41.436 10 INFO neutron.services.segments.plugin [-] Segment db63271b-9c82-4108-8ab1-d844c8cfaf55 resource provider aggregate not found
2026-07-21 07:48:41.454 10 INFO neutron.services.segments.plugin [-] Segment db63271b-9c82-4108-8ab1-d844c8cfaf55 resource provider not found; error: Placement Client Error (4xx): {"errors": [{"status": 404, "title": "Not Found", "detail": "The resource could not be found.\n\n No resource provider with uuid db63271b-9c82-4108-8ab1-d844c8cfaf55 found for delete ", "request_id": "req-daed3703-94be-44ba-aded-79a41053c1c3"}]}
2026-07-21 07:48:41.457 9 INFO neutron.plugins.ml2.drivers.ovn.mech_driver.mech_driver [None req-edcfc3cf-e4fd-463d-9ac2-f673b9c71150 - - - - - -] OVN reports status up for port: f918a9b3-c128-4334-b124-44f23edb7d04
2026-07-21 07:48:41.458 9 INFO neutron.db.ovn_revision_numbers_db [None req-cf32f550-a360-425d-bd2a-c829b6c093d1 845e4d501b4443fea6e71c07c07a84a8 868747cbdc204e62973e1a7dce428d88 - - default default] Successfully bumped revision number for resource 8c65c77d-aea6-4eae-9850-8979bb95a9d3 (type: ports) to 1
2026-07-21 07:48:41.461 10 INFO neutron.services.segments.plugin [-] Segment db63271b-9c82-4108-8ab1-d844c8cfaf55 resource provider not found; error: Placement Client Error (4xx): {"errors": [{"status": 404, "title": "Not Found", "detail": "The resource could not be found.\n\n No resource provider with uuid db63271b-9c82-4108-8ab1-d844c8cfaf55 found for delete ", "request_id": "req-6719908f-a07e-49a0-9443-a3967b8f94e4"}]}
2026-07-21 07:48:41.467 9 INFO neutron.plugins.ml2.plugin [None req-edcfc3cf-e4fd-463d-9ac2-f673b9c71150 - - - - - -] Attempt 1 to provision port f918a9b3-c128-4334-b124-44f23edb7d04
2026-07-21 07:48:41.496 9 INFO neutron.db.ovn_revision_numbers_db [None req-7ed6f1ec-4713-48c8-b142-a9a76d2d5e87 62d8e1af9cb64c48a6ee3648b34f19b5 abf78e1040e64ff49f193bfd44f9a85e - - default default] Successfully bumped revision number for resource f918a9b3-c128-4334-b124-44f23edb7d04 (type: router_ports) to 1
2026-07-21 07:48:41.499 10 INFO neutron.wsgi [None req-e6a1685f-5d5b-43c6-9add-855afdb322c8 392083e5b101457e8f890e1524eef317 cd995afa4ffd4531a858f1c201a6e449 - - default default] 10.0.0.158 "DELETE /v2.0/networks/e58bfa2d-b1b6-4a85-94ee-966148187bf9 HTTP/1.1" status: 204 len: 168 time: 0.5039678
2026-07-21 07:48:41.510 9 INFO neutron.wsgi [None req-cf32f550-a360-425d-bd2a-c829b6c093d1 845e4d501b4443fea6e71c07c07a84a8 868747cbdc204e62973e1a7dce428d88 - - default default] 10.0.0.158 "POST /v2.0/ports HTTP/1.1" status: 201 len: 942 time: 1.0124788
2026-07-21 07:48:41.522 10 WARNING neutron_lib.context [None req-663ce18b-6d01-4ffd-9ff9-2ad6308b7414 845e4d501b4443fea6e71c07c07a84a8 868747cbdc204e62973e1a7dce428d88 - - default default] Method 'is_advsvc' is deprecated since 2023.2 release (neutron-lib 3.8.0) and will be removed once support for the old RBAC API policies will be removed from Neutron. Please use method 'is_service_role' instead.
2026-07-21 07:48:41.629 10 INFO neutron.db.segments_db [None req-663ce18b-6d01-4ffd-9ff9-2ad6308b7414 845e4d501b4443fea6e71c07c07a84a8 868747cbdc204e62973e1a7dce428d88 - - default default] Added segment 28fe79c9-6fd4-4170-b8f1-734f73b3ba9c of type geneve for network 74450ddd-35ce-463b-aa8d-c14f3f4b115c
2026-07-21 07:48:41.703 9 INFO neutron.db.ovn_revision_numbers_db [None req-7ed6f1ec-4713-48c8-b142-a9a76d2d5e87 62d8e1af9cb64c48a6ee3648b34f19b5 abf78e1040e64ff49f193bfd44f9a85e - - default default] Successfully bumped revision number for resource f918a9b3-c128-4334-b124-44f23edb7d04 (type: ports) to 1 /var/lib/openstack/lib/python3.10/site-packages/pycadf/identifier.py:71: UserWarning: Invalid uuid: neutron. To ensure interoperability, identifiers should be a valid uuid. warnings.warn(('Invalid uuid: %s. To ensure interoperability, '
2026-07-21 07:48:41.844 9 WARNING neutron.scheduler.dhcp_agent_scheduler [None req-7ed6f1ec-4713-48c8-b142-a9a76d2d5e87 62d8e1af9cb64c48a6ee3648b34f19b5 abf78e1040e64ff49f193bfd44f9a85e - - default default] No more DHCP agents
2026-07-21 07:48:41.848 9 WARNING neutron.api.rpc.agentnotifiers.dhcp_rpc_agent_api [None req-7ed6f1ec-4713-48c8-b142-a9a76d2d5e87 62d8e1af9cb64c48a6ee3648b34f19b5 abf78e1040e64ff49f193bfd44f9a85e - - default default] Unable to schedule network 3f8e25f2-2ba8-469e-850f-c60aa0aceb98: no agents available; will retry on subsequent port and subnet creation events.
2026-07-21 07:48:41.862 10 INFO neutron.db.ovn_revision_numbers_db [None req-663ce18b-6d01-4ffd-9ff9-2ad6308b7414 845e4d501b4443fea6e71c07c07a84a8 868747cbdc204e62973e1a7dce428d88 - - default default] Successfully bumped revision number for resource 74450ddd-35ce-463b-aa8d-c14f3f4b115c (type: networks) to 1
2026-07-21 07:48:41.884 9 INFO neutron.wsgi [None req-03eea605-17f1-4b70-800a-67b743b03c37 392083e5b101457e8f890e1524eef317 cd995afa4ffd4531a858f1c201a6e449 - - default default] 10.0.0.158 "GET /v2.0/security-groups?tenant_id=af4f6227d0e04e799f7d01b22c053f9d&name=default HTTP/1.1" status: 200 len: 2996 time: 0.1124115
2026-07-21 07:48:41.959 9 INFO neutron.db.ovn_revision_numbers_db [None req-edcfc3cf-e4fd-463d-9ac2-f673b9c71150 - - - - - -] Successfully bumped revision number for resource f918a9b3-c128-4334-b124-44f23edb7d04 (type: ports) to 2
2026-07-21 07:48:42.096 9 INFO neutron.db.ovn_revision_numbers_db [None req-edcfc3cf-e4fd-463d-9ac2-f673b9c71150 - - - - - -] Successfully bumped revision number for resource f918a9b3-c128-4334-b124-44f23edb7d04 (type: router_ports) to 2
2026-07-21 07:48:42.108 9 INFO neutron.db.ovn_revision_numbers_db [None req-7ed6f1ec-4713-48c8-b142-a9a76d2d5e87 62d8e1af9cb64c48a6ee3648b34f19b5 abf78e1040e64ff49f193bfd44f9a85e - - default default] Successfully bumped revision number for resource f918a9b3-c128-4334-b124-44f23edb7d04 (type: router_ports) to 2
2026-07-21 07:48:42.110 9 INFO neutron.wsgi [None req-7ed6f1ec-4713-48c8-b142-a9a76d2d5e87 62d8e1af9cb64c48a6ee3648b34f19b5 abf78e1040e64ff49f193bfd44f9a85e - - default default] 10.0.0.158 "PUT /v2.0/routers/2b1c9709-8ab9-448d-b304-4220344363c8/add_router_interface HTTP/1.1" status: 200 len: 503 time: 2.6366978
2026-07-21 07:48:42.125 10 WARNING neutron.scheduler.dhcp_agent_scheduler [None req-663ce18b-6d01-4ffd-9ff9-2ad6308b7414 845e4d501b4443fea6e71c07c07a84a8 868747cbdc204e62973e1a7dce428d88 - - default default] No more DHCP agents
2026-07-21 07:48:42.128 10 WARNING neutron.api.rpc.agentnotifiers.dhcp_rpc_agent_api [None req-663ce18b-6d01-4ffd-9ff9-2ad6308b7414 845e4d501b4443fea6e71c07c07a84a8 868747cbdc204e62973e1a7dce428d88 - - default default] Unable to schedule network 74450ddd-35ce-463b-aa8d-c14f3f4b115c: no agents available; will retry on subsequent port and subnet creation events.
2026-07-21 07:48:42.241 9 INFO neutron.wsgi [None req-d787555c-561f-46d9-9572-49bd60daa7f4 62d8e1af9cb64c48a6ee3648b34f19b5 abf78e1040e64ff49f193bfd44f9a85e - - default default] 10.0.0.158 "GET /v2.0/ports/f918a9b3-c128-4334-b124-44f23edb7d04 HTTP/1.1" status: 200 len: 1137 time: 0.1237078
2026-07-21 07:48:42.243 10 INFO neutron.db.ovn_revision_numbers_db [None req-663ce18b-6d01-4ffd-9ff9-2ad6308b7414 845e4d501b4443fea6e71c07c07a84a8 868747cbdc204e62973e1a7dce428d88 - - default default] Successfully bumped revision number for resource 3469dd56-1da7-4ad0-ba2e-4608085a50f6 (type: ports) to 1
2026-07-21 07:48:42.267 10 INFO neutron.wsgi [None req-663ce18b-6d01-4ffd-9ff9-2ad6308b7414 845e4d501b4443fea6e71c07c07a84a8 868747cbdc204e62973e1a7dce428d88 - - default default] 10.0.0.158 "POST /v2.0/networks HTTP/1.1" status: 201 len: 830 time: 0.7524920
2026-07-21 07:48:42.277 9 INFO neutron.wsgi [None req-b9c5951a-e0a4-42ef-920b-26f60372e3fe 62d8e1af9cb64c48a6ee3648b34f19b5 abf78e1040e64ff49f193bfd44f9a85e - - default default] 10.0.0.158 "GET /v2.0/ports/f918a9b3-c128-4334-b124-44f23edb7d04 HTTP/1.1" status: 200 len: 1137 time: 0.0315230
2026-07-21 07:48:42.277 10 WARNING neutron_lib.context [None req-84f0fdcc-01f3-4e91-b341-943c2f404482 845e4d501b4443fea6e71c07c07a84a8 868747cbdc204e62973e1a7dce428d88 - - default default] Method 'is_advsvc' is deprecated since 2023.2 release (neutron-lib 3.8.0) and will be removed once support for the old RBAC API policies will be removed from Neutron. Please use method 'is_service_role' instead.
2026-07-21 07:48:42.325 9 INFO neutron.wsgi [None req-1944bfc7-981d-4349-b919-d855edf70ee9 392083e5b101457e8f890e1524eef317 cd995afa4ffd4531a858f1c201a6e449 - - default default] 10.0.0.158 "DELETE /v2.0/security-groups/2d364d6c-8e23-405c-abae-04d5592ece90 HTTP/1.1" status: 204 len: 168 time: 0.4354591
2026-07-21 07:48:42.542 9 INFO neutron.wsgi [None req-2e7af58b-cd60-41f7-a117-81e2419ca26f 392083e5b101457e8f890e1524eef317 cd995afa4ffd4531a858f1c201a6e449 - - default default] 10.0.0.158 "GET /v2.0/security-groups?tenant_id=4d8b0982ee72424aa365c2e603b5042b&name=default HTTP/1.1" status: 200 len: 2996 time: 0.0486329
2026-07-21 07:48:42.638 10 INFO neutron.wsgi [None req-0db8b29a-b62e-436e-9cfe-61d79592b4e7 392083e5b101457e8f890e1524eef317 cd995afa4ffd4531a858f1c201a6e449 - - default default] 10.0.0.158 "PUT /v2.0/routers/6128a1cf-80ec-42c9-ad9d-474c32ef720b/remove_router_interface HTTP/1.1" status: 200 len: 503 time: 1.5452466 /var/lib/openstack/lib/python3.10/site-packages/pycadf/identifier.py:71: UserWarning: Invalid uuid: neutron. To ensure interoperability, identifiers should be a valid uuid. warnings.warn(('Invalid uuid: %s. To ensure interoperability, '
2026-07-21 07:48:43.002 10 WARNING neutron.scheduler.dhcp_agent_scheduler [None req-84f0fdcc-01f3-4e91-b341-943c2f404482 845e4d501b4443fea6e71c07c07a84a8 868747cbdc204e62973e1a7dce428d88 - - default default] No more DHCP agents
2026-07-21 07:48:43.006 10 WARNING neutron.api.rpc.agentnotifiers.dhcp_rpc_agent_api [None req-84f0fdcc-01f3-4e91-b341-943c2f404482 845e4d501b4443fea6e71c07c07a84a8 868747cbdc204e62973e1a7dce428d88 - - default default] Unable to schedule network 74450ddd-35ce-463b-aa8d-c14f3f4b115c: no agents available; will retry on subsequent port and subnet creation events.
2026-07-21 07:48:43.077 10 INFO neutron.wsgi [None req-e2ebceb1-bc8a-49af-9077-0c078556262b 392083e5b101457e8f890e1524eef317 cd995afa4ffd4531a858f1c201a6e449 - - default default] 10.0.0.158 "DELETE /v2.0/security-groups/2bb83563-2210-4b46-87b5-869a51893900 HTTP/1.1" status: 204 len: 168 time: 0.5268729
2026-07-21 07:48:43.140 10 INFO neutron.db.ovn_revision_numbers_db [None req-84f0fdcc-01f3-4e91-b341-943c2f404482 845e4d501b4443fea6e71c07c07a84a8 868747cbdc204e62973e1a7dce428d88 - - default default] Successfully bumped revision number for resource a87c534f-a75e-4c4f-9765-2465be368a0f (type: ports) to 1
2026-07-21 07:48:43.165 10 INFO neutron.wsgi [None req-84f0fdcc-01f3-4e91-b341-943c2f404482 845e4d501b4443fea6e71c07c07a84a8 868747cbdc204e62973e1a7dce428d88 - - default default] 10.0.0.158 "POST /v2.0/ports HTTP/1.1" status: 201 len: 942 time: 0.8936932 /var/lib/openstack/lib/python3.10/site-packages/pycadf/identifier.py:71: UserWarning: Invalid uuid: neutron. To ensure interoperability, identifiers should be a valid uuid. warnings.warn(('Invalid uuid: %s. To ensure interoperability, '
2026-07-21 07:48:43.227 10 INFO neutron.wsgi [None req-292d3f53-8903-4908-a0ee-20320c30a344 845e4d501b4443fea6e71c07c07a84a8 868747cbdc204e62973e1a7dce428d88 - - default default] 10.0.0.158 "PUT /v2.0/ports/4f28d1a9-9f8a-41c4-98c1-64bf404ceb11/tags HTTP/1.1" status: 200 len: 210 time: 0.0583577
2026-07-21 07:48:43.291 9 INFO neutron.wsgi [None req-9763823a-be52-4121-a361-6906dd74db95 62d8e1af9cb64c48a6ee3648b34f19b5 abf78e1040e64ff49f193bfd44f9a85e - - default default] 10.0.0.158 "PUT /v2.0/routers/2b1c9709-8ab9-448d-b304-4220344363c8/remove_router_interface HTTP/1.1" status: 200 len: 503 time: 1.0104961 /var/lib/openstack/lib/python3.10/site-packages/pycadf/identifier.py:71: UserWarning: Invalid uuid: neutron. To ensure interoperability, identifiers should be a valid uuid. warnings.warn(('Invalid uuid: %s. To ensure interoperability, '
2026-07-21 07:48:43.336 9 INFO neutron.wsgi [None req-47e18464-3c44-4a36-bf40-62699ffd25ef 845e4d501b4443fea6e71c07c07a84a8 868747cbdc204e62973e1a7dce428d88 - - default default] 10.0.0.158 "PUT /v2.0/ports/18eb38ed-e709-46af-b32d-bf09b6c36bef/tags HTTP/1.1" status: 200 len: 218 time: 0.1015303
2026-07-21 07:48:43.383 9 INFO neutron.wsgi [None req-fab47154-5b79-47c4-8c0c-384986637c2b 62d8e1af9cb64c48a6ee3648b34f19b5 abf78e1040e64ff49f193bfd44f9a85e - - default default] 10.0.0.158 "GET /v2.0/ports/a5f11f07-5971-4b6e-8296-1ebdbe13c050 HTTP/1.1" status: 200 len: 1137 time: 0.0859432
2026-07-21 07:48:43.397 10 INFO neutron.wsgi [None req-b9a03978-3628-4a3c-89d3-82d71f68c54a 845e4d501b4443fea6e71c07c07a84a8 868747cbdc204e62973e1a7dce428d88 - - default default] 10.0.0.158 "PUT /v2.0/ports/4ed3acaa-9dc9-457e-8f52-6125463a8e00/tags HTTP/1.1" status: 200 len: 227 time: 0.0545046
2026-07-21 07:48:43.459 10 INFO neutron.wsgi [None req-00430974-489f-4ef0-b481-26a039200dc5 845e4d501b4443fea6e71c07c07a84a8 868747cbdc204e62973e1a7dce428d88 - - default default] 10.0.0.158 "PUT /v2.0/ports/8c65c77d-aea6-4eae-9850-8979bb95a9d3/tags HTTP/1.1" status: 200 len: 212 time: 0.0550699
2026-07-21 07:48:43.737 10 INFO neutron.wsgi [None req-d98be927-0333-48db-846d-439997efe736 845e4d501b4443fea6e71c07c07a84a8 868747cbdc204e62973e1a7dce428d88 - - default default] 10.0.0.158 "GET /v2.0/ports?tags=red HTTP/1.1" status: 200 len: 2448 time: 0.2724066
2026-07-21 07:48:43.778 10 INFO neutron.wsgi [None req-67aab001-2ce9-43dc-b333-44b214e289c5 392083e5b101457e8f890e1524eef317 cd995afa4ffd4531a858f1c201a6e449 - - default default] 10.0.0.158 "DELETE /v2.0/routers/6128a1cf-80ec-42c9-ad9d-474c32ef720b HTTP/1.1" status: 204 len: 168 time: 1.1342034
2026-07-21 07:48:43.963 9 INFO neutron.wsgi [None req-a221c7dd-43ba-43d3-a8a4-b16995f5702c 845e4d501b4443fea6e71c07c07a84a8 868747cbdc204e62973e1a7dce428d88 - - default default] 10.0.0.158 "GET /v2.0/ports?tags=red%2Cblue HTTP/1.1" status: 200 len: 1708 time: 0.2208731
2026-07-21 07:48:43.990 10 INFO neutron.wsgi [None req-8ce086e0-9e13-4727-9698-d3494e29a869 392083e5b101457e8f890e1524eef317 cd995afa4ffd4531a858f1c201a6e449 - - default default] 10.0.0.158 "DELETE /v2.0/subnets/ec03c79a-86bc-4ee4-afbb-6f31c5392995 HTTP/1.1" status: 204 len: 168 time: 0.2082810
2026-07-21 07:48:44.042 9 INFO neutron.wsgi [None req-d63b1ceb-efe4-4bcb-9bee-408d47f719f3 845e4d501b4443fea6e71c07c07a84a8 868747cbdc204e62973e1a7dce428d88 - - default default] 10.0.0.158 "GET /v2.0/ports?tags-any=blue HTTP/1.1" status: 200 len: 1708 time: 0.0746770
2026-07-21 07:48:44.140 10 INFO neutron.wsgi [None req-fa2087f4-1903-4c54-a56e-573bc4946ab2 845e4d501b4443fea6e71c07c07a84a8 868747cbdc204e62973e1a7dce428d88 - - default default] 10.0.0.158 "GET /v2.0/ports?tags-any=red%2Cblue HTTP/1.1" status: 200 len: 2448 time: 0.0913253
2026-07-21 07:48:44.243 9 INFO neutron.wsgi [None req-5d2663e0-f641-4a34-a250-b78887e1dc9d 62d8e1af9cb64c48a6ee3648b34f19b5 abf78e1040e64ff49f193bfd44f9a85e - - default default] 10.0.0.158 "PUT /v2.0/routers/2b1c9709-8ab9-448d-b304-4220344363c8/remove_router_interface HTTP/1.1" status: 200 len: 503 time: 0.8535786 /var/lib/openstack/lib/python3.10/site-packages/pycadf/identifier.py:71: UserWarning: Invalid uuid: neutron. To ensure interoperability, identifiers should be a valid uuid. warnings.warn(('Invalid uuid: %s. To ensure interoperability, '
2026-07-21 07:48:44.277 9 INFO neutron.wsgi [None req-0386f680-3f62-42ae-872c-ea0883d796c2 62d8e1af9cb64c48a6ee3648b34f19b5 abf78e1040e64ff49f193bfd44f9a85e - - default default] 10.0.0.158 "GET /v2.0/ports?device_id=2b1c9709-8ab9-448d-b304-4220344363c8 HTTP/1.1" status: 200 len: 205 time: 0.0286584
2026-07-21 07:48:44.557 10 INFO neutron.wsgi [None req-7c5b3431-6c60-4b70-98b4-881513537a08 845e4d501b4443fea6e71c07c07a84a8 868747cbdc204e62973e1a7dce428d88 - - default default] 10.0.0.158 "GET /v2.0/ports?not-tags=red HTTP/1.1" status: 200 len: 5463 time: 0.4124541
2026-07-21 07:48:44.594 9 INFO neutron.wsgi [None req-bec52cfc-be7b-429b-bd00-727cfc261414 62d8e1af9cb64c48a6ee3648b34f19b5 abf78e1040e64ff49f193bfd44f9a85e - - default default] 10.0.0.158 "DELETE /v2.0/routers/2b1c9709-8ab9-448d-b304-4220344363c8 HTTP/1.1" status: 204 len: 168 time: 0.3126528
2026-07-21 07:48:44.654 10 INFO neutron.wsgi [None req-e2ff1350-dc13-4ed0-a1fb-f54341714f8f 845e4d501b4443fea6e71c07c07a84a8 868747cbdc204e62973e1a7dce428d88 - - default default] 10.0.0.158 "GET /v2.0/ports?not-tags=red%2Cblue HTTP/1.1" status: 200 len: 6203 time: 0.0912342
2026-07-21 07:48:44.709 10 WARNING neutron.plugins.ml2.drivers.ovn.mech_driver.ovsdb.ovn_client [None req-9a7bc7a7-8e58-4f31-9213-24392d36372a - - - - - -] No port found with ID a5f11f07-5971-4b6e-8296-1ebdbe13c050: RuntimeError: No port found with ID a5f11f07-5971-4b6e-8296-1ebdbe13c050
2026-07-21 07:48:44.746 10 INFO neutron.wsgi [None req-d6fb93ec-6b85-486c-ae7d-1b36ac9f4e68 845e4d501b4443fea6e71c07c07a84a8 868747cbdc204e62973e1a7dce428d88 - - default default] 10.0.0.158 "GET /v2.0/ports?not-tags-any=blue HTTP/1.1" status: 200 len: 6203 time: 0.0874681
2026-07-21 07:48:44.819 9 INFO neutron.wsgi [None req-76ccf460-0a86-4da1-a01a-583347d7e99c 62d8e1af9cb64c48a6ee3648b34f19b5 abf78e1040e64ff49f193bfd44f9a85e - - default default] 10.0.0.158 "DELETE /v2.0/subnets/9e326228-6925-4cd8-a2d0-e3a89647c9af HTTP/1.1" status: 204 len: 168 time: 0.2184553
2026-07-21 07:48:44.821 10 INFO neutron.wsgi [None req-ddcfcff7-45a9-43a7-998f-ead5dd641f3a 845e4d501b4443fea6e71c07c07a84a8 868747cbdc204e62973e1a7dce428d88 - - default default] 10.0.0.158 "GET /v2.0/ports?not-tags-any=red%2Cblue HTTP/1.1" status: 200 len: 5463 time: 0.0683575
2026-07-21 07:48:44.901 10 INFO neutron.services.segments.plugin [-] Segment 29df2fdc-f0d1-4d0a-a55d-d2cda95d8d1a resource provider aggregate not found
2026-07-21 07:48:44.916 10 INFO neutron.services.segments.plugin [-] Segment 29df2fdc-f0d1-4d0a-a55d-d2cda95d8d1a resource provider aggregate not found
2026-07-21 07:48:44.927 10 INFO neutron.services.segments.plugin [-] Segment 29df2fdc-f0d1-4d0a-a55d-d2cda95d8d1a resource provider not found; error: Placement Client Error (4xx): {"errors": [{"status": 404, "title": "Not Found", "detail": "The resource could not be found.\n\n No resource provider with uuid 29df2fdc-f0d1-4d0a-a55d-d2cda95d8d1a found for delete ", "request_id": "req-55b522f4-18ca-44bd-8f4e-b551cae386fd"}]}
2026-07-21 07:48:44.936 10 INFO neutron.services.segments.plugin [-] Segment 29df2fdc-f0d1-4d0a-a55d-d2cda95d8d1a resource provider not found; error: Placement Client Error (4xx): {"errors": [{"status": 404, "title": "Not Found", "detail": "The resource could not be found.\n\n No resource provider with uuid 29df2fdc-f0d1-4d0a-a55d-d2cda95d8d1a found for delete ", "request_id": "req-a69ad5f8-ddda-4002-ae8b-b8147ce4506d"}]}
2026-07-21 07:48:44.979 10 INFO neutron.wsgi [None req-bde95906-65a2-4ddd-91ca-069d7ed2f018 392083e5b101457e8f890e1524eef317 cd995afa4ffd4531a858f1c201a6e449 - - default default] 10.0.0.158 "DELETE /v2.0/networks/ceefd6a3-de98-4812-8a7d-1f11ce357b99 HTTP/1.1" status: 204 len: 168 time: 0.9822812
2026-07-21 07:48:45.058 9 INFO neutron.wsgi [None req-864d5549-852d-4f13-814b-853052f31882 62d8e1af9cb64c48a6ee3648b34f19b5 abf78e1040e64ff49f193bfd44f9a85e - - default default] 10.0.0.158 "DELETE /v2.0/subnets/143d0780-5dbc-42b0-8db1-6731eadfaa83 HTTP/1.1" status: 204 len: 168 time: 0.2335675
2026-07-21 07:48:45.119 10 INFO neutron.wsgi [None req-864e2ae2-17b8-4a93-b2f9-20aa36c6ef9e 845e4d501b4443fea6e71c07c07a84a8 868747cbdc204e62973e1a7dce428d88 - - default default] 10.0.0.158 "DELETE /v2.0/ports/4f28d1a9-9f8a-41c4-98c1-64bf404ceb11 HTTP/1.1" status: 204 len: 168 time: 0.2908318
2026-07-21 07:48:45.136 9 INFO neutron.wsgi [None req-03586d72-5504-479f-ab66-0e4c95cd3860 392083e5b101457e8f890e1524eef317 cd995afa4ffd4531a858f1c201a6e449 - - default default] 10.0.0.158 "GET /v2.0/security-groups?tenant_id=f7d0320b88554d43b6eccce89c3827b6&name=default HTTP/1.1" status: 200 len: 2996 time: 0.0471394
2026-07-21 07:48:45.405 10 INFO neutron.wsgi [None req-9bb1f6bb-5c57-457f-869f-d914c0ef8085 845e4d501b4443fea6e71c07c07a84a8 868747cbdc204e62973e1a7dce428d88 - - default default] 10.0.0.158 "DELETE /v2.0/ports/18eb38ed-e709-46af-b32d-bf09b6c36bef HTTP/1.1" status: 204 len: 168 time: 0.2809203
2026-07-21 07:48:45.416 9 INFO neutron.services.segments.plugin [-] Segment 57ffc673-e79e-41b7-baad-828519480d2f resource provider aggregate not found
2026-07-21 07:48:45.420 9 INFO neutron.services.segments.plugin [-] Segment 57ffc673-e79e-41b7-baad-828519480d2f resource provider aggregate not found
2026-07-21 07:48:45.434 9 INFO neutron.services.segments.plugin [-] Segment 57ffc673-e79e-41b7-baad-828519480d2f resource provider not found; error: Placement Client Error (4xx): {"errors": [{"status": 404, "title": "Not Found", "detail": "The resource could not be found.\n\n No resource provider with uuid 57ffc673-e79e-41b7-baad-828519480d2f found for delete ", "request_id": "req-0d5208e6-15eb-45b3-a91c-10df988d0fcd"}]}
2026-07-21 07:48:45.447 9 INFO neutron.services.segments.plugin [-] Segment 57ffc673-e79e-41b7-baad-828519480d2f resource provider not found; error: Placement Client Error (4xx): {"errors": [{"status": 404, "title": "Not Found", "detail": "The resource could not be found.\n\n No resource provider with uuid 57ffc673-e79e-41b7-baad-828519480d2f found for delete ", "request_id": "req-829f2c8b-951f-4e29-8c27-3e851e5c99a0"}]}
2026-07-21 07:48:45.456 10 INFO neutron.wsgi [None req-72d80c02-59d8-4157-876a-b4e04d2a9d84 392083e5b101457e8f890e1524eef317 cd995afa4ffd4531a858f1c201a6e449 - - default default] 10.0.0.158 "DELETE /v2.0/security-groups/d3b2b652-439e-42f2-844c-e66f796d900e HTTP/1.1" status: 204 len: 168 time: 0.3147135
2026-07-21 07:48:45.472 9 INFO neutron.wsgi [None req-891b6b1c-d292-4063-8f19-25a9c68cf9f7 62d8e1af9cb64c48a6ee3648b34f19b5 abf78e1040e64ff49f193bfd44f9a85e - - default default] 10.0.0.158 "DELETE /v2.0/networks/3f8e25f2-2ba8-469e-850f-c60aa0aceb98 HTTP/1.1" status: 204 len: 168 time: 0.4091103
2026-07-21 07:48:45.745 10 INFO neutron.wsgi [None req-54ab8f9b-536d-4684-8c35-2edd45f55a01 845e4d501b4443fea6e71c07c07a84a8 868747cbdc204e62973e1a7dce428d88 - - default default] 10.0.0.158 "DELETE /v2.0/ports/4ed3acaa-9dc9-457e-8f52-6125463a8e00 HTTP/1.1" status: 204 len: 168 time: 0.3349435
2026-07-21 07:48:45.976 10 INFO neutron.wsgi [None req-9c244af6-6f07-4677-99c7-e7614d54794e 62d8e1af9cb64c48a6ee3648b34f19b5 abf78e1040e64ff49f193bfd44f9a85e - - default default] 10.0.0.158 "DELETE /v2.0/networks/d7c91e83-c367-4add-a1a7-88264548c501 HTTP/1.1" status: 204 len: 168 time: 0.4989119
2026-07-21 07:48:45.988 10 WARNING neutron_lib.context [None req-747e4296-7ed6-40f0-b357-2e905089c6fb 62d8e1af9cb64c48a6ee3648b34f19b5 abf78e1040e64ff49f193bfd44f9a85e - - default default] Method 'is_advsvc' is deprecated since 2023.2 release (neutron-lib 3.8.0) and will be removed once support for the old RBAC API policies will be removed from Neutron. Please use method 'is_service_role' instead.
2026-07-21 07:48:46.056 9 INFO neutron.wsgi [None req-50151b3b-b322-4916-bca2-d1b5b9510a2e 845e4d501b4443fea6e71c07c07a84a8 868747cbdc204e62973e1a7dce428d88 - - default default] 10.0.0.158 "DELETE /v2.0/ports/8c65c77d-aea6-4eae-9850-8979bb95a9d3 HTTP/1.1" status: 204 len: 168 time: 0.3043416
2026-07-21 07:48:46.083 10 INFO neutron.db.segments_db [None req-747e4296-7ed6-40f0-b357-2e905089c6fb 62d8e1af9cb64c48a6ee3648b34f19b5 abf78e1040e64ff49f193bfd44f9a85e - - default default] Added segment cf5b2f7a-20ce-4ef2-8010-cee9bcc8011e of type geneve for network caa725a4-da89-41fd-a8cc-776cf9af6372
2026-07-21 07:48:46.246 10 INFO neutron.db.ovn_revision_numbers_db [None req-747e4296-7ed6-40f0-b357-2e905089c6fb 62d8e1af9cb64c48a6ee3648b34f19b5 abf78e1040e64ff49f193bfd44f9a85e - - default default] Successfully bumped revision number for resource caa725a4-da89-41fd-a8cc-776cf9af6372 (type: networks) to 1
2026-07-21 07:48:46.330 9 INFO neutron.wsgi [None req-7ccc593c-2b8e-48c2-9965-40f72fb14b5c 845e4d501b4443fea6e71c07c07a84a8 868747cbdc204e62973e1a7dce428d88 - - default default] 10.0.0.158 "DELETE /v2.0/ports/a87c534f-a75e-4c4f-9765-2465be368a0f HTTP/1.1" status: 204 len: 168 time: 0.2700863
2026-07-21 07:48:46.450 10 WARNING neutron.scheduler.dhcp_agent_scheduler [None req-747e4296-7ed6-40f0-b357-2e905089c6fb 62d8e1af9cb64c48a6ee3648b34f19b5 abf78e1040e64ff49f193bfd44f9a85e - - default default] No more DHCP agents
