+ COMMAND=start + start + for KEYSTONE_WSGI_SCRIPT in keystone-wsgi-public ++ type -p keystone-wsgi-public + cp -a /var/lib/openstack/bin/keystone-wsgi-public /var/www/cgi-bin/keystone/ + '[' -f /etc/apache2/envvars ']' + source /etc/apache2/envvars ++ unset HOME ++ '[' '' '!=' '' ']' ++ SUFFIX= ++ export APACHE_RUN_USER=www-data ++ APACHE_RUN_USER=www-data ++ export APACHE_RUN_GROUP=www-data ++ APACHE_RUN_GROUP=www-data ++ export APACHE_PID_FILE=/var/run/apache2/apache2.pid ++ APACHE_PID_FILE=/var/run/apache2/apache2.pid ++ export APACHE_RUN_DIR=/var/run/apache2 ++ APACHE_RUN_DIR=/var/run/apache2 ++ export APACHE_LOCK_DIR=/var/lock/apache2 ++ APACHE_LOCK_DIR=/var/lock/apache2 ++ export APACHE_LOG_DIR=/var/log/apache2 ++ APACHE_LOG_DIR=/var/log/apache2 ++ export LANG=C ++ LANG=C ++ export LANG + '[' -f /var/run/apache2/apache2.pid ']' + exec apache2 -DFOREGROUND AH00558: apache2: Could not reliably determine the server's fully qualified domain name, using 10.0.0.117. Set the 'ServerName' directive globally to suppress this message AH00558: apache2: Could not reliably determine the server's fully qualified domain name, using 10.0.0.117. Set the 'ServerName' directive globally to suppress this message
[Thu Jul 16 07:01:22.738450 2026] [mpm_event:notice] [pid 1:tid 140192880514944] AH00489: Apache/2.4.58 (Ubuntu) mod_wsgi/5.0.0 Python/3.12 configured -- resuming normal operations
[Thu Jul 16 07:01:22.738621 2026] [core:notice] [pid 1:tid 140192880514944] AH00094: Command line: 'apache2 -D FOREGROUND'
[Thu Jul 16 07:02:13.385313 2026] [wsgi:error] [pid 9:tid 140192242693824] /var/lib/openstack/lib/python3.12/site-packages/oslo_utils/importutils.py:77: EventletDeprecationWarning:
[Thu Jul 16 07:02:13.385377 2026] [wsgi:error] [pid 9:tid 140192242693824] Eventlet is deprecated. It is currently being maintained in bugfix mode, and
[Thu Jul 16 07:02:13.385379 2026] [wsgi:error] [pid 9:tid 140192242693824] we strongly recommend against using it for new projects.
[Thu Jul 16 07:02:13.385381 2026] [wsgi:error] [pid 9:tid 140192242693824]
[Thu Jul 16 07:02:13.385382 2026] [wsgi:error] [pid 9:tid 140192242693824] If you are already using Eventlet, we recommend migrating to a different
[Thu Jul 16 07:02:13.385384 2026] [wsgi:error] [pid 9:tid 140192242693824] framework. For more detail see
[Thu Jul 16 07:02:13.385386 2026] [wsgi:error] [pid 9:tid 140192242693824] https://eventlet.readthedocs.io/en/latest/asyncio/migration.html
[Thu Jul 16 07:02:13.385387 2026] [wsgi:error] [pid 9:tid 140192242693824]
[Thu Jul 16 07:02:13.385388 2026] [wsgi:error] [pid 9:tid 140192242693824] __import__(import_str)
[Thu Jul 16 07:02:13.440254 2026] [wsgi:error] [pid 10:tid 140192242693824] /var/lib/openstack/lib/python3.12/site-packages/oslo_utils/importutils.py:77: EventletDeprecationWarning:
[Thu Jul 16 07:02:13.440313 2026] [wsgi:error] [pid 10:tid 140192242693824] Eventlet is deprecated. It is currently being maintained in bugfix mode, and
[Thu Jul 16 07:02:13.440315 2026] [wsgi:error] [pid 10:tid 140192242693824] we strongly recommend against using it for new projects.
[Thu Jul 16 07:02:13.440316 2026] [wsgi:error] [pid 10:tid 140192242693824]
[Thu Jul 16 07:02:13.440318 2026] [wsgi:error] [pid 10:tid 140192242693824] If you are already using Eventlet, we recommend migrating to a different
[Thu Jul 16 07:02:13.440319 2026] [wsgi:error] [pid 10:tid 140192242693824] framework. For more detail see
[Thu Jul 16 07:02:13.440320 2026] [wsgi:error] [pid 10:tid 140192242693824] https://eventlet.readthedocs.io/en/latest/asyncio/migration.html
[Thu Jul 16 07:02:13.440321 2026] [wsgi:error] [pid 10:tid 140192242693824]
[Thu Jul 16 07:02:13.440322 2026] [wsgi:error] [pid 10:tid 140192242693824] __import__(import_str) 10.0.0.254 - - [16/Jul/2026:07:02:12 +0000] "GET /v3/ HTTP/1.1" 200 250 10.0.0.254 - - [16/Jul/2026:07:02:12 +0000] "GET /v3/ HTTP/1.1" 200 250
[Thu Jul 16 07:02:19.319158 2026] [wsgi:error] [pid 11:tid 140192242693824] /var/lib/openstack/lib/python3.12/site-packages/oslo_utils/importutils.py:77: EventletDeprecationWarning:
[Thu Jul 16 07:02:19.319226 2026] [wsgi:error] [pid 11:tid 140192242693824] Eventlet is deprecated. It is currently being maintained in bugfix mode, and
[Thu Jul 16 07:02:19.319228 2026] [wsgi:error] [pid 11:tid 140192242693824] we strongly recommend against using it for new projects.
[Thu Jul 16 07:02:19.319231 2026] [wsgi:error] [pid 11:tid 140192242693824]
[Thu Jul 16 07:02:19.319234 2026] [wsgi:error] [pid 11:tid 140192242693824] If you are already using Eventlet, we recommend migrating to a different
[Thu Jul 16 07:02:19.319236 2026] [wsgi:error] [pid 11:tid 140192242693824] framework. For more detail see
[Thu Jul 16 07:02:19.319237 2026] [wsgi:error] [pid 11:tid 140192242693824] https://eventlet.readthedocs.io/en/latest/asyncio/migration.html
[Thu Jul 16 07:02:19.319239 2026] [wsgi:error] [pid 11:tid 140192242693824]
[Thu Jul 16 07:02:19.319240 2026] [wsgi:error] [pid 11:tid 140192242693824] __import__(import_str) 10.0.0.254 - - [16/Jul/2026:07:02:18 +0000] "GET /v3/ HTTP/1.1" 200 250
[Thu Jul 16 07:02:28.021903 2026] [wsgi:error] [pid 12:tid 140192242693824] /var/lib/openstack/lib/python3.12/site-packages/oslo_utils/importutils.py:77: EventletDeprecationWarning:
[Thu Jul 16 07:02:28.021952 2026] [wsgi:error] [pid 12:tid 140192242693824] Eventlet is deprecated. It is currently being maintained in bugfix mode, and
[Thu Jul 16 07:02:28.021954 2026] [wsgi:error] [pid 12:tid 140192242693824] we strongly recommend against using it for new projects.
[Thu Jul 16 07:02:28.021956 2026] [wsgi:error] [pid 12:tid 140192242693824]
[Thu Jul 16 07:02:28.021957 2026] [wsgi:error] [pid 12:tid 140192242693824] If you are already using Eventlet, we recommend migrating to a different
[Thu Jul 16 07:02:28.021959 2026] [wsgi:error] [pid 12:tid 140192242693824] framework. For more detail see
[Thu Jul 16 07:02:28.021960 2026] [wsgi:error] [pid 12:tid 140192242693824] https://eventlet.readthedocs.io/en/latest/asyncio/migration.html
[Thu Jul 16 07:02:28.021962 2026] [wsgi:error] [pid 12:tid 140192242693824]
[Thu Jul 16 07:02:28.021963 2026] [wsgi:error] [pid 12:tid 140192242693824] __import__(import_str) 10.0.0.150 - - [16/Jul/2026:07:02:27 +0000] "GET / HTTP/1.1" 300 295
[Thu Jul 16 07:02:33.215324 2026] [wsgi:error] [pid 9:tid 140192242693824] [remote 10.0.0.150:48522] 2026-07-16 07:02:33.211 9 WARNING keystone.identity.core [None req-6996ae14-9379-4148-9469-d23f09b6bc24 - - - - - -] Invalid domain name (atmosphere) found in config file name: keystone.exception.DomainNotFound: Could not find domain: atmosphere.
[Thu Jul 16 07:02:33.275801 2026] [wsgi:error] [pid 9:tid 140192242693824] [remote 10.0.0.150:48522] 2026-07-16 07:02:33.275 9 WARNING keystone.common.password_hashing [None req-6996ae14-9379-4148-9469-d23f09b6bc24 - - - - - -] Truncating password to algorithm specific maximum length 72 characters.
[Thu Jul 16 07:02:33.575549 2026] [wsgi:error] [pid 9:tid 140192242693824] [remote 10.0.0.150:48522] 2026-07-16 07:02:33.575 9 WARNING keystone.common.fernet_utils [None req-6996ae14-9379-4148-9469-d23f09b6bc24 - - - - - -] key_repository is world readable: /etc/keystone/fernet-keys/ 10.0.0.150 - - [16/Jul/2026:07:02:33 +0000] "POST /v3/auth/tokens HTTP/1.1" 201 1360
[Thu Jul 16 07:02:34.005405 2026] [wsgi:error] [pid 10:tid 140192242693824] [remote 10.0.0.150:48522] 2026-07-16 07:02:33.999 10 WARNING keystone.identity.core [None req-28cdd05b-559b-45d2-aff8-3e4b2ad747d5 - - - - - -] Invalid domain name (atmosphere) found in config file name: keystone.exception.DomainNotFound: Could not find domain: atmosphere. 10.0.0.150 - - [16/Jul/2026:07:02:33 +0000] "POST /v3/domains HTTP/1.1" 201 261 10.0.0.35 - - [16/Jul/2026:07:02:47 +0000] "GET / HTTP/1.1" 300 295
[Thu Jul 16 07:02:47.562329 2026] [wsgi:error] [pid 12:tid 140192242693824] [remote 10.0.0.35:57504] 2026-07-16 07:02:47.561 12 WARNING keystone.common.password_hashing [None req-78840ff3-9b49-4122-b2e6-8b82eeabc4bc - - - - - -] Truncating password to algorithm specific maximum length 72 characters.
[Thu Jul 16 07:02:47.848876 2026] [wsgi:error] [pid 12:tid 140192242693824] [remote 10.0.0.35:57504] 2026-07-16 07:02:47.848 12 WARNING keystone.common.fernet_utils [None req-78840ff3-9b49-4122-b2e6-8b82eeabc4bc - - - - - -] key_repository is world readable: /etc/keystone/fernet-keys/ 10.0.0.35 - - [16/Jul/2026:07:02:47 +0000] "POST /v3/auth/tokens HTTP/1.1" 201 1360 10.0.0.35 - - [16/Jul/2026:07:02:48 +0000] "GET /v3/roles/admin HTTP/1.1" 404 83
[Thu Jul 16 07:02:48.137871 2026] [wsgi:error] [pid 10:tid 140192242693824] [remote 10.0.0.35:57504] 2026-07-16 07:02:48.137 10 WARNING keystone.common.rbac_enforcer.enforcer [None req-d0ee9843-8da4-4654-9cdc-4223b27ff5fe ad4f7bf01bdc45ec8c783a73cea56df7 e70c67b5cffb4d07bc42e1c212506e09 - - default default] Deprecated policy rules found. Use oslopolicy-policy-generator and oslopolicy-policy-upgrade to detect and resolve deprecated policies in your configuration. 10.0.0.35 - - [16/Jul/2026:07:02:48 +0000] "GET /v3/roles?name=admin HTTP/1.1" 200 389
[Thu Jul 16 07:02:48.835650 2026] [wsgi:error] [pid 11:tid 140192242693824] [remote 10.0.0.35:57504] 2026-07-16 07:02:48.835 11 WARNING keystone.common.rbac_enforcer.enforcer [None req-6b43a400-052e-40d2-8a33-92d6b4eac3cd ad4f7bf01bdc45ec8c783a73cea56df7 e70c67b5cffb4d07bc42e1c212506e09 - - default default] Deprecated policy rules found. Use oslopolicy-policy-generator and oslopolicy-policy-upgrade to detect and resolve deprecated policies in your configuration. 10.0.0.35 - - [16/Jul/2026:07:02:48 +0000] "GET /v3/users/admin-RegionOne HTTP/1.1" 404 93
[Thu Jul 16 07:02:49.080688 2026] [wsgi:error] [pid 12:tid 140192242693824] [remote 10.0.0.35:57504] 2026-07-16 07:02:49.080 12 WARNING keystone.common.rbac_enforcer.enforcer [None req-d891bc80-ff74-4041-8ba2-5cc2d86e26e6 ad4f7bf01bdc45ec8c783a73cea56df7 e70c67b5cffb4d07bc42e1c212506e09 - - default default] Deprecated policy rules found. Use oslopolicy-policy-generator and oslopolicy-policy-upgrade to detect and resolve deprecated policies in your configuration. 10.0.0.35 - - [16/Jul/2026:07:02:48 +0000] "GET /v3/users?name=admin-RegionOne HTTP/1.1" 200 422
[Thu Jul 16 07:02:49.375475 2026] [wsgi:error] [pid 9:tid 140192242693824] [remote 10.0.0.35:57504] 2026-07-16 07:02:49.375 9 WARNING keystone.common.rbac_enforcer.enforcer [None req-9c84d891-043c-4266-a03f-b05ca4c18199 ad4f7bf01bdc45ec8c783a73cea56df7 e70c67b5cffb4d07bc42e1c212506e09 - - default default] Deprecated policy rules found. Use oslopolicy-policy-generator and oslopolicy-policy-upgrade to detect and resolve deprecated policies in your configuration. 10.0.0.35 - - [16/Jul/2026:07:02:49 +0000] "GET /v3/domains/default HTTP/1.1" 200 224 10.0.0.35 - - [16/Jul/2026:07:02:49 +0000] "PUT /v3/domains/default/users/ad4f7bf01bdc45ec8c783a73cea56df7/roles/db5847053a414475bb3ebb67da5239b6 HTTP/1.1" 204 - 10.0.0.254 - - [16/Jul/2026:07:03:00 +0000] "GET / HTTP/1.1" 300 281 10.0.0.254 - - [16/Jul/2026:07:03:01 +0000] "GET /v3 HTTP/1.1" 200 266
[Thu Jul 16 07:03:01.502905 2026] [wsgi:error] [pid 9:tid 140192242693824] [remote 10.0.0.254:49312] 2026-07-16 07:03:01.502 9 WARNING keystone.common.password_hashing [None req-7b62a433-9f4c-40d2-894e-9387841f5599 - - - - - -] Truncating password to algorithm specific maximum length 72 characters.
[Thu Jul 16 07:03:01.790233 2026] [wsgi:error] [pid 9:tid 140192242693824] [remote 10.0.0.254:49312] 2026-07-16 07:03:01.790 9 WARNING keystone.common.fernet_utils [None req-7b62a433-9f4c-40d2-894e-9387841f5599 - - - - - -] key_repository is world readable: /etc/keystone/fernet-keys/ 10.0.0.254 - - [16/Jul/2026:07:03:01 +0000] "POST /v3/auth/tokens HTTP/1.1" 201 1360 10.0.0.254 - - [16/Jul/2026:07:03:01 +0000] "GET / HTTP/1.1" 300 281 10.0.0.254 - - [16/Jul/2026:07:03:01 +0000] "GET /v3/domains/atmosphere HTTP/1.1" 404 90 10.0.0.254 - - [16/Jul/2026:07:03:02 +0000] "GET /v3/domains?name=atmosphere HTTP/1.1" 200 370 10.0.0.254 - - [16/Jul/2026:07:03:02 +0000] "GET /v3/domains/159d1bcbe014495baeedc5daeb12e748 HTTP/1.1" 200 247 10.0.0.254 - - [16/Jul/2026:07:03:03 +0000] "GET /v3 HTTP/1.1" 200 266
[Thu Jul 16 07:03:03.207372 2026] [wsgi:error] [pid 11:tid 140192242693824] [remote 10.0.0.254:41422] 2026-07-16 07:03:03.206 11 WARNING keystone.common.password_hashing [None req-caea69f5-a58e-46bb-ad09-90c087b888e6 - - - - - -] Truncating password to algorithm specific maximum length 72 characters.
[Thu Jul 16 07:03:03.492990 2026] [wsgi:error] [pid 11:tid 140192242693824] [remote 10.0.0.254:41422] 2026-07-16 07:03:03.492 11 WARNING keystone.common.fernet_utils [None req-caea69f5-a58e-46bb-ad09-90c087b888e6 - - - - - -] key_repository is world readable: /etc/keystone/fernet-keys/ 10.0.0.254 - - [16/Jul/2026:07:03:03 +0000] "POST /v3/auth/tokens HTTP/1.1" 201 1360 10.0.0.254 - - [16/Jul/2026:07:03:03 +0000] "GET / HTTP/1.1" 300 281 10.0.0.254 - - [16/Jul/2026:07:03:03 +0000] "GET /v3/OS-FEDERATION/identity_providers/atmosphere HTTP/1.1" 404 101 10.0.0.254 - - [16/Jul/2026:07:03:03 +0000] "GET /v3/OS-FEDERATION/identity_providers HTTP/1.1" 200 156 10.0.0.254 - - [16/Jul/2026:07:03:03 +0000] "PUT /v3/OS-FEDERATION/identity_providers/atmosphere HTTP/1.1" 201 342 10.0.0.254 - - [16/Jul/2026:07:03:04 +0000] "GET /v3 HTTP/1.1" 200 266
[Thu Jul 16 07:03:04.292501 2026] [wsgi:error] [pid 9:tid 140192242693824] [remote 10.0.0.254:49312] 2026-07-16 07:03:04.292 9 WARNING keystone.common.password_hashing [None req-6d207217-a40b-41d3-b47d-4ff0647da089 - - - - - -] Truncating password to algorithm specific maximum length 72 characters.
[Thu Jul 16 07:03:04.583942 2026] [wsgi:error] [pid 9:tid 140192242693824] [remote 10.0.0.254:49312] 2026-07-16 07:03:04.583 9 WARNING keystone.common.fernet_utils [None req-6d207217-a40b-41d3-b47d-4ff0647da089 - - - - - -] key_repository is world readable: /etc/keystone/fernet-keys/ 10.0.0.254 - - [16/Jul/2026:07:03:04 +0000] "POST /v3/auth/tokens HTTP/1.1" 201 1360 10.0.0.254 - - [16/Jul/2026:07:03:04 +0000] "GET / HTTP/1.1" 300 281 10.0.0.254 - - [16/Jul/2026:07:03:04 +0000] "GET /v3/OS-FEDERATION/mappings/atmosphere-openid HTTP/1.1" 404 98 10.0.0.254 - - [16/Jul/2026:07:03:04 +0000] "GET /v3/OS-FEDERATION/mappings HTTP/1.1" 200 136 10.0.0.254 - - [16/Jul/2026:07:03:04 +0000] "PUT /v3/OS-FEDERATION/mappings/atmosphere-openid HTTP/1.1" 201 357 10.0.0.254 - - [16/Jul/2026:07:03:05 +0000] "GET /v3 HTTP/1.1" 200 266
[Thu Jul 16 07:03:05.441371 2026] [wsgi:error] [pid 11:tid 140192242693824] [remote 10.0.0.254:49312] 2026-07-16 07:03:05.441 11 WARNING keystone.common.password_hashing [None req-a73a8d2a-026d-43f8-af63-a79e2de4c686 - - - - - -] Truncating password to algorithm specific maximum length 72 characters.
[Thu Jul 16 07:03:05.721796 2026] [wsgi:error] [pid 11:tid 140192242693824] [remote 10.0.0.254:49312] 2026-07-16 07:03:05.721 11 WARNING keystone.common.fernet_utils [None req-a73a8d2a-026d-43f8-af63-a79e2de4c686 - - - - - -] key_repository is world readable: /etc/keystone/fernet-keys/ 10.0.0.254 - - [16/Jul/2026:07:03:05 +0000] "POST /v3/auth/tokens HTTP/1.1" 201 1360 10.0.0.254 - - [16/Jul/2026:07:03:05 +0000] "GET / HTTP/1.1" 300 281 10.0.0.254 - - [16/Jul/2026:07:03:05 +0000] "GET /v3/OS-FEDERATION/identity_providers/atmosphere/protocols/openid?idp_id=atmosphere HTTP/1.1" 404 131 10.0.0.254 - - [16/Jul/2026:07:03:05 +0000] "GET /v3/OS-FEDERATION/identity_providers/atmosphere/protocols HTTP/1.1" 200 168 10.0.0.254 - - [16/Jul/2026:07:03:05 +0000] "PUT /v3/OS-FEDERATION/identity_providers/atmosphere/protocols/openid HTTP/1.1" 201 224 10.0.0.254 - - [16/Jul/2026:07:03:12 +0000] "GET /v3/ HTTP/1.1" 200 250 10.0.0.254 - - [16/Jul/2026:07:03:12 +0000] "GET /v3/ HTTP/1.1" 200 250 10.0.0.254 - - [16/Jul/2026:07:04:12 +0000] "GET /v3/ HTTP/1.1" 200 250 10.0.0.254 - - [16/Jul/2026:07:04:12 +0000] "GET /v3/ HTTP/1.1" 200 250 10.0.0.103 - - [16/Jul/2026:07:04:33 +0000] "GET / HTTP/1.1" 300 295
[Thu Jul 16 07:04:33.242433 2026] [wsgi:error] [pid 9:tid 140192242693824] [remote 10.0.0.103:56700] 2026-07-16 07:04:33.242 9 WARNING keystone.common.password_hashing [None req-23e38340-0aac-4664-976b-5715de30c15a - - - - - -] Truncating password to algorithm specific maximum length 72 characters.
[Thu Jul 16 07:04:33.542969 2026] [wsgi:error] [pid 9:tid 140192242693824] [remote 10.0.0.103:56700] 2026-07-16 07:04:33.542 9 WARNING keystone.common.fernet_utils [None req-23e38340-0aac-4664-976b-5715de30c15a - - - - - -] key_repository is world readable: /etc/keystone/fernet-keys/ 10.0.0.103 - - [16/Jul/2026:07:04:33 +0000] "POST /v3/auth/tokens HTTP/1.1" 201 1360 10.0.0.103 - - [16/Jul/2026:07:04:33 +0000] "GET /v3/services HTTP/1.1" 200 355 10.0.0.103 - - [16/Jul/2026:07:04:37 +0000] "GET / HTTP/1.1" 300 295
[Thu Jul 16 07:04:37.775242 2026] [wsgi:error] [pid 12:tid 140192242693824] [remote 10.0.0.103:56704] 2026-07-16 07:04:37.774 12 WARNING keystone.common.password_hashing [None req-5d92d94c-7b72-4bc4-8535-6e3bee02ef19 - - - - - -] Truncating password to algorithm specific maximum length 72 characters.
[Thu Jul 16 07:04:38.054243 2026] [wsgi:error] [pid 12:tid 140192242693824] [remote 10.0.0.103:56704] 2026-07-16 07:04:38.054 12 WARNING keystone.common.fernet_utils [None req-5d92d94c-7b72-4bc4-8535-6e3bee02ef19 - - - - - -] key_repository is world readable: /etc/keystone/fernet-keys/ 10.0.0.103 - - [16/Jul/2026:07:04:37 +0000] "POST /v3/auth/tokens HTTP/1.1" 201 1360 10.0.0.103 - - [16/Jul/2026:07:04:38 +0000] "GET /v3/services HTTP/1.1" 200 355 10.0.0.103 - - [16/Jul/2026:07:04:42 +0000] "GET / HTTP/1.1" 300 295
[Thu Jul 16 07:04:42.222536 2026] [wsgi:error] [pid 11:tid 140192242693824] [remote 10.0.0.103:50864] 2026-07-16 07:04:42.222 11 WARNING keystone.common.password_hashing [None req-9b0be9b1-6324-459c-979e-b438830cea96 - - - - - -] Truncating password to algorithm specific maximum length 72 characters.
[Thu Jul 16 07:04:42.497432 2026] [wsgi:error] [pid 11:tid 140192242693824] [remote 10.0.0.103:50864] 2026-07-16 07:04:42.497 11 WARNING keystone.common.fernet_utils [None req-9b0be9b1-6324-459c-979e-b438830cea96 - - - - - -] key_repository is world readable: /etc/keystone/fernet-keys/ 10.0.0.103 - - [16/Jul/2026:07:04:42 +0000] "POST /v3/auth/tokens HTTP/1.1" 201 1360 10.0.0.103 - - [16/Jul/2026:07:04:42 +0000] "GET /v3/services HTTP/1.1" 200 355 10.0.0.103 - - [16/Jul/2026:07:04:46 +0000] "GET / HTTP/1.1" 300 295
[Thu Jul 16 07:04:46.661451 2026] [wsgi:error] [pid 10:tid 140192242693824] [remote 10.0.0.103:50878] 2026-07-16 07:04:46.660 10 WARNING keystone.common.password_hashing [None req-cb7d585d-da5e-446f-a5f5-c2abe97b35ed - - - - - -] Truncating password to algorithm specific maximum length 72 characters.
[Thu Jul 16 07:04:46.943099 2026] [wsgi:error] [pid 10:tid 140192242693824] [remote 10.0.0.103:50878] 2026-07-16 07:04:46.942 10 WARNING keystone.common.fernet_utils [None req-cb7d585d-da5e-446f-a5f5-c2abe97b35ed - - - - - -] key_repository is world readable: /etc/keystone/fernet-keys/ 10.0.0.103 - - [16/Jul/2026:07:04:46 +0000] "POST /v3/auth/tokens HTTP/1.1" 201 1360 10.0.0.103 - - [16/Jul/2026:07:04:47 +0000] "POST /v3/services HTTP/1.1" 201 296 10.0.0.34 - - [16/Jul/2026:07:05:00 +0000] "GET / HTTP/1.1" 300 295
[Thu Jul 16 07:05:00.823669 2026] [wsgi:error] [pid 9:tid 140192242693824] [remote 10.0.0.34:56928] 2026-07-16 07:05:00.823 9 WARNING keystone.common.password_hashing [None req-39a4036b-6c5e-4fe4-9088-3bf9395e956e - - - - - -] Truncating password to algorithm specific maximum length 72 characters. 10.0.0.34 - - [16/Jul/2026:07:05:00 +0000] "GET / HTTP/1.1" 300 295
[Thu Jul 16 07:05:00.914138 2026] [wsgi:error] [pid 11:tid 140192242693824] [remote 10.0.0.34:56942] 2026-07-16 07:05:00.913 11 WARNING keystone.common.password_hashing [None req-ddab9098-9a23-4aa5-ae4b-1c18d3271c5e - - - - - -] Truncating password to algorithm specific maximum length 72 characters. 10.0.0.34 - - [16/Jul/2026:07:05:01 +0000] "GET / HTTP/1.1" 300 295
[Thu Jul 16 07:05:01.089605 2026] [wsgi:error] [pid 10:tid 140192242693824] [remote 10.0.0.34:56958] 2026-07-16 07:05:01.089 10 WARNING keystone.common.password_hashing [None req-81470deb-27b5-4aa9-b510-f543dc33137b - - - - - -] Truncating password to algorithm specific maximum length 72 characters.
[Thu Jul 16 07:05:01.104700 2026] [wsgi:error] [pid 9:tid 140192242693824] [remote 10.0.0.34:56928] 2026-07-16 07:05:01.104 9 WARNING keystone.common.fernet_utils [None req-39a4036b-6c5e-4fe4-9088-3bf9395e956e - - - - - -] key_repository is world readable: /etc/keystone/fernet-keys/ 10.0.0.34 - - [16/Jul/2026:07:05:00 +0000] "POST /v3/auth/tokens HTTP/1.1" 201 1464
[Thu Jul 16 07:05:01.205346 2026] [wsgi:error] [pid 11:tid 140192242693824] [remote 10.0.0.34:56942] 2026-07-16 07:05:01.205 11 WARNING keystone.common.fernet_utils [None req-ddab9098-9a23-4aa5-ae4b-1c18d3271c5e - - - - - -] key_repository is world readable: /etc/keystone/fernet-keys/ 10.0.0.34 - - [16/Jul/2026:07:05:00 +0000] "POST /v3/auth/tokens HTTP/1.1" 201 1464 10.0.0.34 - - [16/Jul/2026:07:05:01 +0000] "GET /v3/services HTTP/1.1" 200 639 10.0.0.34 - - [16/Jul/2026:07:05:01 +0000] "GET /v3/services HTTP/1.1" 200 639
[Thu Jul 16 07:05:01.370119 2026] [wsgi:error] [pid 10:tid 140192242693824] [remote 10.0.0.34:56958] 2026-07-16 07:05:01.369 10 WARNING keystone.common.fernet_utils [None req-81470deb-27b5-4aa9-b510-f543dc33137b - - - - - -] key_repository is world readable: /etc/keystone/fernet-keys/ 10.0.0.34 - - [16/Jul/2026:07:05:01 +0000] "POST /v3/auth/tokens HTTP/1.1" 201 1464 10.0.0.34 - - [16/Jul/2026:07:05:01 +0000] "GET /v3/services HTTP/1.1" 200 639 10.0.0.34 - - [16/Jul/2026:07:05:03 +0000] "GET / HTTP/1.1" 300 295
[Thu Jul 16 07:05:03.333832 2026] [wsgi:error] [pid 9:tid 140192242693824] [remote 10.0.0.34:56972] 2026-07-16 07:05:03.333 9 WARNING keystone.common.password_hashing [None req-2059af5a-c9ee-4355-9049-31d7bb20c62d - - - - - -] Truncating password to algorithm specific maximum length 72 characters. 10.0.0.34 - - [16/Jul/2026:07:05:03 +0000] "GET / HTTP/1.1" 300 295
[Thu Jul 16 07:05:03.556912 2026] [wsgi:error] [pid 11:tid 140192242693824] [remote 10.0.0.34:56978] 2026-07-16 07:05:03.556 11 WARNING keystone.common.password_hashing [None req-a26a55d1-0943-4591-ab2e-daf047f0731a - - - - - -] Truncating password to algorithm specific maximum length 72 characters. 10.0.0.34 - - [16/Jul/2026:07:05:03 +0000] "GET / HTTP/1.1" 300 295
[Thu Jul 16 07:05:03.607710 2026] [wsgi:error] [pid 10:tid 140192242693824] [remote 10.0.0.34:56994] 2026-07-16 07:05:03.607 10 WARNING keystone.common.password_hashing [None req-20a0ea98-3466-4a86-aafc-13210e8c2386 - - - - - -] Truncating password to algorithm specific maximum length 72 characters.
[Thu Jul 16 07:05:03.609803 2026] [wsgi:error] [pid 9:tid 140192242693824] [remote 10.0.0.34:56972] 2026-07-16 07:05:03.609 9 WARNING keystone.common.fernet_utils [None req-2059af5a-c9ee-4355-9049-31d7bb20c62d - - - - - -] key_repository is world readable: /etc/keystone/fernet-keys/ 10.0.0.34 - - [16/Jul/2026:07:05:03 +0000] "POST /v3/auth/tokens HTTP/1.1" 201 1464 10.0.0.34 - - [16/Jul/2026:07:05:03 +0000] "GET /v3/endpoints HTTP/1.1" 200 1227 10.0.0.34 - - [16/Jul/2026:07:05:03 +0000] "GET /v3/services/c8a7a0c5a5a24b3b82441a7f3a007242 HTTP/1.1" 200 233 10.0.0.34 - - [16/Jul/2026:07:05:03 +0000] "GET /v3/services/c8a7a0c5a5a24b3b82441a7f3a007242 HTTP/1.1" 200 233 10.0.0.34 - - [16/Jul/2026:07:05:03 +0000] "GET /v3/services/c8a7a0c5a5a24b3b82441a7f3a007242 HTTP/1.1" 200 233
[Thu Jul 16 07:05:03.852681 2026] [wsgi:error] [pid 11:tid 140192242693824] [remote 10.0.0.34:56978] 2026-07-16 07:05:03.852 11 WARNING keystone.common.fernet_utils [None req-a26a55d1-0943-4591-ab2e-daf047f0731a - - - - - -] key_repository is world readable: /etc/keystone/fernet-keys/ 10.0.0.34 - - [16/Jul/2026:07:05:03 +0000] "POST /v3/auth/tokens HTTP/1.1" 201 1464
[Thu Jul 16 07:05:03.905222 2026] [wsgi:error] [pid 10:tid 140192242693824] [remote 10.0.0.34:56994] 2026-07-16 07:05:03.905 10 WARNING keystone.common.fernet_utils [None req-20a0ea98-3466-4a86-aafc-13210e8c2386 - - - - - -] key_repository is world readable: /etc/keystone/fernet-keys/ 10.0.0.34 - - [16/Jul/2026:07:05:03 +0000] "POST /v3/auth/tokens HTTP/1.1" 201 1464 10.0.0.34 - - [16/Jul/2026:07:05:03 +0000] "GET /v3/endpoints HTTP/1.1" 200 1227 10.0.0.34 - - [16/Jul/2026:07:05:03 +0000] "GET /v3/services/c8a7a0c5a5a24b3b82441a7f3a007242 HTTP/1.1" 200 233 10.0.0.34 - - [16/Jul/2026:07:05:04 +0000] "GET /v3/endpoints HTTP/1.1" 200 1227 10.0.0.34 - - [16/Jul/2026:07:05:04 +0000] "GET /v3/services/c8a7a0c5a5a24b3b82441a7f3a007242 HTTP/1.1" 200 233 10.0.0.34 - - [16/Jul/2026:07:05:04 +0000] "GET /v3/services/c8a7a0c5a5a24b3b82441a7f3a007242 HTTP/1.1" 200 233 10.0.0.34 - - [16/Jul/2026:07:05:04 +0000] "GET /v3/services/c8a7a0c5a5a24b3b82441a7f3a007242 HTTP/1.1" 200 233 10.0.0.34 - - [16/Jul/2026:07:05:04 +0000] "GET /v3/services/c8a7a0c5a5a24b3b82441a7f3a007242 HTTP/1.1" 200 233 10.0.0.34 - - [16/Jul/2026:07:05:04 +0000] "GET /v3/services/c8a7a0c5a5a24b3b82441a7f3a007242 HTTP/1.1" 200 233 10.0.0.34 - - [16/Jul/2026:07:05:05 +0000] "GET / HTTP/1.1" 300 295
[Thu Jul 16 07:05:05.735244 2026] [wsgi:error] [pid 9:tid 140192242693824] [remote 10.0.0.34:57002] 2026-07-16 07:05:05.734 9 WARNING keystone.common.password_hashing [None req-15c0fd2f-44e8-4c54-b3a1-fc6c2a230d7e - - - - - -] Truncating password to algorithm specific maximum length 72 characters. 10.0.0.34 - - [16/Jul/2026:07:05:05 +0000] "GET / HTTP/1.1" 300 295
[Thu Jul 16 07:05:05.977310 2026] [wsgi:error] [pid 10:tid 140192242693824] [remote 10.0.0.34:57012] 2026-07-16 07:05:05.976 10 WARNING keystone.common.password_hashing [None req-65fdb6fb-9944-4d7d-9904-aa0014ce142d - - - - - -] Truncating password to algorithm specific maximum length 72 characters.
[Thu Jul 16 07:05:06.016446 2026] [wsgi:error] [pid 9:tid 140192242693824] [remote 10.0.0.34:57002] 2026-07-16 07:05:06.016 9 WARNING keystone.common.fernet_utils [None req-15c0fd2f-44e8-4c54-b3a1-fc6c2a230d7e - - - - - -] key_repository is world readable: /etc/keystone/fernet-keys/ 10.0.0.34 - - [16/Jul/2026:07:05:05 +0000] "POST /v3/auth/tokens HTTP/1.1" 201 1464 10.0.0.34 - - [16/Jul/2026:07:05:06 +0000] "GET / HTTP/1.1" 300 295
[Thu Jul 16 07:05:06.110058 2026] [wsgi:error] [pid 11:tid 140192242693824] [remote 10.0.0.34:57024] 2026-07-16 07:05:06.109 11 WARNING keystone.common.password_hashing [None req-c72fc3e7-5ceb-46e6-8704-0eee5adb472a - - - - - -] Truncating password to algorithm specific maximum length 72 characters. 10.0.0.34 - - [16/Jul/2026:07:05:06 +0000] "GET /v3/services/c32aa869eec04f48bcd291a0b3819fb9 HTTP/1.1" 200 296 10.0.0.34 - - [16/Jul/2026:07:05:06 +0000] "GET /v3/regions/RegionOne HTTP/1.1" 200 173
[Thu Jul 16 07:05:06.266886 2026] [wsgi:error] [pid 10:tid 140192242693824] [remote 10.0.0.34:57012] 2026-07-16 07:05:06.266 10 WARNING keystone.common.fernet_utils [None req-65fdb6fb-9944-4d7d-9904-aa0014ce142d - - - - - -] key_repository is world readable: /etc/keystone/fernet-keys/ 10.0.0.34 - - [16/Jul/2026:07:05:05 +0000] "POST /v3/auth/tokens HTTP/1.1" 201 1464 10.0.0.34 - - [16/Jul/2026:07:05:06 +0000] "POST /v3/endpoints HTTP/1.1" 201 380
[Thu Jul 16 07:05:06.393662 2026] [wsgi:error] [pid 11:tid 140192242693824] [remote 10.0.0.34:57024] 2026-07-16 07:05:06.393 11 WARNING keystone.common.fernet_utils [None req-c72fc3e7-5ceb-46e6-8704-0eee5adb472a - - - - - -] key_repository is world readable: /etc/keystone/fernet-keys/ 10.0.0.34 - - [16/Jul/2026:07:05:06 +0000] "GET /v3/services/c32aa869eec04f48bcd291a0b3819fb9 HTTP/1.1" 200 296 10.0.0.34 - - [16/Jul/2026:07:05:06 +0000] "POST /v3/auth/tokens HTTP/1.1" 201 1641 10.0.0.34 - - [16/Jul/2026:07:05:06 +0000] "GET /v3/regions/RegionOne HTTP/1.1" 200 173 10.0.0.34 - - [16/Jul/2026:07:05:06 +0000] "POST /v3/endpoints HTTP/1.1" 201 383 10.0.0.34 - - [16/Jul/2026:07:05:06 +0000] "GET /v3/services/c32aa869eec04f48bcd291a0b3819fb9 HTTP/1.1" 200 296 10.0.0.34 - - [16/Jul/2026:07:05:06 +0000] "GET /v3/regions/RegionOne HTTP/1.1" 200 173 10.0.0.34 - - [16/Jul/2026:07:05:06 +0000] "POST /v3/endpoints HTTP/1.1" 201 370 10.0.0.34 - - [16/Jul/2026:07:05:08 +0000] "GET / HTTP/1.1" 300 295
[Thu Jul 16 07:05:08.345994 2026] [wsgi:error] [pid 12:tid 140192242693824] [remote 10.0.0.34:57038] 2026-07-16 07:05:08.345 12 WARNING keystone.common.password_hashing [None req-d5e285ee-b7d3-4d3c-80ca-ab9fd959c506 - - - - - -] Truncating password to algorithm specific maximum length 72 characters. 10.0.0.34 - - [16/Jul/2026:07:05:08 +0000] "GET / HTTP/1.1" 300 295
[Thu Jul 16 07:05:08.428323 2026] [wsgi:error] [pid 10:tid 140192242693824] [remote 10.0.0.34:57052] 2026-07-16 07:05:08.428 10 WARNING keystone.common.password_hashing [None req-e4c7fb36-693d-45f7-8617-cd0a98b46c08 - - - - - -] Truncating password to algorithm specific maximum length 72 characters. 10.0.0.34 - - [16/Jul/2026:07:05:08 +0000] "GET / HTTP/1.1" 300 295
[Thu Jul 16 07:05:08.619592 2026] [wsgi:error] [pid 11:tid 140192242693824] [remote 10.0.0.34:57054] 2026-07-16 07:05:08.619 11 WARNING keystone.common.password_hashing [None req-fdcc2b6e-27d6-40d5-a081-074b9282cf17 - - - - - -] Truncating password to algorithm specific maximum length 72 characters.
[Thu Jul 16 07:05:08.647214 2026] [wsgi:error] [pid 12:tid 140192242693824] [remote 10.0.0.34:57038] 2026-07-16 07:05:08.646 12 WARNING keystone.common.fernet_utils [None req-d5e285ee-b7d3-4d3c-80ca-ab9fd959c506 - - - - - -] key_repository is world readable: /etc/keystone/fernet-keys/ 10.0.0.34 - - [16/Jul/2026:07:05:08 +0000] "POST /v3/auth/tokens HTTP/1.1" 201 1992
[Thu Jul 16 07:05:08.726444 2026] [wsgi:error] [pid 10:tid 140192242693824] [remote 10.0.0.34:57052] 2026-07-16 07:05:08.726 10 WARNING keystone.common.fernet_utils [None req-e4c7fb36-693d-45f7-8617-cd0a98b46c08 - - - - - -] key_repository is world readable: /etc/keystone/fernet-keys/ 10.0.0.34 - - [16/Jul/2026:07:05:08 +0000] "POST /v3/auth/tokens HTTP/1.1" 201 1992 10.0.0.34 - - [16/Jul/2026:07:05:08 +0000] "GET /v3/endpoints/6da5dd91367c497d84004bf913ecb723 HTTP/1.1" 200 383 10.0.0.34 - - [16/Jul/2026:07:05:08 +0000] "GET /v3/services/c32aa869eec04f48bcd291a0b3819fb9 HTTP/1.1" 200 296 10.0.0.34 - - [16/Jul/2026:07:05:08 +0000] "GET /v3/endpoints/a15c0a9b06a5431aabefea735bf47579 HTTP/1.1" 200 380 10.0.0.34 - - [16/Jul/2026:07:05:08 +0000] "GET /v3/services/c32aa869eec04f48bcd291a0b3819fb9 HTTP/1.1" 200 296
[Thu Jul 16 07:05:08.923082 2026] [wsgi:error] [pid 11:tid 140192242693824] [remote 10.0.0.34:57054] 2026-07-16 07:05:08.922 11 WARNING keystone.common.fernet_utils [None req-fdcc2b6e-27d6-40d5-a081-074b9282cf17 - - - - - -] key_repository is world readable: /etc/keystone/fernet-keys/ 10.0.0.34 - - [16/Jul/2026:07:05:08 +0000] "POST /v3/auth/tokens HTTP/1.1" 201 1992 10.0.0.34 - - [16/Jul/2026:07:05:09 +0000] "GET /v3/endpoints/4fc1486578de4156a7702cc1df374f74 HTTP/1.1" 200 370 10.0.0.34 - - [16/Jul/2026:07:05:09 +0000] "GET /v3/services/c32aa869eec04f48bcd291a0b3819fb9 HTTP/1.1" 200 296 10.0.0.254 - - [16/Jul/2026:07:05:12 +0000] "GET /v3/ HTTP/1.1" 200 250 10.0.0.254 - - [16/Jul/2026:07:05:12 +0000] "GET /v3/ HTTP/1.1" 200 250 10.0.0.207 - - [16/Jul/2026:07:05:20 +0000] "GET / HTTP/1.1" 300 295
[Thu Jul 16 07:05:20.601091 2026] [wsgi:error] [pid 10:tid 140192242693824] [remote 10.0.0.207:55114] 2026-07-16 07:05:20.600 10 WARNING keystone.common.password_hashing [None req-2eb3794f-92d6-4934-a060-85bfad3d8611 - - - - - -] Truncating password to algorithm specific maximum length 72 characters.
[Thu Jul 16 07:05:20.893320 2026] [wsgi:error] [pid 10:tid 140192242693824] [remote 10.0.0.207:55114] 2026-07-16 07:05:20.892 10 WARNING keystone.common.fernet_utils [None req-2eb3794f-92d6-4934-a060-85bfad3d8611 - - - - - -] key_repository is world readable: /etc/keystone/fernet-keys/ 10.0.0.207 - - [16/Jul/2026:07:05:20 +0000] "POST /v3/auth/tokens HTTP/1.1" 201 1992 10.0.0.207 - - [16/Jul/2026:07:05:21 +0000] "POST /v3/domains HTTP/1.1" 201 284 10.0.0.207 - - [16/Jul/2026:07:05:23 +0000] "GET / HTTP/1.1" 300 295
[Thu Jul 16 07:05:23.266169 2026] [wsgi:error] [pid 9:tid 140192242693824] [remote 10.0.0.207:55120] 2026-07-16 07:05:23.265 9 WARNING keystone.common.password_hashing [None req-d53f3632-89db-4c13-ac13-272253917ae4 - - - - - -] Truncating password to algorithm specific maximum length 72 characters.
[Thu Jul 16 07:05:23.560294 2026] [wsgi:error] [pid 9:tid 140192242693824] [remote 10.0.0.207:55120] 2026-07-16 07:05:23.560 9 WARNING keystone.common.fernet_utils [None req-d53f3632-89db-4c13-ac13-272253917ae4 - - - - - -] key_repository is world readable: /etc/keystone/fernet-keys/ 10.0.0.207 - - [16/Jul/2026:07:05:23 +0000] "POST /v3/auth/tokens HTTP/1.1" 201 1992
[Thu Jul 16 07:05:23.779247 2026] [wsgi:error] [pid 10:tid 140192242693824] [remote 10.0.0.207:55120] 2026-07-16 07:05:23.749 10 ERROR keystone.server.flask.application [None req-01a9af6c-18bb-495e-99db-5f5f6879e1fa ad4f7bf01bdc45ec8c783a73cea56df7 e70c67b5cffb4d07bc42e1c212506e09 - - default default] Conflict occurred attempting to store project - it is not permitted to have two projects acting as domains with the same name: service.: keystone.exception.Conflict: Conflict occurred attempting to store project - it is not permitted to have two projects acting as domains with the same name: service.
[Thu Jul 16 07:05:23.779280 2026] [wsgi:error] [pid 10:tid 140192242693824] [remote 10.0.0.207:55120] 2026-07-16 07:05:23.749 10 ERROR keystone.server.flask.application
Traceback (most recent call last):
[Thu Jul 16 07:05:23.779283 2026] [wsgi:error] [pid 10:tid 140192242693824] [remote 10.0.0.207:55120] 2026-07-16 07:05:23.749 10 ERROR keystone.server.flask.application
File "/var/lib/openstack/lib/python3.12/site-packages/sqlalchemy/engine/base.py", line 1969, in _exec_single_context
[Thu Jul 16 07:05:23.779286 2026] [wsgi:error] [pid 10:tid 140192242693824] [remote 10.0.0.207:55120] 2026-07-16 07:05:23.749 10 ERROR keystone.server.flask.application self.dialect.do_execute(
[Thu Jul 16 07:05:23.779289 2026] [wsgi:error] [pid 10:tid 140192242693824] [remote 10.0.0.207:55120] 2026-07-16 07:05:23.749 10 ERROR keystone.server.flask.application
File "/var/lib/openstack/lib/python3.12/site-packages/sqlalchemy/engine/default.py", line 952, in do_execute
[Thu Jul 16 07:05:23.779292 2026] [wsgi:error] [pid 10:tid 140192242693824] [remote 10.0.0.207:55120] 2026-07-16 07:05:23.749 10 ERROR keystone.server.flask.application cursor.execute(statement, parameters)
[Thu Jul 16 07:05:23.779294 2026] [wsgi:error] [pid 10:tid 140192242693824] [remote 10.0.0.207:55120] 2026-07-16 07:05:23.749 10 ERROR keystone.server.flask.application
File "/var/lib/openstack/lib/python3.12/site-packages/pymysql/cursors.py", line 159, in execute
[Thu Jul 16 07:05:23.779296 2026] [wsgi:error] [pid 10:tid 140192242693824] [remote 10.0.0.207:55120] 2026-07-16 07:05:23.749 10 ERROR keystone.server.flask.application result = self._query(query)
[Thu Jul 16 07:05:23.779303 2026] [wsgi:error] [pid 10:tid 140192242693824] [remote 10.0.0.207:55120] 2026-07-16 07:05:23.749 10 ERROR keystone.server.flask.application ^^^^^^^^^^^^^^^^^^
[Thu Jul 16 07:05:23.779305 2026] [wsgi:error] [pid 10:tid 140192242693824] [remote 10.0.0.207:55120] 2026-07-16 07:05:23.749 10 ERROR keystone.server.flask.application
File "/var/lib/openstack/lib/python3.12/site-packages/pymysql/cursors.py", line 330, in _query
[Thu Jul 16 07:05:23.779308 2026] [wsgi:error] [pid 10:tid 140192242693824] [remote 10.0.0.207:55120] 2026-07-16 07:05:23.749 10 ERROR keystone.server.flask.application conn.query(q)
[Thu Jul 16 07:05:23.779310 2026] [wsgi:error] [pid 10:tid 140192242693824] [remote 10.0.0.207:55120] 2026-07-16 07:05:23.749 10 ERROR keystone.server.flask.application
File "/var/lib/openstack/lib/python3.12/site-packages/pymysql/connections.py", line 582, in query
[Thu Jul 16 07:05:23.779313 2026] [wsgi:error] [pid 10:tid 140192242693824] [remote 10.0.0.207:55120] 2026-07-16 07:05:23.749 10 ERROR keystone.server.flask.application self._affected_rows = self._read_query_result(unbuffered=unbuffered)
[Thu Jul 16 07:05:23.779315 2026] [wsgi:error] [pid 10:tid 140192242693824] [remote 10.0.0.207:55120] 2026-07-16 07:05:23.749 10 ERROR keystone.server.flask.application ^^^^^^^^^^^^^^^^^^^^^^^^^^^^^^^^^^^^^^^^^^^^^^
[Thu Jul 16 07:05:23.779317 2026] [wsgi:error] [pid 10:tid 140192242693824] [remote 10.0.0.207:55120] 2026-07-16 07:05:23.749 10 ERROR keystone.server.flask.application
File "/var/lib/openstack/lib/python3.12/site-packages/pymysql/connections.py", line 847, in _read_query_result
[Thu Jul 16 07:05:23.779319 2026] [wsgi:error] [pid 10:tid 140192242693824] [remote 10.0.0.207:55120] 2026-07-16 07:05:23.749 10 ERROR keystone.server.flask.application result.read()
[Thu Jul 16 07:05:23.779325 2026] [wsgi:error] [pid 10:tid 140192242693824] [remote 10.0.0.207:55120] 2026-07-16 07:05:23.749 10 ERROR keystone.server.flask.application
File "/var/lib/openstack/lib/python3.12/site-packages/pymysql/connections.py", line 1245, in read
[Thu Jul 16 07:05:23.779327 2026] [wsgi:error] [pid 10:tid 140192242693824] [remote 10.0.0.207:55120] 2026-07-16 07:05:23.749 10 ERROR keystone.server.flask.application first_packet = self.connection._read_packet()
[Thu Jul 16 07:05:23.779329 2026] [wsgi:error] [pid 10:tid 140192242693824] [remote 10.0.0.207:55120] 2026-07-16 07:05:23.749 10 ERROR keystone.server.flask.application ^^^^^^^^^^^^^^^^^^^^^^^^^^^^^^
[Thu Jul 16 07:05:23.779331 2026] [wsgi:error] [pid 10:tid 140192242693824] [remote 10.0.0.207:55120] 2026-07-16 07:05:23.749 10 ERROR keystone.server.flask.application
File "/var/lib/openstack/lib/python3.12/site-packages/pymysql/connections.py", line 803, in _read_packet
[Thu Jul 16 07:05:23.779333 2026] [wsgi:error] [pid 10:tid 140192242693824] [remote 10.0.0.207:55120] 2026-07-16 07:05:23.749 10 ERROR keystone.server.flask.application packet.raise_for_error()
[Thu Jul 16 07:05:23.779335 2026] [wsgi:error] [pid 10:tid 140192242693824] [remote 10.0.0.207:55120] 2026-07-16 07:05:23.749 10 ERROR keystone.server.flask.application
File "/var/lib/openstack/lib/python3.12/site-packages/pymysql/protocol.py", line 219, in raise_for_error
[Thu Jul 16 07:05:23.779337 2026] [wsgi:error] [pid 10:tid 140192242693824] [remote 10.0.0.207:55120] 2026-07-16 07:05:23.749 10 ERROR keystone.server.flask.application err.raise_mysql_exception(self._data)
[Thu Jul 16 07:05:23.779339 2026] [wsgi:error] [pid 10:tid 140192242693824] [remote 10.0.0.207:55120] 2026-07-16 07:05:23.749 10 ERROR keystone.server.flask.application
File "/var/lib/openstack/lib/python3.12/site-packages/pymysql/err.py", line 154, in raise_mysql_exception
[Thu Jul 16 07:05:23.779341 2026] [wsgi:error] [pid 10:tid 140192242693824] [remote 10.0.0.207:55120] 2026-07-16 07:05:23.749 10 ERROR keystone.server.flask.application raise errorclass(errno, errval, sqlstate=sqlstate)
[Thu Jul 16 07:05:23.779344 2026] [wsgi:error] [pid 10:tid 140192242693824] [remote 10.0.0.207:55120] 2026-07-16 07:05:23.749 10 ERROR keystone.server.flask.application pymysql.err.IntegrityError: (1062, "Duplicate entry '<>-service' for key 'project.ixu_project_name_domain_id'")
[Thu Jul 16 07:05:23.779355 2026] [wsgi:error] [pid 10:tid 140192242693824] [remote 10.0.0.207:55120] 2026-07-16 07:05:23.749 10 ERROR keystone.server.flask.application
[Thu Jul 16 07:05:23.779357 2026] [wsgi:error] [pid 10:tid 140192242693824] [remote 10.0.0.207:55120] 2026-07-16 07:05:23.749 10 ERROR keystone.server.flask.application The above exception was the direct cause of the following exception:
[Thu Jul 16 07:05:23.779359 2026] [wsgi:error] [pid 10:tid 140192242693824] [remote 10.0.0.207:55120] 2026-07-16 07:05:23.749 10 ERROR keystone.server.flask.application
[Thu Jul 16 07:05:23.779362 2026] [wsgi:error] [pid 10:tid 140192242693824] [remote 10.0.0.207:55120] 2026-07-16 07:05:23.749 10 ERROR keystone.server.flask.application
Traceback (most recent call last):
[Thu Jul 16 07:05:23.779364 2026] [wsgi:error] [pid 10:tid 140192242693824] [remote 10.0.0.207:55120] 2026-07-16 07:05:23.749 10 ERROR keystone.server.flask.application
File "/var/lib/openstack/lib/python3.12/site-packages/keystone/common/sql/core.py", line 575, in wrapper
[Thu Jul 16 07:05:23.779366 2026] [wsgi:error] [pid 10:tid 140192242693824] [remote 10.0.0.207:55120] 2026-07-16 07:05:23.749 10 ERROR keystone.server.flask.application return method(*args, **kwargs)
[Thu Jul 16 07:05:23.779368 2026] [wsgi:error] [pid 10:tid 140192242693824] [remote 10.0.0.207:55120] 2026-07-16 07:05:23.749 10 ERROR keystone.server.flask.application ^^^^^^^^^^^^^^^^^^^^^^^
[Thu Jul 16 07:05:23.779371 2026] [wsgi:error] [pid 10:tid 140192242693824] [remote 10.0.0.207:55120] 2026-07-16 07:05:23.749 10 ERROR keystone.server.flask.application
File "/var/lib/openstack/lib/python3.12/site-packages/keystone/resource/backends/sql.py", line 278, in create_project
[Thu Jul 16 07:05:23.779373 2026] [wsgi:error] [pid 10:tid 140192242693824] [remote 10.0.0.207:55120] 2026-07-16 07:05:23.749 10 ERROR keystone.server.flask.application with sql.session_for_write() as session:
[Thu Jul 16 07:05:23.779375 2026] [wsgi:error] [pid 10:tid 140192242693824] [remote 10.0.0.207:55120] 2026-07-16 07:05:23.749 10 ERROR keystone.server.flask.application
File "/usr/lib/python3.12/contextlib.py", line 144, in __exit__
[Thu Jul 16 07:05:23.779378 2026] [wsgi:error] [pid 10:tid 140192242693824] [remote 10.0.0.207:55120] 2026-07-16 07:05:23.749 10 ERROR keystone.server.flask.application next(self.gen)
[Thu Jul 16 07:05:23.779380 2026] [wsgi:error] [pid 10:tid 140192242693824] [remote 10.0.0.207:55120] 2026-07-16 07:05:23.749 10 ERROR keystone.server.flask.application
File "/var/lib/openstack/lib/python3.12/site-packages/oslo_db/sqlalchemy/enginefacade.py", line 1175, in _transaction_scope
[Thu Jul 16 07:05:23.779382 2026] [wsgi:error] [pid 10:tid 140192242693824] [remote 10.0.0.207:55120] 2026-07-16 07:05:23.749 10 ERROR keystone.server.flask.application with current._produce_block(
[Thu Jul 16 07:05:23.779385 2026] [wsgi:error] [pid 10:tid 140192242693824] [remote 10.0.0.207:55120] 2026-07-16 07:05:23.749 10 ERROR keystone.server.flask.application
File "/usr/lib/python3.12/contextlib.py", line 144, in __exit__
[Thu Jul 16 07:05:23.779387 2026] [wsgi:error] [pid 10:tid 140192242693824] [remote 10.0.0.207:55120] 2026-07-16 07:05:23.749 10 ERROR keystone.server.flask.application next(self.gen)
[Thu Jul 16 07:05:23.779389 2026] [wsgi:error] [pid 10:tid 140192242693824] [remote 10.0.0.207:55120] 2026-07-16 07:05:23.749 10 ERROR keystone.server.flask.application
File "/var/lib/openstack/lib/python3.12/site-packages/oslo_db/sqlalchemy/enginefacade.py", line 837, in _session
[Thu Jul 16 07:05:23.779392 2026] [wsgi:error] [pid 10:tid 140192242693824] [remote 10.0.0.207:55120] 2026-07-16 07:05:23.749 10 ERROR keystone.server.flask.application with excutils.save_and_reraise_exception():
[Thu Jul 16 07:05:23.779394 2026] [wsgi:error] [pid 10:tid 140192242693824] [remote 10.0.0.207:55120] 2026-07-16 07:05:23.749 10 ERROR keystone.server.flask.application
File "/var/lib/openstack/lib/python3.12/site-packages/oslo_utils/excutils.py", line 266, in __exit__
[Thu Jul 16 07:05:23.779399 2026] [wsgi:error] [pid 10:tid 140192242693824] [remote 10.0.0.207:55120] 2026-07-16 07:05:23.749 10 ERROR keystone.server.flask.application self.force_reraise()
[Thu Jul 16 07:05:23.779402 2026] [wsgi:error] [pid 10:tid 140192242693824] [remote 10.0.0.207:55120] 2026-07-16 07:05:23.749 10 ERROR keystone.server.flask.application
File "/var/lib/openstack/lib/python3.12/site-packages/oslo_utils/excutils.py", line 232, in force_reraise
[Thu Jul 16 07:05:23.779405 2026] [wsgi:error] [pid 10:tid 140192242693824] [remote 10.0.0.207:55120] 2026-07-16 07:05:23.749 10 ERROR keystone.server.flask.application raise self.value
[Thu Jul 16 07:05:23.779408 2026] [wsgi:error] [pid 10:tid 140192242693824] [remote 10.0.0.207:55120] 2026-07-16 07:05:23.749 10 ERROR keystone.server.flask.application
File "/var/lib/openstack/lib/python3.12/site-packages/oslo_db/sqlalchemy/enginefacade.py", line 835, in _session
[Thu Jul 16 07:05:23.779411 2026] [wsgi:error] [pid 10:tid 140192242693824] [remote 10.0.0.207:55120] 2026-07-16 07:05:23.749 10 ERROR keystone.server.flask.application self._end_session_transaction(self.session)
[Thu Jul 16 07:05:23.779413 2026] [wsgi:error] [pid 10:tid 140192242693824] [remote 10.0.0.207:55120] 2026-07-16 07:05:23.749 10 ERROR keystone.server.flask.application
File "/var/lib/openstack/lib/python3.12/site-packages/oslo_db/sqlalchemy/enginefacade.py", line 748, in _end_session_transaction
[Thu Jul 16 07:05:23.779416 2026] [wsgi:error] [pid 10:tid 140192242693824] [remote 10.0.0.207:55120] 2026-07-16 07:05:23.749 10 ERROR keystone.server.flask.application session.commit()
[Thu Jul 16 07:05:23.779418 2026] [wsgi:error] [pid 10:tid 140192242693824] [remote 10.0.0.207:55120] 2026-07-16 07:05:23.749 10 ERROR keystone.server.flask.application
File "/var/lib/openstack/lib/python3.12/site-packages/sqlalchemy/orm/session.py", line 2034, in commit
[Thu Jul 16 07:05:23.779420 2026] [wsgi:error] [pid 10:tid 140192242693824] [remote 10.0.0.207:55120] 2026-07-16 07:05:23.749 10 ERROR keystone.server.flask.application trans.commit(_to_root=True)
[Thu Jul 16 07:05:23.779422 2026] [wsgi:error] [pid 10:tid 140192242693824] [remote 10.0.0.207:55120] 2026-07-16 07:05:23.749 10 ERROR keystone.server.flask.application File "", line 2, in commit
[Thu Jul 16 07:05:23.779424 2026] [wsgi:error] [pid 10:tid 140192242693824] [remote 10.0.0.207:55120] 2026-07-16 07:05:23.749 10 ERROR keystone.server.flask.application
File "/var/lib/openstack/lib/python3.12/site-packages/sqlalchemy/orm/state_changes.py", line 137, in _go
[Thu Jul 16 07:05:23.779429 2026] [wsgi:error] [pid 10:tid 140192242693824] [remote 10.0.0.207:55120] 2026-07-16 07:05:23.749 10 ERROR keystone.server.flask.application ret_value = fn(self, *arg, **kw)
[Thu Jul 16 07:05:23.779433 2026] [wsgi:error] [pid 10:tid 140192242693824] [remote 10.0.0.207:55120] 2026-07-16 07:05:23.749 10 ERROR keystone.server.flask.application ^^^^^^^^^^^^^^^^^^^^
[Thu Jul 16 07:05:23.779436 2026] [wsgi:error] [pid 10:tid 140192242693824] [remote 10.0.0.207:55120] 2026-07-16 07:05:23.749 10 ERROR keystone.server.flask.application
File "/var/lib/openstack/lib/python3.12/site-packages/sqlalchemy/orm/session.py", line 1315, in commit
[Thu Jul 16 07:05:23.779439 2026] [wsgi:error] [pid 10:tid 140192242693824] [remote 10.0.0.207:55120] 2026-07-16 07:05:23.749 10 ERROR keystone.server.flask.application self._prepare_impl()
[Thu Jul 16 07:05:23.779442 2026] [wsgi:error] [pid 10:tid 140192242693824] [remote 10.0.0.207:55120] 2026-07-16 07:05:23.749 10 ERROR keystone.server.flask.application File "", line 2, in _prepare_impl
[Thu Jul 16 07:05:23.779445 2026] [wsgi:error] [pid 10:tid 140192242693824] [remote 10.0.0.207:55120] 2026-07-16 07:05:23.749 10 ERROR keystone.server.flask.application
File "/var/lib/openstack/lib/python3.12/site-packages/sqlalchemy/orm/state_changes.py", line 137, in _go
[Thu Jul 16 07:05:23.779449 2026] [wsgi:error] [pid 10:tid 140192242693824] [remote 10.0.0.207:55120] 2026-07-16 07:05:23.749 10 ERROR keystone.server.flask.application ret_value = fn(self, *arg, **kw)
[Thu Jul 16 07:05:23.779453 2026] [wsgi:error] [pid 10:tid 140192242693824] [remote 10.0.0.207:55120] 2026-07-16 07:05:23.749 10 ERROR keystone.server.flask.application ^^^^^^^^^^^^^^^^^^^^
[Thu Jul 16 07:05:23.779456 2026] [wsgi:error] [pid 10:tid 140192242693824] [remote 10.0.0.207:55120] 2026-07-16 07:05:23.749 10 ERROR keystone.server.flask.application
File "/var/lib/openstack/lib/python3.12/site-packages/sqlalchemy/orm/session.py", line 1290, in _prepare_impl
[Thu Jul 16 07:05:23.779460 2026] [wsgi:error] [pid 10:tid 140192242693824] [remote 10.0.0.207:55120] 2026-07-16 07:05:23.749 10 ERROR keystone.server.flask.application self.session.flush()
[Thu Jul 16 07:05:23.779464 2026] [wsgi:error] [pid 10:tid 140192242693824] [remote 10.0.0.207:55120] 2026-07-16 07:05:23.749 10 ERROR keystone.server.flask.application
File "/var/lib/openstack/lib/python3.12/site-packages/sqlalchemy/orm/session.py", line 4352, in flush
[Thu Jul 16 07:05:23.779467 2026] [wsgi:error] [pid 10:tid 140192242693824] [remote 10.0.0.207:55120] 2026-07-16 07:05:23.749 10 ERROR keystone.server.flask.application self._flush(objects)
[Thu Jul 16 07:05:23.779484 2026] [wsgi:error] [pid 10:tid 140192242693824] [remote 10.0.0.207:55120] 2026-07-16 07:05:23.749 10 ERROR keystone.server.flask.application
File "/var/lib/openstack/lib/python3.12/site-packages/sqlalchemy/orm/session.py", line 4487, in _flush
[Thu Jul 16 07:05:23.779486 2026] [wsgi:error] [pid 10:tid 140192242693824] [remote 10.0.0.207:55120] 2026-07-16 07:05:23.749 10 ERROR keystone.server.flask.application with util.safe_reraise():
[Thu Jul 16 07:05:23.779489 2026] [wsgi:error] [pid 10:tid 140192242693824] [remote 10.0.0.207:55120] 2026-07-16 07:05:23.749 10 ERROR keystone.server.flask.application
File "/var/lib/openstack/lib/python3.12/site-packages/sqlalchemy/util/langhelpers.py", line 122, in __exit__
[Thu Jul 16 07:05:23.779492 2026] [wsgi:error] [pid 10:tid 140192242693824] [remote 10.0.0.207:55120] 2026-07-16 07:05:23.749 10 ERROR keystone.server.flask.application raise exc_value.with_traceback(exc_tb)
[Thu Jul 16 07:05:23.779495 2026] [wsgi:error] [pid 10:tid 140192242693824] [remote 10.0.0.207:55120] 2026-07-16 07:05:23.749 10 ERROR keystone.server.flask.application
File "/var/lib/openstack/lib/python3.12/site-packages/sqlalchemy/orm/session.py", line 4448, in _flush
[Thu Jul 16 07:05:23.779498 2026] [wsgi:error] [pid 10:tid 140192242693824] [remote 10.0.0.207:55120] 2026-07-16 07:05:23.749 10 ERROR keystone.server.flask.application flush_context.execute()
