2026-07-16 08:01:55.880 8 INFO placement.requestlog [None req-5243a0c4-db6f-40e7-a656-0d955588ce25 - - - - - -] 10.0.0.254 "GET /" status: 200 len: 136 microversion: 1.0
2026-07-16 08:01:55.881 7 INFO placement.requestlog [None req-daa549e7-58fe-4cf5-be86-5295f7880263 - - - - - -] 10.0.0.254 "GET /" status: 200 len: 136 microversion: 1.0
2026-07-16 08:02:02.270 8 INFO placement.requestlog [req-2b8368f7-847e-42b0-aac3-438f57041477 req-40c51d9f-0bd3-4558-822e-68f8c1f803ca ceb92d23bc12442a81ceee30ea9bc0fa 5e789ce9788f4d5983583350090d5211 - - 639e193b09384b4d80c69d3768909fd3 639e193b09384b4d80c69d3768909fd3] 199.204.45.210 "GET /resource_providers/8691229a-97da-4d83-bbf2-b73fc81f9ebf/allocations" status: 200 len: 54 microversion: 1.0 [pid: 8|app: 0|req: 296/592] 199.204.45.210 () {32 vars in 856 bytes} [Thu Jul 16 08:02:02 2026] GET /resource_providers/8691229a-97da-4d83-bbf2-b73fc81f9ebf/allocations => generated 54 bytes in 173 msecs (HTTP/1.1 200) 6 headers in 223 bytes (1 switches on core 0)
2026-07-16 08:02:02.321 7 INFO placement.requestlog [req-2b8368f7-847e-42b0-aac3-438f57041477 req-d3c5a90b-df3d-4ae2-9131-d0b47d0f696f ceb92d23bc12442a81ceee30ea9bc0fa 5e789ce9788f4d5983583350090d5211 - - 639e193b09384b4d80c69d3768909fd3 639e193b09384b4d80c69d3768909fd3] 199.204.45.210 "GET /resource_providers?in_tree=8691229a-97da-4d83-bbf2-b73fc81f9ebf" status: 200 len: 797 microversion: 1.14 [pid: 7|app: 0|req: 297/593] 199.204.45.210 () {34 vars in 891 bytes} [Thu Jul 16 08:02:02 2026] GET /resource_providers?in_tree=8691229a-97da-4d83-bbf2-b73fc81f9ebf => generated 797 bytes in 39 msecs (HTTP/1.1 200) 6 headers in 225 bytes (1 switches on core 0)
2026-07-16 08:02:02.347 8 INFO placement.requestlog [req-2b8368f7-847e-42b0-aac3-438f57041477 req-1fcaba03-5071-4f41-8da1-a8f95aa4c409 ceb92d23bc12442a81ceee30ea9bc0fa 5e789ce9788f4d5983583350090d5211 - - 639e193b09384b4d80c69d3768909fd3 639e193b09384b4d80c69d3768909fd3] 199.204.45.210 "GET /resource_providers/8691229a-97da-4d83-bbf2-b73fc81f9ebf/inventories" status: 200 len: 400 microversion: 1.0 [pid: 8|app: 0|req: 297/594] 199.204.45.210 () {32 vars in 856 bytes} [Thu Jul 16 08:02:02 2026] GET /resource_providers/8691229a-97da-4d83-bbf2-b73fc81f9ebf/inventories => generated 400 bytes in 18 msecs (HTTP/1.1 200) 6 headers in 224 bytes (1 switches on core 0)
2026-07-16 08:02:02.369 7 INFO placement.requestlog [req-2b8368f7-847e-42b0-aac3-438f57041477 req-8eb5ccaf-c4e3-4f95-a5c9-d5775d03e5b0 ceb92d23bc12442a81ceee30ea9bc0fa 5e789ce9788f4d5983583350090d5211 - - 639e193b09384b4d80c69d3768909fd3 639e193b09384b4d80c69d3768909fd3] 199.204.45.210 "GET /resource_providers/8691229a-97da-4d83-bbf2-b73fc81f9ebf/aggregates" status: 200 len: 53 microversion: 1.19 [pid: 7|app: 0|req: 298/595] 199.204.45.210 () {34 vars in 898 bytes} [Thu Jul 16 08:02:02 2026] GET /resource_providers/8691229a-97da-4d83-bbf2-b73fc81f9ebf/aggregates => generated 53 bytes in 14 msecs (HTTP/1.1 200) 8 headers in 295 bytes (1 switches on core 0)
2026-07-16 08:02:02.400 8 INFO placement.requestlog [req-2b8368f7-847e-42b0-aac3-438f57041477 req-dcc1fe35-7757-4037-ab20-c7b67172d645 ceb92d23bc12442a81ceee30ea9bc0fa 5e789ce9788f4d5983583350090d5211 - - 639e193b09384b4d80c69d3768909fd3 639e193b09384b4d80c69d3768909fd3] 199.204.45.210 "GET /resource_providers/8691229a-97da-4d83-bbf2-b73fc81f9ebf/traits" status: 200 len: 2316 microversion: 1.6 [pid: 8|app: 0|req: 298/596] 199.204.45.210 () {34 vars in 889 bytes} [Thu Jul 16 08:02:02 2026] GET /resource_providers/8691229a-97da-4d83-bbf2-b73fc81f9ebf/traits => generated 2316 bytes in 24 msecs (HTTP/1.1 200) 6 headers in 225 bytes (1 switches on core 0)
2026-07-16 08:02:02.430 7 INFO placement.requestlog [req-2b8368f7-847e-42b0-aac3-438f57041477 req-3f910a36-efda-4ebb-89c1-aef5f45ce2f7 ceb92d23bc12442a81ceee30ea9bc0fa 5e789ce9788f4d5983583350090d5211 - - 639e193b09384b4d80c69d3768909fd3 639e193b09384b4d80c69d3768909fd3] 199.204.45.210 "GET /resource_providers/8691229a-97da-4d83-bbf2-b73fc81f9ebf/allocations" status: 200 len: 54 microversion: 1.0 [pid: 7|app: 0|req: 299/597] 199.204.45.210 () {32 vars in 856 bytes} [Thu Jul 16 08:02:02 2026] GET /resource_providers/8691229a-97da-4d83-bbf2-b73fc81f9ebf/allocations => generated 54 bytes in 19 msecs (HTTP/1.1 200) 6 headers in 223 bytes (1 switches on core 0)
2026-07-16 08:02:05.879 8 INFO placement.requestlog [None req-7d14b477-e4eb-49b5-a5c5-0cbb6aa22775 - - - - - -] 10.0.0.254 "GET /" status: 200 len: 136 microversion: 1.0
2026-07-16 08:02:05.880 7 INFO placement.requestlog [None req-01553d76-7793-4cfb-abcf-464f0d526563 - - - - - -] 10.0.0.254 "GET /" status: 200 len: 136 microversion: 1.0
2026-07-16 08:02:15.881 7 INFO placement.requestlog [None req-69d5965d-dfb0-4880-a35e-6c7927e7d268 - - - - - -] 10.0.0.254 "GET /" status: 200 len: 136 microversion: 1.0
2026-07-16 08:02:15.882 8 INFO placement.requestlog [None req-1e0f1233-0cb8-407d-ac69-57928efcd23e - - - - - -] 10.0.0.254 "GET /" status: 200 len: 136 microversion: 1.0
2026-07-16 08:02:25.883 8 INFO placement.requestlog [None req-d0386f22-6daa-4e74-922f-9b0925afce06 - - - - - -] 10.0.0.254 "GET /" status: 200 len: 136 microversion: 1.0
2026-07-16 08:02:25.883 7 INFO placement.requestlog [None req-2efb8ab6-f082-4bf2-af7a-c1893080b17a - - - - - -] 10.0.0.254 "GET /" status: 200 len: 136 microversion: 1.0
2026-07-16 08:02:35.879 8 INFO placement.requestlog [None req-a3610c8b-1c1b-492f-b8bc-6182c1dd4383 - - - - - -] 10.0.0.254 "GET /" status: 200 len: 136 microversion: 1.0
2026-07-16 08:02:35.879 7 INFO placement.requestlog [None req-3dafe752-8246-40b1-9225-624e02826e9a - - - - - -] 10.0.0.254 "GET /" status: 200 len: 136 microversion: 1.0
2026-07-16 08:02:45.880 8 INFO placement.requestlog [None req-18c32e25-60ab-4743-80cf-c1d63f5c47b3 - - - - - -] 10.0.0.254 "GET /" status: 200 len: 136 microversion: 1.0
2026-07-16 08:02:45.880 7 INFO placement.requestlog [None req-b7c221cd-f094-4141-bf41-6f96fdaf4256 - - - - - -] 10.0.0.254 "GET /" status: 200 len: 136 microversion: 1.0
2026-07-16 08:02:55.879 8 INFO placement.requestlog [None req-f2a3e7e2-d1e3-4db2-8241-48c634e08645 - - - - - -] 10.0.0.254 "GET /" status: 200 len: 136 microversion: 1.0
2026-07-16 08:02:55.881 7 INFO placement.requestlog [None req-05df8c3d-4a05-4dd2-b01e-f6bb9645d32a - - - - - -] 10.0.0.254 "GET /" status: 200 len: 136 microversion: 1.0
2026-07-16 08:03:04.108 8 INFO placement.requestlog [req-24fa80ae-37f4-4008-a90f-6c0f180a4fce req-2e6b774a-c346-48de-83d6-4b93a8a00a67 ceb92d23bc12442a81ceee30ea9bc0fa 5e789ce9788f4d5983583350090d5211 - - 639e193b09384b4d80c69d3768909fd3 639e193b09384b4d80c69d3768909fd3] 199.204.45.210 "GET /resource_providers/8691229a-97da-4d83-bbf2-b73fc81f9ebf/allocations" status: 200 len: 54 microversion: 1.0 [pid: 8|app: 0|req: 305/610] 199.204.45.210 () {32 vars in 856 bytes} [Thu Jul 16 08:03:04 2026] GET /resource_providers/8691229a-97da-4d83-bbf2-b73fc81f9ebf/allocations => generated 54 bytes in 16 msecs (HTTP/1.1 200) 6 headers in 223 bytes (1 switches on core 0)
2026-07-16 08:03:04.138 7 INFO placement.requestlog [req-24fa80ae-37f4-4008-a90f-6c0f180a4fce req-6b758418-852c-4359-b543-9dbc2aaca031 ceb92d23bc12442a81ceee30ea9bc0fa 5e789ce9788f4d5983583350090d5211 - - 639e193b09384b4d80c69d3768909fd3 639e193b09384b4d80c69d3768909fd3] 199.204.45.210 "GET /resource_providers/8691229a-97da-4d83-bbf2-b73fc81f9ebf/allocations" status: 200 len: 54 microversion: 1.0 [pid: 7|app: 0|req: 306/611] 199.204.45.210 () {32 vars in 856 bytes} [Thu Jul 16 08:03:04 2026] GET /resource_providers/8691229a-97da-4d83-bbf2-b73fc81f9ebf/allocations => generated 54 bytes in 19 msecs (HTTP/1.1 200) 6 headers in 223 bytes (1 switches on core 0)
2026-07-16 08:03:05.879 8 INFO placement.requestlog [None req-263c4daa-f2d3-4043-87bd-37cb1bd4ed3e - - - - - -] 10.0.0.254 "GET /" status: 200 len: 136 microversion: 1.0
2026-07-16 08:03:05.879 7 INFO placement.requestlog [None req-75896302-0ac9-4770-a2d7-592070795e66 - - - - - -] 10.0.0.254 "GET /" status: 200 len: 136 microversion: 1.0
2026-07-16 08:03:15.880 8 INFO placement.requestlog [None req-cfffba84-8bde-4bc6-99cb-dd19aefe7f36 - - - - - -] 10.0.0.254 "GET /" status: 200 len: 136 microversion: 1.0
2026-07-16 08:03:15.881 7 INFO placement.requestlog [None req-ce1f0528-5640-4f0c-abe9-627d32cc12af - - - - - -] 10.0.0.254 "GET /" status: 200 len: 136 microversion: 1.0
2026-07-16 08:03:25.879 7 INFO placement.requestlog [None req-e43d83c7-1271-436d-ade0-140fed15d030 - - - - - -] 10.0.0.254 "GET /" status: 200 len: 136 microversion: 1.0
2026-07-16 08:03:25.879 8 INFO placement.requestlog [None req-a34df89b-d890-4a53-93f1-32d6f9b31c16 - - - - - -] 10.0.0.254 "GET /" status: 200 len: 136 microversion: 1.0
2026-07-16 08:03:35.879 7 INFO placement.requestlog [None req-a98bfaab-ef00-43c3-a6a1-842731f2f40d - - - - - -] 10.0.0.254 "GET /" status: 200 len: 136 microversion: 1.0
2026-07-16 08:03:35.880 8 INFO placement.requestlog [None req-17f3427e-b78f-4e1d-b327-f3b2a05bb8df - - - - - -] 10.0.0.254 "GET /" status: 200 len: 136 microversion: 1.0
2026-07-16 08:03:45.879 7 INFO placement.requestlog [None req-756c7e2a-4676-4d61-bb7c-3fd75afe696e - - - - - -] 10.0.0.254 "GET /" status: 200 len: 136 microversion: 1.0
2026-07-16 08:03:45.880 8 INFO placement.requestlog [None req-a0f448c3-b968-44a5-9bea-77945ab8ea0a - - - - - -] 10.0.0.254 "GET /" status: 200 len: 136 microversion: 1.0
2026-07-16 08:03:55.881 7 INFO placement.requestlog [None req-484a67a0-fcf9-4276-8658-659789f5716f - - - - - -] 10.0.0.254 "GET /" status: 200 len: 136 microversion: 1.0
2026-07-16 08:03:55.881 8 INFO placement.requestlog [None req-10babee3-45dd-4e9c-8ab0-17824dfa1a19 - - - - - -] 10.0.0.254 "GET /" status: 200 len: 136 microversion: 1.0
2026-07-16 08:04:05.880 7 INFO placement.requestlog [None req-a907442e-07ce-41a3-946f-a3fe4c1685f8 - - - - - -] 10.0.0.254 "GET /" status: 200 len: 136 microversion: 1.0
2026-07-16 08:04:05.880 8 INFO placement.requestlog [None req-f57fb27c-e08f-4b74-912b-4aa8c6a60e7e - - - - - -] 10.0.0.254 "GET /" status: 200 len: 136 microversion: 1.0
2026-07-16 08:04:06.096 8 INFO placement.requestlog [req-9346a618-3e15-4dc8-ac4b-c6283f3eef2d req-617051b9-f2a7-4552-b19f-0bdc91fb720f ceb92d23bc12442a81ceee30ea9bc0fa 5e789ce9788f4d5983583350090d5211 - - 639e193b09384b4d80c69d3768909fd3 639e193b09384b4d80c69d3768909fd3] 199.204.45.210 "GET /resource_providers/8691229a-97da-4d83-bbf2-b73fc81f9ebf/allocations" status: 200 len: 54 microversion: 1.0 [pid: 8|app: 0|req: 313/626] 199.204.45.210 () {32 vars in 856 bytes} [Thu Jul 16 08:04:06 2026] GET /resource_providers/8691229a-97da-4d83-bbf2-b73fc81f9ebf/allocations => generated 54 bytes in 12 msecs (HTTP/1.1 200) 6 headers in 223 bytes (1 switches on core 0)
2026-07-16 08:04:06.118 7 INFO placement.requestlog [req-9346a618-3e15-4dc8-ac4b-c6283f3eef2d req-e32da8ce-b10f-474f-8b6e-c930369e39f5 ceb92d23bc12442a81ceee30ea9bc0fa 5e789ce9788f4d5983583350090d5211 - - 639e193b09384b4d80c69d3768909fd3 639e193b09384b4d80c69d3768909fd3] 199.204.45.210 "GET /resource_providers/8691229a-97da-4d83-bbf2-b73fc81f9ebf/allocations" status: 200 len: 54 microversion: 1.0 [pid: 7|app: 0|req: 314/627] 199.204.45.210 () {32 vars in 856 bytes} [Thu Jul 16 08:04:06 2026] GET /resource_providers/8691229a-97da-4d83-bbf2-b73fc81f9ebf/allocations => generated 54 bytes in 14 msecs (HTTP/1.1 200) 6 headers in 223 bytes (1 switches on core 0)
2026-07-16 08:04:15.880 7 INFO placement.requestlog [None req-8dccb5c0-9caa-40a7-9739-530198c32222 - - - - - -] 10.0.0.254 "GET /" status: 200 len: 136 microversion: 1.0
2026-07-16 08:04:15.880 8 INFO placement.requestlog [None req-e115c298-a526-464e-8cdc-513667ff5004 - - - - - -] 10.0.0.254 "GET /" status: 200 len: 136 microversion: 1.0
2026-07-16 08:04:25.879 8 INFO placement.requestlog [None req-dc9f838f-2a5e-41a3-8587-8a9a7403da3a - - - - - -] 10.0.0.254 "GET /" status: 200 len: 136 microversion: 1.0
2026-07-16 08:04:25.879 7 INFO placement.requestlog [None req-f77a6049-c404-4d19-96d6-00c421e9ad15 - - - - - -] 10.0.0.254 "GET /" status: 200 len: 136 microversion: 1.0
2026-07-16 08:04:35.879 8 INFO placement.requestlog [None req-6c332629-3391-47b8-acff-fa3191b10ef4 - - - - - -] 10.0.0.254 "GET /" status: 200 len: 136 microversion: 1.0
2026-07-16 08:04:35.879 7 INFO placement.requestlog [None req-ccacdb41-beae-44e3-9135-db2a5ce13e65 - - - - - -] 10.0.0.254 "GET /" status: 200 len: 136 microversion: 1.0
2026-07-16 08:04:45.880 8 INFO placement.requestlog [None req-f8f5b462-c556-4360-b11a-7e124da886e1 - - - - - -] 10.0.0.254 "GET /" status: 200 len: 136 microversion: 1.0
2026-07-16 08:04:45.880 7 INFO placement.requestlog [None req-301069d7-b54e-4e52-83e2-46ceee8695ed - - - - - -] 10.0.0.254 "GET /" status: 200 len: 136 microversion: 1.0
2026-07-16 08:04:55.879 8 INFO placement.requestlog [None req-99996561-0ca9-4c14-a7a5-d8da3b993c4d - - - - - -] 10.0.0.254 "GET /" status: 200 len: 136 microversion: 1.0
2026-07-16 08:04:55.879 7 INFO placement.requestlog [None req-bee7ab9b-b88e-4210-93b9-3c4f0313dfec - - - - - -] 10.0.0.254 "GET /" status: 200 len: 136 microversion: 1.0
2026-07-16 08:05:05.880 7 INFO placement.requestlog [None req-f5a6cf96-ce8e-435c-a39a-b44153774fc5 - - - - - -] 10.0.0.254 "GET /" status: 200 len: 136 microversion: 1.0
2026-07-16 08:05:05.880 8 INFO placement.requestlog [None req-b8e62cdd-fb11-4975-b9de-557bc865c6d5 - - - - - -] 10.0.0.254 "GET /" status: 200 len: 136 microversion: 1.0
2026-07-16 08:05:07.104 7 INFO placement.requestlog [req-1dfcc1b9-a11c-46e9-be59-8ee0f8a8ccfa req-bd8befc9-8b38-43c5-9056-21ddc4d159c1 ceb92d23bc12442a81ceee30ea9bc0fa 5e789ce9788f4d5983583350090d5211 - - 639e193b09384b4d80c69d3768909fd3 639e193b09384b4d80c69d3768909fd3] 199.204.45.210 "GET /resource_providers/8691229a-97da-4d83-bbf2-b73fc81f9ebf/allocations" status: 200 len: 54 microversion: 1.0 [pid: 7|app: 0|req: 321/640] 199.204.45.210 () {32 vars in 856 bytes} [Thu Jul 16 08:05:07 2026] GET /resource_providers/8691229a-97da-4d83-bbf2-b73fc81f9ebf/allocations => generated 54 bytes in 19 msecs (HTTP/1.1 200) 6 headers in 223 bytes (1 switches on core 0)
2026-07-16 08:05:07.134 8 INFO placement.requestlog [req-1dfcc1b9-a11c-46e9-be59-8ee0f8a8ccfa req-3b199112-5bcc-4714-86c3-16d1e29cdb49 ceb92d23bc12442a81ceee30ea9bc0fa 5e789ce9788f4d5983583350090d5211 - - 639e193b09384b4d80c69d3768909fd3 639e193b09384b4d80c69d3768909fd3] 199.204.45.210 "GET /resource_providers/8691229a-97da-4d83-bbf2-b73fc81f9ebf/allocations" status: 200 len: 54 microversion: 1.0 [pid: 8|app: 0|req: 320/641] 199.204.45.210 () {32 vars in 856 bytes} [Thu Jul 16 08:05:07 2026] GET /resource_providers/8691229a-97da-4d83-bbf2-b73fc81f9ebf/allocations => generated 54 bytes in 21 msecs (HTTP/1.1 200) 6 headers in 223 bytes (1 switches on core 0)
2026-07-16 08:05:15.880 7 INFO placement.requestlog [None req-7487bb2c-70e7-4fd0-aa44-458ca321a8df - - - - - -] 10.0.0.254 "GET /" status: 200 len: 136 microversion: 1.0
2026-07-16 08:05:15.880 8 INFO placement.requestlog [None req-656ec503-99b5-4f16-b4b6-8dfc3e640945 - - - - - -] 10.0.0.254 "GET /" status: 200 len: 136 microversion: 1.0
2026-07-16 08:05:25.879 8 INFO placement.requestlog [None req-bbfb357f-5ec2-4f5c-9647-a901888cc784 - - - - - -] 10.0.0.254 "GET /" status: 200 len: 136 microversion: 1.0
2026-07-16 08:05:25.880 7 INFO placement.requestlog [None req-59c68fd4-f54d-4d25-8e93-06aa0315be3e - - - - - -] 10.0.0.254 "GET /" status: 200 len: 136 microversion: 1.0
2026-07-16 08:05:35.879 8 INFO placement.requestlog [None req-a5bfcebb-a279-411b-a6f8-baf92cd6e0d2 - - - - - -] 10.0.0.254 "GET /" status: 200 len: 136 microversion: 1.0
2026-07-16 08:05:35.879 7 INFO placement.requestlog [None req-52e91121-6049-4e77-927c-b576fdce053d - - - - - -] 10.0.0.254 "GET /" status: 200 len: 136 microversion: 1.0
2026-07-16 08:05:45.880 8 INFO placement.requestlog [None req-06e12a96-e943-4273-96e3-e3fa29497a6c - - - - - -] 10.0.0.254 "GET /" status: 200 len: 136 microversion: 1.0
2026-07-16 08:05:45.881 7 INFO placement.requestlog [None req-f98840f4-08fe-4799-aa29-3badedc49e5a - - - - - -] 10.0.0.254 "GET /" status: 200 len: 136 microversion: 1.0
2026-07-16 08:05:55.879 8 INFO placement.requestlog [None req-e0564b61-c7ac-4530-8429-58c35dccb6b1 - - - - - -] 10.0.0.254 "GET /" status: 200 len: 136 microversion: 1.0
2026-07-16 08:05:55.879 7 INFO placement.requestlog [None req-cb3b49c4-d390-457c-b1a0-090b4f5311f6 - - - - - -] 10.0.0.254 "GET /" status: 200 len: 136 microversion: 1.0
2026-07-16 08:06:05.629 8 INFO placement.requestlog [req-6c784830-98bb-4931-8b77-109d4c997366 req-40cedd4d-1dec-46b6-aff6-4b4e845ee645 ceb92d23bc12442a81ceee30ea9bc0fa 5e789ce9788f4d5983583350090d5211 - - 639e193b09384b4d80c69d3768909fd3 639e193b09384b4d80c69d3768909fd3] 10.0.0.212 "GET /allocation_candidates?limit=1000&resources=DISK_GB%3A1%2CMEMORY_MB%3A512%2CVCPU%3A1&root_required=%21COMPUTE_STATUS_DISABLED" status: 200 len: 2781 microversion: 1.36 [pid: 8|app: 0|req: 326/652] 10.0.0.212 () {34 vars in 1011 bytes} [Thu Jul 16 08:06:05 2026] GET /allocation_candidates?limit=1000&resources=DISK_GB%3A1%2CMEMORY_MB%3A512%2CVCPU%3A1&root_required=%21COMPUTE_STATUS_DISABLED => generated 2781 bytes in 193 msecs (HTTP/1.1 200) 8 headers in 297 bytes (1 switches on core 0)
2026-07-16 08:06:05.683 7 INFO placement.requestlog [req-6c784830-98bb-4931-8b77-109d4c997366 req-d04e534c-2c8d-44ca-a99e-abe68666223f ceb92d23bc12442a81ceee30ea9bc0fa 5e789ce9788f4d5983583350090d5211 - - 639e193b09384b4d80c69d3768909fd3 639e193b09384b4d80c69d3768909fd3] 10.0.0.212 "GET /allocations/91c2c076-93cb-4901-bdd5-07c25c4dc9fa" status: 200 len: 19 microversion: 1.28 [pid: 7|app: 0|req: 327/653] 10.0.0.212 () {34 vars in 860 bytes} [Thu Jul 16 08:06:05 2026] GET /allocations/91c2c076-93cb-4901-bdd5-07c25c4dc9fa => generated 19 bytes in 14 msecs (HTTP/1.1 200) 8 headers in 295 bytes (1 switches on core 0)
2026-07-16 08:06:05.798 8 INFO placement.requestlog [req-6c784830-98bb-4931-8b77-109d4c997366 req-77b949c5-7b5b-4412-835e-8fba8a8ca0eb ceb92d23bc12442a81ceee30ea9bc0fa 5e789ce9788f4d5983583350090d5211 - - 639e193b09384b4d80c69d3768909fd3 639e193b09384b4d80c69d3768909fd3] 10.0.0.212 "PUT /allocations/91c2c076-93cb-4901-bdd5-07c25c4dc9fa" status: 204 len: 0 microversion: 1.36 [pid: 8|app: 0|req: 327/654] 10.0.0.212 () {38 vars in 913 bytes} [Thu Jul 16 08:06:05 2026] PUT /allocations/91c2c076-93cb-4901-bdd5-07c25c4dc9fa => generated 0 bytes in 106 msecs (HTTP/1.1 204) 5 headers in 199 bytes (1 switches on core 0)
2026-07-16 08:06:05.879 8 INFO placement.requestlog [None req-1788163a-7c81-4d1a-88b0-7299e8e38c3a - - - - - -] 10.0.0.254 "GET /" status: 200 len: 136 microversion: 1.0
2026-07-16 08:06:05.879 7 INFO placement.requestlog [None req-c026e532-afca-4098-885c-a06ce18961ab - - - - - -] 10.0.0.254 "GET /" status: 200 len: 136 microversion: 1.0
2026-07-16 08:06:07.425 7 INFO placement.requestlog [req-6c784830-98bb-4931-8b77-109d4c997366 req-e77e95fd-8421-4b58-bb92-6f45cfc6d5d9 ceb92d23bc12442a81ceee30ea9bc0fa 5e789ce9788f4d5983583350090d5211 - - 639e193b09384b4d80c69d3768909fd3 639e193b09384b4d80c69d3768909fd3] 199.204.45.210 "GET /allocations/91c2c076-93cb-4901-bdd5-07c25c4dc9fa" status: 200 len: 257 microversion: 1.28 [pid: 7|app: 0|req: 329/657] 199.204.45.210 () {34 vars in 862 bytes} [Thu Jul 16 08:06:07 2026] GET /allocations/91c2c076-93cb-4901-bdd5-07c25c4dc9fa => generated 257 bytes in 10 msecs (HTTP/1.1 200) 8 headers in 296 bytes (1 switches on core 0)
2026-07-16 08:06:08.122 8 INFO placement.requestlog [req-efb3f826-2fdf-406b-b3fa-a5f7e4a17c71 req-9cd0c1c8-6107-4112-832b-dac455ba2c49 ceb92d23bc12442a81ceee30ea9bc0fa 5e789ce9788f4d5983583350090d5211 - - 639e193b09384b4d80c69d3768909fd3 639e193b09384b4d80c69d3768909fd3] 199.204.45.210 "GET /resource_providers/8691229a-97da-4d83-bbf2-b73fc81f9ebf/allocations" status: 200 len: 152 microversion: 1.0 [pid: 8|app: 0|req: 329/658] 199.204.45.210 () {32 vars in 856 bytes} [Thu Jul 16 08:06:08 2026] GET /resource_providers/8691229a-97da-4d83-bbf2-b73fc81f9ebf/allocations => generated 152 bytes in 16 msecs (HTTP/1.1 200) 6 headers in 224 bytes (1 switches on core 0)
2026-07-16 08:06:08.657 7 INFO placement.requestlog [req-efb3f826-2fdf-406b-b3fa-a5f7e4a17c71 req-99a78a13-d37b-447c-9576-642fd31b2d78 ceb92d23bc12442a81ceee30ea9bc0fa 5e789ce9788f4d5983583350090d5211 - - 639e193b09384b4d80c69d3768909fd3 639e193b09384b4d80c69d3768909fd3] 199.204.45.210 "GET /resource_providers/8691229a-97da-4d83-bbf2-b73fc81f9ebf/allocations" status: 200 len: 152 microversion: 1.0 [pid: 7|app: 0|req: 330/659] 199.204.45.210 () {32 vars in 856 bytes} [Thu Jul 16 08:06:08 2026] GET /resource_providers/8691229a-97da-4d83-bbf2-b73fc81f9ebf/allocations => generated 152 bytes in 23 msecs (HTTP/1.1 200) 6 headers in 224 bytes (1 switches on core 0)
2026-07-16 08:06:08.685 8 INFO placement.requestlog [req-efb3f826-2fdf-406b-b3fa-a5f7e4a17c71 req-c24dd037-777f-49fb-a9fb-be3d8f04f349 ceb92d23bc12442a81ceee30ea9bc0fa 5e789ce9788f4d5983583350090d5211 - - 639e193b09384b4d80c69d3768909fd3 639e193b09384b4d80c69d3768909fd3] 199.204.45.210 "GET /allocations/91c2c076-93cb-4901-bdd5-07c25c4dc9fa" status: 200 len: 257 microversion: 1.28 [pid: 8|app: 0|req: 330/660] 199.204.45.210 () {34 vars in 862 bytes} [Thu Jul 16 08:06:08 2026] GET /allocations/91c2c076-93cb-4901-bdd5-07c25c4dc9fa => generated 257 bytes in 21 msecs (HTTP/1.1 200) 8 headers in 296 bytes (1 switches on core 0)
2026-07-16 08:06:10.398 7 INFO placement.requestlog [None req-386fb8ec-0f60-472a-93bf-b9e707748940 f1a4c306a966476f8b7ea1747db0b864 5e789ce9788f4d5983583350090d5211 - - 639e193b09384b4d80c69d3768909fd3 639e193b09384b4d80c69d3768909fd3] 10.0.0.188 "GET /resource_providers/dcef6e87-f1d9-4478-adbe-a0eed7e9c057/aggregates" status: 404 len: 235 microversion: 1.1 [pid: 7|app: 0|req: 331/661] 10.0.0.188 () {32 vars in 815 bytes} [Thu Jul 16 08:06:10 2026] GET /resource_providers/dcef6e87-f1d9-4478-adbe-a0eed7e9c057/aggregates => generated 235 bytes in 52 msecs (HTTP/1.1 404) 5 headers in 202 bytes (1 switches on core 0)
2026-07-16 08:06:10.421 8 INFO placement.requestlog [None req-d3f0b78f-df82-45b0-a02a-85d46c7ebb88 f1a4c306a966476f8b7ea1747db0b864 5e789ce9788f4d5983583350090d5211 - - 639e193b09384b4d80c69d3768909fd3 639e193b09384b4d80c69d3768909fd3] 10.0.0.188 "GET /resource_providers/dcef6e87-f1d9-4478-adbe-a0eed7e9c057/aggregates" status: 404 len: 235 microversion: 1.1 [pid: 8|app: 0|req: 331/662] 10.0.0.188 () {32 vars in 815 bytes} [Thu Jul 16 08:06:10 2026] GET /resource_providers/dcef6e87-f1d9-4478-adbe-a0eed7e9c057/aggregates => generated 235 bytes in 65 msecs (HTTP/1.1 404) 5 headers in 202 bytes (1 switches on core 0)
2026-07-16 08:06:10.429 7 INFO placement.requestlog [None req-e17f0224-d58b-462e-a427-38328dab5376 f1a4c306a966476f8b7ea1747db0b864 5e789ce9788f4d5983583350090d5211 - - 639e193b09384b4d80c69d3768909fd3 639e193b09384b4d80c69d3768909fd3] 10.0.0.188 "DELETE /resource_providers/dcef6e87-f1d9-4478-adbe-a0eed7e9c057" status: 404 len: 246 microversion: 1.1 [pid: 7|app: 0|req: 332/663] 10.0.0.188 () {34 vars in 815 bytes} [Thu Jul 16 08:06:10 2026] DELETE /resource_providers/dcef6e87-f1d9-4478-adbe-a0eed7e9c057 => generated 246 bytes in 11 msecs (HTTP/1.1 404) 6 headers in 231 bytes (1 switches on core 0)
2026-07-16 08:06:10.441 8 INFO placement.requestlog [None req-455b182a-5d28-4163-bc53-ec790ad52ac4 f1a4c306a966476f8b7ea1747db0b864 5e789ce9788f4d5983583350090d5211 - - 639e193b09384b4d80c69d3768909fd3 639e193b09384b4d80c69d3768909fd3] 10.0.0.188 "DELETE /resource_providers/dcef6e87-f1d9-4478-adbe-a0eed7e9c057" status: 404 len: 246 microversion: 1.1 [pid: 8|app: 0|req: 332/664] 10.0.0.188 () {34 vars in 815 bytes} [Thu Jul 16 08:06:10 2026] DELETE /resource_providers/dcef6e87-f1d9-4478-adbe-a0eed7e9c057 => generated 246 bytes in 7 msecs (HTTP/1.1 404) 6 headers in 231 bytes (1 switches on core 0)
2026-07-16 08:06:10.767 7 INFO placement.requestlog [req-6c784830-98bb-4931-8b77-109d4c997366 req-1ed82871-463b-4d00-a6ba-15b0da4cd076 ceb92d23bc12442a81ceee30ea9bc0fa 5e789ce9788f4d5983583350090d5211 - - 639e193b09384b4d80c69d3768909fd3 639e193b09384b4d80c69d3768909fd3] 199.204.45.210 "GET /resource_providers/8691229a-97da-4d83-bbf2-b73fc81f9ebf/allocations" status: 200 len: 152 microversion: 1.0 [pid: 7|app: 0|req: 333/665] 199.204.45.210 () {32 vars in 856 bytes} [Thu Jul 16 08:06:10 2026] GET /resource_providers/8691229a-97da-4d83-bbf2-b73fc81f9ebf/allocations => generated 152 bytes in 31 msecs (HTTP/1.1 200) 6 headers in 224 bytes (1 switches on core 0)
2026-07-16 08:06:10.806 8 INFO placement.requestlog [req-6c784830-98bb-4931-8b77-109d4c997366 req-0f82b16c-f675-4aa5-9847-d9a0279b4598 ceb92d23bc12442a81ceee30ea9bc0fa 5e789ce9788f4d5983583350090d5211 - - 639e193b09384b4d80c69d3768909fd3 639e193b09384b4d80c69d3768909fd3] 199.204.45.210 "GET /allocations/91c2c076-93cb-4901-bdd5-07c25c4dc9fa" status: 200 len: 257 microversion: 1.28 [pid: 8|app: 0|req: 333/666] 199.204.45.210 () {34 vars in 862 bytes} [Thu Jul 16 08:06:10 2026] GET /allocations/91c2c076-93cb-4901-bdd5-07c25c4dc9fa => generated 257 bytes in 28 msecs (HTTP/1.1 200) 8 headers in 296 bytes (1 switches on core 0)
2026-07-16 08:06:11.202 7 INFO placement.requestlog [None req-c17d2194-6fcb-4008-b21f-61eea4f34a5b f1a4c306a966476f8b7ea1747db0b864 5e789ce9788f4d5983583350090d5211 - - 639e193b09384b4d80c69d3768909fd3 639e193b09384b4d80c69d3768909fd3] 10.0.0.188 "GET /resource_providers/f982c4cf-95cf-4af4-bf2e-0579c09f297b/aggregates" status: 404 len: 235 microversion: 1.1 [pid: 7|app: 0|req: 334/667] 10.0.0.188 () {32 vars in 815 bytes} [Thu Jul 16 08:06:11 2026] GET /resource_providers/f982c4cf-95cf-4af4-bf2e-0579c09f297b/aggregates => generated 235 bytes in 135 msecs (HTTP/1.1 404) 5 headers in 202 bytes (1 switches on core 0)
2026-07-16 08:06:11.228 7 INFO placement.requestlog [None req-9e053c58-83f5-48a4-b6d5-4cc36eb38c63 f1a4c306a966476f8b7ea1747db0b864 5e789ce9788f4d5983583350090d5211 - - 639e193b09384b4d80c69d3768909fd3 639e193b09384b4d80c69d3768909fd3] 10.0.0.188 "DELETE /resource_providers/f982c4cf-95cf-4af4-bf2e-0579c09f297b" status: 404 len: 246 microversion: 1.1 [pid: 7|app: 0|req: 335/668] 10.0.0.188 () {34 vars in 815 bytes} [Thu Jul 16 08:06:11 2026] DELETE /resource_providers/f982c4cf-95cf-4af4-bf2e-0579c09f297b => generated 246 bytes in 9 msecs (HTTP/1.1 404) 6 headers in 231 bytes (1 switches on core 0)
2026-07-16 08:06:11.241 8 INFO placement.requestlog [None req-f0cbbf60-1e6f-4c72-a301-d063e024f040 f1a4c306a966476f8b7ea1747db0b864 5e789ce9788f4d5983583350090d5211 - - 639e193b09384b4d80c69d3768909fd3 639e193b09384b4d80c69d3768909fd3] 10.0.0.188 "GET /resource_providers/f982c4cf-95cf-4af4-bf2e-0579c09f297b/aggregates" status: 404 len: 235 microversion: 1.1 [pid: 8|app: 0|req: 334/669] 10.0.0.188 () {32 vars in 815 bytes} [Thu Jul 16 08:06:11 2026] GET /resource_providers/f982c4cf-95cf-4af4-bf2e-0579c09f297b/aggregates => generated 235 bytes in 144 msecs (HTTP/1.1 404) 5 headers in 202 bytes (1 switches on core 0)
2026-07-16 08:06:11.265 7 INFO placement.requestlog [None req-5e7a5e3d-7557-4706-828c-214c40a9b1e1 f1a4c306a966476f8b7ea1747db0b864 5e789ce9788f4d5983583350090d5211 - - 639e193b09384b4d80c69d3768909fd3 639e193b09384b4d80c69d3768909fd3] 10.0.0.188 "DELETE /resource_providers/f982c4cf-95cf-4af4-bf2e-0579c09f297b" status: 404 len: 246 microversion: 1.1 [pid: 7|app: 0|req: 336/670] 10.0.0.188 () {34 vars in 815 bytes} [Thu Jul 16 08:06:11 2026] DELETE /resource_providers/f982c4cf-95cf-4af4-bf2e-0579c09f297b => generated 246 bytes in 9 msecs (HTTP/1.1 404) 6 headers in 231 bytes (1 switches on core 0)
2026-07-16 08:06:13.252 8 INFO placement.requestlog [None req-8b69bd45-04f3-47f5-8bc7-cf8aacc096d2 f1a4c306a966476f8b7ea1747db0b864 5e789ce9788f4d5983583350090d5211 - - 639e193b09384b4d80c69d3768909fd3 639e193b09384b4d80c69d3768909fd3] 10.0.0.188 "GET /resource_providers/ac998e8f-7bd3-4b69-89dd-9082431897ac/aggregates" status: 404 len: 235 microversion: 1.1 [pid: 8|app: 0|req: 335/671] 10.0.0.188 () {32 vars in 815 bytes} [Thu Jul 16 08:06:13 2026] GET /resource_providers/ac998e8f-7bd3-4b69-89dd-9082431897ac/aggregates => generated 235 bytes in 11 msecs (HTTP/1.1 404) 5 headers in 202 bytes (1 switches on core 0)
2026-07-16 08:06:13.290 7 INFO placement.requestlog [None req-61ffd36f-b2cb-4278-a531-2ed30dad7849 f1a4c306a966476f8b7ea1747db0b864 5e789ce9788f4d5983583350090d5211 - - 639e193b09384b4d80c69d3768909fd3 639e193b09384b4d80c69d3768909fd3] 10.0.0.188 "DELETE /resource_providers/ac998e8f-7bd3-4b69-89dd-9082431897ac" status: 404 len: 246 microversion: 1.1 [pid: 7|app: 0|req: 337/672] 10.0.0.188 () {34 vars in 815 bytes} [Thu Jul 16 08:06:13 2026] DELETE /resource_providers/ac998e8f-7bd3-4b69-89dd-9082431897ac => generated 246 bytes in 22 msecs (HTTP/1.1 404) 6 headers in 231 bytes (1 switches on core 0)
2026-07-16 08:06:13.291 8 INFO placement.requestlog [None req-866d46aa-1a6a-499a-9eac-f2a7bdab9afc f1a4c306a966476f8b7ea1747db0b864 5e789ce9788f4d5983583350090d5211 - - 639e193b09384b4d80c69d3768909fd3 639e193b09384b4d80c69d3768909fd3] 10.0.0.188 "GET /resource_providers/ac998e8f-7bd3-4b69-89dd-9082431897ac/aggregates" status: 404 len: 235 microversion: 1.1 [pid: 8|app: 0|req: 336/673] 10.0.0.188 () {32 vars in 815 bytes} [Thu Jul 16 08:06:13 2026] GET /resource_providers/ac998e8f-7bd3-4b69-89dd-9082431897ac/aggregates => generated 235 bytes in 15 msecs (HTTP/1.1 404) 5 headers in 202 bytes (1 switches on core 0)
2026-07-16 08:06:13.324 8 INFO placement.requestlog [None req-442cac12-cb09-49ee-88ab-a95b6ea34bb3 f1a4c306a966476f8b7ea1747db0b864 5e789ce9788f4d5983583350090d5211 - - 639e193b09384b4d80c69d3768909fd3 639e193b09384b4d80c69d3768909fd3] 10.0.0.188 "DELETE /resource_providers/ac998e8f-7bd3-4b69-89dd-9082431897ac" status: 404 len: 246 microversion: 1.1 [pid: 8|app: 0|req: 337/674] 10.0.0.188 () {34 vars in 815 bytes} [Thu Jul 16 08:06:13 2026] DELETE /resource_providers/ac998e8f-7bd3-4b69-89dd-9082431897ac => generated 246 bytes in 12 msecs (HTTP/1.1 404) 6 headers in 231 bytes (1 switches on core 0)
2026-07-16 08:06:13.332 7 INFO placement.requestlog [None req-5dd1864d-3f2e-47d9-a89d-f1bd121df17c f1a4c306a966476f8b7ea1747db0b864 5e789ce9788f4d5983583350090d5211 - - 639e193b09384b4d80c69d3768909fd3 639e193b09384b4d80c69d3768909fd3] 10.0.0.188 "GET /resource_providers/44db6b91-9c91-4270-9d78-9b332bbd7f84/aggregates" status: 404 len: 235 microversion: 1.1 [pid: 7|app: 0|req: 338/675] 10.0.0.188 () {32 vars in 815 bytes} [Thu Jul 16 08:06:13 2026] GET /resource_providers/44db6b91-9c91-4270-9d78-9b332bbd7f84/aggregates => generated 235 bytes in 30 msecs (HTTP/1.1 404) 5 headers in 202 bytes (1 switches on core 0)
2026-07-16 08:06:13.358 8 INFO placement.requestlog [None req-f714dc70-ca71-4931-a122-6c15c49388fa f1a4c306a966476f8b7ea1747db0b864 5e789ce9788f4d5983583350090d5211 - - 639e193b09384b4d80c69d3768909fd3 639e193b09384b4d80c69d3768909fd3] 10.0.0.188 "GET /resource_providers/44db6b91-9c91-4270-9d78-9b332bbd7f84/aggregates" status: 404 len: 235 microversion: 1.1 [pid: 8|app: 0|req: 338/676] 10.0.0.188 () {32 vars in 815 bytes} [Thu Jul 16 08:06:13 2026] GET /resource_providers/44db6b91-9c91-4270-9d78-9b332bbd7f84/aggregates => generated 235 bytes in 21 msecs (HTTP/1.1 404) 5 headers in 202 bytes (1 switches on core 0)
2026-07-16 08:06:13.360 7 INFO placement.requestlog [None req-e7c2cc05-50d2-4b3d-8740-f071f352592f f1a4c306a966476f8b7ea1747db0b864 5e789ce9788f4d5983583350090d5211 - - 639e193b09384b4d80c69d3768909fd3 639e193b09384b4d80c69d3768909fd3] 10.0.0.188 "DELETE /resource_providers/44db6b91-9c91-4270-9d78-9b332bbd7f84" status: 404 len: 246 microversion: 1.1 [pid: 7|app: 0|req: 339/677] 10.0.0.188 () {34 vars in 815 bytes} [Thu Jul 16 08:06:13 2026] DELETE /resource_providers/44db6b91-9c91-4270-9d78-9b332bbd7f84 => generated 246 bytes in 10 msecs (HTTP/1.1 404) 6 headers in 231 bytes (1 switches on core 0)
2026-07-16 08:06:13.384 8 INFO placement.requestlog [None req-5a93edda-b8bb-4330-b87e-7ecd037f3c03 f1a4c306a966476f8b7ea1747db0b864 5e789ce9788f4d5983583350090d5211 - - 639e193b09384b4d80c69d3768909fd3 639e193b09384b4d80c69d3768909fd3] 10.0.0.188 "DELETE /resource_providers/44db6b91-9c91-4270-9d78-9b332bbd7f84" status: 404 len: 246 microversion: 1.1 [pid: 8|app: 0|req: 339/678] 10.0.0.188 () {34 vars in 815 bytes} [Thu Jul 16 08:06:13 2026] DELETE /resource_providers/44db6b91-9c91-4270-9d78-9b332bbd7f84 => generated 246 bytes in 16 msecs (HTTP/1.1 404) 6 headers in 231 bytes (1 switches on core 0)
2026-07-16 08:06:15.879 7 INFO placement.requestlog [None req-bcd6ad19-3b1d-4547-b312-8efbe99b56f7 - - - - - -] 10.0.0.254 "GET /" status: 200 len: 136 microversion: 1.0
2026-07-16 08:06:15.880 8 INFO placement.requestlog [None req-b0fbdb76-ac2f-464b-978d-3ae4c801548d - - - - - -] 10.0.0.254 "GET /" status: 200 len: 136 microversion: 1.0
2026-07-16 08:06:19.410 7 INFO placement.requestlog [req-5aa5d450-a18b-41d9-9472-50e7a3dcf3c2 req-2de0f25d-5529-4104-82f6-1b16c2acf187 ceb92d23bc12442a81ceee30ea9bc0fa 5e789ce9788f4d5983583350090d5211 - - 639e193b09384b4d80c69d3768909fd3 639e193b09384b4d80c69d3768909fd3] 10.0.0.212 "GET /allocation_candidates?limit=1000&resources=MEMORY_MB%3A512%2CVCPU%3A1&root_required=%21COMPUTE_STATUS_DISABLED" status: 200 len: 2769 microversion: 1.36 [pid: 7|app: 0|req: 341/681] 10.0.0.212 () {34 vars in 983 bytes} [Thu Jul 16 08:06:19 2026] GET /allocation_candidates?limit=1000&resources=MEMORY_MB%3A512%2CVCPU%3A1&root_required=%21COMPUTE_STATUS_DISABLED => generated 2769 bytes in 57 msecs (HTTP/1.1 200) 8 headers in 297 bytes (1 switches on core 0)
2026-07-16 08:06:19.455 8 INFO placement.requestlog [req-5aa5d450-a18b-41d9-9472-50e7a3dcf3c2 req-6edc8583-f9f1-4fc7-b6b9-4d9fa1898be5 ceb92d23bc12442a81ceee30ea9bc0fa 5e789ce9788f4d5983583350090d5211 - - 639e193b09384b4d80c69d3768909fd3 639e193b09384b4d80c69d3768909fd3] 10.0.0.212 "GET /allocations/4dce2f90-8b5f-48aa-a729-d57230e4afc3" status: 200 len: 19 microversion: 1.28 [pid: 8|app: 0|req: 341/682] 10.0.0.212 () {34 vars in 860 bytes} [Thu Jul 16 08:06:19 2026] GET /allocations/4dce2f90-8b5f-48aa-a729-d57230e4afc3 => generated 19 bytes in 19 msecs (HTTP/1.1 200) 8 headers in 295 bytes (1 switches on core 0)
2026-07-16 08:06:19.572 7 INFO placement.requestlog [req-5aa5d450-a18b-41d9-9472-50e7a3dcf3c2 req-9cfce2af-5c76-4f82-a27d-b565b316f6fb ceb92d23bc12442a81ceee30ea9bc0fa 5e789ce9788f4d5983583350090d5211 - - 639e193b09384b4d80c69d3768909fd3 639e193b09384b4d80c69d3768909fd3] 10.0.0.212 "PUT /allocations/4dce2f90-8b5f-48aa-a729-d57230e4afc3" status: 204 len: 0 microversion: 1.36 [pid: 7|app: 0|req: 342/683] 10.0.0.212 () {38 vars in 913 bytes} [Thu Jul 16 08:06:19 2026] PUT /allocations/4dce2f90-8b5f-48aa-a729-d57230e4afc3 => generated 0 bytes in 108 msecs (HTTP/1.1 204) 5 headers in 199 bytes (1 switches on core 0)
2026-07-16 08:06:20.382 8 INFO placement.requestlog [req-6c784830-98bb-4931-8b77-109d4c997366 req-8a7d87d8-8dd6-4536-b0e7-b9a6384f0fa9 ceb92d23bc12442a81ceee30ea9bc0fa 5e789ce9788f4d5983583350090d5211 - - 639e193b09384b4d80c69d3768909fd3 639e193b09384b4d80c69d3768909fd3] 199.204.45.210 "GET /resource_providers/8691229a-97da-4d83-bbf2-b73fc81f9ebf/allocations" status: 200 len: 238 microversion: 1.0 [pid: 8|app: 0|req: 342/684] 199.204.45.210 () {32 vars in 856 bytes} [Thu Jul 16 08:06:20 2026] GET /resource_providers/8691229a-97da-4d83-bbf2-b73fc81f9ebf/allocations => generated 238 bytes in 19 msecs (HTTP/1.1 200) 6 headers in 224 bytes (1 switches on core 0)
2026-07-16 08:06:20.409 7 INFO placement.requestlog [req-6c784830-98bb-4931-8b77-109d4c997366 req-ef7f9507-4655-45f8-8302-c8e5826340d9 ceb92d23bc12442a81ceee30ea9bc0fa 5e789ce9788f4d5983583350090d5211 - - 639e193b09384b4d80c69d3768909fd3 639e193b09384b4d80c69d3768909fd3] 199.204.45.210 "GET /allocations/4dce2f90-8b5f-48aa-a729-d57230e4afc3" status: 200 len: 243 microversion: 1.28 [pid: 7|app: 0|req: 343/685] 199.204.45.210 () {34 vars in 862 bytes} [Thu Jul 16 08:06:20 2026] GET /allocations/4dce2f90-8b5f-48aa-a729-d57230e4afc3 => generated 243 bytes in 19 msecs (HTTP/1.1 200) 8 headers in 296 bytes (1 switches on core 0)
2026-07-16 08:06:20.425 8 INFO placement.requestlog [req-6c784830-98bb-4931-8b77-109d4c997366 req-747dcbe3-fbbd-421b-9653-0b3fdf5ff633 ceb92d23bc12442a81ceee30ea9bc0fa 5e789ce9788f4d5983583350090d5211 - - 639e193b09384b4d80c69d3768909fd3 639e193b09384b4d80c69d3768909fd3] 199.204.45.210 "GET /allocations/91c2c076-93cb-4901-bdd5-07c25c4dc9fa" status: 200 len: 257 microversion: 1.28 [pid: 8|app: 0|req: 343/686] 199.204.45.210 () {34 vars in 862 bytes} [Thu Jul 16 08:06:20 2026] GET /allocations/91c2c076-93cb-4901-bdd5-07c25c4dc9fa => generated 257 bytes in 11 msecs (HTTP/1.1 200) 8 headers in 296 bytes (1 switches on core 0)
2026-07-16 08:06:21.060 7 INFO placement.requestlog [req-5aa5d450-a18b-41d9-9472-50e7a3dcf3c2 req-0131bc1e-29ce-4ffe-b9eb-e5ea6bca618b ceb92d23bc12442a81ceee30ea9bc0fa 5e789ce9788f4d5983583350090d5211 - - 639e193b09384b4d80c69d3768909fd3 639e193b09384b4d80c69d3768909fd3] 199.204.45.210 "GET /allocations/4dce2f90-8b5f-48aa-a729-d57230e4afc3" status: 200 len: 243 microversion: 1.28 [pid: 7|app: 0|req: 344/687] 199.204.45.210 () {34 vars in 862 bytes} [Thu Jul 16 08:06:21 2026] GET /allocations/4dce2f90-8b5f-48aa-a729-d57230e4afc3 => generated 243 bytes in 11 msecs (HTTP/1.1 200) 8 headers in 296 bytes (1 switches on core 0)
2026-07-16 08:06:22.515 8 INFO placement.requestlog [req-5aa5d450-a18b-41d9-9472-50e7a3dcf3c2 req-e455e502-f2fa-4f6e-b516-814e728a6122 ceb92d23bc12442a81ceee30ea9bc0fa 5e789ce9788f4d5983583350090d5211 - - 639e193b09384b4d80c69d3768909fd3 639e193b09384b4d80c69d3768909fd3] 199.204.45.210 "GET /resource_providers/8691229a-97da-4d83-bbf2-b73fc81f9ebf/allocations" status: 200 len: 238 microversion: 1.0 [pid: 8|app: 0|req: 344/688] 199.204.45.210 () {32 vars in 856 bytes} [Thu Jul 16 08:06:22 2026] GET /resource_providers/8691229a-97da-4d83-bbf2-b73fc81f9ebf/allocations => generated 238 bytes in 36 msecs (HTTP/1.1 200) 6 headers in 224 bytes (1 switches on core 0)
2026-07-16 08:06:22.548 7 INFO placement.requestlog [req-5aa5d450-a18b-41d9-9472-50e7a3dcf3c2 req-668da6b3-414e-482c-a88f-d098c1cff04e ceb92d23bc12442a81ceee30ea9bc0fa 5e789ce9788f4d5983583350090d5211 - - 639e193b09384b4d80c69d3768909fd3 639e193b09384b4d80c69d3768909fd3] 199.204.45.210 "GET /allocations/4dce2f90-8b5f-48aa-a729-d57230e4afc3" status: 200 len: 243 microversion: 1.28 [pid: 7|app: 0|req: 345/689] 199.204.45.210 () {34 vars in 862 bytes} [Thu Jul 16 08:06:22 2026] GET /allocations/4dce2f90-8b5f-48aa-a729-d57230e4afc3 => generated 243 bytes in 15 msecs (HTTP/1.1 200) 8 headers in 296 bytes (1 switches on core 0)
2026-07-16 08:06:22.571 8 INFO placement.requestlog [req-5aa5d450-a18b-41d9-9472-50e7a3dcf3c2 req-3e055d6e-f041-445c-b186-6e1687ca4ec8 ceb92d23bc12442a81ceee30ea9bc0fa 5e789ce9788f4d5983583350090d5211 - - 639e193b09384b4d80c69d3768909fd3 639e193b09384b4d80c69d3768909fd3] 199.204.45.210 "GET /allocations/91c2c076-93cb-4901-bdd5-07c25c4dc9fa" status: 200 len: 257 microversion: 1.28 [pid: 8|app: 0|req: 345/690] 199.204.45.210 () {34 vars in 862 bytes} [Thu Jul 16 08:06:22 2026] GET /allocations/91c2c076-93cb-4901-bdd5-07c25c4dc9fa => generated 257 bytes in 15 msecs (HTTP/1.1 200) 8 headers in 296 bytes (1 switches on core 0)
2026-07-16 08:06:23.128 7 INFO placement.requestlog [req-6264f4f8-a2b2-4817-93df-a35c6120b825 req-f1bc4763-8b64-421f-9177-8e4a3e2dc4ef ceb92d23bc12442a81ceee30ea9bc0fa 5e789ce9788f4d5983583350090d5211 - - 639e193b09384b4d80c69d3768909fd3 639e193b09384b4d80c69d3768909fd3] 10.0.0.212 "GET /allocation_candidates?limit=1000&resources=DISK_GB%3A1%2CMEMORY_MB%3A512%2CVCPU%3A1&root_required=%21COMPUTE_STATUS_DISABLED" status: 200 len: 2784 microversion: 1.36 [pid: 7|app: 0|req: 346/691] 10.0.0.212 () {34 vars in 1011 bytes} [Thu Jul 16 08:06:23 2026] GET /allocation_candidates?limit=1000&resources=DISK_GB%3A1%2CMEMORY_MB%3A512%2CVCPU%3A1&root_required=%21COMPUTE_STATUS_DISABLED => generated 2784 bytes in 54 msecs (HTTP/1.1 200) 8 headers in 297 bytes (1 switches on core 0)
2026-07-16 08:06:23.169 8 INFO placement.requestlog [req-6264f4f8-a2b2-4817-93df-a35c6120b825 req-0517badf-6b42-46b1-88ef-59ee02fe37d6 ceb92d23bc12442a81ceee30ea9bc0fa 5e789ce9788f4d5983583350090d5211 - - 639e193b09384b4d80c69d3768909fd3 639e193b09384b4d80c69d3768909fd3] 10.0.0.212 "GET /allocations/a1010d3c-bb4b-41ba-b14e-eccc97a30d06" status: 200 len: 19 microversion: 1.28 [pid: 8|app: 0|req: 346/692] 10.0.0.212 () {34 vars in 860 bytes} [Thu Jul 16 08:06:23 2026] GET /allocations/a1010d3c-bb4b-41ba-b14e-eccc97a30d06 => generated 19 bytes in 12 msecs (HTTP/1.1 200) 8 headers in 295 bytes (1 switches on core 0)
2026-07-16 08:06:23.258 7 INFO placement.requestlog [req-6264f4f8-a2b2-4817-93df-a35c6120b825 req-7b266e44-dbfa-4223-bb7f-f1d65c0e082b ceb92d23bc12442a81ceee30ea9bc0fa 5e789ce9788f4d5983583350090d5211 - - 639e193b09384b4d80c69d3768909fd3 639e193b09384b4d80c69d3768909fd3] 10.0.0.212 "PUT /allocations/a1010d3c-bb4b-41ba-b14e-eccc97a30d06" status: 204 len: 0 microversion: 1.36 [pid: 7|app: 0|req: 347/693] 10.0.0.212 () {38 vars in 913 bytes} [Thu Jul 16 08:06:23 2026] PUT /allocations/a1010d3c-bb4b-41ba-b14e-eccc97a30d06 => generated 0 bytes in 83 msecs (HTTP/1.1 204) 5 headers in 199 bytes (1 switches on core 0)
2026-07-16 08:06:24.285 8 INFO placement.requestlog [req-6c784830-98bb-4931-8b77-109d4c997366 req-8919264b-f0be-4124-91da-9b9d16812383 ceb92d23bc12442a81ceee30ea9bc0fa 5e789ce9788f4d5983583350090d5211 - - 639e193b09384b4d80c69d3768909fd3 639e193b09384b4d80c69d3768909fd3] 199.204.45.210 "DELETE /allocations/91c2c076-93cb-4901-bdd5-07c25c4dc9fa" status: 204 len: 0 microversion: 1.0 [pid: 8|app: 0|req: 347/694] 199.204.45.210 () {34 vars in 840 bytes} [Thu Jul 16 08:06:24 2026] DELETE /allocations/91c2c076-93cb-4901-bdd5-07c25c4dc9fa => generated 0 bytes in 28 msecs (HTTP/1.1 204) 5 headers in 198 bytes (1 switches on core 0)
2026-07-16 08:06:25.133 7 INFO placement.requestlog [req-6264f4f8-a2b2-4817-93df-a35c6120b825 req-c7bc8a0a-9b00-4297-b251-737306003347 ceb92d23bc12442a81ceee30ea9bc0fa 5e789ce9788f4d5983583350090d5211 - - 639e193b09384b4d80c69d3768909fd3 639e193b09384b4d80c69d3768909fd3] 199.204.45.210 "GET /allocations/a1010d3c-bb4b-41ba-b14e-eccc97a30d06" status: 200 len: 257 microversion: 1.28 [pid: 7|app: 0|req: 348/695] 199.204.45.210 () {34 vars in 862 bytes} [Thu Jul 16 08:06:25 2026] GET /allocations/a1010d3c-bb4b-41ba-b14e-eccc97a30d06 => generated 257 bytes in 15 msecs (HTTP/1.1 200) 8 headers in 296 bytes (1 switches on core 0)
2026-07-16 08:06:25.880 8 INFO placement.requestlog [None req-2094de0e-44b0-4604-a46c-b0d7cabcc72d - - - - - -] 10.0.0.254 "GET /" status: 200 len: 136 microversion: 1.0
2026-07-16 08:06:25.881 7 INFO placement.requestlog [None req-09662986-bd94-4085-8117-0fc3afc81edb - - - - - -] 10.0.0.254 "GET /" status: 200 len: 136 microversion: 1.0
2026-07-16 08:06:25.983 8 INFO placement.requestlog [None req-7d2362bd-6063-4e9f-82cb-7f0e4549ecbb - - - - - -] 10.0.0.174 "GET /" status: 200 len: 136 microversion: 1.0 [pid: 8|app: 0|req: 349/698] 10.0.0.174 () {28 vars in 436 bytes} [Thu Jul 16 08:06:25 2026] GET / => generated 136 bytes in 2 msecs (HTTP/1.1 200) 6 headers in 224 bytes (1 switches on core 0)
2026-07-16 08:06:26.182 7 INFO placement.requestlog [req-7ae6e045-12c0-4974-adbe-6cdfae2f4743 req-a34e19bb-e8ad-469f-aa27-99af230dd9ac ceb92d23bc12442a81ceee30ea9bc0fa 5e789ce9788f4d5983583350090d5211 - - 639e193b09384b4d80c69d3768909fd3 639e193b09384b4d80c69d3768909fd3] 10.0.0.174 "DELETE /allocations/91c2c076-93cb-4901-bdd5-07c25c4dc9fa" status: 404 len: 228 microversion: 1.0 [pid: 7|app: 0|req: 350/699] 10.0.0.174 () {34 vars in 829 bytes} [Thu Jul 16 08:06:25 2026] DELETE /allocations/91c2c076-93cb-4901-bdd5-07c25c4dc9fa => generated 228 bytes in 189 msecs (HTTP/1.1 404) 6 headers in 231 bytes (1 switches on core 0)
2026-07-16 08:06:26.196 8 INFO placement.requestlog [req-6264f4f8-a2b2-4817-93df-a35c6120b825 req-70d977d5-e0c1-48d4-93ef-7a00b95a0841 ceb92d23bc12442a81ceee30ea9bc0fa 5e789ce9788f4d5983583350090d5211 - - 639e193b09384b4d80c69d3768909fd3 639e193b09384b4d80c69d3768909fd3] 199.204.45.210 "GET /resource_providers/8691229a-97da-4d83-bbf2-b73fc81f9ebf/allocations" status: 200 len: 238 microversion: 1.0 [pid: 8|app: 0|req: 350/700] 199.204.45.210 () {32 vars in 856 bytes} [Thu Jul 16 08:06:26 2026] GET /resource_providers/8691229a-97da-4d83-bbf2-b73fc81f9ebf/allocations => generated 238 bytes in 26 msecs (HTTP/1.1 200) 6 headers in 224 bytes (1 switches on core 0)
2026-07-16 08:06:26.218 7 INFO placement.requestlog [req-6264f4f8-a2b2-4817-93df-a35c6120b825 req-0b91bdb3-c0be-438f-bd53-99e42818d112 ceb92d23bc12442a81ceee30ea9bc0fa 5e789ce9788f4d5983583350090d5211 - - 639e193b09384b4d80c69d3768909fd3 639e193b09384b4d80c69d3768909fd3] 199.204.45.210 "GET /allocations/4dce2f90-8b5f-48aa-a729-d57230e4afc3" status: 200 len: 243 microversion: 1.28 [pid: 7|app: 0|req: 351/701] 199.204.45.210 () {34 vars in 862 bytes} [Thu Jul 16 08:06:26 2026] GET /allocations/4dce2f90-8b5f-48aa-a729-d57230e4afc3 => generated 243 bytes in 16 msecs (HTTP/1.1 200) 8 headers in 296 bytes (1 switches on core 0)
2026-07-16 08:06:26.237 8 INFO placement.requestlog [req-6264f4f8-a2b2-4817-93df-a35c6120b825 req-c1a5e468-aab7-4f92-b412-e2f4c1acc184 ceb92d23bc12442a81ceee30ea9bc0fa 5e789ce9788f4d5983583350090d5211 - - 639e193b09384b4d80c69d3768909fd3 639e193b09384b4d80c69d3768909fd3] 199.204.45.210 "GET /allocations/a1010d3c-bb4b-41ba-b14e-eccc97a30d06" status: 200 len: 257 microversion: 1.28 [pid: 8|app: 0|req: 351/702] 199.204.45.210 () {34 vars in 862 bytes} [Thu Jul 16 08:06:26 2026] GET /allocations/a1010d3c-bb4b-41ba-b14e-eccc97a30d06 => generated 257 bytes in 10 msecs (HTTP/1.1 200) 8 headers in 296 bytes (1 switches on core 0)
2026-07-16 08:06:28.508 7 INFO placement.requestlog [None req-425970c1-3c54-4e19-a2d0-8d47b4f4cff4 f1a4c306a966476f8b7ea1747db0b864 5e789ce9788f4d5983583350090d5211 - - 639e193b09384b4d80c69d3768909fd3 639e193b09384b4d80c69d3768909fd3] 10.0.0.188 "GET /resource_providers/198518de-3277-4aac-84bf-cb170cd34e90/aggregates" status: 404 len: 235 microversion: 1.1 [pid: 7|app: 0|req: 352/703] 10.0.0.188 () {32 vars in 815 bytes} [Thu Jul 16 08:06:28 2026] GET /resource_providers/198518de-3277-4aac-84bf-cb170cd34e90/aggregates => generated 235 bytes in 13 msecs (HTTP/1.1 404) 5 headers in 202 bytes (1 switches on core 0)
2026-07-16 08:06:28.512 8 INFO placement.requestlog [None req-819061f6-cab7-48e7-b723-46d9dffba5c3 f1a4c306a966476f8b7ea1747db0b864 5e789ce9788f4d5983583350090d5211 - - 639e193b09384b4d80c69d3768909fd3 639e193b09384b4d80c69d3768909fd3] 10.0.0.188 "GET /resource_providers/198518de-3277-4aac-84bf-cb170cd34e90/aggregates" status: 404 len: 235 microversion: 1.1 [pid: 8|app: 0|req: 352/704] 10.0.0.188 () {32 vars in 815 bytes} [Thu Jul 16 08:06:28 2026] GET /resource_providers/198518de-3277-4aac-84bf-cb170cd34e90/aggregates => generated 235 bytes in 12 msecs (HTTP/1.1 404) 5 headers in 202 bytes (1 switches on core 0)
2026-07-16 08:06:28.533 7 INFO placement.requestlog [None req-f63e6c4f-25d3-4312-aad8-41ba44f34a02 f1a4c306a966476f8b7ea1747db0b864 5e789ce9788f4d5983583350090d5211 - - 639e193b09384b4d80c69d3768909fd3 639e193b09384b4d80c69d3768909fd3] 10.0.0.188 "DELETE /resource_providers/198518de-3277-4aac-84bf-cb170cd34e90" status: 404 len: 246 microversion: 1.1 [pid: 7|app: 0|req: 353/705] 10.0.0.188 () {34 vars in 815 bytes} [Thu Jul 16 08:06:28 2026] DELETE /resource_providers/198518de-3277-4aac-84bf-cb170cd34e90 => generated 246 bytes in 10 msecs (HTTP/1.1 404) 6 headers in 231 bytes (1 switches on core 0)
2026-07-16 08:06:28.536 8 INFO placement.requestlog [None req-7288d9c6-ecce-4ae7-8465-8066844576fd f1a4c306a966476f8b7ea1747db0b864 5e789ce9788f4d5983583350090d5211 - - 639e193b09384b4d80c69d3768909fd3 639e193b09384b4d80c69d3768909fd3] 10.0.0.188 "DELETE /resource_providers/198518de-3277-4aac-84bf-cb170cd34e90" status: 404 len: 246 microversion: 1.1 [pid: 8|app: 0|req: 353/706] 10.0.0.188 () {34 vars in 815 bytes} [Thu Jul 16 08:06:28 2026] DELETE /resource_providers/198518de-3277-4aac-84bf-cb170cd34e90 => generated 246 bytes in 13 msecs (HTTP/1.1 404) 6 headers in 231 bytes (1 switches on core 0)
2026-07-16 08:06:30.555 7 INFO placement.requestlog [None req-35bafe5b-c041-4f32-a70c-12ba4582abae f1a4c306a966476f8b7ea1747db0b864 5e789ce9788f4d5983583350090d5211 - - 639e193b09384b4d80c69d3768909fd3 639e193b09384b4d80c69d3768909fd3] 10.0.0.188 "GET /resource_providers/5d3a2999-15b9-4f1a-8997-b8611a87fe5a/aggregates" status: 404 len: 235 microversion: 1.1 [pid: 7|app: 0|req: 354/707] 10.0.0.188 () {32 vars in 815 bytes} [Thu Jul 16 08:06:30 2026] GET /resource_providers/5d3a2999-15b9-4f1a-8997-b8611a87fe5a/aggregates => generated 235 bytes in 12 msecs (HTTP/1.1 404) 5 headers in 202 bytes (1 switches on core 0)
2026-07-16 08:06:30.558 8 INFO placement.requestlog [None req-364fca53-9c48-42f6-bb2d-d9d335caced3 f1a4c306a966476f8b7ea1747db0b864 5e789ce9788f4d5983583350090d5211 - - 639e193b09384b4d80c69d3768909fd3 639e193b09384b4d80c69d3768909fd3] 10.0.0.188 "GET /resource_providers/5d3a2999-15b9-4f1a-8997-b8611a87fe5a/aggregates" status: 404 len: 235 microversion: 1.1 [pid: 8|app: 0|req: 354/708] 10.0.0.188 () {32 vars in 815 bytes} [Thu Jul 16 08:06:30 2026] GET /resource_providers/5d3a2999-15b9-4f1a-8997-b8611a87fe5a/aggregates => generated 235 bytes in 10 msecs (HTTP/1.1 404) 5 headers in 202 bytes (1 switches on core 0)
