+ COMMAND=start + start + exec neutron-rpc-server --config-file /etc/neutron/neutron.conf --config-file /etc/neutron/plugins/ml2/ml2_conf.ini /var/lib/openstack/lib/python3.10/site-packages/munch/__init__.py:24: UserWarning: pkg_resources is deprecated as an API. See https://setuptools.pypa.io/en/latest/pkg_resources.html. The pkg_resources package is slated for removal as early as 2025-11-30. Refrain from using this package or pin to Setuptools<81. import pkg_resources
2026-07-24 00:26:01.180 1 INFO neutron.common.config [-] Logging enabled!
2026-07-24 00:26:01.181 1 INFO neutron.common.config [-] /var/lib/openstack/bin/neutron-rpc-server version 21.2.2.dev24
2026-07-24 00:26:01.181 1 INFO neutron.server.rpc_eventlet [-] Eventlet based AMQP RPC server starting...
2026-07-24 00:26:01.181 1 INFO neutron.manager [-] Loading core plugin: ml2
2026-07-24 00:26:01.956 1 INFO neutron.plugins.ml2.managers [-] Configured type driver names: ['flat', 'gre', 'vlan', 'vxlan']
2026-07-24 00:26:01.958 1 INFO neutron.plugins.ml2.drivers.type_flat [-] Arbitrary flat physical_network names allowed
2026-07-24 00:26:01.961 1 INFO neutron.plugins.ml2.drivers.type_vlan [-] Network VLAN ranges: OrderedDict([('external', [(1, 4094)])])
2026-07-24 00:26:01.962 1 INFO neutron.plugins.ml2.managers [-] Loaded type driver names: ['flat', 'gre', 'vlan', 'vxlan']
2026-07-24 00:26:01.962 1 INFO neutron.plugins.ml2.managers [-] Registered types: dict_keys(['flat', 'gre', 'vlan', 'vxlan'])
2026-07-24 00:26:01.962 1 INFO neutron.plugins.ml2.managers [-] Tenant network_types: ['vxlan']
2026-07-24 00:26:01.963 1 INFO neutron.plugins.ml2.managers [-] Configured extension driver names: ['dns_domain_ports', 'port_security', 'qos']
2026-07-24 00:26:01.968 1 INFO neutron.plugins.ml2.managers [-] Loaded extension driver names: ['dns_domain_ports', 'port_security', 'qos']
2026-07-24 00:26:01.968 1 INFO neutron.plugins.ml2.managers [-] Registered extension drivers: ['dns_domain_ports', 'port_security', 'qos']
2026-07-24 00:26:01.968 1 INFO neutron.plugins.ml2.managers [-] Configured mechanism driver names: ['openvswitch', 'l2population']
2026-07-24 00:26:01.984 1 INFO neutron.plugins.ml2.drivers.mech_agent [-] Open vSwitch agent's supported_vnic_types: ['normal', 'direct', 'smart-nic', 'vdpa']
2026-07-24 00:26:01.985 1 INFO neutron.plugins.ml2.managers [-] Loaded mechanism driver names: ['openvswitch', 'l2population']
2026-07-24 00:26:01.985 1 INFO neutron.plugins.ml2.managers [-] Registered mechanism drivers: ['openvswitch', 'l2population']
2026-07-24 00:26:02.011 1 INFO neutron.plugins.ml2.managers [-] Initializing driver for type 'flat'
2026-07-24 00:26:02.011 1 INFO neutron.plugins.ml2.drivers.type_flat [-] ML2 FlatTypeDriver initialization complete
2026-07-24 00:26:02.012 1 INFO neutron.plugins.ml2.managers [-] Initializing driver for type 'gre'
2026-07-24 00:26:02.012 1 INFO neutron.plugins.ml2.drivers.type_tunnel [-] gre ID ranges: [(1, 1000)]
2026-07-24 00:26:02.281 1 INFO neutron.plugins.ml2.managers [None req-572e94ca-d6b1-4bdc-980c-bdf3fa839522 - - - - - -] Initializing driver for type 'vlan'
2026-07-24 00:26:02.652 1 INFO neutron.plugins.ml2.drivers.type_vlan [None req-572e94ca-d6b1-4bdc-980c-bdf3fa839522 - - - - - -] VlanTypeDriver initialization complete
2026-07-24 00:26:02.652 1 INFO neutron.plugins.ml2.managers [None req-572e94ca-d6b1-4bdc-980c-bdf3fa839522 - - - - - -] Initializing driver for type 'vxlan'
2026-07-24 00:26:02.653 1 INFO neutron.plugins.ml2.drivers.type_tunnel [None req-572e94ca-d6b1-4bdc-980c-bdf3fa839522 - - - - - -] vxlan ID ranges: [(1, 1000)]
2026-07-24 00:26:02.696 1 INFO neutron.plugins.ml2.managers [None req-572e94ca-d6b1-4bdc-980c-bdf3fa839522 - - - - - -] Initializing extension driver 'dns_domain_ports'
2026-07-24 00:26:02.696 1 INFO neutron.plugins.ml2.extensions.dns_integration [None req-572e94ca-d6b1-4bdc-980c-bdf3fa839522 - - - - - -] DNSDomainPortsExtensionDriver initialization complete
2026-07-24 00:26:02.696 1 INFO neutron.plugins.ml2.managers [None req-572e94ca-d6b1-4bdc-980c-bdf3fa839522 - - - - - -] Initializing extension driver 'port_security'
2026-07-24 00:26:02.697 1 INFO neutron.plugins.ml2.extensions.port_security [None req-572e94ca-d6b1-4bdc-980c-bdf3fa839522 - - - - - -] PortSecurityExtensionDriver initialization complete
2026-07-24 00:26:02.697 1 INFO neutron.plugins.ml2.managers [None req-572e94ca-d6b1-4bdc-980c-bdf3fa839522 - - - - - -] Initializing extension driver 'qos'
2026-07-24 00:26:02.697 1 INFO neutron.plugins.ml2.managers [None req-572e94ca-d6b1-4bdc-980c-bdf3fa839522 - - - - - -] Initializing mechanism driver 'openvswitch'
2026-07-24 00:26:02.697 1 INFO neutron.plugins.ml2.managers [None req-572e94ca-d6b1-4bdc-980c-bdf3fa839522 - - - - - -] Initializing mechanism driver 'l2population'
2026-07-24 00:26:02.709 1 INFO neutron.quota [None req-3a08a26b-24da-4040-be31-33be84b86c20 - - - - - -] Loaded quota_driver: .
2026-07-24 00:26:02.710 1 INFO neutron.plugins.ml2.plugin [None req-3a08a26b-24da-4040-be31-33be84b86c20 - - - - - -] Modular L2 Plugin initialization complete
2026-07-24 00:26:02.710 1 INFO neutron.plugins.ml2.managers [None req-3a08a26b-24da-4040-be31-33be84b86c20 - - - - - -] Got dns-integration extension from driver 'dns_domain_ports'
2026-07-24 00:26:02.710 1 INFO neutron.plugins.ml2.managers [None req-3a08a26b-24da-4040-be31-33be84b86c20 - - - - - -] Got dns-domain-ports extension from driver 'dns_domain_ports'
2026-07-24 00:26:02.710 1 INFO neutron.plugins.ml2.managers [None req-3a08a26b-24da-4040-be31-33be84b86c20 - - - - - -] Got port-security extension from driver 'port_security'
2026-07-24 00:26:02.711 1 INFO neutron.extensions.vlantransparent [None req-3a08a26b-24da-4040-be31-33be84b86c20 - - - - - -] Disabled vlantransparent extension.
2026-07-24 00:26:02.711 1 INFO neutron.manager [None req-3a08a26b-24da-4040-be31-33be84b86c20 - - - - - -] Loading Plugin: qos
2026-07-24 00:26:02.720 1 INFO neutron.manager [None req-3a08a26b-24da-4040-be31-33be84b86c20 - - - - - -] Loading Plugin: router
2026-07-24 00:26:02.749 1 INFO neutron.services.service_base [None req-3a08a26b-24da-4040-be31-33be84b86c20 - - - - - -] Default provider is not specified for service type L3_ROUTER_NAT
2026-07-24 00:26:02.749 1 INFO neutron.manager [None req-3a08a26b-24da-4040-be31-33be84b86c20 - - - - - -] Loading Plugin: segments
2026-07-24 00:26:02.810 1 INFO neutron.manager [None req-3a08a26b-24da-4040-be31-33be84b86c20 - - - - - -] Loading Plugin: trunk
2026-07-24 00:26:02.867 1 INFO neutron.manager [None req-3a08a26b-24da-4040-be31-33be84b86c20 - - - - - -] Loading Plugin: vpnaas
2026-07-24 00:26:02.903 1 WARNING stevedore.named [None req-3a08a26b-24da-4040-be31-33be84b86c20 - - - - - -] Could not load neutron_vpnaas.services.vpn.service_drivers.ipsec.IPsecVPNDriver
2026-07-24 00:26:02.967 1 INFO neutron_vpnaas.services.vpn.plugin [None req-3a08a26b-24da-4040-be31-33be84b86c20 - - - - - -] VPN plugin using service drivers: dict_keys(['strongswan']), default: strongswan
2026-07-24 00:26:02.968 1 INFO neutron.common.utils [None req-3a08a26b-24da-4040-be31-33be84b86c20 - - - - - -] Disable filter validation extension by service plugin VPNDriverPlugin.
2026-07-24 00:26:02.968 1 INFO neutron.manager [None req-3a08a26b-24da-4040-be31-33be84b86c20 - - - - - -] Loading Plugin: auto_allocate
2026-07-24 00:26:02.972 1 INFO neutron.manager [None req-3a08a26b-24da-4040-be31-33be84b86c20 - - - - - -] Loading Plugin: tag
2026-07-24 00:26:02.976 1 INFO neutron.manager [None req-3a08a26b-24da-4040-be31-33be84b86c20 - - - - - -] Loading Plugin: timestamp
2026-07-24 00:26:02.978 1 INFO neutron.manager [None req-3a08a26b-24da-4040-be31-33be84b86c20 - - - - - -] Loading Plugin: network_ip_availability
2026-07-24 00:26:02.981 1 INFO neutron.manager [None req-3a08a26b-24da-4040-be31-33be84b86c20 - - - - - -] Loading Plugin: flavors
2026-07-24 00:26:02.983 1 INFO neutron.manager [None req-3a08a26b-24da-4040-be31-33be84b86c20 - - - - - -] Loading Plugin: revisions
2026-07-24 00:26:02.986 1 INFO neutron.api.extensions [None req-3a08a26b-24da-4040-be31-33be84b86c20 - - - - - -] Initializing extension manager.
2026-07-24 00:26:02.987 1 INFO neutron.api.extensions [None req-3a08a26b-24da-4040-be31-33be84b86c20 - - - - - -] Loaded extension: address-group
2026-07-24 00:26:02.987 1 INFO neutron.api.extensions [None req-3a08a26b-24da-4040-be31-33be84b86c20 - - - - - -] Loaded extension: address-scope
2026-07-24 00:26:02.988 1 INFO neutron.api.extensions [None req-3a08a26b-24da-4040-be31-33be84b86c20 - - - - - -] Loaded extension: router-admin-state-down-before-update
2026-07-24 00:26:02.989 1 INFO neutron.api.extensions [None req-3a08a26b-24da-4040-be31-33be84b86c20 - - - - - -] Loaded extension: agent
2026-07-24 00:26:02.989 1 INFO neutron.api.extensions [None req-3a08a26b-24da-4040-be31-33be84b86c20 - - - - - -] Loaded extension: agent-resources-synced
2026-07-24 00:26:02.990 1 INFO neutron.api.extensions [None req-3a08a26b-24da-4040-be31-33be84b86c20 - - - - - -] Loaded extension: allowed-address-pairs
2026-07-24 00:26:02.991 1 INFO neutron.api.extensions [None req-3a08a26b-24da-4040-be31-33be84b86c20 - - - - - -] Loaded extension: auto-allocated-topology
2026-07-24 00:26:02.992 1 INFO neutron.api.extensions [None req-3a08a26b-24da-4040-be31-33be84b86c20 - - - - - -] Loaded extension: availability_zone
2026-07-24 00:26:02.992 1 INFO neutron.api.extensions [None req-3a08a26b-24da-4040-be31-33be84b86c20 - - - - - -] Loaded extension: availability_zone_filter
2026-07-24 00:26:02.993 1 INFO neutron.api.extensions [None req-3a08a26b-24da-4040-be31-33be84b86c20 - - - - - -] Extension data-plane-status not supported by any of loaded plugins
2026-07-24 00:26:02.993 1 INFO neutron.api.extensions [None req-3a08a26b-24da-4040-be31-33be84b86c20 - - - - - -] Loaded extension: default-subnetpools
2026-07-24 00:26:02.994 1 INFO neutron.api.extensions [None req-3a08a26b-24da-4040-be31-33be84b86c20 - - - - - -] Loaded extension: dhcp_agent_scheduler
2026-07-24 00:26:02.995 1 INFO neutron.api.extensions [None req-3a08a26b-24da-4040-be31-33be84b86c20 - - - - - -] Loaded extension: dns-integration
2026-07-24 00:26:02.995 1 INFO neutron.api.extensions [None req-3a08a26b-24da-4040-be31-33be84b86c20 - - - - - -] Loaded extension: dns-domain-ports
2026-07-24 00:26:02.996 1 INFO neutron.api.extensions [None req-3a08a26b-24da-4040-be31-33be84b86c20 - - - - - -] Extension dns-integration-domain-keywords not supported by any of loaded plugins
2026-07-24 00:26:02.996 1 INFO neutron.api.extensions [None req-3a08a26b-24da-4040-be31-33be84b86c20 - - - - - -] Loaded extension: dvr
2026-07-24 00:26:02.997 1 INFO neutron.api.extensions [None req-3a08a26b-24da-4040-be31-33be84b86c20 - - - - - -] Extension ecmp_routes not supported by any of loaded plugins
2026-07-24 00:26:02.997 1 INFO neutron.api.extensions [None req-3a08a26b-24da-4040-be31-33be84b86c20 - - - - - -] Loaded extension: empty-string-filtering
2026-07-24 00:26:02.998 1 INFO neutron.api.extensions [None req-3a08a26b-24da-4040-be31-33be84b86c20 - - - - - -] Extension expose-l3-conntrack-helper not supported by any of loaded plugins
2026-07-24 00:26:02.998 1 INFO neutron.api.extensions [None req-3a08a26b-24da-4040-be31-33be84b86c20 - - - - - -] Extension expose-port-forwarding-in-fip not supported by any of loaded plugins
2026-07-24 00:26:02.999 1 INFO neutron.api.extensions [None req-3a08a26b-24da-4040-be31-33be84b86c20 - - - - - -] Loaded extension: external-net
2026-07-24 00:26:02.999 1 INFO neutron.api.extensions [None req-3a08a26b-24da-4040-be31-33be84b86c20 - - - - - -] Loaded extension: extra_dhcp_opt
2026-07-24 00:26:03.000 1 INFO neutron.api.extensions [None req-3a08a26b-24da-4040-be31-33be84b86c20 - - - - - -] Loaded extension: extraroute
2026-07-24 00:26:03.000 1 INFO neutron.api.extensions [None req-3a08a26b-24da-4040-be31-33be84b86c20 - - - - - -] Loaded extension: extraroute-atomic
2026-07-24 00:26:03.001 1 INFO neutron.api.extensions [None req-3a08a26b-24da-4040-be31-33be84b86c20 - - - - - -] Extension filter-validation not supported by any of loaded plugins
2026-07-24 00:26:03.002 1 INFO neutron.api.extensions [None req-3a08a26b-24da-4040-be31-33be84b86c20 - - - - - -] Extension floating-ip-port-forwarding-description not supported by any of loaded plugins
2026-07-24 00:26:03.002 1 INFO neutron.api.extensions [None req-3a08a26b-24da-4040-be31-33be84b86c20 - - - - - -] Loaded extension: floating-ip-port-forwarding-detail
2026-07-24 00:26:03.002 1 INFO neutron.api.extensions [None req-3a08a26b-24da-4040-be31-33be84b86c20 - - - - - -] Extension floating-ip-port-forwarding-port-ranges not supported by any of loaded plugins
2026-07-24 00:26:03.003 1 INFO neutron.api.extensions [None req-3a08a26b-24da-4040-be31-33be84b86c20 - - - - - -] Loaded extension: fip-port-details
2026-07-24 00:26:03.004 1 INFO neutron.api.extensions [None req-3a08a26b-24da-4040-be31-33be84b86c20 - - - - - -] Loaded extension: flavors
2026-07-24 00:26:03.004 1 INFO neutron.api.extensions [None req-3a08a26b-24da-4040-be31-33be84b86c20 - - - - - -] Extension floating-ip-port-forwarding not supported by any of loaded plugins
2026-07-24 00:26:03.005 1 INFO neutron.api.extensions [None req-3a08a26b-24da-4040-be31-33be84b86c20 - - - - - -] Loaded extension: floatingip-pools
2026-07-24 00:26:03.006 1 INFO neutron.api.extensions [None req-3a08a26b-24da-4040-be31-33be84b86c20 - - - - - -] Loaded extension: ip_allocation
2026-07-24 00:26:03.006 1 INFO neutron.api.extensions [None req-3a08a26b-24da-4040-be31-33be84b86c20 - - - - - -] Loaded extension: ip-substring-filtering
2026-07-24 00:26:03.007 1 INFO neutron.api.extensions [None req-3a08a26b-24da-4040-be31-33be84b86c20 - - - - - -] Loaded extension: l2_adjacency
2026-07-24 00:26:03.007 1 INFO neutron.api.extensions [None req-3a08a26b-24da-4040-be31-33be84b86c20 - - - - - -] Loaded extension: router
2026-07-24 00:26:03.009 1 INFO neutron.api.extensions [None req-3a08a26b-24da-4040-be31-33be84b86c20 - - - - - -] Extension l3-conntrack-helper not supported by any of loaded plugins
2026-07-24 00:26:03.009 1 INFO neutron.api.extensions [None req-3a08a26b-24da-4040-be31-33be84b86c20 - - - - - -] Loaded extension: ext-gw-mode
2026-07-24 00:26:03.010 1 INFO neutron.api.extensions [None req-3a08a26b-24da-4040-be31-33be84b86c20 - - - - - -] Loaded extension: l3-ha
2026-07-24 00:26:03.010 1 INFO neutron.api.extensions [None req-3a08a26b-24da-4040-be31-33be84b86c20 - - - - - -] Extension l3-ext-ndp-proxy not supported by any of loaded plugins
2026-07-24 00:26:03.011 1 INFO neutron.api.extensions [None req-3a08a26b-24da-4040-be31-33be84b86c20 - - - - - -] Loaded extension: l3-flavors
2026-07-24 00:26:03.011 1 INFO neutron.api.extensions [None req-3a08a26b-24da-4040-be31-33be84b86c20 - - - - - -] Extension l3-ndp-proxy not supported by any of loaded plugins
2026-07-24 00:26:03.012 1 INFO neutron.api.extensions [None req-3a08a26b-24da-4040-be31-33be84b86c20 - - - - - -] Loaded extension: l3-port-ip-change-not-allowed
2026-07-24 00:26:03.015 1 INFO neutron.api.extensions [None req-3a08a26b-24da-4040-be31-33be84b86c20 - - - - - -] Loaded extension: l3_agent_scheduler
2026-07-24 00:26:03.018 1 INFO neutron.api.extensions [None req-3a08a26b-24da-4040-be31-33be84b86c20 - - - - - -] Extension local_ip not supported by any of loaded plugins
2026-07-24 00:26:03.019 1 INFO neutron.api.extensions [None req-3a08a26b-24da-4040-be31-33be84b86c20 - - - - - -] Extension logging not supported by any of loaded plugins
2026-07-24 00:26:03.020 1 INFO neutron.api.extensions [None req-3a08a26b-24da-4040-be31-33be84b86c20 - - - - - -] Extension metering not supported by any of loaded plugins
2026-07-24 00:26:03.020 1 INFO neutron.api.extensions [None req-3a08a26b-24da-4040-be31-33be84b86c20 - - - - - -] Extension metering_source_and_destination_fields not supported by any of loaded plugins
2026-07-24 00:26:03.021 1 INFO neutron.api.extensions [None req-3a08a26b-24da-4040-be31-33be84b86c20 - - - - - -] Loaded extension: multi-provider
2026-07-24 00:26:03.021 1 INFO neutron.api.extensions [None req-3a08a26b-24da-4040-be31-33be84b86c20 - - - - - -] Loaded extension: net-mtu
2026-07-24 00:26:03.022 1 INFO neutron.api.extensions [None req-3a08a26b-24da-4040-be31-33be84b86c20 - - - - - -] Loaded extension: net-mtu-writable
2026-07-24 00:26:03.022 1 INFO neutron.api.extensions [None req-3a08a26b-24da-4040-be31-33be84b86c20 - - - - - -] Loaded extension: network_availability_zone
2026-07-24 00:26:03.023 1 INFO neutron.api.extensions [None req-3a08a26b-24da-4040-be31-33be84b86c20 - - - - - -] Loaded extension: network-ip-availability
2026-07-24 00:26:03.024 1 INFO neutron.api.extensions [None req-3a08a26b-24da-4040-be31-33be84b86c20 - - - - - -] Extension network-segment-range not supported by any of loaded plugins
2026-07-24 00:26:03.024 1 INFO neutron.api.extensions [None req-3a08a26b-24da-4040-be31-33be84b86c20 - - - - - -] Loaded extension: pagination
2026-07-24 00:26:03.025 1 INFO neutron.api.extensions [None req-3a08a26b-24da-4040-be31-33be84b86c20 - - - - - -] Loaded extension: port-device-profile
2026-07-24 00:26:03.025 1 INFO neutron.api.extensions [None req-3a08a26b-24da-4040-be31-33be84b86c20 - - - - - -] Loaded extension: port-mac-override
2026-07-24 00:26:03.026 1 INFO neutron.api.extensions [None req-3a08a26b-24da-4040-be31-33be84b86c20 - - - - - -] Loaded extension: port-mac-address-regenerate
2026-07-24 00:26:03.026 1 INFO neutron.api.extensions [None req-3a08a26b-24da-4040-be31-33be84b86c20 - - - - - -] Loaded extension: port-numa-affinity-policy
2026-07-24 00:26:03.027 1 INFO neutron.api.extensions [None req-3a08a26b-24da-4040-be31-33be84b86c20 - - - - - -] Loaded extension: port-resource-request
2026-07-24 00:26:03.027 1 INFO neutron.api.extensions [None req-3a08a26b-24da-4040-be31-33be84b86c20 - - - - - -] Loaded extension: port-resource-request-groups
2026-07-24 00:26:03.028 1 INFO neutron.api.extensions [None req-3a08a26b-24da-4040-be31-33be84b86c20 - - - - - -] Loaded extension: binding
2026-07-24 00:26:03.028 1 INFO neutron.api.extensions [None req-3a08a26b-24da-4040-be31-33be84b86c20 - - - - - -] Loaded extension: binding-extended
2026-07-24 00:26:03.029 1 INFO neutron.api.extensions [None req-3a08a26b-24da-4040-be31-33be84b86c20 - - - - - -] Loaded extension: port-security
2026-07-24 00:26:03.030 1 INFO neutron.api.extensions [None req-3a08a26b-24da-4040-be31-33be84b86c20 - - - - - -] Loaded extension: project-id
2026-07-24 00:26:03.030 1 INFO neutron.api.extensions [None req-3a08a26b-24da-4040-be31-33be84b86c20 - - - - - -] Loaded extension: provider
2026-07-24 00:26:03.032 1 INFO neutron.api.extensions [None req-3a08a26b-24da-4040-be31-33be84b86c20 - - - - - -] Loaded extension: qos
2026-07-24 00:26:03.033 1 INFO neutron.api.extensions [None req-3a08a26b-24da-4040-be31-33be84b86c20 - - - - - -] Loaded extension: qos-bw-limit-direction
2026-07-24 00:26:03.033 1 INFO neutron.api.extensions [None req-3a08a26b-24da-4040-be31-33be84b86c20 - - - - - -] Loaded extension: qos-bw-minimum-ingress
2026-07-24 00:26:03.034 1 INFO neutron.api.extensions [None req-3a08a26b-24da-4040-be31-33be84b86c20 - - - - - -] Loaded extension: qos-default
2026-07-24 00:26:03.034 1 INFO neutron.api.extensions [None req-3a08a26b-24da-4040-be31-33be84b86c20 - - - - - -] Loaded extension: qos-fip
2026-07-24 00:26:03.034 1 INFO neutron.api.extensions [None req-3a08a26b-24da-4040-be31-33be84b86c20 - - - - - -] Extension qos-fip-network-policy not supported by any of loaded plugins
2026-07-24 00:26:03.035 1 INFO neutron.api.extensions [None req-3a08a26b-24da-4040-be31-33be84b86c20 - - - - - -] Loaded extension: qos-gateway-ip
2026-07-24 00:26:03.035 1 INFO neutron.api.extensions [None req-3a08a26b-24da-4040-be31-33be84b86c20 - - - - - -] Loaded extension: qos-port-network-policy
2026-07-24 00:26:03.036 1 INFO neutron.api.extensions [None req-3a08a26b-24da-4040-be31-33be84b86c20 - - - - - -] Loaded extension: qos-pps-minimum
2026-07-24 00:26:03.037 1 INFO neutron.api.extensions [None req-3a08a26b-24da-4040-be31-33be84b86c20 - - - - - -] Loaded extension: qos-pps-minimum-rule-alias
2026-07-24 00:26:03.037 1 INFO neutron.api.extensions [None req-3a08a26b-24da-4040-be31-33be84b86c20 - - - - - -] Loaded extension: qos-pps
2026-07-24 00:26:03.038 1 INFO neutron.api.extensions [None req-3a08a26b-24da-4040-be31-33be84b86c20 - - - - - -] Loaded extension: qos-rule-type-details
2026-07-24 00:26:03.038 1 INFO neutron.api.extensions [None req-3a08a26b-24da-4040-be31-33be84b86c20 - - - - - -] Loaded extension: qos-rule-type-filter
2026-07-24 00:26:03.039 1 INFO neutron.api.extensions [None req-3a08a26b-24da-4040-be31-33be84b86c20 - - - - - -] Loaded extension: qos-rules-alias
2026-07-24 00:26:03.039 1 INFO neutron.api.extensions [None req-3a08a26b-24da-4040-be31-33be84b86c20 - - - - - -] Loaded extension: quota-check-limit
2026-07-24 00:26:03.041 1 INFO neutron.api.extensions [None req-3a08a26b-24da-4040-be31-33be84b86c20 - - - - - -] Loaded extension: quotas
2026-07-24 00:26:03.043 1 INFO neutron.api.extensions [None req-3a08a26b-24da-4040-be31-33be84b86c20 - - - - - -] Loaded extension: quota_details
2026-07-24 00:26:03.044 1 INFO neutron.api.extensions [None req-3a08a26b-24da-4040-be31-33be84b86c20 - - - - - -] Loaded extension: rbac-policies
2026-07-24 00:26:03.044 1 INFO neutron.api.extensions [None req-3a08a26b-24da-4040-be31-33be84b86c20 - - - - - -] Loaded extension: rbac-address-group
2026-07-24 00:26:03.045 1 INFO neutron.api.extensions [None req-3a08a26b-24da-4040-be31-33be84b86c20 - - - - - -] Loaded extension: rbac-address-scope
2026-07-24 00:26:03.045 1 INFO neutron.api.extensions [None req-3a08a26b-24da-4040-be31-33be84b86c20 - - - - - -] Loaded extension: rbac-security-groups
2026-07-24 00:26:03.046 1 INFO neutron.api.extensions [None req-3a08a26b-24da-4040-be31-33be84b86c20 - - - - - -] Loaded extension: rbac-subnetpool
2026-07-24 00:26:03.046 1 INFO neutron.api.extensions [None req-3a08a26b-24da-4040-be31-33be84b86c20 - - - - - -] Loaded extension: revision-if-match
2026-07-24 00:26:03.047 1 INFO neutron.api.extensions [None req-3a08a26b-24da-4040-be31-33be84b86c20 - - - - - -] Loaded extension: standard-attr-revisions
2026-07-24 00:26:03.048 1 INFO neutron.api.extensions [None req-3a08a26b-24da-4040-be31-33be84b86c20 - - - - - -] Loaded extension: router_availability_zone
2026-07-24 00:26:03.048 1 INFO neutron.api.extensions [None req-3a08a26b-24da-4040-be31-33be84b86c20 - - - - - -] Extension router-service-type not supported by any of loaded plugins
2026-07-24 00:26:03.049 1 INFO neutron.api.extensions [None req-3a08a26b-24da-4040-be31-33be84b86c20 - - - - - -] Loaded extension: security-groups-normalized-cidr
2026-07-24 00:26:03.050 1 INFO neutron.api.extensions [None req-3a08a26b-24da-4040-be31-33be84b86c20 - - - - - -] Loaded extension: port-security-groups-filtering
2026-07-24 00:26:03.050 1 INFO neutron.api.extensions [None req-3a08a26b-24da-4040-be31-33be84b86c20 - - - - - -] Loaded extension: security-groups-remote-address-group
2026-07-24 00:26:03.051 1 INFO neutron.api.extensions [None req-3a08a26b-24da-4040-be31-33be84b86c20 - - - - - -] Loaded extension: security-groups-shared-filtering
2026-07-24 00:26:03.057 1 INFO neutron.api.extensions [None req-3a08a26b-24da-4040-be31-33be84b86c20 - - - - - -] Loaded extension: security-group
2026-07-24 00:26:03.058 1 INFO neutron.api.extensions [None req-3a08a26b-24da-4040-be31-33be84b86c20 - - - - - -] Loaded extension: segment
2026-07-24 00:26:03.058 1 INFO neutron.api.extensions [None req-3a08a26b-24da-4040-be31-33be84b86c20 - - - - - -] Loaded extension: segments-peer-subnet-host-routes
2026-07-24 00:26:03.059 1 INFO neutron.api.extensions [None req-3a08a26b-24da-4040-be31-33be84b86c20 - - - - - -] Loaded extension: service-type
2026-07-24 00:26:03.059 1 INFO neutron.api.extensions [None req-3a08a26b-24da-4040-be31-33be84b86c20 - - - - - -] Loaded extension: sorting
2026-07-24 00:26:03.060 1 INFO neutron.api.extensions [None req-3a08a26b-24da-4040-be31-33be84b86c20 - - - - - -] Loaded extension: standard-attr-segment
2026-07-24 00:26:03.060 1 INFO neutron.api.extensions [None req-3a08a26b-24da-4040-be31-33be84b86c20 - - - - - -] Loaded extension: standard-attr-description
2026-07-24 00:26:03.061 1 INFO neutron.api.extensions [None req-3a08a26b-24da-4040-be31-33be84b86c20 - - - - - -] Loaded extension: stateful-security-group
2026-07-24 00:26:03.061 1 WARNING neutron.api.extensions [None req-3a08a26b-24da-4040-be31-33be84b86c20 - - - - - -] Did not find expected name "Stdattrs_common" in /var/lib/openstack/lib/python3.10/site-packages/neutron/extensions/stdattrs_common.py
2026-07-24 00:26:03.062 1 INFO neutron.api.extensions [None req-3a08a26b-24da-4040-be31-33be84b86c20 - - - - - -] Extension subnet-dns-publish-fixed-ip not supported by any of loaded plugins
2026-07-24 00:26:03.062 1 INFO neutron.api.extensions [None req-3a08a26b-24da-4040-be31-33be84b86c20 - - - - - -] Loaded extension: subnet_onboard
2026-07-24 00:26:03.063 1 INFO neutron.api.extensions [None req-3a08a26b-24da-4040-be31-33be84b86c20 - - - - - -] Loaded extension: subnet-segmentid-writable
2026-07-24 00:26:03.063 1 INFO neutron.api.extensions [None req-3a08a26b-24da-4040-be31-33be84b86c20 - - - - - -] Loaded extension: subnet-service-types
2026-07-24 00:26:03.064 1 INFO neutron.api.extensions [None req-3a08a26b-24da-4040-be31-33be84b86c20 - - - - - -] Loaded extension: subnet_allocation
2026-07-24 00:26:03.065 1 INFO neutron.api.extensions [None req-3a08a26b-24da-4040-be31-33be84b86c20 - - - - - -] Loaded extension: subnetpool-prefix-ops
2026-07-24 00:26:03.065 1 INFO neutron.api.extensions [None req-3a08a26b-24da-4040-be31-33be84b86c20 - - - - - -] Extension tag-ports-during-bulk-creation not supported by any of loaded plugins
2026-07-24 00:26:03.067 1 INFO neutron.api.extensions [None req-3a08a26b-24da-4040-be31-33be84b86c20 - - - - - -] Loaded extension: standard-attr-tag
2026-07-24 00:26:03.067 1 INFO neutron.api.extensions [None req-3a08a26b-24da-4040-be31-33be84b86c20 - - - - - -] Loaded extension: standard-attr-timestamp
2026-07-24 00:26:03.068 1 INFO neutron.api.extensions [None req-3a08a26b-24da-4040-be31-33be84b86c20 - - - - - -] Loaded extension: trunk
2026-07-24 00:26:03.068 1 INFO neutron.api.extensions [None req-3a08a26b-24da-4040-be31-33be84b86c20 - - - - - -] Loaded extension: trunk-details
2026-07-24 00:26:03.069 1 INFO neutron.api.extensions [None req-3a08a26b-24da-4040-be31-33be84b86c20 - - - - - -] Extension uplink-status-propagation not supported by any of loaded plugins
2026-07-24 00:26:03.069 1 INFO neutron.api.extensions [None req-3a08a26b-24da-4040-be31-33be84b86c20 - - - - - -] Extension vlan-transparent not supported by any of loaded plugins
2026-07-24 00:26:03.070 1 INFO neutron.api.extensions [None req-3a08a26b-24da-4040-be31-33be84b86c20 - - - - - -] Loaded extension: vpn-endpoint-groups
2026-07-24 00:26:03.071 1 INFO neutron.api.extensions [None req-3a08a26b-24da-4040-be31-33be84b86c20 - - - - - -] Loaded extension: vpn-flavors
2026-07-24 00:26:03.072 1 INFO neutron.api.extensions [None req-3a08a26b-24da-4040-be31-33be84b86c20 - - - - - -] Loaded extension: vpnaas
2026-07-24 00:26:03.074 1 INFO oslo_service.service [None req-3a08a26b-24da-4040-be31-33be84b86c20 - - - - - -] Starting 2 workers
2026-07-24 00:26:03.080 1 INFO oslo_service.service [None req-3a08a26b-24da-4040-be31-33be84b86c20 - - - - - -] Starting 1 workers
2026-07-24 00:26:37.975 9 INFO neutron.db.l3_hamode_db [None req-a5a968e0-c609-4a25-ad53-cb9c74760078 - - - - - -] Number of active agents lower than max_l3_agents_per_router. L3 agents available: 1
2026-07-24 00:26:48.451 9 INFO neutron.plugins.ml2.plugin [None req-3884c669-16be-4e2b-9401-a0b2c5a5f962 - - - - - -] Attempt 1 to provision port d112fc3b-22cb-45ad-b428-0d88a1d11b24
2026-07-24 00:26:50.071 9 INFO neutron.plugins.ml2.plugin [None req-d8ea9931-d3ee-491f-904d-36cc7e48efb9 - - - - - -] Attempt 1 to provision port d112fc3b-22cb-45ad-b428-0d88a1d11b24
2026-07-24 00:26:50.216 10 INFO neutron.plugins.ml2.plugin [None req-3884c669-16be-4e2b-9401-a0b2c5a5f962 - - - - - -] Attempt 1 to provision port d112fc3b-22cb-45ad-b428-0d88a1d11b24
2026-07-24 00:26:50.439 9 INFO neutron.plugins.ml2.plugin [None req-2613f34d-3f2e-4f70-b204-4fe78868e27a - - - - - -] Attempt 1 to provision port d112fc3b-22cb-45ad-b428-0d88a1d11b24
2026-07-24 00:33:22.450 9 INFO neutron.plugins.ml2.plugin [None req-3884c669-16be-4e2b-9401-a0b2c5a5f962 - - - - - -] Attempt 1 to provision port d42c9454-bc78-40b6-a05b-c230a4d87872
2026-07-24 00:33:22.795 9 INFO neutron.plugins.ml2.plugin [None req-92d08010-d16b-4db9-80e9-d904de8a15e8 - - - - - -] Attempt 1 to provision port d42c9454-bc78-40b6-a05b-c230a4d87872
2026-07-24 00:33:23.115 10 INFO neutron.plugins.ml2.plugin [None req-63d5bcbd-ad69-499c-a6ec-8704e11ce621 - - - - - -] Attempt 1 to provision port d42c9454-bc78-40b6-a05b-c230a4d87872
2026-07-24 00:33:24.447 9 INFO neutron.plugins.ml2.plugin [None req-3884c669-16be-4e2b-9401-a0b2c5a5f962 - - - - - -] Attempt 1 to provision port d42c9454-bc78-40b6-a05b-c230a4d87872
2026-07-24 00:33:29.164 10 INFO neutron.plugins.ml2.plugin [None req-da6004d9-925b-4216-92c9-bc82b35c16d2 - - - - - -] Attempt 1 to provision port 3055b5d6-17a8-41ad-9474-fc55d4e73d43
2026-07-24 00:36:46.690 10 INFO neutron.plugins.ml2.plugin [None req-3884c669-16be-4e2b-9401-a0b2c5a5f962 - - - - - -] Attempt 1 to provision port 3055b5d6-17a8-41ad-9474-fc55d4e73d43
2026-07-24 00:36:48.586 9 INFO neutron.plugins.ml2.plugin [None req-3884c669-16be-4e2b-9401-a0b2c5a5f962 - - - - - -] Attempt 1 to provision port 3055b5d6-17a8-41ad-9474-fc55d4e73d43
2026-07-24 00:45:04.921 10 INFO neutron.plugins.ml2.plugin [None req-3884c669-16be-4e2b-9401-a0b2c5a5f962 - - - - - -] Attempt 1 to provision port 6d8e2e19-09d6-4696-a13c-6b387500f8cf
2026-07-24 00:45:06.938 9 INFO neutron.plugins.ml2.plugin [None req-3884c669-16be-4e2b-9401-a0b2c5a5f962 - - - - - -] Attempt 1 to provision port 6d8e2e19-09d6-4696-a13c-6b387500f8cf
2026-07-24 01:02:34.670 9 INFO neutron.plugins.ml2.plugin [None req-eebcef8c-90ba-47a1-92e1-3330a7cc5afa - - - - - -] Attempt 1 to provision port 77890895-8baf-47ea-911e-53e827f8f29b
2026-07-24 01:02:35.413 10 INFO neutron.plugins.ml2.plugin [None req-421c422c-dc51-4485-ae1c-cb016b3bb042 - - - - - -] Attempt 1 to provision port 684e7061-a8fb-4186-b097-9911f56f72db
2026-07-24 01:02:35.643 9 INFO neutron.plugins.ml2.plugin [None req-3884c669-16be-4e2b-9401-a0b2c5a5f962 - - - - - -] Attempt 1 to provision port 250a6f62-53c2-4094-919b-9351cb8c6a12
2026-07-24 01:02:36.199 9 INFO neutron.plugins.ml2.plugin [None req-3884c669-16be-4e2b-9401-a0b2c5a5f962 - - - - - -] Attempt 1 to provision port b7609f59-9009-4328-bb4e-c7fafc47d575
2026-07-24 01:02:36.479 10 INFO neutron.plugins.ml2.plugin [None req-2350092a-e5e9-487e-b06f-d4bbc858f00f - - - - - -] Attempt 1 to provision port b7609f59-9009-4328-bb4e-c7fafc47d575
2026-07-24 01:02:36.793 10 INFO neutron.plugins.ml2.plugin [None req-2350092a-e5e9-487e-b06f-d4bbc858f00f - - - - - -] Attempt 1 to provision port f2e58183-6da8-4ec4-a15f-c78fa75fbd73
2026-07-24 01:02:36.799 9 INFO neutron.plugins.ml2.plugin [None req-3884c669-16be-4e2b-9401-a0b2c5a5f962 - - - - - -] Attempt 1 to provision port f2e58183-6da8-4ec4-a15f-c78fa75fbd73
2026-07-24 01:02:37.378 10 INFO neutron.plugins.ml2.plugin [None req-7a625b40-9dcd-41a4-b4ea-fa6c10937250 - - - - - -] Attempt 1 to provision port 250a6f62-53c2-4094-919b-9351cb8c6a12
2026-07-24 01:02:37.620 10 INFO neutron.plugins.ml2.plugin [None req-7a625b40-9dcd-41a4-b4ea-fa6c10937250 - - - - - -] Attempt 1 to provision port b7609f59-9009-4328-bb4e-c7fafc47d575
2026-07-24 01:02:37.743 10 INFO neutron.plugins.ml2.plugin [None req-7a625b40-9dcd-41a4-b4ea-fa6c10937250 - - - - - -] Attempt 1 to provision port f2e58183-6da8-4ec4-a15f-c78fa75fbd73
2026-07-24 01:02:37.956 9 INFO neutron.plugins.ml2.plugin [None req-06f9c771-6ba1-448a-9c05-f45a7e0cdf58 - - - - - -] Attempt 1 to provision port 832cbfef-2680-4561-bf8b-1b74449c495f
2026-07-24 01:02:38.040 9 INFO neutron.plugins.ml2.plugin [None req-06f9c771-6ba1-448a-9c05-f45a7e0cdf58 - - - - - -] Attempt 1 to provision port 250a6f62-53c2-4094-919b-9351cb8c6a12
2026-07-24 01:02:38.203 10 INFO neutron.plugins.ml2.plugin [None req-3884c669-16be-4e2b-9401-a0b2c5a5f962 - - - - - -] Attempt 1 to provision port b7609f59-9009-4328-bb4e-c7fafc47d575
2026-07-24 01:02:38.245 9 INFO neutron.plugins.ml2.plugin [None req-4920beaf-74fa-4373-97c7-d54812307942 - - - - - -] Attempt 1 to provision port 508d8d55-1f9a-4f00-8aed-0236eaee6e28
2026-07-24 01:02:38.660 10 INFO neutron.plugins.ml2.plugin [None req-3884c669-16be-4e2b-9401-a0b2c5a5f962 - - - - - -] Attempt 1 to provision port 250a6f62-53c2-4094-919b-9351cb8c6a12
2026-07-24 01:02:38.990 10 INFO neutron.plugins.ml2.plugin [None req-3884c669-16be-4e2b-9401-a0b2c5a5f962 - - - - - -] Attempt 1 to provision port f2e58183-6da8-4ec4-a15f-c78fa75fbd73
2026-07-24 01:02:39.014 10 INFO neutron.plugins.ml2.plugin [None req-68a5bfef-5805-4f3e-aa1d-1d0303fc411a - - - - - -] Attempt 1 to provision port 508d8d55-1f9a-4f00-8aed-0236eaee6e28
2026-07-24 01:02:39.980 9 INFO neutron.plugins.ml2.plugin [None req-6af5d96a-6e87-4001-957b-af809d2a30d5 - - - - - -] Attempt 1 to provision port 63eb4104-e434-4f81-9501-bea4e46838c7
2026-07-24 01:02:41.155 9 INFO neutron.plugins.ml2.plugin [None req-7a2eaf78-a1bc-423f-a4f3-eb31c32b8cf7 - - - - - -] Attempt 1 to provision port 83da2cce-5e46-4280-9cfc-f2758a279b7a
2026-07-24 01:02:41.224 9 INFO neutron.plugins.ml2.plugin [None req-7a2eaf78-a1bc-423f-a4f3-eb31c32b8cf7 - - - - - -] Attempt 1 to provision port 63eb4104-e434-4f81-9501-bea4e46838c7
2026-07-24 01:02:41.574 9 INFO neutron.plugins.ml2.plugin [None req-2b4ea62b-2e2c-4db9-93f0-b370a6a1a716 - - - - - -] Attempt 1 to provision port 83da2cce-5e46-4280-9cfc-f2758a279b7a
2026-07-24 01:02:43.168 10 INFO neutron.plugins.ml2.plugin [None req-f0bfc8b5-1f52-4d6d-836a-1aeb0f5222c2 - - - - - -] Attempt 1 to provision port 8e6b7a1f-2656-44ac-97fb-47ab38477d36
2026-07-24 01:02:44.200 9 INFO neutron.plugins.ml2.plugin [None req-3884c669-16be-4e2b-9401-a0b2c5a5f962 - - - - - -] Attempt 1 to provision port 907d01c9-a436-421e-b523-bdc5472521b2
2026-07-24 01:02:44.334 9 INFO neutron.plugins.ml2.plugin [None req-73cce8b0-ccf8-4255-a4d0-e6856a790fd9 - - - - - -] Attempt 1 to provision port 907d01c9-a436-421e-b523-bdc5472521b2
2026-07-24 01:02:44.605 10 INFO neutron.plugins.ml2.plugin [None req-9b92d379-244f-4145-a3ac-99ae0ef53d42 - - - - - -] Attempt 1 to provision port 907d01c9-a436-421e-b523-bdc5472521b2
2026-07-24 01:02:46.223 9 INFO neutron.plugins.ml2.plugin [None req-63e5f12d-19c3-445a-bdb5-b237a7a15240 - - - - - -] Attempt 1 to provision port 0f6926c6-bb8e-449d-a0a1-bb8f6f67038e
2026-07-24 01:02:46.373 10 INFO neutron.plugins.ml2.plugin [None req-3884c669-16be-4e2b-9401-a0b2c5a5f962 - - - - - -] Attempt 1 to provision port af8e74b7-13ab-47ae-a982-b9f891739ff7
2026-07-24 01:02:46.903 9 INFO neutron.plugins.ml2.plugin [None req-7ddbcb7b-9a01-4c8a-9e18-9cc034ddd586 - - - - - -] Attempt 1 to provision port 0f6926c6-bb8e-449d-a0a1-bb8f6f67038e
2026-07-24 01:02:46.981 10 INFO neutron.plugins.ml2.plugin [None req-3884c669-16be-4e2b-9401-a0b2c5a5f962 - - - - - -] Attempt 1 to provision port e615d01c-1d9a-42e8-997d-f565b92409ca
2026-07-24 01:02:47.745 10 INFO neutron.plugins.ml2.plugin [None req-3884c669-16be-4e2b-9401-a0b2c5a5f962 - - - - - -] Attempt 1 to provision port 907d01c9-a436-421e-b523-bdc5472521b2
2026-07-24 01:02:48.144 10 INFO neutron.plugins.ml2.plugin [None req-3884c669-16be-4e2b-9401-a0b2c5a5f962 - - - - - -] Attempt 1 to provision port dcf4b1b5-549b-44cc-a449-759c5c63361a
2026-07-24 01:02:48.394 10 INFO neutron.plugins.ml2.plugin [None req-854bcae3-cf95-4a94-a71a-0a6b54222c00 - - - - - -] Attempt 1 to provision port a351fbdd-32f4-4dff-8522-7ea19b297eb3
2026-07-24 01:02:48.926 9 INFO neutron.plugins.ml2.plugin [None req-3884c669-16be-4e2b-9401-a0b2c5a5f962 - - - - - -] Attempt 1 to provision port af8e74b7-13ab-47ae-a982-b9f891739ff7
2026-07-24 01:02:49.074 10 INFO neutron.plugins.ml2.plugin [None req-697844c7-cd9e-4e90-9bbb-1e578ed9dad4 - - - - - -] Attempt 1 to provision port d5546e9f-05e6-4ab4-b84f-f4f010ae2806
2026-07-24 01:02:49.295 9 INFO neutron.plugins.ml2.plugin [None req-3884c669-16be-4e2b-9401-a0b2c5a5f962 - - - - - -] Attempt 1 to provision port 7001517e-7a60-413c-a50d-e2228a2750d6
2026-07-24 01:02:49.877 9 INFO neutron.plugins.ml2.plugin [None req-3884c669-16be-4e2b-9401-a0b2c5a5f962 - - - - - -] Attempt 1 to provision port dcf4b1b5-549b-44cc-a449-759c5c63361a
2026-07-24 01:02:50.862 10 INFO neutron.plugins.ml2.plugin [None req-3884c669-16be-4e2b-9401-a0b2c5a5f962 - - - - - -] Attempt 1 to provision port 7001517e-7a60-413c-a50d-e2228a2750d6
2026-07-24 01:02:53.985 10 INFO neutron.plugins.ml2.plugin [None req-8ba034d5-fdca-477a-9583-dbbed9755609 - - - - - -] Attempt 1 to provision port 60bc3ae5-934d-427a-89de-7081f37469f7
2026-07-24 01:02:55.177 9 INFO neutron.plugins.ml2.plugin [None req-3884c669-16be-4e2b-9401-a0b2c5a5f962 - - - - - -] Attempt 1 to provision port a351fbdd-32f4-4dff-8522-7ea19b297eb3
2026-07-24 01:02:56.005 9 INFO neutron.notifiers.nova [-] Nova event matching ['req-a1d6212c-9924-4c61-bd66-edf5862c0816'] response: {'server_uuid': 'a54bbf99-ef1d-45de-8e2e-8a519ef9a07c', 'name': 'network-vif-plugged', 'status': 'completed', 'tag': 'a351fbdd-32f4-4dff-8522-7ea19b297eb3', 'code': 200}
2026-07-24 01:02:56.088 9 INFO neutron.plugins.ml2.plugin [None req-3884c669-16be-4e2b-9401-a0b2c5a5f962 - - - - - -] Attempt 1 to provision port d5546e9f-05e6-4ab4-b84f-f4f010ae2806
2026-07-24 01:02:56.796 9 INFO neutron.plugins.ml2.plugin [None req-35480d0d-a829-4bf1-b2b0-df4c0e393147 - - - - - -] Attempt 1 to provision port 940a96ca-d4d2-44eb-a45a-4403bba94e0d
2026-07-24 01:02:57.127 9 INFO neutron.plugins.ml2.plugin [None req-3884c669-16be-4e2b-9401-a0b2c5a5f962 - - - - - -] Attempt 1 to provision port d5546e9f-05e6-4ab4-b84f-f4f010ae2806
2026-07-24 01:02:57.461 9 INFO neutron.plugins.ml2.plugin [None req-3884c669-16be-4e2b-9401-a0b2c5a5f962 - - - - - -] Attempt 1 to provision port f117716e-c247-4568-8c45-26ad3d389807
2026-07-24 01:02:58.049 9 INFO neutron.plugins.ml2.plugin [None req-3884c669-16be-4e2b-9401-a0b2c5a5f962 - - - - - -] Attempt 1 to provision port a351fbdd-32f4-4dff-8522-7ea19b297eb3
2026-07-24 01:02:58.082 9 INFO neutron.notifiers.nova [-] Nova event matching ['req-8c3fa35f-1067-4d40-b217-cec6dc53c345'] response: {'server_uuid': 'fbac6e4d-8479-45a4-917f-7d4b49502e45', 'name': 'network-vif-plugged', 'status': 'completed', 'tag': 'd5546e9f-05e6-4ab4-b84f-f4f010ae2806', 'code': 200}
2026-07-24 01:02:58.468 9 INFO neutron.plugins.ml2.plugin [None req-3884c669-16be-4e2b-9401-a0b2c5a5f962 - - - - - -] Attempt 1 to provision port 60bc3ae5-934d-427a-89de-7081f37469f7
2026-07-24 01:02:59.093 9 INFO neutron.plugins.ml2.plugin [None req-db8f346e-2583-445e-b7f7-d89b6e3534e8 - - - - - -] Attempt 1 to provision port f117716e-c247-4568-8c45-26ad3d389807
2026-07-24 01:02:59.626 10 INFO neutron.plugins.ml2.plugin [None req-3884c669-16be-4e2b-9401-a0b2c5a5f962 - - - - - -] Attempt 1 to provision port f117716e-c247-4568-8c45-26ad3d389807
2026-07-24 01:02:59.661 9 INFO neutron.plugins.ml2.plugin [None req-b8dec58d-3315-4ac9-94a0-6f8f70498864 - - - - - -] Attempt 1 to provision port f117716e-c247-4568-8c45-26ad3d389807
2026-07-24 01:03:00.088 10 INFO neutron.plugins.ml2.plugin [None req-facd7a92-cc38-4f4e-b956-a5fed3153259 - - - - - -] Attempt 1 to provision port 0b3b9b57-6a3d-450d-b17b-b987aab0bd79
2026-07-24 01:03:00.135 9 INFO neutron.notifiers.nova [-] Nova event matching ['req-252083bc-daa3-4887-84a6-724fbd56a517'] response: {'server_uuid': '43471931-67ff-4fbf-803a-54c9e812de49', 'name': 'network-vif-plugged', 'status': 'completed', 'tag': '60bc3ae5-934d-427a-89de-7081f37469f7', 'code': 200}
2026-07-24 01:03:00.344 10 INFO neutron.plugins.ml2.plugin [None req-3884c669-16be-4e2b-9401-a0b2c5a5f962 - - - - - -] Attempt 1 to provision port 60bc3ae5-934d-427a-89de-7081f37469f7
2026-07-24 01:03:00.774 9 INFO neutron.plugins.ml2.plugin [None req-c942b6e2-4d50-49ee-bec8-2bc5eadb127c - - - - - -] Attempt 1 to provision port 0b3b9b57-6a3d-450d-b17b-b987aab0bd79
2026-07-24 01:03:01.492 9 INFO neutron.plugins.ml2.plugin [None req-3884c669-16be-4e2b-9401-a0b2c5a5f962 - - - - - -] Attempt 1 to provision port eb9a71bd-78a9-42aa-808d-c175627a5652
2026-07-24 01:03:03.732 10 INFO neutron.plugins.ml2.plugin [None req-3884c669-16be-4e2b-9401-a0b2c5a5f962 - - - - - -] Attempt 1 to provision port eb9a71bd-78a9-42aa-808d-c175627a5652 /var/lib/openstack/lib/python3.10/site-packages/oslo_db/sqlalchemy/enginefacade.py:676: SAWarning: DELETE statement on table 'portsecuritybindings' expected to delete 1 row(s); 0 were matched. Please set confirm_deleted_rows=False within the mapper configuration to prevent this warning. self.session.flush() /var/lib/openstack/lib/python3.10/site-packages/oslo_db/sqlalchemy/enginefacade.py:676: SAWarning: DELETE statement on table 'ml2_port_bindings' expected to delete 1 row(s); 0 were matched. Please set confirm_deleted_rows=False within the mapper configuration to prevent this warning. self.session.flush() /var/lib/openstack/lib/python3.10/site-packages/oslo_db/sqlalchemy/enginefacade.py:676: SAWarning: DELETE statement on table 'ml2_port_binding_levels' expected to delete 1 row(s); 0 were matched. Please set confirm_deleted_rows=False within the mapper configuration to prevent this warning. self.session.flush() /var/lib/openstack/lib/python3.10/site-packages/oslo_db/sqlalchemy/enginefacade.py:676: SAWarning: DELETE statement on table 'ports' expected to delete 1 row(s); 0 were matched. Please set confirm_deleted_rows=False within the mapper configuration to prevent this warning. self.session.flush()
2026-07-24 01:03:14.787 10 INFO neutron.plugins.ml2.plugin [None req-219a68c0-cf1e-487b-b557-c4754e09a120 - - - - - -] Attempt 1 to provision port 284ec996-19e8-41c9-a70b-ccfd38a11f44
2026-07-24 01:03:15.347 9 INFO neutron.plugins.ml2.plugin [None req-9342f937-6b43-40a3-b1ff-f205dc36f4d7 - - - - - -] Attempt 1 to provision port ccaac365-f079-4bef-a26b-3bbedcfbb2b0
2026-07-24 01:03:15.521 10 INFO neutron.plugins.ml2.plugin [None req-3884c669-16be-4e2b-9401-a0b2c5a5f962 - - - - - -] Attempt 1 to provision port 9ec51b0f-df23-4457-bc8c-0b3cdd3b49bc
2026-07-24 01:03:16.316 10 INFO neutron.plugins.ml2.plugin [None req-3884c669-16be-4e2b-9401-a0b2c5a5f962 - - - - - -] Attempt 1 to provision port 658ee626-ad0f-49a1-97ac-97a430822501
2026-07-24 01:03:16.632 10 INFO neutron.plugins.ml2.plugin [None req-c928975c-e26f-4134-80ea-cad5f79d2d4a - - - - - -] Attempt 1 to provision port 9ec51b0f-df23-4457-bc8c-0b3cdd3b49bc
2026-07-24 01:03:17.120 10 INFO neutron.plugins.ml2.plugin [None req-47dc6a5d-6fa1-4742-876b-97bde61e1487 - - - - - -] Attempt 1 to provision port 658ee626-ad0f-49a1-97ac-97a430822501
2026-07-24 01:03:17.425 9 INFO neutron.plugins.ml2.plugin [None req-3fc3aaf0-e1e5-48f6-aeb9-8d0ccfa897b1 - - - - - -] Attempt 1 to provision port 9ec51b0f-df23-4457-bc8c-0b3cdd3b49bc
2026-07-24 01:03:17.675 9 INFO neutron.plugins.ml2.plugin [None req-3884c669-16be-4e2b-9401-a0b2c5a5f962 - - - - - -] Attempt 1 to provision port 9ec51b0f-df23-4457-bc8c-0b3cdd3b49bc
2026-07-24 01:03:17.739 10 INFO neutron.plugins.ml2.plugin [None req-1434640e-3972-409c-9b37-8bd9f6b0de1e - - - - - -] Attempt 1 to provision port 0b505820-db47-473c-960b-a2babcbb3972
2026-07-24 01:03:17.796 10 INFO neutron.plugins.ml2.plugin [None req-1434640e-3972-409c-9b37-8bd9f6b0de1e - - - - - -] Attempt 1 to provision port 658ee626-ad0f-49a1-97ac-97a430822501
2026-07-24 01:03:18.073 9 INFO neutron.plugins.ml2.plugin [None req-0a07a141-0369-45c4-ba7d-998aca113073 - - - - - -] Attempt 1 to provision port 85786788-1efd-4ed0-b951-6e1579917407
2026-07-24 01:03:18.295 10 INFO neutron.plugins.ml2.plugin [None req-3b1668a1-1a61-46ad-bb67-9180333ba704 - - - - - -] Attempt 1 to provision port 0b505820-db47-473c-960b-a2babcbb3972
2026-07-24 01:03:18.397 9 INFO neutron.plugins.ml2.plugin [None req-3884c669-16be-4e2b-9401-a0b2c5a5f962 - - - - - -] Attempt 1 to provision port 658ee626-ad0f-49a1-97ac-97a430822501
2026-07-24 01:03:18.867 10 INFO neutron.plugins.ml2.plugin [None req-4df7993f-a156-4397-8fbe-c8af2c47ae0f - - - - - -] Attempt 1 to provision port 85786788-1efd-4ed0-b951-6e1579917407
2026-07-24 01:03:19.956 9 INFO neutron.plugins.ml2.plugin [None req-3884c669-16be-4e2b-9401-a0b2c5a5f962 - - - - - -] Attempt 1 to provision port 0f6926c6-bb8e-449d-a0a1-bb8f6f67038e
2026-07-24 01:03:20.352 9 INFO neutron.plugins.ml2.plugin [None req-3884c669-16be-4e2b-9401-a0b2c5a5f962 - - - - - -] Attempt 1 to provision port 3e59fca5-453b-4f3d-86bf-fd526f0bcef4
2026-07-24 01:03:20.948 9 INFO neutron.plugins.ml2.plugin [None req-3884c669-16be-4e2b-9401-a0b2c5a5f962 - - - - - -] Attempt 1 to provision port 6799944b-e7c3-40f5-b332-87d83e77eb89
2026-07-24 01:03:21.478 9 INFO neutron.plugins.ml2.plugin [None req-3884c669-16be-4e2b-9401-a0b2c5a5f962 - - - - - -] Attempt 1 to provision port 8e6b7a1f-2656-44ac-97fb-47ab38477d36
2026-07-24 01:03:21.991 10 INFO neutron.plugins.ml2.plugin [None req-3884c669-16be-4e2b-9401-a0b2c5a5f962 - - - - - -] Attempt 1 to provision port 8e6b7a1f-2656-44ac-97fb-47ab38477d36
2026-07-24 01:03:22.293 10 INFO neutron.plugins.ml2.plugin [None req-3884c669-16be-4e2b-9401-a0b2c5a5f962 - - - - - -] Attempt 1 to provision port 0f6926c6-bb8e-449d-a0a1-bb8f6f67038e
2026-07-24 01:03:22.909 10 INFO neutron.plugins.ml2.plugin [None req-3884c669-16be-4e2b-9401-a0b2c5a5f962 - - - - - -] Attempt 1 to provision port 3e59fca5-453b-4f3d-86bf-fd526f0bcef4
2026-07-24 01:03:23.292 10 INFO neutron.plugins.ml2.plugin [None req-3884c669-16be-4e2b-9401-a0b2c5a5f962 - - - - - -] Attempt 1 to provision port 6799944b-e7c3-40f5-b332-87d83e77eb89
2026-07-24 01:03:26.056 9 INFO neutron.plugins.ml2.plugin [None req-3884c669-16be-4e2b-9401-a0b2c5a5f962 - - - - - -] Attempt 1 to provision port a98d2b06-617a-40ab-8606-e9ca1114cc14
2026-07-24 01:03:26.182 10 INFO neutron.plugins.ml2.plugin [None req-4ec464bc-bab4-4da6-95d2-28e50c9072a3 - - - - - -] Attempt 1 to provision port 60bc3ae5-934d-427a-89de-7081f37469f7
2026-07-24 01:03:26.270 9 INFO neutron.notifiers.nova [-] Nova event matching ['req-072eee6e-7f57-464e-bb00-7f8f68d80ec1'] response: {'server_uuid': '53b62d23-5f21-48cb-93a6-fda8adac87fc', 'name': 'network-vif-plugged', 'status': 'completed', 'tag': 'a98d2b06-617a-40ab-8606-e9ca1114cc14', 'code': 200}
2026-07-24 01:03:28.100 9 INFO neutron.plugins.ml2.plugin [None req-3884c669-16be-4e2b-9401-a0b2c5a5f962 - - - - - -] Attempt 1 to provision port a98d2b06-617a-40ab-8606-e9ca1114cc14
2026-07-24 01:03:28.625 9 INFO neutron.plugins.ml2.plugin [None req-3884c669-16be-4e2b-9401-a0b2c5a5f962 - - - - - -] Attempt 1 to provision port 60bc3ae5-934d-427a-89de-7081f37469f7
2026-07-24 01:03:29.339 10 INFO neutron.plugins.ml2.plugin [None req-c012161f-5088-48d1-96b0-ea75ee65ead3 - - - - - -] Attempt 1 to provision port 60bc3ae5-934d-427a-89de-7081f37469f7
2026-07-24 01:03:30.032 9 INFO neutron.plugins.ml2.plugin [None req-3884c669-16be-4e2b-9401-a0b2c5a5f962 - - - - - -] Attempt 1 to provision port 60bc3ae5-934d-427a-89de-7081f37469f7
2026-07-24 01:03:30.125 10 INFO neutron.plugins.ml2.plugin [None req-d30a1cf7-32bf-493f-8e61-6b0c5dea362e - - - - - -] Attempt 1 to provision port 5e6ec4e9-52de-433d-ad1a-c3e55b37a6e7
2026-07-24 01:03:30.884 9 INFO neutron.notifiers.nova [-] Nova event matching ['req-b64aeaa0-59ad-4523-9cb6-a59cad3ac4fa'] response: {'server_uuid': '53b62d23-5f21-48cb-93a6-fda8adac87fc', 'name': 'network-vif-unplugged', 'status': 'completed', 'tag': 'a98d2b06-617a-40ab-8606-e9ca1114cc14', 'code': 200}
2026-07-24 01:03:34.109 9 INFO neutron.plugins.ml2.plugin [None req-3884c669-16be-4e2b-9401-a0b2c5a5f962 - - - - - -] Attempt 1 to provision port 5e6ec4e9-52de-433d-ad1a-c3e55b37a6e7
2026-07-24 01:03:34.271 9 INFO neutron.notifiers.nova [-] Nova event matching ['req-2584b62e-d614-4f7b-96b6-4cbbfbc95b61'] response: {'server_uuid': 'be61b626-47ef-4c3c-b8e5-3cf02da004f0', 'name': 'network-vif-plugged', 'status': 'completed', 'tag': '5e6ec4e9-52de-433d-ad1a-c3e55b37a6e7', 'code': 200}
2026-07-24 01:03:36.116 10 INFO neutron.plugins.ml2.plugin [None req-3884c669-16be-4e2b-9401-a0b2c5a5f962 - - - - - -] Attempt 1 to provision port 5e6ec4e9-52de-433d-ad1a-c3e55b37a6e7
2026-07-24 01:03:40.543 9 INFO neutron.plugins.ml2.plugin [None req-3884c669-16be-4e2b-9401-a0b2c5a5f962 - - - - - -] Attempt 1 to provision port 284ec996-19e8-41c9-a70b-ccfd38a11f44
2026-07-24 01:03:40.927 9 INFO neutron.plugins.ml2.plugin [None req-3884c669-16be-4e2b-9401-a0b2c5a5f962 - - - - - -] Attempt 1 to provision port 0b505820-db47-473c-960b-a2babcbb3972
2026-07-24 01:03:41.775 9 ERROR neutron.plugins.ml2.managers [None req-68b931f7-14e0-46e1-a64f-6ac30f41c253 - - - - - -] Mechanism driver openvswitch failed in bind_port: neutron_lib.exceptions.SubnetNotFound: Subnet 2c8456f4-ba8d-4c74-846f-c99bc52b985f could not be found.
2026-07-24 01:03:41.775 9 ERROR neutron.plugins.ml2.managers
Traceback (most recent call last):
2026-07-24 01:03:41.775 9 ERROR neutron.plugins.ml2.managers
File "/var/lib/openstack/lib/python3.10/site-packages/neutron/plugins/ml2/managers.py", line 866, in _bind_port_level
2026-07-24 01:03:41.775 9 ERROR neutron.plugins.ml2.managers driver.obj.bind_port(context)
2026-07-24 01:03:41.775 9 ERROR neutron.plugins.ml2.managers
File "/var/lib/openstack/lib/python3.10/site-packages/neutron/plugins/ml2/drivers/openvswitch/mech_driver/mech_openvswitch.py", line 133, in bind_port
2026-07-24 01:03:41.775 9 ERROR neutron.plugins.ml2.managers super(OpenvswitchMechanismDriver, self).bind_port(context)
2026-07-24 01:03:41.775 9 ERROR neutron.plugins.ml2.managers
