+ COMMAND=start + start + for KEYSTONE_WSGI_SCRIPT in keystone-wsgi-public ++ type -p keystone-wsgi-public + cp -a /var/lib/openstack/bin/keystone-wsgi-public /var/www/cgi-bin/keystone/ + '[' -f /etc/apache2/envvars ']' + source /etc/apache2/envvars ++ unset HOME ++ '[' '' '!=' '' ']' ++ SUFFIX= ++ export APACHE_RUN_USER=www-data ++ APACHE_RUN_USER=www-data ++ export APACHE_RUN_GROUP=www-data ++ APACHE_RUN_GROUP=www-data ++ export APACHE_PID_FILE=/var/run/apache2/apache2.pid ++ APACHE_PID_FILE=/var/run/apache2/apache2.pid ++ export APACHE_RUN_DIR=/var/run/apache2 ++ APACHE_RUN_DIR=/var/run/apache2 ++ export APACHE_LOCK_DIR=/var/lock/apache2 ++ APACHE_LOCK_DIR=/var/lock/apache2 ++ export APACHE_LOG_DIR=/var/log/apache2 ++ APACHE_LOG_DIR=/var/log/apache2 ++ export LANG=C ++ LANG=C ++ export LANG + '[' -f /var/run/apache2/apache2.pid ']' + exec apache2 -DFOREGROUND AH00558: apache2: Could not reliably determine the server's fully qualified domain name, using 10.0.0.238. Set the 'ServerName' directive globally to suppress this message AH00558: apache2: Could not reliably determine the server's fully qualified domain name, using 10.0.0.238. Set the 'ServerName' directive globally to suppress this message
[Sat Jul 18 14:25:58.457223 2026] [mpm_event:notice] [pid 1:tid 139726429738880] AH00489: Apache/2.4.58 (Ubuntu) mod_wsgi/5.0.0 Python/3.12 configured -- resuming normal operations
[Sat Jul 18 14:25:58.457334 2026] [core:notice] [pid 1:tid 139726429738880] AH00094: Command line: 'apache2 -D FOREGROUND'
[Sat Jul 18 14:27:01.849494 2026] [wsgi:error] [pid 12:tid 139725791917760] /var/lib/openstack/lib/python3.12/site-packages/oslo_utils/importutils.py:77: EventletDeprecationWarning:
[Sat Jul 18 14:27:01.849531 2026] [wsgi:error] [pid 12:tid 139725791917760] Eventlet is deprecated. It is currently being maintained in bugfix mode, and
[Sat Jul 18 14:27:01.849533 2026] [wsgi:error] [pid 12:tid 139725791917760] we strongly recommend against using it for new projects.
[Sat Jul 18 14:27:01.849534 2026] [wsgi:error] [pid 12:tid 139725791917760]
[Sat Jul 18 14:27:01.849535 2026] [wsgi:error] [pid 12:tid 139725791917760] If you are already using Eventlet, we recommend migrating to a different
[Sat Jul 18 14:27:01.849536 2026] [wsgi:error] [pid 12:tid 139725791917760] framework. For more detail see
[Sat Jul 18 14:27:01.849537 2026] [wsgi:error] [pid 12:tid 139725791917760] https://eventlet.readthedocs.io/en/latest/asyncio/migration.html
[Sat Jul 18 14:27:01.849539 2026] [wsgi:error] [pid 12:tid 139725791917760]
[Sat Jul 18 14:27:01.849540 2026] [wsgi:error] [pid 12:tid 139725791917760] __import__(import_str)
[Sat Jul 18 14:27:01.873254 2026] [wsgi:error] [pid 11:tid 139725791917760] /var/lib/openstack/lib/python3.12/site-packages/oslo_utils/importutils.py:77: EventletDeprecationWarning:
[Sat Jul 18 14:27:01.873493 2026] [wsgi:error] [pid 11:tid 139725791917760] Eventlet is deprecated. It is currently being maintained in bugfix mode, and
[Sat Jul 18 14:27:01.873495 2026] [wsgi:error] [pid 11:tid 139725791917760] we strongly recommend against using it for new projects.
[Sat Jul 18 14:27:01.873496 2026] [wsgi:error] [pid 11:tid 139725791917760]
[Sat Jul 18 14:27:01.873498 2026] [wsgi:error] [pid 11:tid 139725791917760] If you are already using Eventlet, we recommend migrating to a different
[Sat Jul 18 14:27:01.873499 2026] [wsgi:error] [pid 11:tid 139725791917760] framework. For more detail see
[Sat Jul 18 14:27:01.873500 2026] [wsgi:error] [pid 11:tid 139725791917760] https://eventlet.readthedocs.io/en/latest/asyncio/migration.html
[Sat Jul 18 14:27:01.873501 2026] [wsgi:error] [pid 11:tid 139725791917760]
[Sat Jul 18 14:27:01.873502 2026] [wsgi:error] [pid 11:tid 139725791917760] __import__(import_str) 10.0.0.106 - - [18/Jul/2026:14:27:01 +0000] "GET /v3/ HTTP/1.1" 200 250 10.0.0.106 - - [18/Jul/2026:14:27:01 +0000] "GET /v3/ HTTP/1.1" 200 250
[Sat Jul 18 14:27:15.531885 2026] [wsgi:error] [pid 9:tid 139725791917760] /var/lib/openstack/lib/python3.12/site-packages/oslo_utils/importutils.py:77: EventletDeprecationWarning:
[Sat Jul 18 14:27:15.531923 2026] [wsgi:error] [pid 9:tid 139725791917760] Eventlet is deprecated. It is currently being maintained in bugfix mode, and
[Sat Jul 18 14:27:15.531924 2026] [wsgi:error] [pid 9:tid 139725791917760] we strongly recommend against using it for new projects.
[Sat Jul 18 14:27:15.531926 2026] [wsgi:error] [pid 9:tid 139725791917760]
[Sat Jul 18 14:27:15.531927 2026] [wsgi:error] [pid 9:tid 139725791917760] If you are already using Eventlet, we recommend migrating to a different
[Sat Jul 18 14:27:15.531928 2026] [wsgi:error] [pid 9:tid 139725791917760] framework. For more detail see
[Sat Jul 18 14:27:15.531929 2026] [wsgi:error] [pid 9:tid 139725791917760] https://eventlet.readthedocs.io/en/latest/asyncio/migration.html
[Sat Jul 18 14:27:15.531930 2026] [wsgi:error] [pid 9:tid 139725791917760]
[Sat Jul 18 14:27:15.531931 2026] [wsgi:error] [pid 9:tid 139725791917760] __import__(import_str) 10.0.0.208 - - [18/Jul/2026:14:27:14 +0000] "GET / HTTP/1.1" 300 295
[Sat Jul 18 14:27:20.848928 2026] [wsgi:error] [pid 10:tid 139725791917760] /var/lib/openstack/lib/python3.12/site-packages/oslo_utils/importutils.py:77: EventletDeprecationWarning:
[Sat Jul 18 14:27:20.848966 2026] [wsgi:error] [pid 10:tid 139725791917760] Eventlet is deprecated. It is currently being maintained in bugfix mode, and
[Sat Jul 18 14:27:20.848968 2026] [wsgi:error] [pid 10:tid 139725791917760] we strongly recommend against using it for new projects.
[Sat Jul 18 14:27:20.848969 2026] [wsgi:error] [pid 10:tid 139725791917760]
[Sat Jul 18 14:27:20.848970 2026] [wsgi:error] [pid 10:tid 139725791917760] If you are already using Eventlet, we recommend migrating to a different
[Sat Jul 18 14:27:20.848972 2026] [wsgi:error] [pid 10:tid 139725791917760] framework. For more detail see
[Sat Jul 18 14:27:20.848973 2026] [wsgi:error] [pid 10:tid 139725791917760] https://eventlet.readthedocs.io/en/latest/asyncio/migration.html
[Sat Jul 18 14:27:20.848974 2026] [wsgi:error] [pid 10:tid 139725791917760]
[Sat Jul 18 14:27:20.848975 2026] [wsgi:error] [pid 10:tid 139725791917760] __import__(import_str)
[Sat Jul 18 14:27:25.572709 2026] [wsgi:error] [pid 10:tid 139725791917760] [remote 10.0.0.208:58528] 2026-07-18 14:27:25.569 10 WARNING keystone.identity.core [None req-4e7d3602-bc3d-44b5-a926-322684339e86 - - - - - -] Invalid domain name (atmosphere) found in config file name: keystone.exception.DomainNotFound: Could not find domain: atmosphere.
[Sat Jul 18 14:27:25.628753 2026] [wsgi:error] [pid 10:tid 139725791917760] [remote 10.0.0.208:58528] 2026-07-18 14:27:25.628 10 WARNING keystone.common.password_hashing [None req-4e7d3602-bc3d-44b5-a926-322684339e86 - - - - - -] Truncating password to algorithm specific maximum length 72 characters.
[Sat Jul 18 14:27:25.936494 2026] [wsgi:error] [pid 10:tid 139725791917760] [remote 10.0.0.208:58528] 2026-07-18 14:27:25.936 10 WARNING keystone.common.fernet_utils [None req-4e7d3602-bc3d-44b5-a926-322684339e86 - - - - - -] key_repository is world readable: /etc/keystone/fernet-keys/ 10.0.0.208 - - [18/Jul/2026:14:27:19 +0000] "POST /v3/auth/tokens HTTP/1.1" 201 1360
[Sat Jul 18 14:27:26.310327 2026] [wsgi:error] [pid 12:tid 139725791917760] [remote 10.0.0.208:58528] 2026-07-18 14:27:26.307 12 WARNING keystone.identity.core [None req-517440a9-2f43-4e05-8b34-27606fbc659f - - - - - -] Invalid domain name (atmosphere) found in config file name: keystone.exception.DomainNotFound: Could not find domain: atmosphere. 10.0.0.208 - - [18/Jul/2026:14:27:26 +0000] "POST /v3/domains HTTP/1.1" 201 261 10.0.0.1 - - [18/Jul/2026:14:27:37 +0000] "GET / HTTP/1.1" 300 295
[Sat Jul 18 14:27:38.341124 2026] [wsgi:error] [pid 9:tid 139725791917760] [remote 10.0.0.1:37116] 2026-07-18 14:27:38.340 9 WARNING keystone.common.password_hashing [None req-ea66cd94-82cd-4599-a51c-74c7b33b8c20 - - - - - -] Truncating password to algorithm specific maximum length 72 characters.
[Sat Jul 18 14:27:38.617333 2026] [wsgi:error] [pid 9:tid 139725791917760] [remote 10.0.0.1:37116] 2026-07-18 14:27:38.616 9 WARNING keystone.common.fernet_utils [None req-ea66cd94-82cd-4599-a51c-74c7b33b8c20 - - - - - -] key_repository is world readable: /etc/keystone/fernet-keys/ 10.0.0.1 - - [18/Jul/2026:14:27:38 +0000] "POST /v3/auth/tokens HTTP/1.1" 201 1360 10.0.0.1 - - [18/Jul/2026:14:27:38 +0000] "GET /v3/roles/admin HTTP/1.1" 404 83
[Sat Jul 18 14:27:38.880101 2026] [wsgi:error] [pid 12:tid 139725791917760] [remote 10.0.0.1:37116] 2026-07-18 14:27:38.879 12 WARNING keystone.common.rbac_enforcer.enforcer [None req-3168ac07-51dc-45ac-a795-92d4197c5123 7fd421e1dad241228c8929dcd44365ed 797614706bfc40ed9c6216e3c6944cef - - default default] Deprecated policy rules found. Use oslopolicy-policy-generator and oslopolicy-policy-upgrade to detect and resolve deprecated policies in your configuration. 10.0.0.1 - - [18/Jul/2026:14:27:38 +0000] "GET /v3/roles?name=admin HTTP/1.1" 200 389
[Sat Jul 18 14:27:39.370898 2026] [wsgi:error] [pid 11:tid 139725791917760] [remote 10.0.0.1:37116] 2026-07-18 14:27:39.370 11 WARNING keystone.common.rbac_enforcer.enforcer [None req-adf33bc4-9744-4148-8692-0ca61560972b 7fd421e1dad241228c8929dcd44365ed 797614706bfc40ed9c6216e3c6944cef - - default default] Deprecated policy rules found. Use oslopolicy-policy-generator and oslopolicy-policy-upgrade to detect and resolve deprecated policies in your configuration. 10.0.0.1 - - [18/Jul/2026:14:27:39 +0000] "GET /v3/users/admin-RegionOne HTTP/1.1" 404 93
[Sat Jul 18 14:27:39.513082 2026] [wsgi:error] [pid 9:tid 139725791917760] [remote 10.0.0.1:37116] 2026-07-18 14:27:39.512 9 WARNING keystone.common.rbac_enforcer.enforcer [None req-e92dabcd-b47f-4239-8315-f644859a50f0 7fd421e1dad241228c8929dcd44365ed 797614706bfc40ed9c6216e3c6944cef - - default default] Deprecated policy rules found. Use oslopolicy-policy-generator and oslopolicy-policy-upgrade to detect and resolve deprecated policies in your configuration. 10.0.0.1 - - [18/Jul/2026:14:27:39 +0000] "GET /v3/users?name=admin-RegionOne HTTP/1.1" 200 422
[Sat Jul 18 14:27:39.677944 2026] [wsgi:error] [pid 10:tid 139725791917760] [remote 10.0.0.1:37116] 2026-07-18 14:27:39.677 10 WARNING keystone.common.rbac_enforcer.enforcer [None req-c65d25bb-2cc9-4a07-95b7-490db6137c4a 7fd421e1dad241228c8929dcd44365ed 797614706bfc40ed9c6216e3c6944cef - - default default] Deprecated policy rules found. Use oslopolicy-policy-generator and oslopolicy-policy-upgrade to detect and resolve deprecated policies in your configuration. 10.0.0.1 - - [18/Jul/2026:14:27:39 +0000] "GET /v3/domains/default HTTP/1.1" 200 224 10.0.0.1 - - [18/Jul/2026:14:27:39 +0000] "PUT /v3/domains/default/users/7fd421e1dad241228c8929dcd44365ed/roles/e66618f1406246f185185c8b64b8eb65 HTTP/1.1" 204 - 10.0.0.106 - - [18/Jul/2026:14:27:49 +0000] "GET / HTTP/1.1" 300 281 10.0.0.106 - - [18/Jul/2026:14:27:51 +0000] "GET /v3 HTTP/1.1" 200 266
[Sat Jul 18 14:27:51.383295 2026] [wsgi:error] [pid 10:tid 139725791917760] [remote 10.0.0.106:54258] 2026-07-18 14:27:51.383 10 WARNING keystone.common.password_hashing [None req-7c0eff91-2a38-4f74-8595-020991c189d6 - - - - - -] Truncating password to algorithm specific maximum length 72 characters.
[Sat Jul 18 14:27:51.685893 2026] [wsgi:error] [pid 10:tid 139725791917760] [remote 10.0.0.106:54258] 2026-07-18 14:27:51.685 10 WARNING keystone.common.fernet_utils [None req-7c0eff91-2a38-4f74-8595-020991c189d6 - - - - - -] key_repository is world readable: /etc/keystone/fernet-keys/ 10.0.0.106 - - [18/Jul/2026:14:27:51 +0000] "POST /v3/auth/tokens HTTP/1.1" 201 1360 10.0.0.106 - - [18/Jul/2026:14:27:51 +0000] "GET / HTTP/1.1" 300 281 10.0.0.106 - - [18/Jul/2026:14:27:51 +0000] "GET /v3/domains/atmosphere HTTP/1.1" 404 90 10.0.0.106 - - [18/Jul/2026:14:27:51 +0000] "GET /v3/domains?name=atmosphere HTTP/1.1" 200 370 10.0.0.106 - - [18/Jul/2026:14:27:51 +0000] "GET /v3/domains/b02c91d1c4e74dc08d9647fa9b41baeb HTTP/1.1" 200 247 10.0.0.106 - - [18/Jul/2026:14:27:52 +0000] "GET /v3 HTTP/1.1" 200 266
[Sat Jul 18 14:27:52.772021 2026] [wsgi:error] [pid 11:tid 139725791917760] [remote 10.0.0.106:54258] 2026-07-18 14:27:52.771 11 WARNING keystone.common.password_hashing [None req-365a4c60-56e4-48e0-bff9-c5d01879b663 - - - - - -] Truncating password to algorithm specific maximum length 72 characters.
[Sat Jul 18 14:27:53.044116 2026] [wsgi:error] [pid 11:tid 139725791917760] [remote 10.0.0.106:54258] 2026-07-18 14:27:53.043 11 WARNING keystone.common.fernet_utils [None req-365a4c60-56e4-48e0-bff9-c5d01879b663 - - - - - -] key_repository is world readable: /etc/keystone/fernet-keys/ 10.0.0.106 - - [18/Jul/2026:14:27:52 +0000] "POST /v3/auth/tokens HTTP/1.1" 201 1360 10.0.0.106 - - [18/Jul/2026:14:27:53 +0000] "GET / HTTP/1.1" 300 281 10.0.0.106 - - [18/Jul/2026:14:27:53 +0000] "GET /v3/OS-FEDERATION/identity_providers/atmosphere HTTP/1.1" 404 101 10.0.0.106 - - [18/Jul/2026:14:27:53 +0000] "GET /v3/OS-FEDERATION/identity_providers HTTP/1.1" 200 156 10.0.0.106 - - [18/Jul/2026:14:27:53 +0000] "PUT /v3/OS-FEDERATION/identity_providers/atmosphere HTTP/1.1" 201 342 10.0.0.106 - - [18/Jul/2026:14:27:53 +0000] "GET /v3 HTTP/1.1" 200 266
[Sat Jul 18 14:27:53.926287 2026] [wsgi:error] [pid 10:tid 139725791917760] [remote 10.0.0.106:54258] 2026-07-18 14:27:53.926 10 WARNING keystone.common.password_hashing [None req-9594f360-0ccc-4504-9a0f-d79d367f2873 - - - - - -] Truncating password to algorithm specific maximum length 72 characters.
[Sat Jul 18 14:27:54.198444 2026] [wsgi:error] [pid 10:tid 139725791917760] [remote 10.0.0.106:54258] 2026-07-18 14:27:54.198 10 WARNING keystone.common.fernet_utils [None req-9594f360-0ccc-4504-9a0f-d79d367f2873 - - - - - -] key_repository is world readable: /etc/keystone/fernet-keys/ 10.0.0.106 - - [18/Jul/2026:14:27:53 +0000] "POST /v3/auth/tokens HTTP/1.1" 201 1360 10.0.0.106 - - [18/Jul/2026:14:27:54 +0000] "GET / HTTP/1.1" 300 281 10.0.0.106 - - [18/Jul/2026:14:27:54 +0000] "GET /v3/OS-FEDERATION/mappings/atmosphere-openid HTTP/1.1" 404 98 10.0.0.106 - - [18/Jul/2026:14:27:54 +0000] "GET /v3/OS-FEDERATION/mappings HTTP/1.1" 200 136 10.0.0.106 - - [18/Jul/2026:14:27:54 +0000] "PUT /v3/OS-FEDERATION/mappings/atmosphere-openid HTTP/1.1" 201 357 10.0.0.106 - - [18/Jul/2026:14:27:54 +0000] "GET /v3 HTTP/1.1" 200 266
[Sat Jul 18 14:27:55.022529 2026] [wsgi:error] [pid 11:tid 139725791917760] [remote 10.0.0.106:34406] 2026-07-18 14:27:55.022 11 WARNING keystone.common.password_hashing [None req-4881edf5-9341-4c56-9a3d-85b3e565a249 - - - - - -] Truncating password to algorithm specific maximum length 72 characters.
[Sat Jul 18 14:27:55.294256 2026] [wsgi:error] [pid 11:tid 139725791917760] [remote 10.0.0.106:34406] 2026-07-18 14:27:55.294 11 WARNING keystone.common.fernet_utils [None req-4881edf5-9341-4c56-9a3d-85b3e565a249 - - - - - -] key_repository is world readable: /etc/keystone/fernet-keys/ 10.0.0.106 - - [18/Jul/2026:14:27:55 +0000] "POST /v3/auth/tokens HTTP/1.1" 201 1360 10.0.0.106 - - [18/Jul/2026:14:27:55 +0000] "GET / HTTP/1.1" 300 281 10.0.0.106 - - [18/Jul/2026:14:27:55 +0000] "GET /v3/OS-FEDERATION/identity_providers/atmosphere/protocols/openid?idp_id=atmosphere HTTP/1.1" 404 131 10.0.0.106 - - [18/Jul/2026:14:27:55 +0000] "GET /v3/OS-FEDERATION/identity_providers/atmosphere/protocols HTTP/1.1" 200 168 10.0.0.106 - - [18/Jul/2026:14:27:55 +0000] "PUT /v3/OS-FEDERATION/identity_providers/atmosphere/protocols/openid HTTP/1.1" 201 224 10.0.0.106 - - [18/Jul/2026:14:28:01 +0000] "GET /v3/ HTTP/1.1" 200 250 10.0.0.106 - - [18/Jul/2026:14:28:01 +0000] "GET /v3/ HTTP/1.1" 200 250 10.0.0.106 - - [18/Jul/2026:14:29:01 +0000] "GET /v3/ HTTP/1.1" 200 250 10.0.0.106 - - [18/Jul/2026:14:29:01 +0000] "GET /v3/ HTTP/1.1" 200 250 10.0.0.75 - - [18/Jul/2026:14:29:17 +0000] "GET / HTTP/1.1" 300 295
[Sat Jul 18 14:29:17.982651 2026] [wsgi:error] [pid 10:tid 139725791917760] [remote 10.0.0.75:39938] 2026-07-18 14:29:17.982 10 WARNING keystone.common.password_hashing [None req-c28acce0-5040-47d4-9933-e9c3063dadff - - - - - -] Truncating password to algorithm specific maximum length 72 characters.
[Sat Jul 18 14:29:18.261535 2026] [wsgi:error] [pid 10:tid 139725791917760] [remote 10.0.0.75:39938] 2026-07-18 14:29:18.261 10 WARNING keystone.common.fernet_utils [None req-c28acce0-5040-47d4-9933-e9c3063dadff - - - - - -] key_repository is world readable: /etc/keystone/fernet-keys/ 10.0.0.75 - - [18/Jul/2026:14:29:17 +0000] "POST /v3/auth/tokens HTTP/1.1" 201 1360 10.0.0.75 - - [18/Jul/2026:14:29:18 +0000] "GET /v3/services HTTP/1.1" 200 355 10.0.0.75 - - [18/Jul/2026:14:29:21 +0000] "GET / HTTP/1.1" 300 295
[Sat Jul 18 14:29:21.965527 2026] [wsgi:error] [pid 9:tid 139725791917760] [remote 10.0.0.75:39954] 2026-07-18 14:29:21.965 9 WARNING keystone.common.password_hashing [None req-253a11ba-658b-4713-80b2-8b4aedfae9b4 - - - - - -] Truncating password to algorithm specific maximum length 72 characters.
[Sat Jul 18 14:29:22.237499 2026] [wsgi:error] [pid 9:tid 139725791917760] [remote 10.0.0.75:39954] 2026-07-18 14:29:22.237 9 WARNING keystone.common.fernet_utils [None req-253a11ba-658b-4713-80b2-8b4aedfae9b4 - - - - - -] key_repository is world readable: /etc/keystone/fernet-keys/ 10.0.0.75 - - [18/Jul/2026:14:29:21 +0000] "POST /v3/auth/tokens HTTP/1.1" 201 1360 10.0.0.75 - - [18/Jul/2026:14:29:22 +0000] "GET /v3/services HTTP/1.1" 200 355 10.0.0.75 - - [18/Jul/2026:14:29:25 +0000] "GET / HTTP/1.1" 300 295
[Sat Jul 18 14:29:25.963003 2026] [wsgi:error] [pid 12:tid 139725791917760] [remote 10.0.0.75:49924] 2026-07-18 14:29:25.962 12 WARNING keystone.common.password_hashing [None req-0c3aea2e-2a88-4c8d-86c2-5b0096304119 - - - - - -] Truncating password to algorithm specific maximum length 72 characters.
[Sat Jul 18 14:29:26.233608 2026] [wsgi:error] [pid 12:tid 139725791917760] [remote 10.0.0.75:49924] 2026-07-18 14:29:26.233 12 WARNING keystone.common.fernet_utils [None req-0c3aea2e-2a88-4c8d-86c2-5b0096304119 - - - - - -] key_repository is world readable: /etc/keystone/fernet-keys/ 10.0.0.75 - - [18/Jul/2026:14:29:25 +0000] "POST /v3/auth/tokens HTTP/1.1" 201 1360 10.0.0.75 - - [18/Jul/2026:14:29:26 +0000] "GET /v3/services HTTP/1.1" 200 355 10.0.0.75 - - [18/Jul/2026:14:29:30 +0000] "GET / HTTP/1.1" 300 295
[Sat Jul 18 14:29:30.021215 2026] [wsgi:error] [pid 11:tid 139725791917760] [remote 10.0.0.75:49926] 2026-07-18 14:29:30.021 11 WARNING keystone.common.password_hashing [None req-a613e9ee-cf79-4689-82f6-b6ac4a93c259 - - - - - -] Truncating password to algorithm specific maximum length 72 characters.
[Sat Jul 18 14:29:30.297005 2026] [wsgi:error] [pid 11:tid 139725791917760] [remote 10.0.0.75:49926] 2026-07-18 14:29:30.296 11 WARNING keystone.common.fernet_utils [None req-a613e9ee-cf79-4689-82f6-b6ac4a93c259 - - - - - -] key_repository is world readable: /etc/keystone/fernet-keys/ 10.0.0.75 - - [18/Jul/2026:14:29:30 +0000] "POST /v3/auth/tokens HTTP/1.1" 201 1360 10.0.0.75 - - [18/Jul/2026:14:29:30 +0000] "POST /v3/services HTTP/1.1" 201 296 10.0.0.87 - - [18/Jul/2026:14:29:42 +0000] "GET / HTTP/1.1" 300 295
[Sat Jul 18 14:29:42.066529 2026] [wsgi:error] [pid 10:tid 139725791917760] [remote 10.0.0.87:48342] 2026-07-18 14:29:42.066 10 WARNING keystone.common.password_hashing [None req-e0323d38-b540-4602-a55e-1f1b7919b434 - - - - - -] Truncating password to algorithm specific maximum length 72 characters. 10.0.0.87 - - [18/Jul/2026:14:29:42 +0000] "GET / HTTP/1.1" 300 295
[Sat Jul 18 14:29:42.207992 2026] [wsgi:error] [pid 12:tid 139725791917760] [remote 10.0.0.87:48352] 2026-07-18 14:29:42.207 12 WARNING keystone.common.password_hashing [None req-b35178c9-549c-43f6-8ca5-75fc366a43cb - - - - - -] Truncating password to algorithm specific maximum length 72 characters. 10.0.0.87 - - [18/Jul/2026:14:29:42 +0000] "GET / HTTP/1.1" 300 295
[Sat Jul 18 14:29:42.250530 2026] [wsgi:error] [pid 11:tid 139725791917760] [remote 10.0.0.87:48354] 2026-07-18 14:29:42.250 11 WARNING keystone.common.password_hashing [None req-a7a259aa-ba68-4009-a946-1a341689d211 - - - - - -] Truncating password to algorithm specific maximum length 72 characters.
[Sat Jul 18 14:29:42.352713 2026] [wsgi:error] [pid 10:tid 139725791917760] [remote 10.0.0.87:48342] 2026-07-18 14:29:42.352 10 WARNING keystone.common.fernet_utils [None req-e0323d38-b540-4602-a55e-1f1b7919b434 - - - - - -] key_repository is world readable: /etc/keystone/fernet-keys/ 10.0.0.87 - - [18/Jul/2026:14:29:42 +0000] "POST /v3/auth/tokens HTTP/1.1" 201 1464
[Sat Jul 18 14:29:42.487197 2026] [wsgi:error] [pid 12:tid 139725791917760] [remote 10.0.0.87:48352] 2026-07-18 14:29:42.487 12 WARNING keystone.common.fernet_utils [None req-b35178c9-549c-43f6-8ca5-75fc366a43cb - - - - - -] key_repository is world readable: /etc/keystone/fernet-keys/ 10.0.0.87 - - [18/Jul/2026:14:29:42 +0000] "POST /v3/auth/tokens HTTP/1.1" 201 1464 10.0.0.87 - - [18/Jul/2026:14:29:42 +0000] "GET /v3/services HTTP/1.1" 200 639
[Sat Jul 18 14:29:42.532923 2026] [wsgi:error] [pid 11:tid 139725791917760] [remote 10.0.0.87:48354] 2026-07-18 14:29:42.532 11 WARNING keystone.common.fernet_utils [None req-a7a259aa-ba68-4009-a946-1a341689d211 - - - - - -] key_repository is world readable: /etc/keystone/fernet-keys/ 10.0.0.87 - - [18/Jul/2026:14:29:42 +0000] "POST /v3/auth/tokens HTTP/1.1" 201 1464 10.0.0.87 - - [18/Jul/2026:14:29:42 +0000] "GET /v3/services HTTP/1.1" 200 639 10.0.0.87 - - [18/Jul/2026:14:29:42 +0000] "GET /v3/services HTTP/1.1" 200 639 10.0.0.87 - - [18/Jul/2026:14:29:44 +0000] "GET / HTTP/1.1" 300 295 10.0.0.87 - - [18/Jul/2026:14:29:44 +0000] "GET / HTTP/1.1" 300 295
[Sat Jul 18 14:29:44.164505 2026] [wsgi:error] [pid 11:tid 139725791917760] [remote 10.0.0.87:48356] 2026-07-18 14:29:44.164 11 WARNING keystone.common.password_hashing [None req-76a47e5f-b5a6-4b61-807e-61f55e75169e - - - - - -] Truncating password to algorithm specific maximum length 72 characters.
[Sat Jul 18 14:29:44.165913 2026] [wsgi:error] [pid 12:tid 139725791917760] [remote 10.0.0.87:48364] 2026-07-18 14:29:44.165 12 WARNING keystone.common.password_hashing [None req-0f8c4489-a772-42ac-99ce-77382693f732 - - - - - -] Truncating password to algorithm specific maximum length 72 characters. 10.0.0.87 - - [18/Jul/2026:14:29:44 +0000] "GET / HTTP/1.1" 300 295
[Sat Jul 18 14:29:44.228277 2026] [wsgi:error] [pid 10:tid 139725791917760] [remote 10.0.0.87:48372] 2026-07-18 14:29:44.227 10 WARNING keystone.common.password_hashing [None req-d039b842-7ad8-47e7-91de-045ed6a218c3 - - - - - -] Truncating password to algorithm specific maximum length 72 characters.
[Sat Jul 18 14:29:44.435381 2026] [wsgi:error] [pid 12:tid 139725791917760] [remote 10.0.0.87:48364] 2026-07-18 14:29:44.435 12 WARNING keystone.common.fernet_utils [None req-0f8c4489-a772-42ac-99ce-77382693f732 - - - - - -] key_repository is world readable: /etc/keystone/fernet-keys/
[Sat Jul 18 14:29:44.439457 2026] [wsgi:error] [pid 11:tid 139725791917760] [remote 10.0.0.87:48356] 2026-07-18 14:29:44.439 11 WARNING keystone.common.fernet_utils [None req-76a47e5f-b5a6-4b61-807e-61f55e75169e - - - - - -] key_repository is world readable: /etc/keystone/fernet-keys/ 10.0.0.87 - - [18/Jul/2026:14:29:44 +0000] "POST /v3/auth/tokens HTTP/1.1" 201 1464 10.0.0.87 - - [18/Jul/2026:14:29:44 +0000] "POST /v3/auth/tokens HTTP/1.1" 201 1464
[Sat Jul 18 14:29:44.503663 2026] [wsgi:error] [pid 10:tid 139725791917760] [remote 10.0.0.87:48372] 2026-07-18 14:29:44.503 10 WARNING keystone.common.fernet_utils [None req-d039b842-7ad8-47e7-91de-045ed6a218c3 - - - - - -] key_repository is world readable: /etc/keystone/fernet-keys/ 10.0.0.87 - - [18/Jul/2026:14:29:44 +0000] "POST /v3/auth/tokens HTTP/1.1" 201 1464 10.0.0.87 - - [18/Jul/2026:14:29:44 +0000] "GET /v3/endpoints HTTP/1.1" 200 1227 10.0.0.87 - - [18/Jul/2026:14:29:44 +0000] "GET /v3/endpoints HTTP/1.1" 200 1227 10.0.0.87 - - [18/Jul/2026:14:29:44 +0000] "GET /v3/services/c22efd50afa2414e88484bdc4466d056 HTTP/1.1" 200 233 10.0.0.87 - - [18/Jul/2026:14:29:44 +0000] "GET /v3/services/c22efd50afa2414e88484bdc4466d056 HTTP/1.1" 200 233 10.0.0.87 - - [18/Jul/2026:14:29:44 +0000] "GET /v3/services/c22efd50afa2414e88484bdc4466d056 HTTP/1.1" 200 233 10.0.0.87 - - [18/Jul/2026:14:29:44 +0000] "GET /v3/services/c22efd50afa2414e88484bdc4466d056 HTTP/1.1" 200 233 10.0.0.87 - - [18/Jul/2026:14:29:44 +0000] "GET /v3/services/c22efd50afa2414e88484bdc4466d056 HTTP/1.1" 200 233 10.0.0.87 - - [18/Jul/2026:14:29:44 +0000] "GET /v3/services/c22efd50afa2414e88484bdc4466d056 HTTP/1.1" 200 233 10.0.0.87 - - [18/Jul/2026:14:29:44 +0000] "GET /v3/endpoints HTTP/1.1" 200 1227 10.0.0.87 - - [18/Jul/2026:14:29:44 +0000] "GET /v3/services/c22efd50afa2414e88484bdc4466d056 HTTP/1.1" 200 233 10.0.0.87 - - [18/Jul/2026:14:29:44 +0000] "GET /v3/services/c22efd50afa2414e88484bdc4466d056 HTTP/1.1" 200 233 10.0.0.87 - - [18/Jul/2026:14:29:44 +0000] "GET /v3/services/c22efd50afa2414e88484bdc4466d056 HTTP/1.1" 200 233 10.0.0.87 - - [18/Jul/2026:14:29:46 +0000] "GET / HTTP/1.1" 300 295
[Sat Jul 18 14:29:46.141289 2026] [wsgi:error] [pid 12:tid 139725791917760] [remote 10.0.0.87:59482] 2026-07-18 14:29:46.141 12 WARNING keystone.common.password_hashing [None req-67526b99-d927-41eb-804d-5a8aea628c6f - - - - - -] Truncating password to algorithm specific maximum length 72 characters. 10.0.0.87 - - [18/Jul/2026:14:29:46 +0000] "GET / HTTP/1.1" 300 295
[Sat Jul 18 14:29:46.174741 2026] [wsgi:error] [pid 9:tid 139725791917760] [remote 10.0.0.87:59490] 2026-07-18 14:29:46.174 9 WARNING keystone.common.password_hashing [None req-2e5740bf-a782-4aad-93f1-48707afc96d1 - - - - - -] Truncating password to algorithm specific maximum length 72 characters. 10.0.0.87 - - [18/Jul/2026:14:29:46 +0000] "GET / HTTP/1.1" 300 295
[Sat Jul 18 14:29:46.294175 2026] [wsgi:error] [pid 11:tid 139725791917760] [remote 10.0.0.87:59492] 2026-07-18 14:29:46.293 11 WARNING keystone.common.password_hashing [None req-1e034422-feac-4d1c-a333-385d58a3e79f - - - - - -] Truncating password to algorithm specific maximum length 72 characters.
[Sat Jul 18 14:29:46.412723 2026] [wsgi:error] [pid 12:tid 139725791917760] [remote 10.0.0.87:59482] 2026-07-18 14:29:46.412 12 WARNING keystone.common.fernet_utils [None req-67526b99-d927-41eb-804d-5a8aea628c6f - - - - - -] key_repository is world readable: /etc/keystone/fernet-keys/ 10.0.0.87 - - [18/Jul/2026:14:29:46 +0000] "POST /v3/auth/tokens HTTP/1.1" 201 1464
[Sat Jul 18 14:29:46.457220 2026] [wsgi:error] [pid 9:tid 139725791917760] [remote 10.0.0.87:59490] 2026-07-18 14:29:46.456 9 WARNING keystone.common.fernet_utils [None req-2e5740bf-a782-4aad-93f1-48707afc96d1 - - - - - -] key_repository is world readable: /etc/keystone/fernet-keys/ 10.0.0.87 - - [18/Jul/2026:14:29:46 +0000] "POST /v3/auth/tokens HTTP/1.1" 201 1464 10.0.0.87 - - [18/Jul/2026:14:29:46 +0000] "GET /v3/services/8254014092494a38ba9c9294e06dd7f1 HTTP/1.1" 200 296 10.0.0.87 - - [18/Jul/2026:14:29:46 +0000] "GET /v3/regions/RegionOne HTTP/1.1" 200 173
[Sat Jul 18 14:29:46.572854 2026] [wsgi:error] [pid 11:tid 139725791917760] [remote 10.0.0.87:59492] 2026-07-18 14:29:46.572 11 WARNING keystone.common.fernet_utils [None req-1e034422-feac-4d1c-a333-385d58a3e79f - - - - - -] key_repository is world readable: /etc/keystone/fernet-keys/ 10.0.0.87 - - [18/Jul/2026:14:29:46 +0000] "GET /v3/services/8254014092494a38ba9c9294e06dd7f1 HTTP/1.1" 200 296 10.0.0.87 - - [18/Jul/2026:14:29:46 +0000] "POST /v3/auth/tokens HTTP/1.1" 201 1464 10.0.0.87 - - [18/Jul/2026:14:29:46 +0000] "GET /v3/regions/RegionOne HTTP/1.1" 200 173 10.0.0.87 - - [18/Jul/2026:14:29:46 +0000] "GET /v3/services/8254014092494a38ba9c9294e06dd7f1 HTTP/1.1" 200 296 10.0.0.87 - - [18/Jul/2026:14:29:46 +0000] "POST /v3/endpoints HTTP/1.1" 201 370 10.0.0.87 - - [18/Jul/2026:14:29:46 +0000] "GET /v3/regions/RegionOne HTTP/1.1" 200 173 10.0.0.87 - - [18/Jul/2026:14:29:46 +0000] "POST /v3/endpoints HTTP/1.1" 201 380 10.0.0.87 - - [18/Jul/2026:14:29:46 +0000] "POST /v3/endpoints HTTP/1.1" 201 383 10.0.0.87 - - [18/Jul/2026:14:29:48 +0000] "GET / HTTP/1.1" 300 295
[Sat Jul 18 14:29:48.152572 2026] [wsgi:error] [pid 12:tid 139725791917760] [remote 10.0.0.87:59500] 2026-07-18 14:29:48.152 12 WARNING keystone.common.password_hashing [None req-1c177fe2-b3c0-466a-a513-bc099515f846 - - - - - -] Truncating password to algorithm specific maximum length 72 characters. 10.0.0.87 - - [18/Jul/2026:14:29:48 +0000] "GET / HTTP/1.1" 300 295
[Sat Jul 18 14:29:48.233947 2026] [wsgi:error] [pid 11:tid 139725791917760] [remote 10.0.0.87:59508] 2026-07-18 14:29:48.233 11 WARNING keystone.common.password_hashing [None req-0a0ae73b-c1cb-40f4-b418-3a0b91225c9a - - - - - -] Truncating password to algorithm specific maximum length 72 characters.
[Sat Jul 18 14:29:48.424643 2026] [wsgi:error] [pid 12:tid 139725791917760] [remote 10.0.0.87:59500] 2026-07-18 14:29:48.424 12 WARNING keystone.common.fernet_utils [None req-1c177fe2-b3c0-466a-a513-bc099515f846 - - - - - -] key_repository is world readable: /etc/keystone/fernet-keys/ 10.0.0.87 - - [18/Jul/2026:14:29:48 +0000] "GET / HTTP/1.1" 300 295 10.0.0.87 - - [18/Jul/2026:14:29:48 +0000] "POST /v3/auth/tokens HTTP/1.1" 201 1992
[Sat Jul 18 14:29:48.449152 2026] [wsgi:error] [pid 9:tid 139725791917760] [remote 10.0.0.87:59516] 2026-07-18 14:29:48.448 9 WARNING keystone.common.password_hashing [None req-a7eb3e1c-efc3-43d8-9c8b-cc1b763e21f8 - - - - - -] Truncating password to algorithm specific maximum length 72 characters.
[Sat Jul 18 14:29:48.514354 2026] [wsgi:error] [pid 11:tid 139725791917760] [remote 10.0.0.87:59508] 2026-07-18 14:29:48.514 11 WARNING keystone.common.fernet_utils [None req-0a0ae73b-c1cb-40f4-b418-3a0b91225c9a - - - - - -] key_repository is world readable: /etc/keystone/fernet-keys/ 10.0.0.87 - - [18/Jul/2026:14:29:48 +0000] "POST /v3/auth/tokens HTTP/1.1" 201 1992 10.0.0.87 - - [18/Jul/2026:14:29:48 +0000] "GET /v3/endpoints/0e9b44e503fa433fb6b816cb1e9ce185 HTTP/1.1" 200 370 10.0.0.87 - - [18/Jul/2026:14:29:48 +0000] "GET /v3/services/8254014092494a38ba9c9294e06dd7f1 HTTP/1.1" 200 296 10.0.0.87 - - [18/Jul/2026:14:29:48 +0000] "GET /v3/endpoints/37036dcb861a4ade8083d1749fb5be17 HTTP/1.1" 200 380 10.0.0.87 - - [18/Jul/2026:14:29:48 +0000] "GET /v3/services/8254014092494a38ba9c9294e06dd7f1 HTTP/1.1" 200 296
[Sat Jul 18 14:29:48.733077 2026] [wsgi:error] [pid 9:tid 139725791917760] [remote 10.0.0.87:59516] 2026-07-18 14:29:48.732 9 WARNING keystone.common.fernet_utils [None req-a7eb3e1c-efc3-43d8-9c8b-cc1b763e21f8 - - - - - -] key_repository is world readable: /etc/keystone/fernet-keys/ 10.0.0.87 - - [18/Jul/2026:14:29:48 +0000] "POST /v3/auth/tokens HTTP/1.1" 201 1992 10.0.0.87 - - [18/Jul/2026:14:29:48 +0000] "GET /v3/endpoints/0c2d16bd5fd54d82b78783ba3b25779a HTTP/1.1" 200 383 10.0.0.87 - - [18/Jul/2026:14:29:48 +0000] "GET /v3/services/8254014092494a38ba9c9294e06dd7f1 HTTP/1.1" 200 296 10.0.0.106 - - [18/Jul/2026:14:30:01 +0000] "GET /v3/ HTTP/1.1" 200 250 10.0.0.106 - - [18/Jul/2026:14:30:01 +0000] "GET /v3/ HTTP/1.1" 200 250 10.0.0.5 - - [18/Jul/2026:14:30:01 +0000] "GET / HTTP/1.1" 300 295
[Sat Jul 18 14:30:01.316998 2026] [wsgi:error] [pid 11:tid 139725791917760] [remote 10.0.0.5:40802] 2026-07-18 14:30:01.316 11 WARNING keystone.common.password_hashing [None req-1e54f2f1-78f4-4d04-8cba-185ccd73d726 - - - - - -] Truncating password to algorithm specific maximum length 72 characters.
[Sat Jul 18 14:30:01.590129 2026] [wsgi:error] [pid 11:tid 139725791917760] [remote 10.0.0.5:40802] 2026-07-18 14:30:01.589 11 WARNING keystone.common.fernet_utils [None req-1e54f2f1-78f4-4d04-8cba-185ccd73d726 - - - - - -] key_repository is world readable: /etc/keystone/fernet-keys/ 10.0.0.5 - - [18/Jul/2026:14:30:01 +0000] "POST /v3/auth/tokens HTTP/1.1" 201 1992 10.0.0.5 - - [18/Jul/2026:14:30:01 +0000] "POST /v3/domains HTTP/1.1" 201 284 10.0.0.5 - - [18/Jul/2026:14:30:03 +0000] "GET / HTTP/1.1" 300 295
[Sat Jul 18 14:30:03.447729 2026] [wsgi:error] [pid 12:tid 139725791917760] [remote 10.0.0.5:40812] 2026-07-18 14:30:03.447 12 WARNING keystone.common.password_hashing [None req-cf5c6cef-2e39-458e-8965-230f6808191c - - - - - -] Truncating password to algorithm specific maximum length 72 characters.
[Sat Jul 18 14:30:03.719003 2026] [wsgi:error] [pid 12:tid 139725791917760] [remote 10.0.0.5:40812] 2026-07-18 14:30:03.718 12 WARNING keystone.common.fernet_utils [None req-cf5c6cef-2e39-458e-8965-230f6808191c - - - - - -] key_repository is world readable: /etc/keystone/fernet-keys/ 10.0.0.5 - - [18/Jul/2026:14:30:03 +0000] "POST /v3/auth/tokens HTTP/1.1" 201 1992
[Sat Jul 18 14:30:03.928215 2026] [wsgi:error] [pid 11:tid 139725791917760] [remote 10.0.0.5:40812] 2026-07-18 14:30:03.912 11 ERROR keystone.server.flask.application [None req-44bdd020-c1fa-4e15-8234-4af3545f1079 7fd421e1dad241228c8929dcd44365ed 797614706bfc40ed9c6216e3c6944cef - - default default] Conflict occurred attempting to store project - it is not permitted to have two projects acting as domains with the same name: service.: keystone.exception.Conflict: Conflict occurred attempting to store project - it is not permitted to have two projects acting as domains with the same name: service.
[Sat Jul 18 14:30:03.928243 2026] [wsgi:error] [pid 11:tid 139725791917760] [remote 10.0.0.5:40812] 2026-07-18 14:30:03.912 11 ERROR keystone.server.flask.application
Traceback (most recent call last):
[Sat Jul 18 14:30:03.928245 2026] [wsgi:error] [pid 11:tid 139725791917760] [remote 10.0.0.5:40812] 2026-07-18 14:30:03.912 11 ERROR keystone.server.flask.application
File "/var/lib/openstack/lib/python3.12/site-packages/sqlalchemy/engine/base.py", line 1969, in _exec_single_context
[Sat Jul 18 14:30:03.928247 2026] [wsgi:error] [pid 11:tid 139725791917760] [remote 10.0.0.5:40812] 2026-07-18 14:30:03.912 11 ERROR keystone.server.flask.application self.dialect.do_execute(
[Sat Jul 18 14:30:03.928249 2026] [wsgi:error] [pid 11:tid 139725791917760] [remote 10.0.0.5:40812] 2026-07-18 14:30:03.912 11 ERROR keystone.server.flask.application
File "/var/lib/openstack/lib/python3.12/site-packages/sqlalchemy/engine/default.py", line 952, in do_execute
[Sat Jul 18 14:30:03.928250 2026] [wsgi:error] [pid 11:tid 139725791917760] [remote 10.0.0.5:40812] 2026-07-18 14:30:03.912 11 ERROR keystone.server.flask.application cursor.execute(statement, parameters)
[Sat Jul 18 14:30:03.928252 2026] [wsgi:error] [pid 11:tid 139725791917760] [remote 10.0.0.5:40812] 2026-07-18 14:30:03.912 11 ERROR keystone.server.flask.application
File "/var/lib/openstack/lib/python3.12/site-packages/pymysql/cursors.py", line 159, in execute
[Sat Jul 18 14:30:03.928254 2026] [wsgi:error] [pid 11:tid 139725791917760] [remote 10.0.0.5:40812] 2026-07-18 14:30:03.912 11 ERROR keystone.server.flask.application result = self._query(query)
[Sat Jul 18 14:30:03.928256 2026] [wsgi:error] [pid 11:tid 139725791917760] [remote 10.0.0.5:40812] 2026-07-18 14:30:03.912 11 ERROR keystone.server.flask.application ^^^^^^^^^^^^^^^^^^
[Sat Jul 18 14:30:03.928257 2026] [wsgi:error] [pid 11:tid 139725791917760] [remote 10.0.0.5:40812] 2026-07-18 14:30:03.912 11 ERROR keystone.server.flask.application
File "/var/lib/openstack/lib/python3.12/site-packages/pymysql/cursors.py", line 330, in _query
[Sat Jul 18 14:30:03.928259 2026] [wsgi:error] [pid 11:tid 139725791917760] [remote 10.0.0.5:40812] 2026-07-18 14:30:03.912 11 ERROR keystone.server.flask.application conn.query(q)
[Sat Jul 18 14:30:03.928260 2026] [wsgi:error] [pid 11:tid 139725791917760] [remote 10.0.0.5:40812] 2026-07-18 14:30:03.912 11 ERROR keystone.server.flask.application
File "/var/lib/openstack/lib/python3.12/site-packages/pymysql/connections.py", line 582, in query
[Sat Jul 18 14:30:03.928262 2026] [wsgi:error] [pid 11:tid 139725791917760] [remote 10.0.0.5:40812] 2026-07-18 14:30:03.912 11 ERROR keystone.server.flask.application self._affected_rows = self._read_query_result(unbuffered=unbuffered)
[Sat Jul 18 14:30:03.928263 2026] [wsgi:error] [pid 11:tid 139725791917760] [remote 10.0.0.5:40812] 2026-07-18 14:30:03.912 11 ERROR keystone.server.flask.application ^^^^^^^^^^^^^^^^^^^^^^^^^^^^^^^^^^^^^^^^^^^^^^
[Sat Jul 18 14:30:03.928265 2026] [wsgi:error] [pid 11:tid 139725791917760] [remote 10.0.0.5:40812] 2026-07-18 14:30:03.912 11 ERROR keystone.server.flask.application
File "/var/lib/openstack/lib/python3.12/site-packages/pymysql/connections.py", line 847, in _read_query_result
[Sat Jul 18 14:30:03.928266 2026] [wsgi:error] [pid 11:tid 139725791917760] [remote 10.0.0.5:40812] 2026-07-18 14:30:03.912 11 ERROR keystone.server.flask.application result.read()
[Sat Jul 18 14:30:03.928270 2026] [wsgi:error] [pid 11:tid 139725791917760] [remote 10.0.0.5:40812] 2026-07-18 14:30:03.912 11 ERROR keystone.server.flask.application
File "/var/lib/openstack/lib/python3.12/site-packages/pymysql/connections.py", line 1245, in read
[Sat Jul 18 14:30:03.928271 2026] [wsgi:error] [pid 11:tid 139725791917760] [remote 10.0.0.5:40812] 2026-07-18 14:30:03.912 11 ERROR keystone.server.flask.application first_packet = self.connection._read_packet()
[Sat Jul 18 14:30:03.928273 2026] [wsgi:error] [pid 11:tid 139725791917760] [remote 10.0.0.5:40812] 2026-07-18 14:30:03.912 11 ERROR keystone.server.flask.application ^^^^^^^^^^^^^^^^^^^^^^^^^^^^^^
[Sat Jul 18 14:30:03.928274 2026] [wsgi:error] [pid 11:tid 139725791917760] [remote 10.0.0.5:40812] 2026-07-18 14:30:03.912 11 ERROR keystone.server.flask.application
File "/var/lib/openstack/lib/python3.12/site-packages/pymysql/connections.py", line 803, in _read_packet
[Sat Jul 18 14:30:03.928276 2026] [wsgi:error] [pid 11:tid 139725791917760] [remote 10.0.0.5:40812] 2026-07-18 14:30:03.912 11 ERROR keystone.server.flask.application packet.raise_for_error()
[Sat Jul 18 14:30:03.928278 2026] [wsgi:error] [pid 11:tid 139725791917760] [remote 10.0.0.5:40812] 2026-07-18 14:30:03.912 11 ERROR keystone.server.flask.application
File "/var/lib/openstack/lib/python3.12/site-packages/pymysql/protocol.py", line 219, in raise_for_error
[Sat Jul 18 14:30:03.928279 2026] [wsgi:error] [pid 11:tid 139725791917760] [remote 10.0.0.5:40812] 2026-07-18 14:30:03.912 11 ERROR keystone.server.flask.application err.raise_mysql_exception(self._data)
[Sat Jul 18 14:30:03.928280 2026] [wsgi:error] [pid 11:tid 139725791917760] [remote 10.0.0.5:40812] 2026-07-18 14:30:03.912 11 ERROR keystone.server.flask.application
File "/var/lib/openstack/lib/python3.12/site-packages/pymysql/err.py", line 154, in raise_mysql_exception
[Sat Jul 18 14:30:03.928282 2026] [wsgi:error] [pid 11:tid 139725791917760] [remote 10.0.0.5:40812] 2026-07-18 14:30:03.912 11 ERROR keystone.server.flask.application raise errorclass(errno, errval, sqlstate=sqlstate)
[Sat Jul 18 14:30:03.928284 2026] [wsgi:error] [pid 11:tid 139725791917760] [remote 10.0.0.5:40812] 2026-07-18 14:30:03.912 11 ERROR keystone.server.flask.application pymysql.err.IntegrityError: (1062, "Duplicate entry '<>-service' for key 'project.ixu_project_name_domain_id'")
[Sat Jul 18 14:30:03.928286 2026] [wsgi:error] [pid 11:tid 139725791917760] [remote 10.0.0.5:40812] 2026-07-18 14:30:03.912 11 ERROR keystone.server.flask.application
[Sat Jul 18 14:30:03.928288 2026] [wsgi:error] [pid 11:tid 139725791917760] [remote 10.0.0.5:40812] 2026-07-18 14:30:03.912 11 ERROR keystone.server.flask.application The above exception was the direct cause of the following exception:
[Sat Jul 18 14:30:03.928289 2026] [wsgi:error] [pid 11:tid 139725791917760] [remote 10.0.0.5:40812] 2026-07-18 14:30:03.912 11 ERROR keystone.server.flask.application
[Sat Jul 18 14:30:03.928290 2026] [wsgi:error] [pid 11:tid 139725791917760] [remote 10.0.0.5:40812] 2026-07-18 14:30:03.912 11 ERROR keystone.server.flask.application
Traceback (most recent call last):
[Sat Jul 18 14:30:03.928292 2026] [wsgi:error] [pid 11:tid 139725791917760] [remote 10.0.0.5:40812] 2026-07-18 14:30:03.912 11 ERROR keystone.server.flask.application
File "/var/lib/openstack/lib/python3.12/site-packages/keystone/common/sql/core.py", line 575, in wrapper
[Sat Jul 18 14:30:03.928293 2026] [wsgi:error] [pid 11:tid 139725791917760] [remote 10.0.0.5:40812] 2026-07-18 14:30:03.912 11 ERROR keystone.server.flask.application return method(*args, **kwargs)
[Sat Jul 18 14:30:03.928294 2026] [wsgi:error] [pid 11:tid 139725791917760] [remote 10.0.0.5:40812] 2026-07-18 14:30:03.912 11 ERROR keystone.server.flask.application ^^^^^^^^^^^^^^^^^^^^^^^
[Sat Jul 18 14:30:03.928296 2026] [wsgi:error] [pid 11:tid 139725791917760] [remote 10.0.0.5:40812] 2026-07-18 14:30:03.912 11 ERROR keystone.server.flask.application
File "/var/lib/openstack/lib/python3.12/site-packages/keystone/resource/backends/sql.py", line 278, in create_project
[Sat Jul 18 14:30:03.928298 2026] [wsgi:error] [pid 11:tid 139725791917760] [remote 10.0.0.5:40812] 2026-07-18 14:30:03.912 11 ERROR keystone.server.flask.application with sql.session_for_write() as session:
[Sat Jul 18 14:30:03.928299 2026] [wsgi:error] [pid 11:tid 139725791917760] [remote 10.0.0.5:40812] 2026-07-18 14:30:03.912 11 ERROR keystone.server.flask.application
File "/usr/lib/python3.12/contextlib.py", line 144, in __exit__
[Sat Jul 18 14:30:03.928301 2026] [wsgi:error] [pid 11:tid 139725791917760] [remote 10.0.0.5:40812] 2026-07-18 14:30:03.912 11 ERROR keystone.server.flask.application next(self.gen)
[Sat Jul 18 14:30:03.928302 2026] [wsgi:error] [pid 11:tid 139725791917760] [remote 10.0.0.5:40812] 2026-07-18 14:30:03.912 11 ERROR keystone.server.flask.application
File "/var/lib/openstack/lib/python3.12/site-packages/oslo_db/sqlalchemy/enginefacade.py", line 1175, in _transaction_scope
[Sat Jul 18 14:30:03.928303 2026] [wsgi:error] [pid 11:tid 139725791917760] [remote 10.0.0.5:40812] 2026-07-18 14:30:03.912 11 ERROR keystone.server.flask.application with current._produce_block(
[Sat Jul 18 14:30:03.928331 2026] [wsgi:error] [pid 11:tid 139725791917760] [remote 10.0.0.5:40812] 2026-07-18 14:30:03.912 11 ERROR keystone.server.flask.application
File "/usr/lib/python3.12/contextlib.py", line 144, in __exit__
[Sat Jul 18 14:30:03.928333 2026] [wsgi:error] [pid 11:tid 139725791917760] [remote 10.0.0.5:40812] 2026-07-18 14:30:03.912 11 ERROR keystone.server.flask.application next(self.gen)
[Sat Jul 18 14:30:03.928335 2026] [wsgi:error] [pid 11:tid 139725791917760] [remote 10.0.0.5:40812] 2026-07-18 14:30:03.912 11 ERROR keystone.server.flask.application
File "/var/lib/openstack/lib/python3.12/site-packages/oslo_db/sqlalchemy/enginefacade.py", line 837, in _session
[Sat Jul 18 14:30:03.928336 2026] [wsgi:error] [pid 11:tid 139725791917760] [remote 10.0.0.5:40812] 2026-07-18 14:30:03.912 11 ERROR keystone.server.flask.application with excutils.save_and_reraise_exception():
[Sat Jul 18 14:30:03.928338 2026] [wsgi:error] [pid 11:tid 139725791917760] [remote 10.0.0.5:40812] 2026-07-18 14:30:03.912 11 ERROR keystone.server.flask.application
File "/var/lib/openstack/lib/python3.12/site-packages/oslo_utils/excutils.py", line 266, in __exit__
[Sat Jul 18 14:30:03.928340 2026] [wsgi:error] [pid 11:tid 139725791917760] [remote 10.0.0.5:40812] 2026-07-18 14:30:03.912 11 ERROR keystone.server.flask.application self.force_reraise()
[Sat Jul 18 14:30:03.928341 2026] [wsgi:error] [pid 11:tid 139725791917760] [remote 10.0.0.5:40812] 2026-07-18 14:30:03.912 11 ERROR keystone.server.flask.application
File "/var/lib/openstack/lib/python3.12/site-packages/oslo_utils/excutils.py", line 232, in force_reraise
[Sat Jul 18 14:30:03.928343 2026] [wsgi:error] [pid 11:tid 139725791917760] [remote 10.0.0.5:40812] 2026-07-18 14:30:03.912 11 ERROR keystone.server.flask.application raise self.value
[Sat Jul 18 14:30:03.928344 2026] [wsgi:error] [pid 11:tid 139725791917760] [remote 10.0.0.5:40812] 2026-07-18 14:30:03.912 11 ERROR keystone.server.flask.application
File "/var/lib/openstack/lib/python3.12/site-packages/oslo_db/sqlalchemy/enginefacade.py", line 835, in _session
[Sat Jul 18 14:30:03.928346 2026] [wsgi:error] [pid 11:tid 139725791917760] [remote 10.0.0.5:40812] 2026-07-18 14:30:03.912 11 ERROR keystone.server.flask.application self._end_session_transaction(self.session)
[Sat Jul 18 14:30:03.928348 2026] [wsgi:error] [pid 11:tid 139725791917760] [remote 10.0.0.5:40812] 2026-07-18 14:30:03.912 11 ERROR keystone.server.flask.application
File "/var/lib/openstack/lib/python3.12/site-packages/oslo_db/sqlalchemy/enginefacade.py", line 748, in _end_session_transaction
[Sat Jul 18 14:30:03.928350 2026] [wsgi:error] [pid 11:tid 139725791917760] [remote 10.0.0.5:40812] 2026-07-18 14:30:03.912 11 ERROR keystone.server.flask.application session.commit()
[Sat Jul 18 14:30:03.928352 2026] [wsgi:error] [pid 11:tid 139725791917760] [remote 10.0.0.5:40812] 2026-07-18 14:30:03.912 11 ERROR keystone.server.flask.application
File "/var/lib/openstack/lib/python3.12/site-packages/sqlalchemy/orm/session.py", line 2034, in commit
[Sat Jul 18 14:30:03.928353 2026] [wsgi:error] [pid 11:tid 139725791917760] [remote 10.0.0.5:40812] 2026-07-18 14:30:03.912 11 ERROR keystone.server.flask.application trans.commit(_to_root=True)
[Sat Jul 18 14:30:03.928355 2026] [wsgi:error] [pid 11:tid 139725791917760] [remote 10.0.0.5:40812] 2026-07-18 14:30:03.912 11 ERROR keystone.server.flask.application File "", line 2, in commit
[Sat Jul 18 14:30:03.928356 2026] [wsgi:error] [pid 11:tid 139725791917760] [remote 10.0.0.5:40812] 2026-07-18 14:30:03.912 11 ERROR keystone.server.flask.application
File "/var/lib/openstack/lib/python3.12/site-packages/sqlalchemy/orm/state_changes.py", line 137, in _go
[Sat Jul 18 14:30:03.928358 2026] [wsgi:error] [pid 11:tid 139725791917760] [remote 10.0.0.5:40812] 2026-07-18 14:30:03.912 11 ERROR keystone.server.flask.application ret_value = fn(self, *arg, **kw)
[Sat Jul 18 14:30:03.928361 2026] [wsgi:error] [pid 11:tid 139725791917760] [remote 10.0.0.5:40812] 2026-07-18 14:30:03.912 11 ERROR keystone.server.flask.application ^^^^^^^^^^^^^^^^^^^^
[Sat Jul 18 14:30:03.928362 2026] [wsgi:error] [pid 11:tid 139725791917760] [remote 10.0.0.5:40812] 2026-07-18 14:30:03.912 11 ERROR keystone.server.flask.application
File "/var/lib/openstack/lib/python3.12/site-packages/sqlalchemy/orm/session.py", line 1315, in commit
[Sat Jul 18 14:30:03.928363 2026] [wsgi:error] [pid 11:tid 139725791917760] [remote 10.0.0.5:40812] 2026-07-18 14:30:03.912 11 ERROR keystone.server.flask.application self._prepare_impl()
[Sat Jul 18 14:30:03.928365 2026] [wsgi:error] [pid 11:tid 139725791917760] [remote 10.0.0.5:40812] 2026-07-18 14:30:03.912 11 ERROR keystone.server.flask.application File "", line 2, in _prepare_impl
[Sat Jul 18 14:30:03.928370 2026] [wsgi:error] [pid 11:tid 139725791917760] [remote 10.0.0.5:40812] 2026-07-18 14:30:03.912 11 ERROR keystone.server.flask.application
File "/var/lib/openstack/lib/python3.12/site-packages/sqlalchemy/orm/state_changes.py", line 137, in _go
[Sat Jul 18 14:30:03.928372 2026] [wsgi:error] [pid 11:tid 139725791917760] [remote 10.0.0.5:40812] 2026-07-18 14:30:03.912 11 ERROR keystone.server.flask.application ret_value = fn(self, *arg, **kw)
[Sat Jul 18 14:30:03.928374 2026] [wsgi:error] [pid 11:tid 139725791917760] [remote 10.0.0.5:40812] 2026-07-18 14:30:03.912 11 ERROR keystone.server.flask.application ^^^^^^^^^^^^^^^^^^^^
[Sat Jul 18 14:30:03.928376 2026] [wsgi:error] [pid 11:tid 139725791917760] [remote 10.0.0.5:40812] 2026-07-18 14:30:03.912 11 ERROR keystone.server.flask.application
File "/var/lib/openstack/lib/python3.12/site-packages/sqlalchemy/orm/session.py", line 1290, in _prepare_impl
[Sat Jul 18 14:30:03.928377 2026] [wsgi:error] [pid 11:tid 139725791917760] [remote 10.0.0.5:40812] 2026-07-18 14:30:03.912 11 ERROR keystone.server.flask.application self.session.flush()
[Sat Jul 18 14:30:03.928380 2026] [wsgi:error] [pid 11:tid 139725791917760] [remote 10.0.0.5:40812] 2026-07-18 14:30:03.912 11 ERROR keystone.server.flask.application
File "/var/lib/openstack/lib/python3.12/site-packages/sqlalchemy/orm/session.py", line 4352, in flush
[Sat Jul 18 14:30:03.928382 2026] [wsgi:error] [pid 11:tid 139725791917760] [remote 10.0.0.5:40812] 2026-07-18 14:30:03.912 11 ERROR keystone.server.flask.application self._flush(objects)
[Sat Jul 18 14:30:03.928385 2026] [wsgi:error] [pid 11:tid 139725791917760] [remote 10.0.0.5:40812] 2026-07-18 14:30:03.912 11 ERROR keystone.server.flask.application
File "/var/lib/openstack/lib/python3.12/site-packages/sqlalchemy/orm/session.py", line 4487, in _flush
[Sat Jul 18 14:30:03.928387 2026] [wsgi:error] [pid 11:tid 139725791917760] [remote 10.0.0.5:40812] 2026-07-18 14:30:03.912 11 ERROR keystone.server.flask.application with util.safe_reraise():
[Sat Jul 18 14:30:03.928390 2026] [wsgi:error] [pid 11:tid 139725791917760] [remote 10.0.0.5:40812] 2026-07-18 14:30:03.912 11 ERROR keystone.server.flask.application
File "/var/lib/openstack/lib/python3.12/site-packages/sqlalchemy/util/langhelpers.py", line 122, in __exit__
[Sat Jul 18 14:30:03.928393 2026] [wsgi:error] [pid 11:tid 139725791917760] [remote 10.0.0.5:40812] 2026-07-18 14:30:03.912 11 ERROR keystone.server.flask.application raise exc_value.with_traceback(exc_tb)
[Sat Jul 18 14:30:03.928395 2026] [wsgi:error] [pid 11:tid 139725791917760] [remote 10.0.0.5:40812] 2026-07-18 14:30:03.912 11 ERROR keystone.server.flask.application
File "/var/lib/openstack/lib/python3.12/site-packages/sqlalchemy/orm/session.py", line 4448, in _flush
[Sat Jul 18 14:30:03.928397 2026] [wsgi:error] [pid 11:tid 139725791917760] [remote 10.0.0.5:40812] 2026-07-18 14:30:03.912 11 ERROR keystone.server.flask.application flush_context.execute()
[Sat Jul 18 14:30:03.928399 2026] [wsgi:error] [pid 11:tid 139725791917760] [remote 10.0.0.5:40812] 2026-07-18 14:30:03.912 11 ERROR keystone.server.flask.application
File "/var/lib/openstack/lib/python3.12/site-packages/sqlalchemy/orm/unitofwork.py", line 465, in execute
