2026-07-25 05:10:15.994 8 INFO placement.requestlog [None req-b1a5e514-a251-4c2f-a712-0f1817f03443 53d8f6166ea643eaba22295ba960b795 dcff2df0d4244ab89b75eeaa86a913a6 - - 0b03e00795e74573912007ca28326502 0b03e00795e74573912007ca28326502] 10.0.0.34 "GET /resource_providers/99248a4d-5381-4beb-bade-6c02d088065a/aggregates" status: 404 len: 235 microversion: 1.1 [pid: 8|app: 0|req: 452/902] 10.0.0.34 () {32 vars in 814 bytes} [Sat Jul 25 05:10:15 2026] GET /resource_providers/99248a4d-5381-4beb-bade-6c02d088065a/aggregates => generated 235 bytes in 9 msecs (HTTP/1.1 404) 5 headers in 202 bytes (1 switches on core 0)
2026-07-25 05:10:15.999 7 INFO placement.requestlog [None req-c70405f1-15d0-492f-8097-824dfd117bc7 53d8f6166ea643eaba22295ba960b795 dcff2df0d4244ab89b75eeaa86a913a6 - - 0b03e00795e74573912007ca28326502 0b03e00795e74573912007ca28326502] 10.0.0.34 "GET /resource_providers/99248a4d-5381-4beb-bade-6c02d088065a/aggregates" status: 404 len: 235 microversion: 1.1 [pid: 7|app: 0|req: 451/903] 10.0.0.34 () {32 vars in 814 bytes} [Sat Jul 25 05:10:15 2026] GET /resource_providers/99248a4d-5381-4beb-bade-6c02d088065a/aggregates => generated 235 bytes in 11 msecs (HTTP/1.1 404) 5 headers in 202 bytes (1 switches on core 0)
2026-07-25 05:10:16.020 8 INFO placement.requestlog [None req-9befc212-76c5-4f46-9bfc-f65640fbbb9b 53d8f6166ea643eaba22295ba960b795 dcff2df0d4244ab89b75eeaa86a913a6 - - 0b03e00795e74573912007ca28326502 0b03e00795e74573912007ca28326502] 10.0.0.34 "DELETE /resource_providers/99248a4d-5381-4beb-bade-6c02d088065a" status: 404 len: 246 microversion: 1.1 [pid: 8|app: 0|req: 453/904] 10.0.0.34 () {34 vars in 814 bytes} [Sat Jul 25 05:10:16 2026] DELETE /resource_providers/99248a4d-5381-4beb-bade-6c02d088065a => generated 246 bytes in 12 msecs (HTTP/1.1 404) 6 headers in 231 bytes (1 switches on core 0)
2026-07-25 05:10:16.021 7 INFO placement.requestlog [None req-5f2e99b4-ca48-4513-9873-3897df2f7a5c 53d8f6166ea643eaba22295ba960b795 dcff2df0d4244ab89b75eeaa86a913a6 - - 0b03e00795e74573912007ca28326502 0b03e00795e74573912007ca28326502] 10.0.0.34 "DELETE /resource_providers/99248a4d-5381-4beb-bade-6c02d088065a" status: 404 len: 246 microversion: 1.1 [pid: 7|app: 0|req: 452/905] 10.0.0.34 () {34 vars in 814 bytes} [Sat Jul 25 05:10:16 2026] DELETE /resource_providers/99248a4d-5381-4beb-bade-6c02d088065a => generated 246 bytes in 11 msecs (HTTP/1.1 404) 6 headers in 231 bytes (1 switches on core 0)
2026-07-25 05:10:19.429 7 INFO placement.requestlog [None req-f99e80a3-ed92-4463-a46f-c1526d2f357d - - - - - -] 10.0.0.236 "GET /" status: 200 len: 136 microversion: 1.0
2026-07-25 05:10:19.429 8 INFO placement.requestlog [None req-5684beca-b039-4e27-a7d2-eb9a48252244 - - - - - -] 10.0.0.236 "GET /" status: 200 len: 136 microversion: 1.0
2026-07-25 05:10:20.108 7 INFO placement.requestlog [None req-b8393ccc-0e3d-4ceb-a11b-74675cf5dc4b 53d8f6166ea643eaba22295ba960b795 dcff2df0d4244ab89b75eeaa86a913a6 - - 0b03e00795e74573912007ca28326502 0b03e00795e74573912007ca28326502] 10.0.0.34 "GET /resource_providers/cc30a791-9e0e-4a4d-ae30-57b3ea7f7c30/aggregates" status: 404 len: 235 microversion: 1.1 [pid: 7|app: 0|req: 454/908] 10.0.0.34 () {32 vars in 814 bytes} [Sat Jul 25 05:10:20 2026] GET /resource_providers/cc30a791-9e0e-4a4d-ae30-57b3ea7f7c30/aggregates => generated 235 bytes in 11 msecs (HTTP/1.1 404) 5 headers in 202 bytes (1 switches on core 0)
2026-07-25 05:10:20.113 8 INFO placement.requestlog [None req-93f93aaf-30e7-47f4-aadd-c83d0491e049 53d8f6166ea643eaba22295ba960b795 dcff2df0d4244ab89b75eeaa86a913a6 - - 0b03e00795e74573912007ca28326502 0b03e00795e74573912007ca28326502] 10.0.0.34 "GET /resource_providers/cc30a791-9e0e-4a4d-ae30-57b3ea7f7c30/aggregates" status: 404 len: 235 microversion: 1.1 [pid: 8|app: 0|req: 455/909] 10.0.0.34 () {32 vars in 814 bytes} [Sat Jul 25 05:10:20 2026] GET /resource_providers/cc30a791-9e0e-4a4d-ae30-57b3ea7f7c30/aggregates => generated 235 bytes in 14 msecs (HTTP/1.1 404) 5 headers in 202 bytes (1 switches on core 0)
2026-07-25 05:10:20.135 7 INFO placement.requestlog [None req-b38e3d99-7618-499c-a0b2-d6605ee6bbf0 53d8f6166ea643eaba22295ba960b795 dcff2df0d4244ab89b75eeaa86a913a6 - - 0b03e00795e74573912007ca28326502 0b03e00795e74573912007ca28326502] 10.0.0.34 "DELETE /resource_providers/cc30a791-9e0e-4a4d-ae30-57b3ea7f7c30" status: 404 len: 246 microversion: 1.1 [pid: 7|app: 0|req: 455/910] 10.0.0.34 () {34 vars in 814 bytes} [Sat Jul 25 05:10:20 2026] DELETE /resource_providers/cc30a791-9e0e-4a4d-ae30-57b3ea7f7c30 => generated 246 bytes in 11 msecs (HTTP/1.1 404) 6 headers in 231 bytes (1 switches on core 0)
2026-07-25 05:10:20.136 8 INFO placement.requestlog [None req-70039e21-c995-4f65-a5b4-39d984646d4a 53d8f6166ea643eaba22295ba960b795 dcff2df0d4244ab89b75eeaa86a913a6 - - 0b03e00795e74573912007ca28326502 0b03e00795e74573912007ca28326502] 10.0.0.34 "DELETE /resource_providers/cc30a791-9e0e-4a4d-ae30-57b3ea7f7c30" status: 404 len: 246 microversion: 1.1 [pid: 8|app: 0|req: 456/911] 10.0.0.34 () {34 vars in 814 bytes} [Sat Jul 25 05:10:20 2026] DELETE /resource_providers/cc30a791-9e0e-4a4d-ae30-57b3ea7f7c30 => generated 246 bytes in 10 msecs (HTTP/1.1 404) 6 headers in 231 bytes (1 switches on core 0)
2026-07-25 05:10:28.354 7 INFO placement.requestlog [None req-fc57d9bf-f678-4d68-bc05-7458dc59b229 53d8f6166ea643eaba22295ba960b795 dcff2df0d4244ab89b75eeaa86a913a6 - - 0b03e00795e74573912007ca28326502 0b03e00795e74573912007ca28326502] 10.0.0.34 "GET /resource_providers/576e7307-cd88-4c88-8a66-b1e7dd2faa29/aggregates" status: 404 len: 235 microversion: 1.1 [pid: 7|app: 0|req: 456/912] 10.0.0.34 () {32 vars in 814 bytes} [Sat Jul 25 05:10:28 2026] GET /resource_providers/576e7307-cd88-4c88-8a66-b1e7dd2faa29/aggregates => generated 235 bytes in 62 msecs (HTTP/1.1 404) 5 headers in 202 bytes (1 switches on core 0)
2026-07-25 05:10:28.372 8 INFO placement.requestlog [None req-effe1ee0-93eb-4e61-a9ac-b9756cff3aee 53d8f6166ea643eaba22295ba960b795 dcff2df0d4244ab89b75eeaa86a913a6 - - 0b03e00795e74573912007ca28326502 0b03e00795e74573912007ca28326502] 10.0.0.34 "GET /resource_providers/576e7307-cd88-4c88-8a66-b1e7dd2faa29/aggregates" status: 404 len: 235 microversion: 1.1 [pid: 8|app: 0|req: 457/913] 10.0.0.34 () {32 vars in 814 bytes} [Sat Jul 25 05:10:28 2026] GET /resource_providers/576e7307-cd88-4c88-8a66-b1e7dd2faa29/aggregates => generated 235 bytes in 70 msecs (HTTP/1.1 404) 5 headers in 202 bytes (1 switches on core 0)
2026-07-25 05:10:28.386 8 INFO placement.requestlog [None req-f2f3fc77-d40b-44bb-9aab-42e55432ef9a 53d8f6166ea643eaba22295ba960b795 dcff2df0d4244ab89b75eeaa86a913a6 - - 0b03e00795e74573912007ca28326502 0b03e00795e74573912007ca28326502] 10.0.0.34 "DELETE /resource_providers/576e7307-cd88-4c88-8a66-b1e7dd2faa29" status: 404 len: 246 microversion: 1.1 [pid: 8|app: 0|req: 458/914] 10.0.0.34 () {34 vars in 814 bytes} [Sat Jul 25 05:10:28 2026] DELETE /resource_providers/576e7307-cd88-4c88-8a66-b1e7dd2faa29 => generated 246 bytes in 7 msecs (HTTP/1.1 404) 6 headers in 231 bytes (1 switches on core 0)
2026-07-25 05:10:28.401 7 INFO placement.requestlog [None req-8dbe6c92-80f8-4d37-8fbd-6e3ad4775364 53d8f6166ea643eaba22295ba960b795 dcff2df0d4244ab89b75eeaa86a913a6 - - 0b03e00795e74573912007ca28326502 0b03e00795e74573912007ca28326502] 10.0.0.34 "DELETE /resource_providers/576e7307-cd88-4c88-8a66-b1e7dd2faa29" status: 404 len: 246 microversion: 1.1 [pid: 7|app: 0|req: 457/915] 10.0.0.34 () {34 vars in 814 bytes} [Sat Jul 25 05:10:28 2026] DELETE /resource_providers/576e7307-cd88-4c88-8a66-b1e7dd2faa29 => generated 246 bytes in 38 msecs (HTTP/1.1 404) 6 headers in 231 bytes (1 switches on core 0)
2026-07-25 05:10:28.682 8 INFO placement.requestlog [None req-67ec76be-de79-4675-8bcf-927a6e7dcd55 53d8f6166ea643eaba22295ba960b795 dcff2df0d4244ab89b75eeaa86a913a6 - - 0b03e00795e74573912007ca28326502 0b03e00795e74573912007ca28326502] 10.0.0.34 "GET /resource_providers/d6c87504-748f-491f-8a06-5218aa028486/aggregates" status: 404 len: 235 microversion: 1.1 [pid: 8|app: 0|req: 459/916] 10.0.0.34 () {32 vars in 814 bytes} [Sat Jul 25 05:10:28 2026] GET /resource_providers/d6c87504-748f-491f-8a06-5218aa028486/aggregates => generated 235 bytes in 9 msecs (HTTP/1.1 404) 5 headers in 202 bytes (1 switches on core 0)
2026-07-25 05:10:28.688 7 INFO placement.requestlog [None req-703f4f99-3a9e-4165-b98a-7b909d56f4a8 53d8f6166ea643eaba22295ba960b795 dcff2df0d4244ab89b75eeaa86a913a6 - - 0b03e00795e74573912007ca28326502 0b03e00795e74573912007ca28326502] 10.0.0.34 "GET /resource_providers/d6c87504-748f-491f-8a06-5218aa028486/aggregates" status: 404 len: 235 microversion: 1.1 [pid: 7|app: 0|req: 458/917] 10.0.0.34 () {32 vars in 814 bytes} [Sat Jul 25 05:10:28 2026] GET /resource_providers/d6c87504-748f-491f-8a06-5218aa028486/aggregates => generated 235 bytes in 9 msecs (HTTP/1.1 404) 5 headers in 202 bytes (1 switches on core 0)
2026-07-25 05:10:28.705 8 INFO placement.requestlog [None req-200c0bce-5c7d-4c69-b228-026ec73a77fb 53d8f6166ea643eaba22295ba960b795 dcff2df0d4244ab89b75eeaa86a913a6 - - 0b03e00795e74573912007ca28326502 0b03e00795e74573912007ca28326502] 10.0.0.34 "DELETE /resource_providers/d6c87504-748f-491f-8a06-5218aa028486" status: 404 len: 246 microversion: 1.1 [pid: 8|app: 0|req: 460/918] 10.0.0.34 () {34 vars in 814 bytes} [Sat Jul 25 05:10:28 2026] DELETE /resource_providers/d6c87504-748f-491f-8a06-5218aa028486 => generated 246 bytes in 9 msecs (HTTP/1.1 404) 6 headers in 231 bytes (1 switches on core 0)
2026-07-25 05:10:28.713 7 INFO placement.requestlog [None req-ff37dc53-d1a5-4d7c-855c-04b3d04155e5 53d8f6166ea643eaba22295ba960b795 dcff2df0d4244ab89b75eeaa86a913a6 - - 0b03e00795e74573912007ca28326502 0b03e00795e74573912007ca28326502] 10.0.0.34 "DELETE /resource_providers/d6c87504-748f-491f-8a06-5218aa028486" status: 404 len: 246 microversion: 1.1 [pid: 7|app: 0|req: 459/919] 10.0.0.34 () {34 vars in 814 bytes} [Sat Jul 25 05:10:28 2026] DELETE /resource_providers/d6c87504-748f-491f-8a06-5218aa028486 => generated 246 bytes in 12 msecs (HTTP/1.1 404) 6 headers in 231 bytes (1 switches on core 0)
2026-07-25 05:10:29.429 8 INFO placement.requestlog [None req-035dc9ea-4d1c-42b2-b34a-111fcbb60c7f - - - - - -] 10.0.0.236 "GET /" status: 200 len: 136 microversion: 1.0
2026-07-25 05:10:29.429 7 INFO placement.requestlog [None req-4fe8ab9c-d0ed-4be8-8e9c-87e241bb6e3d - - - - - -] 10.0.0.236 "GET /" status: 200 len: 136 microversion: 1.0
2026-07-25 05:10:30.406 8 INFO placement.requestlog [None req-a6e1d0d4-f490-4645-afcd-2358bc84cf47 53d8f6166ea643eaba22295ba960b795 dcff2df0d4244ab89b75eeaa86a913a6 - - 0b03e00795e74573912007ca28326502 0b03e00795e74573912007ca28326502] 10.0.0.34 "GET /resource_providers/84598dde-dd20-43ae-b2fc-d6e3a78e3cf3/aggregates" status: 404 len: 235 microversion: 1.1 [pid: 8|app: 0|req: 462/922] 10.0.0.34 () {32 vars in 814 bytes} [Sat Jul 25 05:10:30 2026] GET /resource_providers/84598dde-dd20-43ae-b2fc-d6e3a78e3cf3/aggregates => generated 235 bytes in 12 msecs (HTTP/1.1 404) 5 headers in 202 bytes (1 switches on core 0)
2026-07-25 05:10:30.424 7 INFO placement.requestlog [None req-b5dfa3dc-566c-4a08-9791-eaa9b6a9d59b 53d8f6166ea643eaba22295ba960b795 dcff2df0d4244ab89b75eeaa86a913a6 - - 0b03e00795e74573912007ca28326502 0b03e00795e74573912007ca28326502] 10.0.0.34 "GET /resource_providers/84598dde-dd20-43ae-b2fc-d6e3a78e3cf3/aggregates" status: 404 len: 235 microversion: 1.1 [pid: 7|app: 0|req: 461/923] 10.0.0.34 () {32 vars in 814 bytes} [Sat Jul 25 05:10:30 2026] GET /resource_providers/84598dde-dd20-43ae-b2fc-d6e3a78e3cf3/aggregates => generated 235 bytes in 11 msecs (HTTP/1.1 404) 5 headers in 202 bytes (1 switches on core 0)
2026-07-25 05:10:30.430 8 INFO placement.requestlog [None req-c4f8dabd-4ea5-4716-97b5-ed2e7ab0fad2 53d8f6166ea643eaba22295ba960b795 dcff2df0d4244ab89b75eeaa86a913a6 - - 0b03e00795e74573912007ca28326502 0b03e00795e74573912007ca28326502] 10.0.0.34 "DELETE /resource_providers/84598dde-dd20-43ae-b2fc-d6e3a78e3cf3" status: 404 len: 246 microversion: 1.1 [pid: 8|app: 0|req: 463/924] 10.0.0.34 () {34 vars in 814 bytes} [Sat Jul 25 05:10:30 2026] DELETE /resource_providers/84598dde-dd20-43ae-b2fc-d6e3a78e3cf3 => generated 246 bytes in 12 msecs (HTTP/1.1 404) 6 headers in 231 bytes (1 switches on core 0)
2026-07-25 05:10:30.452 7 INFO placement.requestlog [None req-c379a9af-6f6b-4ec4-bfab-3c729d3aa87c 53d8f6166ea643eaba22295ba960b795 dcff2df0d4244ab89b75eeaa86a913a6 - - 0b03e00795e74573912007ca28326502 0b03e00795e74573912007ca28326502] 10.0.0.34 "DELETE /resource_providers/84598dde-dd20-43ae-b2fc-d6e3a78e3cf3" status: 404 len: 246 microversion: 1.1 [pid: 7|app: 0|req: 462/925] 10.0.0.34 () {34 vars in 814 bytes} [Sat Jul 25 05:10:30 2026] DELETE /resource_providers/84598dde-dd20-43ae-b2fc-d6e3a78e3cf3 => generated 246 bytes in 18 msecs (HTTP/1.1 404) 6 headers in 231 bytes (1 switches on core 0)
2026-07-25 05:10:39.430 7 INFO placement.requestlog [None req-f2e477a2-9a16-454f-9bf1-0e8ca713dbeb - - - - - -] 10.0.0.236 "GET /" status: 200 len: 136 microversion: 1.0
2026-07-25 05:10:39.430 8 INFO placement.requestlog [None req-28838e27-50ef-4704-ab6c-fc17a9f04371 - - - - - -] 10.0.0.236 "GET /" status: 200 len: 136 microversion: 1.0
2026-07-25 05:10:49.429 7 INFO placement.requestlog [None req-2cd4d25f-5fbc-46e0-bed9-5236f86e338b - - - - - -] 10.0.0.236 "GET /" status: 200 len: 136 microversion: 1.0
2026-07-25 05:10:49.429 8 INFO placement.requestlog [None req-6f855bc6-4ecf-4d50-98c1-7268962503c9 - - - - - -] 10.0.0.236 "GET /" status: 200 len: 136 microversion: 1.0
2026-07-25 05:10:59.429 7 INFO placement.requestlog [None req-4b63fb63-6f82-4a67-a157-e49023f5a156 - - - - - -] 10.0.0.236 "GET /" status: 200 len: 136 microversion: 1.0
2026-07-25 05:10:59.429 8 INFO placement.requestlog [None req-9923bd7c-ddce-44ec-985d-3b4ccb6a175b - - - - - -] 10.0.0.236 "GET /" status: 200 len: 136 microversion: 1.0
2026-07-25 05:11:09.429 7 INFO placement.requestlog [None req-99b46b83-9569-451d-83d3-651089cb0433 - - - - - -] 10.0.0.236 "GET /" status: 200 len: 136 microversion: 1.0
2026-07-25 05:11:09.430 8 INFO placement.requestlog [None req-f3ce84f4-6094-41c4-9ecb-e2b0899c6324 - - - - - -] 10.0.0.236 "GET /" status: 200 len: 136 microversion: 1.0
2026-07-25 05:11:14.821 7 INFO placement.requestlog [req-68c57cf6-26f6-4212-8b9f-c25eaba98ebc req-c0af91ae-6c1a-4dc7-afd1-f982b45be949 e3d7f469d40c48ff86ce2895044626cb dcff2df0d4244ab89b75eeaa86a913a6 - - 0b03e00795e74573912007ca28326502 0b03e00795e74573912007ca28326502] 199.204.45.238 "GET /resource_providers/fc071ffe-9924-4ed8-9e02-399be870fb3f/allocations" status: 200 len: 340 microversion: 1.0 [pid: 7|app: 0|req: 467/934] 199.204.45.238 () {32 vars in 856 bytes} [Sat Jul 25 05:11:14 2026] GET /resource_providers/fc071ffe-9924-4ed8-9e02-399be870fb3f/allocations => generated 340 bytes in 12 msecs (HTTP/1.1 200) 6 headers in 224 bytes (1 switches on core 0)
2026-07-25 05:11:14.847 8 INFO placement.requestlog [req-68c57cf6-26f6-4212-8b9f-c25eaba98ebc req-bbe1b34b-9021-4d17-bc6d-136a7545b359 e3d7f469d40c48ff86ce2895044626cb dcff2df0d4244ab89b75eeaa86a913a6 - - 0b03e00795e74573912007ca28326502 0b03e00795e74573912007ca28326502] 199.204.45.238 "GET /resource_providers/fc071ffe-9924-4ed8-9e02-399be870fb3f/allocations" status: 200 len: 340 microversion: 1.0 [pid: 8|app: 0|req: 468/935] 199.204.45.238 () {32 vars in 856 bytes} [Sat Jul 25 05:11:14 2026] GET /resource_providers/fc071ffe-9924-4ed8-9e02-399be870fb3f/allocations => generated 340 bytes in 15 msecs (HTTP/1.1 200) 6 headers in 224 bytes (1 switches on core 0)
2026-07-25 05:11:14.869 7 INFO placement.requestlog [req-68c57cf6-26f6-4212-8b9f-c25eaba98ebc req-759d945f-a0e1-4c3d-8e3d-c80012f4e777 e3d7f469d40c48ff86ce2895044626cb dcff2df0d4244ab89b75eeaa86a913a6 - - 0b03e00795e74573912007ca28326502 0b03e00795e74573912007ca28326502] 199.204.45.238 "GET /allocations/39465042-2ebb-41a6-a07b-6afd8e858774" status: 200 len: 258 microversion: 1.28 [pid: 7|app: 0|req: 468/936] 199.204.45.238 () {34 vars in 862 bytes} [Sat Jul 25 05:11:14 2026] GET /allocations/39465042-2ebb-41a6-a07b-6afd8e858774 => generated 258 bytes in 13 msecs (HTTP/1.1 200) 8 headers in 296 bytes (1 switches on core 0)
2026-07-25 05:11:14.898 8 INFO placement.requestlog [req-68c57cf6-26f6-4212-8b9f-c25eaba98ebc req-e40ed160-e6b7-446a-8119-ce6caa05cc69 e3d7f469d40c48ff86ce2895044626cb dcff2df0d4244ab89b75eeaa86a913a6 - - 0b03e00795e74573912007ca28326502 0b03e00795e74573912007ca28326502] 199.204.45.238 "GET /allocations/bbc2dc65-c141-4426-a689-d5afbcd5074f" status: 200 len: 245 microversion: 1.28 [pid: 8|app: 0|req: 469/937] 199.204.45.238 () {34 vars in 862 bytes} [Sat Jul 25 05:11:14 2026] GET /allocations/bbc2dc65-c141-4426-a689-d5afbcd5074f => generated 245 bytes in 22 msecs (HTTP/1.1 200) 8 headers in 296 bytes (1 switches on core 0)
2026-07-25 05:11:14.918 7 INFO placement.requestlog [req-68c57cf6-26f6-4212-8b9f-c25eaba98ebc req-0f9c76b6-d93f-460c-882e-56eb173b17c4 e3d7f469d40c48ff86ce2895044626cb dcff2df0d4244ab89b75eeaa86a913a6 - - 0b03e00795e74573912007ca28326502 0b03e00795e74573912007ca28326502] 199.204.45.238 "GET /allocations/68a3ee85-72ec-4303-99ac-aebff2a55a96" status: 200 len: 258 microversion: 1.28 [pid: 7|app: 0|req: 469/938] 199.204.45.238 () {34 vars in 862 bytes} [Sat Jul 25 05:11:14 2026] GET /allocations/68a3ee85-72ec-4303-99ac-aebff2a55a96 => generated 258 bytes in 13 msecs (HTTP/1.1 200) 8 headers in 296 bytes (1 switches on core 0)
2026-07-25 05:11:19.429 8 INFO placement.requestlog [None req-283fff64-3ada-455b-9119-def739d994d2 - - - - - -] 10.0.0.236 "GET /" status: 200 len: 136 microversion: 1.0
2026-07-25 05:11:19.429 7 INFO placement.requestlog [None req-1acc3201-1108-45c6-abc9-3ab85dc3de26 - - - - - -] 10.0.0.236 "GET /" status: 200 len: 136 microversion: 1.0
2026-07-25 05:11:29.429 7 INFO placement.requestlog [None req-fbf1d342-6120-43a7-912f-d5bf8cbff708 - - - - - -] 10.0.0.236 "GET /" status: 200 len: 136 microversion: 1.0
2026-07-25 05:11:29.430 8 INFO placement.requestlog [None req-bee1df61-9988-40e5-9957-b3fc009a38b5 - - - - - -] 10.0.0.236 "GET /" status: 200 len: 136 microversion: 1.0
2026-07-25 05:11:39.429 8 INFO placement.requestlog [None req-e375fb60-924a-4de5-ab83-2e30545ee4f0 - - - - - -] 10.0.0.236 "GET /" status: 200 len: 136 microversion: 1.0
2026-07-25 05:11:39.429 7 INFO placement.requestlog [None req-f28c18d9-c4de-4284-943c-33a8398071e9 - - - - - -] 10.0.0.236 "GET /" status: 200 len: 136 microversion: 1.0
2026-07-25 05:11:49.429 7 INFO placement.requestlog [None req-0794a6a0-c318-424f-a856-bec16f7f2e3f - - - - - -] 10.0.0.236 "GET /" status: 200 len: 136 microversion: 1.0
2026-07-25 05:11:49.429 8 INFO placement.requestlog [None req-9c3381e0-b749-472b-b955-6441e9c212e6 - - - - - -] 10.0.0.236 "GET /" status: 200 len: 136 microversion: 1.0
2026-07-25 05:11:59.429 7 INFO placement.requestlog [None req-f58c6217-ea25-4a0b-a286-545de49a5e93 - - - - - -] 10.0.0.236 "GET /" status: 200 len: 136 microversion: 1.0
2026-07-25 05:11:59.429 8 INFO placement.requestlog [None req-52e19b59-962a-4500-8b3c-afb34ebc57e8 - - - - - -] 10.0.0.236 "GET /" status: 200 len: 136 microversion: 1.0
2026-07-25 05:12:09.430 7 INFO placement.requestlog [None req-a52375af-9643-4af6-8d04-479b3cb97f1b - - - - - -] 10.0.0.236 "GET /" status: 200 len: 136 microversion: 1.0
2026-07-25 05:12:09.430 8 INFO placement.requestlog [None req-0cd1f09f-eddb-428f-b385-4e006c59d63b - - - - - -] 10.0.0.236 "GET /" status: 200 len: 136 microversion: 1.0
2026-07-25 05:12:14.777 7 INFO placement.requestlog [req-b23e8ae8-f411-49de-bd8c-1018bf5aec1b req-adeb92dd-90f9-47a5-93b7-1404a27d7c89 e3d7f469d40c48ff86ce2895044626cb dcff2df0d4244ab89b75eeaa86a913a6 - - 0b03e00795e74573912007ca28326502 0b03e00795e74573912007ca28326502] 199.204.45.238 "GET /resource_providers/fc071ffe-9924-4ed8-9e02-399be870fb3f/allocations" status: 200 len: 340 microversion: 1.0 [pid: 7|app: 0|req: 476/951] 199.204.45.238 () {32 vars in 856 bytes} [Sat Jul 25 05:12:14 2026] GET /resource_providers/fc071ffe-9924-4ed8-9e02-399be870fb3f/allocations => generated 340 bytes in 16 msecs (HTTP/1.1 200) 6 headers in 224 bytes (1 switches on core 0)
2026-07-25 05:12:14.805 8 INFO placement.requestlog [req-b23e8ae8-f411-49de-bd8c-1018bf5aec1b req-6cd5c5ac-50a3-4d97-9e8e-de325d23ffd5 e3d7f469d40c48ff86ce2895044626cb dcff2df0d4244ab89b75eeaa86a913a6 - - 0b03e00795e74573912007ca28326502 0b03e00795e74573912007ca28326502] 199.204.45.238 "GET /resource_providers/fc071ffe-9924-4ed8-9e02-399be870fb3f/allocations" status: 200 len: 340 microversion: 1.0 [pid: 8|app: 0|req: 476/952] 199.204.45.238 () {32 vars in 856 bytes} [Sat Jul 25 05:12:14 2026] GET /resource_providers/fc071ffe-9924-4ed8-9e02-399be870fb3f/allocations => generated 340 bytes in 18 msecs (HTTP/1.1 200) 6 headers in 224 bytes (1 switches on core 0)
2026-07-25 05:12:14.820 7 INFO placement.requestlog [req-b23e8ae8-f411-49de-bd8c-1018bf5aec1b req-25b40f9a-0308-43f6-9f9e-886c7a0d417c e3d7f469d40c48ff86ce2895044626cb dcff2df0d4244ab89b75eeaa86a913a6 - - 0b03e00795e74573912007ca28326502 0b03e00795e74573912007ca28326502] 199.204.45.238 "GET /allocations/39465042-2ebb-41a6-a07b-6afd8e858774" status: 200 len: 258 microversion: 1.28 [pid: 7|app: 0|req: 477/953] 199.204.45.238 () {34 vars in 862 bytes} [Sat Jul 25 05:12:14 2026] GET /allocations/39465042-2ebb-41a6-a07b-6afd8e858774 => generated 258 bytes in 11 msecs (HTTP/1.1 200) 8 headers in 296 bytes (1 switches on core 0)
2026-07-25 05:12:14.841 8 INFO placement.requestlog [req-b23e8ae8-f411-49de-bd8c-1018bf5aec1b req-2307c44e-794f-401f-a17a-d159647a296a e3d7f469d40c48ff86ce2895044626cb dcff2df0d4244ab89b75eeaa86a913a6 - - 0b03e00795e74573912007ca28326502 0b03e00795e74573912007ca28326502] 199.204.45.238 "GET /allocations/bbc2dc65-c141-4426-a689-d5afbcd5074f" status: 200 len: 245 microversion: 1.28 [pid: 8|app: 0|req: 477/954] 199.204.45.238 () {34 vars in 862 bytes} [Sat Jul 25 05:12:14 2026] GET /allocations/bbc2dc65-c141-4426-a689-d5afbcd5074f => generated 245 bytes in 17 msecs (HTTP/1.1 200) 8 headers in 296 bytes (1 switches on core 0)
2026-07-25 05:12:14.857 7 INFO placement.requestlog [req-b23e8ae8-f411-49de-bd8c-1018bf5aec1b req-e929a910-0689-46fa-aa23-378aab2b7417 e3d7f469d40c48ff86ce2895044626cb dcff2df0d4244ab89b75eeaa86a913a6 - - 0b03e00795e74573912007ca28326502 0b03e00795e74573912007ca28326502] 199.204.45.238 "GET /allocations/68a3ee85-72ec-4303-99ac-aebff2a55a96" status: 200 len: 258 microversion: 1.28 [pid: 7|app: 0|req: 478/955] 199.204.45.238 () {34 vars in 862 bytes} [Sat Jul 25 05:12:14 2026] GET /allocations/68a3ee85-72ec-4303-99ac-aebff2a55a96 => generated 258 bytes in 13 msecs (HTTP/1.1 200) 8 headers in 296 bytes (1 switches on core 0)
2026-07-25 05:12:19.430 8 INFO placement.requestlog [None req-62e7f737-0998-4a82-8a0f-56c50141dd5f - - - - - -] 10.0.0.236 "GET /" status: 200 len: 136 microversion: 1.0
2026-07-25 05:12:19.430 7 INFO placement.requestlog [None req-93510979-2a15-4359-b68a-a7d2dc6022fa - - - - - -] 10.0.0.236 "GET /" status: 200 len: 136 microversion: 1.0
2026-07-25 05:12:29.428 8 INFO placement.requestlog [None req-68c5548d-8fbd-4a7a-b915-24f05bde6c30 - - - - - -] 10.0.0.236 "GET /" status: 200 len: 136 microversion: 1.0
2026-07-25 05:12:29.429 7 INFO placement.requestlog [None req-b3aae812-4053-4060-b17e-b6c28ce3d8a5 - - - - - -] 10.0.0.236 "GET /" status: 200 len: 136 microversion: 1.0
2026-07-25 05:12:35.287 8 INFO placement.requestlog [req-2298f9c4-0686-4c89-8e19-457c4e493d62 req-50d9dfaf-cccc-40ea-afdc-8d34ddf83796 e3d7f469d40c48ff86ce2895044626cb dcff2df0d4244ab89b75eeaa86a913a6 - - 0b03e00795e74573912007ca28326502 0b03e00795e74573912007ca28326502] 199.204.45.238 "GET /resource_providers/fc071ffe-9924-4ed8-9e02-399be870fb3f/allocations" status: 200 len: 340 microversion: 1.0 [pid: 8|app: 0|req: 480/960] 199.204.45.238 () {32 vars in 856 bytes} [Sat Jul 25 05:12:35 2026] GET /resource_providers/fc071ffe-9924-4ed8-9e02-399be870fb3f/allocations => generated 340 bytes in 18 msecs (HTTP/1.1 200) 6 headers in 224 bytes (1 switches on core 0)
2026-07-25 05:12:35.307 7 INFO placement.requestlog [req-2298f9c4-0686-4c89-8e19-457c4e493d62 req-922ef35c-1c95-4956-9e22-ff6d40723e15 e3d7f469d40c48ff86ce2895044626cb dcff2df0d4244ab89b75eeaa86a913a6 - - 0b03e00795e74573912007ca28326502 0b03e00795e74573912007ca28326502] 199.204.45.238 "GET /allocations/39465042-2ebb-41a6-a07b-6afd8e858774" status: 200 len: 258 microversion: 1.28 [pid: 7|app: 0|req: 481/961] 199.204.45.238 () {34 vars in 862 bytes} [Sat Jul 25 05:12:35 2026] GET /allocations/39465042-2ebb-41a6-a07b-6afd8e858774 => generated 258 bytes in 14 msecs (HTTP/1.1 200) 8 headers in 296 bytes (1 switches on core 0)
2026-07-25 05:12:35.326 8 INFO placement.requestlog [req-2298f9c4-0686-4c89-8e19-457c4e493d62 req-36f07fb1-f1c0-4c6a-96b4-4685d8266f31 e3d7f469d40c48ff86ce2895044626cb dcff2df0d4244ab89b75eeaa86a913a6 - - 0b03e00795e74573912007ca28326502 0b03e00795e74573912007ca28326502] 199.204.45.238 "GET /allocations/bbc2dc65-c141-4426-a689-d5afbcd5074f" status: 200 len: 245 microversion: 1.28 [pid: 8|app: 0|req: 481/962] 199.204.45.238 () {34 vars in 862 bytes} [Sat Jul 25 05:12:35 2026] GET /allocations/bbc2dc65-c141-4426-a689-d5afbcd5074f => generated 245 bytes in 15 msecs (HTTP/1.1 200) 8 headers in 296 bytes (1 switches on core 0)
2026-07-25 05:12:35.349 7 INFO placement.requestlog [req-2298f9c4-0686-4c89-8e19-457c4e493d62 req-b4214ace-92f3-4f92-a06c-02e72872a848 e3d7f469d40c48ff86ce2895044626cb dcff2df0d4244ab89b75eeaa86a913a6 - - 0b03e00795e74573912007ca28326502 0b03e00795e74573912007ca28326502] 199.204.45.238 "GET /allocations/68a3ee85-72ec-4303-99ac-aebff2a55a96" status: 200 len: 258 microversion: 1.28 [pid: 7|app: 0|req: 482/963] 199.204.45.238 () {34 vars in 862 bytes} [Sat Jul 25 05:12:35 2026] GET /allocations/68a3ee85-72ec-4303-99ac-aebff2a55a96 => generated 258 bytes in 16 msecs (HTTP/1.1 200) 8 headers in 296 bytes (1 switches on core 0)
2026-07-25 05:12:36.400 8 INFO placement.requestlog [req-2298f9c4-0686-4c89-8e19-457c4e493d62 req-3fb35073-a349-49fb-bd28-d5e0e008e443 e3d7f469d40c48ff86ce2895044626cb dcff2df0d4244ab89b75eeaa86a913a6 - - 0b03e00795e74573912007ca28326502 0b03e00795e74573912007ca28326502] 199.204.45.238 "DELETE /allocations/bbc2dc65-c141-4426-a689-d5afbcd5074f" status: 204 len: 0 microversion: 1.0 [pid: 8|app: 0|req: 482/964] 199.204.45.238 () {34 vars in 840 bytes} [Sat Jul 25 05:12:36 2026] DELETE /allocations/bbc2dc65-c141-4426-a689-d5afbcd5074f => generated 0 bytes in 24 msecs (HTTP/1.1 204) 5 headers in 198 bytes (1 switches on core 0)
2026-07-25 05:12:38.430 7 INFO placement.requestlog [req-2f976174-1ba9-4538-beab-afef9f100607 req-5fb017f4-3240-43af-a75d-0cee8d7a3ac0 e3d7f469d40c48ff86ce2895044626cb dcff2df0d4244ab89b75eeaa86a913a6 - - 0b03e00795e74573912007ca28326502 0b03e00795e74573912007ca28326502] 199.204.45.238 "GET /resource_providers/fc071ffe-9924-4ed8-9e02-399be870fb3f/allocations" status: 200 len: 253 microversion: 1.0 [pid: 7|app: 0|req: 483/965] 199.204.45.238 () {32 vars in 856 bytes} [Sat Jul 25 05:12:38 2026] GET /resource_providers/fc071ffe-9924-4ed8-9e02-399be870fb3f/allocations => generated 253 bytes in 14 msecs (HTTP/1.1 200) 6 headers in 224 bytes (1 switches on core 0)
2026-07-25 05:12:38.445 8 INFO placement.requestlog [req-2f976174-1ba9-4538-beab-afef9f100607 req-1cda8c14-7ae9-43ca-b1ed-dc7b2e066de9 e3d7f469d40c48ff86ce2895044626cb dcff2df0d4244ab89b75eeaa86a913a6 - - 0b03e00795e74573912007ca28326502 0b03e00795e74573912007ca28326502] 199.204.45.238 "GET /allocations/39465042-2ebb-41a6-a07b-6afd8e858774" status: 200 len: 258 microversion: 1.28 [pid: 8|app: 0|req: 483/966] 199.204.45.238 () {34 vars in 862 bytes} [Sat Jul 25 05:12:38 2026] GET /allocations/39465042-2ebb-41a6-a07b-6afd8e858774 => generated 258 bytes in 9 msecs (HTTP/1.1 200) 8 headers in 296 bytes (1 switches on core 0)
2026-07-25 05:12:38.462 7 INFO placement.requestlog [req-2f976174-1ba9-4538-beab-afef9f100607 req-d21d34c0-e070-4fdf-9770-fed7167df357 e3d7f469d40c48ff86ce2895044626cb dcff2df0d4244ab89b75eeaa86a913a6 - - 0b03e00795e74573912007ca28326502 0b03e00795e74573912007ca28326502] 199.204.45.238 "GET /allocations/68a3ee85-72ec-4303-99ac-aebff2a55a96" status: 200 len: 258 microversion: 1.28 [pid: 7|app: 0|req: 484/967] 199.204.45.238 () {34 vars in 862 bytes} [Sat Jul 25 05:12:38 2026] GET /allocations/68a3ee85-72ec-4303-99ac-aebff2a55a96 => generated 258 bytes in 11 msecs (HTTP/1.1 200) 8 headers in 296 bytes (1 switches on core 0)
2026-07-25 05:12:39.429 8 INFO placement.requestlog [None req-187e3849-d8a1-42e8-98f7-8c97d5f64370 - - - - - -] 10.0.0.236 "GET /" status: 200 len: 136 microversion: 1.0
2026-07-25 05:12:39.429 7 INFO placement.requestlog [None req-607d0412-ec3f-437b-930e-2e97a547b2f4 - - - - - -] 10.0.0.236 "GET /" status: 200 len: 136 microversion: 1.0
2026-07-25 05:12:39.507 8 INFO placement.requestlog [req-2f976174-1ba9-4538-beab-afef9f100607 req-312c1741-04e5-40b4-baf8-c4c06178b7aa e3d7f469d40c48ff86ce2895044626cb dcff2df0d4244ab89b75eeaa86a913a6 - - 0b03e00795e74573912007ca28326502 0b03e00795e74573912007ca28326502] 199.204.45.238 "DELETE /allocations/39465042-2ebb-41a6-a07b-6afd8e858774" status: 204 len: 0 microversion: 1.0 [pid: 8|app: 0|req: 485/970] 199.204.45.238 () {34 vars in 840 bytes} [Sat Jul 25 05:12:39 2026] DELETE /allocations/39465042-2ebb-41a6-a07b-6afd8e858774 => generated 0 bytes in 23 msecs (HTTP/1.1 204) 5 headers in 198 bytes (1 switches on core 0)
2026-07-25 05:12:49.349 7 INFO placement.requestlog [req-1a52293a-505a-4bbd-87e9-f486b5e52433 req-1d372216-3293-476e-ab21-31d85588bc0b e3d7f469d40c48ff86ce2895044626cb dcff2df0d4244ab89b75eeaa86a913a6 - - 0b03e00795e74573912007ca28326502 0b03e00795e74573912007ca28326502] 199.204.45.238 "GET /resource_providers/fc071ffe-9924-4ed8-9e02-399be870fb3f/allocations" status: 200 len: 153 microversion: 1.0 [pid: 7|app: 0|req: 486/971] 199.204.45.238 () {32 vars in 856 bytes} [Sat Jul 25 05:12:49 2026] GET /resource_providers/fc071ffe-9924-4ed8-9e02-399be870fb3f/allocations => generated 153 bytes in 19 msecs (HTTP/1.1 200) 6 headers in 224 bytes (1 switches on core 0)
2026-07-25 05:12:49.368 8 INFO placement.requestlog [req-1a52293a-505a-4bbd-87e9-f486b5e52433 req-c45075ed-07e7-47d8-bbf5-bed985ef7cec e3d7f469d40c48ff86ce2895044626cb dcff2df0d4244ab89b75eeaa86a913a6 - - 0b03e00795e74573912007ca28326502 0b03e00795e74573912007ca28326502] 199.204.45.238 "GET /allocations/68a3ee85-72ec-4303-99ac-aebff2a55a96" status: 200 len: 258 microversion: 1.28 [pid: 8|app: 0|req: 486/972] 199.204.45.238 () {34 vars in 862 bytes} [Sat Jul 25 05:12:49 2026] GET /allocations/68a3ee85-72ec-4303-99ac-aebff2a55a96 => generated 258 bytes in 12 msecs (HTTP/1.1 200) 8 headers in 296 bytes (1 switches on core 0)
2026-07-25 05:12:49.429 8 INFO placement.requestlog [None req-93224500-6534-4cf8-8519-f5a11d0bc6a4 - - - - - -] 10.0.0.236 "GET /" status: 200 len: 136 microversion: 1.0
2026-07-25 05:12:49.430 7 INFO placement.requestlog [None req-94c91b44-d3fc-4310-8f18-fdbffe47b3b5 - - - - - -] 10.0.0.236 "GET /" status: 200 len: 136 microversion: 1.0
2026-07-25 05:12:50.418 8 INFO placement.requestlog [req-1a52293a-505a-4bbd-87e9-f486b5e52433 req-ad78f9c8-cd38-40fc-9d02-f83adcb05279 e3d7f469d40c48ff86ce2895044626cb dcff2df0d4244ab89b75eeaa86a913a6 - - 0b03e00795e74573912007ca28326502 0b03e00795e74573912007ca28326502] 199.204.45.238 "DELETE /allocations/68a3ee85-72ec-4303-99ac-aebff2a55a96" status: 204 len: 0 microversion: 1.0 [pid: 8|app: 0|req: 488/975] 199.204.45.238 () {34 vars in 840 bytes} [Sat Jul 25 05:12:50 2026] DELETE /allocations/68a3ee85-72ec-4303-99ac-aebff2a55a96 => generated 0 bytes in 25 msecs (HTTP/1.1 204) 5 headers in 198 bytes (1 switches on core 0)
2026-07-25 05:12:59.429 7 INFO placement.requestlog [None req-3e3c5964-e51e-4030-bf14-24f8beb7e054 - - - - - -] 10.0.0.236 "GET /" status: 200 len: 136 microversion: 1.0
2026-07-25 05:12:59.429 8 INFO placement.requestlog [None req-925658a1-8ff2-48aa-b92e-4247d6ff4541 - - - - - -] 10.0.0.236 "GET /" status: 200 len: 136 microversion: 1.0
2026-07-25 05:13:01.734 7 INFO placement.requestlog [None req-9c189081-08d4-466b-ba89-0db1bc0f37b9 53d8f6166ea643eaba22295ba960b795 dcff2df0d4244ab89b75eeaa86a913a6 - - 0b03e00795e74573912007ca28326502 0b03e00795e74573912007ca28326502] 10.0.0.34 "GET /resource_providers/0048768f-2847-4fe9-a4d8-eaa481876ad7/aggregates" status: 404 len: 235 microversion: 1.1 [pid: 7|app: 0|req: 489/978] 10.0.0.34 () {32 vars in 814 bytes} [Sat Jul 25 05:13:01 2026] GET /resource_providers/0048768f-2847-4fe9-a4d8-eaa481876ad7/aggregates => generated 235 bytes in 9 msecs (HTTP/1.1 404) 5 headers in 202 bytes (1 switches on core 0)
2026-07-25 05:13:01.736 8 INFO placement.requestlog [None req-113dcde6-41b0-4639-838b-ba51a0d57365 53d8f6166ea643eaba22295ba960b795 dcff2df0d4244ab89b75eeaa86a913a6 - - 0b03e00795e74573912007ca28326502 0b03e00795e74573912007ca28326502] 10.0.0.34 "GET /resource_providers/0048768f-2847-4fe9-a4d8-eaa481876ad7/aggregates" status: 404 len: 235 microversion: 1.1 [pid: 8|app: 0|req: 490/979] 10.0.0.34 () {32 vars in 814 bytes} [Sat Jul 25 05:13:01 2026] GET /resource_providers/0048768f-2847-4fe9-a4d8-eaa481876ad7/aggregates => generated 235 bytes in 10 msecs (HTTP/1.1 404) 5 headers in 202 bytes (1 switches on core 0)
2026-07-25 05:13:01.751 7 INFO placement.requestlog [None req-e62f972d-ac79-4c05-9f5c-a6578f06012a 53d8f6166ea643eaba22295ba960b795 dcff2df0d4244ab89b75eeaa86a913a6 - - 0b03e00795e74573912007ca28326502 0b03e00795e74573912007ca28326502] 10.0.0.34 "DELETE /resource_providers/0048768f-2847-4fe9-a4d8-eaa481876ad7" status: 404 len: 246 microversion: 1.1 [pid: 7|app: 0|req: 490/980] 10.0.0.34 () {34 vars in 814 bytes} [Sat Jul 25 05:13:01 2026] DELETE /resource_providers/0048768f-2847-4fe9-a4d8-eaa481876ad7 => generated 246 bytes in 6 msecs (HTTP/1.1 404) 6 headers in 231 bytes (1 switches on core 0)
2026-07-25 05:13:01.756 8 INFO placement.requestlog [None req-65df8b27-83c8-4ac6-a212-8f96e9487b1e 53d8f6166ea643eaba22295ba960b795 dcff2df0d4244ab89b75eeaa86a913a6 - - 0b03e00795e74573912007ca28326502 0b03e00795e74573912007ca28326502] 10.0.0.34 "DELETE /resource_providers/0048768f-2847-4fe9-a4d8-eaa481876ad7" status: 404 len: 246 microversion: 1.1 [pid: 8|app: 0|req: 491/981] 10.0.0.34 () {34 vars in 814 bytes} [Sat Jul 25 05:13:01 2026] DELETE /resource_providers/0048768f-2847-4fe9-a4d8-eaa481876ad7 => generated 246 bytes in 9 msecs (HTTP/1.1 404) 6 headers in 231 bytes (1 switches on core 0)
2026-07-25 05:13:03.783 8 INFO placement.requestlog [None req-25dfce91-3652-46ce-b8c4-e2df03712ca4 53d8f6166ea643eaba22295ba960b795 dcff2df0d4244ab89b75eeaa86a913a6 - - 0b03e00795e74573912007ca28326502 0b03e00795e74573912007ca28326502] 10.0.0.34 "GET /resource_providers/63e1fbc2-1df5-47b1-9fc2-30e04c41ccf5/aggregates" status: 404 len: 235 microversion: 1.1
2026-07-25 05:13:03.783 7 INFO placement.requestlog [None req-642b39d0-2958-499d-9524-e0dff2a83725 53d8f6166ea643eaba22295ba960b795 dcff2df0d4244ab89b75eeaa86a913a6 - - 0b03e00795e74573912007ca28326502 0b03e00795e74573912007ca28326502] 10.0.0.34 "GET /resource_providers/63e1fbc2-1df5-47b1-9fc2-30e04c41ccf5/aggregates" status: 404 len: 235 microversion: 1.1 [pid: 7|app: 0|req: 491/982] 10.0.0.34 () {32 vars in 814 bytes} [Sat Jul 25 05:13:03 2026] GET /resource_providers/63e1fbc2-1df5-47b1-9fc2-30e04c41ccf5/aggregates => generated 235 bytes in 12 msecs (HTTP/1.1 404) 5 headers in 202 bytes (1 switches on core 0) [pid: 8|app: 0|req: 492/983] 10.0.0.34 () {32 vars in 814 bytes} [Sat Jul 25 05:13:03 2026] GET /resource_providers/63e1fbc2-1df5-47b1-9fc2-30e04c41ccf5/aggregates => generated 235 bytes in 11 msecs (HTTP/1.1 404) 5 headers in 202 bytes (1 switches on core 0)
2026-07-25 05:13:03.798 7 INFO placement.requestlog [None req-4f77f54f-17ff-4639-8af2-e386138f0532 53d8f6166ea643eaba22295ba960b795 dcff2df0d4244ab89b75eeaa86a913a6 - - 0b03e00795e74573912007ca28326502 0b03e00795e74573912007ca28326502] 10.0.0.34 "DELETE /resource_providers/63e1fbc2-1df5-47b1-9fc2-30e04c41ccf5" status: 404 len: 246 microversion: 1.1 [pid: 7|app: 0|req: 492/984] 10.0.0.34 () {34 vars in 814 bytes} [Sat Jul 25 05:13:03 2026] DELETE /resource_providers/63e1fbc2-1df5-47b1-9fc2-30e04c41ccf5 => generated 246 bytes in 5 msecs (HTTP/1.1 404) 6 headers in 231 bytes (1 switches on core 0)
2026-07-25 05:13:03.802 8 INFO placement.requestlog [None req-233af6bc-8f4a-48ce-8013-d3d33a7b5beb 53d8f6166ea643eaba22295ba960b795 dcff2df0d4244ab89b75eeaa86a913a6 - - 0b03e00795e74573912007ca28326502 0b03e00795e74573912007ca28326502] 10.0.0.34 "DELETE /resource_providers/63e1fbc2-1df5-47b1-9fc2-30e04c41ccf5" status: 404 len: 246 microversion: 1.1 [pid: 8|app: 0|req: 493/985] 10.0.0.34 () {34 vars in 814 bytes} [Sat Jul 25 05:13:03 2026] DELETE /resource_providers/63e1fbc2-1df5-47b1-9fc2-30e04c41ccf5 => generated 246 bytes in 6 msecs (HTTP/1.1 404) 6 headers in 231 bytes (1 switches on core 0)
2026-07-25 05:13:03.815 8 INFO placement.requestlog [None req-67e923b9-fd91-4ba1-9a03-0ed7531c228b 53d8f6166ea643eaba22295ba960b795 dcff2df0d4244ab89b75eeaa86a913a6 - - 0b03e00795e74573912007ca28326502 0b03e00795e74573912007ca28326502] 10.0.0.34 "GET /resource_providers/e01ec3d3-5654-488b-b1da-8638de1f4b94/aggregates" status: 404 len: 235 microversion: 1.1 [pid: 8|app: 0|req: 494/986] 10.0.0.34 () {32 vars in 814 bytes} [Sat Jul 25 05:13:03 2026] GET /resource_providers/e01ec3d3-5654-488b-b1da-8638de1f4b94/aggregates => generated 235 bytes in 7 msecs (HTTP/1.1 404) 5 headers in 202 bytes (1 switches on core 0)
2026-07-25 05:13:03.817 7 INFO placement.requestlog [None req-7cfc3bc3-1443-44ca-9c6e-3f337898707a 53d8f6166ea643eaba22295ba960b795 dcff2df0d4244ab89b75eeaa86a913a6 - - 0b03e00795e74573912007ca28326502 0b03e00795e74573912007ca28326502] 10.0.0.34 "GET /resource_providers/e01ec3d3-5654-488b-b1da-8638de1f4b94/aggregates" status: 404 len: 235 microversion: 1.1 [pid: 7|app: 0|req: 493/987] 10.0.0.34 () {32 vars in 814 bytes} [Sat Jul 25 05:13:03 2026] GET /resource_providers/e01ec3d3-5654-488b-b1da-8638de1f4b94/aggregates => generated 235 bytes in 10 msecs (HTTP/1.1 404) 5 headers in 202 bytes (1 switches on core 0)
2026-07-25 05:13:03.830 8 INFO placement.requestlog [None req-e7a3f3db-44ce-4c60-9668-4406bfdbf8a8 53d8f6166ea643eaba22295ba960b795 dcff2df0d4244ab89b75eeaa86a913a6 - - 0b03e00795e74573912007ca28326502 0b03e00795e74573912007ca28326502] 10.0.0.34 "DELETE /resource_providers/e01ec3d3-5654-488b-b1da-8638de1f4b94" status: 404 len: 246 microversion: 1.1 [pid: 8|app: 0|req: 495/988] 10.0.0.34 () {34 vars in 814 bytes} [Sat Jul 25 05:13:03 2026] DELETE /resource_providers/e01ec3d3-5654-488b-b1da-8638de1f4b94 => generated 246 bytes in 6 msecs (HTTP/1.1 404) 6 headers in 231 bytes (1 switches on core 0)
2026-07-25 05:13:03.832 7 INFO placement.requestlog [None req-3d04c89c-5a1e-4a11-91c7-5cf62bd68eae 53d8f6166ea643eaba22295ba960b795 dcff2df0d4244ab89b75eeaa86a913a6 - - 0b03e00795e74573912007ca28326502 0b03e00795e74573912007ca28326502] 10.0.0.34 "DELETE /resource_providers/e01ec3d3-5654-488b-b1da-8638de1f4b94" status: 404 len: 246 microversion: 1.1 [pid: 7|app: 0|req: 494/989] 10.0.0.34 () {34 vars in 814 bytes} [Sat Jul 25 05:13:03 2026] DELETE /resource_providers/e01ec3d3-5654-488b-b1da-8638de1f4b94 => generated 246 bytes in 6 msecs (HTTP/1.1 404) 6 headers in 231 bytes (1 switches on core 0)
2026-07-25 05:13:09.429 8 INFO placement.requestlog [None req-f810da41-8497-436d-b29c-68e275ac5c4c - - - - - -] 10.0.0.236 "GET /" status: 200 len: 136 microversion: 1.0
2026-07-25 05:13:09.429 7 INFO placement.requestlog [None req-64944585-ffeb-4881-8eab-69074e732d61 - - - - - -] 10.0.0.236 "GET /" status: 200 len: 136 microversion: 1.0
2026-07-25 05:13:13.903 8 INFO placement.requestlog [req-cbc63ce3-2d97-48f1-aedb-67cd4bb91e56 req-cadcc3e7-953d-46d1-ac25-9885323b6282 e3d7f469d40c48ff86ce2895044626cb dcff2df0d4244ab89b75eeaa86a913a6 - - 0b03e00795e74573912007ca28326502 0b03e00795e74573912007ca28326502] 199.204.45.238 "GET /resource_providers/fc071ffe-9924-4ed8-9e02-399be870fb3f/allocations" status: 200 len: 55 microversion: 1.0 [pid: 8|app: 0|req: 497/992] 199.204.45.238 () {32 vars in 856 bytes} [Sat Jul 25 05:13:13 2026] GET /resource_providers/fc071ffe-9924-4ed8-9e02-399be870fb3f/allocations => generated 55 bytes in 15 msecs (HTTP/1.1 200) 6 headers in 223 bytes (1 switches on core 0)
2026-07-25 05:13:13.924 7 INFO placement.requestlog [req-cbc63ce3-2d97-48f1-aedb-67cd4bb91e56 req-b39b8348-b1ef-4bdb-bdd2-c85daac0b99f e3d7f469d40c48ff86ce2895044626cb dcff2df0d4244ab89b75eeaa86a913a6 - - 0b03e00795e74573912007ca28326502 0b03e00795e74573912007ca28326502] 199.204.45.238 "GET /resource_providers/fc071ffe-9924-4ed8-9e02-399be870fb3f/allocations" status: 200 len: 55 microversion: 1.0 [pid: 7|app: 0|req: 496/993] 199.204.45.238 () {32 vars in 856 bytes} [Sat Jul 25 05:13:13 2026] GET /resource_providers/fc071ffe-9924-4ed8-9e02-399be870fb3f/allocations => generated 55 bytes in 15 msecs (HTTP/1.1 200) 6 headers in 223 bytes (1 switches on core 0)
2026-07-25 05:13:19.429 8 INFO placement.requestlog [None req-5da22f1a-6b12-4995-9c79-c502f69e9aba - - - - - -] 10.0.0.236 "GET /" status: 200 len: 136 microversion: 1.0
2026-07-25 05:13:19.430 7 INFO placement.requestlog [None req-74fb7c32-ac12-437e-b10a-dff2350b658f - - - - - -] 10.0.0.236 "GET /" status: 200 len: 136 microversion: 1.0
2026-07-25 05:13:29.428 7 INFO placement.requestlog [None req-1bfc91c2-d4b9-49a0-9bd6-05ebf8729438 - - - - - -] 10.0.0.236 "GET /" status: 200 len: 136 microversion: 1.0
2026-07-25 05:13:29.428 8 INFO placement.requestlog [None req-92c575e9-81b8-44b4-baba-f4ba13b3212c - - - - - -] 10.0.0.236 "GET /" status: 200 len: 136 microversion: 1.0
2026-07-25 05:13:39.429 8 INFO placement.requestlog [None req-74c5d0ed-d417-4dbb-98a5-725c31bbe64f - - - - - -] 10.0.0.236 "GET /" status: 200 len: 136 microversion: 1.0
2026-07-25 05:13:39.429 7 INFO placement.requestlog [None req-09e5b23d-6d26-4625-86b3-97f51e5fbd0a - - - - - -] 10.0.0.236 "GET /" status: 200 len: 136 microversion: 1.0
2026-07-25 05:13:49.430 8 INFO placement.requestlog [None req-8fa99529-0321-4d58-81b7-6ebe6c829fb5 - - - - - -] 10.0.0.236 "GET /" status: 200 len: 136 microversion: 1.0
2026-07-25 05:13:49.430 7 INFO placement.requestlog [None req-1db7ff7b-856a-426f-bfb7-fd6fdac2a674 - - - - - -] 10.0.0.236 "GET /" status: 200 len: 136 microversion: 1.0
2026-07-25 05:13:59.429 8 INFO placement.requestlog [None req-8d31012c-1599-49d7-8ebf-4a7564b8ab55 - - - - - -] 10.0.0.236 "GET /" status: 200 len: 136 microversion: 1.0
2026-07-25 05:13:59.429 7 INFO placement.requestlog [None req-e3c2b7c5-ed56-44b2-924c-5178a9f5cdae - - - - - -] 10.0.0.236 "GET /" status: 200 len: 136 microversion: 1.0
2026-07-25 05:14:09.429 7 INFO placement.requestlog [None req-cebee6b1-e484-43e2-8cf8-0d7ff54691ce - - - - - -] 10.0.0.236 "GET /" status: 200 len: 136 microversion: 1.0
2026-07-25 05:14:09.430 8 INFO placement.requestlog [None req-fffde5ed-ca94-4b12-b6d7-236aa2dca260 - - - - - -] 10.0.0.236 "GET /" status: 200 len: 136 microversion: 1.0
2026-07-25 05:14:13.888 7 INFO placement.requestlog [req-da18c85f-4851-465f-a42b-9142b74b5063 req-7dfe6f16-32d7-45a4-86b7-d59fb6f91685 e3d7f469d40c48ff86ce2895044626cb dcff2df0d4244ab89b75eeaa86a913a6 - - 0b03e00795e74573912007ca28326502 0b03e00795e74573912007ca28326502] 199.204.45.238 "GET /resource_providers/fc071ffe-9924-4ed8-9e02-399be870fb3f/allocations" status: 200 len: 55 microversion: 1.0 [pid: 7|app: 0|req: 503/1006] 199.204.45.238 () {32 vars in 856 bytes} [Sat Jul 25 05:14:13 2026] GET /resource_providers/fc071ffe-9924-4ed8-9e02-399be870fb3f/allocations => generated 55 bytes in 24 msecs (HTTP/1.1 200) 6 headers in 223 bytes (1 switches on core 0)
2026-07-25 05:14:13.916 8 INFO placement.requestlog [req-da18c85f-4851-465f-a42b-9142b74b5063 req-a65ccb31-5a2b-42a9-adad-252969747046 e3d7f469d40c48ff86ce2895044626cb dcff2df0d4244ab89b75eeaa86a913a6 - - 0b03e00795e74573912007ca28326502 0b03e00795e74573912007ca28326502] 199.204.45.238 "GET /resource_providers/fc071ffe-9924-4ed8-9e02-399be870fb3f/allocations" status: 200 len: 55 microversion: 1.0 [pid: 8|app: 0|req: 504/1007] 199.204.45.238 () {32 vars in 856 bytes} [Sat Jul 25 05:14:13 2026] GET /resource_providers/fc071ffe-9924-4ed8-9e02-399be870fb3f/allocations => generated 55 bytes in 22 msecs (HTTP/1.1 200) 6 headers in 223 bytes (1 switches on core 0)
2026-07-25 05:14:19.429 8 INFO placement.requestlog [None req-bd7ebb34-a65d-451f-84f8-3faf27204afc - - - - - -] 10.0.0.236 "GET /" status: 200 len: 136 microversion: 1.0
2026-07-25 05:14:19.430 7 INFO placement.requestlog [None req-09f4fd0e-d0a8-489b-9c2d-cac1b3c31efd - - - - - -] 10.0.0.236 "GET /" status: 200 len: 136 microversion: 1.0
2026-07-25 05:14:29.429 7 INFO placement.requestlog [None req-074faf97-dc03-4c03-8542-bf3254e8f780 - - - - - -] 10.0.0.236 "GET /" status: 200 len: 136 microversion: 1.0
2026-07-25 05:14:29.429 8 INFO placement.requestlog [None req-8a20dc4e-f8c3-433c-8cd9-2138988daa1a - - - - - -] 10.0.0.236 "GET /" status: 200 len: 136 microversion: 1.0
2026-07-25 05:14:39.429 7 INFO placement.requestlog [None req-055590c2-958b-4ff3-874a-1dbd922185bc - - - - - -] 10.0.0.236 "GET /" status: 200 len: 136 microversion: 1.0
2026-07-25 05:14:39.429 8 INFO placement.requestlog [None req-fcfe0dc5-5d10-4346-8caf-e7144b27f983 - - - - - -] 10.0.0.236 "GET /" status: 200 len: 136 microversion: 1.0
2026-07-25 05:14:49.429 8 INFO placement.requestlog [None req-0dd58315-a770-4929-bce3-7d52e1b43b64 - - - - - -] 10.0.0.236 "GET /" status: 200 len: 136 microversion: 1.0
2026-07-25 05:14:49.429 7 INFO placement.requestlog [None req-61f253b9-1ecd-4c48-a568-ed165436b73f - - - - - -] 10.0.0.236 "GET /" status: 200 len: 136 microversion: 1.0
2026-07-25 05:14:59.428 7 INFO placement.requestlog [None req-a64838ea-e7d1-4318-b9c7-5e673884fd4f - - - - - -] 10.0.0.236 "GET /" status: 200 len: 136 microversion: 1.0
2026-07-25 05:14:59.428 8 INFO placement.requestlog [None req-44c45265-25de-4979-8ab9-de5e188ea295 - - - - - -] 10.0.0.236 "GET /" status: 200 len: 136 microversion: 1.0
2026-07-25 05:15:09.428 8 INFO placement.requestlog [None req-96741564-79c8-4fa9-9222-994c2d4e3872 - - - - - -] 10.0.0.236 "GET /" status: 200 len: 136 microversion: 1.0
2026-07-25 05:15:09.428 7 INFO placement.requestlog [None req-8fa6553b-5700-4056-9c7d-4879f2affe23 - - - - - -] 10.0.0.236 "GET /" status: 200 len: 136 microversion: 1.0
2026-07-25 05:15:13.689 8 INFO placement.requestlog [req-2e4f8de6-8fca-42cb-af83-e77aac19d14a req-2ea69b2b-dfef-4920-97b1-fe5aa82e118d e3d7f469d40c48ff86ce2895044626cb dcff2df0d4244ab89b75eeaa86a913a6 - - 0b03e00795e74573912007ca28326502 0b03e00795e74573912007ca28326502] 199.204.45.238 "GET /resource_providers/fc071ffe-9924-4ed8-9e02-399be870fb3f/allocations" status: 200 len: 55 microversion: 1.0 [pid: 8|app: 0|req: 511/1020] 199.204.45.238 () {32 vars in 856 bytes} [Sat Jul 25 05:15:13 2026] GET /resource_providers/fc071ffe-9924-4ed8-9e02-399be870fb3f/allocations => generated 55 bytes in 126 msecs (HTTP/1.1 200) 6 headers in 223 bytes (1 switches on core 0)
2026-07-25 05:15:13.715 7 INFO placement.requestlog [req-2e4f8de6-8fca-42cb-af83-e77aac19d14a req-e36a48e4-bf41-4004-a4b8-b897c286644d e3d7f469d40c48ff86ce2895044626cb dcff2df0d4244ab89b75eeaa86a913a6 - - 0b03e00795e74573912007ca28326502 0b03e00795e74573912007ca28326502] 199.204.45.238 "GET /resource_providers?in_tree=fc071ffe-9924-4ed8-9e02-399be870fb3f" status: 200 len: 798 microversion: 1.14 [pid: 7|app: 0|req: 510/1021] 199.204.45.238 () {34 vars in 891 bytes} [Sat Jul 25 05:15:13 2026] GET /resource_providers?in_tree=fc071ffe-9924-4ed8-9e02-399be870fb3f => generated 798 bytes in 20 msecs (HTTP/1.1 200) 6 headers in 225 bytes (1 switches on core 0)
2026-07-25 05:15:13.738 8 INFO placement.requestlog [req-2e4f8de6-8fca-42cb-af83-e77aac19d14a req-c898105f-1663-425e-9c5c-2778c2db09bb e3d7f469d40c48ff86ce2895044626cb dcff2df0d4244ab89b75eeaa86a913a6 - - 0b03e00795e74573912007ca28326502 0b03e00795e74573912007ca28326502] 199.204.45.238 "GET /resource_providers/fc071ffe-9924-4ed8-9e02-399be870fb3f/inventories" status: 200 len: 401 microversion: 1.0 [pid: 8|app: 0|req: 512/1022] 199.204.45.238 () {32 vars in 856 bytes} [Sat Jul 25 05:15:13 2026] GET /resource_providers/fc071ffe-9924-4ed8-9e02-399be870fb3f/inventories => generated 401 bytes in 19 msecs (HTTP/1.1 200) 6 headers in 224 bytes (1 switches on core 0)
2026-07-25 05:15:13.758 7 INFO placement.requestlog [req-2e4f8de6-8fca-42cb-af83-e77aac19d14a req-4ce70b4e-282f-42e5-bd9e-b7ceec8bb66e e3d7f469d40c48ff86ce2895044626cb dcff2df0d4244ab89b75eeaa86a913a6 - - 0b03e00795e74573912007ca28326502 0b03e00795e74573912007ca28326502] 199.204.45.238 "GET /resource_providers/fc071ffe-9924-4ed8-9e02-399be870fb3f/aggregates" status: 200 len: 54 microversion: 1.19 [pid: 7|app: 0|req: 511/1023] 199.204.45.238 () {34 vars in 898 bytes} [Sat Jul 25 05:15:13 2026] GET /resource_providers/fc071ffe-9924-4ed8-9e02-399be870fb3f/aggregates => generated 54 bytes in 14 msecs (HTTP/1.1 200) 8 headers in 295 bytes (1 switches on core 0)
2026-07-25 05:15:13.790 8 INFO placement.requestlog [req-2e4f8de6-8fca-42cb-af83-e77aac19d14a req-e693717d-7ed9-4a26-ac2c-20ff64d9c313 e3d7f469d40c48ff86ce2895044626cb dcff2df0d4244ab89b75eeaa86a913a6 - - 0b03e00795e74573912007ca28326502 0b03e00795e74573912007ca28326502] 199.204.45.238 "GET /resource_providers/fc071ffe-9924-4ed8-9e02-399be870fb3f/traits" status: 200 len: 2317 microversion: 1.6 [pid: 8|app: 0|req: 513/1024] 199.204.45.238 () {34 vars in 889 bytes} [Sat Jul 25 05:15:13 2026] GET /resource_providers/fc071ffe-9924-4ed8-9e02-399be870fb3f/traits => generated 2317 bytes in 27 msecs (HTTP/1.1 200) 6 headers in 225 bytes (1 switches on core 0)
