2026-07-25 17:54:42.971 7 INFO placement.requestlog [None req-b0d7d3d2-742c-4524-86f5-99aa21e5c9ed - - - - - -] 10.0.0.231 "GET /" status: 200 len: 136 microversion: 1.0
2026-07-25 17:54:52.972 8 INFO placement.requestlog [None req-5d9d992a-2aa2-4ed7-afd7-37f000fefa11 - - - - - -] 10.0.0.231 "GET /" status: 200 len: 136 microversion: 1.0
2026-07-25 17:54:52.972 7 INFO placement.requestlog [None req-8a25d8fe-f815-4654-87a2-0a786231a9ac - - - - - -] 10.0.0.231 "GET /" status: 200 len: 136 microversion: 1.0
2026-07-25 17:55:02.971 8 INFO placement.requestlog [None req-3402d576-d1f4-4cf6-bdb5-dcb869b2c13f - - - - - -] 10.0.0.231 "GET /" status: 200 len: 136 microversion: 1.0
2026-07-25 17:55:02.974 7 INFO placement.requestlog [None req-816bca69-411d-4c88-a816-9be5c38c468d - - - - - -] 10.0.0.231 "GET /" status: 200 len: 136 microversion: 1.0
2026-07-25 17:55:12.971 7 INFO placement.requestlog [None req-1a5ee0e5-9bef-4600-95c6-39b4dc86a4d6 - - - - - -] 10.0.0.231 "GET /" status: 200 len: 136 microversion: 1.0
2026-07-25 17:55:12.971 8 INFO placement.requestlog [None req-67c1ff56-fc93-451a-822a-cb469607262f - - - - - -] 10.0.0.231 "GET /" status: 200 len: 136 microversion: 1.0
2026-07-25 17:55:21.409 7 INFO placement.requestlog [req-215be404-51e7-4fab-8331-32e374ee69a7 req-72771e9a-c8d8-443e-8bbc-fb51e8825d25 0aa41e0a785b40eeaf154fe4d3f3a3b2 075a5e90f39e4961a18260ed096ea51b - - 82c0e00ee77f43d29dfbae78ccfd668e 82c0e00ee77f43d29dfbae78ccfd668e] 199.204.45.235 "GET /resource_providers/8ed67b7a-421c-4c85-8de5-9c84e83a19f1/allocations" status: 200 len: 54 microversion: 1.0 [pid: 7|app: 0|req: 200/398] 199.204.45.235 () {32 vars in 857 bytes} [Sat Jul 25 17:55:21 2026] GET /resource_providers/8ed67b7a-421c-4c85-8de5-9c84e83a19f1/allocations => generated 54 bytes in 10 msecs (HTTP/1.1 200) 6 headers in 223 bytes (1 switches on core 0)
2026-07-25 17:55:21.432 8 INFO placement.requestlog [req-215be404-51e7-4fab-8331-32e374ee69a7 req-4f0bf496-7136-45fe-96be-93c6a0375b97 0aa41e0a785b40eeaf154fe4d3f3a3b2 075a5e90f39e4961a18260ed096ea51b - - 82c0e00ee77f43d29dfbae78ccfd668e 82c0e00ee77f43d29dfbae78ccfd668e] 199.204.45.235 "GET /resource_providers/8ed67b7a-421c-4c85-8de5-9c84e83a19f1/allocations" status: 200 len: 54 microversion: 1.0 [pid: 8|app: 0|req: 199/399] 199.204.45.235 () {32 vars in 857 bytes} [Sat Jul 25 17:55:21 2026] GET /resource_providers/8ed67b7a-421c-4c85-8de5-9c84e83a19f1/allocations => generated 54 bytes in 19 msecs (HTTP/1.1 200) 6 headers in 223 bytes (1 switches on core 0)
2026-07-25 17:55:22.972 7 INFO placement.requestlog [None req-631a56c3-8f7b-47c4-a87e-d49604028040 - - - - - -] 10.0.0.231 "GET /" status: 200 len: 136 microversion: 1.0
2026-07-25 17:55:22.972 8 INFO placement.requestlog [None req-d843de35-c9a3-43f4-8631-ca5fa47537e6 - - - - - -] 10.0.0.231 "GET /" status: 200 len: 136 microversion: 1.0
2026-07-25 17:55:32.972 8 INFO placement.requestlog [None req-fe95bb66-cc5a-4230-8da0-205a48bdd180 - - - - - -] 10.0.0.231 "GET /" status: 200 len: 136 microversion: 1.0
2026-07-25 17:55:32.972 7 INFO placement.requestlog [None req-f3d7b148-c620-4d9c-be91-20af70e92c9c - - - - - -] 10.0.0.231 "GET /" status: 200 len: 136 microversion: 1.0
2026-07-25 17:55:42.972 8 INFO placement.requestlog [None req-a2b01a46-9a55-4f29-b3fa-fb2a9b08e112 - - - - - -] 10.0.0.231 "GET /" status: 200 len: 136 microversion: 1.0
2026-07-25 17:55:42.972 7 INFO placement.requestlog [None req-53f1efd9-728e-4308-896f-9721e4b5fcb7 - - - - - -] 10.0.0.231 "GET /" status: 200 len: 136 microversion: 1.0
2026-07-25 17:55:52.971 7 INFO placement.requestlog [None req-38f14edc-1ac1-45e8-bd38-e99505fb4e6d - - - - - -] 10.0.0.231 "GET /" status: 200 len: 136 microversion: 1.0
2026-07-25 17:55:52.971 8 INFO placement.requestlog [None req-c2d82774-dd64-4776-acea-04c36e3a3864 - - - - - -] 10.0.0.231 "GET /" status: 200 len: 136 microversion: 1.0
2026-07-25 17:56:02.972 7 INFO placement.requestlog [None req-6b2a565e-0610-4d3f-bf76-9e02649ea685 - - - - - -] 10.0.0.231 "GET /" status: 200 len: 136 microversion: 1.0
2026-07-25 17:56:02.972 8 INFO placement.requestlog [None req-0b14cc23-e805-47a8-a18c-b8a45017ecce - - - - - -] 10.0.0.231 "GET /" status: 200 len: 136 microversion: 1.0
2026-07-25 17:56:08.182 7 INFO placement.requestlog [req-dd6aebf4-97f0-4f18-9759-f3dd6a64a4dd req-263ce7e0-d115-44d5-a4c9-1a93e46edc4a 0aa41e0a785b40eeaf154fe4d3f3a3b2 075a5e90f39e4961a18260ed096ea51b - - 82c0e00ee77f43d29dfbae78ccfd668e 82c0e00ee77f43d29dfbae78ccfd668e] 10.0.0.202 "GET /allocation_candidates?limit=1000&resources=DISK_GB%3A1%2CMEMORY_MB%3A512%2CVCPU%3A1&root_required=%21COMPUTE_STATUS_DISABLED" status: 200 len: 2781 microversion: 1.36 [pid: 7|app: 0|req: 206/410] 10.0.0.202 () {34 vars in 1012 bytes} [Sat Jul 25 17:56:08 2026] GET /allocation_candidates?limit=1000&resources=DISK_GB%3A1%2CMEMORY_MB%3A512%2CVCPU%3A1&root_required=%21COMPUTE_STATUS_DISABLED => generated 2781 bytes in 169 msecs (HTTP/1.1 200) 8 headers in 297 bytes (1 switches on core 0)
2026-07-25 17:56:08.223 8 INFO placement.requestlog [req-dd6aebf4-97f0-4f18-9759-f3dd6a64a4dd req-61a72375-01da-4924-874b-44a608affecf 0aa41e0a785b40eeaf154fe4d3f3a3b2 075a5e90f39e4961a18260ed096ea51b - - 82c0e00ee77f43d29dfbae78ccfd668e 82c0e00ee77f43d29dfbae78ccfd668e] 10.0.0.202 "GET /allocations/6dfc1b0f-978c-422c-92af-72b4c20c140d" status: 200 len: 19 microversion: 1.28 [pid: 8|app: 0|req: 205/411] 10.0.0.202 () {34 vars in 861 bytes} [Sat Jul 25 17:56:08 2026] GET /allocations/6dfc1b0f-978c-422c-92af-72b4c20c140d => generated 19 bytes in 8 msecs (HTTP/1.1 200) 8 headers in 295 bytes (1 switches on core 0)
2026-07-25 17:56:08.297 7 INFO placement.requestlog [req-dd6aebf4-97f0-4f18-9759-f3dd6a64a4dd req-a33a0ea2-1ac4-4258-96f2-ef9aab463df5 0aa41e0a785b40eeaf154fe4d3f3a3b2 075a5e90f39e4961a18260ed096ea51b - - 82c0e00ee77f43d29dfbae78ccfd668e 82c0e00ee77f43d29dfbae78ccfd668e] 10.0.0.202 "PUT /allocations/6dfc1b0f-978c-422c-92af-72b4c20c140d" status: 204 len: 0 microversion: 1.36 [pid: 7|app: 0|req: 207/412] 10.0.0.202 () {38 vars in 914 bytes} [Sat Jul 25 17:56:08 2026] PUT /allocations/6dfc1b0f-978c-422c-92af-72b4c20c140d => generated 0 bytes in 67 msecs (HTTP/1.1 204) 5 headers in 199 bytes (1 switches on core 0)
2026-07-25 17:56:09.393 8 INFO placement.requestlog [req-4990b649-ff21-4a13-a804-d7dcb8c98834 req-3e29d5a2-5657-4ebd-984b-9a6327609aa3 0aa41e0a785b40eeaf154fe4d3f3a3b2 075a5e90f39e4961a18260ed096ea51b - - 82c0e00ee77f43d29dfbae78ccfd668e 82c0e00ee77f43d29dfbae78ccfd668e] 10.0.0.202 "GET /allocation_candidates?limit=1000&resources=DISK_GB%3A1%2CMEMORY_MB%3A512%2CVCPU%3A1&root_required=%21COMPUTE_STATUS_DISABLED" status: 200 len: 2783 microversion: 1.36 [pid: 8|app: 0|req: 206/413] 10.0.0.202 () {34 vars in 1012 bytes} [Sat Jul 25 17:56:09 2026] GET /allocation_candidates?limit=1000&resources=DISK_GB%3A1%2CMEMORY_MB%3A512%2CVCPU%3A1&root_required=%21COMPUTE_STATUS_DISABLED => generated 2783 bytes in 47 msecs (HTTP/1.1 200) 8 headers in 297 bytes (1 switches on core 0)
2026-07-25 17:56:09.429 7 INFO placement.requestlog [req-4990b649-ff21-4a13-a804-d7dcb8c98834 req-74ce906a-c9b5-4e9d-a87e-974a48b3f097 0aa41e0a785b40eeaf154fe4d3f3a3b2 075a5e90f39e4961a18260ed096ea51b - - 82c0e00ee77f43d29dfbae78ccfd668e 82c0e00ee77f43d29dfbae78ccfd668e] 10.0.0.202 "GET /allocations/9fa9f9cf-6e80-4438-a3e0-798f1f37478c" status: 200 len: 19 microversion: 1.28 [pid: 7|app: 0|req: 208/414] 10.0.0.202 () {34 vars in 861 bytes} [Sat Jul 25 17:56:09 2026] GET /allocations/9fa9f9cf-6e80-4438-a3e0-798f1f37478c => generated 19 bytes in 14 msecs (HTTP/1.1 200) 8 headers in 295 bytes (1 switches on core 0)
2026-07-25 17:56:09.513 8 INFO placement.requestlog [req-4990b649-ff21-4a13-a804-d7dcb8c98834 req-b58937c9-2bf7-40cb-b9cd-f9fec88c8753 0aa41e0a785b40eeaf154fe4d3f3a3b2 075a5e90f39e4961a18260ed096ea51b - - 82c0e00ee77f43d29dfbae78ccfd668e 82c0e00ee77f43d29dfbae78ccfd668e] 10.0.0.202 "PUT /allocations/9fa9f9cf-6e80-4438-a3e0-798f1f37478c" status: 204 len: 0 microversion: 1.36 [pid: 8|app: 0|req: 207/415] 10.0.0.202 () {38 vars in 914 bytes} [Sat Jul 25 17:56:09 2026] PUT /allocations/9fa9f9cf-6e80-4438-a3e0-798f1f37478c => generated 0 bytes in 78 msecs (HTTP/1.1 204) 5 headers in 199 bytes (1 switches on core 0)
2026-07-25 17:56:09.821 7 INFO placement.requestlog [req-dd6aebf4-97f0-4f18-9759-f3dd6a64a4dd req-435f5b8d-95da-4a10-8b3a-c9280ac43a8f 0aa41e0a785b40eeaf154fe4d3f3a3b2 075a5e90f39e4961a18260ed096ea51b - - 82c0e00ee77f43d29dfbae78ccfd668e 82c0e00ee77f43d29dfbae78ccfd668e] 199.204.45.235 "GET /allocations/6dfc1b0f-978c-422c-92af-72b4c20c140d" status: 200 len: 257 microversion: 1.28 [pid: 7|app: 0|req: 209/416] 199.204.45.235 () {34 vars in 863 bytes} [Sat Jul 25 17:56:09 2026] GET /allocations/6dfc1b0f-978c-422c-92af-72b4c20c140d => generated 257 bytes in 11 msecs (HTTP/1.1 200) 8 headers in 296 bytes (1 switches on core 0)
2026-07-25 17:56:10.864 8 INFO placement.requestlog [req-dd6aebf4-97f0-4f18-9759-f3dd6a64a4dd req-1733e554-519c-41a7-b738-763c6e03ec1d 0aa41e0a785b40eeaf154fe4d3f3a3b2 075a5e90f39e4961a18260ed096ea51b - - 82c0e00ee77f43d29dfbae78ccfd668e 82c0e00ee77f43d29dfbae78ccfd668e] 199.204.45.235 "GET /resource_providers/8ed67b7a-421c-4c85-8de5-9c84e83a19f1/allocations" status: 200 len: 252 microversion: 1.0 [pid: 8|app: 0|req: 208/417] 199.204.45.235 () {32 vars in 857 bytes} [Sat Jul 25 17:56:10 2026] GET /resource_providers/8ed67b7a-421c-4c85-8de5-9c84e83a19f1/allocations => generated 252 bytes in 17 msecs (HTTP/1.1 200) 6 headers in 224 bytes (1 switches on core 0)
2026-07-25 17:56:10.880 7 INFO placement.requestlog [req-dd6aebf4-97f0-4f18-9759-f3dd6a64a4dd req-f94f4971-699d-4756-b5da-049ac2ce1fce 0aa41e0a785b40eeaf154fe4d3f3a3b2 075a5e90f39e4961a18260ed096ea51b - - 82c0e00ee77f43d29dfbae78ccfd668e 82c0e00ee77f43d29dfbae78ccfd668e] 199.204.45.235 "GET /allocations/6dfc1b0f-978c-422c-92af-72b4c20c140d" status: 200 len: 257 microversion: 1.28 [pid: 7|app: 0|req: 210/418] 199.204.45.235 () {34 vars in 863 bytes} [Sat Jul 25 17:56:10 2026] GET /allocations/6dfc1b0f-978c-422c-92af-72b4c20c140d => generated 257 bytes in 9 msecs (HTTP/1.1 200) 8 headers in 296 bytes (1 switches on core 0)
2026-07-25 17:56:10.900 8 INFO placement.requestlog [req-dd6aebf4-97f0-4f18-9759-f3dd6a64a4dd req-80322d00-79c2-4afb-94d2-b6443f79b0cd 0aa41e0a785b40eeaf154fe4d3f3a3b2 075a5e90f39e4961a18260ed096ea51b - - 82c0e00ee77f43d29dfbae78ccfd668e 82c0e00ee77f43d29dfbae78ccfd668e] 199.204.45.235 "GET /allocations/9fa9f9cf-6e80-4438-a3e0-798f1f37478c" status: 200 len: 257 microversion: 1.28 [pid: 8|app: 0|req: 209/419] 199.204.45.235 () {34 vars in 863 bytes} [Sat Jul 25 17:56:10 2026] GET /allocations/9fa9f9cf-6e80-4438-a3e0-798f1f37478c => generated 257 bytes in 12 msecs (HTTP/1.1 200) 8 headers in 296 bytes (1 switches on core 0)
2026-07-25 17:56:11.201 7 INFO placement.requestlog [req-4990b649-ff21-4a13-a804-d7dcb8c98834 req-56c10249-ba7b-42fb-95b3-41de47ed2be7 0aa41e0a785b40eeaf154fe4d3f3a3b2 075a5e90f39e4961a18260ed096ea51b - - 82c0e00ee77f43d29dfbae78ccfd668e 82c0e00ee77f43d29dfbae78ccfd668e] 199.204.45.235 "GET /allocations/9fa9f9cf-6e80-4438-a3e0-798f1f37478c" status: 200 len: 257 microversion: 1.28 [pid: 7|app: 0|req: 211/420] 199.204.45.235 () {34 vars in 863 bytes} [Sat Jul 25 17:56:11 2026] GET /allocations/9fa9f9cf-6e80-4438-a3e0-798f1f37478c => generated 257 bytes in 21 msecs (HTTP/1.1 200) 8 headers in 296 bytes (1 switches on core 0)
2026-07-25 17:56:12.765 8 INFO placement.requestlog [None req-3e514505-c458-4833-bb5e-09dc65d67dc3 8df623244f804b3d8f482b491dc14878 075a5e90f39e4961a18260ed096ea51b - - 82c0e00ee77f43d29dfbae78ccfd668e 82c0e00ee77f43d29dfbae78ccfd668e] 10.0.0.25 "GET /resource_providers/8a2430f8-95d4-4962-95ab-8cfe72863742/aggregates" status: 404 len: 235 microversion: 1.1 [pid: 8|app: 0|req: 210/421] 10.0.0.25 () {32 vars in 815 bytes} [Sat Jul 25 17:56:12 2026] GET /resource_providers/8a2430f8-95d4-4962-95ab-8cfe72863742/aggregates => generated 235 bytes in 123 msecs (HTTP/1.1 404) 5 headers in 202 bytes (1 switches on core 0)
2026-07-25 17:56:12.767 7 INFO placement.requestlog [None req-abae6829-5343-4728-9579-3bb3f918bc2d 8df623244f804b3d8f482b491dc14878 075a5e90f39e4961a18260ed096ea51b - - 82c0e00ee77f43d29dfbae78ccfd668e 82c0e00ee77f43d29dfbae78ccfd668e] 10.0.0.25 "GET /resource_providers/8a2430f8-95d4-4962-95ab-8cfe72863742/aggregates" status: 404 len: 235 microversion: 1.1 [pid: 7|app: 0|req: 212/422] 10.0.0.25 () {32 vars in 815 bytes} [Sat Jul 25 17:56:12 2026] GET /resource_providers/8a2430f8-95d4-4962-95ab-8cfe72863742/aggregates => generated 235 bytes in 115 msecs (HTTP/1.1 404) 5 headers in 202 bytes (1 switches on core 0)
2026-07-25 17:56:12.785 8 INFO placement.requestlog [None req-6779c8a7-00e8-4d62-95c9-68023f913f4a 8df623244f804b3d8f482b491dc14878 075a5e90f39e4961a18260ed096ea51b - - 82c0e00ee77f43d29dfbae78ccfd668e 82c0e00ee77f43d29dfbae78ccfd668e] 10.0.0.25 "DELETE /resource_providers/8a2430f8-95d4-4962-95ab-8cfe72863742" status: 404 len: 246 microversion: 1.1 [pid: 8|app: 0|req: 211/423] 10.0.0.25 () {34 vars in 815 bytes} [Sat Jul 25 17:56:12 2026] DELETE /resource_providers/8a2430f8-95d4-4962-95ab-8cfe72863742 => generated 246 bytes in 11 msecs (HTTP/1.1 404) 6 headers in 231 bytes (1 switches on core 0)
2026-07-25 17:56:12.792 7 INFO placement.requestlog [None req-e3d087b3-7bb6-4267-bf82-711a5f1f436c 8df623244f804b3d8f482b491dc14878 075a5e90f39e4961a18260ed096ea51b - - 82c0e00ee77f43d29dfbae78ccfd668e 82c0e00ee77f43d29dfbae78ccfd668e] 10.0.0.25 "DELETE /resource_providers/8a2430f8-95d4-4962-95ab-8cfe72863742" status: 404 len: 246 microversion: 1.1 [pid: 7|app: 0|req: 213/424] 10.0.0.25 () {34 vars in 815 bytes} [Sat Jul 25 17:56:12 2026] DELETE /resource_providers/8a2430f8-95d4-4962-95ab-8cfe72863742 => generated 246 bytes in 8 msecs (HTTP/1.1 404) 6 headers in 231 bytes (1 switches on core 0)
2026-07-25 17:56:12.972 7 INFO placement.requestlog [None req-d6b24793-acaf-4547-9d7f-ca71ed15e496 - - - - - -] 10.0.0.231 "GET /" status: 200 len: 136 microversion: 1.0
2026-07-25 17:56:12.972 8 INFO placement.requestlog [req-4990b649-ff21-4a13-a804-d7dcb8c98834 req-c51fcdcb-1c97-4453-986d-3405c2f82556 0aa41e0a785b40eeaf154fe4d3f3a3b2 075a5e90f39e4961a18260ed096ea51b - - 82c0e00ee77f43d29dfbae78ccfd668e 82c0e00ee77f43d29dfbae78ccfd668e] 199.204.45.235 "GET /resource_providers/8ed67b7a-421c-4c85-8de5-9c84e83a19f1/allocations" status: 200 len: 252 microversion: 1.0 [pid: 8|app: 0|req: 212/425] 199.204.45.235 () {32 vars in 857 bytes} [Sat Jul 25 17:56:12 2026] GET /resource_providers/8ed67b7a-421c-4c85-8de5-9c84e83a19f1/allocations => generated 252 bytes in 17 msecs (HTTP/1.1 200) 6 headers in 224 bytes (1 switches on core 0)
2026-07-25 17:56:12.974 8 INFO placement.requestlog [None req-116d1b85-5f66-465d-ba5f-6c46452f73ca - - - - - -] 10.0.0.231 "GET /" status: 200 len: 136 microversion: 1.0
2026-07-25 17:56:12.990 7 INFO placement.requestlog [req-4990b649-ff21-4a13-a804-d7dcb8c98834 req-e8af070f-07c9-445a-b5f4-160359349e28 0aa41e0a785b40eeaf154fe4d3f3a3b2 075a5e90f39e4961a18260ed096ea51b - - 82c0e00ee77f43d29dfbae78ccfd668e 82c0e00ee77f43d29dfbae78ccfd668e] 199.204.45.235 "GET /allocations/6dfc1b0f-978c-422c-92af-72b4c20c140d" status: 200 len: 257 microversion: 1.28 [pid: 7|app: 0|req: 215/428] 199.204.45.235 () {34 vars in 863 bytes} [Sat Jul 25 17:56:12 2026] GET /allocations/6dfc1b0f-978c-422c-92af-72b4c20c140d => generated 257 bytes in 13 msecs (HTTP/1.1 200) 8 headers in 296 bytes (1 switches on core 0)
2026-07-25 17:56:13.008 8 INFO placement.requestlog [req-4990b649-ff21-4a13-a804-d7dcb8c98834 req-70a0880c-90bc-4586-9ec7-745adc436a5e 0aa41e0a785b40eeaf154fe4d3f3a3b2 075a5e90f39e4961a18260ed096ea51b - - 82c0e00ee77f43d29dfbae78ccfd668e 82c0e00ee77f43d29dfbae78ccfd668e] 199.204.45.235 "GET /allocations/9fa9f9cf-6e80-4438-a3e0-798f1f37478c" status: 200 len: 257 microversion: 1.28 [pid: 8|app: 0|req: 214/429] 199.204.45.235 () {34 vars in 863 bytes} [Sat Jul 25 17:56:12 2026] GET /allocations/9fa9f9cf-6e80-4438-a3e0-798f1f37478c => generated 257 bytes in 14 msecs (HTTP/1.1 200) 8 headers in 296 bytes (1 switches on core 0)
2026-07-25 17:56:14.483 7 INFO placement.requestlog [None req-e05c94d7-b35c-4c20-a23b-9b55b5c8514b 8df623244f804b3d8f482b491dc14878 075a5e90f39e4961a18260ed096ea51b - - 82c0e00ee77f43d29dfbae78ccfd668e 82c0e00ee77f43d29dfbae78ccfd668e] 10.0.0.25 "GET /resource_providers/adfb1c80-6d7c-469f-8b3a-fa3f586cc942/aggregates" status: 404 len: 235 microversion: 1.1 [pid: 7|app: 0|req: 216/430] 10.0.0.25 () {32 vars in 815 bytes} [Sat Jul 25 17:56:14 2026] GET /resource_providers/adfb1c80-6d7c-469f-8b3a-fa3f586cc942/aggregates => generated 235 bytes in 212 msecs (HTTP/1.1 404) 5 headers in 202 bytes (1 switches on core 0)
2026-07-25 17:56:14.491 8 INFO placement.requestlog [None req-10825833-df65-494b-90eb-3dba15463e87 8df623244f804b3d8f482b491dc14878 075a5e90f39e4961a18260ed096ea51b - - 82c0e00ee77f43d29dfbae78ccfd668e 82c0e00ee77f43d29dfbae78ccfd668e] 10.0.0.25 "GET /resource_providers/adfb1c80-6d7c-469f-8b3a-fa3f586cc942/aggregates" status: 404 len: 235 microversion: 1.1 [pid: 8|app: 0|req: 215/431] 10.0.0.25 () {32 vars in 815 bytes} [Sat Jul 25 17:56:14 2026] GET /resource_providers/adfb1c80-6d7c-469f-8b3a-fa3f586cc942/aggregates => generated 235 bytes in 211 msecs (HTTP/1.1 404) 5 headers in 202 bytes (1 switches on core 0)
2026-07-25 17:56:14.518 7 INFO placement.requestlog [None req-f7df2e60-07cc-47e7-8b7b-b6f46c857e62 8df623244f804b3d8f482b491dc14878 075a5e90f39e4961a18260ed096ea51b - - 82c0e00ee77f43d29dfbae78ccfd668e 82c0e00ee77f43d29dfbae78ccfd668e] 10.0.0.25 "DELETE /resource_providers/adfb1c80-6d7c-469f-8b3a-fa3f586cc942" status: 404 len: 246 microversion: 1.1 [pid: 7|app: 0|req: 217/432] 10.0.0.25 () {34 vars in 815 bytes} [Sat Jul 25 17:56:14 2026] DELETE /resource_providers/adfb1c80-6d7c-469f-8b3a-fa3f586cc942 => generated 246 bytes in 9 msecs (HTTP/1.1 404) 6 headers in 231 bytes (1 switches on core 0)
2026-07-25 17:56:14.532 8 INFO placement.requestlog [None req-50ac2110-da11-4a58-85ea-cec1008e8411 8df623244f804b3d8f482b491dc14878 075a5e90f39e4961a18260ed096ea51b - - 82c0e00ee77f43d29dfbae78ccfd668e 82c0e00ee77f43d29dfbae78ccfd668e] 10.0.0.25 "DELETE /resource_providers/adfb1c80-6d7c-469f-8b3a-fa3f586cc942" status: 404 len: 246 microversion: 1.1 [pid: 8|app: 0|req: 216/433] 10.0.0.25 () {34 vars in 815 bytes} [Sat Jul 25 17:56:14 2026] DELETE /resource_providers/adfb1c80-6d7c-469f-8b3a-fa3f586cc942 => generated 246 bytes in 15 msecs (HTTP/1.1 404) 6 headers in 231 bytes (1 switches on core 0)
2026-07-25 17:56:22.971 7 INFO placement.requestlog [None req-521aee66-fbe5-4d75-ac05-c3fdae241a34 - - - - - -] 10.0.0.231 "GET /" status: 200 len: 136 microversion: 1.0
2026-07-25 17:56:22.972 8 INFO placement.requestlog [None req-0af84236-c094-46f5-b64a-ab95183f9fdd - - - - - -] 10.0.0.231 "GET /" status: 200 len: 136 microversion: 1.0
2026-07-25 17:56:23.359 7 INFO placement.requestlog [req-e7822f89-e05f-4bd2-ac38-16462ab83a9d req-5724568a-470f-4259-b5df-e1374fc189ae 0aa41e0a785b40eeaf154fe4d3f3a3b2 075a5e90f39e4961a18260ed096ea51b - - 82c0e00ee77f43d29dfbae78ccfd668e 82c0e00ee77f43d29dfbae78ccfd668e] 10.0.0.202 "GET /allocation_candidates?limit=1000&resources=DISK_GB%3A1%2CMEMORY_MB%3A512%2CVCPU%3A1&root_required=%21COMPUTE_STATUS_DISABLED" status: 200 len: 2784 microversion: 1.36 [pid: 7|app: 0|req: 219/436] 10.0.0.202 () {34 vars in 1012 bytes} [Sat Jul 25 17:56:23 2026] GET /allocation_candidates?limit=1000&resources=DISK_GB%3A1%2CMEMORY_MB%3A512%2CVCPU%3A1&root_required=%21COMPUTE_STATUS_DISABLED => generated 2784 bytes in 38 msecs (HTTP/1.1 200) 8 headers in 297 bytes (1 switches on core 0)
2026-07-25 17:56:23.391 8 INFO placement.requestlog [req-e7822f89-e05f-4bd2-ac38-16462ab83a9d req-81207fa0-3f2d-4356-8a3a-047530e4973a 0aa41e0a785b40eeaf154fe4d3f3a3b2 075a5e90f39e4961a18260ed096ea51b - - 82c0e00ee77f43d29dfbae78ccfd668e 82c0e00ee77f43d29dfbae78ccfd668e] 10.0.0.202 "GET /allocations/0e579053-3973-49b1-ad08-cf61b475a499" status: 200 len: 19 microversion: 1.28 [pid: 8|app: 0|req: 218/437] 10.0.0.202 () {34 vars in 861 bytes} [Sat Jul 25 17:56:23 2026] GET /allocations/0e579053-3973-49b1-ad08-cf61b475a499 => generated 19 bytes in 7 msecs (HTTP/1.1 200) 8 headers in 295 bytes (1 switches on core 0)
2026-07-25 17:56:23.460 7 INFO placement.requestlog [req-e7822f89-e05f-4bd2-ac38-16462ab83a9d req-ca01a710-fa47-4296-8fe6-dd0632c9ebdb 0aa41e0a785b40eeaf154fe4d3f3a3b2 075a5e90f39e4961a18260ed096ea51b - - 82c0e00ee77f43d29dfbae78ccfd668e 82c0e00ee77f43d29dfbae78ccfd668e] 10.0.0.202 "PUT /allocations/0e579053-3973-49b1-ad08-cf61b475a499" status: 204 len: 0 microversion: 1.36 [pid: 7|app: 0|req: 220/438] 10.0.0.202 () {38 vars in 914 bytes} [Sat Jul 25 17:56:23 2026] PUT /allocations/0e579053-3973-49b1-ad08-cf61b475a499 => generated 0 bytes in 64 msecs (HTTP/1.1 204) 5 headers in 199 bytes (1 switches on core 0)
2026-07-25 17:56:24.830 8 INFO placement.requestlog [req-25f5c55f-1171-4922-aada-9a3f9652de84 req-4a9d1012-c488-41c6-aa1a-ea13530bace5 0aa41e0a785b40eeaf154fe4d3f3a3b2 075a5e90f39e4961a18260ed096ea51b - - 82c0e00ee77f43d29dfbae78ccfd668e 82c0e00ee77f43d29dfbae78ccfd668e] 199.204.45.235 "GET /resource_providers/8ed67b7a-421c-4c85-8de5-9c84e83a19f1/allocations" status: 200 len: 352 microversion: 1.0 [pid: 8|app: 0|req: 219/439] 199.204.45.235 () {32 vars in 857 bytes} [Sat Jul 25 17:56:24 2026] GET /resource_providers/8ed67b7a-421c-4c85-8de5-9c84e83a19f1/allocations => generated 352 bytes in 10 msecs (HTTP/1.1 200) 6 headers in 224 bytes (1 switches on core 0)
2026-07-25 17:56:25.002 7 INFO placement.requestlog [req-e7822f89-e05f-4bd2-ac38-16462ab83a9d req-4d9823ec-b9de-427c-b782-5cc1e2903d51 0aa41e0a785b40eeaf154fe4d3f3a3b2 075a5e90f39e4961a18260ed096ea51b - - 82c0e00ee77f43d29dfbae78ccfd668e 82c0e00ee77f43d29dfbae78ccfd668e] 199.204.45.235 "GET /allocations/0e579053-3973-49b1-ad08-cf61b475a499" status: 200 len: 257 microversion: 1.28 [pid: 7|app: 0|req: 221/440] 199.204.45.235 () {34 vars in 863 bytes} [Sat Jul 25 17:56:24 2026] GET /allocations/0e579053-3973-49b1-ad08-cf61b475a499 => generated 257 bytes in 14 msecs (HTTP/1.1 200) 8 headers in 296 bytes (1 switches on core 0)
2026-07-25 17:56:25.369 8 INFO placement.requestlog [req-25f5c55f-1171-4922-aada-9a3f9652de84 req-ac0c5839-ad8a-4aab-855e-f5193fa9ddda 0aa41e0a785b40eeaf154fe4d3f3a3b2 075a5e90f39e4961a18260ed096ea51b - - 82c0e00ee77f43d29dfbae78ccfd668e 82c0e00ee77f43d29dfbae78ccfd668e] 199.204.45.235 "GET /resource_providers/8ed67b7a-421c-4c85-8de5-9c84e83a19f1/allocations" status: 200 len: 352 microversion: 1.0 [pid: 8|app: 0|req: 220/441] 199.204.45.235 () {32 vars in 857 bytes} [Sat Jul 25 17:56:25 2026] GET /resource_providers/8ed67b7a-421c-4c85-8de5-9c84e83a19f1/allocations => generated 352 bytes in 19 msecs (HTTP/1.1 200) 6 headers in 224 bytes (1 switches on core 0)
2026-07-25 17:56:25.387 7 INFO placement.requestlog [req-25f5c55f-1171-4922-aada-9a3f9652de84 req-c4937548-6306-472a-a143-affae391423d 0aa41e0a785b40eeaf154fe4d3f3a3b2 075a5e90f39e4961a18260ed096ea51b - - 82c0e00ee77f43d29dfbae78ccfd668e 82c0e00ee77f43d29dfbae78ccfd668e] 199.204.45.235 "GET /allocations/6dfc1b0f-978c-422c-92af-72b4c20c140d" status: 200 len: 257 microversion: 1.28 [pid: 7|app: 0|req: 222/442] 199.204.45.235 () {34 vars in 863 bytes} [Sat Jul 25 17:56:25 2026] GET /allocations/6dfc1b0f-978c-422c-92af-72b4c20c140d => generated 257 bytes in 12 msecs (HTTP/1.1 200) 8 headers in 296 bytes (1 switches on core 0)
2026-07-25 17:56:25.404 8 INFO placement.requestlog [req-25f5c55f-1171-4922-aada-9a3f9652de84 req-58df410b-ed43-43e2-b33e-5d34e1c8bf1d 0aa41e0a785b40eeaf154fe4d3f3a3b2 075a5e90f39e4961a18260ed096ea51b - - 82c0e00ee77f43d29dfbae78ccfd668e 82c0e00ee77f43d29dfbae78ccfd668e] 199.204.45.235 "GET /allocations/9fa9f9cf-6e80-4438-a3e0-798f1f37478c" status: 200 len: 257 microversion: 1.28 [pid: 8|app: 0|req: 221/443] 199.204.45.235 () {34 vars in 863 bytes} [Sat Jul 25 17:56:25 2026] GET /allocations/9fa9f9cf-6e80-4438-a3e0-798f1f37478c => generated 257 bytes in 13 msecs (HTTP/1.1 200) 8 headers in 296 bytes (1 switches on core 0)
2026-07-25 17:56:25.424 7 INFO placement.requestlog [req-25f5c55f-1171-4922-aada-9a3f9652de84 req-a9c4d9cf-5611-49a6-a9a6-8c6d2729cf58 0aa41e0a785b40eeaf154fe4d3f3a3b2 075a5e90f39e4961a18260ed096ea51b - - 82c0e00ee77f43d29dfbae78ccfd668e 82c0e00ee77f43d29dfbae78ccfd668e] 199.204.45.235 "GET /allocations/0e579053-3973-49b1-ad08-cf61b475a499" status: 200 len: 257 microversion: 1.28 [pid: 7|app: 0|req: 223/444] 199.204.45.235 () {34 vars in 863 bytes} [Sat Jul 25 17:56:25 2026] GET /allocations/0e579053-3973-49b1-ad08-cf61b475a499 => generated 257 bytes in 13 msecs (HTTP/1.1 200) 8 headers in 296 bytes (1 switches on core 0)
2026-07-25 17:56:27.485 8 INFO placement.requestlog [req-e7822f89-e05f-4bd2-ac38-16462ab83a9d req-10b4032d-1c83-4135-bef8-c9468ccd5856 0aa41e0a785b40eeaf154fe4d3f3a3b2 075a5e90f39e4961a18260ed096ea51b - - 82c0e00ee77f43d29dfbae78ccfd668e 82c0e00ee77f43d29dfbae78ccfd668e] 199.204.45.235 "GET /resource_providers/8ed67b7a-421c-4c85-8de5-9c84e83a19f1/allocations" status: 200 len: 352 microversion: 1.0 [pid: 8|app: 0|req: 222/445] 199.204.45.235 () {32 vars in 857 bytes} [Sat Jul 25 17:56:27 2026] GET /resource_providers/8ed67b7a-421c-4c85-8de5-9c84e83a19f1/allocations => generated 352 bytes in 19 msecs (HTTP/1.1 200) 6 headers in 224 bytes (1 switches on core 0)
2026-07-25 17:56:27.504 7 INFO placement.requestlog [req-e7822f89-e05f-4bd2-ac38-16462ab83a9d req-880cdd42-19fd-4d5a-87cc-2f920a406d9d 0aa41e0a785b40eeaf154fe4d3f3a3b2 075a5e90f39e4961a18260ed096ea51b - - 82c0e00ee77f43d29dfbae78ccfd668e 82c0e00ee77f43d29dfbae78ccfd668e] 199.204.45.235 "GET /allocations/6dfc1b0f-978c-422c-92af-72b4c20c140d" status: 200 len: 257 microversion: 1.28 [pid: 7|app: 0|req: 224/446] 199.204.45.235 () {34 vars in 863 bytes} [Sat Jul 25 17:56:27 2026] GET /allocations/6dfc1b0f-978c-422c-92af-72b4c20c140d => generated 257 bytes in 12 msecs (HTTP/1.1 200) 8 headers in 296 bytes (1 switches on core 0)
2026-07-25 17:56:27.526 8 INFO placement.requestlog [req-e7822f89-e05f-4bd2-ac38-16462ab83a9d req-dd5a243d-3dd7-4921-9404-b252c9735084 0aa41e0a785b40eeaf154fe4d3f3a3b2 075a5e90f39e4961a18260ed096ea51b - - 82c0e00ee77f43d29dfbae78ccfd668e 82c0e00ee77f43d29dfbae78ccfd668e] 199.204.45.235 "GET /allocations/9fa9f9cf-6e80-4438-a3e0-798f1f37478c" status: 200 len: 257 microversion: 1.28 [pid: 8|app: 0|req: 223/447] 199.204.45.235 () {34 vars in 863 bytes} [Sat Jul 25 17:56:27 2026] GET /allocations/9fa9f9cf-6e80-4438-a3e0-798f1f37478c => generated 257 bytes in 17 msecs (HTTP/1.1 200) 8 headers in 296 bytes (1 switches on core 0)
2026-07-25 17:56:27.545 7 INFO placement.requestlog [req-e7822f89-e05f-4bd2-ac38-16462ab83a9d req-368548ad-c78b-4453-b75b-b016a770e257 0aa41e0a785b40eeaf154fe4d3f3a3b2 075a5e90f39e4961a18260ed096ea51b - - 82c0e00ee77f43d29dfbae78ccfd668e 82c0e00ee77f43d29dfbae78ccfd668e] 199.204.45.235 "GET /allocations/0e579053-3973-49b1-ad08-cf61b475a499" status: 200 len: 257 microversion: 1.28 [pid: 7|app: 0|req: 225/448] 199.204.45.235 () {34 vars in 863 bytes} [Sat Jul 25 17:56:27 2026] GET /allocations/0e579053-3973-49b1-ad08-cf61b475a499 => generated 257 bytes in 13 msecs (HTTP/1.1 200) 8 headers in 296 bytes (1 switches on core 0)
2026-07-25 17:56:32.972 7 INFO placement.requestlog [None req-d13f41e0-9166-456e-a9de-7812be414393 - - - - - -] 10.0.0.231 "GET /" status: 200 len: 136 microversion: 1.0
2026-07-25 17:56:32.974 8 INFO placement.requestlog [None req-8b4eeaf6-d325-4b24-8f3d-b52432d7b78d - - - - - -] 10.0.0.231 "GET /" status: 200 len: 136 microversion: 1.0
2026-07-25 17:56:34.764 7 INFO placement.requestlog [req-5c3e41b1-e41d-4c5f-8f76-90760196a2a7 req-8be17cef-7206-4cc2-beed-e301732efa84 0aa41e0a785b40eeaf154fe4d3f3a3b2 075a5e90f39e4961a18260ed096ea51b - - 82c0e00ee77f43d29dfbae78ccfd668e 82c0e00ee77f43d29dfbae78ccfd668e] 10.0.0.202 "GET /allocation_candidates?limit=1000&resources=MEMORY_MB%3A512%2CVCPU%3A1&root_required=%21COMPUTE_STATUS_DISABLED" status: 200 len: 2770 microversion: 1.36 [pid: 7|app: 0|req: 227/451] 10.0.0.202 () {34 vars in 984 bytes} [Sat Jul 25 17:56:34 2026] GET /allocation_candidates?limit=1000&resources=MEMORY_MB%3A512%2CVCPU%3A1&root_required=%21COMPUTE_STATUS_DISABLED => generated 2770 bytes in 39 msecs (HTTP/1.1 200) 8 headers in 297 bytes (1 switches on core 0)
2026-07-25 17:56:34.811 8 INFO placement.requestlog [req-5c3e41b1-e41d-4c5f-8f76-90760196a2a7 req-26982c40-b9ae-407e-b407-3b05c5bdbbaa 0aa41e0a785b40eeaf154fe4d3f3a3b2 075a5e90f39e4961a18260ed096ea51b - - 82c0e00ee77f43d29dfbae78ccfd668e 82c0e00ee77f43d29dfbae78ccfd668e] 10.0.0.202 "GET /allocations/7087e125-2ed2-40bb-9e27-9d834c6b529e" status: 200 len: 19 microversion: 1.28 [pid: 8|app: 0|req: 225/452] 10.0.0.202 () {34 vars in 861 bytes} [Sat Jul 25 17:56:34 2026] GET /allocations/7087e125-2ed2-40bb-9e27-9d834c6b529e => generated 19 bytes in 9 msecs (HTTP/1.1 200) 8 headers in 295 bytes (1 switches on core 0)
2026-07-25 17:56:34.902 7 INFO placement.requestlog [req-5c3e41b1-e41d-4c5f-8f76-90760196a2a7 req-4cd160da-c29c-4916-91a4-232673bf35d2 0aa41e0a785b40eeaf154fe4d3f3a3b2 075a5e90f39e4961a18260ed096ea51b - - 82c0e00ee77f43d29dfbae78ccfd668e 82c0e00ee77f43d29dfbae78ccfd668e] 10.0.0.202 "PUT /allocations/7087e125-2ed2-40bb-9e27-9d834c6b529e" status: 204 len: 0 microversion: 1.36 [pid: 7|app: 0|req: 228/453] 10.0.0.202 () {38 vars in 914 bytes} [Sat Jul 25 17:56:34 2026] PUT /allocations/7087e125-2ed2-40bb-9e27-9d834c6b529e => generated 0 bytes in 85 msecs (HTTP/1.1 204) 5 headers in 199 bytes (1 switches on core 0)
2026-07-25 17:56:36.349 8 INFO placement.requestlog [req-5c3e41b1-e41d-4c5f-8f76-90760196a2a7 req-fcef8662-9198-49c6-bf4d-524f53259189 0aa41e0a785b40eeaf154fe4d3f3a3b2 075a5e90f39e4961a18260ed096ea51b - - 82c0e00ee77f43d29dfbae78ccfd668e 82c0e00ee77f43d29dfbae78ccfd668e] 199.204.45.235 "GET /allocations/7087e125-2ed2-40bb-9e27-9d834c6b529e" status: 200 len: 243 microversion: 1.28 [pid: 8|app: 0|req: 226/454] 199.204.45.235 () {34 vars in 863 bytes} [Sat Jul 25 17:56:36 2026] GET /allocations/7087e125-2ed2-40bb-9e27-9d834c6b529e => generated 243 bytes in 18 msecs (HTTP/1.1 200) 8 headers in 296 bytes (1 switches on core 0)
2026-07-25 17:56:37.398 7 INFO placement.requestlog [req-5c3e41b1-e41d-4c5f-8f76-90760196a2a7 req-b1655725-db25-47d2-b749-544e3083ca3e 0aa41e0a785b40eeaf154fe4d3f3a3b2 075a5e90f39e4961a18260ed096ea51b - - 82c0e00ee77f43d29dfbae78ccfd668e 82c0e00ee77f43d29dfbae78ccfd668e] 199.204.45.235 "GET /resource_providers/8ed67b7a-421c-4c85-8de5-9c84e83a19f1/allocations" status: 200 len: 438 microversion: 1.0 [pid: 7|app: 0|req: 229/455] 199.204.45.235 () {32 vars in 857 bytes} [Sat Jul 25 17:56:37 2026] GET /resource_providers/8ed67b7a-421c-4c85-8de5-9c84e83a19f1/allocations => generated 438 bytes in 17 msecs (HTTP/1.1 200) 6 headers in 224 bytes (1 switches on core 0)
2026-07-25 17:56:37.415 8 INFO placement.requestlog [req-5c3e41b1-e41d-4c5f-8f76-90760196a2a7 req-a75d6531-899b-4105-96c1-9585ee5217aa 0aa41e0a785b40eeaf154fe4d3f3a3b2 075a5e90f39e4961a18260ed096ea51b - - 82c0e00ee77f43d29dfbae78ccfd668e 82c0e00ee77f43d29dfbae78ccfd668e] 199.204.45.235 "GET /allocations/6dfc1b0f-978c-422c-92af-72b4c20c140d" status: 200 len: 257 microversion: 1.28 [pid: 8|app: 0|req: 227/456] 199.204.45.235 () {34 vars in 863 bytes} [Sat Jul 25 17:56:37 2026] GET /allocations/6dfc1b0f-978c-422c-92af-72b4c20c140d => generated 257 bytes in 10 msecs (HTTP/1.1 200) 8 headers in 296 bytes (1 switches on core 0)
2026-07-25 17:56:37.431 7 INFO placement.requestlog [req-5c3e41b1-e41d-4c5f-8f76-90760196a2a7 req-5a3c6042-48c6-422c-b9d5-e7d183b7c31a 0aa41e0a785b40eeaf154fe4d3f3a3b2 075a5e90f39e4961a18260ed096ea51b - - 82c0e00ee77f43d29dfbae78ccfd668e 82c0e00ee77f43d29dfbae78ccfd668e] 199.204.45.235 "GET /allocations/9fa9f9cf-6e80-4438-a3e0-798f1f37478c" status: 200 len: 257 microversion: 1.28 [pid: 7|app: 0|req: 230/457] 199.204.45.235 () {34 vars in 863 bytes} [Sat Jul 25 17:56:37 2026] GET /allocations/9fa9f9cf-6e80-4438-a3e0-798f1f37478c => generated 257 bytes in 12 msecs (HTTP/1.1 200) 8 headers in 296 bytes (1 switches on core 0)
2026-07-25 17:56:37.452 8 INFO placement.requestlog [req-5c3e41b1-e41d-4c5f-8f76-90760196a2a7 req-7c516036-d1fa-47c1-8149-7e073932ab9a 0aa41e0a785b40eeaf154fe4d3f3a3b2 075a5e90f39e4961a18260ed096ea51b - - 82c0e00ee77f43d29dfbae78ccfd668e 82c0e00ee77f43d29dfbae78ccfd668e] 199.204.45.235 "GET /allocations/7087e125-2ed2-40bb-9e27-9d834c6b529e" status: 200 len: 243 microversion: 1.28 [pid: 8|app: 0|req: 228/458] 199.204.45.235 () {34 vars in 863 bytes} [Sat Jul 25 17:56:37 2026] GET /allocations/7087e125-2ed2-40bb-9e27-9d834c6b529e => generated 243 bytes in 18 msecs (HTTP/1.1 200) 8 headers in 296 bytes (1 switches on core 0)
2026-07-25 17:56:37.472 7 INFO placement.requestlog [req-5c3e41b1-e41d-4c5f-8f76-90760196a2a7 req-54eddab5-401e-48eb-a21e-fb896d9f7e33 0aa41e0a785b40eeaf154fe4d3f3a3b2 075a5e90f39e4961a18260ed096ea51b - - 82c0e00ee77f43d29dfbae78ccfd668e 82c0e00ee77f43d29dfbae78ccfd668e] 199.204.45.235 "GET /allocations/0e579053-3973-49b1-ad08-cf61b475a499" status: 200 len: 257 microversion: 1.28 [pid: 7|app: 0|req: 231/459] 199.204.45.235 () {34 vars in 863 bytes} [Sat Jul 25 17:56:37 2026] GET /allocations/0e579053-3973-49b1-ad08-cf61b475a499 => generated 257 bytes in 10 msecs (HTTP/1.1 200) 8 headers in 296 bytes (1 switches on core 0)
2026-07-25 17:56:40.891 8 INFO placement.requestlog [req-1b3b2751-8a5c-4ff9-b49d-c347446d0a13 req-73076f49-5018-4ff7-adba-eff02e1766dc 0aa41e0a785b40eeaf154fe4d3f3a3b2 075a5e90f39e4961a18260ed096ea51b - - 82c0e00ee77f43d29dfbae78ccfd668e 82c0e00ee77f43d29dfbae78ccfd668e] 199.204.45.235 "GET /resource_providers/8ed67b7a-421c-4c85-8de5-9c84e83a19f1/allocations" status: 200 len: 438 microversion: 1.0 [pid: 8|app: 0|req: 229/460] 199.204.45.235 () {32 vars in 857 bytes} [Sat Jul 25 17:56:40 2026] GET /resource_providers/8ed67b7a-421c-4c85-8de5-9c84e83a19f1/allocations => generated 438 bytes in 22 msecs (HTTP/1.1 200) 6 headers in 224 bytes (1 switches on core 0)
2026-07-25 17:56:40.911 7 INFO placement.requestlog [req-1b3b2751-8a5c-4ff9-b49d-c347446d0a13 req-bb7e2ca2-7242-486e-8e8f-f28d5df7f2a7 0aa41e0a785b40eeaf154fe4d3f3a3b2 075a5e90f39e4961a18260ed096ea51b - - 82c0e00ee77f43d29dfbae78ccfd668e 82c0e00ee77f43d29dfbae78ccfd668e] 199.204.45.235 "GET /allocations/6dfc1b0f-978c-422c-92af-72b4c20c140d" status: 200 len: 257 microversion: 1.28 [pid: 7|app: 0|req: 232/461] 199.204.45.235 () {34 vars in 863 bytes} [Sat Jul 25 17:56:40 2026] GET /allocations/6dfc1b0f-978c-422c-92af-72b4c20c140d => generated 257 bytes in 12 msecs (HTTP/1.1 200) 8 headers in 296 bytes (1 switches on core 0)
2026-07-25 17:56:40.932 8 INFO placement.requestlog [req-1b3b2751-8a5c-4ff9-b49d-c347446d0a13 req-85895dd3-7d87-4d8e-80e8-9fbb3bf8f047 0aa41e0a785b40eeaf154fe4d3f3a3b2 075a5e90f39e4961a18260ed096ea51b - - 82c0e00ee77f43d29dfbae78ccfd668e 82c0e00ee77f43d29dfbae78ccfd668e] 199.204.45.235 "GET /allocations/9fa9f9cf-6e80-4438-a3e0-798f1f37478c" status: 200 len: 257 microversion: 1.28 [pid: 8|app: 0|req: 230/462] 199.204.45.235 () {34 vars in 863 bytes} [Sat Jul 25 17:56:40 2026] GET /allocations/9fa9f9cf-6e80-4438-a3e0-798f1f37478c => generated 257 bytes in 14 msecs (HTTP/1.1 200) 8 headers in 296 bytes (1 switches on core 0)
2026-07-25 17:56:40.954 7 INFO placement.requestlog [req-1b3b2751-8a5c-4ff9-b49d-c347446d0a13 req-49c4a924-52f7-44fc-a7de-58c94816e1df 0aa41e0a785b40eeaf154fe4d3f3a3b2 075a5e90f39e4961a18260ed096ea51b - - 82c0e00ee77f43d29dfbae78ccfd668e 82c0e00ee77f43d29dfbae78ccfd668e] 199.204.45.235 "GET /allocations/7087e125-2ed2-40bb-9e27-9d834c6b529e" status: 200 len: 243 microversion: 1.28 [pid: 7|app: 0|req: 233/463] 199.204.45.235 () {34 vars in 863 bytes} [Sat Jul 25 17:56:40 2026] GET /allocations/7087e125-2ed2-40bb-9e27-9d834c6b529e => generated 243 bytes in 11 msecs (HTTP/1.1 200) 8 headers in 296 bytes (1 switches on core 0)
2026-07-25 17:56:40.973 8 INFO placement.requestlog [req-1b3b2751-8a5c-4ff9-b49d-c347446d0a13 req-d2016337-4c33-4c1a-8740-6211a3b33bfc 0aa41e0a785b40eeaf154fe4d3f3a3b2 075a5e90f39e4961a18260ed096ea51b - - 82c0e00ee77f43d29dfbae78ccfd668e 82c0e00ee77f43d29dfbae78ccfd668e] 199.204.45.235 "GET /allocations/0e579053-3973-49b1-ad08-cf61b475a499" status: 200 len: 257 microversion: 1.28 [pid: 8|app: 0|req: 231/464] 199.204.45.235 () {34 vars in 863 bytes} [Sat Jul 25 17:56:40 2026] GET /allocations/0e579053-3973-49b1-ad08-cf61b475a499 => generated 257 bytes in 14 msecs (HTTP/1.1 200) 8 headers in 296 bytes (1 switches on core 0)
2026-07-25 17:56:42.028 7 INFO placement.requestlog [req-1b3b2751-8a5c-4ff9-b49d-c347446d0a13 req-61a6d2e0-6fd5-4f51-85e2-50c3c38713da 0aa41e0a785b40eeaf154fe4d3f3a3b2 075a5e90f39e4961a18260ed096ea51b - - 82c0e00ee77f43d29dfbae78ccfd668e 82c0e00ee77f43d29dfbae78ccfd668e] 199.204.45.235 "DELETE /allocations/9fa9f9cf-6e80-4438-a3e0-798f1f37478c" status: 204 len: 0 microversion: 1.0 [pid: 7|app: 0|req: 234/465] 199.204.45.235 () {34 vars in 841 bytes} [Sat Jul 25 17:56:42 2026] DELETE /allocations/9fa9f9cf-6e80-4438-a3e0-798f1f37478c => generated 0 bytes in 28 msecs (HTTP/1.1 204) 5 headers in 198 bytes (1 switches on core 0)
2026-07-25 17:56:42.971 8 INFO placement.requestlog [None req-6cd8885c-2ed3-4ba9-a1f1-7f8019298132 - - - - - -] 10.0.0.231 "GET /" status: 200 len: 136 microversion: 1.0
2026-07-25 17:56:42.973 7 INFO placement.requestlog [None req-28f8807d-a982-4890-9ead-ef04e9447985 - - - - - -] 10.0.0.231 "GET /" status: 200 len: 136 microversion: 1.0
2026-07-25 17:56:46.359 8 INFO placement.requestlog [None req-36ef7894-806a-4d74-971a-537cb6ec38c2 8df623244f804b3d8f482b491dc14878 075a5e90f39e4961a18260ed096ea51b - - 82c0e00ee77f43d29dfbae78ccfd668e 82c0e00ee77f43d29dfbae78ccfd668e] 10.0.0.25 "GET /resource_providers/9d60b642-d450-49b3-b3b2-708e20ffe9f3/aggregates" status: 404 len: 235 microversion: 1.1 [pid: 8|app: 0|req: 233/468] 10.0.0.25 () {32 vars in 815 bytes} [Sat Jul 25 17:56:46 2026] GET /resource_providers/9d60b642-d450-49b3-b3b2-708e20ffe9f3/aggregates => generated 235 bytes in 7 msecs (HTTP/1.1 404) 5 headers in 202 bytes (1 switches on core 0)
2026-07-25 17:56:46.369 7 INFO placement.requestlog [None req-7d49cae8-7fc3-43dd-8dfe-f809ab1bc3ed 8df623244f804b3d8f482b491dc14878 075a5e90f39e4961a18260ed096ea51b - - 82c0e00ee77f43d29dfbae78ccfd668e 82c0e00ee77f43d29dfbae78ccfd668e] 10.0.0.25 "GET /resource_providers/9d60b642-d450-49b3-b3b2-708e20ffe9f3/aggregates" status: 404 len: 235 microversion: 1.1 [pid: 7|app: 0|req: 236/469] 10.0.0.25 () {32 vars in 815 bytes} [Sat Jul 25 17:56:46 2026] GET /resource_providers/9d60b642-d450-49b3-b3b2-708e20ffe9f3/aggregates => generated 235 bytes in 12 msecs (HTTP/1.1 404) 5 headers in 202 bytes (1 switches on core 0)
2026-07-25 17:56:46.383 8 INFO placement.requestlog [None req-27cac1a2-7d47-435d-98b0-12ed405b8b99 8df623244f804b3d8f482b491dc14878 075a5e90f39e4961a18260ed096ea51b - - 82c0e00ee77f43d29dfbae78ccfd668e 82c0e00ee77f43d29dfbae78ccfd668e] 10.0.0.25 "DELETE /resource_providers/9d60b642-d450-49b3-b3b2-708e20ffe9f3" status: 404 len: 246 microversion: 1.1 [pid: 8|app: 0|req: 234/470] 10.0.0.25 () {34 vars in 815 bytes} [Sat Jul 25 17:56:46 2026] DELETE /resource_providers/9d60b642-d450-49b3-b3b2-708e20ffe9f3 => generated 246 bytes in 10 msecs (HTTP/1.1 404) 6 headers in 231 bytes (1 switches on core 0)
2026-07-25 17:56:46.396 7 INFO placement.requestlog [None req-05dac577-c1a5-42ef-a502-3e6b8bf2b12a 8df623244f804b3d8f482b491dc14878 075a5e90f39e4961a18260ed096ea51b - - 82c0e00ee77f43d29dfbae78ccfd668e 82c0e00ee77f43d29dfbae78ccfd668e] 10.0.0.25 "DELETE /resource_providers/9d60b642-d450-49b3-b3b2-708e20ffe9f3" status: 404 len: 246 microversion: 1.1 [pid: 7|app: 0|req: 237/471] 10.0.0.25 () {34 vars in 815 bytes} [Sat Jul 25 17:56:46 2026] DELETE /resource_providers/9d60b642-d450-49b3-b3b2-708e20ffe9f3 => generated 246 bytes in 13 msecs (HTTP/1.1 404) 6 headers in 231 bytes (1 switches on core 0)
2026-07-25 17:56:48.944 8 INFO placement.requestlog [req-3380daa2-5a1a-425b-a71a-283cf91f4371 req-7cd3ab75-33d5-4b8d-b3ae-3ebaf022a47f 0aa41e0a785b40eeaf154fe4d3f3a3b2 075a5e90f39e4961a18260ed096ea51b - - 82c0e00ee77f43d29dfbae78ccfd668e 82c0e00ee77f43d29dfbae78ccfd668e] 199.204.45.235 "GET /resource_providers/8ed67b7a-421c-4c85-8de5-9c84e83a19f1/allocations" status: 200 len: 338 microversion: 1.0 [pid: 8|app: 0|req: 235/472] 199.204.45.235 () {32 vars in 857 bytes} [Sat Jul 25 17:56:48 2026] GET /resource_providers/8ed67b7a-421c-4c85-8de5-9c84e83a19f1/allocations => generated 338 bytes in 24 msecs (HTTP/1.1 200) 6 headers in 224 bytes (1 switches on core 0)
2026-07-25 17:56:48.968 7 INFO placement.requestlog [req-3380daa2-5a1a-425b-a71a-283cf91f4371 req-6e633e09-7e4f-4119-968f-8223ee149c3e 0aa41e0a785b40eeaf154fe4d3f3a3b2 075a5e90f39e4961a18260ed096ea51b - - 82c0e00ee77f43d29dfbae78ccfd668e 82c0e00ee77f43d29dfbae78ccfd668e] 199.204.45.235 "GET /allocations/6dfc1b0f-978c-422c-92af-72b4c20c140d" status: 200 len: 257 microversion: 1.28 [pid: 7|app: 0|req: 238/473] 199.204.45.235 () {34 vars in 863 bytes} [Sat Jul 25 17:56:48 2026] GET /allocations/6dfc1b0f-978c-422c-92af-72b4c20c140d => generated 257 bytes in 18 msecs (HTTP/1.1 200) 8 headers in 296 bytes (1 switches on core 0)
2026-07-25 17:56:48.994 8 INFO placement.requestlog [req-3380daa2-5a1a-425b-a71a-283cf91f4371 req-2acac52e-e166-401d-a1cc-71ed8ad1d144 0aa41e0a785b40eeaf154fe4d3f3a3b2 075a5e90f39e4961a18260ed096ea51b - - 82c0e00ee77f43d29dfbae78ccfd668e 82c0e00ee77f43d29dfbae78ccfd668e] 199.204.45.235 "GET /allocations/0e579053-3973-49b1-ad08-cf61b475a499" status: 200 len: 257 microversion: 1.28 [pid: 8|app: 0|req: 236/474] 199.204.45.235 () {34 vars in 863 bytes} [Sat Jul 25 17:56:48 2026] GET /allocations/0e579053-3973-49b1-ad08-cf61b475a499 => generated 257 bytes in 14 msecs (HTTP/1.1 200) 8 headers in 296 bytes (1 switches on core 0)
2026-07-25 17:56:49.021 7 INFO placement.requestlog [req-3380daa2-5a1a-425b-a71a-283cf91f4371 req-5e023fda-5029-460a-b158-15e80a980a03 0aa41e0a785b40eeaf154fe4d3f3a3b2 075a5e90f39e4961a18260ed096ea51b - - 82c0e00ee77f43d29dfbae78ccfd668e 82c0e00ee77f43d29dfbae78ccfd668e] 199.204.45.235 "GET /allocations/7087e125-2ed2-40bb-9e27-9d834c6b529e" status: 200 len: 243 microversion: 1.28 [pid: 7|app: 0|req: 239/475] 199.204.45.235 () {34 vars in 863 bytes} [Sat Jul 25 17:56:48 2026] GET /allocations/7087e125-2ed2-40bb-9e27-9d834c6b529e => generated 243 bytes in 23 msecs (HTTP/1.1 200) 8 headers in 296 bytes (1 switches on core 0)
2026-07-25 17:56:50.080 8 INFO placement.requestlog [req-3380daa2-5a1a-425b-a71a-283cf91f4371 req-2e9db254-b9e2-4407-ab17-28535f796911 0aa41e0a785b40eeaf154fe4d3f3a3b2 075a5e90f39e4961a18260ed096ea51b - - 82c0e00ee77f43d29dfbae78ccfd668e 82c0e00ee77f43d29dfbae78ccfd668e] 199.204.45.235 "DELETE /allocations/0e579053-3973-49b1-ad08-cf61b475a499" status: 204 len: 0 microversion: 1.0 [pid: 8|app: 0|req: 237/476] 199.204.45.235 () {34 vars in 841 bytes} [Sat Jul 25 17:56:50 2026] DELETE /allocations/0e579053-3973-49b1-ad08-cf61b475a499 => generated 0 bytes in 32 msecs (HTTP/1.1 204) 5 headers in 198 bytes (1 switches on core 0)
2026-07-25 17:56:52.971 7 INFO placement.requestlog [None req-35b905bc-e763-4e0f-b8c4-012b20c15b6c - - - - - -] 10.0.0.231 "GET /" status: 200 len: 136 microversion: 1.0
2026-07-25 17:56:52.972 8 INFO placement.requestlog [None req-0d808b96-90c3-4659-a0e4-5dafac7aa50d - - - - - -] 10.0.0.231 "GET /" status: 200 len: 136 microversion: 1.0
2026-07-25 17:56:55.125 8 INFO placement.requestlog [None req-c4ef7203-a5e3-4dee-aeda-68730796e70d 8df623244f804b3d8f482b491dc14878 075a5e90f39e4961a18260ed096ea51b - - 82c0e00ee77f43d29dfbae78ccfd668e 82c0e00ee77f43d29dfbae78ccfd668e] 10.0.0.25 "GET /resource_providers/e6120438-7e57-41b1-be74-371458d2e806/aggregates" status: 404 len: 235 microversion: 1.1 [pid: 8|app: 0|req: 239/479] 10.0.0.25 () {32 vars in 815 bytes} [Sat Jul 25 17:56:55 2026] GET /resource_providers/e6120438-7e57-41b1-be74-371458d2e806/aggregates => generated 235 bytes in 10 msecs (HTTP/1.1 404) 5 headers in 202 bytes (1 switches on core 0)
2026-07-25 17:56:55.133 7 INFO placement.requestlog [None req-c68f4f20-0b53-4ec3-8b1d-852a9586803c 8df623244f804b3d8f482b491dc14878 075a5e90f39e4961a18260ed096ea51b - - 82c0e00ee77f43d29dfbae78ccfd668e 82c0e00ee77f43d29dfbae78ccfd668e] 10.0.0.25 "GET /resource_providers/e6120438-7e57-41b1-be74-371458d2e806/aggregates" status: 404 len: 235 microversion: 1.1 [pid: 7|app: 0|req: 241/480] 10.0.0.25 () {32 vars in 815 bytes} [Sat Jul 25 17:56:55 2026] GET /resource_providers/e6120438-7e57-41b1-be74-371458d2e806/aggregates => generated 235 bytes in 18 msecs (HTTP/1.1 404) 5 headers in 202 bytes (1 switches on core 0)
2026-07-25 17:56:55.141 8 INFO placement.requestlog [None req-50e21521-554b-4e0b-81e8-b25a7ca65c41 8df623244f804b3d8f482b491dc14878 075a5e90f39e4961a18260ed096ea51b - - 82c0e00ee77f43d29dfbae78ccfd668e 82c0e00ee77f43d29dfbae78ccfd668e] 10.0.0.25 "DELETE /resource_providers/e6120438-7e57-41b1-be74-371458d2e806" status: 404 len: 246 microversion: 1.1 [pid: 8|app: 0|req: 240/481] 10.0.0.25 () {34 vars in 815 bytes} [Sat Jul 25 17:56:55 2026] DELETE /resource_providers/e6120438-7e57-41b1-be74-371458d2e806 => generated 246 bytes in 7 msecs (HTTP/1.1 404) 6 headers in 231 bytes (1 switches on core 0)
2026-07-25 17:56:55.148 7 INFO placement.requestlog [None req-9a5d0d40-9626-40f8-aba7-a2992aec9577 8df623244f804b3d8f482b491dc14878 075a5e90f39e4961a18260ed096ea51b - - 82c0e00ee77f43d29dfbae78ccfd668e 82c0e00ee77f43d29dfbae78ccfd668e] 10.0.0.25 "DELETE /resource_providers/e6120438-7e57-41b1-be74-371458d2e806" status: 404 len: 246 microversion: 1.1 [pid: 7|app: 0|req: 242/482] 10.0.0.25 () {34 vars in 815 bytes} [Sat Jul 25 17:56:55 2026] DELETE /resource_providers/e6120438-7e57-41b1-be74-371458d2e806 => generated 246 bytes in 8 msecs (HTTP/1.1 404) 6 headers in 231 bytes (1 switches on core 0)
2026-07-25 17:56:56.308 8 INFO placement.requestlog [req-aab0b47e-2219-4ddb-bff8-bdcbbf91c846 req-439fd3a7-0cf7-41c8-b816-6d9a52e002b0 0aa41e0a785b40eeaf154fe4d3f3a3b2 075a5e90f39e4961a18260ed096ea51b - - 82c0e00ee77f43d29dfbae78ccfd668e 82c0e00ee77f43d29dfbae78ccfd668e] 199.204.45.235 "GET /resource_providers/8ed67b7a-421c-4c85-8de5-9c84e83a19f1/allocations" status: 200 len: 238 microversion: 1.0 [pid: 8|app: 0|req: 241/483] 199.204.45.235 () {32 vars in 857 bytes} [Sat Jul 25 17:56:56 2026] GET /resource_providers/8ed67b7a-421c-4c85-8de5-9c84e83a19f1/allocations => generated 238 bytes in 17 msecs (HTTP/1.1 200) 6 headers in 224 bytes (1 switches on core 0)
2026-07-25 17:56:56.326 7 INFO placement.requestlog [req-aab0b47e-2219-4ddb-bff8-bdcbbf91c846 req-3d085cdd-823b-4995-958e-b3aa8fcd778f 0aa41e0a785b40eeaf154fe4d3f3a3b2 075a5e90f39e4961a18260ed096ea51b - - 82c0e00ee77f43d29dfbae78ccfd668e 82c0e00ee77f43d29dfbae78ccfd668e] 199.204.45.235 "GET /allocations/6dfc1b0f-978c-422c-92af-72b4c20c140d" status: 200 len: 257 microversion: 1.28 [pid: 7|app: 0|req: 243/484] 199.204.45.235 () {34 vars in 863 bytes} [Sat Jul 25 17:56:56 2026] GET /allocations/6dfc1b0f-978c-422c-92af-72b4c20c140d => generated 257 bytes in 12 msecs (HTTP/1.1 200) 8 headers in 296 bytes (1 switches on core 0)
2026-07-25 17:56:56.345 8 INFO placement.requestlog [req-aab0b47e-2219-4ddb-bff8-bdcbbf91c846 req-26d2d941-75dd-4c1b-af52-f6b4dcca7d67 0aa41e0a785b40eeaf154fe4d3f3a3b2 075a5e90f39e4961a18260ed096ea51b - - 82c0e00ee77f43d29dfbae78ccfd668e 82c0e00ee77f43d29dfbae78ccfd668e] 199.204.45.235 "GET /allocations/7087e125-2ed2-40bb-9e27-9d834c6b529e" status: 200 len: 243 microversion: 1.28 [pid: 8|app: 0|req: 242/485] 199.204.45.235 () {34 vars in 863 bytes} [Sat Jul 25 17:56:56 2026] GET /allocations/7087e125-2ed2-40bb-9e27-9d834c6b529e => generated 243 bytes in 12 msecs (HTTP/1.1 200) 8 headers in 296 bytes (1 switches on core 0)
2026-07-25 17:56:57.398 7 INFO placement.requestlog [req-aab0b47e-2219-4ddb-bff8-bdcbbf91c846 req-94d28d8b-56a8-427a-b87e-4f511a908d8d 0aa41e0a785b40eeaf154fe4d3f3a3b2 075a5e90f39e4961a18260ed096ea51b - - 82c0e00ee77f43d29dfbae78ccfd668e 82c0e00ee77f43d29dfbae78ccfd668e] 199.204.45.235 "DELETE /allocations/7087e125-2ed2-40bb-9e27-9d834c6b529e" status: 204 len: 0 microversion: 1.0 [pid: 7|app: 0|req: 244/486] 199.204.45.235 () {34 vars in 841 bytes} [Sat Jul 25 17:56:57 2026] DELETE /allocations/7087e125-2ed2-40bb-9e27-9d834c6b529e => generated 0 bytes in 31 msecs (HTTP/1.1 204) 5 headers in 198 bytes (1 switches on core 0)
2026-07-25 17:57:00.475 8 INFO placement.requestlog [req-27c390c8-0e6d-46be-a6f6-54ed5ea02a71 req-48c28050-dfaa-4f02-9f8c-d595fd039c81 0aa41e0a785b40eeaf154fe4d3f3a3b2 075a5e90f39e4961a18260ed096ea51b - - 82c0e00ee77f43d29dfbae78ccfd668e 82c0e00ee77f43d29dfbae78ccfd668e] 199.204.45.235 "GET /resource_providers/8ed67b7a-421c-4c85-8de5-9c84e83a19f1/allocations" status: 200 len: 152 microversion: 1.0 [pid: 8|app: 0|req: 243/487] 199.204.45.235 () {32 vars in 857 bytes} [Sat Jul 25 17:57:00 2026] GET /resource_providers/8ed67b7a-421c-4c85-8de5-9c84e83a19f1/allocations => generated 152 bytes in 15 msecs (HTTP/1.1 200) 6 headers in 224 bytes (1 switches on core 0)
2026-07-25 17:57:00.492 7 INFO placement.requestlog [req-27c390c8-0e6d-46be-a6f6-54ed5ea02a71 req-24093f0f-7006-4042-babb-16b703297dea 0aa41e0a785b40eeaf154fe4d3f3a3b2 075a5e90f39e4961a18260ed096ea51b - - 82c0e00ee77f43d29dfbae78ccfd668e 82c0e00ee77f43d29dfbae78ccfd668e] 199.204.45.235 "GET /allocations/6dfc1b0f-978c-422c-92af-72b4c20c140d" status: 200 len: 257 microversion: 1.28 [pid: 7|app: 0|req: 245/488] 199.204.45.235 () {34 vars in 863 bytes} [Sat Jul 25 17:57:00 2026] GET /allocations/6dfc1b0f-978c-422c-92af-72b4c20c140d => generated 257 bytes in 12 msecs (HTTP/1.1 200) 8 headers in 296 bytes (1 switches on core 0)
