+ COMMAND=start + start + for KEYSTONE_WSGI_SCRIPT in keystone-wsgi-public ++ type -p keystone-wsgi-public + cp -a /var/lib/openstack/bin/keystone-wsgi-public /var/www/cgi-bin/keystone/ + '[' -f /etc/apache2/envvars ']' + source /etc/apache2/envvars ++ unset HOME ++ '[' '' '!=' '' ']' ++ SUFFIX= ++ export APACHE_RUN_USER=www-data ++ APACHE_RUN_USER=www-data ++ export APACHE_RUN_GROUP=www-data ++ APACHE_RUN_GROUP=www-data ++ export APACHE_PID_FILE=/var/run/apache2/apache2.pid ++ APACHE_PID_FILE=/var/run/apache2/apache2.pid ++ export APACHE_RUN_DIR=/var/run/apache2 ++ APACHE_RUN_DIR=/var/run/apache2 ++ export APACHE_LOCK_DIR=/var/lock/apache2 ++ APACHE_LOCK_DIR=/var/lock/apache2 ++ export APACHE_LOG_DIR=/var/log/apache2 ++ APACHE_LOG_DIR=/var/log/apache2 ++ export LANG=C ++ LANG=C ++ export LANG + '[' -f /var/run/apache2/apache2.pid ']' + exec apache2 -DFOREGROUND AH00558: apache2: Could not reliably determine the server's fully qualified domain name, using 10.0.0.226. Set the 'ServerName' directive globally to suppress this message AH00558: apache2: Could not reliably determine the server's fully qualified domain name, using 10.0.0.226. Set the 'ServerName' directive globally to suppress this message
[Thu Jul 16 06:59:46.140916 2026] [mpm_event:notice] [pid 1:tid 140531086399360] AH00489: Apache/2.4.58 (Ubuntu) mod_wsgi/5.0.0 Python/3.12 configured -- resuming normal operations
[Thu Jul 16 06:59:46.141064 2026] [core:notice] [pid 1:tid 140531086399360] AH00094: Command line: 'apache2 -D FOREGROUND'
[Thu Jul 16 07:00:43.476131 2026] [wsgi:error] [pid 9:tid 140530448578240] /var/lib/openstack/lib/python3.12/site-packages/oslo_utils/importutils.py:77: EventletDeprecationWarning:
[Thu Jul 16 07:00:43.476174 2026] [wsgi:error] [pid 9:tid 140530448578240] Eventlet is deprecated. It is currently being maintained in bugfix mode, and
[Thu Jul 16 07:00:43.476176 2026] [wsgi:error] [pid 9:tid 140530448578240] we strongly recommend against using it for new projects.
[Thu Jul 16 07:00:43.476177 2026] [wsgi:error] [pid 9:tid 140530448578240]
[Thu Jul 16 07:00:43.476178 2026] [wsgi:error] [pid 9:tid 140530448578240] If you are already using Eventlet, we recommend migrating to a different
[Thu Jul 16 07:00:43.476179 2026] [wsgi:error] [pid 9:tid 140530448578240] framework. For more detail see
[Thu Jul 16 07:00:43.476181 2026] [wsgi:error] [pid 9:tid 140530448578240] https://eventlet.readthedocs.io/en/latest/asyncio/migration.html
[Thu Jul 16 07:00:43.476182 2026] [wsgi:error] [pid 9:tid 140530448578240]
[Thu Jul 16 07:00:43.476183 2026] [wsgi:error] [pid 9:tid 140530448578240] __import__(import_str)
[Thu Jul 16 07:00:43.489528 2026] [wsgi:error] [pid 10:tid 140530448578240] /var/lib/openstack/lib/python3.12/site-packages/oslo_utils/importutils.py:77: EventletDeprecationWarning:
[Thu Jul 16 07:00:43.489597 2026] [wsgi:error] [pid 10:tid 140530448578240] Eventlet is deprecated. It is currently being maintained in bugfix mode, and
[Thu Jul 16 07:00:43.489599 2026] [wsgi:error] [pid 10:tid 140530448578240] we strongly recommend against using it for new projects.
[Thu Jul 16 07:00:43.489600 2026] [wsgi:error] [pid 10:tid 140530448578240]
[Thu Jul 16 07:00:43.489601 2026] [wsgi:error] [pid 10:tid 140530448578240] If you are already using Eventlet, we recommend migrating to a different
[Thu Jul 16 07:00:43.489603 2026] [wsgi:error] [pid 10:tid 140530448578240] framework. For more detail see
[Thu Jul 16 07:00:43.489604 2026] [wsgi:error] [pid 10:tid 140530448578240] https://eventlet.readthedocs.io/en/latest/asyncio/migration.html
[Thu Jul 16 07:00:43.489605 2026] [wsgi:error] [pid 10:tid 140530448578240]
[Thu Jul 16 07:00:43.489606 2026] [wsgi:error] [pid 10:tid 140530448578240] __import__(import_str) 10.0.0.152 - - [16/Jul/2026:07:00:42 +0000] "GET /v3/ HTTP/1.1" 200 250 10.0.0.152 - - [16/Jul/2026:07:00:42 +0000] "GET /v3/ HTTP/1.1" 200 250
[Thu Jul 16 07:00:49.041109 2026] [wsgi:error] [pid 12:tid 140530448578240] /var/lib/openstack/lib/python3.12/site-packages/oslo_utils/importutils.py:77: EventletDeprecationWarning:
[Thu Jul 16 07:00:49.041148 2026] [wsgi:error] [pid 12:tid 140530448578240] Eventlet is deprecated. It is currently being maintained in bugfix mode, and
[Thu Jul 16 07:00:49.041149 2026] [wsgi:error] [pid 12:tid 140530448578240] we strongly recommend against using it for new projects.
[Thu Jul 16 07:00:49.041151 2026] [wsgi:error] [pid 12:tid 140530448578240]
[Thu Jul 16 07:00:49.041152 2026] [wsgi:error] [pid 12:tid 140530448578240] If you are already using Eventlet, we recommend migrating to a different
[Thu Jul 16 07:00:49.041153 2026] [wsgi:error] [pid 12:tid 140530448578240] framework. For more detail see
[Thu Jul 16 07:00:49.041154 2026] [wsgi:error] [pid 12:tid 140530448578240] https://eventlet.readthedocs.io/en/latest/asyncio/migration.html
[Thu Jul 16 07:00:49.041155 2026] [wsgi:error] [pid 12:tid 140530448578240]
[Thu Jul 16 07:00:49.041156 2026] [wsgi:error] [pid 12:tid 140530448578240] __import__(import_str) 10.0.0.152 - - [16/Jul/2026:07:00:48 +0000] "GET /v3/ HTTP/1.1" 200 250
[Thu Jul 16 07:00:57.404815 2026] [wsgi:error] [pid 11:tid 140530448578240] /var/lib/openstack/lib/python3.12/site-packages/oslo_utils/importutils.py:77: EventletDeprecationWarning:
[Thu Jul 16 07:00:57.404854 2026] [wsgi:error] [pid 11:tid 140530448578240] Eventlet is deprecated. It is currently being maintained in bugfix mode, and
[Thu Jul 16 07:00:57.404856 2026] [wsgi:error] [pid 11:tid 140530448578240] we strongly recommend against using it for new projects.
[Thu Jul 16 07:00:57.404857 2026] [wsgi:error] [pid 11:tid 140530448578240]
[Thu Jul 16 07:00:57.404858 2026] [wsgi:error] [pid 11:tid 140530448578240] If you are already using Eventlet, we recommend migrating to a different
[Thu Jul 16 07:00:57.404859 2026] [wsgi:error] [pid 11:tid 140530448578240] framework. For more detail see
[Thu Jul 16 07:00:57.404860 2026] [wsgi:error] [pid 11:tid 140530448578240] https://eventlet.readthedocs.io/en/latest/asyncio/migration.html
[Thu Jul 16 07:00:57.404861 2026] [wsgi:error] [pid 11:tid 140530448578240]
[Thu Jul 16 07:00:57.404862 2026] [wsgi:error] [pid 11:tid 140530448578240] __import__(import_str) 10.0.0.4 - - [16/Jul/2026:07:00:56 +0000] "GET / HTTP/1.1" 300 295
[Thu Jul 16 07:01:02.353535 2026] [wsgi:error] [pid 9:tid 140530448578240] [remote 10.0.0.4:40398] 2026-07-16 07:01:02.350 9 WARNING keystone.identity.core [None req-9d981e0e-dbdf-44e8-a1b7-277e2ab1a41e - - - - - -] Invalid domain name (atmosphere) found in config file name: keystone.exception.DomainNotFound: Could not find domain: atmosphere.
[Thu Jul 16 07:01:02.413747 2026] [wsgi:error] [pid 9:tid 140530448578240] [remote 10.0.0.4:40398] 2026-07-16 07:01:02.413 9 WARNING keystone.common.password_hashing [None req-9d981e0e-dbdf-44e8-a1b7-277e2ab1a41e - - - - - -] Truncating password to algorithm specific maximum length 72 characters.
[Thu Jul 16 07:01:02.719691 2026] [wsgi:error] [pid 9:tid 140530448578240] [remote 10.0.0.4:40398] 2026-07-16 07:01:02.719 9 WARNING keystone.common.fernet_utils [None req-9d981e0e-dbdf-44e8-a1b7-277e2ab1a41e - - - - - -] key_repository is world readable: /etc/keystone/fernet-keys/ 10.0.0.4 - - [16/Jul/2026:07:01:02 +0000] "POST /v3/auth/tokens HTTP/1.1" 201 1359
[Thu Jul 16 07:01:03.133348 2026] [wsgi:error] [pid 10:tid 140530448578240] [remote 10.0.0.4:40398] 2026-07-16 07:01:03.130 10 WARNING keystone.identity.core [None req-75d25984-532e-41f8-9756-dda22841a164 - - - - - -] Invalid domain name (atmosphere) found in config file name: keystone.exception.DomainNotFound: Could not find domain: atmosphere. 10.0.0.4 - - [16/Jul/2026:07:01:02 +0000] "POST /v3/domains HTTP/1.1" 201 261 10.0.0.134 - - [16/Jul/2026:07:01:15 +0000] "GET / HTTP/1.1" 300 295
[Thu Jul 16 07:01:16.104053 2026] [wsgi:error] [pid 11:tid 140530448578240] [remote 10.0.0.134:43960] 2026-07-16 07:01:16.103 11 WARNING keystone.common.password_hashing [None req-67bdfe96-981b-4678-8e26-63a93b972536 - - - - - -] Truncating password to algorithm specific maximum length 72 characters.
[Thu Jul 16 07:01:16.398422 2026] [wsgi:error] [pid 11:tid 140530448578240] [remote 10.0.0.134:43960] 2026-07-16 07:01:16.397 11 WARNING keystone.common.fernet_utils [None req-67bdfe96-981b-4678-8e26-63a93b972536 - - - - - -] key_repository is world readable: /etc/keystone/fernet-keys/ 10.0.0.134 - - [16/Jul/2026:07:01:15 +0000] "POST /v3/auth/tokens HTTP/1.1" 201 1359 10.0.0.134 - - [16/Jul/2026:07:01:16 +0000] "GET /v3/roles/admin HTTP/1.1" 404 83
[Thu Jul 16 07:01:16.656852 2026] [wsgi:error] [pid 10:tid 140530448578240] [remote 10.0.0.134:43960] 2026-07-16 07:01:16.656 10 WARNING keystone.common.rbac_enforcer.enforcer [None req-7a95229f-2693-41c6-908a-e8a1d10e5436 3c440e25110e4532afdbd771cc9b1a12 657a6d75ecdc46e4b78d2ffc2f4efcc5 - - default default] Deprecated policy rules found. Use oslopolicy-policy-generator and oslopolicy-policy-upgrade to detect and resolve deprecated policies in your configuration. 10.0.0.134 - - [16/Jul/2026:07:01:16 +0000] "GET /v3/roles?name=admin HTTP/1.1" 200 389
[Thu Jul 16 07:01:17.234779 2026] [wsgi:error] [pid 12:tid 140530448578240] [remote 10.0.0.134:43960] 2026-07-16 07:01:17.234 12 WARNING keystone.common.rbac_enforcer.enforcer [None req-4f91d7cf-2c51-4487-9fdc-4e6c462e1e10 3c440e25110e4532afdbd771cc9b1a12 657a6d75ecdc46e4b78d2ffc2f4efcc5 - - default default] Deprecated policy rules found. Use oslopolicy-policy-generator and oslopolicy-policy-upgrade to detect and resolve deprecated policies in your configuration. 10.0.0.134 - - [16/Jul/2026:07:01:16 +0000] "GET /v3/users/admin-RegionOne HTTP/1.1" 404 93
[Thu Jul 16 07:01:17.384695 2026] [wsgi:error] [pid 11:tid 140530448578240] [remote 10.0.0.134:43960] 2026-07-16 07:01:17.384 11 WARNING keystone.common.rbac_enforcer.enforcer [None req-da414896-28e1-4648-978d-e7d9418c8275 3c440e25110e4532afdbd771cc9b1a12 657a6d75ecdc46e4b78d2ffc2f4efcc5 - - default default] Deprecated policy rules found. Use oslopolicy-policy-generator and oslopolicy-policy-upgrade to detect and resolve deprecated policies in your configuration. 10.0.0.134 - - [16/Jul/2026:07:01:17 +0000] "GET /v3/users?name=admin-RegionOne HTTP/1.1" 200 422
[Thu Jul 16 07:01:17.569141 2026] [wsgi:error] [pid 9:tid 140530448578240] [remote 10.0.0.134:43960] 2026-07-16 07:01:17.568 9 WARNING keystone.common.rbac_enforcer.enforcer [None req-129b326d-d254-4382-8251-62527a2e7808 3c440e25110e4532afdbd771cc9b1a12 657a6d75ecdc46e4b78d2ffc2f4efcc5 - - default default] Deprecated policy rules found. Use oslopolicy-policy-generator and oslopolicy-policy-upgrade to detect and resolve deprecated policies in your configuration. 10.0.0.134 - - [16/Jul/2026:07:01:17 +0000] "GET /v3/domains/default HTTP/1.1" 200 224 10.0.0.134 - - [16/Jul/2026:07:01:17 +0000] "PUT /v3/domains/default/users/3c440e25110e4532afdbd771cc9b1a12/roles/7d26c2a73b2b4944ad45ba38b6730653 HTTP/1.1" 204 - 10.0.0.152 - - [16/Jul/2026:07:01:27 +0000] "GET / HTTP/1.1" 300 280 10.0.0.152 - - [16/Jul/2026:07:01:28 +0000] "GET /v3 HTTP/1.1" 200 265
[Thu Jul 16 07:01:29.015114 2026] [wsgi:error] [pid 9:tid 140530448578240] [remote 10.0.0.152:44824] 2026-07-16 07:01:29.014 9 WARNING keystone.common.password_hashing [None req-adaa9553-f13f-41b2-a3b8-723456bf74ec - - - - - -] Truncating password to algorithm specific maximum length 72 characters.
[Thu Jul 16 07:01:29.307792 2026] [wsgi:error] [pid 9:tid 140530448578240] [remote 10.0.0.152:44824] 2026-07-16 07:01:29.307 9 WARNING keystone.common.fernet_utils [None req-adaa9553-f13f-41b2-a3b8-723456bf74ec - - - - - -] key_repository is world readable: /etc/keystone/fernet-keys/ 10.0.0.152 - - [16/Jul/2026:07:01:28 +0000] "POST /v3/auth/tokens HTTP/1.1" 201 1359 10.0.0.152 - - [16/Jul/2026:07:01:29 +0000] "GET / HTTP/1.1" 300 280 10.0.0.152 - - [16/Jul/2026:07:01:29 +0000] "GET /v3/domains/atmosphere HTTP/1.1" 404 90 10.0.0.152 - - [16/Jul/2026:07:01:29 +0000] "GET /v3/domains?name=atmosphere HTTP/1.1" 200 368 10.0.0.152 - - [16/Jul/2026:07:01:29 +0000] "GET /v3/domains/6772fe3b5a7c488b9922d16971219ef9 HTTP/1.1" 200 246 10.0.0.152 - - [16/Jul/2026:07:01:30 +0000] "GET /v3 HTTP/1.1" 200 265
[Thu Jul 16 07:01:30.489197 2026] [wsgi:error] [pid 12:tid 140530448578240] [remote 10.0.0.152:34392] 2026-07-16 07:01:30.488 12 WARNING keystone.common.password_hashing [None req-888e4973-8e45-4857-86f3-a2124dcd0d6a - - - - - -] Truncating password to algorithm specific maximum length 72 characters.
[Thu Jul 16 07:01:30.770042 2026] [wsgi:error] [pid 12:tid 140530448578240] [remote 10.0.0.152:34392] 2026-07-16 07:01:30.769 12 WARNING keystone.common.fernet_utils [None req-888e4973-8e45-4857-86f3-a2124dcd0d6a - - - - - -] key_repository is world readable: /etc/keystone/fernet-keys/ 10.0.0.152 - - [16/Jul/2026:07:01:30 +0000] "POST /v3/auth/tokens HTTP/1.1" 201 1359 10.0.0.152 - - [16/Jul/2026:07:01:30 +0000] "GET / HTTP/1.1" 300 280 10.0.0.152 - - [16/Jul/2026:07:01:30 +0000] "GET /v3/OS-FEDERATION/identity_providers/atmosphere HTTP/1.1" 404 101 10.0.0.152 - - [16/Jul/2026:07:01:30 +0000] "GET /v3/OS-FEDERATION/identity_providers HTTP/1.1" 200 155 10.0.0.152 - - [16/Jul/2026:07:01:30 +0000] "PUT /v3/OS-FEDERATION/identity_providers/atmosphere HTTP/1.1" 201 340 10.0.0.152 - - [16/Jul/2026:07:01:31 +0000] "GET /v3 HTTP/1.1" 200 265
[Thu Jul 16 07:01:31.574121 2026] [wsgi:error] [pid 9:tid 140530448578240] [remote 10.0.0.152:44824] 2026-07-16 07:01:31.573 9 WARNING keystone.common.password_hashing [None req-7e893573-d802-4a5b-ab59-c6c4f513ed55 - - - - - -] Truncating password to algorithm specific maximum length 72 characters.
[Thu Jul 16 07:01:31.846716 2026] [wsgi:error] [pid 9:tid 140530448578240] [remote 10.0.0.152:44824] 2026-07-16 07:01:31.846 9 WARNING keystone.common.fernet_utils [None req-7e893573-d802-4a5b-ab59-c6c4f513ed55 - - - - - -] key_repository is world readable: /etc/keystone/fernet-keys/ 10.0.0.152 - - [16/Jul/2026:07:01:31 +0000] "POST /v3/auth/tokens HTTP/1.1" 201 1359 10.0.0.152 - - [16/Jul/2026:07:01:31 +0000] "GET / HTTP/1.1" 300 280 10.0.0.152 - - [16/Jul/2026:07:01:31 +0000] "GET /v3/OS-FEDERATION/mappings/atmosphere-openid HTTP/1.1" 404 98 10.0.0.152 - - [16/Jul/2026:07:01:31 +0000] "GET /v3/OS-FEDERATION/mappings HTTP/1.1" 200 135 10.0.0.152 - - [16/Jul/2026:07:01:31 +0000] "PUT /v3/OS-FEDERATION/mappings/atmosphere-openid HTTP/1.1" 201 356 10.0.0.152 - - [16/Jul/2026:07:01:32 +0000] "GET /v3 HTTP/1.1" 200 265
[Thu Jul 16 07:01:32.591799 2026] [wsgi:error] [pid 12:tid 140530448578240] [remote 10.0.0.152:34392] 2026-07-16 07:01:32.591 12 WARNING keystone.common.password_hashing [None req-d5125f43-ea0f-456e-a812-33e754a870d1 - - - - - -] Truncating password to algorithm specific maximum length 72 characters.
[Thu Jul 16 07:01:32.865971 2026] [wsgi:error] [pid 12:tid 140530448578240] [remote 10.0.0.152:34392] 2026-07-16 07:01:32.865 12 WARNING keystone.common.fernet_utils [None req-d5125f43-ea0f-456e-a812-33e754a870d1 - - - - - -] key_repository is world readable: /etc/keystone/fernet-keys/ 10.0.0.152 - - [16/Jul/2026:07:01:32 +0000] "POST /v3/auth/tokens HTTP/1.1" 201 1359 10.0.0.152 - - [16/Jul/2026:07:01:32 +0000] "GET / HTTP/1.1" 300 280 10.0.0.152 - - [16/Jul/2026:07:01:32 +0000] "GET /v3/OS-FEDERATION/identity_providers/atmosphere/protocols/openid?idp_id=atmosphere HTTP/1.1" 404 131 10.0.0.152 - - [16/Jul/2026:07:01:32 +0000] "GET /v3/OS-FEDERATION/identity_providers/atmosphere/protocols HTTP/1.1" 200 167 10.0.0.152 - - [16/Jul/2026:07:01:32 +0000] "PUT /v3/OS-FEDERATION/identity_providers/atmosphere/protocols/openid HTTP/1.1" 201 222 10.0.0.152 - - [16/Jul/2026:07:01:42 +0000] "GET /v3/ HTTP/1.1" 200 250 10.0.0.152 - - [16/Jul/2026:07:01:42 +0000] "GET /v3/ HTTP/1.1" 200 250 10.0.0.152 - - [16/Jul/2026:07:02:42 +0000] "GET /v3/ HTTP/1.1" 200 250 10.0.0.152 - - [16/Jul/2026:07:02:42 +0000] "GET /v3/ HTTP/1.1" 200 250 10.0.0.113 - - [16/Jul/2026:07:02:57 +0000] "GET / HTTP/1.1" 300 295
[Thu Jul 16 07:02:57.495158 2026] [wsgi:error] [pid 9:tid 140530448578240] [remote 10.0.0.113:33116] 2026-07-16 07:02:57.494 9 WARNING keystone.common.password_hashing [None req-1665abd0-d577-4141-80d4-a3435a7fe1c8 - - - - - -] Truncating password to algorithm specific maximum length 72 characters.
[Thu Jul 16 07:02:57.770597 2026] [wsgi:error] [pid 9:tid 140530448578240] [remote 10.0.0.113:33116] 2026-07-16 07:02:57.770 9 WARNING keystone.common.fernet_utils [None req-1665abd0-d577-4141-80d4-a3435a7fe1c8 - - - - - -] key_repository is world readable: /etc/keystone/fernet-keys/ 10.0.0.113 - - [16/Jul/2026:07:02:57 +0000] "POST /v3/auth/tokens HTTP/1.1" 201 1359 10.0.0.113 - - [16/Jul/2026:07:02:57 +0000] "GET /v3/services HTTP/1.1" 200 355 10.0.0.113 - - [16/Jul/2026:07:03:01 +0000] "GET / HTTP/1.1" 300 295
[Thu Jul 16 07:03:01.653724 2026] [wsgi:error] [pid 11:tid 140530448578240] [remote 10.0.0.113:48516] 2026-07-16 07:03:01.653 11 WARNING keystone.common.password_hashing [None req-35c11c1d-a3b3-4b8f-9b0e-746f9ea174ce - - - - - -] Truncating password to algorithm specific maximum length 72 characters.
[Thu Jul 16 07:03:01.927944 2026] [wsgi:error] [pid 11:tid 140530448578240] [remote 10.0.0.113:48516] 2026-07-16 07:03:01.927 11 WARNING keystone.common.fernet_utils [None req-35c11c1d-a3b3-4b8f-9b0e-746f9ea174ce - - - - - -] key_repository is world readable: /etc/keystone/fernet-keys/ 10.0.0.113 - - [16/Jul/2026:07:03:01 +0000] "POST /v3/auth/tokens HTTP/1.1" 201 1359 10.0.0.113 - - [16/Jul/2026:07:03:02 +0000] "GET /v3/services HTTP/1.1" 200 355 10.0.0.113 - - [16/Jul/2026:07:03:05 +0000] "GET / HTTP/1.1" 300 295
[Thu Jul 16 07:03:05.696410 2026] [wsgi:error] [pid 10:tid 140530448578240] [remote 10.0.0.113:48524] 2026-07-16 07:03:05.695 10 WARNING keystone.common.password_hashing [None req-6716bdd3-f824-4aef-991a-a13064108023 - - - - - -] Truncating password to algorithm specific maximum length 72 characters.
[Thu Jul 16 07:03:05.973707 2026] [wsgi:error] [pid 10:tid 140530448578240] [remote 10.0.0.113:48524] 2026-07-16 07:03:05.973 10 WARNING keystone.common.fernet_utils [None req-6716bdd3-f824-4aef-991a-a13064108023 - - - - - -] key_repository is world readable: /etc/keystone/fernet-keys/ 10.0.0.113 - - [16/Jul/2026:07:03:05 +0000] "POST /v3/auth/tokens HTTP/1.1" 201 1359 10.0.0.113 - - [16/Jul/2026:07:03:06 +0000] "GET /v3/services HTTP/1.1" 200 355 10.0.0.113 - - [16/Jul/2026:07:03:09 +0000] "GET / HTTP/1.1" 300 295
[Thu Jul 16 07:03:09.632943 2026] [wsgi:error] [pid 12:tid 140530448578240] [remote 10.0.0.113:48532] 2026-07-16 07:03:09.632 12 WARNING keystone.common.password_hashing [None req-6bd7845a-6e14-403f-b761-51d69e7d8bb8 - - - - - -] Truncating password to algorithm specific maximum length 72 characters.
[Thu Jul 16 07:03:09.904755 2026] [wsgi:error] [pid 12:tid 140530448578240] [remote 10.0.0.113:48532] 2026-07-16 07:03:09.904 12 WARNING keystone.common.fernet_utils [None req-6bd7845a-6e14-403f-b761-51d69e7d8bb8 - - - - - -] key_repository is world readable: /etc/keystone/fernet-keys/ 10.0.0.113 - - [16/Jul/2026:07:03:09 +0000] "POST /v3/auth/tokens HTTP/1.1" 201 1359 10.0.0.113 - - [16/Jul/2026:07:03:10 +0000] "POST /v3/services HTTP/1.1" 201 296 10.0.0.18 - - [16/Jul/2026:07:03:20 +0000] "GET / HTTP/1.1" 300 295
[Thu Jul 16 07:03:20.759347 2026] [wsgi:error] [pid 9:tid 140530448578240] [remote 10.0.0.18:58738] 2026-07-16 07:03:20.759 9 WARNING keystone.common.password_hashing [None req-762b65f9-e20e-4c76-8ba7-405011f95ad0 - - - - - -] Truncating password to algorithm specific maximum length 72 characters. 10.0.0.18 - - [16/Jul/2026:07:03:20 +0000] "GET / HTTP/1.1" 300 295
[Thu Jul 16 07:03:20.863210 2026] [wsgi:error] [pid 10:tid 140530448578240] [remote 10.0.0.18:58748] 2026-07-16 07:03:20.863 10 WARNING keystone.common.password_hashing [None req-ff57b47a-2f51-46d9-9505-124861f1793e - - - - - -] Truncating password to algorithm specific maximum length 72 characters. 10.0.0.18 - - [16/Jul/2026:07:03:20 +0000] "GET / HTTP/1.1" 300 295
[Thu Jul 16 07:03:20.952673 2026] [wsgi:error] [pid 11:tid 140530448578240] [remote 10.0.0.18:58762] 2026-07-16 07:03:20.952 11 WARNING keystone.common.password_hashing [None req-e3170a1f-356c-4e90-959a-56c84ae9814e - - - - - -] Truncating password to algorithm specific maximum length 72 characters.
[Thu Jul 16 07:03:21.047774 2026] [wsgi:error] [pid 9:tid 140530448578240] [remote 10.0.0.18:58738] 2026-07-16 07:03:21.047 9 WARNING keystone.common.fernet_utils [None req-762b65f9-e20e-4c76-8ba7-405011f95ad0 - - - - - -] key_repository is world readable: /etc/keystone/fernet-keys/ 10.0.0.18 - - [16/Jul/2026:07:03:20 +0000] "POST /v3/auth/tokens HTTP/1.1" 201 1463
[Thu Jul 16 07:03:21.151144 2026] [wsgi:error] [pid 10:tid 140530448578240] [remote 10.0.0.18:58748] 2026-07-16 07:03:21.151 10 WARNING keystone.common.fernet_utils [None req-ff57b47a-2f51-46d9-9505-124861f1793e - - - - - -] key_repository is world readable: /etc/keystone/fernet-keys/ 10.0.0.18 - - [16/Jul/2026:07:03:20 +0000] "POST /v3/auth/tokens HTTP/1.1" 201 1463 10.0.0.18 - - [16/Jul/2026:07:03:21 +0000] "GET /v3/services HTTP/1.1" 200 639
[Thu Jul 16 07:03:21.246884 2026] [wsgi:error] [pid 11:tid 140530448578240] [remote 10.0.0.18:58762] 2026-07-16 07:03:21.246 11 WARNING keystone.common.fernet_utils [None req-e3170a1f-356c-4e90-959a-56c84ae9814e - - - - - -] key_repository is world readable: /etc/keystone/fernet-keys/ 10.0.0.18 - - [16/Jul/2026:07:03:20 +0000] "POST /v3/auth/tokens HTTP/1.1" 201 1463 10.0.0.18 - - [16/Jul/2026:07:03:21 +0000] "GET /v3/services HTTP/1.1" 200 639 10.0.0.18 - - [16/Jul/2026:07:03:21 +0000] "GET /v3/services HTTP/1.1" 200 639 10.0.0.18 - - [16/Jul/2026:07:03:22 +0000] "GET / HTTP/1.1" 300 295
[Thu Jul 16 07:03:22.881054 2026] [wsgi:error] [pid 11:tid 140530448578240] [remote 10.0.0.18:58774] 2026-07-16 07:03:22.880 11 WARNING keystone.common.password_hashing [None req-277e88be-f059-4a8a-96df-6d6c8e049832 - - - - - -] Truncating password to algorithm specific maximum length 72 characters. 10.0.0.18 - - [16/Jul/2026:07:03:22 +0000] "GET / HTTP/1.1" 300 295
[Thu Jul 16 07:03:22.931438 2026] [wsgi:error] [pid 10:tid 140530448578240] [remote 10.0.0.18:58780] 2026-07-16 07:03:22.931 10 WARNING keystone.common.password_hashing [None req-41c377dc-c478-4e68-9e6c-384375d4f71c - - - - - -] Truncating password to algorithm specific maximum length 72 characters. 10.0.0.18 - - [16/Jul/2026:07:03:22 +0000] "GET / HTTP/1.1" 300 295
[Thu Jul 16 07:03:22.982234 2026] [wsgi:error] [pid 12:tid 140530448578240] [remote 10.0.0.18:58790] 2026-07-16 07:03:22.982 12 WARNING keystone.common.password_hashing [None req-d02bef6f-3d09-4a1e-906e-643eabafbf49 - - - - - -] Truncating password to algorithm specific maximum length 72 characters.
[Thu Jul 16 07:03:23.166618 2026] [wsgi:error] [pid 11:tid 140530448578240] [remote 10.0.0.18:58774] 2026-07-16 07:03:23.166 11 WARNING keystone.common.fernet_utils [None req-277e88be-f059-4a8a-96df-6d6c8e049832 - - - - - -] key_repository is world readable: /etc/keystone/fernet-keys/ 10.0.0.18 - - [16/Jul/2026:07:03:22 +0000] "POST /v3/auth/tokens HTTP/1.1" 201 1463
[Thu Jul 16 07:03:23.227291 2026] [wsgi:error] [pid 10:tid 140530448578240] [remote 10.0.0.18:58780] 2026-07-16 07:03:23.227 10 WARNING keystone.common.fernet_utils [None req-41c377dc-c478-4e68-9e6c-384375d4f71c - - - - - -] key_repository is world readable: /etc/keystone/fernet-keys/ 10.0.0.18 - - [16/Jul/2026:07:03:22 +0000] "POST /v3/auth/tokens HTTP/1.1" 201 1463
[Thu Jul 16 07:03:23.259756 2026] [wsgi:error] [pid 12:tid 140530448578240] [remote 10.0.0.18:58790] 2026-07-16 07:03:23.259 12 WARNING keystone.common.fernet_utils [None req-d02bef6f-3d09-4a1e-906e-643eabafbf49 - - - - - -] key_repository is world readable: /etc/keystone/fernet-keys/ 10.0.0.18 - - [16/Jul/2026:07:03:22 +0000] "POST /v3/auth/tokens HTTP/1.1" 201 1463 10.0.0.18 - - [16/Jul/2026:07:03:23 +0000] "GET /v3/endpoints HTTP/1.1" 200 1226 10.0.0.18 - - [16/Jul/2026:07:03:23 +0000] "GET /v3/services/82e3a0cead7349fda2782e53900f8e0a HTTP/1.1" 200 233 10.0.0.18 - - [16/Jul/2026:07:03:23 +0000] "GET /v3/services/82e3a0cead7349fda2782e53900f8e0a HTTP/1.1" 200 233 10.0.0.18 - - [16/Jul/2026:07:03:23 +0000] "GET /v3/services/82e3a0cead7349fda2782e53900f8e0a HTTP/1.1" 200 233 10.0.0.18 - - [16/Jul/2026:07:03:23 +0000] "GET /v3/endpoints HTTP/1.1" 200 1226 10.0.0.18 - - [16/Jul/2026:07:03:23 +0000] "GET /v3/services/82e3a0cead7349fda2782e53900f8e0a HTTP/1.1" 200 233 10.0.0.18 - - [16/Jul/2026:07:03:23 +0000] "GET /v3/endpoints HTTP/1.1" 200 1226 10.0.0.18 - - [16/Jul/2026:07:03:23 +0000] "GET /v3/services/82e3a0cead7349fda2782e53900f8e0a HTTP/1.1" 200 233 10.0.0.18 - - [16/Jul/2026:07:03:23 +0000] "GET /v3/services/82e3a0cead7349fda2782e53900f8e0a HTTP/1.1" 200 233 10.0.0.18 - - [16/Jul/2026:07:03:23 +0000] "GET /v3/services/82e3a0cead7349fda2782e53900f8e0a HTTP/1.1" 200 233 10.0.0.18 - - [16/Jul/2026:07:03:23 +0000] "GET /v3/services/82e3a0cead7349fda2782e53900f8e0a HTTP/1.1" 200 233 10.0.0.18 - - [16/Jul/2026:07:03:23 +0000] "GET /v3/services/82e3a0cead7349fda2782e53900f8e0a HTTP/1.1" 200 233 10.0.0.18 - - [16/Jul/2026:07:03:24 +0000] "GET / HTTP/1.1" 300 295 10.0.0.18 - - [16/Jul/2026:07:03:24 +0000] "GET / HTTP/1.1" 300 295
[Thu Jul 16 07:03:24.954082 2026] [wsgi:error] [pid 11:tid 140530448578240] [remote 10.0.0.18:58804] 2026-07-16 07:03:24.953 11 WARNING keystone.common.password_hashing [None req-645b0079-5985-4a53-9ee2-9f6a191ea41c - - - - - -] Truncating password to algorithm specific maximum length 72 characters.
[Thu Jul 16 07:03:24.967615 2026] [wsgi:error] [pid 9:tid 140530448578240] [remote 10.0.0.18:58806] 2026-07-16 07:03:24.967 9 WARNING keystone.common.password_hashing [None req-87750679-15e7-4195-b75b-aded4c69b6f6 - - - - - -] Truncating password to algorithm specific maximum length 72 characters. 10.0.0.18 - - [16/Jul/2026:07:03:24 +0000] "GET / HTTP/1.1" 300 295
[Thu Jul 16 07:03:25.007967 2026] [wsgi:error] [pid 10:tid 140530448578240] [remote 10.0.0.18:58816] 2026-07-16 07:03:25.007 10 WARNING keystone.common.password_hashing [None req-c977718b-e7d2-45fc-afec-128048aab16f - - - - - -] Truncating password to algorithm specific maximum length 72 characters.
[Thu Jul 16 07:03:25.238693 2026] [wsgi:error] [pid 11:tid 140530448578240] [remote 10.0.0.18:58804] 2026-07-16 07:03:25.238 11 WARNING keystone.common.fernet_utils [None req-645b0079-5985-4a53-9ee2-9f6a191ea41c - - - - - -] key_repository is world readable: /etc/keystone/fernet-keys/ 10.0.0.18 - - [16/Jul/2026:07:03:24 +0000] "POST /v3/auth/tokens HTTP/1.1" 201 1463
[Thu Jul 16 07:03:25.266065 2026] [wsgi:error] [pid 9:tid 140530448578240] [remote 10.0.0.18:58806] 2026-07-16 07:03:25.265 9 WARNING keystone.common.fernet_utils [None req-87750679-15e7-4195-b75b-aded4c69b6f6 - - - - - -] key_repository is world readable: /etc/keystone/fernet-keys/ 10.0.0.18 - - [16/Jul/2026:07:03:24 +0000] "POST /v3/auth/tokens HTTP/1.1" 201 1463
[Thu Jul 16 07:03:25.283061 2026] [wsgi:error] [pid 10:tid 140530448578240] [remote 10.0.0.18:58816] 2026-07-16 07:03:25.282 10 WARNING keystone.common.fernet_utils [None req-c977718b-e7d2-45fc-afec-128048aab16f - - - - - -] key_repository is world readable: /etc/keystone/fernet-keys/ 10.0.0.18 - - [16/Jul/2026:07:03:24 +0000] "POST /v3/auth/tokens HTTP/1.1" 201 1463 10.0.0.18 - - [16/Jul/2026:07:03:25 +0000] "GET /v3/services/9c1054ced772497ab32473adf2f859d3 HTTP/1.1" 200 296 10.0.0.18 - - [16/Jul/2026:07:03:25 +0000] "GET /v3/regions/RegionOne HTTP/1.1" 200 173 10.0.0.18 - - [16/Jul/2026:07:03:25 +0000] "GET /v3/services/9c1054ced772497ab32473adf2f859d3 HTTP/1.1" 200 296 10.0.0.18 - - [16/Jul/2026:07:03:25 +0000] "GET /v3/services/9c1054ced772497ab32473adf2f859d3 HTTP/1.1" 200 296 10.0.0.18 - - [16/Jul/2026:07:03:25 +0000] "POST /v3/endpoints HTTP/1.1" 201 383 10.0.0.18 - - [16/Jul/2026:07:03:25 +0000] "GET /v3/regions/RegionOne HTTP/1.1" 200 173 10.0.0.18 - - [16/Jul/2026:07:03:25 +0000] "GET /v3/regions/RegionOne HTTP/1.1" 200 173 10.0.0.18 - - [16/Jul/2026:07:03:25 +0000] "POST /v3/endpoints HTTP/1.1" 201 369 10.0.0.18 - - [16/Jul/2026:07:03:25 +0000] "POST /v3/endpoints HTTP/1.1" 201 380 10.0.0.18 - - [16/Jul/2026:07:03:26 +0000] "GET / HTTP/1.1" 300 295 10.0.0.18 - - [16/Jul/2026:07:03:26 +0000] "GET / HTTP/1.1" 300 295
[Thu Jul 16 07:03:27.025488 2026] [wsgi:error] [pid 12:tid 140530448578240] [remote 10.0.0.18:58834] 2026-07-16 07:03:27.025 12 WARNING keystone.common.password_hashing [None req-58f9a6ed-73e6-48e9-a446-842cba436350 - - - - - -] Truncating password to algorithm specific maximum length 72 characters.
[Thu Jul 16 07:03:27.033658 2026] [wsgi:error] [pid 10:tid 140530448578240] [remote 10.0.0.18:58822] 2026-07-16 07:03:27.033 10 WARNING keystone.common.password_hashing [None req-e93d3b35-abcd-446a-af07-43a77e69c99a - - - - - -] Truncating password to algorithm specific maximum length 72 characters. 10.0.0.18 - - [16/Jul/2026:07:03:27 +0000] "GET / HTTP/1.1" 300 295
[Thu Jul 16 07:03:27.134493 2026] [wsgi:error] [pid 9:tid 140530448578240] [remote 10.0.0.18:58846] 2026-07-16 07:03:27.133 9 WARNING keystone.common.password_hashing [None req-9b8e27a3-9fa8-4363-8ca0-2c3e485c0331 - - - - - -] Truncating password to algorithm specific maximum length 72 characters.
[Thu Jul 16 07:03:27.298268 2026] [wsgi:error] [pid 12:tid 140530448578240] [remote 10.0.0.18:58834] 2026-07-16 07:03:27.298 12 WARNING keystone.common.fernet_utils [None req-58f9a6ed-73e6-48e9-a446-842cba436350 - - - - - -] key_repository is world readable: /etc/keystone/fernet-keys/ 10.0.0.18 - - [16/Jul/2026:07:03:27 +0000] "POST /v3/auth/tokens HTTP/1.1" 201 1990
[Thu Jul 16 07:03:27.327235 2026] [wsgi:error] [pid 10:tid 140530448578240] [remote 10.0.0.18:58822] 2026-07-16 07:03:27.327 10 WARNING keystone.common.fernet_utils [None req-e93d3b35-abcd-446a-af07-43a77e69c99a - - - - - -] key_repository is world readable: /etc/keystone/fernet-keys/ 10.0.0.18 - - [16/Jul/2026:07:03:27 +0000] "POST /v3/auth/tokens HTTP/1.1" 201 1990
[Thu Jul 16 07:03:27.430554 2026] [wsgi:error] [pid 9:tid 140530448578240] [remote 10.0.0.18:58846] 2026-07-16 07:03:27.430 9 WARNING keystone.common.fernet_utils [None req-9b8e27a3-9fa8-4363-8ca0-2c3e485c0331 - - - - - -] key_repository is world readable: /etc/keystone/fernet-keys/ 10.0.0.18 - - [16/Jul/2026:07:03:27 +0000] "POST /v3/auth/tokens HTTP/1.1" 201 1990 10.0.0.18 - - [16/Jul/2026:07:03:27 +0000] "GET /v3/endpoints/ec357650788646a98274fbb0640a0d7c HTTP/1.1" 200 383 10.0.0.18 - - [16/Jul/2026:07:03:27 +0000] "GET /v3/endpoints/7843d95493a142eba36984aa06d04347 HTTP/1.1" 200 369 10.0.0.18 - - [16/Jul/2026:07:03:27 +0000] "GET /v3/services/9c1054ced772497ab32473adf2f859d3 HTTP/1.1" 200 296 10.0.0.18 - - [16/Jul/2026:07:03:27 +0000] "GET /v3/services/9c1054ced772497ab32473adf2f859d3 HTTP/1.1" 200 296 10.0.0.18 - - [16/Jul/2026:07:03:27 +0000] "GET /v3/endpoints/eec6ce58d6dd4409892c7c01d473ef10 HTTP/1.1" 200 380 10.0.0.18 - - [16/Jul/2026:07:03:27 +0000] "GET /v3/services/9c1054ced772497ab32473adf2f859d3 HTTP/1.1" 200 296 10.0.0.128 - - [16/Jul/2026:07:03:37 +0000] "GET / HTTP/1.1" 300 295
[Thu Jul 16 07:03:37.829390 2026] [wsgi:error] [pid 9:tid 140530448578240] [remote 10.0.0.128:42786] 2026-07-16 07:03:37.829 9 WARNING keystone.common.password_hashing [None req-1c520e7c-3c99-4487-a193-af453638420f - - - - - -] Truncating password to algorithm specific maximum length 72 characters.
[Thu Jul 16 07:03:38.112577 2026] [wsgi:error] [pid 9:tid 140530448578240] [remote 10.0.0.128:42786] 2026-07-16 07:03:38.112 9 WARNING keystone.common.fernet_utils [None req-1c520e7c-3c99-4487-a193-af453638420f - - - - - -] key_repository is world readable: /etc/keystone/fernet-keys/ 10.0.0.128 - - [16/Jul/2026:07:03:37 +0000] "POST /v3/auth/tokens HTTP/1.1" 201 1990 10.0.0.128 - - [16/Jul/2026:07:03:38 +0000] "POST /v3/domains HTTP/1.1" 201 284 10.0.0.128 - - [16/Jul/2026:07:03:39 +0000] "GET / HTTP/1.1" 300 295
[Thu Jul 16 07:03:39.955033 2026] [wsgi:error] [pid 10:tid 140530448578240] [remote 10.0.0.128:39702] 2026-07-16 07:03:39.954 10 WARNING keystone.common.password_hashing [None req-7b547d75-d727-4cda-b170-c98ae40d14ed - - - - - -] Truncating password to algorithm specific maximum length 72 characters.
[Thu Jul 16 07:03:40.252484 2026] [wsgi:error] [pid 10:tid 140530448578240] [remote 10.0.0.128:39702] 2026-07-16 07:03:40.252 10 WARNING keystone.common.fernet_utils [None req-7b547d75-d727-4cda-b170-c98ae40d14ed - - - - - -] key_repository is world readable: /etc/keystone/fernet-keys/ 10.0.0.128 - - [16/Jul/2026:07:03:39 +0000] "POST /v3/auth/tokens HTTP/1.1" 201 1990
[Thu Jul 16 07:03:40.430876 2026] [wsgi:error] [pid 9:tid 140530448578240] [remote 10.0.0.128:39702] 2026-07-16 07:03:40.418 9 ERROR keystone.server.flask.application [None req-a6309785-cfe3-4765-8d70-b2ee54850486 3c440e25110e4532afdbd771cc9b1a12 657a6d75ecdc46e4b78d2ffc2f4efcc5 - - default default] Conflict occurred attempting to store project - it is not permitted to have two projects acting as domains with the same name: service.: keystone.exception.Conflict: Conflict occurred attempting to store project - it is not permitted to have two projects acting as domains with the same name: service.
[Thu Jul 16 07:03:40.430898 2026] [wsgi:error] [pid 9:tid 140530448578240] [remote 10.0.0.128:39702] 2026-07-16 07:03:40.418 9 ERROR keystone.server.flask.application
Traceback (most recent call last):
[Thu Jul 16 07:03:40.430900 2026] [wsgi:error] [pid 9:tid 140530448578240] [remote 10.0.0.128:39702] 2026-07-16 07:03:40.418 9 ERROR keystone.server.flask.application
File "/var/lib/openstack/lib/python3.12/site-packages/sqlalchemy/engine/base.py", line 1969, in _exec_single_context
[Thu Jul 16 07:03:40.430902 2026] [wsgi:error] [pid 9:tid 140530448578240] [remote 10.0.0.128:39702] 2026-07-16 07:03:40.418 9 ERROR keystone.server.flask.application self.dialect.do_execute(
[Thu Jul 16 07:03:40.430903 2026] [wsgi:error] [pid 9:tid 140530448578240] [remote 10.0.0.128:39702] 2026-07-16 07:03:40.418 9 ERROR keystone.server.flask.application
File "/var/lib/openstack/lib/python3.12/site-packages/sqlalchemy/engine/default.py", line 952, in do_execute
[Thu Jul 16 07:03:40.430905 2026] [wsgi:error] [pid 9:tid 140530448578240] [remote 10.0.0.128:39702] 2026-07-16 07:03:40.418 9 ERROR keystone.server.flask.application cursor.execute(statement, parameters)
[Thu Jul 16 07:03:40.430906 2026] [wsgi:error] [pid 9:tid 140530448578240] [remote 10.0.0.128:39702] 2026-07-16 07:03:40.418 9 ERROR keystone.server.flask.application
File "/var/lib/openstack/lib/python3.12/site-packages/pymysql/cursors.py", line 159, in execute
[Thu Jul 16 07:03:40.430907 2026] [wsgi:error] [pid 9:tid 140530448578240] [remote 10.0.0.128:39702] 2026-07-16 07:03:40.418 9 ERROR keystone.server.flask.application result = self._query(query)
[Thu Jul 16 07:03:40.430909 2026] [wsgi:error] [pid 9:tid 140530448578240] [remote 10.0.0.128:39702] 2026-07-16 07:03:40.418 9 ERROR keystone.server.flask.application ^^^^^^^^^^^^^^^^^^
[Thu Jul 16 07:03:40.430910 2026] [wsgi:error] [pid 9:tid 140530448578240] [remote 10.0.0.128:39702] 2026-07-16 07:03:40.418 9 ERROR keystone.server.flask.application
File "/var/lib/openstack/lib/python3.12/site-packages/pymysql/cursors.py", line 330, in _query
[Thu Jul 16 07:03:40.430912 2026] [wsgi:error] [pid 9:tid 140530448578240] [remote 10.0.0.128:39702] 2026-07-16 07:03:40.418 9 ERROR keystone.server.flask.application conn.query(q)
[Thu Jul 16 07:03:40.430913 2026] [wsgi:error] [pid 9:tid 140530448578240] [remote 10.0.0.128:39702] 2026-07-16 07:03:40.418 9 ERROR keystone.server.flask.application
File "/var/lib/openstack/lib/python3.12/site-packages/pymysql/connections.py", line 582, in query
[Thu Jul 16 07:03:40.430914 2026] [wsgi:error] [pid 9:tid 140530448578240] [remote 10.0.0.128:39702] 2026-07-16 07:03:40.418 9 ERROR keystone.server.flask.application self._affected_rows = self._read_query_result(unbuffered=unbuffered)
[Thu Jul 16 07:03:40.430916 2026] [wsgi:error] [pid 9:tid 140530448578240] [remote 10.0.0.128:39702] 2026-07-16 07:03:40.418 9 ERROR keystone.server.flask.application ^^^^^^^^^^^^^^^^^^^^^^^^^^^^^^^^^^^^^^^^^^^^^^
[Thu Jul 16 07:03:40.430917 2026] [wsgi:error] [pid 9:tid 140530448578240] [remote 10.0.0.128:39702] 2026-07-16 07:03:40.418 9 ERROR keystone.server.flask.application
File "/var/lib/openstack/lib/python3.12/site-packages/pymysql/connections.py", line 847, in _read_query_result
[Thu Jul 16 07:03:40.430918 2026] [wsgi:error] [pid 9:tid 140530448578240] [remote 10.0.0.128:39702] 2026-07-16 07:03:40.418 9 ERROR keystone.server.flask.application result.read()
[Thu Jul 16 07:03:40.430921 2026] [wsgi:error] [pid 9:tid 140530448578240] [remote 10.0.0.128:39702] 2026-07-16 07:03:40.418 9 ERROR keystone.server.flask.application
File "/var/lib/openstack/lib/python3.12/site-packages/pymysql/connections.py", line 1245, in read
[Thu Jul 16 07:03:40.430922 2026] [wsgi:error] [pid 9:tid 140530448578240] [remote 10.0.0.128:39702] 2026-07-16 07:03:40.418 9 ERROR keystone.server.flask.application first_packet = self.connection._read_packet()
[Thu Jul 16 07:03:40.430924 2026] [wsgi:error] [pid 9:tid 140530448578240] [remote 10.0.0.128:39702] 2026-07-16 07:03:40.418 9 ERROR keystone.server.flask.application ^^^^^^^^^^^^^^^^^^^^^^^^^^^^^^
[Thu Jul 16 07:03:40.430925 2026] [wsgi:error] [pid 9:tid 140530448578240] [remote 10.0.0.128:39702] 2026-07-16 07:03:40.418 9 ERROR keystone.server.flask.application
File "/var/lib/openstack/lib/python3.12/site-packages/pymysql/connections.py", line 803, in _read_packet
[Thu Jul 16 07:03:40.430927 2026] [wsgi:error] [pid 9:tid 140530448578240] [remote 10.0.0.128:39702] 2026-07-16 07:03:40.418 9 ERROR keystone.server.flask.application packet.raise_for_error()
[Thu Jul 16 07:03:40.430928 2026] [wsgi:error] [pid 9:tid 140530448578240] [remote 10.0.0.128:39702] 2026-07-16 07:03:40.418 9 ERROR keystone.server.flask.application
File "/var/lib/openstack/lib/python3.12/site-packages/pymysql/protocol.py", line 219, in raise_for_error
[Thu Jul 16 07:03:40.430930 2026] [wsgi:error] [pid 9:tid 140530448578240] [remote 10.0.0.128:39702] 2026-07-16 07:03:40.418 9 ERROR keystone.server.flask.application err.raise_mysql_exception(self._data)
[Thu Jul 16 07:03:40.430931 2026] [wsgi:error] [pid 9:tid 140530448578240] [remote 10.0.0.128:39702] 2026-07-16 07:03:40.418 9 ERROR keystone.server.flask.application
File "/var/lib/openstack/lib/python3.12/site-packages/pymysql/err.py", line 154, in raise_mysql_exception
[Thu Jul 16 07:03:40.430932 2026] [wsgi:error] [pid 9:tid 140530448578240] [remote 10.0.0.128:39702] 2026-07-16 07:03:40.418 9 ERROR keystone.server.flask.application raise errorclass(errno, errval, sqlstate=sqlstate)
[Thu Jul 16 07:03:40.430934 2026] [wsgi:error] [pid 9:tid 140530448578240] [remote 10.0.0.128:39702] 2026-07-16 07:03:40.418 9 ERROR keystone.server.flask.application pymysql.err.IntegrityError: (1062, "Duplicate entry '<>-service' for key 'project.ixu_project_name_domain_id'")
[Thu Jul 16 07:03:40.430935 2026] [wsgi:error] [pid 9:tid 140530448578240] [remote 10.0.0.128:39702] 2026-07-16 07:03:40.418 9 ERROR keystone.server.flask.application
[Thu Jul 16 07:03:40.430937 2026] [wsgi:error] [pid 9:tid 140530448578240] [remote 10.0.0.128:39702] 2026-07-16 07:03:40.418 9 ERROR keystone.server.flask.application The above exception was the direct cause of the following exception:
[Thu Jul 16 07:03:40.430938 2026] [wsgi:error] [pid 9:tid 140530448578240] [remote 10.0.0.128:39702] 2026-07-16 07:03:40.418 9 ERROR keystone.server.flask.application
[Thu Jul 16 07:03:40.430939 2026] [wsgi:error] [pid 9:tid 140530448578240] [remote 10.0.0.128:39702] 2026-07-16 07:03:40.418 9 ERROR keystone.server.flask.application
Traceback (most recent call last):
[Thu Jul 16 07:03:40.430941 2026] [wsgi:error] [pid 9:tid 140530448578240] [remote 10.0.0.128:39702] 2026-07-16 07:03:40.418 9 ERROR keystone.server.flask.application
File "/var/lib/openstack/lib/python3.12/site-packages/keystone/common/sql/core.py", line 575, in wrapper
[Thu Jul 16 07:03:40.430942 2026] [wsgi:error] [pid 9:tid 140530448578240] [remote 10.0.0.128:39702] 2026-07-16 07:03:40.418 9 ERROR keystone.server.flask.application return method(*args, **kwargs)
[Thu Jul 16 07:03:40.430943 2026] [wsgi:error] [pid 9:tid 140530448578240] [remote 10.0.0.128:39702] 2026-07-16 07:03:40.418 9 ERROR keystone.server.flask.application ^^^^^^^^^^^^^^^^^^^^^^^
[Thu Jul 16 07:03:40.430944 2026] [wsgi:error] [pid 9:tid 140530448578240] [remote 10.0.0.128:39702] 2026-07-16 07:03:40.418 9 ERROR keystone.server.flask.application
File "/var/lib/openstack/lib/python3.12/site-packages/keystone/resource/backends/sql.py", line 278, in create_project
[Thu Jul 16 07:03:40.430947 2026] [wsgi:error] [pid 9:tid 140530448578240] [remote 10.0.0.128:39702] 2026-07-16 07:03:40.418 9 ERROR keystone.server.flask.application with sql.session_for_write() as session:
[Thu Jul 16 07:03:40.430948 2026] [wsgi:error] [pid 9:tid 140530448578240] [remote 10.0.0.128:39702] 2026-07-16 07:03:40.418 9 ERROR keystone.server.flask.application
File "/usr/lib/python3.12/contextlib.py", line 144, in __exit__
[Thu Jul 16 07:03:40.430949 2026] [wsgi:error] [pid 9:tid 140530448578240] [remote 10.0.0.128:39702] 2026-07-16 07:03:40.418 9 ERROR keystone.server.flask.application next(self.gen)
[Thu Jul 16 07:03:40.430951 2026] [wsgi:error] [pid 9:tid 140530448578240] [remote 10.0.0.128:39702] 2026-07-16 07:03:40.418 9 ERROR keystone.server.flask.application
File "/var/lib/openstack/lib/python3.12/site-packages/oslo_db/sqlalchemy/enginefacade.py", line 1175, in _transaction_scope
[Thu Jul 16 07:03:40.430952 2026] [wsgi:error] [pid 9:tid 140530448578240] [remote 10.0.0.128:39702] 2026-07-16 07:03:40.418 9 ERROR keystone.server.flask.application with current._produce_block(
[Thu Jul 16 07:03:40.430965 2026] [wsgi:error] [pid 9:tid 140530448578240] [remote 10.0.0.128:39702] 2026-07-16 07:03:40.418 9 ERROR keystone.server.flask.application
File "/usr/lib/python3.12/contextlib.py", line 144, in __exit__
[Thu Jul 16 07:03:40.430967 2026] [wsgi:error] [pid 9:tid 140530448578240] [remote 10.0.0.128:39702] 2026-07-16 07:03:40.418 9 ERROR keystone.server.flask.application next(self.gen)
[Thu Jul 16 07:03:40.430968 2026] [wsgi:error] [pid 9:tid 140530448578240] [remote 10.0.0.128:39702] 2026-07-16 07:03:40.418 9 ERROR keystone.server.flask.application
File "/var/lib/openstack/lib/python3.12/site-packages/oslo_db/sqlalchemy/enginefacade.py", line 837, in _session
[Thu Jul 16 07:03:40.430970 2026] [wsgi:error] [pid 9:tid 140530448578240] [remote 10.0.0.128:39702] 2026-07-16 07:03:40.418 9 ERROR keystone.server.flask.application with excutils.save_and_reraise_exception():
[Thu Jul 16 07:03:40.430972 2026] [wsgi:error] [pid 9:tid 140530448578240] [remote 10.0.0.128:39702] 2026-07-16 07:03:40.418 9 ERROR keystone.server.flask.application
File "/var/lib/openstack/lib/python3.12/site-packages/oslo_utils/excutils.py", line 266, in __exit__
[Thu Jul 16 07:03:40.430973 2026] [wsgi:error] [pid 9:tid 140530448578240] [remote 10.0.0.128:39702] 2026-07-16 07:03:40.418 9 ERROR keystone.server.flask.application self.force_reraise()
[Thu Jul 16 07:03:40.430975 2026] [wsgi:error] [pid 9:tid 140530448578240] [remote 10.0.0.128:39702] 2026-07-16 07:03:40.418 9 ERROR keystone.server.flask.application
File "/var/lib/openstack/lib/python3.12/site-packages/oslo_utils/excutils.py", line 232, in force_reraise
[Thu Jul 16 07:03:40.430976 2026] [wsgi:error] [pid 9:tid 140530448578240] [remote 10.0.0.128:39702] 2026-07-16 07:03:40.418 9 ERROR keystone.server.flask.application raise self.value
[Thu Jul 16 07:03:40.430978 2026] [wsgi:error] [pid 9:tid 140530448578240] [remote 10.0.0.128:39702] 2026-07-16 07:03:40.418 9 ERROR keystone.server.flask.application
File "/var/lib/openstack/lib/python3.12/site-packages/oslo_db/sqlalchemy/enginefacade.py", line 835, in _session
[Thu Jul 16 07:03:40.430979 2026] [wsgi:error] [pid 9:tid 140530448578240] [remote 10.0.0.128:39702] 2026-07-16 07:03:40.418 9 ERROR keystone.server.flask.application self._end_session_transaction(self.session)
[Thu Jul 16 07:03:40.430981 2026] [wsgi:error] [pid 9:tid 140530448578240] [remote 10.0.0.128:39702] 2026-07-16 07:03:40.418 9 ERROR keystone.server.flask.application
File "/var/lib/openstack/lib/python3.12/site-packages/oslo_db/sqlalchemy/enginefacade.py", line 748, in _end_session_transaction
[Thu Jul 16 07:03:40.430982 2026] [wsgi:error] [pid 9:tid 140530448578240] [remote 10.0.0.128:39702] 2026-07-16 07:03:40.418 9 ERROR keystone.server.flask.application session.commit()
[Thu Jul 16 07:03:40.430984 2026] [wsgi:error] [pid 9:tid 140530448578240] [remote 10.0.0.128:39702] 2026-07-16 07:03:40.418 9 ERROR keystone.server.flask.application
File "/var/lib/openstack/lib/python3.12/site-packages/sqlalchemy/orm/session.py", line 2034, in commit
[Thu Jul 16 07:03:40.430985 2026] [wsgi:error] [pid 9:tid 140530448578240] [remote 10.0.0.128:39702] 2026-07-16 07:03:40.418 9 ERROR keystone.server.flask.application trans.commit(_to_root=True)
[Thu Jul 16 07:03:40.430987 2026] [wsgi:error] [pid 9:tid 140530448578240] [remote 10.0.0.128:39702] 2026-07-16 07:03:40.418 9 ERROR keystone.server.flask.application File "", line 2, in commit
[Thu Jul 16 07:03:40.430988 2026] [wsgi:error] [pid 9:tid 140530448578240] [remote 10.0.0.128:39702] 2026-07-16 07:03:40.418 9 ERROR keystone.server.flask.application
File "/var/lib/openstack/lib/python3.12/site-packages/sqlalchemy/orm/state_changes.py", line 137, in _go
[Thu Jul 16 07:03:40.430990 2026] [wsgi:error] [pid 9:tid 140530448578240] [remote 10.0.0.128:39702] 2026-07-16 07:03:40.418 9 ERROR keystone.server.flask.application ret_value = fn(self, *arg, **kw)
[Thu Jul 16 07:03:40.430992 2026] [wsgi:error] [pid 9:tid 140530448578240] [remote 10.0.0.128:39702] 2026-07-16 07:03:40.418 9 ERROR keystone.server.flask.application ^^^^^^^^^^^^^^^^^^^^
[Thu Jul 16 07:03:40.430993 2026] [wsgi:error] [pid 9:tid 140530448578240] [remote 10.0.0.128:39702] 2026-07-16 07:03:40.418 9 ERROR keystone.server.flask.application
File "/var/lib/openstack/lib/python3.12/site-packages/sqlalchemy/orm/session.py", line 1315, in commit
[Thu Jul 16 07:03:40.430995 2026] [wsgi:error] [pid 9:tid 140530448578240] [remote 10.0.0.128:39702] 2026-07-16 07:03:40.418 9 ERROR keystone.server.flask.application self._prepare_impl()
[Thu Jul 16 07:03:40.430996 2026] [wsgi:error] [pid 9:tid 140530448578240] [remote 10.0.0.128:39702] 2026-07-16 07:03:40.418 9 ERROR keystone.server.flask.application File "", line 2, in _prepare_impl
[Thu Jul 16 07:03:40.430997 2026] [wsgi:error] [pid 9:tid 140530448578240] [remote 10.0.0.128:39702] 2026-07-16 07:03:40.418 9 ERROR keystone.server.flask.application
File "/var/lib/openstack/lib/python3.12/site-packages/sqlalchemy/orm/state_changes.py", line 137, in _go
[Thu Jul 16 07:03:40.430999 2026] [wsgi:error] [pid 9:tid 140530448578240] [remote 10.0.0.128:39702] 2026-07-16 07:03:40.418 9 ERROR keystone.server.flask.application ret_value = fn(self, *arg, **kw)
[Thu Jul 16 07:03:40.431003 2026] [wsgi:error] [pid 9:tid 140530448578240] [remote 10.0.0.128:39702] 2026-07-16 07:03:40.418 9 ERROR keystone.server.flask.application ^^^^^^^^^^^^^^^^^^^^
[Thu Jul 16 07:03:40.431005 2026] [wsgi:error] [pid 9:tid 140530448578240] [remote 10.0.0.128:39702] 2026-07-16 07:03:40.418 9 ERROR keystone.server.flask.application
File "/var/lib/openstack/lib/python3.12/site-packages/sqlalchemy/orm/session.py", line 1290, in _prepare_impl
[Thu Jul 16 07:03:40.431006 2026] [wsgi:error] [pid 9:tid 140530448578240] [remote 10.0.0.128:39702] 2026-07-16 07:03:40.418 9 ERROR keystone.server.flask.application self.session.flush()
[Thu Jul 16 07:03:40.431008 2026] [wsgi:error] [pid 9:tid 140530448578240] [remote 10.0.0.128:39702] 2026-07-16 07:03:40.418 9 ERROR keystone.server.flask.application
File "/var/lib/openstack/lib/python3.12/site-packages/sqlalchemy/orm/session.py", line 4352, in flush
[Thu Jul 16 07:03:40.431010 2026] [wsgi:error] [pid 9:tid 140530448578240] [remote 10.0.0.128:39702] 2026-07-16 07:03:40.418 9 ERROR keystone.server.flask.application self._flush(objects)
[Thu Jul 16 07:03:40.431011 2026] [wsgi:error] [pid 9:tid 140530448578240] [remote 10.0.0.128:39702] 2026-07-16 07:03:40.418 9 ERROR keystone.server.flask.application
File "/var/lib/openstack/lib/python3.12/site-packages/sqlalchemy/orm/session.py", line 4487, in _flush
[Thu Jul 16 07:03:40.431013 2026] [wsgi:error] [pid 9:tid 140530448578240] [remote 10.0.0.128:39702] 2026-07-16 07:03:40.418 9 ERROR keystone.server.flask.application with util.safe_reraise():
[Thu Jul 16 07:03:40.431016 2026] [wsgi:error] [pid 9:tid 140530448578240] [remote 10.0.0.128:39702] 2026-07-16 07:03:40.418 9 ERROR keystone.server.flask.application
File "/var/lib/openstack/lib/python3.12/site-packages/sqlalchemy/util/langhelpers.py", line 122, in __exit__
[Thu Jul 16 07:03:40.431018 2026] [wsgi:error] [pid 9:tid 140530448578240] [remote 10.0.0.128:39702] 2026-07-16 07:03:40.418 9 ERROR keystone.server.flask.application raise exc_value.with_traceback(exc_tb)
[Thu Jul 16 07:03:40.431020 2026] [wsgi:error] [pid 9:tid 140530448578240] [remote 10.0.0.128:39702] 2026-07-16 07:03:40.418 9 ERROR keystone.server.flask.application
File "/var/lib/openstack/lib/python3.12/site-packages/sqlalchemy/orm/session.py", line 4448, in _flush
[Thu Jul 16 07:03:40.431022 2026] [wsgi:error] [pid 9:tid 140530448578240] [remote 10.0.0.128:39702] 2026-07-16 07:03:40.418 9 ERROR keystone.server.flask.application flush_context.execute()
[Thu Jul 16 07:03:40.431024 2026] [wsgi:error] [pid 9:tid 140530448578240] [remote 10.0.0.128:39702] 2026-07-16 07:03:40.418 9 ERROR keystone.server.flask.application
File "/var/lib/openstack/lib/python3.12/site-packages/sqlalchemy/orm/unitofwork.py", line 465, in execute
