2026-07-16 08:04:29.653 8 INFO placement.requestlog [None req-69d42a3f-39e0-4762-8b97-f37740e0b665 da3335830fe748cc9f0cc0186319f68a d04a53c6d56f4dddb4649203560d8059 - - 6ebf86b80b4c4fd0a6d20164871db72a 6ebf86b80b4c4fd0a6d20164871db72a] 10.0.0.166 "DELETE /resource_providers/070ad2ff-90cc-4f26-b68d-764c18bc2373" status: 404 len: 246 microversion: 1.1 [pid: 8|app: 0|req: 432/867] 10.0.0.166 () {34 vars in 816 bytes} [Thu Jul 16 08:04:29 2026] DELETE /resource_providers/070ad2ff-90cc-4f26-b68d-764c18bc2373 => generated 246 bytes in 9 msecs (HTTP/1.1 404) 6 headers in 231 bytes (1 switches on core 0)
2026-07-16 08:04:29.657 7 INFO placement.requestlog [None req-44cf959c-8e52-4e40-8000-098d07ac7bb2 da3335830fe748cc9f0cc0186319f68a d04a53c6d56f4dddb4649203560d8059 - - 6ebf86b80b4c4fd0a6d20164871db72a 6ebf86b80b4c4fd0a6d20164871db72a] 10.0.0.166 "DELETE /resource_providers/070ad2ff-90cc-4f26-b68d-764c18bc2373" status: 404 len: 246 microversion: 1.1 [pid: 7|app: 0|req: 436/868] 10.0.0.166 () {34 vars in 816 bytes} [Thu Jul 16 08:04:29 2026] DELETE /resource_providers/070ad2ff-90cc-4f26-b68d-764c18bc2373 => generated 246 bytes in 14 msecs (HTTP/1.1 404) 6 headers in 231 bytes (1 switches on core 0)
2026-07-16 08:04:31.417 8 INFO placement.requestlog [None req-5860c9b3-8e05-4523-8c95-2fb411674df7 da3335830fe748cc9f0cc0186319f68a d04a53c6d56f4dddb4649203560d8059 - - 6ebf86b80b4c4fd0a6d20164871db72a 6ebf86b80b4c4fd0a6d20164871db72a] 10.0.0.166 "GET /resource_providers/547306e6-687e-42c2-a8f9-519cdbf10201/aggregates" status: 404 len: 235 microversion: 1.1 [pid: 8|app: 0|req: 433/869] 10.0.0.166 () {32 vars in 816 bytes} [Thu Jul 16 08:04:31 2026] GET /resource_providers/547306e6-687e-42c2-a8f9-519cdbf10201/aggregates => generated 235 bytes in 10 msecs (HTTP/1.1 404) 5 headers in 202 bytes (1 switches on core 0)
2026-07-16 08:04:31.420 7 INFO placement.requestlog [None req-e7c0eab9-3a7d-4d14-b190-26d4c7cdc2c8 da3335830fe748cc9f0cc0186319f68a d04a53c6d56f4dddb4649203560d8059 - - 6ebf86b80b4c4fd0a6d20164871db72a 6ebf86b80b4c4fd0a6d20164871db72a] 10.0.0.166 "GET /resource_providers/547306e6-687e-42c2-a8f9-519cdbf10201/aggregates" status: 404 len: 235 microversion: 1.1 [pid: 7|app: 0|req: 437/870] 10.0.0.166 () {32 vars in 816 bytes} [Thu Jul 16 08:04:31 2026] GET /resource_providers/547306e6-687e-42c2-a8f9-519cdbf10201/aggregates => generated 235 bytes in 11 msecs (HTTP/1.1 404) 5 headers in 202 bytes (1 switches on core 0)
2026-07-16 08:04:31.438 8 INFO placement.requestlog [None req-208ac0a5-ac65-4e89-bc96-7d27daf8ec2b da3335830fe748cc9f0cc0186319f68a d04a53c6d56f4dddb4649203560d8059 - - 6ebf86b80b4c4fd0a6d20164871db72a 6ebf86b80b4c4fd0a6d20164871db72a] 10.0.0.166 "DELETE /resource_providers/547306e6-687e-42c2-a8f9-519cdbf10201" status: 404 len: 246 microversion: 1.1 [pid: 8|app: 0|req: 434/871] 10.0.0.166 () {34 vars in 816 bytes} [Thu Jul 16 08:04:31 2026] DELETE /resource_providers/547306e6-687e-42c2-a8f9-519cdbf10201 => generated 246 bytes in 10 msecs (HTTP/1.1 404) 6 headers in 231 bytes (1 switches on core 0)
2026-07-16 08:04:31.442 7 INFO placement.requestlog [None req-5b4fbf0e-b70a-47f0-b93b-0eba355a8c03 da3335830fe748cc9f0cc0186319f68a d04a53c6d56f4dddb4649203560d8059 - - 6ebf86b80b4c4fd0a6d20164871db72a 6ebf86b80b4c4fd0a6d20164871db72a] 10.0.0.166 "DELETE /resource_providers/547306e6-687e-42c2-a8f9-519cdbf10201" status: 404 len: 246 microversion: 1.1 [pid: 7|app: 0|req: 438/872] 10.0.0.166 () {34 vars in 816 bytes} [Thu Jul 16 08:04:31 2026] DELETE /resource_providers/547306e6-687e-42c2-a8f9-519cdbf10201 => generated 246 bytes in 12 msecs (HTTP/1.1 404) 6 headers in 231 bytes (1 switches on core 0)
2026-07-16 08:04:33.024 8 INFO placement.requestlog [None req-d10b8efa-69de-43e6-824d-518afa3db4c1 da3335830fe748cc9f0cc0186319f68a d04a53c6d56f4dddb4649203560d8059 - - 6ebf86b80b4c4fd0a6d20164871db72a 6ebf86b80b4c4fd0a6d20164871db72a] 10.0.0.166 "GET /resource_providers/05a1aca9-207e-4ec6-a368-a37f96c91a7a/aggregates" status: 404 len: 235 microversion: 1.1 [pid: 8|app: 0|req: 435/873] 10.0.0.166 () {32 vars in 816 bytes} [Thu Jul 16 08:04:33 2026] GET /resource_providers/05a1aca9-207e-4ec6-a368-a37f96c91a7a/aggregates => generated 235 bytes in 8 msecs (HTTP/1.1 404) 5 headers in 202 bytes (1 switches on core 0)
2026-07-16 08:04:33.033 7 INFO placement.requestlog [None req-6448b000-af32-4374-99f8-e29386ba27b0 da3335830fe748cc9f0cc0186319f68a d04a53c6d56f4dddb4649203560d8059 - - 6ebf86b80b4c4fd0a6d20164871db72a 6ebf86b80b4c4fd0a6d20164871db72a] 10.0.0.166 "GET /resource_providers/05a1aca9-207e-4ec6-a368-a37f96c91a7a/aggregates" status: 404 len: 235 microversion: 1.1 [pid: 7|app: 0|req: 439/874] 10.0.0.166 () {32 vars in 816 bytes} [Thu Jul 16 08:04:33 2026] GET /resource_providers/05a1aca9-207e-4ec6-a368-a37f96c91a7a/aggregates => generated 235 bytes in 11 msecs (HTTP/1.1 404) 5 headers in 202 bytes (1 switches on core 0)
2026-07-16 08:04:33.051 8 INFO placement.requestlog [None req-4e88f27b-8874-4fa1-b596-b29cb8046522 da3335830fe748cc9f0cc0186319f68a d04a53c6d56f4dddb4649203560d8059 - - 6ebf86b80b4c4fd0a6d20164871db72a 6ebf86b80b4c4fd0a6d20164871db72a] 10.0.0.166 "DELETE /resource_providers/05a1aca9-207e-4ec6-a368-a37f96c91a7a" status: 404 len: 246 microversion: 1.1 [pid: 8|app: 0|req: 436/875] 10.0.0.166 () {34 vars in 816 bytes} [Thu Jul 16 08:04:33 2026] DELETE /resource_providers/05a1aca9-207e-4ec6-a368-a37f96c91a7a => generated 246 bytes in 10 msecs (HTTP/1.1 404) 6 headers in 231 bytes (1 switches on core 0)
2026-07-16 08:04:33.059 7 INFO placement.requestlog [None req-60aeead1-7902-4991-9a50-36484527bc7c da3335830fe748cc9f0cc0186319f68a d04a53c6d56f4dddb4649203560d8059 - - 6ebf86b80b4c4fd0a6d20164871db72a 6ebf86b80b4c4fd0a6d20164871db72a] 10.0.0.166 "DELETE /resource_providers/05a1aca9-207e-4ec6-a368-a37f96c91a7a" status: 404 len: 246 microversion: 1.1 [pid: 7|app: 0|req: 440/876] 10.0.0.166 () {34 vars in 816 bytes} [Thu Jul 16 08:04:33 2026] DELETE /resource_providers/05a1aca9-207e-4ec6-a368-a37f96c91a7a => generated 246 bytes in 15 msecs (HTTP/1.1 404) 6 headers in 231 bytes (1 switches on core 0)
2026-07-16 08:04:33.465 7 INFO placement.requestlog [None req-59316848-ce88-40dc-9190-4f77e0e0ff9f da3335830fe748cc9f0cc0186319f68a d04a53c6d56f4dddb4649203560d8059 - - 6ebf86b80b4c4fd0a6d20164871db72a 6ebf86b80b4c4fd0a6d20164871db72a] 10.0.0.166 "GET /resource_providers/9bdee3c7-22f7-47cc-b482-94fbe071632a/aggregates" status: 404 len: 235 microversion: 1.1 [pid: 7|app: 0|req: 441/877] 10.0.0.166 () {32 vars in 816 bytes} [Thu Jul 16 08:04:33 2026] GET /resource_providers/9bdee3c7-22f7-47cc-b482-94fbe071632a/aggregates => generated 235 bytes in 13 msecs (HTTP/1.1 404) 5 headers in 202 bytes (1 switches on core 0)
2026-07-16 08:04:33.479 7 INFO placement.requestlog [None req-1c5b349f-2900-4324-8a4f-04f103352cd3 da3335830fe748cc9f0cc0186319f68a d04a53c6d56f4dddb4649203560d8059 - - 6ebf86b80b4c4fd0a6d20164871db72a 6ebf86b80b4c4fd0a6d20164871db72a] 10.0.0.166 "DELETE /resource_providers/9bdee3c7-22f7-47cc-b482-94fbe071632a" status: 404 len: 246 microversion: 1.1 [pid: 7|app: 0|req: 442/878] 10.0.0.166 () {34 vars in 816 bytes} [Thu Jul 16 08:04:33 2026] DELETE /resource_providers/9bdee3c7-22f7-47cc-b482-94fbe071632a => generated 246 bytes in 7 msecs (HTTP/1.1 404) 6 headers in 231 bytes (1 switches on core 0)
2026-07-16 08:04:33.490 8 INFO placement.requestlog [None req-e4227214-b51f-43f0-9c23-826cf8c2dfdb da3335830fe748cc9f0cc0186319f68a d04a53c6d56f4dddb4649203560d8059 - - 6ebf86b80b4c4fd0a6d20164871db72a 6ebf86b80b4c4fd0a6d20164871db72a] 10.0.0.166 "GET /resource_providers/9bdee3c7-22f7-47cc-b482-94fbe071632a/aggregates" status: 404 len: 235 microversion: 1.1 [pid: 8|app: 0|req: 437/879] 10.0.0.166 () {32 vars in 816 bytes} [Thu Jul 16 08:04:33 2026] GET /resource_providers/9bdee3c7-22f7-47cc-b482-94fbe071632a/aggregates => generated 235 bytes in 38 msecs (HTTP/1.1 404) 5 headers in 202 bytes (1 switches on core 0)
2026-07-16 08:04:33.514 7 INFO placement.requestlog [None req-929fcba6-ce8c-4ab5-b171-11f02aeb7161 da3335830fe748cc9f0cc0186319f68a d04a53c6d56f4dddb4649203560d8059 - - 6ebf86b80b4c4fd0a6d20164871db72a 6ebf86b80b4c4fd0a6d20164871db72a] 10.0.0.166 "DELETE /resource_providers/9bdee3c7-22f7-47cc-b482-94fbe071632a" status: 404 len: 246 microversion: 1.1 [pid: 7|app: 0|req: 443/880] 10.0.0.166 () {34 vars in 816 bytes} [Thu Jul 16 08:04:33 2026] DELETE /resource_providers/9bdee3c7-22f7-47cc-b482-94fbe071632a => generated 246 bytes in 8 msecs (HTTP/1.1 404) 6 headers in 231 bytes (1 switches on core 0)
2026-07-16 08:04:33.919 8 INFO placement.requestlog [None req-7109d3fe-1ce8-49de-9704-f3b0a5e1bb8f - - - - - -] 10.0.0.152 "GET /" status: 200 len: 136 microversion: 1.0
2026-07-16 08:04:33.920 7 INFO placement.requestlog [None req-7966a422-37b5-4ea7-bb34-0e533b970d78 - - - - - -] 10.0.0.152 "GET /" status: 200 len: 136 microversion: 1.0
2026-07-16 08:04:35.087 8 INFO placement.requestlog [None req-01fe771e-9f69-46cd-a268-203becd03b83 da3335830fe748cc9f0cc0186319f68a d04a53c6d56f4dddb4649203560d8059 - - 6ebf86b80b4c4fd0a6d20164871db72a 6ebf86b80b4c4fd0a6d20164871db72a] 10.0.0.166 "GET /resource_providers/208912ab-c574-41cf-a876-44a7b5a90ba7/aggregates" status: 404 len: 235 microversion: 1.1 [pid: 8|app: 0|req: 439/883] 10.0.0.166 () {32 vars in 816 bytes} [Thu Jul 16 08:04:35 2026] GET /resource_providers/208912ab-c574-41cf-a876-44a7b5a90ba7/aggregates => generated 235 bytes in 13 msecs (HTTP/1.1 404) 5 headers in 202 bytes (1 switches on core 0)
2026-07-16 08:04:35.094 7 INFO placement.requestlog [None req-a7478125-3359-40e8-bc6b-3cd0717a10af da3335830fe748cc9f0cc0186319f68a d04a53c6d56f4dddb4649203560d8059 - - 6ebf86b80b4c4fd0a6d20164871db72a 6ebf86b80b4c4fd0a6d20164871db72a] 10.0.0.166 "GET /resource_providers/208912ab-c574-41cf-a876-44a7b5a90ba7/aggregates" status: 404 len: 235 microversion: 1.1 [pid: 7|app: 0|req: 445/884] 10.0.0.166 () {32 vars in 816 bytes} [Thu Jul 16 08:04:35 2026] GET /resource_providers/208912ab-c574-41cf-a876-44a7b5a90ba7/aggregates => generated 235 bytes in 16 msecs (HTTP/1.1 404) 5 headers in 202 bytes (1 switches on core 0)
2026-07-16 08:04:35.107 7 INFO placement.requestlog [None req-2cbc23bf-1f6d-439e-bfab-b9f97d78e341 da3335830fe748cc9f0cc0186319f68a d04a53c6d56f4dddb4649203560d8059 - - 6ebf86b80b4c4fd0a6d20164871db72a 6ebf86b80b4c4fd0a6d20164871db72a] 10.0.0.166 "DELETE /resource_providers/208912ab-c574-41cf-a876-44a7b5a90ba7" status: 404 len: 246 microversion: 1.1 [pid: 7|app: 0|req: 446/885] 10.0.0.166 () {34 vars in 816 bytes} [Thu Jul 16 08:04:35 2026] DELETE /resource_providers/208912ab-c574-41cf-a876-44a7b5a90ba7 => generated 246 bytes in 6 msecs (HTTP/1.1 404) 6 headers in 231 bytes (1 switches on core 0)
2026-07-16 08:04:35.116 8 INFO placement.requestlog [None req-28c2e747-1666-45bb-a5b3-4d00efe80dce da3335830fe748cc9f0cc0186319f68a d04a53c6d56f4dddb4649203560d8059 - - 6ebf86b80b4c4fd0a6d20164871db72a 6ebf86b80b4c4fd0a6d20164871db72a] 10.0.0.166 "DELETE /resource_providers/208912ab-c574-41cf-a876-44a7b5a90ba7" status: 404 len: 246 microversion: 1.1 [pid: 8|app: 0|req: 440/886] 10.0.0.166 () {34 vars in 816 bytes} [Thu Jul 16 08:04:35 2026] DELETE /resource_providers/208912ab-c574-41cf-a876-44a7b5a90ba7 => generated 246 bytes in 18 msecs (HTTP/1.1 404) 6 headers in 231 bytes (1 switches on core 0)
2026-07-16 08:04:42.569 8 INFO placement.requestlog [None req-ddcd86d8-a33b-4bbb-a8fc-6fc3d070b164 da3335830fe748cc9f0cc0186319f68a d04a53c6d56f4dddb4649203560d8059 - - 6ebf86b80b4c4fd0a6d20164871db72a 6ebf86b80b4c4fd0a6d20164871db72a] 10.0.0.166 "GET /resource_providers/660860f7-47d0-4560-9ab5-1b16d202230a/aggregates" status: 404 len: 235 microversion: 1.1 [pid: 8|app: 0|req: 441/887] 10.0.0.166 () {32 vars in 816 bytes} [Thu Jul 16 08:04:42 2026] GET /resource_providers/660860f7-47d0-4560-9ab5-1b16d202230a/aggregates => generated 235 bytes in 9 msecs (HTTP/1.1 404) 5 headers in 202 bytes (1 switches on core 0)
2026-07-16 08:04:42.570 7 INFO placement.requestlog [None req-b908088b-00e3-4e62-a128-419b4448f5ad da3335830fe748cc9f0cc0186319f68a d04a53c6d56f4dddb4649203560d8059 - - 6ebf86b80b4c4fd0a6d20164871db72a 6ebf86b80b4c4fd0a6d20164871db72a] 10.0.0.166 "GET /resource_providers/660860f7-47d0-4560-9ab5-1b16d202230a/aggregates" status: 404 len: 235 microversion: 1.1 [pid: 7|app: 0|req: 447/888] 10.0.0.166 () {32 vars in 816 bytes} [Thu Jul 16 08:04:42 2026] GET /resource_providers/660860f7-47d0-4560-9ab5-1b16d202230a/aggregates => generated 235 bytes in 10 msecs (HTTP/1.1 404) 5 headers in 202 bytes (1 switches on core 0)
2026-07-16 08:04:42.595 8 INFO placement.requestlog [None req-6e7cfdeb-81bc-418a-8294-4de44d239c68 da3335830fe748cc9f0cc0186319f68a d04a53c6d56f4dddb4649203560d8059 - - 6ebf86b80b4c4fd0a6d20164871db72a 6ebf86b80b4c4fd0a6d20164871db72a] 10.0.0.166 "DELETE /resource_providers/660860f7-47d0-4560-9ab5-1b16d202230a" status: 404 len: 246 microversion: 1.1 [pid: 8|app: 0|req: 442/889] 10.0.0.166 () {34 vars in 816 bytes} [Thu Jul 16 08:04:42 2026] DELETE /resource_providers/660860f7-47d0-4560-9ab5-1b16d202230a => generated 246 bytes in 8 msecs (HTTP/1.1 404) 6 headers in 231 bytes (1 switches on core 0)
2026-07-16 08:04:42.600 7 INFO placement.requestlog [None req-0673d561-75c9-4101-961c-adf1e650cfe9 da3335830fe748cc9f0cc0186319f68a d04a53c6d56f4dddb4649203560d8059 - - 6ebf86b80b4c4fd0a6d20164871db72a 6ebf86b80b4c4fd0a6d20164871db72a] 10.0.0.166 "DELETE /resource_providers/660860f7-47d0-4560-9ab5-1b16d202230a" status: 404 len: 246 microversion: 1.1 [pid: 7|app: 0|req: 448/890] 10.0.0.166 () {34 vars in 816 bytes} [Thu Jul 16 08:04:42 2026] DELETE /resource_providers/660860f7-47d0-4560-9ab5-1b16d202230a => generated 246 bytes in 7 msecs (HTTP/1.1 404) 6 headers in 231 bytes (1 switches on core 0)
2026-07-16 08:04:43.807 8 INFO placement.requestlog [None req-5d189a41-8963-4d8a-ba19-81af6653b13d da3335830fe748cc9f0cc0186319f68a d04a53c6d56f4dddb4649203560d8059 - - 6ebf86b80b4c4fd0a6d20164871db72a 6ebf86b80b4c4fd0a6d20164871db72a] 10.0.0.166 "GET /resource_providers/7383eec4-960b-4417-aa18-8102c5bb4045/aggregates" status: 404 len: 235 microversion: 1.1 [pid: 8|app: 0|req: 443/891] 10.0.0.166 () {32 vars in 816 bytes} [Thu Jul 16 08:04:43 2026] GET /resource_providers/7383eec4-960b-4417-aa18-8102c5bb4045/aggregates => generated 235 bytes in 16 msecs (HTTP/1.1 404) 5 headers in 202 bytes (1 switches on core 0)
2026-07-16 08:04:43.813 7 INFO placement.requestlog [None req-abc64f59-979a-4583-a274-509099b610a4 da3335830fe748cc9f0cc0186319f68a d04a53c6d56f4dddb4649203560d8059 - - 6ebf86b80b4c4fd0a6d20164871db72a 6ebf86b80b4c4fd0a6d20164871db72a] 10.0.0.166 "GET /resource_providers/7383eec4-960b-4417-aa18-8102c5bb4045/aggregates" status: 404 len: 235 microversion: 1.1 [pid: 7|app: 0|req: 449/892] 10.0.0.166 () {32 vars in 816 bytes} [Thu Jul 16 08:04:43 2026] GET /resource_providers/7383eec4-960b-4417-aa18-8102c5bb4045/aggregates => generated 235 bytes in 22 msecs (HTTP/1.1 404) 5 headers in 202 bytes (1 switches on core 0)
2026-07-16 08:04:43.828 8 INFO placement.requestlog [None req-bca92695-982b-49b3-8f03-b31a897ccd7e da3335830fe748cc9f0cc0186319f68a d04a53c6d56f4dddb4649203560d8059 - - 6ebf86b80b4c4fd0a6d20164871db72a 6ebf86b80b4c4fd0a6d20164871db72a] 10.0.0.166 "DELETE /resource_providers/7383eec4-960b-4417-aa18-8102c5bb4045" status: 404 len: 246 microversion: 1.1 [pid: 8|app: 0|req: 444/893] 10.0.0.166 () {34 vars in 816 bytes} [Thu Jul 16 08:04:43 2026] DELETE /resource_providers/7383eec4-960b-4417-aa18-8102c5bb4045 => generated 246 bytes in 10 msecs (HTTP/1.1 404) 6 headers in 231 bytes (1 switches on core 0)
2026-07-16 08:04:43.843 7 INFO placement.requestlog [None req-7a6be6c9-3804-4db4-bc9c-26564b7397f6 da3335830fe748cc9f0cc0186319f68a d04a53c6d56f4dddb4649203560d8059 - - 6ebf86b80b4c4fd0a6d20164871db72a 6ebf86b80b4c4fd0a6d20164871db72a] 10.0.0.166 "DELETE /resource_providers/7383eec4-960b-4417-aa18-8102c5bb4045" status: 404 len: 246 microversion: 1.1 [pid: 7|app: 0|req: 450/894] 10.0.0.166 () {34 vars in 816 bytes} [Thu Jul 16 08:04:43 2026] DELETE /resource_providers/7383eec4-960b-4417-aa18-8102c5bb4045 => generated 246 bytes in 16 msecs (HTTP/1.1 404) 6 headers in 231 bytes (1 switches on core 0)
2026-07-16 08:04:43.920 8 INFO placement.requestlog [None req-2cfb6220-f9d1-43e5-b61c-0426a9254844 - - - - - -] 10.0.0.152 "GET /" status: 200 len: 136 microversion: 1.0
2026-07-16 08:04:43.920 7 INFO placement.requestlog [None req-85e17441-3b50-42fc-9a1e-44292c03e3ad - - - - - -] 10.0.0.152 "GET /" status: 200 len: 136 microversion: 1.0
2026-07-16 08:04:46.556 8 INFO placement.requestlog [req-4619a6e6-dccc-4597-96d0-44a0ba059b2f req-f7a10820-aa67-4f43-a0a5-8179e1823034 e99d59f3b82f4534bbdb11bdc52f6e7a d04a53c6d56f4dddb4649203560d8059 - - 6ebf86b80b4c4fd0a6d20164871db72a 6ebf86b80b4c4fd0a6d20164871db72a] 10.0.0.239 "GET /allocation_candidates?limit=1000&resources=DISK_GB%3A1%2CMEMORY_MB%3A512%2CVCPU%3A1&root_required=%21COMPUTE_STATUS_DISABLED" status: 200 len: 2781 microversion: 1.36 [pid: 8|app: 0|req: 446/897] 10.0.0.239 () {34 vars in 1012 bytes} [Thu Jul 16 08:04:46 2026] GET /allocation_candidates?limit=1000&resources=DISK_GB%3A1%2CMEMORY_MB%3A512%2CVCPU%3A1&root_required=%21COMPUTE_STATUS_DISABLED => generated 2781 bytes in 52 msecs (HTTP/1.1 200) 8 headers in 297 bytes (1 switches on core 0)
2026-07-16 08:04:46.601 7 INFO placement.requestlog [req-4619a6e6-dccc-4597-96d0-44a0ba059b2f req-465f46d2-42c9-43aa-af4d-cf4aa4d7719f e99d59f3b82f4534bbdb11bdc52f6e7a d04a53c6d56f4dddb4649203560d8059 - - 6ebf86b80b4c4fd0a6d20164871db72a 6ebf86b80b4c4fd0a6d20164871db72a] 10.0.0.239 "GET /allocations/a34fcff1-08a7-4db5-902e-ff3ecba6e410" status: 200 len: 19 microversion: 1.28 [pid: 7|app: 0|req: 452/898] 10.0.0.239 () {34 vars in 861 bytes} [Thu Jul 16 08:04:46 2026] GET /allocations/a34fcff1-08a7-4db5-902e-ff3ecba6e410 => generated 19 bytes in 17 msecs (HTTP/1.1 200) 8 headers in 295 bytes (1 switches on core 0)
2026-07-16 08:04:46.696 8 INFO placement.requestlog [req-4619a6e6-dccc-4597-96d0-44a0ba059b2f req-36a29153-2ea2-472b-9927-1f3e9c6e80d5 e99d59f3b82f4534bbdb11bdc52f6e7a d04a53c6d56f4dddb4649203560d8059 - - 6ebf86b80b4c4fd0a6d20164871db72a 6ebf86b80b4c4fd0a6d20164871db72a] 10.0.0.239 "PUT /allocations/a34fcff1-08a7-4db5-902e-ff3ecba6e410" status: 204 len: 0 microversion: 1.36 [pid: 8|app: 0|req: 447/899] 10.0.0.239 () {38 vars in 914 bytes} [Thu Jul 16 08:04:46 2026] PUT /allocations/a34fcff1-08a7-4db5-902e-ff3ecba6e410 => generated 0 bytes in 86 msecs (HTTP/1.1 204) 5 headers in 199 bytes (1 switches on core 0)
2026-07-16 08:04:48.218 7 INFO placement.requestlog [req-4619a6e6-dccc-4597-96d0-44a0ba059b2f req-34de1912-f85c-4e65-8778-c0fbd20ac43d e99d59f3b82f4534bbdb11bdc52f6e7a d04a53c6d56f4dddb4649203560d8059 - - 6ebf86b80b4c4fd0a6d20164871db72a 6ebf86b80b4c4fd0a6d20164871db72a] 199.204.45.89 "GET /allocations/a34fcff1-08a7-4db5-902e-ff3ecba6e410" status: 200 len: 257 microversion: 1.28 [pid: 7|app: 0|req: 453/900] 199.204.45.89 () {34 vars in 862 bytes} [Thu Jul 16 08:04:48 2026] GET /allocations/a34fcff1-08a7-4db5-902e-ff3ecba6e410 => generated 257 bytes in 12 msecs (HTTP/1.1 200) 8 headers in 296 bytes (1 switches on core 0)
2026-07-16 08:04:49.257 8 INFO placement.requestlog [req-4619a6e6-dccc-4597-96d0-44a0ba059b2f req-f04a97e6-fbde-4a55-a226-bbe7d09835b8 e99d59f3b82f4534bbdb11bdc52f6e7a d04a53c6d56f4dddb4649203560d8059 - - 6ebf86b80b4c4fd0a6d20164871db72a 6ebf86b80b4c4fd0a6d20164871db72a] 199.204.45.89 "GET /resource_providers/9c4bdb8a-784e-4bef-aadb-e6454d5871a3/allocations" status: 200 len: 152 microversion: 1.0 [pid: 8|app: 0|req: 448/901] 199.204.45.89 () {32 vars in 856 bytes} [Thu Jul 16 08:04:49 2026] GET /resource_providers/9c4bdb8a-784e-4bef-aadb-e6454d5871a3/allocations => generated 152 bytes in 15 msecs (HTTP/1.1 200) 6 headers in 224 bytes (1 switches on core 0)
2026-07-16 08:04:49.276 7 INFO placement.requestlog [req-4619a6e6-dccc-4597-96d0-44a0ba059b2f req-55a9f9e6-361c-4225-b55a-878026f49312 e99d59f3b82f4534bbdb11bdc52f6e7a d04a53c6d56f4dddb4649203560d8059 - - 6ebf86b80b4c4fd0a6d20164871db72a 6ebf86b80b4c4fd0a6d20164871db72a] 199.204.45.89 "GET /allocations/a34fcff1-08a7-4db5-902e-ff3ecba6e410" status: 200 len: 257 microversion: 1.28 [pid: 7|app: 0|req: 454/902] 199.204.45.89 () {34 vars in 862 bytes} [Thu Jul 16 08:04:49 2026] GET /allocations/a34fcff1-08a7-4db5-902e-ff3ecba6e410 => generated 257 bytes in 13 msecs (HTTP/1.1 200) 8 headers in 296 bytes (1 switches on core 0)
2026-07-16 08:04:53.920 8 INFO placement.requestlog [None req-02f6d2f1-baec-4bf5-9e04-0258d3103e65 - - - - - -] 10.0.0.152 "GET /" status: 200 len: 136 microversion: 1.0
2026-07-16 08:04:53.927 7 INFO placement.requestlog [None req-e23c89f5-5a18-4a21-a576-ec882b699ff2 - - - - - -] 10.0.0.152 "GET /" status: 200 len: 136 microversion: 1.0
2026-07-16 08:04:57.661 8 INFO placement.requestlog [None req-4ab99f55-9e3a-4eaf-9ec9-34d5664dcc78 da3335830fe748cc9f0cc0186319f68a d04a53c6d56f4dddb4649203560d8059 - - 6ebf86b80b4c4fd0a6d20164871db72a 6ebf86b80b4c4fd0a6d20164871db72a] 10.0.0.166 "GET /resource_providers/3f1e2346-88a5-402f-a89c-5bd405978ccb/aggregates" status: 404 len: 235 microversion: 1.1 [pid: 8|app: 0|req: 450/905] 10.0.0.166 () {32 vars in 816 bytes} [Thu Jul 16 08:04:57 2026] GET /resource_providers/3f1e2346-88a5-402f-a89c-5bd405978ccb/aggregates => generated 235 bytes in 13 msecs (HTTP/1.1 404) 5 headers in 202 bytes (1 switches on core 0)
2026-07-16 08:04:57.666 7 INFO placement.requestlog [None req-88256933-f6cc-4a84-9fa1-dd6eb870fb70 da3335830fe748cc9f0cc0186319f68a d04a53c6d56f4dddb4649203560d8059 - - 6ebf86b80b4c4fd0a6d20164871db72a 6ebf86b80b4c4fd0a6d20164871db72a] 10.0.0.166 "GET /resource_providers/3f1e2346-88a5-402f-a89c-5bd405978ccb/aggregates" status: 404 len: 235 microversion: 1.1 [pid: 7|app: 0|req: 456/906] 10.0.0.166 () {32 vars in 816 bytes} [Thu Jul 16 08:04:57 2026] GET /resource_providers/3f1e2346-88a5-402f-a89c-5bd405978ccb/aggregates => generated 235 bytes in 17 msecs (HTTP/1.1 404) 5 headers in 202 bytes (1 switches on core 0)
2026-07-16 08:04:57.689 8 INFO placement.requestlog [None req-3e7f9a28-3783-46da-adaa-01d4094c5e82 da3335830fe748cc9f0cc0186319f68a d04a53c6d56f4dddb4649203560d8059 - - 6ebf86b80b4c4fd0a6d20164871db72a 6ebf86b80b4c4fd0a6d20164871db72a] 10.0.0.166 "DELETE /resource_providers/3f1e2346-88a5-402f-a89c-5bd405978ccb" status: 404 len: 246 microversion: 1.1 [pid: 8|app: 0|req: 451/907] 10.0.0.166 () {34 vars in 816 bytes} [Thu Jul 16 08:04:57 2026] DELETE /resource_providers/3f1e2346-88a5-402f-a89c-5bd405978ccb => generated 246 bytes in 13 msecs (HTTP/1.1 404) 6 headers in 231 bytes (1 switches on core 0)
2026-07-16 08:04:57.696 7 INFO placement.requestlog [None req-9234ae92-ee77-4462-a4ea-8ca958f54195 da3335830fe748cc9f0cc0186319f68a d04a53c6d56f4dddb4649203560d8059 - - 6ebf86b80b4c4fd0a6d20164871db72a 6ebf86b80b4c4fd0a6d20164871db72a] 10.0.0.166 "DELETE /resource_providers/3f1e2346-88a5-402f-a89c-5bd405978ccb" status: 404 len: 246 microversion: 1.1 [pid: 7|app: 0|req: 457/908] 10.0.0.166 () {34 vars in 816 bytes} [Thu Jul 16 08:04:57 2026] DELETE /resource_providers/3f1e2346-88a5-402f-a89c-5bd405978ccb => generated 246 bytes in 13 msecs (HTTP/1.1 404) 6 headers in 231 bytes (1 switches on core 0)
2026-07-16 08:04:58.083 8 INFO placement.requestlog [None req-0a68ea81-76fb-4474-a866-c6a6cc7a4ad9 da3335830fe748cc9f0cc0186319f68a d04a53c6d56f4dddb4649203560d8059 - - 6ebf86b80b4c4fd0a6d20164871db72a 6ebf86b80b4c4fd0a6d20164871db72a] 10.0.0.166 "GET /resource_providers/4e10c20a-9ca0-4773-bbcc-91509b53c780/aggregates" status: 404 len: 235 microversion: 1.1 [pid: 8|app: 0|req: 452/909] 10.0.0.166 () {32 vars in 816 bytes} [Thu Jul 16 08:04:58 2026] GET /resource_providers/4e10c20a-9ca0-4773-bbcc-91509b53c780/aggregates => generated 235 bytes in 15 msecs (HTTP/1.1 404) 5 headers in 202 bytes (1 switches on core 0)
2026-07-16 08:04:58.088 7 INFO placement.requestlog [None req-de6bb563-8d3f-4efc-8a46-dee402851bdd da3335830fe748cc9f0cc0186319f68a d04a53c6d56f4dddb4649203560d8059 - - 6ebf86b80b4c4fd0a6d20164871db72a 6ebf86b80b4c4fd0a6d20164871db72a] 10.0.0.166 "GET /resource_providers/4e10c20a-9ca0-4773-bbcc-91509b53c780/aggregates" status: 404 len: 235 microversion: 1.1 [pid: 7|app: 0|req: 458/910] 10.0.0.166 () {32 vars in 816 bytes} [Thu Jul 16 08:04:58 2026] GET /resource_providers/4e10c20a-9ca0-4773-bbcc-91509b53c780/aggregates => generated 235 bytes in 19 msecs (HTTP/1.1 404) 5 headers in 202 bytes (1 switches on core 0)
2026-07-16 08:04:58.129 8 INFO placement.requestlog [None req-c29e6f50-f411-45cd-9b9a-f365ae83d26a da3335830fe748cc9f0cc0186319f68a d04a53c6d56f4dddb4649203560d8059 - - 6ebf86b80b4c4fd0a6d20164871db72a 6ebf86b80b4c4fd0a6d20164871db72a] 10.0.0.166 "DELETE /resource_providers/4e10c20a-9ca0-4773-bbcc-91509b53c780" status: 404 len: 246 microversion: 1.1 [pid: 8|app: 0|req: 453/911] 10.0.0.166 () {34 vars in 816 bytes} [Thu Jul 16 08:04:58 2026] DELETE /resource_providers/4e10c20a-9ca0-4773-bbcc-91509b53c780 => generated 246 bytes in 34 msecs (HTTP/1.1 404) 6 headers in 231 bytes (1 switches on core 0)
2026-07-16 08:04:58.136 7 INFO placement.requestlog [None req-242ce3d8-d980-4423-aa5e-edf798802a7d da3335830fe748cc9f0cc0186319f68a d04a53c6d56f4dddb4649203560d8059 - - 6ebf86b80b4c4fd0a6d20164871db72a 6ebf86b80b4c4fd0a6d20164871db72a] 10.0.0.166 "DELETE /resource_providers/4e10c20a-9ca0-4773-bbcc-91509b53c780" status: 404 len: 246 microversion: 1.1 [pid: 7|app: 0|req: 459/912] 10.0.0.166 () {34 vars in 816 bytes} [Thu Jul 16 08:04:58 2026] DELETE /resource_providers/4e10c20a-9ca0-4773-bbcc-91509b53c780 => generated 246 bytes in 23 msecs (HTTP/1.1 404) 6 headers in 231 bytes (1 switches on core 0)
2026-07-16 08:05:00.160 7 INFO placement.requestlog [None req-05095297-74f5-4be0-8b24-725b283bea27 da3335830fe748cc9f0cc0186319f68a d04a53c6d56f4dddb4649203560d8059 - - 6ebf86b80b4c4fd0a6d20164871db72a 6ebf86b80b4c4fd0a6d20164871db72a] 10.0.0.166 "GET /resource_providers/d072ffd0-f32c-4ed5-a191-b83382ab5fb3/aggregates" status: 404 len: 235 microversion: 1.1 [pid: 7|app: 0|req: 460/913] 10.0.0.166 () {32 vars in 816 bytes} [Thu Jul 16 08:05:00 2026] GET /resource_providers/d072ffd0-f32c-4ed5-a191-b83382ab5fb3/aggregates => generated 235 bytes in 9 msecs (HTTP/1.1 404) 5 headers in 202 bytes (1 switches on core 0)
2026-07-16 08:05:00.169 8 INFO placement.requestlog [None req-fa0de5d8-fddf-40bb-a088-1a21e1099bee da3335830fe748cc9f0cc0186319f68a d04a53c6d56f4dddb4649203560d8059 - - 6ebf86b80b4c4fd0a6d20164871db72a 6ebf86b80b4c4fd0a6d20164871db72a] 10.0.0.166 "GET /resource_providers/d072ffd0-f32c-4ed5-a191-b83382ab5fb3/aggregates" status: 404 len: 235 microversion: 1.1 [pid: 8|app: 0|req: 454/914] 10.0.0.166 () {32 vars in 816 bytes} [Thu Jul 16 08:05:00 2026] GET /resource_providers/d072ffd0-f32c-4ed5-a191-b83382ab5fb3/aggregates => generated 235 bytes in 22 msecs (HTTP/1.1 404) 5 headers in 202 bytes (1 switches on core 0)
2026-07-16 08:05:00.178 7 INFO placement.requestlog [None req-a14b59e9-b0aa-42f0-b8bb-600d89db6bb1 da3335830fe748cc9f0cc0186319f68a d04a53c6d56f4dddb4649203560d8059 - - 6ebf86b80b4c4fd0a6d20164871db72a 6ebf86b80b4c4fd0a6d20164871db72a] 10.0.0.166 "DELETE /resource_providers/d072ffd0-f32c-4ed5-a191-b83382ab5fb3" status: 404 len: 246 microversion: 1.1 [pid: 7|app: 0|req: 461/915] 10.0.0.166 () {34 vars in 816 bytes} [Thu Jul 16 08:05:00 2026] DELETE /resource_providers/d072ffd0-f32c-4ed5-a191-b83382ab5fb3 => generated 246 bytes in 11 msecs (HTTP/1.1 404) 6 headers in 231 bytes (1 switches on core 0)
2026-07-16 08:05:00.211 8 INFO placement.requestlog [None req-72905dcf-d3e5-4583-aecd-0ad86e890dc1 da3335830fe748cc9f0cc0186319f68a d04a53c6d56f4dddb4649203560d8059 - - 6ebf86b80b4c4fd0a6d20164871db72a 6ebf86b80b4c4fd0a6d20164871db72a] 10.0.0.166 "DELETE /resource_providers/d072ffd0-f32c-4ed5-a191-b83382ab5fb3" status: 404 len: 246 microversion: 1.1 [pid: 8|app: 0|req: 455/916] 10.0.0.166 () {34 vars in 816 bytes} [Thu Jul 16 08:05:00 2026] DELETE /resource_providers/d072ffd0-f32c-4ed5-a191-b83382ab5fb3 => generated 246 bytes in 24 msecs (HTTP/1.1 404) 6 headers in 231 bytes (1 switches on core 0)
2026-07-16 08:05:00.214 7 INFO placement.requestlog [None req-65c8f1a8-0cf4-4aa6-8897-a6e35b25e6ef da3335830fe748cc9f0cc0186319f68a d04a53c6d56f4dddb4649203560d8059 - - 6ebf86b80b4c4fd0a6d20164871db72a 6ebf86b80b4c4fd0a6d20164871db72a] 10.0.0.166 "GET /resource_providers/7c5cb9e2-8bf5-4a75-b5c0-2e5f0f43d314/aggregates" status: 404 len: 235 microversion: 1.1 [pid: 7|app: 0|req: 462/917] 10.0.0.166 () {32 vars in 816 bytes} [Thu Jul 16 08:05:00 2026] GET /resource_providers/7c5cb9e2-8bf5-4a75-b5c0-2e5f0f43d314/aggregates => generated 235 bytes in 26 msecs (HTTP/1.1 404) 5 headers in 202 bytes (1 switches on core 0)
2026-07-16 08:05:00.235 8 INFO placement.requestlog [None req-6506b16f-5344-4f92-9b09-3af975759144 da3335830fe748cc9f0cc0186319f68a d04a53c6d56f4dddb4649203560d8059 - - 6ebf86b80b4c4fd0a6d20164871db72a 6ebf86b80b4c4fd0a6d20164871db72a] 10.0.0.166 "GET /resource_providers/7c5cb9e2-8bf5-4a75-b5c0-2e5f0f43d314/aggregates" status: 404 len: 235 microversion: 1.1 [pid: 8|app: 0|req: 456/918] 10.0.0.166 () {32 vars in 816 bytes} [Thu Jul 16 08:05:00 2026] GET /resource_providers/7c5cb9e2-8bf5-4a75-b5c0-2e5f0f43d314/aggregates => generated 235 bytes in 10 msecs (HTTP/1.1 404) 5 headers in 202 bytes (1 switches on core 0)
2026-07-16 08:05:00.244 7 INFO placement.requestlog [None req-ca3be778-529a-48fe-864e-05844797b87c da3335830fe748cc9f0cc0186319f68a d04a53c6d56f4dddb4649203560d8059 - - 6ebf86b80b4c4fd0a6d20164871db72a 6ebf86b80b4c4fd0a6d20164871db72a] 10.0.0.166 "DELETE /resource_providers/7c5cb9e2-8bf5-4a75-b5c0-2e5f0f43d314" status: 404 len: 246 microversion: 1.1 [pid: 7|app: 0|req: 463/919] 10.0.0.166 () {34 vars in 816 bytes} [Thu Jul 16 08:05:00 2026] DELETE /resource_providers/7c5cb9e2-8bf5-4a75-b5c0-2e5f0f43d314 => generated 246 bytes in 11 msecs (HTTP/1.1 404) 6 headers in 231 bytes (1 switches on core 0)
2026-07-16 08:05:00.259 8 INFO placement.requestlog [None req-a3e68900-05ed-4329-8fce-6646eb127442 da3335830fe748cc9f0cc0186319f68a d04a53c6d56f4dddb4649203560d8059 - - 6ebf86b80b4c4fd0a6d20164871db72a 6ebf86b80b4c4fd0a6d20164871db72a] 10.0.0.166 "DELETE /resource_providers/7c5cb9e2-8bf5-4a75-b5c0-2e5f0f43d314" status: 404 len: 246 microversion: 1.1 [pid: 8|app: 0|req: 457/920] 10.0.0.166 () {34 vars in 816 bytes} [Thu Jul 16 08:05:00 2026] DELETE /resource_providers/7c5cb9e2-8bf5-4a75-b5c0-2e5f0f43d314 => generated 246 bytes in 11 msecs (HTTP/1.1 404) 6 headers in 231 bytes (1 switches on core 0)
2026-07-16 08:05:00.263 7 INFO placement.requestlog [None req-6ee4e7b7-332d-4263-a420-f780bb100653 da3335830fe748cc9f0cc0186319f68a d04a53c6d56f4dddb4649203560d8059 - - 6ebf86b80b4c4fd0a6d20164871db72a 6ebf86b80b4c4fd0a6d20164871db72a] 10.0.0.166 "GET /resource_providers/955c9c9a-dd51-48f7-97ab-fdffc5923a2d/aggregates" status: 404 len: 235 microversion: 1.1 [pid: 7|app: 0|req: 464/921] 10.0.0.166 () {32 vars in 816 bytes} [Thu Jul 16 08:05:00 2026] GET /resource_providers/955c9c9a-dd51-48f7-97ab-fdffc5923a2d/aggregates => generated 235 bytes in 9 msecs (HTTP/1.1 404) 5 headers in 202 bytes (1 switches on core 0)
2026-07-16 08:05:00.283 8 INFO placement.requestlog [None req-86174ebd-f8b5-46f3-bb33-42a23ef423e5 da3335830fe748cc9f0cc0186319f68a d04a53c6d56f4dddb4649203560d8059 - - 6ebf86b80b4c4fd0a6d20164871db72a 6ebf86b80b4c4fd0a6d20164871db72a] 10.0.0.166 "GET /resource_providers/955c9c9a-dd51-48f7-97ab-fdffc5923a2d/aggregates" status: 404 len: 235 microversion: 1.1 [pid: 8|app: 0|req: 458/922] 10.0.0.166 () {32 vars in 816 bytes} [Thu Jul 16 08:05:00 2026] GET /resource_providers/955c9c9a-dd51-48f7-97ab-fdffc5923a2d/aggregates => generated 235 bytes in 9 msecs (HTTP/1.1 404) 5 headers in 202 bytes (1 switches on core 0)
2026-07-16 08:05:00.288 7 INFO placement.requestlog [None req-8768df1e-c6ed-44ff-a09b-35c21191ecf3 da3335830fe748cc9f0cc0186319f68a d04a53c6d56f4dddb4649203560d8059 - - 6ebf86b80b4c4fd0a6d20164871db72a 6ebf86b80b4c4fd0a6d20164871db72a] 10.0.0.166 "DELETE /resource_providers/955c9c9a-dd51-48f7-97ab-fdffc5923a2d" status: 404 len: 246 microversion: 1.1 [pid: 7|app: 0|req: 465/923] 10.0.0.166 () {34 vars in 816 bytes} [Thu Jul 16 08:05:00 2026] DELETE /resource_providers/955c9c9a-dd51-48f7-97ab-fdffc5923a2d => generated 246 bytes in 11 msecs (HTTP/1.1 404) 6 headers in 231 bytes (1 switches on core 0)
2026-07-16 08:05:00.302 8 INFO placement.requestlog [None req-3f7e684b-e8b1-4227-925a-ee29a0260718 da3335830fe748cc9f0cc0186319f68a d04a53c6d56f4dddb4649203560d8059 - - 6ebf86b80b4c4fd0a6d20164871db72a 6ebf86b80b4c4fd0a6d20164871db72a] 10.0.0.166 "DELETE /resource_providers/955c9c9a-dd51-48f7-97ab-fdffc5923a2d" status: 404 len: 246 microversion: 1.1 [pid: 8|app: 0|req: 459/924] 10.0.0.166 () {34 vars in 816 bytes} [Thu Jul 16 08:05:00 2026] DELETE /resource_providers/955c9c9a-dd51-48f7-97ab-fdffc5923a2d => generated 246 bytes in 9 msecs (HTTP/1.1 404) 6 headers in 231 bytes (1 switches on core 0)
2026-07-16 08:05:00.774 7 INFO placement.requestlog [req-bcd2a76f-dd6a-49a2-9161-545ad94e1a2a req-42ec0215-26aa-4ae2-aefa-4234afbd0f6c e99d59f3b82f4534bbdb11bdc52f6e7a d04a53c6d56f4dddb4649203560d8059 - - 6ebf86b80b4c4fd0a6d20164871db72a 6ebf86b80b4c4fd0a6d20164871db72a] 10.0.0.239 "GET /allocation_candidates?limit=1000&resources=DISK_GB%3A1%2CMEMORY_MB%3A512%2CVCPU%3A1&root_required=%21COMPUTE_STATUS_DISABLED" status: 200 len: 2783 microversion: 1.36 [pid: 7|app: 0|req: 466/925] 10.0.0.239 () {34 vars in 1012 bytes} [Thu Jul 16 08:05:00 2026] GET /allocation_candidates?limit=1000&resources=DISK_GB%3A1%2CMEMORY_MB%3A512%2CVCPU%3A1&root_required=%21COMPUTE_STATUS_DISABLED => generated 2783 bytes in 49 msecs (HTTP/1.1 200) 8 headers in 297 bytes (1 switches on core 0)
2026-07-16 08:05:00.818 8 INFO placement.requestlog [req-bcd2a76f-dd6a-49a2-9161-545ad94e1a2a req-05dc0e3b-1ed7-4a6b-97bf-34d74c219f09 e99d59f3b82f4534bbdb11bdc52f6e7a d04a53c6d56f4dddb4649203560d8059 - - 6ebf86b80b4c4fd0a6d20164871db72a 6ebf86b80b4c4fd0a6d20164871db72a] 10.0.0.239 "GET /allocations/40179bfb-01b1-4329-8f74-425cb450551f" status: 200 len: 19 microversion: 1.28 [pid: 8|app: 0|req: 460/926] 10.0.0.239 () {34 vars in 861 bytes} [Thu Jul 16 08:05:00 2026] GET /allocations/40179bfb-01b1-4329-8f74-425cb450551f => generated 19 bytes in 24 msecs (HTTP/1.1 200) 8 headers in 295 bytes (1 switches on core 0)
2026-07-16 08:05:00.906 7 INFO placement.requestlog [req-bcd2a76f-dd6a-49a2-9161-545ad94e1a2a req-f59a26d0-f2b4-42f7-ac5c-ff065dbbc15f e99d59f3b82f4534bbdb11bdc52f6e7a d04a53c6d56f4dddb4649203560d8059 - - 6ebf86b80b4c4fd0a6d20164871db72a 6ebf86b80b4c4fd0a6d20164871db72a] 10.0.0.239 "PUT /allocations/40179bfb-01b1-4329-8f74-425cb450551f" status: 204 len: 0 microversion: 1.36 [pid: 7|app: 0|req: 467/927] 10.0.0.239 () {38 vars in 914 bytes} [Thu Jul 16 08:05:00 2026] PUT /allocations/40179bfb-01b1-4329-8f74-425cb450551f => generated 0 bytes in 82 msecs (HTTP/1.1 204) 5 headers in 199 bytes (1 switches on core 0)
2026-07-16 08:05:01.112 8 INFO placement.requestlog [req-4619a6e6-dccc-4597-96d0-44a0ba059b2f req-ae5a99ad-8c8d-4060-9096-3cf79f61efbe e99d59f3b82f4534bbdb11bdc52f6e7a d04a53c6d56f4dddb4649203560d8059 - - 6ebf86b80b4c4fd0a6d20164871db72a 6ebf86b80b4c4fd0a6d20164871db72a] 199.204.45.89 "GET /resource_providers/9c4bdb8a-784e-4bef-aadb-e6454d5871a3/allocations" status: 200 len: 253 microversion: 1.0 [pid: 8|app: 0|req: 461/928] 199.204.45.89 () {32 vars in 856 bytes} [Thu Jul 16 08:05:01 2026] GET /resource_providers/9c4bdb8a-784e-4bef-aadb-e6454d5871a3/allocations => generated 253 bytes in 23 msecs (HTTP/1.1 200) 6 headers in 224 bytes (1 switches on core 0)
2026-07-16 08:05:01.140 7 INFO placement.requestlog [req-4619a6e6-dccc-4597-96d0-44a0ba059b2f req-a488133c-a734-4542-81df-cd617b1a64e0 e99d59f3b82f4534bbdb11bdc52f6e7a d04a53c6d56f4dddb4649203560d8059 - - 6ebf86b80b4c4fd0a6d20164871db72a 6ebf86b80b4c4fd0a6d20164871db72a] 199.204.45.89 "GET /allocations/a34fcff1-08a7-4db5-902e-ff3ecba6e410" status: 200 len: 258 microversion: 1.28 [pid: 7|app: 0|req: 468/929] 199.204.45.89 () {34 vars in 862 bytes} [Thu Jul 16 08:05:01 2026] GET /allocations/a34fcff1-08a7-4db5-902e-ff3ecba6e410 => generated 258 bytes in 20 msecs (HTTP/1.1 200) 8 headers in 296 bytes (1 switches on core 0)
2026-07-16 08:05:01.165 8 INFO placement.requestlog [req-4619a6e6-dccc-4597-96d0-44a0ba059b2f req-1366a66d-f550-4368-a6d5-4ba3c7ef718a e99d59f3b82f4534bbdb11bdc52f6e7a d04a53c6d56f4dddb4649203560d8059 - - 6ebf86b80b4c4fd0a6d20164871db72a 6ebf86b80b4c4fd0a6d20164871db72a] 199.204.45.89 "GET /allocations/40179bfb-01b1-4329-8f74-425cb450551f" status: 200 len: 258 microversion: 1.28 [pid: 8|app: 0|req: 462/930] 199.204.45.89 () {34 vars in 862 bytes} [Thu Jul 16 08:05:01 2026] GET /allocations/40179bfb-01b1-4329-8f74-425cb450551f => generated 258 bytes in 17 msecs (HTTP/1.1 200) 8 headers in 296 bytes (1 switches on core 0)
2026-07-16 08:05:02.442 7 INFO placement.requestlog [req-bcd2a76f-dd6a-49a2-9161-545ad94e1a2a req-dc835988-5daa-440a-af82-80baa81b117b e99d59f3b82f4534bbdb11bdc52f6e7a d04a53c6d56f4dddb4649203560d8059 - - 6ebf86b80b4c4fd0a6d20164871db72a 6ebf86b80b4c4fd0a6d20164871db72a] 199.204.45.89 "GET /allocations/40179bfb-01b1-4329-8f74-425cb450551f" status: 200 len: 258 microversion: 1.28 [pid: 7|app: 0|req: 469/931] 199.204.45.89 () {34 vars in 862 bytes} [Thu Jul 16 08:05:02 2026] GET /allocations/40179bfb-01b1-4329-8f74-425cb450551f => generated 258 bytes in 15 msecs (HTTP/1.1 200) 8 headers in 296 bytes (1 switches on core 0)
2026-07-16 08:05:03.493 8 INFO placement.requestlog [req-bcd2a76f-dd6a-49a2-9161-545ad94e1a2a req-ec585dd0-772a-42e1-952d-a9294ecf799d e99d59f3b82f4534bbdb11bdc52f6e7a d04a53c6d56f4dddb4649203560d8059 - - 6ebf86b80b4c4fd0a6d20164871db72a 6ebf86b80b4c4fd0a6d20164871db72a] 199.204.45.89 "GET /resource_providers/9c4bdb8a-784e-4bef-aadb-e6454d5871a3/allocations" status: 200 len: 253 microversion: 1.0 [pid: 8|app: 0|req: 463/932] 199.204.45.89 () {32 vars in 856 bytes} [Thu Jul 16 08:05:03 2026] GET /resource_providers/9c4bdb8a-784e-4bef-aadb-e6454d5871a3/allocations => generated 253 bytes in 14 msecs (HTTP/1.1 200) 6 headers in 224 bytes (1 switches on core 0)
2026-07-16 08:05:03.517 7 INFO placement.requestlog [req-bcd2a76f-dd6a-49a2-9161-545ad94e1a2a req-210f7986-7d95-4e80-a161-2ed673fd9630 e99d59f3b82f4534bbdb11bdc52f6e7a d04a53c6d56f4dddb4649203560d8059 - - 6ebf86b80b4c4fd0a6d20164871db72a 6ebf86b80b4c4fd0a6d20164871db72a] 199.204.45.89 "GET /allocations/a34fcff1-08a7-4db5-902e-ff3ecba6e410" status: 200 len: 258 microversion: 1.28 [pid: 7|app: 0|req: 470/933] 199.204.45.89 () {34 vars in 862 bytes} [Thu Jul 16 08:05:03 2026] GET /allocations/a34fcff1-08a7-4db5-902e-ff3ecba6e410 => generated 258 bytes in 14 msecs (HTTP/1.1 200) 8 headers in 296 bytes (1 switches on core 0)
2026-07-16 08:05:03.536 8 INFO placement.requestlog [req-bcd2a76f-dd6a-49a2-9161-545ad94e1a2a req-33a6f95b-e138-496f-b929-7e4836562b0f e99d59f3b82f4534bbdb11bdc52f6e7a d04a53c6d56f4dddb4649203560d8059 - - 6ebf86b80b4c4fd0a6d20164871db72a 6ebf86b80b4c4fd0a6d20164871db72a] 199.204.45.89 "GET /allocations/40179bfb-01b1-4329-8f74-425cb450551f" status: 200 len: 258 microversion: 1.28 [pid: 8|app: 0|req: 464/934] 199.204.45.89 () {34 vars in 862 bytes} [Thu Jul 16 08:05:03 2026] GET /allocations/40179bfb-01b1-4329-8f74-425cb450551f => generated 258 bytes in 13 msecs (HTTP/1.1 200) 8 headers in 296 bytes (1 switches on core 0)
2026-07-16 08:05:03.920 8 INFO placement.requestlog [None req-a9de8261-3f3d-436a-885f-7b5d20c556bf - - - - - -] 10.0.0.152 "GET /" status: 200 len: 136 microversion: 1.0
2026-07-16 08:05:03.920 7 INFO placement.requestlog [None req-ffbfd0bb-d8d9-4ac7-8ef7-90d9d521ffd6 - - - - - -] 10.0.0.152 "GET /" status: 200 len: 136 microversion: 1.0
2026-07-16 08:05:05.191 8 INFO placement.requestlog [req-4619a6e6-dccc-4597-96d0-44a0ba059b2f req-b63f0099-c730-4717-94a3-c4b5d8a82a97 e99d59f3b82f4534bbdb11bdc52f6e7a d04a53c6d56f4dddb4649203560d8059 - - 6ebf86b80b4c4fd0a6d20164871db72a 6ebf86b80b4c4fd0a6d20164871db72a] 199.204.45.89 "DELETE /allocations/a34fcff1-08a7-4db5-902e-ff3ecba6e410" status: 204 len: 0 microversion: 1.0 [pid: 8|app: 0|req: 466/937] 199.204.45.89 () {34 vars in 840 bytes} [Thu Jul 16 08:05:05 2026] DELETE /allocations/a34fcff1-08a7-4db5-902e-ff3ecba6e410 => generated 0 bytes in 21 msecs (HTTP/1.1 204) 5 headers in 198 bytes (1 switches on core 0)
2026-07-16 08:05:08.270 7 INFO placement.requestlog [req-b44341ee-ed22-4aae-8a55-58697b70608b req-a4077c59-8bbf-43d0-be80-7b95bcefe750 e99d59f3b82f4534bbdb11bdc52f6e7a d04a53c6d56f4dddb4649203560d8059 - - 6ebf86b80b4c4fd0a6d20164871db72a 6ebf86b80b4c4fd0a6d20164871db72a] 10.0.0.164 "DELETE /allocations/a34fcff1-08a7-4db5-902e-ff3ecba6e410" status: 404 len: 228 microversion: 1.0 [pid: 7|app: 0|req: 472/938] 10.0.0.164 () {34 vars in 830 bytes} [Thu Jul 16 08:05:08 2026] DELETE /allocations/a34fcff1-08a7-4db5-902e-ff3ecba6e410 => generated 228 bytes in 16 msecs (HTTP/1.1 404) 6 headers in 231 bytes (1 switches on core 0)
2026-07-16 08:05:12.474 8 INFO placement.requestlog [None req-8656e8dc-e86c-4b9d-869e-f1c313fab1b4 da3335830fe748cc9f0cc0186319f68a d04a53c6d56f4dddb4649203560d8059 - - 6ebf86b80b4c4fd0a6d20164871db72a 6ebf86b80b4c4fd0a6d20164871db72a] 10.0.0.166 "GET /resource_providers/c1e4f49f-66ce-4f14-9b40-10d6fe0d5e2c/aggregates" status: 404 len: 235 microversion: 1.1 [pid: 8|app: 0|req: 467/939] 10.0.0.166 () {32 vars in 816 bytes} [Thu Jul 16 08:05:12 2026] GET /resource_providers/c1e4f49f-66ce-4f14-9b40-10d6fe0d5e2c/aggregates => generated 235 bytes in 9 msecs (HTTP/1.1 404) 5 headers in 202 bytes (1 switches on core 0)
2026-07-16 08:05:12.477 7 INFO placement.requestlog [None req-3b55697f-7742-434e-b1b2-78393733b811 da3335830fe748cc9f0cc0186319f68a d04a53c6d56f4dddb4649203560d8059 - - 6ebf86b80b4c4fd0a6d20164871db72a 6ebf86b80b4c4fd0a6d20164871db72a] 10.0.0.166 "GET /resource_providers/c1e4f49f-66ce-4f14-9b40-10d6fe0d5e2c/aggregates" status: 404 len: 235 microversion: 1.1 [pid: 7|app: 0|req: 473/940] 10.0.0.166 () {32 vars in 816 bytes} [Thu Jul 16 08:05:12 2026] GET /resource_providers/c1e4f49f-66ce-4f14-9b40-10d6fe0d5e2c/aggregates => generated 235 bytes in 8 msecs (HTTP/1.1 404) 5 headers in 202 bytes (1 switches on core 0)
2026-07-16 08:05:12.499 7 INFO placement.requestlog [None req-81c777fd-1df9-4c8f-ad47-eddaf867cbbd da3335830fe748cc9f0cc0186319f68a d04a53c6d56f4dddb4649203560d8059 - - 6ebf86b80b4c4fd0a6d20164871db72a 6ebf86b80b4c4fd0a6d20164871db72a] 10.0.0.166 "DELETE /resource_providers/c1e4f49f-66ce-4f14-9b40-10d6fe0d5e2c" status: 404 len: 246 microversion: 1.1 [pid: 7|app: 0|req: 474/941] 10.0.0.166 () {34 vars in 816 bytes} [Thu Jul 16 08:05:12 2026] DELETE /resource_providers/c1e4f49f-66ce-4f14-9b40-10d6fe0d5e2c => generated 246 bytes in 10 msecs (HTTP/1.1 404) 6 headers in 231 bytes (1 switches on core 0)
2026-07-16 08:05:12.501 8 INFO placement.requestlog [None req-ad5b2eff-3361-4d0d-a1c0-3a5d15c8496c da3335830fe748cc9f0cc0186319f68a d04a53c6d56f4dddb4649203560d8059 - - 6ebf86b80b4c4fd0a6d20164871db72a 6ebf86b80b4c4fd0a6d20164871db72a] 10.0.0.166 "DELETE /resource_providers/c1e4f49f-66ce-4f14-9b40-10d6fe0d5e2c" status: 404 len: 246 microversion: 1.1 [pid: 8|app: 0|req: 468/942] 10.0.0.166 () {34 vars in 816 bytes} [Thu Jul 16 08:05:12 2026] DELETE /resource_providers/c1e4f49f-66ce-4f14-9b40-10d6fe0d5e2c => generated 246 bytes in 14 msecs (HTTP/1.1 404) 6 headers in 231 bytes (1 switches on core 0)
2026-07-16 08:05:12.518 7 INFO placement.requestlog [req-8a6cb27c-3f9f-4bca-99eb-58e82ba65603 req-7de370e7-7234-4953-aa17-a202fa51adfd e99d59f3b82f4534bbdb11bdc52f6e7a d04a53c6d56f4dddb4649203560d8059 - - 6ebf86b80b4c4fd0a6d20164871db72a 6ebf86b80b4c4fd0a6d20164871db72a] 199.204.45.89 "GET /resource_providers/9c4bdb8a-784e-4bef-aadb-e6454d5871a3/allocations" status: 200 len: 153 microversion: 1.0 [pid: 7|app: 0|req: 475/943] 199.204.45.89 () {32 vars in 856 bytes} [Thu Jul 16 08:05:12 2026] GET /resource_providers/9c4bdb8a-784e-4bef-aadb-e6454d5871a3/allocations => generated 153 bytes in 19 msecs (HTTP/1.1 200) 6 headers in 224 bytes (1 switches on core 0)
2026-07-16 08:05:12.546 8 INFO placement.requestlog [req-8a6cb27c-3f9f-4bca-99eb-58e82ba65603 req-e0b9b9ce-9e4a-4c4c-a531-bde80a705595 e99d59f3b82f4534bbdb11bdc52f6e7a d04a53c6d56f4dddb4649203560d8059 - - 6ebf86b80b4c4fd0a6d20164871db72a 6ebf86b80b4c4fd0a6d20164871db72a] 199.204.45.89 "GET /resource_providers/9c4bdb8a-784e-4bef-aadb-e6454d5871a3/allocations" status: 200 len: 153 microversion: 1.0 [pid: 8|app: 0|req: 469/944] 199.204.45.89 () {32 vars in 856 bytes} [Thu Jul 16 08:05:12 2026] GET /resource_providers/9c4bdb8a-784e-4bef-aadb-e6454d5871a3/allocations => generated 153 bytes in 21 msecs (HTTP/1.1 200) 6 headers in 224 bytes (1 switches on core 0)
2026-07-16 08:05:12.566 7 INFO placement.requestlog [req-8a6cb27c-3f9f-4bca-99eb-58e82ba65603 req-0397f22d-a792-4e40-a88f-b1627437ddda e99d59f3b82f4534bbdb11bdc52f6e7a d04a53c6d56f4dddb4649203560d8059 - - 6ebf86b80b4c4fd0a6d20164871db72a 6ebf86b80b4c4fd0a6d20164871db72a] 199.204.45.89 "GET /allocations/40179bfb-01b1-4329-8f74-425cb450551f" status: 200 len: 258 microversion: 1.28 [pid: 7|app: 0|req: 476/945] 199.204.45.89 () {34 vars in 862 bytes} [Thu Jul 16 08:05:12 2026] GET /allocations/40179bfb-01b1-4329-8f74-425cb450551f => generated 258 bytes in 15 msecs (HTTP/1.1 200) 8 headers in 296 bytes (1 switches on core 0)
2026-07-16 08:05:12.613 8 INFO placement.requestlog [req-fb4664da-f7e2-4230-aae4-aa831973926a req-dcadee65-f1eb-4bc6-9289-87fd8c40e814 e99d59f3b82f4534bbdb11bdc52f6e7a d04a53c6d56f4dddb4649203560d8059 - - 6ebf86b80b4c4fd0a6d20164871db72a 6ebf86b80b4c4fd0a6d20164871db72a] 10.0.0.239 "GET /allocation_candidates?limit=1000&resources=DISK_GB%3A1%2CMEMORY_MB%3A512%2CVCPU%3A1&root_required=%21COMPUTE_STATUS_DISABLED" status: 200 len: 2783 microversion: 1.36 [pid: 8|app: 0|req: 470/946] 10.0.0.239 () {34 vars in 1012 bytes} [Thu Jul 16 08:05:12 2026] GET /allocation_candidates?limit=1000&resources=DISK_GB%3A1%2CMEMORY_MB%3A512%2CVCPU%3A1&root_required=%21COMPUTE_STATUS_DISABLED => generated 2783 bytes in 43 msecs (HTTP/1.1 200) 8 headers in 297 bytes (1 switches on core 0)
2026-07-16 08:05:12.653 7 INFO placement.requestlog [req-fb4664da-f7e2-4230-aae4-aa831973926a req-e2c69515-38c6-4206-b971-acd9bfbd0351 e99d59f3b82f4534bbdb11bdc52f6e7a d04a53c6d56f4dddb4649203560d8059 - - 6ebf86b80b4c4fd0a6d20164871db72a 6ebf86b80b4c4fd0a6d20164871db72a] 10.0.0.239 "GET /allocations/5ef911f2-ef3e-4941-bea0-49d8a16c38e3" status: 200 len: 19 microversion: 1.28 [pid: 7|app: 0|req: 477/947] 10.0.0.239 () {34 vars in 861 bytes} [Thu Jul 16 08:05:12 2026] GET /allocations/5ef911f2-ef3e-4941-bea0-49d8a16c38e3 => generated 19 bytes in 11 msecs (HTTP/1.1 200) 8 headers in 295 bytes (1 switches on core 0)
2026-07-16 08:05:12.741 8 INFO placement.requestlog [req-fb4664da-f7e2-4230-aae4-aa831973926a req-d3687ac1-946f-41c2-bed4-97f460e2e066 e99d59f3b82f4534bbdb11bdc52f6e7a d04a53c6d56f4dddb4649203560d8059 - - 6ebf86b80b4c4fd0a6d20164871db72a 6ebf86b80b4c4fd0a6d20164871db72a] 10.0.0.239 "PUT /allocations/5ef911f2-ef3e-4941-bea0-49d8a16c38e3" status: 204 len: 0 microversion: 1.36 [pid: 8|app: 0|req: 471/948] 10.0.0.239 () {38 vars in 914 bytes} [Thu Jul 16 08:05:12 2026] PUT /allocations/5ef911f2-ef3e-4941-bea0-49d8a16c38e3 => generated 0 bytes in 81 msecs (HTTP/1.1 204) 5 headers in 199 bytes (1 switches on core 0)
2026-07-16 08:05:13.919 7 INFO placement.requestlog [None req-8c7469e3-cc2f-4ac8-a923-f3817460d326 - - - - - -] 10.0.0.152 "GET /" status: 200 len: 136 microversion: 1.0
2026-07-16 08:05:13.922 8 INFO placement.requestlog [None req-b55c4d79-9177-4b87-803a-9cf22bc56591 - - - - - -] 10.0.0.152 "GET /" status: 200 len: 136 microversion: 1.0
2026-07-16 08:05:14.247 7 INFO placement.requestlog [req-bcd2a76f-dd6a-49a2-9161-545ad94e1a2a req-57e8d6a4-e1f8-4c1f-a658-18e77edda4cb e99d59f3b82f4534bbdb11bdc52f6e7a d04a53c6d56f4dddb4649203560d8059 - - 6ebf86b80b4c4fd0a6d20164871db72a 6ebf86b80b4c4fd0a6d20164871db72a] 199.204.45.89 "GET /resource_providers/9c4bdb8a-784e-4bef-aadb-e6454d5871a3/allocations" status: 200 len: 253 microversion: 1.0 [pid: 7|app: 0|req: 479/951] 199.204.45.89 () {32 vars in 856 bytes} [Thu Jul 16 08:05:14 2026] GET /resource_providers/9c4bdb8a-784e-4bef-aadb-e6454d5871a3/allocations => generated 253 bytes in 19 msecs (HTTP/1.1 200) 6 headers in 224 bytes (1 switches on core 0)
2026-07-16 08:05:14.272 8 INFO placement.requestlog [req-bcd2a76f-dd6a-49a2-9161-545ad94e1a2a req-56dde662-3a33-491e-a2e8-76a0a154b707 e99d59f3b82f4534bbdb11bdc52f6e7a d04a53c6d56f4dddb4649203560d8059 - - 6ebf86b80b4c4fd0a6d20164871db72a 6ebf86b80b4c4fd0a6d20164871db72a] 199.204.45.89 "GET /allocations/40179bfb-01b1-4329-8f74-425cb450551f" status: 200 len: 258 microversion: 1.28 [pid: 8|app: 0|req: 473/952] 199.204.45.89 () {34 vars in 862 bytes} [Thu Jul 16 08:05:14 2026] GET /allocations/40179bfb-01b1-4329-8f74-425cb450551f => generated 258 bytes in 17 msecs (HTTP/1.1 200) 8 headers in 296 bytes (1 switches on core 0)
2026-07-16 08:05:14.290 7 INFO placement.requestlog [req-fb4664da-f7e2-4230-aae4-aa831973926a req-e384285a-055c-40a5-8263-24cef82458ee e99d59f3b82f4534bbdb11bdc52f6e7a d04a53c6d56f4dddb4649203560d8059 - - 6ebf86b80b4c4fd0a6d20164871db72a 6ebf86b80b4c4fd0a6d20164871db72a] 199.204.45.89 "GET /allocations/5ef911f2-ef3e-4941-bea0-49d8a16c38e3" status: 200 len: 258 microversion: 1.28 [pid: 7|app: 0|req: 480/953] 199.204.45.89 () {34 vars in 862 bytes} [Thu Jul 16 08:05:14 2026] GET /allocations/5ef911f2-ef3e-4941-bea0-49d8a16c38e3 => generated 258 bytes in 18 msecs (HTTP/1.1 200) 8 headers in 296 bytes (1 switches on core 0)
