2026-07-16 07:59:05.158 8 INFO placement.requestlog [req-9e28ea30-443f-40c6-8222-40753abd6b28 req-084dcd2d-15ab-4a92-8357-6b6cc90bd7b8 e99d59f3b82f4534bbdb11bdc52f6e7a d04a53c6d56f4dddb4649203560d8059 - - 6ebf86b80b4c4fd0a6d20164871db72a 6ebf86b80b4c4fd0a6d20164871db72a] 199.204.45.89 "GET /resource_providers/9c4bdb8a-784e-4bef-aadb-e6454d5871a3/inventories" status: 200 len: 400 microversion: 1.0 [pid: 8|app: 0|req: 292/582] 199.204.45.89 () {32 vars in 856 bytes} [Thu Jul 16 07:59:05 2026] GET /resource_providers/9c4bdb8a-784e-4bef-aadb-e6454d5871a3/inventories => generated 400 bytes in 14 msecs (HTTP/1.1 200) 6 headers in 224 bytes (1 switches on core 0)
2026-07-16 07:59:05.178 7 INFO placement.requestlog [req-9e28ea30-443f-40c6-8222-40753abd6b28 req-386a4b37-d67b-4cc5-9a86-b438d2ab33f8 e99d59f3b82f4534bbdb11bdc52f6e7a d04a53c6d56f4dddb4649203560d8059 - - 6ebf86b80b4c4fd0a6d20164871db72a 6ebf86b80b4c4fd0a6d20164871db72a] 199.204.45.89 "GET /resource_providers/9c4bdb8a-784e-4bef-aadb-e6454d5871a3/aggregates" status: 200 len: 53 microversion: 1.19 [pid: 7|app: 0|req: 291/583] 199.204.45.89 () {34 vars in 898 bytes} [Thu Jul 16 07:59:05 2026] GET /resource_providers/9c4bdb8a-784e-4bef-aadb-e6454d5871a3/aggregates => generated 53 bytes in 11 msecs (HTTP/1.1 200) 8 headers in 295 bytes (1 switches on core 0)
2026-07-16 07:59:05.204 8 INFO placement.requestlog [req-9e28ea30-443f-40c6-8222-40753abd6b28 req-625cc1af-28bb-47a9-ae0a-4b275b130b99 e99d59f3b82f4534bbdb11bdc52f6e7a d04a53c6d56f4dddb4649203560d8059 - - 6ebf86b80b4c4fd0a6d20164871db72a 6ebf86b80b4c4fd0a6d20164871db72a] 199.204.45.89 "GET /resource_providers/9c4bdb8a-784e-4bef-aadb-e6454d5871a3/traits" status: 200 len: 2316 microversion: 1.6 [pid: 8|app: 0|req: 293/584] 199.204.45.89 () {34 vars in 889 bytes} [Thu Jul 16 07:59:05 2026] GET /resource_providers/9c4bdb8a-784e-4bef-aadb-e6454d5871a3/traits => generated 2316 bytes in 20 msecs (HTTP/1.1 200) 6 headers in 225 bytes (1 switches on core 0)
2026-07-16 07:59:05.224 7 INFO placement.requestlog [req-9e28ea30-443f-40c6-8222-40753abd6b28 req-92d4c483-bace-4ef5-9522-e04acc96580a e99d59f3b82f4534bbdb11bdc52f6e7a d04a53c6d56f4dddb4649203560d8059 - - 6ebf86b80b4c4fd0a6d20164871db72a 6ebf86b80b4c4fd0a6d20164871db72a] 199.204.45.89 "GET /resource_providers/9c4bdb8a-784e-4bef-aadb-e6454d5871a3/allocations" status: 200 len: 54 microversion: 1.0 [pid: 7|app: 0|req: 292/585] 199.204.45.89 () {32 vars in 856 bytes} [Thu Jul 16 07:59:05 2026] GET /resource_providers/9c4bdb8a-784e-4bef-aadb-e6454d5871a3/allocations => generated 54 bytes in 14 msecs (HTTP/1.1 200) 6 headers in 223 bytes (1 switches on core 0)
2026-07-16 07:59:13.919 8 INFO placement.requestlog [None req-939531aa-3115-4761-9ca0-8ffb8b0d8346 - - - - - -] 10.0.0.152 "GET /" status: 200 len: 136 microversion: 1.0
2026-07-16 07:59:13.920 7 INFO placement.requestlog [None req-0d058e19-484b-41c1-915b-98ee157654ae - - - - - -] 10.0.0.152 "GET /" status: 200 len: 136 microversion: 1.0
2026-07-16 07:59:23.919 8 INFO placement.requestlog [None req-826d868b-0133-43ee-bca8-0308d3a53c56 - - - - - -] 10.0.0.152 "GET /" status: 200 len: 136 microversion: 1.0
2026-07-16 07:59:23.921 7 INFO placement.requestlog [None req-f0ead27f-049d-452a-a835-794206459088 - - - - - -] 10.0.0.152 "GET /" status: 200 len: 136 microversion: 1.0
2026-07-16 07:59:33.920 7 INFO placement.requestlog [None req-6e60ddb1-0a96-4033-a2db-bfd9e4b5fbe2 - - - - - -] 10.0.0.152 "GET /" status: 200 len: 136 microversion: 1.0
2026-07-16 07:59:33.920 8 INFO placement.requestlog [None req-d38b09e2-6e00-410f-8acb-14a6d6784b6a - - - - - -] 10.0.0.152 "GET /" status: 200 len: 136 microversion: 1.0
2026-07-16 07:59:43.920 8 INFO placement.requestlog [None req-0262f634-ce66-4451-bb7e-dc0e29cdb989 - - - - - -] 10.0.0.152 "GET /" status: 200 len: 136 microversion: 1.0
2026-07-16 07:59:43.920 7 INFO placement.requestlog [None req-cef68bb9-146e-4a99-853b-b4e0bb243a23 - - - - - -] 10.0.0.152 "GET /" status: 200 len: 136 microversion: 1.0
2026-07-16 07:59:53.919 7 INFO placement.requestlog [None req-dce13d12-94df-49e0-a0ce-2f30b3d3a024 - - - - - -] 10.0.0.152 "GET /" status: 200 len: 136 microversion: 1.0
2026-07-16 07:59:53.919 8 INFO placement.requestlog [None req-9be5b6ab-99ec-4c85-972c-e007e4e39925 - - - - - -] 10.0.0.152 "GET /" status: 200 len: 136 microversion: 1.0
2026-07-16 08:00:03.921 8 INFO placement.requestlog [None req-a88e8c74-7103-4fb4-ad55-d8b304949dd0 - - - - - -] 10.0.0.152 "GET /" status: 200 len: 136 microversion: 1.0
2026-07-16 08:00:03.921 7 INFO placement.requestlog [None req-c9aab3f2-e560-4206-973a-da65304f7299 - - - - - -] 10.0.0.152 "GET /" status: 200 len: 136 microversion: 1.0
2026-07-16 08:00:04.990 8 INFO placement.requestlog [req-f3bb61c6-ed81-4f44-87dd-e5b691ce56a8 req-809d8e20-6122-43db-9952-cf793c495122 e99d59f3b82f4534bbdb11bdc52f6e7a d04a53c6d56f4dddb4649203560d8059 - - 6ebf86b80b4c4fd0a6d20164871db72a 6ebf86b80b4c4fd0a6d20164871db72a] 199.204.45.89 "GET /resource_providers/9c4bdb8a-784e-4bef-aadb-e6454d5871a3/allocations" status: 200 len: 54 microversion: 1.0 [pid: 8|app: 0|req: 300/598] 199.204.45.89 () {32 vars in 856 bytes} [Thu Jul 16 08:00:04 2026] GET /resource_providers/9c4bdb8a-784e-4bef-aadb-e6454d5871a3/allocations => generated 54 bytes in 22 msecs (HTTP/1.1 200) 6 headers in 223 bytes (1 switches on core 0)
2026-07-16 08:00:05.025 7 INFO placement.requestlog [req-f3bb61c6-ed81-4f44-87dd-e5b691ce56a8 req-12c62a41-206d-46f5-9c71-b6192d68c46e e99d59f3b82f4534bbdb11bdc52f6e7a d04a53c6d56f4dddb4649203560d8059 - - 6ebf86b80b4c4fd0a6d20164871db72a 6ebf86b80b4c4fd0a6d20164871db72a] 199.204.45.89 "GET /resource_providers/9c4bdb8a-784e-4bef-aadb-e6454d5871a3/allocations" status: 200 len: 54 microversion: 1.0 [pid: 7|app: 0|req: 299/599] 199.204.45.89 () {32 vars in 856 bytes} [Thu Jul 16 08:00:05 2026] GET /resource_providers/9c4bdb8a-784e-4bef-aadb-e6454d5871a3/allocations => generated 54 bytes in 23 msecs (HTTP/1.1 200) 6 headers in 223 bytes (1 switches on core 0)
2026-07-16 08:00:13.919 8 INFO placement.requestlog [None req-45b3e1d5-caeb-4878-aa10-8a6d25d1d945 - - - - - -] 10.0.0.152 "GET /" status: 200 len: 136 microversion: 1.0
2026-07-16 08:00:13.919 7 INFO placement.requestlog [None req-ec602508-730e-4c94-bf3e-7f40da3577c2 - - - - - -] 10.0.0.152 "GET /" status: 200 len: 136 microversion: 1.0
2026-07-16 08:00:23.919 8 INFO placement.requestlog [None req-bd13b6ee-bf10-4cd1-9c8d-b5e7d4f6159e - - - - - -] 10.0.0.152 "GET /" status: 200 len: 136 microversion: 1.0
2026-07-16 08:00:23.920 7 INFO placement.requestlog [None req-a95ac250-f5ad-49c9-b452-dc4b08975988 - - - - - -] 10.0.0.152 "GET /" status: 200 len: 136 microversion: 1.0
2026-07-16 08:00:33.920 8 INFO placement.requestlog [None req-9fd3549b-0d87-4e7d-b940-8da015970033 - - - - - -] 10.0.0.152 "GET /" status: 200 len: 136 microversion: 1.0
2026-07-16 08:00:33.920 7 INFO placement.requestlog [None req-b431e337-e829-4d23-b495-569eb18d56a2 - - - - - -] 10.0.0.152 "GET /" status: 200 len: 136 microversion: 1.0
2026-07-16 08:00:43.919 7 INFO placement.requestlog [None req-ee8c45ba-57f8-4ece-8c25-73eb826be6fb - - - - - -] 10.0.0.152 "GET /" status: 200 len: 136 microversion: 1.0
2026-07-16 08:00:43.919 8 INFO placement.requestlog [None req-16fcd6f4-a091-490a-b70e-77a98399c7b9 - - - - - -] 10.0.0.152 "GET /" status: 200 len: 136 microversion: 1.0
2026-07-16 08:00:53.920 8 INFO placement.requestlog [None req-45c3f470-2c56-4638-be79-d5808546911a - - - - - -] 10.0.0.152 "GET /" status: 200 len: 136 microversion: 1.0
2026-07-16 08:00:53.920 7 INFO placement.requestlog [None req-406b284a-ea54-4b83-822a-e6ddfe1f23b7 - - - - - -] 10.0.0.152 "GET /" status: 200 len: 136 microversion: 1.0
2026-07-16 08:01:03.920 7 INFO placement.requestlog [None req-b48d4744-72ad-4850-a5f1-90781c6204df - - - - - -] 10.0.0.152 "GET /" status: 200 len: 136 microversion: 1.0
2026-07-16 08:01:03.920 8 INFO placement.requestlog [None req-c294cba1-d6ed-4f53-b275-97eb763700dc - - - - - -] 10.0.0.152 "GET /" status: 200 len: 136 microversion: 1.0
2026-07-16 08:01:06.979 7 INFO placement.requestlog [req-b39e59ae-80e0-4538-93ae-a3fcc4313b06 req-f38f71d7-8d97-44d1-9da6-6c4756f68cb5 e99d59f3b82f4534bbdb11bdc52f6e7a d04a53c6d56f4dddb4649203560d8059 - - 6ebf86b80b4c4fd0a6d20164871db72a 6ebf86b80b4c4fd0a6d20164871db72a] 199.204.45.89 "GET /resource_providers/9c4bdb8a-784e-4bef-aadb-e6454d5871a3/allocations" status: 200 len: 54 microversion: 1.0 [pid: 7|app: 0|req: 306/612] 199.204.45.89 () {32 vars in 856 bytes} [Thu Jul 16 08:01:06 2026] GET /resource_providers/9c4bdb8a-784e-4bef-aadb-e6454d5871a3/allocations => generated 54 bytes in 18 msecs (HTTP/1.1 200) 6 headers in 223 bytes (1 switches on core 0)
2026-07-16 08:01:07.003 8 INFO placement.requestlog [req-b39e59ae-80e0-4538-93ae-a3fcc4313b06 req-6089dd28-e546-4e57-98ef-5c0fa3e4ab8c e99d59f3b82f4534bbdb11bdc52f6e7a d04a53c6d56f4dddb4649203560d8059 - - 6ebf86b80b4c4fd0a6d20164871db72a 6ebf86b80b4c4fd0a6d20164871db72a] 199.204.45.89 "GET /resource_providers/9c4bdb8a-784e-4bef-aadb-e6454d5871a3/allocations" status: 200 len: 54 microversion: 1.0 [pid: 8|app: 0|req: 307/613] 199.204.45.89 () {32 vars in 856 bytes} [Thu Jul 16 08:01:06 2026] GET /resource_providers/9c4bdb8a-784e-4bef-aadb-e6454d5871a3/allocations => generated 54 bytes in 15 msecs (HTTP/1.1 200) 6 headers in 223 bytes (1 switches on core 0)
2026-07-16 08:01:13.919 7 INFO placement.requestlog [None req-a198cbe3-4d86-4cad-9057-66c5b194a3f5 - - - - - -] 10.0.0.152 "GET /" status: 200 len: 136 microversion: 1.0
2026-07-16 08:01:13.919 8 INFO placement.requestlog [None req-51329443-cacf-4f60-a40a-cb7ddec1ed5a - - - - - -] 10.0.0.152 "GET /" status: 200 len: 136 microversion: 1.0
2026-07-16 08:01:23.920 7 INFO placement.requestlog [None req-0e1b8d93-2bc9-482c-bd7e-8ee45a011da3 - - - - - -] 10.0.0.152 "GET /" status: 200 len: 136 microversion: 1.0
2026-07-16 08:01:23.920 8 INFO placement.requestlog [None req-e6c6391e-40fd-4238-9aa9-f7eb07005575 - - - - - -] 10.0.0.152 "GET /" status: 200 len: 136 microversion: 1.0
2026-07-16 08:01:33.919 7 INFO placement.requestlog [None req-deea01c9-7e82-4f19-b5bc-49c5316c7117 - - - - - -] 10.0.0.152 "GET /" status: 200 len: 136 microversion: 1.0
2026-07-16 08:01:33.920 8 INFO placement.requestlog [None req-863186b8-7896-4ece-ac86-aae529485722 - - - - - -] 10.0.0.152 "GET /" status: 200 len: 136 microversion: 1.0
2026-07-16 08:01:43.919 7 INFO placement.requestlog [None req-52abf0d1-bd22-4631-8288-ae4a9cb50d49 - - - - - -] 10.0.0.152 "GET /" status: 200 len: 136 microversion: 1.0
2026-07-16 08:01:43.920 8 INFO placement.requestlog [None req-03247411-e001-4b73-824b-888512233c75 - - - - - -] 10.0.0.152 "GET /" status: 200 len: 136 microversion: 1.0
2026-07-16 08:01:53.920 7 INFO placement.requestlog [None req-9bdf865a-ca4c-4e7c-ad7c-ca2e2a88c843 - - - - - -] 10.0.0.152 "GET /" status: 200 len: 136 microversion: 1.0
2026-07-16 08:01:53.921 8 INFO placement.requestlog [None req-805cb914-65ce-4def-91b1-b990863cea75 - - - - - -] 10.0.0.152 "GET /" status: 200 len: 136 microversion: 1.0
2026-07-16 08:02:03.919 7 INFO placement.requestlog [None req-081ac6af-9070-4437-a0cd-3a31bc0c50e0 - - - - - -] 10.0.0.152 "GET /" status: 200 len: 136 microversion: 1.0
2026-07-16 08:02:03.920 8 INFO placement.requestlog [None req-762b5313-c290-41b8-b287-4d336e6296cf - - - - - -] 10.0.0.152 "GET /" status: 200 len: 136 microversion: 1.0
2026-07-16 08:02:08.970 7 INFO placement.requestlog [req-779da6f4-034c-4951-9605-f8c031aeaa71 req-43ede734-368c-4b3e-a9f9-0b2eb0c7bdd1 e99d59f3b82f4534bbdb11bdc52f6e7a d04a53c6d56f4dddb4649203560d8059 - - 6ebf86b80b4c4fd0a6d20164871db72a 6ebf86b80b4c4fd0a6d20164871db72a] 199.204.45.89 "GET /resource_providers/9c4bdb8a-784e-4bef-aadb-e6454d5871a3/allocations" status: 200 len: 54 microversion: 1.0 [pid: 7|app: 0|req: 313/626] 199.204.45.89 () {32 vars in 856 bytes} [Thu Jul 16 08:02:08 2026] GET /resource_providers/9c4bdb8a-784e-4bef-aadb-e6454d5871a3/allocations => generated 54 bytes in 15 msecs (HTTP/1.1 200) 6 headers in 223 bytes (1 switches on core 0)
2026-07-16 08:02:08.996 8 INFO placement.requestlog [req-779da6f4-034c-4951-9605-f8c031aeaa71 req-63f9d92b-921d-4e57-80f0-1ad16fd91401 e99d59f3b82f4534bbdb11bdc52f6e7a d04a53c6d56f4dddb4649203560d8059 - - 6ebf86b80b4c4fd0a6d20164871db72a 6ebf86b80b4c4fd0a6d20164871db72a] 199.204.45.89 "GET /resource_providers/9c4bdb8a-784e-4bef-aadb-e6454d5871a3/allocations" status: 200 len: 54 microversion: 1.0 [pid: 8|app: 0|req: 314/627] 199.204.45.89 () {32 vars in 856 bytes} [Thu Jul 16 08:02:08 2026] GET /resource_providers/9c4bdb8a-784e-4bef-aadb-e6454d5871a3/allocations => generated 54 bytes in 18 msecs (HTTP/1.1 200) 6 headers in 223 bytes (1 switches on core 0)
2026-07-16 08:02:13.919 7 INFO placement.requestlog [None req-273e921d-72d3-40bb-bdb6-4da11f515ece - - - - - -] 10.0.0.152 "GET /" status: 200 len: 136 microversion: 1.0
2026-07-16 08:02:13.920 8 INFO placement.requestlog [None req-d5d317ea-02b2-487a-92f6-ef9cf010d119 - - - - - -] 10.0.0.152 "GET /" status: 200 len: 136 microversion: 1.0
2026-07-16 08:02:23.921 8 INFO placement.requestlog [None req-81e9815e-57f5-4b51-9f3c-4cb88ec027a3 - - - - - -] 10.0.0.152 "GET /" status: 200 len: 136 microversion: 1.0
2026-07-16 08:02:23.921 7 INFO placement.requestlog [None req-5f1b8338-dec6-43e6-9c6a-484468ca34b9 - - - - - -] 10.0.0.152 "GET /" status: 200 len: 136 microversion: 1.0
2026-07-16 08:02:26.837 8 INFO placement.requestlog [req-6af72e70-6c10-4739-9898-28994c22b757 req-5a5019f0-cec9-4e38-a3a1-612ca02dc4ce e99d59f3b82f4534bbdb11bdc52f6e7a d04a53c6d56f4dddb4649203560d8059 - - 6ebf86b80b4c4fd0a6d20164871db72a 6ebf86b80b4c4fd0a6d20164871db72a] 10.0.0.239 "GET /allocation_candidates?limit=1000&resources=DISK_GB%3A1%2CMEMORY_MB%3A512%2CVCPU%3A1&root_required=%21COMPUTE_STATUS_DISABLED" status: 200 len: 2781 microversion: 1.36 [pid: 8|app: 0|req: 317/632] 10.0.0.239 () {34 vars in 1012 bytes} [Thu Jul 16 08:02:26 2026] GET /allocation_candidates?limit=1000&resources=DISK_GB%3A1%2CMEMORY_MB%3A512%2CVCPU%3A1&root_required=%21COMPUTE_STATUS_DISABLED => generated 2781 bytes in 178 msecs (HTTP/1.1 200) 8 headers in 297 bytes (1 switches on core 0)
2026-07-16 08:02:26.879 7 INFO placement.requestlog [req-6af72e70-6c10-4739-9898-28994c22b757 req-29f9fa8f-10b6-4c6c-abda-2bac0203f2a9 e99d59f3b82f4534bbdb11bdc52f6e7a d04a53c6d56f4dddb4649203560d8059 - - 6ebf86b80b4c4fd0a6d20164871db72a 6ebf86b80b4c4fd0a6d20164871db72a] 10.0.0.239 "GET /allocations/2bf02a7c-d9a0-46f0-9b3d-f9426619377f" status: 200 len: 19 microversion: 1.28 [pid: 7|app: 0|req: 316/633] 10.0.0.239 () {34 vars in 861 bytes} [Thu Jul 16 08:02:26 2026] GET /allocations/2bf02a7c-d9a0-46f0-9b3d-f9426619377f => generated 19 bytes in 11 msecs (HTTP/1.1 200) 8 headers in 295 bytes (1 switches on core 0)
2026-07-16 08:02:26.961 8 INFO placement.requestlog [req-6af72e70-6c10-4739-9898-28994c22b757 req-9197e322-b99f-4b15-bd41-f701579d81a7 e99d59f3b82f4534bbdb11bdc52f6e7a d04a53c6d56f4dddb4649203560d8059 - - 6ebf86b80b4c4fd0a6d20164871db72a 6ebf86b80b4c4fd0a6d20164871db72a] 10.0.0.239 "PUT /allocations/2bf02a7c-d9a0-46f0-9b3d-f9426619377f" status: 204 len: 0 microversion: 1.36 [pid: 8|app: 0|req: 318/634] 10.0.0.239 () {38 vars in 914 bytes} [Thu Jul 16 08:02:26 2026] PUT /allocations/2bf02a7c-d9a0-46f0-9b3d-f9426619377f => generated 0 bytes in 76 msecs (HTTP/1.1 204) 5 headers in 199 bytes (1 switches on core 0)
2026-07-16 08:02:28.549 7 INFO placement.requestlog [req-6af72e70-6c10-4739-9898-28994c22b757 req-4bf33300-308d-4f3a-bc3c-40c6248c4cd3 e99d59f3b82f4534bbdb11bdc52f6e7a d04a53c6d56f4dddb4649203560d8059 - - 6ebf86b80b4c4fd0a6d20164871db72a 6ebf86b80b4c4fd0a6d20164871db72a] 199.204.45.89 "GET /allocations/2bf02a7c-d9a0-46f0-9b3d-f9426619377f" status: 200 len: 257 microversion: 1.28 [pid: 7|app: 0|req: 317/635] 199.204.45.89 () {34 vars in 862 bytes} [Thu Jul 16 08:02:28 2026] GET /allocations/2bf02a7c-d9a0-46f0-9b3d-f9426619377f => generated 257 bytes in 15 msecs (HTTP/1.1 200) 8 headers in 296 bytes (1 switches on core 0)
2026-07-16 08:02:29.592 8 INFO placement.requestlog [req-6af72e70-6c10-4739-9898-28994c22b757 req-7d6cfd8b-af79-4ceb-ba50-3d8c1294013d e99d59f3b82f4534bbdb11bdc52f6e7a d04a53c6d56f4dddb4649203560d8059 - - 6ebf86b80b4c4fd0a6d20164871db72a 6ebf86b80b4c4fd0a6d20164871db72a] 199.204.45.89 "GET /resource_providers/9c4bdb8a-784e-4bef-aadb-e6454d5871a3/allocations" status: 200 len: 152 microversion: 1.0 [pid: 8|app: 0|req: 319/636] 199.204.45.89 () {32 vars in 856 bytes} [Thu Jul 16 08:02:29 2026] GET /resource_providers/9c4bdb8a-784e-4bef-aadb-e6454d5871a3/allocations => generated 152 bytes in 15 msecs (HTTP/1.1 200) 6 headers in 224 bytes (1 switches on core 0)
2026-07-16 08:02:29.614 7 INFO placement.requestlog [req-6af72e70-6c10-4739-9898-28994c22b757 req-616e8741-2955-47f9-9211-00edcd7ed92d e99d59f3b82f4534bbdb11bdc52f6e7a d04a53c6d56f4dddb4649203560d8059 - - 6ebf86b80b4c4fd0a6d20164871db72a 6ebf86b80b4c4fd0a6d20164871db72a] 199.204.45.89 "GET /allocations/2bf02a7c-d9a0-46f0-9b3d-f9426619377f" status: 200 len: 257 microversion: 1.28 [pid: 7|app: 0|req: 318/637] 199.204.45.89 () {34 vars in 862 bytes} [Thu Jul 16 08:02:29 2026] GET /allocations/2bf02a7c-d9a0-46f0-9b3d-f9426619377f => generated 257 bytes in 15 msecs (HTTP/1.1 200) 8 headers in 296 bytes (1 switches on core 0)
2026-07-16 08:02:32.195 7 INFO placement.requestlog [None req-1170b205-cd98-4e30-8f9f-8a7e2a561bd6 da3335830fe748cc9f0cc0186319f68a d04a53c6d56f4dddb4649203560d8059 - - 6ebf86b80b4c4fd0a6d20164871db72a 6ebf86b80b4c4fd0a6d20164871db72a] 10.0.0.166 "GET /resource_providers/169cf426-84bd-4fe9-9cfa-f24d8555fa97/aggregates" status: 404 len: 235 microversion: 1.1 [pid: 7|app: 0|req: 319/638] 10.0.0.166 () {32 vars in 816 bytes} [Thu Jul 16 08:02:32 2026] GET /resource_providers/169cf426-84bd-4fe9-9cfa-f24d8555fa97/aggregates => generated 235 bytes in 122 msecs (HTTP/1.1 404) 5 headers in 202 bytes (1 switches on core 0)
2026-07-16 08:02:32.209 8 INFO placement.requestlog [None req-5ad6fb21-cbb2-4638-9357-d524976fc547 da3335830fe748cc9f0cc0186319f68a d04a53c6d56f4dddb4649203560d8059 - - 6ebf86b80b4c4fd0a6d20164871db72a 6ebf86b80b4c4fd0a6d20164871db72a] 10.0.0.166 "GET /resource_providers/169cf426-84bd-4fe9-9cfa-f24d8555fa97/aggregates" status: 404 len: 235 microversion: 1.1 [pid: 8|app: 0|req: 320/639] 10.0.0.166 () {32 vars in 816 bytes} [Thu Jul 16 08:02:32 2026] GET /resource_providers/169cf426-84bd-4fe9-9cfa-f24d8555fa97/aggregates => generated 235 bytes in 137 msecs (HTTP/1.1 404) 5 headers in 202 bytes (1 switches on core 0)
2026-07-16 08:02:32.218 7 INFO placement.requestlog [None req-0b57bf80-72ec-43da-a46a-f0fb8f525e46 da3335830fe748cc9f0cc0186319f68a d04a53c6d56f4dddb4649203560d8059 - - 6ebf86b80b4c4fd0a6d20164871db72a 6ebf86b80b4c4fd0a6d20164871db72a] 10.0.0.166 "DELETE /resource_providers/169cf426-84bd-4fe9-9cfa-f24d8555fa97" status: 404 len: 246 microversion: 1.1 [pid: 7|app: 0|req: 320/640] 10.0.0.166 () {34 vars in 816 bytes} [Thu Jul 16 08:02:32 2026] DELETE /resource_providers/169cf426-84bd-4fe9-9cfa-f24d8555fa97 => generated 246 bytes in 13 msecs (HTTP/1.1 404) 6 headers in 231 bytes (1 switches on core 0)
2026-07-16 08:02:32.225 8 INFO placement.requestlog [None req-b6bb581f-964b-4db7-bb37-62c426e0d2c5 da3335830fe748cc9f0cc0186319f68a d04a53c6d56f4dddb4649203560d8059 - - 6ebf86b80b4c4fd0a6d20164871db72a 6ebf86b80b4c4fd0a6d20164871db72a] 10.0.0.166 "DELETE /resource_providers/169cf426-84bd-4fe9-9cfa-f24d8555fa97" status: 404 len: 246 microversion: 1.1 [pid: 8|app: 0|req: 321/641] 10.0.0.166 () {34 vars in 816 bytes} [Thu Jul 16 08:02:32 2026] DELETE /resource_providers/169cf426-84bd-4fe9-9cfa-f24d8555fa97 => generated 246 bytes in 7 msecs (HTTP/1.1 404) 6 headers in 231 bytes (1 switches on core 0)
2026-07-16 08:02:32.895 7 INFO placement.requestlog [None req-7e22b632-9f0c-4913-a2e5-08e54399f6b7 da3335830fe748cc9f0cc0186319f68a d04a53c6d56f4dddb4649203560d8059 - - 6ebf86b80b4c4fd0a6d20164871db72a 6ebf86b80b4c4fd0a6d20164871db72a] 10.0.0.166 "GET /resource_providers/ddb798c8-f5a6-4b68-8051-2b6036a0c5d5/aggregates" status: 404 len: 235 microversion: 1.1 [pid: 7|app: 0|req: 321/642] 10.0.0.166 () {32 vars in 816 bytes} [Thu Jul 16 08:02:32 2026] GET /resource_providers/ddb798c8-f5a6-4b68-8051-2b6036a0c5d5/aggregates => generated 235 bytes in 322 msecs (HTTP/1.1 404) 5 headers in 202 bytes (1 switches on core 0)
2026-07-16 08:02:32.913 7 INFO placement.requestlog [None req-6890d69f-3fbf-4d9e-93b0-dc51b1d4e3e0 da3335830fe748cc9f0cc0186319f68a d04a53c6d56f4dddb4649203560d8059 - - 6ebf86b80b4c4fd0a6d20164871db72a 6ebf86b80b4c4fd0a6d20164871db72a] 10.0.0.166 "DELETE /resource_providers/ddb798c8-f5a6-4b68-8051-2b6036a0c5d5" status: 404 len: 246 microversion: 1.1 [pid: 7|app: 0|req: 322/643] 10.0.0.166 () {34 vars in 816 bytes} [Thu Jul 16 08:02:32 2026] DELETE /resource_providers/ddb798c8-f5a6-4b68-8051-2b6036a0c5d5 => generated 246 bytes in 10 msecs (HTTP/1.1 404) 6 headers in 231 bytes (1 switches on core 0)
2026-07-16 08:02:32.922 8 INFO placement.requestlog [None req-8d1e897c-fb7b-4086-9cff-8623a730f58a da3335830fe748cc9f0cc0186319f68a d04a53c6d56f4dddb4649203560d8059 - - 6ebf86b80b4c4fd0a6d20164871db72a 6ebf86b80b4c4fd0a6d20164871db72a] 10.0.0.166 "GET /resource_providers/ddb798c8-f5a6-4b68-8051-2b6036a0c5d5/aggregates" status: 404 len: 235 microversion: 1.1 [pid: 8|app: 0|req: 322/644] 10.0.0.166 () {32 vars in 816 bytes} [Thu Jul 16 08:02:32 2026] GET /resource_providers/ddb798c8-f5a6-4b68-8051-2b6036a0c5d5/aggregates => generated 235 bytes in 316 msecs (HTTP/1.1 404) 5 headers in 202 bytes (1 switches on core 0)
2026-07-16 08:02:32.959 7 INFO placement.requestlog [None req-a1a9c776-c158-47ae-9507-c656ccb1a3b7 da3335830fe748cc9f0cc0186319f68a d04a53c6d56f4dddb4649203560d8059 - - 6ebf86b80b4c4fd0a6d20164871db72a 6ebf86b80b4c4fd0a6d20164871db72a] 10.0.0.166 "DELETE /resource_providers/ddb798c8-f5a6-4b68-8051-2b6036a0c5d5" status: 404 len: 246 microversion: 1.1 [pid: 7|app: 0|req: 323/645] 10.0.0.166 () {34 vars in 816 bytes} [Thu Jul 16 08:02:32 2026] DELETE /resource_providers/ddb798c8-f5a6-4b68-8051-2b6036a0c5d5 => generated 246 bytes in 22 msecs (HTTP/1.1 404) 6 headers in 231 bytes (1 switches on core 0)
2026-07-16 08:02:33.447 8 INFO placement.requestlog [req-81105d91-31a5-403f-9828-7c1a8657d986 req-7731fb80-c641-46fe-b69b-e6634a2a50ca e99d59f3b82f4534bbdb11bdc52f6e7a d04a53c6d56f4dddb4649203560d8059 - - 6ebf86b80b4c4fd0a6d20164871db72a 6ebf86b80b4c4fd0a6d20164871db72a] 10.0.0.239 "GET /allocation_candidates?limit=1000&resources=DISK_GB%3A1%2CMEMORY_MB%3A512%2CVCPU%3A1&root_required=%21COMPUTE_STATUS_DISABLED" status: 200 len: 2783 microversion: 1.36 [pid: 8|app: 0|req: 323/646] 10.0.0.239 () {34 vars in 1012 bytes} [Thu Jul 16 08:02:33 2026] GET /allocation_candidates?limit=1000&resources=DISK_GB%3A1%2CMEMORY_MB%3A512%2CVCPU%3A1&root_required=%21COMPUTE_STATUS_DISABLED => generated 2783 bytes in 62 msecs (HTTP/1.1 200) 8 headers in 297 bytes (1 switches on core 0)
2026-07-16 08:02:33.515 7 INFO placement.requestlog [req-81105d91-31a5-403f-9828-7c1a8657d986 req-6abdf9bd-3d6a-44f3-8027-77951c17f6ed e99d59f3b82f4534bbdb11bdc52f6e7a d04a53c6d56f4dddb4649203560d8059 - - 6ebf86b80b4c4fd0a6d20164871db72a 6ebf86b80b4c4fd0a6d20164871db72a] 10.0.0.239 "GET /allocations/692bc28d-fa98-42d5-896f-520068f5e649" status: 200 len: 19 microversion: 1.28 [pid: 7|app: 0|req: 324/647] 10.0.0.239 () {34 vars in 861 bytes} [Thu Jul 16 08:02:33 2026] GET /allocations/692bc28d-fa98-42d5-896f-520068f5e649 => generated 19 bytes in 16 msecs (HTTP/1.1 200) 8 headers in 295 bytes (1 switches on core 0)
2026-07-16 08:02:33.637 8 INFO placement.requestlog [req-81105d91-31a5-403f-9828-7c1a8657d986 req-3f6222d3-f6a4-4a82-8cba-08472fc2dbcb e99d59f3b82f4534bbdb11bdc52f6e7a d04a53c6d56f4dddb4649203560d8059 - - 6ebf86b80b4c4fd0a6d20164871db72a 6ebf86b80b4c4fd0a6d20164871db72a] 10.0.0.239 "PUT /allocations/692bc28d-fa98-42d5-896f-520068f5e649" status: 204 len: 0 microversion: 1.36 [pid: 8|app: 0|req: 324/648] 10.0.0.239 () {38 vars in 914 bytes} [Thu Jul 16 08:02:33 2026] PUT /allocations/692bc28d-fa98-42d5-896f-520068f5e649 => generated 0 bytes in 108 msecs (HTTP/1.1 204) 5 headers in 199 bytes (1 switches on core 0)
2026-07-16 08:02:33.920 7 INFO placement.requestlog [None req-8a4f3884-c639-4d54-acbf-66fa8960b391 - - - - - -] 10.0.0.152 "GET /" status: 200 len: 136 microversion: 1.0
2026-07-16 08:02:33.920 8 INFO placement.requestlog [None req-556503e0-364a-48df-ba4f-b654ba40a626 - - - - - -] 10.0.0.152 "GET /" status: 200 len: 136 microversion: 1.0
2026-07-16 08:02:35.291 7 INFO placement.requestlog [req-81105d91-31a5-403f-9828-7c1a8657d986 req-bf214757-8bbf-464e-b3cb-cd6a6a8c970d e99d59f3b82f4534bbdb11bdc52f6e7a d04a53c6d56f4dddb4649203560d8059 - - 6ebf86b80b4c4fd0a6d20164871db72a 6ebf86b80b4c4fd0a6d20164871db72a] 199.204.45.89 "GET /allocations/692bc28d-fa98-42d5-896f-520068f5e649" status: 200 len: 257 microversion: 1.28 [pid: 7|app: 0|req: 326/651] 199.204.45.89 () {34 vars in 862 bytes} [Thu Jul 16 08:02:35 2026] GET /allocations/692bc28d-fa98-42d5-896f-520068f5e649 => generated 257 bytes in 15 msecs (HTTP/1.1 200) 8 headers in 296 bytes (1 switches on core 0)
2026-07-16 08:02:36.344 8 INFO placement.requestlog [req-81105d91-31a5-403f-9828-7c1a8657d986 req-f8e55c29-85c0-4a9a-9a65-04e1a4a03371 e99d59f3b82f4534bbdb11bdc52f6e7a d04a53c6d56f4dddb4649203560d8059 - - 6ebf86b80b4c4fd0a6d20164871db72a 6ebf86b80b4c4fd0a6d20164871db72a] 199.204.45.89 "GET /resource_providers/9c4bdb8a-784e-4bef-aadb-e6454d5871a3/allocations" status: 200 len: 252 microversion: 1.0 [pid: 8|app: 0|req: 326/652] 199.204.45.89 () {32 vars in 856 bytes} [Thu Jul 16 08:02:36 2026] GET /resource_providers/9c4bdb8a-784e-4bef-aadb-e6454d5871a3/allocations => generated 252 bytes in 19 msecs (HTTP/1.1 200) 6 headers in 224 bytes (1 switches on core 0)
2026-07-16 08:02:36.364 7 INFO placement.requestlog [req-81105d91-31a5-403f-9828-7c1a8657d986 req-34ac73ad-e7ef-4b5e-8fe2-0ea389a5fe2c e99d59f3b82f4534bbdb11bdc52f6e7a d04a53c6d56f4dddb4649203560d8059 - - 6ebf86b80b4c4fd0a6d20164871db72a 6ebf86b80b4c4fd0a6d20164871db72a] 199.204.45.89 "GET /allocations/692bc28d-fa98-42d5-896f-520068f5e649" status: 200 len: 257 microversion: 1.28 [pid: 7|app: 0|req: 327/653] 199.204.45.89 () {34 vars in 862 bytes} [Thu Jul 16 08:02:36 2026] GET /allocations/692bc28d-fa98-42d5-896f-520068f5e649 => generated 257 bytes in 13 msecs (HTTP/1.1 200) 8 headers in 296 bytes (1 switches on core 0)
2026-07-16 08:02:36.383 8 INFO placement.requestlog [req-81105d91-31a5-403f-9828-7c1a8657d986 req-03ead0c2-01d5-4055-9b81-5978c367be32 e99d59f3b82f4534bbdb11bdc52f6e7a d04a53c6d56f4dddb4649203560d8059 - - 6ebf86b80b4c4fd0a6d20164871db72a 6ebf86b80b4c4fd0a6d20164871db72a] 199.204.45.89 "GET /allocations/2bf02a7c-d9a0-46f0-9b3d-f9426619377f" status: 200 len: 257 microversion: 1.28 [pid: 8|app: 0|req: 327/654] 199.204.45.89 () {34 vars in 862 bytes} [Thu Jul 16 08:02:36 2026] GET /allocations/2bf02a7c-d9a0-46f0-9b3d-f9426619377f => generated 257 bytes in 12 msecs (HTTP/1.1 200) 8 headers in 296 bytes (1 switches on core 0)
2026-07-16 08:02:43.920 8 INFO placement.requestlog [None req-3b5cc008-2a16-4d18-97c2-85e0df0bdf56 - - - - - -] 10.0.0.152 "GET /" status: 200 len: 136 microversion: 1.0
2026-07-16 08:02:43.920 7 INFO placement.requestlog [None req-354f0e80-0793-403f-93a5-970c2ced2827 - - - - - -] 10.0.0.152 "GET /" status: 200 len: 136 microversion: 1.0
2026-07-16 08:02:44.818 8 INFO placement.requestlog [req-65741f1f-847b-4895-97ba-33c2505707a9 req-d2f125db-d363-4025-a73b-cbb3a7656efd e99d59f3b82f4534bbdb11bdc52f6e7a d04a53c6d56f4dddb4649203560d8059 - - 6ebf86b80b4c4fd0a6d20164871db72a 6ebf86b80b4c4fd0a6d20164871db72a] 10.0.0.239 "GET /allocation_candidates?limit=1000&resources=DISK_GB%3A1%2CMEMORY_MB%3A512%2CVCPU%3A1&root_required=%21COMPUTE_STATUS_DISABLED" status: 200 len: 2784 microversion: 1.36 [pid: 8|app: 0|req: 329/657] 10.0.0.239 () {34 vars in 1012 bytes} [Thu Jul 16 08:02:44 2026] GET /allocation_candidates?limit=1000&resources=DISK_GB%3A1%2CMEMORY_MB%3A512%2CVCPU%3A1&root_required=%21COMPUTE_STATUS_DISABLED => generated 2784 bytes in 44 msecs (HTTP/1.1 200) 8 headers in 297 bytes (1 switches on core 0)
2026-07-16 08:02:44.855 7 INFO placement.requestlog [req-65741f1f-847b-4895-97ba-33c2505707a9 req-193a4721-e8a2-4bb0-b2bd-520afd4e70b1 e99d59f3b82f4534bbdb11bdc52f6e7a d04a53c6d56f4dddb4649203560d8059 - - 6ebf86b80b4c4fd0a6d20164871db72a 6ebf86b80b4c4fd0a6d20164871db72a] 10.0.0.239 "GET /allocations/7f22b2ed-d347-4bd0-bb29-a6aa5d75e761" status: 200 len: 19 microversion: 1.28 [pid: 7|app: 0|req: 329/658] 10.0.0.239 () {34 vars in 861 bytes} [Thu Jul 16 08:02:44 2026] GET /allocations/7f22b2ed-d347-4bd0-bb29-a6aa5d75e761 => generated 19 bytes in 12 msecs (HTTP/1.1 200) 8 headers in 295 bytes (1 switches on core 0)
2026-07-16 08:02:44.922 7 INFO placement.requestlog [req-6af72e70-6c10-4739-9898-28994c22b757 req-ad6233a1-8a4f-4247-9f2a-d539616fa9a4 e99d59f3b82f4534bbdb11bdc52f6e7a d04a53c6d56f4dddb4649203560d8059 - - 6ebf86b80b4c4fd0a6d20164871db72a 6ebf86b80b4c4fd0a6d20164871db72a] 199.204.45.89 "GET /resource_providers/9c4bdb8a-784e-4bef-aadb-e6454d5871a3/allocations" status: 200 len: 252 microversion: 1.0 [pid: 7|app: 0|req: 330/659] 199.204.45.89 () {32 vars in 856 bytes} [Thu Jul 16 08:02:44 2026] GET /resource_providers/9c4bdb8a-784e-4bef-aadb-e6454d5871a3/allocations => generated 252 bytes in 21 msecs (HTTP/1.1 200) 6 headers in 224 bytes (1 switches on core 0)
2026-07-16 08:02:44.938 8 INFO placement.requestlog [req-65741f1f-847b-4895-97ba-33c2505707a9 req-051af79d-faab-4213-9da3-ef7cff61857c e99d59f3b82f4534bbdb11bdc52f6e7a d04a53c6d56f4dddb4649203560d8059 - - 6ebf86b80b4c4fd0a6d20164871db72a 6ebf86b80b4c4fd0a6d20164871db72a] 10.0.0.239 "PUT /allocations/7f22b2ed-d347-4bd0-bb29-a6aa5d75e761" status: 204 len: 0 microversion: 1.36 [pid: 8|app: 0|req: 330/660] 10.0.0.239 () {38 vars in 914 bytes} [Thu Jul 16 08:02:44 2026] PUT /allocations/7f22b2ed-d347-4bd0-bb29-a6aa5d75e761 => generated 0 bytes in 77 msecs (HTTP/1.1 204) 5 headers in 199 bytes (1 switches on core 0)
2026-07-16 08:02:44.943 7 INFO placement.requestlog [req-6af72e70-6c10-4739-9898-28994c22b757 req-0f38b52f-d045-4240-af17-9016f25ee976 e99d59f3b82f4534bbdb11bdc52f6e7a d04a53c6d56f4dddb4649203560d8059 - - 6ebf86b80b4c4fd0a6d20164871db72a 6ebf86b80b4c4fd0a6d20164871db72a] 199.204.45.89 "GET /allocations/692bc28d-fa98-42d5-896f-520068f5e649" status: 200 len: 257 microversion: 1.28 [pid: 7|app: 0|req: 331/661] 199.204.45.89 () {34 vars in 862 bytes} [Thu Jul 16 08:02:44 2026] GET /allocations/692bc28d-fa98-42d5-896f-520068f5e649 => generated 257 bytes in 13 msecs (HTTP/1.1 200) 8 headers in 296 bytes (1 switches on core 0)
2026-07-16 08:02:44.962 8 INFO placement.requestlog [req-6af72e70-6c10-4739-9898-28994c22b757 req-c2251365-a476-4f91-a72c-bef01f898124 e99d59f3b82f4534bbdb11bdc52f6e7a d04a53c6d56f4dddb4649203560d8059 - - 6ebf86b80b4c4fd0a6d20164871db72a 6ebf86b80b4c4fd0a6d20164871db72a] 199.204.45.89 "GET /allocations/2bf02a7c-d9a0-46f0-9b3d-f9426619377f" status: 200 len: 257 microversion: 1.28 [pid: 8|app: 0|req: 331/662] 199.204.45.89 () {34 vars in 862 bytes} [Thu Jul 16 08:02:44 2026] GET /allocations/2bf02a7c-d9a0-46f0-9b3d-f9426619377f => generated 257 bytes in 11 msecs (HTTP/1.1 200) 8 headers in 296 bytes (1 switches on core 0)
2026-07-16 08:02:46.420 7 INFO placement.requestlog [req-65741f1f-847b-4895-97ba-33c2505707a9 req-05f539bf-7f6c-4b3f-92ba-1505cbb8f22f e99d59f3b82f4534bbdb11bdc52f6e7a d04a53c6d56f4dddb4649203560d8059 - - 6ebf86b80b4c4fd0a6d20164871db72a 6ebf86b80b4c4fd0a6d20164871db72a] 199.204.45.89 "GET /allocations/7f22b2ed-d347-4bd0-bb29-a6aa5d75e761" status: 200 len: 257 microversion: 1.28 [pid: 7|app: 0|req: 332/663] 199.204.45.89 () {34 vars in 862 bytes} [Thu Jul 16 08:02:46 2026] GET /allocations/7f22b2ed-d347-4bd0-bb29-a6aa5d75e761 => generated 257 bytes in 13 msecs (HTTP/1.1 200) 8 headers in 296 bytes (1 switches on core 0)
2026-07-16 08:02:47.466 8 INFO placement.requestlog [req-65741f1f-847b-4895-97ba-33c2505707a9 req-80de5648-74fa-4610-9229-cbbddcc6dca8 e99d59f3b82f4534bbdb11bdc52f6e7a d04a53c6d56f4dddb4649203560d8059 - - 6ebf86b80b4c4fd0a6d20164871db72a 6ebf86b80b4c4fd0a6d20164871db72a] 199.204.45.89 "GET /resource_providers/9c4bdb8a-784e-4bef-aadb-e6454d5871a3/allocations" status: 200 len: 352 microversion: 1.0 [pid: 8|app: 0|req: 332/664] 199.204.45.89 () {32 vars in 856 bytes} [Thu Jul 16 08:02:47 2026] GET /resource_providers/9c4bdb8a-784e-4bef-aadb-e6454d5871a3/allocations => generated 352 bytes in 16 msecs (HTTP/1.1 200) 6 headers in 224 bytes (1 switches on core 0)
2026-07-16 08:02:47.484 7 INFO placement.requestlog [req-65741f1f-847b-4895-97ba-33c2505707a9 req-a6168315-2aa8-404c-b6e5-b8d68cfdc267 e99d59f3b82f4534bbdb11bdc52f6e7a d04a53c6d56f4dddb4649203560d8059 - - 6ebf86b80b4c4fd0a6d20164871db72a 6ebf86b80b4c4fd0a6d20164871db72a] 199.204.45.89 "GET /allocations/692bc28d-fa98-42d5-896f-520068f5e649" status: 200 len: 257 microversion: 1.28 [pid: 7|app: 0|req: 333/665] 199.204.45.89 () {34 vars in 862 bytes} [Thu Jul 16 08:02:47 2026] GET /allocations/692bc28d-fa98-42d5-896f-520068f5e649 => generated 257 bytes in 13 msecs (HTTP/1.1 200) 8 headers in 296 bytes (1 switches on core 0)
2026-07-16 08:02:47.503 8 INFO placement.requestlog [req-65741f1f-847b-4895-97ba-33c2505707a9 req-8fbd9f9e-9fa8-4c0d-81f8-7f3de479847f e99d59f3b82f4534bbdb11bdc52f6e7a d04a53c6d56f4dddb4649203560d8059 - - 6ebf86b80b4c4fd0a6d20164871db72a 6ebf86b80b4c4fd0a6d20164871db72a] 199.204.45.89 "GET /allocations/7f22b2ed-d347-4bd0-bb29-a6aa5d75e761" status: 200 len: 257 microversion: 1.28 [pid: 8|app: 0|req: 333/666] 199.204.45.89 () {34 vars in 862 bytes} [Thu Jul 16 08:02:47 2026] GET /allocations/7f22b2ed-d347-4bd0-bb29-a6aa5d75e761 => generated 257 bytes in 14 msecs (HTTP/1.1 200) 8 headers in 296 bytes (1 switches on core 0)
2026-07-16 08:02:47.523 7 INFO placement.requestlog [req-65741f1f-847b-4895-97ba-33c2505707a9 req-4a22a164-d22d-4e3f-8edd-4f650281931c e99d59f3b82f4534bbdb11bdc52f6e7a d04a53c6d56f4dddb4649203560d8059 - - 6ebf86b80b4c4fd0a6d20164871db72a 6ebf86b80b4c4fd0a6d20164871db72a] 199.204.45.89 "GET /allocations/2bf02a7c-d9a0-46f0-9b3d-f9426619377f" status: 200 len: 257 microversion: 1.28 [pid: 7|app: 0|req: 334/667] 199.204.45.89 () {34 vars in 862 bytes} [Thu Jul 16 08:02:47 2026] GET /allocations/2bf02a7c-d9a0-46f0-9b3d-f9426619377f => generated 257 bytes in 11 msecs (HTTP/1.1 200) 8 headers in 296 bytes (1 switches on core 0)
2026-07-16 08:02:48.552 8 INFO placement.requestlog [req-6af72e70-6c10-4739-9898-28994c22b757 req-76220537-9745-4d63-9aaa-4224b4fbd5fd e99d59f3b82f4534bbdb11bdc52f6e7a d04a53c6d56f4dddb4649203560d8059 - - 6ebf86b80b4c4fd0a6d20164871db72a 6ebf86b80b4c4fd0a6d20164871db72a] 199.204.45.89 "DELETE /allocations/2bf02a7c-d9a0-46f0-9b3d-f9426619377f" status: 204 len: 0 microversion: 1.0 [pid: 8|app: 0|req: 334/668] 199.204.45.89 () {34 vars in 840 bytes} [Thu Jul 16 08:02:48 2026] DELETE /allocations/2bf02a7c-d9a0-46f0-9b3d-f9426619377f => generated 0 bytes in 25 msecs (HTTP/1.1 204) 5 headers in 198 bytes (1 switches on core 0)
2026-07-16 08:02:49.099 7 INFO placement.requestlog [req-81105d91-31a5-403f-9828-7c1a8657d986 req-f0fa4a6d-0b3d-45b7-8047-2ca74ae75b9d e99d59f3b82f4534bbdb11bdc52f6e7a d04a53c6d56f4dddb4649203560d8059 - - 6ebf86b80b4c4fd0a6d20164871db72a 6ebf86b80b4c4fd0a6d20164871db72a] 199.204.45.89 "GET /resource_providers/9c4bdb8a-784e-4bef-aadb-e6454d5871a3/allocations" status: 200 len: 252 microversion: 1.0 [pid: 7|app: 0|req: 335/669] 199.204.45.89 () {32 vars in 856 bytes} [Thu Jul 16 08:02:49 2026] GET /resource_providers/9c4bdb8a-784e-4bef-aadb-e6454d5871a3/allocations => generated 252 bytes in 29 msecs (HTTP/1.1 200) 6 headers in 224 bytes (1 switches on core 0)
2026-07-16 08:02:49.121 8 INFO placement.requestlog [req-81105d91-31a5-403f-9828-7c1a8657d986 req-0e0788ec-5043-4eba-8456-265169ed3451 e99d59f3b82f4534bbdb11bdc52f6e7a d04a53c6d56f4dddb4649203560d8059 - - 6ebf86b80b4c4fd0a6d20164871db72a 6ebf86b80b4c4fd0a6d20164871db72a] 199.204.45.89 "GET /allocations/7f22b2ed-d347-4bd0-bb29-a6aa5d75e761" status: 200 len: 257 microversion: 1.28 [pid: 8|app: 0|req: 335/670] 199.204.45.89 () {34 vars in 862 bytes} [Thu Jul 16 08:02:49 2026] GET /allocations/7f22b2ed-d347-4bd0-bb29-a6aa5d75e761 => generated 257 bytes in 15 msecs (HTTP/1.1 200) 8 headers in 296 bytes (1 switches on core 0)
2026-07-16 08:02:49.147 7 INFO placement.requestlog [req-81105d91-31a5-403f-9828-7c1a8657d986 req-84f87b66-58a0-4f87-9594-5ffe1754ccc0 e99d59f3b82f4534bbdb11bdc52f6e7a d04a53c6d56f4dddb4649203560d8059 - - 6ebf86b80b4c4fd0a6d20164871db72a 6ebf86b80b4c4fd0a6d20164871db72a] 199.204.45.89 "GET /allocations/692bc28d-fa98-42d5-896f-520068f5e649" status: 200 len: 257 microversion: 1.28 [pid: 7|app: 0|req: 336/671] 199.204.45.89 () {34 vars in 862 bytes} [Thu Jul 16 08:02:49 2026] GET /allocations/692bc28d-fa98-42d5-896f-520068f5e649 => generated 257 bytes in 20 msecs (HTTP/1.1 200) 8 headers in 296 bytes (1 switches on core 0)
2026-07-16 08:02:49.575 8 INFO placement.requestlog [req-e262e296-9886-4e68-bde6-6388b893d257 req-c91d627b-dc7e-4e2b-8878-69e3fa63664b e99d59f3b82f4534bbdb11bdc52f6e7a d04a53c6d56f4dddb4649203560d8059 - - 6ebf86b80b4c4fd0a6d20164871db72a 6ebf86b80b4c4fd0a6d20164871db72a] 10.0.0.239 "GET /allocation_candidates?limit=1000&resources=MEMORY_MB%3A512%2CVCPU%3A1&root_required=%21COMPUTE_STATUS_DISABLED" status: 200 len: 2770 microversion: 1.36 [pid: 8|app: 0|req: 336/672] 10.0.0.239 () {34 vars in 984 bytes} [Thu Jul 16 08:02:49 2026] GET /allocation_candidates?limit=1000&resources=MEMORY_MB%3A512%2CVCPU%3A1&root_required=%21COMPUTE_STATUS_DISABLED => generated 2770 bytes in 43 msecs (HTTP/1.1 200) 8 headers in 297 bytes (1 switches on core 0)
2026-07-16 08:02:49.610 7 INFO placement.requestlog [req-e262e296-9886-4e68-bde6-6388b893d257 req-3fce0729-3283-4131-b9a7-870ffde6ee21 e99d59f3b82f4534bbdb11bdc52f6e7a d04a53c6d56f4dddb4649203560d8059 - - 6ebf86b80b4c4fd0a6d20164871db72a 6ebf86b80b4c4fd0a6d20164871db72a] 10.0.0.239 "GET /allocations/357fbef9-5ad9-4eef-815a-ade03939e2d1" status: 200 len: 19 microversion: 1.28 [pid: 7|app: 0|req: 337/673] 10.0.0.239 () {34 vars in 861 bytes} [Thu Jul 16 08:02:49 2026] GET /allocations/357fbef9-5ad9-4eef-815a-ade03939e2d1 => generated 19 bytes in 11 msecs (HTTP/1.1 200) 8 headers in 295 bytes (1 switches on core 0)
2026-07-16 08:02:49.681 8 INFO placement.requestlog [req-e262e296-9886-4e68-bde6-6388b893d257 req-b513f573-7320-4eb9-bfda-9c05b15797d4 e99d59f3b82f4534bbdb11bdc52f6e7a d04a53c6d56f4dddb4649203560d8059 - - 6ebf86b80b4c4fd0a6d20164871db72a 6ebf86b80b4c4fd0a6d20164871db72a] 10.0.0.239 "PUT /allocations/357fbef9-5ad9-4eef-815a-ade03939e2d1" status: 204 len: 0 microversion: 1.36 [pid: 8|app: 0|req: 337/674] 10.0.0.239 () {38 vars in 914 bytes} [Thu Jul 16 08:02:49 2026] PUT /allocations/357fbef9-5ad9-4eef-815a-ade03939e2d1 => generated 0 bytes in 61 msecs (HTTP/1.1 204) 5 headers in 199 bytes (1 switches on core 0)
2026-07-16 08:02:50.305 7 INFO placement.requestlog [None req-ba708d86-a0c2-44ad-a916-b28067287181 - - - - - -] 10.0.0.164 "GET /" status: 200 len: 136 microversion: 1.0 [pid: 7|app: 0|req: 338/675] 10.0.0.164 () {28 vars in 437 bytes} [Thu Jul 16 08:02:50 2026] GET / => generated 136 bytes in 2 msecs (HTTP/1.1 200) 6 headers in 224 bytes (1 switches on core 0)
2026-07-16 08:02:50.365 8 INFO placement.requestlog [req-24d477d6-c615-4e5a-8efa-e9f1e18adc53 req-bbe58f86-b327-41e4-afa9-79f26190a49f e99d59f3b82f4534bbdb11bdc52f6e7a d04a53c6d56f4dddb4649203560d8059 - - 6ebf86b80b4c4fd0a6d20164871db72a 6ebf86b80b4c4fd0a6d20164871db72a] 10.0.0.164 "DELETE /allocations/2bf02a7c-d9a0-46f0-9b3d-f9426619377f" status: 404 len: 228 microversion: 1.0 [pid: 8|app: 0|req: 338/676] 10.0.0.164 () {34 vars in 830 bytes} [Thu Jul 16 08:02:50 2026] DELETE /allocations/2bf02a7c-d9a0-46f0-9b3d-f9426619377f => generated 228 bytes in 50 msecs (HTTP/1.1 404) 6 headers in 231 bytes (1 switches on core 0)
2026-07-16 08:02:51.279 7 INFO placement.requestlog [req-e262e296-9886-4e68-bde6-6388b893d257 req-403cb8ab-dc09-4821-ad58-6bb3258462f6 e99d59f3b82f4534bbdb11bdc52f6e7a d04a53c6d56f4dddb4649203560d8059 - - 6ebf86b80b4c4fd0a6d20164871db72a 6ebf86b80b4c4fd0a6d20164871db72a] 199.204.45.89 "GET /allocations/357fbef9-5ad9-4eef-815a-ade03939e2d1" status: 200 len: 243 microversion: 1.28 [pid: 7|app: 0|req: 339/677] 199.204.45.89 () {34 vars in 862 bytes} [Thu Jul 16 08:02:51 2026] GET /allocations/357fbef9-5ad9-4eef-815a-ade03939e2d1 => generated 243 bytes in 11 msecs (HTTP/1.1 200) 8 headers in 296 bytes (1 switches on core 0)
2026-07-16 08:02:52.321 8 INFO placement.requestlog [req-e262e296-9886-4e68-bde6-6388b893d257 req-c46c6a9c-c916-4f29-b17a-1fd284d2c414 e99d59f3b82f4534bbdb11bdc52f6e7a d04a53c6d56f4dddb4649203560d8059 - - 6ebf86b80b4c4fd0a6d20164871db72a 6ebf86b80b4c4fd0a6d20164871db72a] 199.204.45.89 "GET /resource_providers/9c4bdb8a-784e-4bef-aadb-e6454d5871a3/allocations" status: 200 len: 338 microversion: 1.0 [pid: 8|app: 0|req: 339/678] 199.204.45.89 () {32 vars in 856 bytes} [Thu Jul 16 08:02:52 2026] GET /resource_providers/9c4bdb8a-784e-4bef-aadb-e6454d5871a3/allocations => generated 338 bytes in 15 msecs (HTTP/1.1 200) 6 headers in 224 bytes (1 switches on core 0)
2026-07-16 08:02:52.343 7 INFO placement.requestlog [req-e262e296-9886-4e68-bde6-6388b893d257 req-b1268e25-14f4-4de1-940a-cc2921e06338 e99d59f3b82f4534bbdb11bdc52f6e7a d04a53c6d56f4dddb4649203560d8059 - - 6ebf86b80b4c4fd0a6d20164871db72a 6ebf86b80b4c4fd0a6d20164871db72a] 199.204.45.89 "GET /allocations/357fbef9-5ad9-4eef-815a-ade03939e2d1" status: 200 len: 243 microversion: 1.28 [pid: 7|app: 0|req: 340/679] 199.204.45.89 () {34 vars in 862 bytes} [Thu Jul 16 08:02:52 2026] GET /allocations/357fbef9-5ad9-4eef-815a-ade03939e2d1 => generated 243 bytes in 16 msecs (HTTP/1.1 200) 8 headers in 296 bytes (1 switches on core 0)
2026-07-16 08:02:52.363 8 INFO placement.requestlog [req-e262e296-9886-4e68-bde6-6388b893d257 req-5ee9e261-c4af-45af-93ea-c742e44daa8a e99d59f3b82f4534bbdb11bdc52f6e7a d04a53c6d56f4dddb4649203560d8059 - - 6ebf86b80b4c4fd0a6d20164871db72a 6ebf86b80b4c4fd0a6d20164871db72a] 199.204.45.89 "GET /allocations/7f22b2ed-d347-4bd0-bb29-a6aa5d75e761" status: 200 len: 257 microversion: 1.28 [pid: 8|app: 0|req: 340/680] 199.204.45.89 () {34 vars in 862 bytes} [Thu Jul 16 08:02:52 2026] GET /allocations/7f22b2ed-d347-4bd0-bb29-a6aa5d75e761 => generated 257 bytes in 16 msecs (HTTP/1.1 200) 8 headers in 296 bytes (1 switches on core 0)
2026-07-16 08:02:52.383 7 INFO placement.requestlog [req-e262e296-9886-4e68-bde6-6388b893d257 req-250a885a-d859-4cdc-b123-f86f3efbcfba e99d59f3b82f4534bbdb11bdc52f6e7a d04a53c6d56f4dddb4649203560d8059 - - 6ebf86b80b4c4fd0a6d20164871db72a 6ebf86b80b4c4fd0a6d20164871db72a] 199.204.45.89 "GET /allocations/692bc28d-fa98-42d5-896f-520068f5e649" status: 200 len: 257 microversion: 1.28 [pid: 7|app: 0|req: 341/681] 199.204.45.89 () {34 vars in 862 bytes} [Thu Jul 16 08:02:52 2026] GET /allocations/692bc28d-fa98-42d5-896f-520068f5e649 => generated 257 bytes in 13 msecs (HTTP/1.1 200) 8 headers in 296 bytes (1 switches on core 0)
2026-07-16 08:02:52.516 8 INFO placement.requestlog [req-81105d91-31a5-403f-9828-7c1a8657d986 req-8d98dfb5-c75a-45a3-9b85-75eeb349df46 e99d59f3b82f4534bbdb11bdc52f6e7a d04a53c6d56f4dddb4649203560d8059 - - 6ebf86b80b4c4fd0a6d20164871db72a 6ebf86b80b4c4fd0a6d20164871db72a] 199.204.45.89 "DELETE /allocations/692bc28d-fa98-42d5-896f-520068f5e649" status: 204 len: 0 microversion: 1.0 [pid: 8|app: 0|req: 341/682] 199.204.45.89 () {34 vars in 840 bytes} [Thu Jul 16 08:02:52 2026] DELETE /allocations/692bc28d-fa98-42d5-896f-520068f5e649 => generated 0 bytes in 26 msecs (HTTP/1.1 204) 5 headers in 198 bytes (1 switches on core 0)
2026-07-16 08:02:53.367 7 INFO placement.requestlog [None req-2e073d7a-ab73-458b-8b7e-40cc0054ad14 - - - - - -] 10.0.0.164 "GET /" status: 200 len: 136 microversion: 1.0 [pid: 7|app: 0|req: 342/683] 10.0.0.164 () {28 vars in 437 bytes} [Thu Jul 16 08:02:53 2026] GET / => generated 136 bytes in 1 msecs (HTTP/1.1 200) 6 headers in 224 bytes (1 switches on core 0)
2026-07-16 08:02:53.403 7 INFO placement.requestlog [None req-fc4abf3f-96bd-454c-865f-4242805a3143 da3335830fe748cc9f0cc0186319f68a d04a53c6d56f4dddb4649203560d8059 - - 6ebf86b80b4c4fd0a6d20164871db72a 6ebf86b80b4c4fd0a6d20164871db72a] 10.0.0.166 "GET /resource_providers/521397b7-2290-4e9b-9f02-ca1b826f635f/aggregates" status: 404 len: 235 microversion: 1.1 [pid: 7|app: 0|req: 343/684] 10.0.0.166 () {32 vars in 816 bytes} [Thu Jul 16 08:02:53 2026] GET /resource_providers/521397b7-2290-4e9b-9f02-ca1b826f635f/aggregates => generated 235 bytes in 11 msecs (HTTP/1.1 404) 5 headers in 202 bytes (1 switches on core 0)
2026-07-16 08:02:53.410 7 INFO placement.requestlog [None req-48ed139f-0b3f-4650-9739-a5bdefc426ae da3335830fe748cc9f0cc0186319f68a d04a53c6d56f4dddb4649203560d8059 - - 6ebf86b80b4c4fd0a6d20164871db72a 6ebf86b80b4c4fd0a6d20164871db72a] 10.0.0.166 "GET /resource_providers/521397b7-2290-4e9b-9f02-ca1b826f635f/aggregates" status: 404 len: 235 microversion: 1.1 [pid: 7|app: 0|req: 344/685] 10.0.0.166 () {32 vars in 816 bytes} [Thu Jul 16 08:02:53 2026] GET /resource_providers/521397b7-2290-4e9b-9f02-ca1b826f635f/aggregates => generated 235 bytes in 6 msecs (HTTP/1.1 404) 5 headers in 202 bytes (1 switches on core 0)
2026-07-16 08:02:53.414 8 INFO placement.requestlog [req-ad8eba2c-af26-4273-9559-7bc16efb9d72 req-66e6535e-588f-487c-9cd0-4001ca23e9a1 e99d59f3b82f4534bbdb11bdc52f6e7a d04a53c6d56f4dddb4649203560d8059 - - 6ebf86b80b4c4fd0a6d20164871db72a 6ebf86b80b4c4fd0a6d20164871db72a] 10.0.0.164 "DELETE /allocations/692bc28d-fa98-42d5-896f-520068f5e649" status: 404 len: 228 microversion: 1.0 [pid: 8|app: 0|req: 342/686] 10.0.0.164 () {34 vars in 830 bytes} [Thu Jul 16 08:02:53 2026] DELETE /allocations/692bc28d-fa98-42d5-896f-520068f5e649 => generated 228 bytes in 40 msecs (HTTP/1.1 404) 6 headers in 231 bytes (1 switches on core 0)
2026-07-16 08:02:53.434 7 INFO placement.requestlog [None req-abef41ca-41e0-4397-9d63-40d76e23b643 da3335830fe748cc9f0cc0186319f68a d04a53c6d56f4dddb4649203560d8059 - - 6ebf86b80b4c4fd0a6d20164871db72a 6ebf86b80b4c4fd0a6d20164871db72a] 10.0.0.166 "DELETE /resource_providers/521397b7-2290-4e9b-9f02-ca1b826f635f" status: 404 len: 246 microversion: 1.1 [pid: 7|app: 0|req: 345/687] 10.0.0.166 () {34 vars in 816 bytes} [Thu Jul 16 08:02:53 2026] DELETE /resource_providers/521397b7-2290-4e9b-9f02-ca1b826f635f => generated 246 bytes in 17 msecs (HTTP/1.1 404) 6 headers in 231 bytes (1 switches on core 0)
2026-07-16 08:02:53.442 8 INFO placement.requestlog [None req-fa582c79-3999-47ef-b7b5-a3347cc53508 da3335830fe748cc9f0cc0186319f68a d04a53c6d56f4dddb4649203560d8059 - - 6ebf86b80b4c4fd0a6d20164871db72a 6ebf86b80b4c4fd0a6d20164871db72a] 10.0.0.166 "DELETE /resource_providers/521397b7-2290-4e9b-9f02-ca1b826f635f" status: 404 len: 246 microversion: 1.1 [pid: 8|app: 0|req: 343/688] 10.0.0.166 () {34 vars in 816 bytes} [Thu Jul 16 08:02:53 2026] DELETE /resource_providers/521397b7-2290-4e9b-9f02-ca1b826f635f => generated 246 bytes in 18 msecs (HTTP/1.1 404) 6 headers in 231 bytes (1 switches on core 0)
2026-07-16 08:02:53.921 7 INFO placement.requestlog [None req-2b642105-c9e2-43d7-be89-e5005d009ef2 - - - - - -] 10.0.0.152 "GET /" status: 200 len: 136 microversion: 1.0
2026-07-16 08:02:53.921 8 INFO placement.requestlog [None req-793bcbcd-5c43-4745-939c-22816d857838 - - - - - -] 10.0.0.152 "GET /" status: 200 len: 136 microversion: 1.0
2026-07-16 08:02:55.302 7 INFO placement.requestlog [req-65741f1f-847b-4895-97ba-33c2505707a9 req-3fbf240c-fd9a-48d5-8f36-5953a87b58ae e99d59f3b82f4534bbdb11bdc52f6e7a d04a53c6d56f4dddb4649203560d8059 - - 6ebf86b80b4c4fd0a6d20164871db72a 6ebf86b80b4c4fd0a6d20164871db72a] 199.204.45.89 "GET /resource_providers/9c4bdb8a-784e-4bef-aadb-e6454d5871a3/allocations" status: 200 len: 238 microversion: 1.0 [pid: 7|app: 0|req: 347/691] 199.204.45.89 () {32 vars in 856 bytes} [Thu Jul 16 08:02:55 2026] GET /resource_providers/9c4bdb8a-784e-4bef-aadb-e6454d5871a3/allocations => generated 238 bytes in 16 msecs (HTTP/1.1 200) 6 headers in 224 bytes (1 switches on core 0)
2026-07-16 08:02:55.325 8 INFO placement.requestlog [req-65741f1f-847b-4895-97ba-33c2505707a9 req-2cd2d39f-52d0-428d-91fd-8e7ab6b1e975 e99d59f3b82f4534bbdb11bdc52f6e7a d04a53c6d56f4dddb4649203560d8059 - - 6ebf86b80b4c4fd0a6d20164871db72a 6ebf86b80b4c4fd0a6d20164871db72a] 199.204.45.89 "GET /allocations/357fbef9-5ad9-4eef-815a-ade03939e2d1" status: 200 len: 243 microversion: 1.28 [pid: 8|app: 0|req: 345/692] 199.204.45.89 () {34 vars in 862 bytes} [Thu Jul 16 08:02:55 2026] GET /allocations/357fbef9-5ad9-4eef-815a-ade03939e2d1 => generated 243 bytes in 15 msecs (HTTP/1.1 200) 8 headers in 296 bytes (1 switches on core 0)
2026-07-16 08:02:55.349 7 INFO placement.requestlog [req-65741f1f-847b-4895-97ba-33c2505707a9 req-a96e7a92-51a6-4b17-92a4-12e1946c44ee e99d59f3b82f4534bbdb11bdc52f6e7a d04a53c6d56f4dddb4649203560d8059 - - 6ebf86b80b4c4fd0a6d20164871db72a 6ebf86b80b4c4fd0a6d20164871db72a] 199.204.45.89 "GET /allocations/7f22b2ed-d347-4bd0-bb29-a6aa5d75e761" status: 200 len: 257 microversion: 1.28 [pid: 7|app: 0|req: 348/693] 199.204.45.89 () {34 vars in 862 bytes} [Thu Jul 16 08:02:55 2026] GET /allocations/7f22b2ed-d347-4bd0-bb29-a6aa5d75e761 => generated 257 bytes in 17 msecs (HTTP/1.1 200) 8 headers in 296 bytes (1 switches on core 0)
