2026-07-16 08:02:56.998 8 INFO placement.requestlog [None req-aa97ec42-69f2-4658-92c7-a5a9e5f932d2 da3335830fe748cc9f0cc0186319f68a d04a53c6d56f4dddb4649203560d8059 - - 6ebf86b80b4c4fd0a6d20164871db72a 6ebf86b80b4c4fd0a6d20164871db72a] 10.0.0.166 "GET /resource_providers/3b91feea-726c-476b-88ff-77cec3bf12ec/aggregates" status: 404 len: 235 microversion: 1.1 [pid: 8|app: 0|req: 346/694] 10.0.0.166 () {32 vars in 816 bytes} [Thu Jul 16 08:02:56 2026] GET /resource_providers/3b91feea-726c-476b-88ff-77cec3bf12ec/aggregates => generated 235 bytes in 11 msecs (HTTP/1.1 404) 5 headers in 202 bytes (1 switches on core 0)
2026-07-16 08:02:57.011 7 INFO placement.requestlog [None req-33ab25f7-40cf-4f1f-9381-98e2ae96c9e5 da3335830fe748cc9f0cc0186319f68a d04a53c6d56f4dddb4649203560d8059 - - 6ebf86b80b4c4fd0a6d20164871db72a 6ebf86b80b4c4fd0a6d20164871db72a] 10.0.0.166 "GET /resource_providers/3b91feea-726c-476b-88ff-77cec3bf12ec/aggregates" status: 404 len: 235 microversion: 1.1 [pid: 7|app: 0|req: 349/695] 10.0.0.166 () {32 vars in 816 bytes} [Thu Jul 16 08:02:57 2026] GET /resource_providers/3b91feea-726c-476b-88ff-77cec3bf12ec/aggregates => generated 235 bytes in 12 msecs (HTTP/1.1 404) 5 headers in 202 bytes (1 switches on core 0)
2026-07-16 08:02:57.034 8 INFO placement.requestlog [None req-8bc924ac-54c3-48ee-bec9-901bef595a98 da3335830fe748cc9f0cc0186319f68a d04a53c6d56f4dddb4649203560d8059 - - 6ebf86b80b4c4fd0a6d20164871db72a 6ebf86b80b4c4fd0a6d20164871db72a] 10.0.0.166 "DELETE /resource_providers/3b91feea-726c-476b-88ff-77cec3bf12ec" status: 404 len: 246 microversion: 1.1 [pid: 8|app: 0|req: 347/696] 10.0.0.166 () {34 vars in 816 bytes} [Thu Jul 16 08:02:57 2026] DELETE /resource_providers/3b91feea-726c-476b-88ff-77cec3bf12ec => generated 246 bytes in 15 msecs (HTTP/1.1 404) 6 headers in 231 bytes (1 switches on core 0)
2026-07-16 08:02:57.039 7 INFO placement.requestlog [None req-520f242a-9129-4f49-af83-50a20bae3576 da3335830fe748cc9f0cc0186319f68a d04a53c6d56f4dddb4649203560d8059 - - 6ebf86b80b4c4fd0a6d20164871db72a 6ebf86b80b4c4fd0a6d20164871db72a] 10.0.0.166 "DELETE /resource_providers/3b91feea-726c-476b-88ff-77cec3bf12ec" status: 404 len: 246 microversion: 1.1 [pid: 7|app: 0|req: 350/697] 10.0.0.166 () {34 vars in 816 bytes} [Thu Jul 16 08:02:57 2026] DELETE /resource_providers/3b91feea-726c-476b-88ff-77cec3bf12ec => generated 246 bytes in 10 msecs (HTTP/1.1 404) 6 headers in 231 bytes (1 switches on core 0)
2026-07-16 08:02:59.506 8 INFO placement.requestlog [req-65741f1f-847b-4895-97ba-33c2505707a9 req-f9bee316-c96e-422b-8157-9b52c56ff7cd e99d59f3b82f4534bbdb11bdc52f6e7a d04a53c6d56f4dddb4649203560d8059 - - 6ebf86b80b4c4fd0a6d20164871db72a 6ebf86b80b4c4fd0a6d20164871db72a] 199.204.45.89 "DELETE /allocations/7f22b2ed-d347-4bd0-bb29-a6aa5d75e761" status: 204 len: 0 microversion: 1.0 [pid: 8|app: 0|req: 348/698] 199.204.45.89 () {34 vars in 840 bytes} [Thu Jul 16 08:02:59 2026] DELETE /allocations/7f22b2ed-d347-4bd0-bb29-a6aa5d75e761 => generated 0 bytes in 42 msecs (HTTP/1.1 204) 5 headers in 198 bytes (1 switches on core 0)
2026-07-16 08:02:59.892 7 INFO placement.requestlog [req-a9e94957-f137-4a14-ae76-28e33f144227 req-2f8f96d4-39a2-40c8-bf25-b3b4531e8a75 e99d59f3b82f4534bbdb11bdc52f6e7a d04a53c6d56f4dddb4649203560d8059 - - 6ebf86b80b4c4fd0a6d20164871db72a 6ebf86b80b4c4fd0a6d20164871db72a] 10.0.0.164 "DELETE /allocations/7f22b2ed-d347-4bd0-bb29-a6aa5d75e761" status: 404 len: 228 microversion: 1.0 [pid: 7|app: 0|req: 351/699] 10.0.0.164 () {34 vars in 830 bytes} [Thu Jul 16 08:02:59 2026] DELETE /allocations/7f22b2ed-d347-4bd0-bb29-a6aa5d75e761 => generated 228 bytes in 11 msecs (HTTP/1.1 404) 6 headers in 231 bytes (1 switches on core 0)
2026-07-16 08:03:03.856 8 INFO placement.requestlog [req-e262e296-9886-4e68-bde6-6388b893d257 req-8b99206e-a195-4b9a-b0a3-afefb67f77eb e99d59f3b82f4534bbdb11bdc52f6e7a d04a53c6d56f4dddb4649203560d8059 - - 6ebf86b80b4c4fd0a6d20164871db72a 6ebf86b80b4c4fd0a6d20164871db72a] 199.204.45.89 "GET /resource_providers/9c4bdb8a-784e-4bef-aadb-e6454d5871a3/allocations" status: 200 len: 138 microversion: 1.0 [pid: 8|app: 0|req: 349/700] 199.204.45.89 () {32 vars in 856 bytes} [Thu Jul 16 08:03:03 2026] GET /resource_providers/9c4bdb8a-784e-4bef-aadb-e6454d5871a3/allocations => generated 138 bytes in 15 msecs (HTTP/1.1 200) 6 headers in 224 bytes (1 switches on core 0)
2026-07-16 08:03:03.877 7 INFO placement.requestlog [req-e262e296-9886-4e68-bde6-6388b893d257 req-d3adce4a-ef0d-4bb3-bde7-57c0f3a31a76 e99d59f3b82f4534bbdb11bdc52f6e7a d04a53c6d56f4dddb4649203560d8059 - - 6ebf86b80b4c4fd0a6d20164871db72a 6ebf86b80b4c4fd0a6d20164871db72a] 199.204.45.89 "GET /allocations/357fbef9-5ad9-4eef-815a-ade03939e2d1" status: 200 len: 243 microversion: 1.28 [pid: 7|app: 0|req: 352/701] 199.204.45.89 () {34 vars in 862 bytes} [Thu Jul 16 08:03:03 2026] GET /allocations/357fbef9-5ad9-4eef-815a-ade03939e2d1 => generated 243 bytes in 15 msecs (HTTP/1.1 200) 8 headers in 296 bytes (1 switches on core 0)
2026-07-16 08:03:03.920 8 INFO placement.requestlog [None req-8138ca7d-d7e3-4ae2-ae36-249361d7b285 - - - - - -] 10.0.0.152 "GET /" status: 200 len: 136 microversion: 1.0
2026-07-16 08:03:03.920 7 INFO placement.requestlog [None req-8babda5e-b992-4ec3-97cf-2059270cd74d - - - - - -] 10.0.0.152 "GET /" status: 200 len: 136 microversion: 1.0
2026-07-16 08:03:04.077 7 INFO placement.requestlog [None req-c86381fe-06b3-45f5-9e71-f303b725ca5e da3335830fe748cc9f0cc0186319f68a d04a53c6d56f4dddb4649203560d8059 - - 6ebf86b80b4c4fd0a6d20164871db72a 6ebf86b80b4c4fd0a6d20164871db72a] 10.0.0.166 "GET /resource_providers/56f756fc-ac76-4264-9da0-808405feebc1/aggregates" status: 404 len: 235 microversion: 1.1 [pid: 7|app: 0|req: 354/704] 10.0.0.166 () {32 vars in 816 bytes} [Thu Jul 16 08:03:04 2026] GET /resource_providers/56f756fc-ac76-4264-9da0-808405feebc1/aggregates => generated 235 bytes in 12 msecs (HTTP/1.1 404) 5 headers in 202 bytes (1 switches on core 0)
2026-07-16 08:03:04.078 8 INFO placement.requestlog [None req-ae8df189-2fad-4ffa-99f1-149705070f0d da3335830fe748cc9f0cc0186319f68a d04a53c6d56f4dddb4649203560d8059 - - 6ebf86b80b4c4fd0a6d20164871db72a 6ebf86b80b4c4fd0a6d20164871db72a] 10.0.0.166 "GET /resource_providers/56f756fc-ac76-4264-9da0-808405feebc1/aggregates" status: 404 len: 235 microversion: 1.1 [pid: 8|app: 0|req: 351/705] 10.0.0.166 () {32 vars in 816 bytes} [Thu Jul 16 08:03:04 2026] GET /resource_providers/56f756fc-ac76-4264-9da0-808405feebc1/aggregates => generated 235 bytes in 13 msecs (HTTP/1.1 404) 5 headers in 202 bytes (1 switches on core 0)
2026-07-16 08:03:04.103 7 INFO placement.requestlog [None req-5ed4bf52-8f59-4ba8-9fb7-4ba0d414fbb9 da3335830fe748cc9f0cc0186319f68a d04a53c6d56f4dddb4649203560d8059 - - 6ebf86b80b4c4fd0a6d20164871db72a 6ebf86b80b4c4fd0a6d20164871db72a] 10.0.0.166 "DELETE /resource_providers/56f756fc-ac76-4264-9da0-808405feebc1" status: 404 len: 246 microversion: 1.1 [pid: 7|app: 0|req: 355/706] 10.0.0.166 () {34 vars in 816 bytes} [Thu Jul 16 08:03:04 2026] DELETE /resource_providers/56f756fc-ac76-4264-9da0-808405feebc1 => generated 246 bytes in 12 msecs (HTTP/1.1 404) 6 headers in 231 bytes (1 switches on core 0)
2026-07-16 08:03:04.107 8 INFO placement.requestlog [None req-f897ce36-e5f5-45e0-9fa6-7e8d4ac7ad8a da3335830fe748cc9f0cc0186319f68a d04a53c6d56f4dddb4649203560d8059 - - 6ebf86b80b4c4fd0a6d20164871db72a 6ebf86b80b4c4fd0a6d20164871db72a] 10.0.0.166 "DELETE /resource_providers/56f756fc-ac76-4264-9da0-808405feebc1" status: 404 len: 246 microversion: 1.1 [pid: 8|app: 0|req: 352/707] 10.0.0.166 () {34 vars in 816 bytes} [Thu Jul 16 08:03:04 2026] DELETE /resource_providers/56f756fc-ac76-4264-9da0-808405feebc1 => generated 246 bytes in 16 msecs (HTTP/1.1 404) 6 headers in 231 bytes (1 switches on core 0)
2026-07-16 08:03:05.881 7 INFO placement.requestlog [req-607f1d64-d983-4e8e-a904-c219d95352a9 req-c3a20242-ec4d-4997-b146-03d4401407b7 e99d59f3b82f4534bbdb11bdc52f6e7a d04a53c6d56f4dddb4649203560d8059 - - 6ebf86b80b4c4fd0a6d20164871db72a 6ebf86b80b4c4fd0a6d20164871db72a] 10.0.0.239 "GET /allocation_candidates?limit=1000&resources=DISK_GB%3A1%2CMEMORY_MB%3A512%2CVCPU%3A1&root_required=%21COMPUTE_STATUS_DISABLED" status: 200 len: 2783 microversion: 1.36 [pid: 7|app: 0|req: 356/708] 10.0.0.239 () {34 vars in 1012 bytes} [Thu Jul 16 08:03:05 2026] GET /allocation_candidates?limit=1000&resources=DISK_GB%3A1%2CMEMORY_MB%3A512%2CVCPU%3A1&root_required=%21COMPUTE_STATUS_DISABLED => generated 2783 bytes in 63 msecs (HTTP/1.1 200) 8 headers in 297 bytes (1 switches on core 0)
2026-07-16 08:03:05.917 8 INFO placement.requestlog [req-607f1d64-d983-4e8e-a904-c219d95352a9 req-db2c7aad-ce60-495c-a833-c9e5937d875a e99d59f3b82f4534bbdb11bdc52f6e7a d04a53c6d56f4dddb4649203560d8059 - - 6ebf86b80b4c4fd0a6d20164871db72a 6ebf86b80b4c4fd0a6d20164871db72a] 10.0.0.239 "GET /allocations/2c114c7f-7d67-4df0-bcdc-06f452410560" status: 200 len: 19 microversion: 1.28 [pid: 8|app: 0|req: 353/709] 10.0.0.239 () {34 vars in 861 bytes} [Thu Jul 16 08:03:05 2026] GET /allocations/2c114c7f-7d67-4df0-bcdc-06f452410560 => generated 19 bytes in 13 msecs (HTTP/1.1 200) 8 headers in 295 bytes (1 switches on core 0)
2026-07-16 08:03:05.988 7 INFO placement.requestlog [req-607f1d64-d983-4e8e-a904-c219d95352a9 req-45fa33ac-ae0c-430d-9e10-db074351f1b3 e99d59f3b82f4534bbdb11bdc52f6e7a d04a53c6d56f4dddb4649203560d8059 - - 6ebf86b80b4c4fd0a6d20164871db72a 6ebf86b80b4c4fd0a6d20164871db72a] 10.0.0.239 "PUT /allocations/2c114c7f-7d67-4df0-bcdc-06f452410560" status: 204 len: 0 microversion: 1.36 [pid: 7|app: 0|req: 357/710] 10.0.0.239 () {38 vars in 914 bytes} [Thu Jul 16 08:03:05 2026] PUT /allocations/2c114c7f-7d67-4df0-bcdc-06f452410560 => generated 0 bytes in 64 msecs (HTTP/1.1 204) 5 headers in 199 bytes (1 switches on core 0)
2026-07-16 08:03:07.418 8 INFO placement.requestlog [req-e262e296-9886-4e68-bde6-6388b893d257 req-ca6cf19a-fb9f-4cb5-8cc5-eb90f49adf8f e99d59f3b82f4534bbdb11bdc52f6e7a d04a53c6d56f4dddb4649203560d8059 - - 6ebf86b80b4c4fd0a6d20164871db72a 6ebf86b80b4c4fd0a6d20164871db72a] 199.204.45.89 "DELETE /allocations/357fbef9-5ad9-4eef-815a-ade03939e2d1" status: 204 len: 0 microversion: 1.0 [pid: 8|app: 0|req: 354/711] 199.204.45.89 () {34 vars in 840 bytes} [Thu Jul 16 08:03:07 2026] DELETE /allocations/357fbef9-5ad9-4eef-815a-ade03939e2d1 => generated 0 bytes in 30 msecs (HTTP/1.1 204) 5 headers in 198 bytes (1 switches on core 0)
2026-07-16 08:03:07.546 7 INFO placement.requestlog [req-607f1d64-d983-4e8e-a904-c219d95352a9 req-7a599a8d-245e-4b57-a48d-d315b64ac3c9 e99d59f3b82f4534bbdb11bdc52f6e7a d04a53c6d56f4dddb4649203560d8059 - - 6ebf86b80b4c4fd0a6d20164871db72a 6ebf86b80b4c4fd0a6d20164871db72a] 199.204.45.89 "GET /allocations/2c114c7f-7d67-4df0-bcdc-06f452410560" status: 200 len: 257 microversion: 1.28 [pid: 7|app: 0|req: 358/712] 199.204.45.89 () {34 vars in 862 bytes} [Thu Jul 16 08:03:07 2026] GET /allocations/2c114c7f-7d67-4df0-bcdc-06f452410560 => generated 257 bytes in 14 msecs (HTTP/1.1 200) 8 headers in 296 bytes (1 switches on core 0)
2026-07-16 08:03:07.921 8 INFO placement.requestlog [req-2a6af475-ccfc-456e-8ac5-582727199849 req-881a0683-fcda-429c-b84e-82059f327d0e e99d59f3b82f4534bbdb11bdc52f6e7a d04a53c6d56f4dddb4649203560d8059 - - 6ebf86b80b4c4fd0a6d20164871db72a 6ebf86b80b4c4fd0a6d20164871db72a] 10.0.0.164 "DELETE /allocations/357fbef9-5ad9-4eef-815a-ade03939e2d1" status: 404 len: 228 microversion: 1.0 [pid: 8|app: 0|req: 355/713] 10.0.0.164 () {34 vars in 830 bytes} [Thu Jul 16 08:03:07 2026] DELETE /allocations/357fbef9-5ad9-4eef-815a-ade03939e2d1 => generated 228 bytes in 10 msecs (HTTP/1.1 404) 6 headers in 231 bytes (1 switches on core 0)
2026-07-16 08:03:08.588 7 INFO placement.requestlog [req-607f1d64-d983-4e8e-a904-c219d95352a9 req-1cd861c9-8469-47b1-b88d-cc14bf973ec5 e99d59f3b82f4534bbdb11bdc52f6e7a d04a53c6d56f4dddb4649203560d8059 - - 6ebf86b80b4c4fd0a6d20164871db72a 6ebf86b80b4c4fd0a6d20164871db72a] 199.204.45.89 "GET /resource_providers/9c4bdb8a-784e-4bef-aadb-e6454d5871a3/allocations" status: 200 len: 152 microversion: 1.0 [pid: 7|app: 0|req: 359/714] 199.204.45.89 () {32 vars in 856 bytes} [Thu Jul 16 08:03:08 2026] GET /resource_providers/9c4bdb8a-784e-4bef-aadb-e6454d5871a3/allocations => generated 152 bytes in 19 msecs (HTTP/1.1 200) 6 headers in 224 bytes (1 switches on core 0)
2026-07-16 08:03:08.610 8 INFO placement.requestlog [req-607f1d64-d983-4e8e-a904-c219d95352a9 req-bae3e60e-080d-42d3-a723-2d70800b8645 e99d59f3b82f4534bbdb11bdc52f6e7a d04a53c6d56f4dddb4649203560d8059 - - 6ebf86b80b4c4fd0a6d20164871db72a 6ebf86b80b4c4fd0a6d20164871db72a] 199.204.45.89 "GET /allocations/2c114c7f-7d67-4df0-bcdc-06f452410560" status: 200 len: 257 microversion: 1.28 [pid: 8|app: 0|req: 356/715] 199.204.45.89 () {34 vars in 862 bytes} [Thu Jul 16 08:03:08 2026] GET /allocations/2c114c7f-7d67-4df0-bcdc-06f452410560 => generated 257 bytes in 13 msecs (HTTP/1.1 200) 8 headers in 296 bytes (1 switches on core 0)
2026-07-16 08:03:10.710 7 INFO placement.requestlog [req-5999c3a0-6e5a-45d8-83aa-f1ea76facf56 req-b5702dba-d860-4949-9b5f-f54c54ccffbb e99d59f3b82f4534bbdb11bdc52f6e7a d04a53c6d56f4dddb4649203560d8059 - - 6ebf86b80b4c4fd0a6d20164871db72a 6ebf86b80b4c4fd0a6d20164871db72a] 199.204.45.89 "GET /resource_providers/9c4bdb8a-784e-4bef-aadb-e6454d5871a3/allocations" status: 200 len: 152 microversion: 1.0 [pid: 7|app: 0|req: 360/716] 199.204.45.89 () {32 vars in 856 bytes} [Thu Jul 16 08:03:10 2026] GET /resource_providers/9c4bdb8a-784e-4bef-aadb-e6454d5871a3/allocations => generated 152 bytes in 16 msecs (HTTP/1.1 200) 6 headers in 224 bytes (1 switches on core 0)
2026-07-16 08:03:10.732 8 INFO placement.requestlog [req-5999c3a0-6e5a-45d8-83aa-f1ea76facf56 req-9edef036-821d-485c-8154-890c672cb089 e99d59f3b82f4534bbdb11bdc52f6e7a d04a53c6d56f4dddb4649203560d8059 - - 6ebf86b80b4c4fd0a6d20164871db72a 6ebf86b80b4c4fd0a6d20164871db72a] 199.204.45.89 "GET /resource_providers/9c4bdb8a-784e-4bef-aadb-e6454d5871a3/allocations" status: 200 len: 152 microversion: 1.0 [pid: 8|app: 0|req: 357/717] 199.204.45.89 () {32 vars in 856 bytes} [Thu Jul 16 08:03:10 2026] GET /resource_providers/9c4bdb8a-784e-4bef-aadb-e6454d5871a3/allocations => generated 152 bytes in 14 msecs (HTTP/1.1 200) 6 headers in 224 bytes (1 switches on core 0)
2026-07-16 08:03:10.756 7 INFO placement.requestlog [req-5999c3a0-6e5a-45d8-83aa-f1ea76facf56 req-bafd4e7f-3349-4db3-a5a5-105f502d4200 e99d59f3b82f4534bbdb11bdc52f6e7a d04a53c6d56f4dddb4649203560d8059 - - 6ebf86b80b4c4fd0a6d20164871db72a 6ebf86b80b4c4fd0a6d20164871db72a] 199.204.45.89 "GET /allocations/2c114c7f-7d67-4df0-bcdc-06f452410560" status: 200 len: 257 microversion: 1.28 [pid: 7|app: 0|req: 361/718] 199.204.45.89 () {34 vars in 862 bytes} [Thu Jul 16 08:03:10 2026] GET /allocations/2c114c7f-7d67-4df0-bcdc-06f452410560 => generated 257 bytes in 17 msecs (HTTP/1.1 200) 8 headers in 296 bytes (1 switches on core 0)
2026-07-16 08:03:13.236 7 INFO placement.requestlog [None req-51fbda71-0cc3-43e2-b4a2-01dfdad3f506 da3335830fe748cc9f0cc0186319f68a d04a53c6d56f4dddb4649203560d8059 - - 6ebf86b80b4c4fd0a6d20164871db72a 6ebf86b80b4c4fd0a6d20164871db72a] 10.0.0.166 "GET /resource_providers/8b71d10e-f944-4179-9ff3-5b62ac8ea169/aggregates" status: 404 len: 235 microversion: 1.1 [pid: 7|app: 0|req: 362/719] 10.0.0.166 () {32 vars in 816 bytes} [Thu Jul 16 08:03:13 2026] GET /resource_providers/8b71d10e-f944-4179-9ff3-5b62ac8ea169/aggregates => generated 235 bytes in 11 msecs (HTTP/1.1 404) 5 headers in 202 bytes (1 switches on core 0)
2026-07-16 08:03:13.239 8 INFO placement.requestlog [None req-021297dd-aced-4554-9a38-2d25c22c860a da3335830fe748cc9f0cc0186319f68a d04a53c6d56f4dddb4649203560d8059 - - 6ebf86b80b4c4fd0a6d20164871db72a 6ebf86b80b4c4fd0a6d20164871db72a] 10.0.0.166 "GET /resource_providers/8b71d10e-f944-4179-9ff3-5b62ac8ea169/aggregates" status: 404 len: 235 microversion: 1.1 [pid: 8|app: 0|req: 358/720] 10.0.0.166 () {32 vars in 816 bytes} [Thu Jul 16 08:03:13 2026] GET /resource_providers/8b71d10e-f944-4179-9ff3-5b62ac8ea169/aggregates => generated 235 bytes in 15 msecs (HTTP/1.1 404) 5 headers in 202 bytes (1 switches on core 0)
2026-07-16 08:03:13.261 7 INFO placement.requestlog [None req-5f2d6a69-e865-47b8-9dfe-c3cbe8e66fe2 da3335830fe748cc9f0cc0186319f68a d04a53c6d56f4dddb4649203560d8059 - - 6ebf86b80b4c4fd0a6d20164871db72a 6ebf86b80b4c4fd0a6d20164871db72a] 10.0.0.166 "DELETE /resource_providers/8b71d10e-f944-4179-9ff3-5b62ac8ea169" status: 404 len: 246 microversion: 1.1
2026-07-16 08:03:13.261 8 INFO placement.requestlog [None req-33d337cb-3924-43c6-9c68-772cf750af8a da3335830fe748cc9f0cc0186319f68a d04a53c6d56f4dddb4649203560d8059 - - 6ebf86b80b4c4fd0a6d20164871db72a 6ebf86b80b4c4fd0a6d20164871db72a] 10.0.0.166 "DELETE /resource_providers/8b71d10e-f944-4179-9ff3-5b62ac8ea169" status: 404 len: 246 microversion: 1.1 [pid: 7|app: 0|req: 363/721] 10.0.0.166 () {34 vars in 816 bytes} [Thu Jul 16 08:03:13 2026] DELETE /resource_providers/8b71d10e-f944-4179-9ff3-5b62ac8ea169 => generated 246 bytes in 14 msecs (HTTP/1.1 404) 6 headers in 231 bytes (1 switches on core 0) [pid: 8|app: 0|req: 359/722] 10.0.0.166 () {34 vars in 816 bytes} [Thu Jul 16 08:03:13 2026] DELETE /resource_providers/8b71d10e-f944-4179-9ff3-5b62ac8ea169 => generated 246 bytes in 8 msecs (HTTP/1.1 404) 6 headers in 231 bytes (1 switches on core 0)
2026-07-16 08:03:13.749 7 INFO placement.requestlog [req-14a494e8-243f-4bc8-b5c8-7ba20ba4d9d8 req-aee349c7-530d-463e-9d83-485fcf061671 e99d59f3b82f4534bbdb11bdc52f6e7a d04a53c6d56f4dddb4649203560d8059 - - 6ebf86b80b4c4fd0a6d20164871db72a 6ebf86b80b4c4fd0a6d20164871db72a] 10.0.0.239 "GET /allocation_candidates?limit=1000&resources=DISK_GB%3A1%2CMEMORY_MB%3A512%2CVCPU%3A1&root_required=%21COMPUTE_STATUS_DISABLED" status: 200 len: 2783 microversion: 1.36 [pid: 7|app: 0|req: 364/723] 10.0.0.239 () {34 vars in 1012 bytes} [Thu Jul 16 08:03:13 2026] GET /allocation_candidates?limit=1000&resources=DISK_GB%3A1%2CMEMORY_MB%3A512%2CVCPU%3A1&root_required=%21COMPUTE_STATUS_DISABLED => generated 2783 bytes in 79 msecs (HTTP/1.1 200) 8 headers in 297 bytes (1 switches on core 0)
2026-07-16 08:03:13.788 8 INFO placement.requestlog [req-14a494e8-243f-4bc8-b5c8-7ba20ba4d9d8 req-39cd81a6-74e0-492c-bbee-da6172094ee4 e99d59f3b82f4534bbdb11bdc52f6e7a d04a53c6d56f4dddb4649203560d8059 - - 6ebf86b80b4c4fd0a6d20164871db72a 6ebf86b80b4c4fd0a6d20164871db72a] 10.0.0.239 "GET /allocations/288213e9-7d53-4dd7-ae8d-009953ba2a8d" status: 200 len: 19 microversion: 1.28 [pid: 8|app: 0|req: 360/724] 10.0.0.239 () {34 vars in 861 bytes} [Thu Jul 16 08:03:13 2026] GET /allocations/288213e9-7d53-4dd7-ae8d-009953ba2a8d => generated 19 bytes in 15 msecs (HTTP/1.1 200) 8 headers in 295 bytes (1 switches on core 0)
2026-07-16 08:03:13.856 7 INFO placement.requestlog [req-14a494e8-243f-4bc8-b5c8-7ba20ba4d9d8 req-c32356bf-ca05-41e1-be0c-59b2d03530af e99d59f3b82f4534bbdb11bdc52f6e7a d04a53c6d56f4dddb4649203560d8059 - - 6ebf86b80b4c4fd0a6d20164871db72a 6ebf86b80b4c4fd0a6d20164871db72a] 10.0.0.239 "PUT /allocations/288213e9-7d53-4dd7-ae8d-009953ba2a8d" status: 204 len: 0 microversion: 1.36 [pid: 7|app: 0|req: 365/725] 10.0.0.239 () {38 vars in 914 bytes} [Thu Jul 16 08:03:13 2026] PUT /allocations/288213e9-7d53-4dd7-ae8d-009953ba2a8d => generated 0 bytes in 60 msecs (HTTP/1.1 204) 5 headers in 199 bytes (1 switches on core 0)
2026-07-16 08:03:13.919 8 INFO placement.requestlog [None req-fc511aef-0930-4e34-bce5-d69a753d8cda - - - - - -] 10.0.0.152 "GET /" status: 200 len: 136 microversion: 1.0
2026-07-16 08:03:13.919 7 INFO placement.requestlog [None req-1b7c9cb7-31ae-4837-8edb-9ce4b85ee014 - - - - - -] 10.0.0.152 "GET /" status: 200 len: 136 microversion: 1.0
2026-07-16 08:03:15.360 8 INFO placement.requestlog [req-14a494e8-243f-4bc8-b5c8-7ba20ba4d9d8 req-9c5340d8-11da-4052-aa88-ebe5cdc632f8 e99d59f3b82f4534bbdb11bdc52f6e7a d04a53c6d56f4dddb4649203560d8059 - - 6ebf86b80b4c4fd0a6d20164871db72a 6ebf86b80b4c4fd0a6d20164871db72a] 199.204.45.89 "GET /allocations/288213e9-7d53-4dd7-ae8d-009953ba2a8d" status: 200 len: 257 microversion: 1.28 [pid: 8|app: 0|req: 362/728] 199.204.45.89 () {34 vars in 862 bytes} [Thu Jul 16 08:03:15 2026] GET /allocations/288213e9-7d53-4dd7-ae8d-009953ba2a8d => generated 257 bytes in 13 msecs (HTTP/1.1 200) 8 headers in 296 bytes (1 switches on core 0)
2026-07-16 08:03:16.402 7 INFO placement.requestlog [req-14a494e8-243f-4bc8-b5c8-7ba20ba4d9d8 req-b9a19fb4-31cc-4f3c-a276-8bf8f6aeefaf e99d59f3b82f4534bbdb11bdc52f6e7a d04a53c6d56f4dddb4649203560d8059 - - 6ebf86b80b4c4fd0a6d20164871db72a 6ebf86b80b4c4fd0a6d20164871db72a] 199.204.45.89 "GET /resource_providers/9c4bdb8a-784e-4bef-aadb-e6454d5871a3/allocations" status: 200 len: 252 microversion: 1.0 [pid: 7|app: 0|req: 367/729] 199.204.45.89 () {32 vars in 856 bytes} [Thu Jul 16 08:03:16 2026] GET /resource_providers/9c4bdb8a-784e-4bef-aadb-e6454d5871a3/allocations => generated 252 bytes in 20 msecs (HTTP/1.1 200) 6 headers in 224 bytes (1 switches on core 0)
2026-07-16 08:03:16.441 8 INFO placement.requestlog [req-14a494e8-243f-4bc8-b5c8-7ba20ba4d9d8 req-773b886b-1956-475f-8a90-8f1a0e708ab9 e99d59f3b82f4534bbdb11bdc52f6e7a d04a53c6d56f4dddb4649203560d8059 - - 6ebf86b80b4c4fd0a6d20164871db72a 6ebf86b80b4c4fd0a6d20164871db72a] 199.204.45.89 "GET /allocations/2c114c7f-7d67-4df0-bcdc-06f452410560" status: 200 len: 257 microversion: 1.28 [pid: 8|app: 0|req: 363/730] 199.204.45.89 () {34 vars in 862 bytes} [Thu Jul 16 08:03:16 2026] GET /allocations/2c114c7f-7d67-4df0-bcdc-06f452410560 => generated 257 bytes in 23 msecs (HTTP/1.1 200) 8 headers in 296 bytes (1 switches on core 0)
2026-07-16 08:03:16.474 7 INFO placement.requestlog [req-14a494e8-243f-4bc8-b5c8-7ba20ba4d9d8 req-380ba119-af09-4540-8c42-872b73d0f2cb e99d59f3b82f4534bbdb11bdc52f6e7a d04a53c6d56f4dddb4649203560d8059 - - 6ebf86b80b4c4fd0a6d20164871db72a 6ebf86b80b4c4fd0a6d20164871db72a] 199.204.45.89 "GET /allocations/288213e9-7d53-4dd7-ae8d-009953ba2a8d" status: 200 len: 257 microversion: 1.28 [pid: 7|app: 0|req: 368/731] 199.204.45.89 () {34 vars in 862 bytes} [Thu Jul 16 08:03:16 2026] GET /allocations/288213e9-7d53-4dd7-ae8d-009953ba2a8d => generated 257 bytes in 25 msecs (HTTP/1.1 200) 8 headers in 296 bytes (1 switches on core 0)
2026-07-16 08:03:19.088 8 INFO placement.requestlog [req-607f1d64-d983-4e8e-a904-c219d95352a9 req-5d972fe2-9ed2-48d9-9b51-9d4d74660f92 e99d59f3b82f4534bbdb11bdc52f6e7a d04a53c6d56f4dddb4649203560d8059 - - 6ebf86b80b4c4fd0a6d20164871db72a 6ebf86b80b4c4fd0a6d20164871db72a] 199.204.45.89 "GET /resource_providers/9c4bdb8a-784e-4bef-aadb-e6454d5871a3/allocations" status: 200 len: 252 microversion: 1.0 [pid: 8|app: 0|req: 364/732] 199.204.45.89 () {32 vars in 856 bytes} [Thu Jul 16 08:03:19 2026] GET /resource_providers/9c4bdb8a-784e-4bef-aadb-e6454d5871a3/allocations => generated 252 bytes in 25 msecs (HTTP/1.1 200) 6 headers in 224 bytes (1 switches on core 0)
2026-07-16 08:03:19.113 7 INFO placement.requestlog [req-607f1d64-d983-4e8e-a904-c219d95352a9 req-b6e680aa-864e-46a6-a49e-144a7a406d9d e99d59f3b82f4534bbdb11bdc52f6e7a d04a53c6d56f4dddb4649203560d8059 - - 6ebf86b80b4c4fd0a6d20164871db72a 6ebf86b80b4c4fd0a6d20164871db72a] 199.204.45.89 "GET /allocations/2c114c7f-7d67-4df0-bcdc-06f452410560" status: 200 len: 257 microversion: 1.28 [pid: 7|app: 0|req: 369/733] 199.204.45.89 () {34 vars in 862 bytes} [Thu Jul 16 08:03:19 2026] GET /allocations/2c114c7f-7d67-4df0-bcdc-06f452410560 => generated 257 bytes in 18 msecs (HTTP/1.1 200) 8 headers in 296 bytes (1 switches on core 0)
2026-07-16 08:03:19.148 8 INFO placement.requestlog [req-607f1d64-d983-4e8e-a904-c219d95352a9 req-eecb7a0e-6ebe-4103-91c1-5afa77702074 e99d59f3b82f4534bbdb11bdc52f6e7a d04a53c6d56f4dddb4649203560d8059 - - 6ebf86b80b4c4fd0a6d20164871db72a 6ebf86b80b4c4fd0a6d20164871db72a] 199.204.45.89 "GET /allocations/288213e9-7d53-4dd7-ae8d-009953ba2a8d" status: 200 len: 257 microversion: 1.28 [pid: 8|app: 0|req: 365/734] 199.204.45.89 () {34 vars in 862 bytes} [Thu Jul 16 08:03:19 2026] GET /allocations/288213e9-7d53-4dd7-ae8d-009953ba2a8d => generated 257 bytes in 26 msecs (HTTP/1.1 200) 8 headers in 296 bytes (1 switches on core 0)
2026-07-16 08:03:19.809 7 INFO placement.requestlog [None req-c8907162-643e-4e2e-991a-06bc02c2e4b6 da3335830fe748cc9f0cc0186319f68a d04a53c6d56f4dddb4649203560d8059 - - 6ebf86b80b4c4fd0a6d20164871db72a 6ebf86b80b4c4fd0a6d20164871db72a] 10.0.0.166 "GET /resource_providers/3f6d7e30-d3bf-43c5-ad04-807e48a743c4/aggregates" status: 404 len: 235 microversion: 1.1 [pid: 7|app: 0|req: 370/735] 10.0.0.166 () {32 vars in 816 bytes} [Thu Jul 16 08:03:19 2026] GET /resource_providers/3f6d7e30-d3bf-43c5-ad04-807e48a743c4/aggregates => generated 235 bytes in 14 msecs (HTTP/1.1 404) 5 headers in 202 bytes (1 switches on core 0)
2026-07-16 08:03:19.817 8 INFO placement.requestlog [None req-bc3e5127-0dfa-4d26-a805-ad7f384d5ae1 da3335830fe748cc9f0cc0186319f68a d04a53c6d56f4dddb4649203560d8059 - - 6ebf86b80b4c4fd0a6d20164871db72a 6ebf86b80b4c4fd0a6d20164871db72a] 10.0.0.166 "GET /resource_providers/3f6d7e30-d3bf-43c5-ad04-807e48a743c4/aggregates" status: 404 len: 235 microversion: 1.1 [pid: 8|app: 0|req: 366/736] 10.0.0.166 () {32 vars in 816 bytes} [Thu Jul 16 08:03:19 2026] GET /resource_providers/3f6d7e30-d3bf-43c5-ad04-807e48a743c4/aggregates => generated 235 bytes in 20 msecs (HTTP/1.1 404) 5 headers in 202 bytes (1 switches on core 0)
2026-07-16 08:03:19.837 7 INFO placement.requestlog [None req-1e10f7bb-c21e-4ba6-a89d-58deb0bab58a da3335830fe748cc9f0cc0186319f68a d04a53c6d56f4dddb4649203560d8059 - - 6ebf86b80b4c4fd0a6d20164871db72a 6ebf86b80b4c4fd0a6d20164871db72a] 10.0.0.166 "DELETE /resource_providers/3f6d7e30-d3bf-43c5-ad04-807e48a743c4" status: 404 len: 246 microversion: 1.1 [pid: 7|app: 0|req: 371/737] 10.0.0.166 () {34 vars in 816 bytes} [Thu Jul 16 08:03:19 2026] DELETE /resource_providers/3f6d7e30-d3bf-43c5-ad04-807e48a743c4 => generated 246 bytes in 17 msecs (HTTP/1.1 404) 6 headers in 231 bytes (1 switches on core 0)
2026-07-16 08:03:19.844 8 INFO placement.requestlog [None req-c8d195d4-3398-422b-8e86-02689155b479 da3335830fe748cc9f0cc0186319f68a d04a53c6d56f4dddb4649203560d8059 - - 6ebf86b80b4c4fd0a6d20164871db72a 6ebf86b80b4c4fd0a6d20164871db72a] 10.0.0.166 "DELETE /resource_providers/3f6d7e30-d3bf-43c5-ad04-807e48a743c4" status: 404 len: 246 microversion: 1.1 [pid: 8|app: 0|req: 367/738] 10.0.0.166 () {34 vars in 816 bytes} [Thu Jul 16 08:03:19 2026] DELETE /resource_providers/3f6d7e30-d3bf-43c5-ad04-807e48a743c4 => generated 246 bytes in 13 msecs (HTTP/1.1 404) 6 headers in 231 bytes (1 switches on core 0)
2026-07-16 08:03:20.276 7 INFO placement.requestlog [None req-02ca99f2-b4ae-4239-aa98-41a44a61f56c da3335830fe748cc9f0cc0186319f68a d04a53c6d56f4dddb4649203560d8059 - - 6ebf86b80b4c4fd0a6d20164871db72a 6ebf86b80b4c4fd0a6d20164871db72a] 10.0.0.166 "GET /resource_providers/da4e1c41-0968-4837-9825-b313ba9a452e/aggregates" status: 404 len: 235 microversion: 1.1 [pid: 7|app: 0|req: 372/739] 10.0.0.166 () {32 vars in 816 bytes} [Thu Jul 16 08:03:20 2026] GET /resource_providers/da4e1c41-0968-4837-9825-b313ba9a452e/aggregates => generated 235 bytes in 12 msecs (HTTP/1.1 404) 5 headers in 202 bytes (1 switches on core 0)
2026-07-16 08:03:20.280 8 INFO placement.requestlog [None req-106c747e-4fb7-4fc9-91c7-cee1d2bf109a da3335830fe748cc9f0cc0186319f68a d04a53c6d56f4dddb4649203560d8059 - - 6ebf86b80b4c4fd0a6d20164871db72a 6ebf86b80b4c4fd0a6d20164871db72a] 10.0.0.166 "GET /resource_providers/da4e1c41-0968-4837-9825-b313ba9a452e/aggregates" status: 404 len: 235 microversion: 1.1 [pid: 8|app: 0|req: 368/740] 10.0.0.166 () {32 vars in 816 bytes} [Thu Jul 16 08:03:20 2026] GET /resource_providers/da4e1c41-0968-4837-9825-b313ba9a452e/aggregates => generated 235 bytes in 14 msecs (HTTP/1.1 404) 5 headers in 202 bytes (1 switches on core 0)
2026-07-16 08:03:20.293 7 INFO placement.requestlog [None req-4043db4c-9f0d-4dc3-b331-48f724f1a924 da3335830fe748cc9f0cc0186319f68a d04a53c6d56f4dddb4649203560d8059 - - 6ebf86b80b4c4fd0a6d20164871db72a 6ebf86b80b4c4fd0a6d20164871db72a] 10.0.0.166 "DELETE /resource_providers/da4e1c41-0968-4837-9825-b313ba9a452e" status: 404 len: 246 microversion: 1.1 [pid: 7|app: 0|req: 373/741] 10.0.0.166 () {34 vars in 816 bytes} [Thu Jul 16 08:03:20 2026] DELETE /resource_providers/da4e1c41-0968-4837-9825-b313ba9a452e => generated 246 bytes in 9 msecs (HTTP/1.1 404) 6 headers in 231 bytes (1 switches on core 0)
2026-07-16 08:03:20.313 8 INFO placement.requestlog [None req-b000afbc-bb08-4f61-afcb-4a6b4d6a30c9 da3335830fe748cc9f0cc0186319f68a d04a53c6d56f4dddb4649203560d8059 - - 6ebf86b80b4c4fd0a6d20164871db72a 6ebf86b80b4c4fd0a6d20164871db72a] 10.0.0.166 "DELETE /resource_providers/da4e1c41-0968-4837-9825-b313ba9a452e" status: 404 len: 246 microversion: 1.1 [pid: 8|app: 0|req: 369/742] 10.0.0.166 () {34 vars in 816 bytes} [Thu Jul 16 08:03:20 2026] DELETE /resource_providers/da4e1c41-0968-4837-9825-b313ba9a452e => generated 246 bytes in 17 msecs (HTTP/1.1 404) 6 headers in 231 bytes (1 switches on core 0)
2026-07-16 08:03:22.676 7 INFO placement.requestlog [req-607f1d64-d983-4e8e-a904-c219d95352a9 req-8f63cfe7-0d58-4cfb-a0e0-54f3785261b4 e99d59f3b82f4534bbdb11bdc52f6e7a d04a53c6d56f4dddb4649203560d8059 - - 6ebf86b80b4c4fd0a6d20164871db72a 6ebf86b80b4c4fd0a6d20164871db72a] 199.204.45.89 "DELETE /allocations/2c114c7f-7d67-4df0-bcdc-06f452410560" status: 204 len: 0 microversion: 1.0 [pid: 7|app: 0|req: 374/743] 199.204.45.89 () {34 vars in 840 bytes} [Thu Jul 16 08:03:22 2026] DELETE /allocations/2c114c7f-7d67-4df0-bcdc-06f452410560 => generated 0 bytes in 24 msecs (HTTP/1.1 204) 5 headers in 198 bytes (1 switches on core 0)
2026-07-16 08:03:23.082 8 INFO placement.requestlog [req-94d554cc-e626-4875-b045-7be28111630c req-97090e7c-b210-4874-9f75-5b4fbabf4f3f e99d59f3b82f4534bbdb11bdc52f6e7a d04a53c6d56f4dddb4649203560d8059 - - 6ebf86b80b4c4fd0a6d20164871db72a 6ebf86b80b4c4fd0a6d20164871db72a] 10.0.0.164 "DELETE /allocations/2c114c7f-7d67-4df0-bcdc-06f452410560" status: 404 len: 228 microversion: 1.0 [pid: 8|app: 0|req: 370/744] 10.0.0.164 () {34 vars in 830 bytes} [Thu Jul 16 08:03:23 2026] DELETE /allocations/2c114c7f-7d67-4df0-bcdc-06f452410560 => generated 228 bytes in 11 msecs (HTTP/1.1 404) 6 headers in 231 bytes (1 switches on core 0)
2026-07-16 08:03:23.919 8 INFO placement.requestlog [None req-4451eacd-90dc-40d4-b3f3-7b837b43860e - - - - - -] 10.0.0.152 "GET /" status: 200 len: 136 microversion: 1.0
2026-07-16 08:03:23.920 7 INFO placement.requestlog [None req-d9f32f4d-0626-4728-a9e3-128d22556280 - - - - - -] 10.0.0.152 "GET /" status: 200 len: 136 microversion: 1.0
2026-07-16 08:03:24.165 8 INFO placement.requestlog [req-14a494e8-243f-4bc8-b5c8-7ba20ba4d9d8 req-85b20e02-0d3a-4ade-b8b9-45b1904a1c5b e99d59f3b82f4534bbdb11bdc52f6e7a d04a53c6d56f4dddb4649203560d8059 - - 6ebf86b80b4c4fd0a6d20164871db72a 6ebf86b80b4c4fd0a6d20164871db72a] 199.204.45.89 "GET /resource_providers/9c4bdb8a-784e-4bef-aadb-e6454d5871a3/allocations" status: 200 len: 152 microversion: 1.0 [pid: 8|app: 0|req: 372/747] 199.204.45.89 () {32 vars in 856 bytes} [Thu Jul 16 08:03:24 2026] GET /resource_providers/9c4bdb8a-784e-4bef-aadb-e6454d5871a3/allocations => generated 152 bytes in 16 msecs (HTTP/1.1 200) 6 headers in 224 bytes (1 switches on core 0)
2026-07-16 08:03:24.191 7 INFO placement.requestlog [req-14a494e8-243f-4bc8-b5c8-7ba20ba4d9d8 req-c42f3c54-0642-48bb-a203-bbf09d1b74d0 e99d59f3b82f4534bbdb11bdc52f6e7a d04a53c6d56f4dddb4649203560d8059 - - 6ebf86b80b4c4fd0a6d20164871db72a 6ebf86b80b4c4fd0a6d20164871db72a] 199.204.45.89 "GET /allocations/288213e9-7d53-4dd7-ae8d-009953ba2a8d" status: 200 len: 257 microversion: 1.28 [pid: 7|app: 0|req: 376/748] 199.204.45.89 () {34 vars in 862 bytes} [Thu Jul 16 08:03:24 2026] GET /allocations/288213e9-7d53-4dd7-ae8d-009953ba2a8d => generated 257 bytes in 10 msecs (HTTP/1.1 200) 8 headers in 296 bytes (1 switches on core 0)
2026-07-16 08:03:26.636 7 INFO placement.requestlog [None req-7a685594-8228-4b8e-9028-493cdc5bb155 da3335830fe748cc9f0cc0186319f68a d04a53c6d56f4dddb4649203560d8059 - - 6ebf86b80b4c4fd0a6d20164871db72a 6ebf86b80b4c4fd0a6d20164871db72a] 10.0.0.166 "GET /resource_providers/67dc6eb3-0607-42f1-9b26-fa4c18c9ddd3/aggregates" status: 404 len: 235 microversion: 1.1
2026-07-16 08:03:26.636 8 INFO placement.requestlog [None req-0a0a2691-7213-4895-bac5-37fc40cd002d da3335830fe748cc9f0cc0186319f68a d04a53c6d56f4dddb4649203560d8059 - - 6ebf86b80b4c4fd0a6d20164871db72a 6ebf86b80b4c4fd0a6d20164871db72a] 10.0.0.166 "GET /resource_providers/67dc6eb3-0607-42f1-9b26-fa4c18c9ddd3/aggregates" status: 404 len: 235 microversion: 1.1 [pid: 7|app: 0|req: 377/750] 10.0.0.166 () {32 vars in 816 bytes} [Thu Jul 16 08:03:26 2026] GET /resource_providers/67dc6eb3-0607-42f1-9b26-fa4c18c9ddd3/aggregates => generated 235 bytes in 8 msecs (HTTP/1.1 404) 5 headers in 202 bytes (1 switches on core 0) [pid: 8|app: 0|req: 373/750] 10.0.0.166 () {32 vars in 816 bytes} [Thu Jul 16 08:03:26 2026] GET /resource_providers/67dc6eb3-0607-42f1-9b26-fa4c18c9ddd3/aggregates => generated 235 bytes in 9 msecs (HTTP/1.1 404) 5 headers in 202 bytes (1 switches on core 0)
2026-07-16 08:03:26.660 8 INFO placement.requestlog [None req-7fc4e266-dadb-41bb-8c5d-2782db9ce281 da3335830fe748cc9f0cc0186319f68a d04a53c6d56f4dddb4649203560d8059 - - 6ebf86b80b4c4fd0a6d20164871db72a 6ebf86b80b4c4fd0a6d20164871db72a] 10.0.0.166 "DELETE /resource_providers/67dc6eb3-0607-42f1-9b26-fa4c18c9ddd3" status: 404 len: 246 microversion: 1.1 [pid: 8|app: 0|req: 374/751] 10.0.0.166 () {34 vars in 816 bytes} [Thu Jul 16 08:03:26 2026] DELETE /resource_providers/67dc6eb3-0607-42f1-9b26-fa4c18c9ddd3 => generated 246 bytes in 7 msecs (HTTP/1.1 404) 6 headers in 231 bytes (1 switches on core 0)
2026-07-16 08:03:26.661 7 INFO placement.requestlog [None req-e4cff286-c70c-4b33-9547-22b4cdd815b6 da3335830fe748cc9f0cc0186319f68a d04a53c6d56f4dddb4649203560d8059 - - 6ebf86b80b4c4fd0a6d20164871db72a 6ebf86b80b4c4fd0a6d20164871db72a] 10.0.0.166 "DELETE /resource_providers/67dc6eb3-0607-42f1-9b26-fa4c18c9ddd3" status: 404 len: 246 microversion: 1.1 [pid: 7|app: 0|req: 378/752] 10.0.0.166 () {34 vars in 816 bytes} [Thu Jul 16 08:03:26 2026] DELETE /resource_providers/67dc6eb3-0607-42f1-9b26-fa4c18c9ddd3 => generated 246 bytes in 9 msecs (HTTP/1.1 404) 6 headers in 231 bytes (1 switches on core 0)
2026-07-16 08:03:27.965 7 INFO placement.requestlog [None req-ff2e9efc-3451-4cce-aadd-e2b8f74f7960 da3335830fe748cc9f0cc0186319f68a d04a53c6d56f4dddb4649203560d8059 - - 6ebf86b80b4c4fd0a6d20164871db72a 6ebf86b80b4c4fd0a6d20164871db72a] 10.0.0.166 "GET /resource_providers/3babb5aa-5b1b-4d56-895a-7fde60165f55/aggregates" status: 404 len: 235 microversion: 1.1 [pid: 7|app: 0|req: 379/753] 10.0.0.166 () {32 vars in 816 bytes} [Thu Jul 16 08:03:27 2026] GET /resource_providers/3babb5aa-5b1b-4d56-895a-7fde60165f55/aggregates => generated 235 bytes in 11 msecs (HTTP/1.1 404) 5 headers in 202 bytes (1 switches on core 0)
2026-07-16 08:03:27.973 8 INFO placement.requestlog [None req-2bcdd900-269e-4703-81a8-6bdbd68c610f da3335830fe748cc9f0cc0186319f68a d04a53c6d56f4dddb4649203560d8059 - - 6ebf86b80b4c4fd0a6d20164871db72a 6ebf86b80b4c4fd0a6d20164871db72a] 10.0.0.166 "GET /resource_providers/3babb5aa-5b1b-4d56-895a-7fde60165f55/aggregates" status: 404 len: 235 microversion: 1.1 [pid: 8|app: 0|req: 375/754] 10.0.0.166 () {32 vars in 816 bytes} [Thu Jul 16 08:03:27 2026] GET /resource_providers/3babb5aa-5b1b-4d56-895a-7fde60165f55/aggregates => generated 235 bytes in 19 msecs (HTTP/1.1 404) 5 headers in 202 bytes (1 switches on core 0)
2026-07-16 08:03:27.992 7 INFO placement.requestlog [None req-855af0b7-a3fa-4cc7-9bf0-0d34c506c1fe da3335830fe748cc9f0cc0186319f68a d04a53c6d56f4dddb4649203560d8059 - - 6ebf86b80b4c4fd0a6d20164871db72a 6ebf86b80b4c4fd0a6d20164871db72a] 10.0.0.166 "DELETE /resource_providers/3babb5aa-5b1b-4d56-895a-7fde60165f55" status: 404 len: 246 microversion: 1.1 [pid: 7|app: 0|req: 380/755] 10.0.0.166 () {34 vars in 816 bytes} [Thu Jul 16 08:03:27 2026] DELETE /resource_providers/3babb5aa-5b1b-4d56-895a-7fde60165f55 => generated 246 bytes in 10 msecs (HTTP/1.1 404) 6 headers in 231 bytes (1 switches on core 0)
2026-07-16 08:03:27.993 8 INFO placement.requestlog [None req-87b69e60-2563-4a77-ab0a-c6ae8f791f1a da3335830fe748cc9f0cc0186319f68a d04a53c6d56f4dddb4649203560d8059 - - 6ebf86b80b4c4fd0a6d20164871db72a 6ebf86b80b4c4fd0a6d20164871db72a] 10.0.0.166 "DELETE /resource_providers/3babb5aa-5b1b-4d56-895a-7fde60165f55" status: 404 len: 246 microversion: 1.1 [pid: 8|app: 0|req: 376/756] 10.0.0.166 () {34 vars in 816 bytes} [Thu Jul 16 08:03:27 2026] DELETE /resource_providers/3babb5aa-5b1b-4d56-895a-7fde60165f55 => generated 246 bytes in 11 msecs (HTTP/1.1 404) 6 headers in 231 bytes (1 switches on core 0)
2026-07-16 08:03:28.240 7 INFO placement.requestlog [req-14a494e8-243f-4bc8-b5c8-7ba20ba4d9d8 req-3d0a83dd-b636-4d85-9f60-8867c7bb9809 e99d59f3b82f4534bbdb11bdc52f6e7a d04a53c6d56f4dddb4649203560d8059 - - 6ebf86b80b4c4fd0a6d20164871db72a 6ebf86b80b4c4fd0a6d20164871db72a] 199.204.45.89 "DELETE /allocations/288213e9-7d53-4dd7-ae8d-009953ba2a8d" status: 204 len: 0 microversion: 1.0 [pid: 7|app: 0|req: 381/757] 199.204.45.89 () {34 vars in 840 bytes} [Thu Jul 16 08:03:28 2026] DELETE /allocations/288213e9-7d53-4dd7-ae8d-009953ba2a8d => generated 0 bytes in 27 msecs (HTTP/1.1 204) 5 headers in 198 bytes (1 switches on core 0)
2026-07-16 08:03:28.680 8 INFO placement.requestlog [None req-8e7d21df-47d6-4a9f-8c07-f332cf9076fa da3335830fe748cc9f0cc0186319f68a d04a53c6d56f4dddb4649203560d8059 - - 6ebf86b80b4c4fd0a6d20164871db72a 6ebf86b80b4c4fd0a6d20164871db72a] 10.0.0.166 "GET /resource_providers/36088769-652d-4b8d-8d71-57dba7ad8166/aggregates" status: 404 len: 235 microversion: 1.1 [pid: 8|app: 0|req: 377/758] 10.0.0.166 () {32 vars in 816 bytes} [Thu Jul 16 08:03:28 2026] GET /resource_providers/36088769-652d-4b8d-8d71-57dba7ad8166/aggregates => generated 235 bytes in 10 msecs (HTTP/1.1 404) 5 headers in 202 bytes (1 switches on core 0)
2026-07-16 08:03:28.686 7 INFO placement.requestlog [None req-5fad3808-48f1-4064-989a-cf44d971d5cf da3335830fe748cc9f0cc0186319f68a d04a53c6d56f4dddb4649203560d8059 - - 6ebf86b80b4c4fd0a6d20164871db72a 6ebf86b80b4c4fd0a6d20164871db72a] 10.0.0.166 "GET /resource_providers/36088769-652d-4b8d-8d71-57dba7ad8166/aggregates" status: 404 len: 235 microversion: 1.1 [pid: 7|app: 0|req: 382/759] 10.0.0.166 () {32 vars in 816 bytes} [Thu Jul 16 08:03:28 2026] GET /resource_providers/36088769-652d-4b8d-8d71-57dba7ad8166/aggregates => generated 235 bytes in 14 msecs (HTTP/1.1 404) 5 headers in 202 bytes (1 switches on core 0)
2026-07-16 08:03:28.698 8 INFO placement.requestlog [None req-4fb1353b-3964-48f0-a5fc-13aec60288b7 da3335830fe748cc9f0cc0186319f68a d04a53c6d56f4dddb4649203560d8059 - - 6ebf86b80b4c4fd0a6d20164871db72a 6ebf86b80b4c4fd0a6d20164871db72a] 10.0.0.166 "DELETE /resource_providers/36088769-652d-4b8d-8d71-57dba7ad8166" status: 404 len: 246 microversion: 1.1 [pid: 8|app: 0|req: 378/760] 10.0.0.166 () {34 vars in 816 bytes} [Thu Jul 16 08:03:28 2026] DELETE /resource_providers/36088769-652d-4b8d-8d71-57dba7ad8166 => generated 246 bytes in 11 msecs (HTTP/1.1 404) 6 headers in 231 bytes (1 switches on core 0)
2026-07-16 08:03:28.711 7 INFO placement.requestlog [None req-de6da054-8452-419a-a02a-f3eeca5e4c6b da3335830fe748cc9f0cc0186319f68a d04a53c6d56f4dddb4649203560d8059 - - 6ebf86b80b4c4fd0a6d20164871db72a 6ebf86b80b4c4fd0a6d20164871db72a] 10.0.0.166 "DELETE /resource_providers/36088769-652d-4b8d-8d71-57dba7ad8166" status: 404 len: 246 microversion: 1.1 [pid: 7|app: 0|req: 383/761] 10.0.0.166 () {34 vars in 816 bytes} [Thu Jul 16 08:03:28 2026] DELETE /resource_providers/36088769-652d-4b8d-8d71-57dba7ad8166 => generated 246 bytes in 15 msecs (HTTP/1.1 404) 6 headers in 231 bytes (1 switches on core 0)
2026-07-16 08:03:28.725 8 INFO placement.requestlog [None req-a2bccef8-ec2c-4575-8630-6ff580017d9a da3335830fe748cc9f0cc0186319f68a d04a53c6d56f4dddb4649203560d8059 - - 6ebf86b80b4c4fd0a6d20164871db72a 6ebf86b80b4c4fd0a6d20164871db72a] 10.0.0.166 "GET /resource_providers/fd3c0965-321f-4857-81a8-3421b59906b3/aggregates" status: 404 len: 235 microversion: 1.1 [pid: 8|app: 0|req: 379/762] 10.0.0.166 () {32 vars in 816 bytes} [Thu Jul 16 08:03:28 2026] GET /resource_providers/fd3c0965-321f-4857-81a8-3421b59906b3/aggregates => generated 235 bytes in 10 msecs (HTTP/1.1 404) 5 headers in 202 bytes (1 switches on core 0)
2026-07-16 08:03:28.739 7 INFO placement.requestlog [None req-a43fdc24-2ceb-4779-8dd5-42905d0b6197 da3335830fe748cc9f0cc0186319f68a d04a53c6d56f4dddb4649203560d8059 - - 6ebf86b80b4c4fd0a6d20164871db72a 6ebf86b80b4c4fd0a6d20164871db72a] 10.0.0.166 "GET /resource_providers/fd3c0965-321f-4857-81a8-3421b59906b3/aggregates" status: 404 len: 235 microversion: 1.1
2026-07-16 08:03:28.739 8 INFO placement.requestlog [None req-045061fe-f533-48aa-8d3d-5975f4ecf149 da3335830fe748cc9f0cc0186319f68a d04a53c6d56f4dddb4649203560d8059 - - 6ebf86b80b4c4fd0a6d20164871db72a 6ebf86b80b4c4fd0a6d20164871db72a] 10.0.0.166 "DELETE /resource_providers/fd3c0965-321f-4857-81a8-3421b59906b3" status: 404 len: 246 microversion: 1.1 [pid: 7|app: 0|req: 384/763] 10.0.0.166 () {32 vars in 816 bytes} [Thu Jul 16 08:03:28 2026] GET /resource_providers/fd3c0965-321f-4857-81a8-3421b59906b3/aggregates => generated 235 bytes in 19 msecs (HTTP/1.1 404) 5 headers in 202 bytes (1 switches on core 0) [pid: 8|app: 0|req: 380/764] 10.0.0.166 () {34 vars in 816 bytes} [Thu Jul 16 08:03:28 2026] DELETE /resource_providers/fd3c0965-321f-4857-81a8-3421b59906b3 => generated 246 bytes in 7 msecs (HTTP/1.1 404) 6 headers in 231 bytes (1 switches on core 0)
2026-07-16 08:03:28.760 7 INFO placement.requestlog [None req-97419cfe-4a30-4594-ab4e-ac0ccc3ddf0c da3335830fe748cc9f0cc0186319f68a d04a53c6d56f4dddb4649203560d8059 - - 6ebf86b80b4c4fd0a6d20164871db72a 6ebf86b80b4c4fd0a6d20164871db72a] 10.0.0.166 "DELETE /resource_providers/fd3c0965-321f-4857-81a8-3421b59906b3" status: 404 len: 246 microversion: 1.1 [pid: 7|app: 0|req: 385/765] 10.0.0.166 () {34 vars in 816 bytes} [Thu Jul 16 08:03:28 2026] DELETE /resource_providers/fd3c0965-321f-4857-81a8-3421b59906b3 => generated 246 bytes in 10 msecs (HTTP/1.1 404) 6 headers in 231 bytes (1 switches on core 0)
2026-07-16 08:03:28.764 8 INFO placement.requestlog [None req-cf17ed7c-02e4-446c-bcae-8b266159da30 da3335830fe748cc9f0cc0186319f68a d04a53c6d56f4dddb4649203560d8059 - - 6ebf86b80b4c4fd0a6d20164871db72a 6ebf86b80b4c4fd0a6d20164871db72a] 10.0.0.166 "GET /resource_providers/fd317be3-864f-46f2-b6e9-dbd6844fae91/aggregates" status: 404 len: 235 microversion: 1.1 [pid: 8|app: 0|req: 381/766] 10.0.0.166 () {32 vars in 816 bytes} [Thu Jul 16 08:03:28 2026] GET /resource_providers/fd317be3-864f-46f2-b6e9-dbd6844fae91/aggregates => generated 235 bytes in 10 msecs (HTTP/1.1 404) 5 headers in 202 bytes (1 switches on core 0)
2026-07-16 08:03:28.770 7 INFO placement.requestlog [req-07136611-37aa-4812-a5d5-171685eb92d5 req-9a984d8f-a42b-4c13-aeba-454fb04eb427 e99d59f3b82f4534bbdb11bdc52f6e7a d04a53c6d56f4dddb4649203560d8059 - - 6ebf86b80b4c4fd0a6d20164871db72a 6ebf86b80b4c4fd0a6d20164871db72a] 10.0.0.164 "DELETE /allocations/288213e9-7d53-4dd7-ae8d-009953ba2a8d" status: 404 len: 228 microversion: 1.0 [pid: 7|app: 0|req: 386/767] 10.0.0.164 () {34 vars in 830 bytes} [Thu Jul 16 08:03:28 2026] DELETE /allocations/288213e9-7d53-4dd7-ae8d-009953ba2a8d => generated 228 bytes in 9 msecs (HTTP/1.1 404) 6 headers in 231 bytes (1 switches on core 0)
2026-07-16 08:03:28.773 8 INFO placement.requestlog [None req-1d55576c-b54b-46c8-8380-9f3666e178dc da3335830fe748cc9f0cc0186319f68a d04a53c6d56f4dddb4649203560d8059 - - 6ebf86b80b4c4fd0a6d20164871db72a 6ebf86b80b4c4fd0a6d20164871db72a] 10.0.0.166 "GET /resource_providers/fd317be3-864f-46f2-b6e9-dbd6844fae91/aggregates" status: 404 len: 235 microversion: 1.1 [pid: 8|app: 0|req: 382/768] 10.0.0.166 () {32 vars in 816 bytes} [Thu Jul 16 08:03:28 2026] GET /resource_providers/fd317be3-864f-46f2-b6e9-dbd6844fae91/aggregates => generated 235 bytes in 7 msecs (HTTP/1.1 404) 5 headers in 202 bytes (1 switches on core 0)
2026-07-16 08:03:28.789 7 INFO placement.requestlog [None req-1bf2dc51-6b85-47c7-afa9-9cc59d9893d9 da3335830fe748cc9f0cc0186319f68a d04a53c6d56f4dddb4649203560d8059 - - 6ebf86b80b4c4fd0a6d20164871db72a 6ebf86b80b4c4fd0a6d20164871db72a] 10.0.0.166 "DELETE /resource_providers/fd317be3-864f-46f2-b6e9-dbd6844fae91" status: 404 len: 246 microversion: 1.1 [pid: 7|app: 0|req: 387/769] 10.0.0.166 () {34 vars in 816 bytes} [Thu Jul 16 08:03:28 2026] DELETE /resource_providers/fd317be3-864f-46f2-b6e9-dbd6844fae91 => generated 246 bytes in 9 msecs (HTTP/1.1 404) 6 headers in 231 bytes (1 switches on core 0)
2026-07-16 08:03:28.797 8 INFO placement.requestlog [None req-6251ad61-0e6c-4f97-9a37-44d85fd453d3 da3335830fe748cc9f0cc0186319f68a d04a53c6d56f4dddb4649203560d8059 - - 6ebf86b80b4c4fd0a6d20164871db72a 6ebf86b80b4c4fd0a6d20164871db72a] 10.0.0.166 "DELETE /resource_providers/fd317be3-864f-46f2-b6e9-dbd6844fae91" status: 404 len: 246 microversion: 1.1 [pid: 8|app: 0|req: 383/770] 10.0.0.166 () {34 vars in 816 bytes} [Thu Jul 16 08:03:28 2026] DELETE /resource_providers/fd317be3-864f-46f2-b6e9-dbd6844fae91 => generated 246 bytes in 18 msecs (HTTP/1.1 404) 6 headers in 231 bytes (1 switches on core 0)
2026-07-16 08:03:31.106 7 INFO placement.requestlog [None req-b269dc7f-1f58-4a19-9e13-23e8ec5d57fe da3335830fe748cc9f0cc0186319f68a d04a53c6d56f4dddb4649203560d8059 - - 6ebf86b80b4c4fd0a6d20164871db72a 6ebf86b80b4c4fd0a6d20164871db72a] 10.0.0.166 "GET /resource_providers/1b5d5fbc-dddf-4895-9a42-dd666cd67d69/aggregates" status: 404 len: 235 microversion: 1.1 [pid: 7|app: 0|req: 388/771] 10.0.0.166 () {32 vars in 816 bytes} [Thu Jul 16 08:03:31 2026] GET /resource_providers/1b5d5fbc-dddf-4895-9a42-dd666cd67d69/aggregates => generated 235 bytes in 9 msecs (HTTP/1.1 404) 5 headers in 202 bytes (1 switches on core 0)
2026-07-16 08:03:31.107 8 INFO placement.requestlog [None req-d6878c69-1ee2-4435-be66-54779e39fe39 da3335830fe748cc9f0cc0186319f68a d04a53c6d56f4dddb4649203560d8059 - - 6ebf86b80b4c4fd0a6d20164871db72a 6ebf86b80b4c4fd0a6d20164871db72a] 10.0.0.166 "GET /resource_providers/1b5d5fbc-dddf-4895-9a42-dd666cd67d69/aggregates" status: 404 len: 235 microversion: 1.1 [pid: 8|app: 0|req: 384/772] 10.0.0.166 () {32 vars in 816 bytes} [Thu Jul 16 08:03:31 2026] GET /resource_providers/1b5d5fbc-dddf-4895-9a42-dd666cd67d69/aggregates => generated 235 bytes in 10 msecs (HTTP/1.1 404) 5 headers in 202 bytes (1 switches on core 0)
2026-07-16 08:03:31.132 7 INFO placement.requestlog [None req-ead3f36a-c954-4290-9bcc-cb3a9180aefc da3335830fe748cc9f0cc0186319f68a d04a53c6d56f4dddb4649203560d8059 - - 6ebf86b80b4c4fd0a6d20164871db72a 6ebf86b80b4c4fd0a6d20164871db72a] 10.0.0.166 "DELETE /resource_providers/1b5d5fbc-dddf-4895-9a42-dd666cd67d69" status: 404 len: 246 microversion: 1.1 [pid: 7|app: 0|req: 389/773] 10.0.0.166 () {34 vars in 816 bytes} [Thu Jul 16 08:03:31 2026] DELETE /resource_providers/1b5d5fbc-dddf-4895-9a42-dd666cd67d69 => generated 246 bytes in 12 msecs (HTTP/1.1 404) 6 headers in 231 bytes (1 switches on core 0)
2026-07-16 08:03:31.137 8 INFO placement.requestlog [None req-2cfdb9b5-57e5-4891-ac14-dbf0e2cfa62d da3335830fe748cc9f0cc0186319f68a d04a53c6d56f4dddb4649203560d8059 - - 6ebf86b80b4c4fd0a6d20164871db72a 6ebf86b80b4c4fd0a6d20164871db72a] 10.0.0.166 "DELETE /resource_providers/1b5d5fbc-dddf-4895-9a42-dd666cd67d69" status: 404 len: 246 microversion: 1.1 [pid: 8|app: 0|req: 385/774] 10.0.0.166 () {34 vars in 816 bytes} [Thu Jul 16 08:03:31 2026] DELETE /resource_providers/1b5d5fbc-dddf-4895-9a42-dd666cd67d69 => generated 246 bytes in 17 msecs (HTTP/1.1 404) 6 headers in 231 bytes (1 switches on core 0)
2026-07-16 08:03:33.919 7 INFO placement.requestlog [None req-0029c545-425d-44c6-bb72-1c659f2b6e14 - - - - - -] 10.0.0.152 "GET /" status: 200 len: 136 microversion: 1.0
2026-07-16 08:03:33.919 8 INFO placement.requestlog [None req-20706726-5ad9-410e-9e44-6a3c1d8940ef - - - - - -] 10.0.0.152 "GET /" status: 200 len: 136 microversion: 1.0
2026-07-16 08:03:35.552 7 INFO placement.requestlog [None req-3b007b0e-f0be-4112-ad1f-bac8027930a2 da3335830fe748cc9f0cc0186319f68a d04a53c6d56f4dddb4649203560d8059 - - 6ebf86b80b4c4fd0a6d20164871db72a 6ebf86b80b4c4fd0a6d20164871db72a] 10.0.0.166 "GET /resource_providers/d1402360-f2f9-4f8e-835a-a7ebee98bff1/aggregates" status: 404 len: 235 microversion: 1.1 [pid: 7|app: 0|req: 391/777] 10.0.0.166 () {32 vars in 816 bytes} [Thu Jul 16 08:03:35 2026] GET /resource_providers/d1402360-f2f9-4f8e-835a-a7ebee98bff1/aggregates => generated 235 bytes in 8 msecs (HTTP/1.1 404) 5 headers in 202 bytes (1 switches on core 0)
2026-07-16 08:03:35.557 8 INFO placement.requestlog [None req-8bf395e2-c5e7-48fb-b04f-a69b682ef659 da3335830fe748cc9f0cc0186319f68a d04a53c6d56f4dddb4649203560d8059 - - 6ebf86b80b4c4fd0a6d20164871db72a 6ebf86b80b4c4fd0a6d20164871db72a] 10.0.0.166 "GET /resource_providers/d1402360-f2f9-4f8e-835a-a7ebee98bff1/aggregates" status: 404 len: 235 microversion: 1.1 [pid: 8|app: 0|req: 387/778] 10.0.0.166 () {32 vars in 816 bytes} [Thu Jul 16 08:03:35 2026] GET /resource_providers/d1402360-f2f9-4f8e-835a-a7ebee98bff1/aggregates => generated 235 bytes in 14 msecs (HTTP/1.1 404) 5 headers in 202 bytes (1 switches on core 0)
