2026-07-15 00:21:14.148 8 INFO placement.requestlog [None req-ef706a3b-30b1-40b5-86f5-c14902e94d57 4e1b689a8c4c4e39bfec093655aaf86d 93de6ad0ecd64059af9b8cdbdda47505 - - d7fdf6e241594161a173ee313ade07c7 d7fdf6e241594161a173ee313ade07c7] 10.0.0.210 "GET /resource_providers/06470031-7f84-45e7-85c3-87289df87ef5/aggregates" status: 404 len: 235 microversion: 1.1 [pid: 8|app: 0|req: 511/1027] 10.0.0.210 () {32 vars in 815 bytes} [Wed Jul 15 00:21:14 2026] GET /resource_providers/06470031-7f84-45e7-85c3-87289df87ef5/aggregates => generated 235 bytes in 11 msecs (HTTP/1.1 404) 5 headers in 202 bytes (1 switches on core 0)
2026-07-15 00:21:14.153 7 INFO placement.requestlog [None req-c3d4e054-2c0a-420f-b353-59ad34297860 4e1b689a8c4c4e39bfec093655aaf86d 93de6ad0ecd64059af9b8cdbdda47505 - - d7fdf6e241594161a173ee313ade07c7 d7fdf6e241594161a173ee313ade07c7] 10.0.0.210 "GET /resource_providers/06470031-7f84-45e7-85c3-87289df87ef5/aggregates" status: 404 len: 235 microversion: 1.1 [pid: 7|app: 0|req: 517/1028] 10.0.0.210 () {32 vars in 815 bytes} [Wed Jul 15 00:21:14 2026] GET /resource_providers/06470031-7f84-45e7-85c3-87289df87ef5/aggregates => generated 235 bytes in 11 msecs (HTTP/1.1 404) 5 headers in 202 bytes (1 switches on core 0)
2026-07-15 00:21:14.178 7 INFO placement.requestlog [None req-c5492941-5f88-4da2-a7fa-d4cb829b2e73 4e1b689a8c4c4e39bfec093655aaf86d 93de6ad0ecd64059af9b8cdbdda47505 - - d7fdf6e241594161a173ee313ade07c7 d7fdf6e241594161a173ee313ade07c7] 10.0.0.210 "DELETE /resource_providers/06470031-7f84-45e7-85c3-87289df87ef5" status: 404 len: 246 microversion: 1.1 [pid: 7|app: 0|req: 518/1029] 10.0.0.210 () {34 vars in 815 bytes} [Wed Jul 15 00:21:14 2026] DELETE /resource_providers/06470031-7f84-45e7-85c3-87289df87ef5 => generated 246 bytes in 11 msecs (HTTP/1.1 404) 6 headers in 231 bytes (1 switches on core 0)
2026-07-15 00:21:14.178 8 INFO placement.requestlog [None req-e03bd30f-4cf6-42ac-9630-44794dfc5533 4e1b689a8c4c4e39bfec093655aaf86d 93de6ad0ecd64059af9b8cdbdda47505 - - d7fdf6e241594161a173ee313ade07c7 d7fdf6e241594161a173ee313ade07c7] 10.0.0.210 "DELETE /resource_providers/06470031-7f84-45e7-85c3-87289df87ef5" status: 404 len: 246 microversion: 1.1 [pid: 8|app: 0|req: 512/1030] 10.0.0.210 () {34 vars in 815 bytes} [Wed Jul 15 00:21:14 2026] DELETE /resource_providers/06470031-7f84-45e7-85c3-87289df87ef5 => generated 246 bytes in 13 msecs (HTTP/1.1 404) 6 headers in 231 bytes (1 switches on core 0)
2026-07-15 00:21:17.631 7 INFO placement.requestlog [None req-68c9ded1-2d8f-47e7-b23e-00512e34e487 4e1b689a8c4c4e39bfec093655aaf86d 93de6ad0ecd64059af9b8cdbdda47505 - - d7fdf6e241594161a173ee313ade07c7 d7fdf6e241594161a173ee313ade07c7] 10.0.0.210 "GET /resource_providers/3f399de6-546e-478f-bc5b-9a324c649993/aggregates" status: 404 len: 235 microversion: 1.1 [pid: 7|app: 0|req: 519/1031] 10.0.0.210 () {32 vars in 815 bytes} [Wed Jul 15 00:21:17 2026] GET /resource_providers/3f399de6-546e-478f-bc5b-9a324c649993/aggregates => generated 235 bytes in 8 msecs (HTTP/1.1 404) 5 headers in 202 bytes (1 switches on core 0)
2026-07-15 00:21:17.635 8 INFO placement.requestlog [None req-b20b294a-b8f3-4447-8cb3-f0956116c294 4e1b689a8c4c4e39bfec093655aaf86d 93de6ad0ecd64059af9b8cdbdda47505 - - d7fdf6e241594161a173ee313ade07c7 d7fdf6e241594161a173ee313ade07c7] 10.0.0.210 "GET /resource_providers/3f399de6-546e-478f-bc5b-9a324c649993/aggregates" status: 404 len: 235 microversion: 1.1 [pid: 8|app: 0|req: 513/1032] 10.0.0.210 () {32 vars in 815 bytes} [Wed Jul 15 00:21:17 2026] GET /resource_providers/3f399de6-546e-478f-bc5b-9a324c649993/aggregates => generated 235 bytes in 12 msecs (HTTP/1.1 404) 5 headers in 202 bytes (1 switches on core 0)
2026-07-15 00:21:17.664 7 INFO placement.requestlog [None req-bbd781c2-6abc-41cc-aefd-23675c1d5f51 4e1b689a8c4c4e39bfec093655aaf86d 93de6ad0ecd64059af9b8cdbdda47505 - - d7fdf6e241594161a173ee313ade07c7 d7fdf6e241594161a173ee313ade07c7] 10.0.0.210 "DELETE /resource_providers/3f399de6-546e-478f-bc5b-9a324c649993" status: 404 len: 246 microversion: 1.1 [pid: 7|app: 0|req: 520/1033] 10.0.0.210 () {34 vars in 815 bytes} [Wed Jul 15 00:21:17 2026] DELETE /resource_providers/3f399de6-546e-478f-bc5b-9a324c649993 => generated 246 bytes in 13 msecs (HTTP/1.1 404) 6 headers in 231 bytes (1 switches on core 0)
2026-07-15 00:21:17.669 8 INFO placement.requestlog [None req-67fdbc86-043d-46ed-a3fe-16acd959d3d0 4e1b689a8c4c4e39bfec093655aaf86d 93de6ad0ecd64059af9b8cdbdda47505 - - d7fdf6e241594161a173ee313ade07c7 d7fdf6e241594161a173ee313ade07c7] 10.0.0.210 "DELETE /resource_providers/3f399de6-546e-478f-bc5b-9a324c649993" status: 404 len: 246 microversion: 1.1 [pid: 8|app: 0|req: 514/1034] 10.0.0.210 () {34 vars in 815 bytes} [Wed Jul 15 00:21:17 2026] DELETE /resource_providers/3f399de6-546e-478f-bc5b-9a324c649993 => generated 246 bytes in 14 msecs (HTTP/1.1 404) 6 headers in 231 bytes (1 switches on core 0)
2026-07-15 00:21:18.092 7 INFO placement.requestlog [None req-9f23bb7b-591a-4762-8d0b-bb5bf986dcf9 4e1b689a8c4c4e39bfec093655aaf86d 93de6ad0ecd64059af9b8cdbdda47505 - - d7fdf6e241594161a173ee313ade07c7 d7fdf6e241594161a173ee313ade07c7] 10.0.0.210 "GET /resource_providers/aa6148a6-6938-4b9e-9f16-5aabbfaec67c/aggregates" status: 404 len: 235 microversion: 1.1 [pid: 7|app: 0|req: 521/1035] 10.0.0.210 () {32 vars in 815 bytes} [Wed Jul 15 00:21:18 2026] GET /resource_providers/aa6148a6-6938-4b9e-9f16-5aabbfaec67c/aggregates => generated 235 bytes in 16 msecs (HTTP/1.1 404) 5 headers in 202 bytes (1 switches on core 0)
2026-07-15 00:21:18.099 8 INFO placement.requestlog [None req-3fd2eb12-097f-4b64-876c-16a7151a8289 4e1b689a8c4c4e39bfec093655aaf86d 93de6ad0ecd64059af9b8cdbdda47505 - - d7fdf6e241594161a173ee313ade07c7 d7fdf6e241594161a173ee313ade07c7] 10.0.0.210 "GET /resource_providers/aa6148a6-6938-4b9e-9f16-5aabbfaec67c/aggregates" status: 404 len: 235 microversion: 1.1 [pid: 8|app: 0|req: 515/1036] 10.0.0.210 () {32 vars in 815 bytes} [Wed Jul 15 00:21:18 2026] GET /resource_providers/aa6148a6-6938-4b9e-9f16-5aabbfaec67c/aggregates => generated 235 bytes in 13 msecs (HTTP/1.1 404) 5 headers in 202 bytes (1 switches on core 0)
2026-07-15 00:21:18.115 7 INFO placement.requestlog [None req-b4c1c8d8-9a7a-46e5-a49e-ebf68c477635 4e1b689a8c4c4e39bfec093655aaf86d 93de6ad0ecd64059af9b8cdbdda47505 - - d7fdf6e241594161a173ee313ade07c7 d7fdf6e241594161a173ee313ade07c7] 10.0.0.210 "DELETE /resource_providers/aa6148a6-6938-4b9e-9f16-5aabbfaec67c" status: 404 len: 246 microversion: 1.1 [pid: 7|app: 0|req: 522/1037] 10.0.0.210 () {34 vars in 815 bytes} [Wed Jul 15 00:21:18 2026] DELETE /resource_providers/aa6148a6-6938-4b9e-9f16-5aabbfaec67c => generated 246 bytes in 15 msecs (HTTP/1.1 404) 6 headers in 231 bytes (1 switches on core 0)
2026-07-15 00:21:18.143 8 INFO placement.requestlog [None req-d66d2604-b74a-4435-8e31-6da7ddc34af9 4e1b689a8c4c4e39bfec093655aaf86d 93de6ad0ecd64059af9b8cdbdda47505 - - d7fdf6e241594161a173ee313ade07c7 d7fdf6e241594161a173ee313ade07c7] 10.0.0.210 "DELETE /resource_providers/aa6148a6-6938-4b9e-9f16-5aabbfaec67c" status: 404 len: 246 microversion: 1.1 [pid: 8|app: 0|req: 516/1038] 10.0.0.210 () {34 vars in 815 bytes} [Wed Jul 15 00:21:18 2026] DELETE /resource_providers/aa6148a6-6938-4b9e-9f16-5aabbfaec67c => generated 246 bytes in 18 msecs (HTTP/1.1 404) 6 headers in 231 bytes (1 switches on core 0)
2026-07-15 00:21:19.697 7 INFO placement.requestlog [None req-23abfb55-e740-4058-a09a-b96c6b42c3c9 4e1b689a8c4c4e39bfec093655aaf86d 93de6ad0ecd64059af9b8cdbdda47505 - - d7fdf6e241594161a173ee313ade07c7 d7fdf6e241594161a173ee313ade07c7] 10.0.0.210 "GET /resource_providers/a9a044ff-9f45-4463-acb4-b07cfc13ab23/aggregates" status: 404 len: 235 microversion: 1.1 [pid: 7|app: 0|req: 523/1039] 10.0.0.210 () {32 vars in 815 bytes} [Wed Jul 15 00:21:19 2026] GET /resource_providers/a9a044ff-9f45-4463-acb4-b07cfc13ab23/aggregates => generated 235 bytes in 25 msecs (HTTP/1.1 404) 5 headers in 202 bytes (1 switches on core 0)
2026-07-15 00:21:19.742 8 INFO placement.requestlog [None req-6afd8105-32a0-43ad-96d6-9d09d7cac643 4e1b689a8c4c4e39bfec093655aaf86d 93de6ad0ecd64059af9b8cdbdda47505 - - d7fdf6e241594161a173ee313ade07c7 d7fdf6e241594161a173ee313ade07c7] 10.0.0.210 "GET /resource_providers/a9a044ff-9f45-4463-acb4-b07cfc13ab23/aggregates" status: 404 len: 235 microversion: 1.1 [pid: 8|app: 0|req: 517/1040] 10.0.0.210 () {32 vars in 815 bytes} [Wed Jul 15 00:21:19 2026] GET /resource_providers/a9a044ff-9f45-4463-acb4-b07cfc13ab23/aggregates => generated 235 bytes in 14 msecs (HTTP/1.1 404) 5 headers in 202 bytes (1 switches on core 0)
2026-07-15 00:21:19.747 7 INFO placement.requestlog [None req-8f1b825e-613c-4f3b-885a-092fae0d05b2 4e1b689a8c4c4e39bfec093655aaf86d 93de6ad0ecd64059af9b8cdbdda47505 - - d7fdf6e241594161a173ee313ade07c7 d7fdf6e241594161a173ee313ade07c7] 10.0.0.210 "DELETE /resource_providers/a9a044ff-9f45-4463-acb4-b07cfc13ab23" status: 404 len: 246 microversion: 1.1 [pid: 7|app: 0|req: 524/1041] 10.0.0.210 () {34 vars in 815 bytes} [Wed Jul 15 00:21:19 2026] DELETE /resource_providers/a9a044ff-9f45-4463-acb4-b07cfc13ab23 => generated 246 bytes in 16 msecs (HTTP/1.1 404) 6 headers in 231 bytes (1 switches on core 0)
2026-07-15 00:21:19.761 8 INFO placement.requestlog [None req-ee0f8b70-8fed-4dbd-9e0c-529a93e27a77 4e1b689a8c4c4e39bfec093655aaf86d 93de6ad0ecd64059af9b8cdbdda47505 - - d7fdf6e241594161a173ee313ade07c7 d7fdf6e241594161a173ee313ade07c7] 10.0.0.210 "DELETE /resource_providers/a9a044ff-9f45-4463-acb4-b07cfc13ab23" status: 404 len: 246 microversion: 1.1 [pid: 8|app: 0|req: 518/1042] 10.0.0.210 () {34 vars in 815 bytes} [Wed Jul 15 00:21:19 2026] DELETE /resource_providers/a9a044ff-9f45-4463-acb4-b07cfc13ab23 => generated 246 bytes in 9 msecs (HTTP/1.1 404) 6 headers in 231 bytes (1 switches on core 0)
2026-07-15 00:21:20.317 7 INFO placement.requestlog [None req-1f1acfa5-14c6-46a6-bfdc-b36859b0477b - - - - - -] 10.0.0.90 "GET /" status: 200 len: 136 microversion: 1.0
2026-07-15 00:21:20.318 8 INFO placement.requestlog [None req-3126746c-06ec-46b8-8cb0-117f6a982a08 - - - - - -] 10.0.0.90 "GET /" status: 200 len: 136 microversion: 1.0
2026-07-15 00:21:23.284 7 INFO placement.requestlog [req-08a0fff2-f0d0-4697-8d86-18622708a978 req-31c56241-8a53-476d-859f-482608ae4a53 aa16c10446f64a3693393ea9248961cc 93de6ad0ecd64059af9b8cdbdda47505 - - d7fdf6e241594161a173ee313ade07c7 d7fdf6e241594161a173ee313ade07c7] 199.19.213.100 "GET /resource_providers/040533cc-d84e-4652-9be3-95c221e3c75f/allocations" status: 200 len: 353 microversion: 1.0 [pid: 7|app: 0|req: 526/1045] 199.19.213.100 () {32 vars in 856 bytes} [Wed Jul 15 00:21:23 2026] GET /resource_providers/040533cc-d84e-4652-9be3-95c221e3c75f/allocations => generated 353 bytes in 28 msecs (HTTP/1.1 200) 6 headers in 224 bytes (1 switches on core 0)
2026-07-15 00:21:23.308 8 INFO placement.requestlog [req-08a0fff2-f0d0-4697-8d86-18622708a978 req-67154e53-3894-4ce1-b89a-e1a41cbd1e35 aa16c10446f64a3693393ea9248961cc 93de6ad0ecd64059af9b8cdbdda47505 - - d7fdf6e241594161a173ee313ade07c7 d7fdf6e241594161a173ee313ade07c7] 199.19.213.100 "GET /allocations/db770867-e527-4efe-9123-50a8dd4c02e1" status: 200 len: 258 microversion: 1.28 [pid: 8|app: 0|req: 520/1046] 199.19.213.100 () {34 vars in 862 bytes} [Wed Jul 15 00:21:23 2026] GET /allocations/db770867-e527-4efe-9123-50a8dd4c02e1 => generated 258 bytes in 20 msecs (HTTP/1.1 200) 8 headers in 296 bytes (1 switches on core 0)
2026-07-15 00:21:23.326 7 INFO placement.requestlog [req-08a0fff2-f0d0-4697-8d86-18622708a978 req-26cd718a-431c-4353-a2f3-af05150b6af0 aa16c10446f64a3693393ea9248961cc 93de6ad0ecd64059af9b8cdbdda47505 - - d7fdf6e241594161a173ee313ade07c7 d7fdf6e241594161a173ee313ade07c7] 199.19.213.100 "GET /allocations/48d977c2-c582-4bf7-8397-77f99f0ad1fd" status: 200 len: 258 microversion: 1.28 [pid: 7|app: 0|req: 527/1047] 199.19.213.100 () {34 vars in 862 bytes} [Wed Jul 15 00:21:23 2026] GET /allocations/48d977c2-c582-4bf7-8397-77f99f0ad1fd => generated 258 bytes in 13 msecs (HTTP/1.1 200) 8 headers in 296 bytes (1 switches on core 0)
2026-07-15 00:21:23.353 8 INFO placement.requestlog [req-08a0fff2-f0d0-4697-8d86-18622708a978 req-e5bdc1f0-06e5-4700-a0b4-35900437d61f aa16c10446f64a3693393ea9248961cc 93de6ad0ecd64059af9b8cdbdda47505 - - d7fdf6e241594161a173ee313ade07c7 d7fdf6e241594161a173ee313ade07c7] 199.19.213.100 "GET /allocations/c3326a0e-0362-4c87-9764-f010d079d742" status: 200 len: 258 microversion: 1.28 [pid: 8|app: 0|req: 521/1048] 199.19.213.100 () {34 vars in 862 bytes} [Wed Jul 15 00:21:23 2026] GET /allocations/c3326a0e-0362-4c87-9764-f010d079d742 => generated 258 bytes in 20 msecs (HTTP/1.1 200) 8 headers in 296 bytes (1 switches on core 0)
2026-07-15 00:21:24.411 7 INFO placement.requestlog [req-08a0fff2-f0d0-4697-8d86-18622708a978 req-b992273b-fd32-4c7a-90a5-371af2dbe846 aa16c10446f64a3693393ea9248961cc 93de6ad0ecd64059af9b8cdbdda47505 - - d7fdf6e241594161a173ee313ade07c7 d7fdf6e241594161a173ee313ade07c7] 199.19.213.100 "DELETE /allocations/48d977c2-c582-4bf7-8397-77f99f0ad1fd" status: 204 len: 0 microversion: 1.0 [pid: 7|app: 0|req: 528/1049] 199.19.213.100 () {34 vars in 840 bytes} [Wed Jul 15 00:21:24 2026] DELETE /allocations/48d977c2-c582-4bf7-8397-77f99f0ad1fd => generated 0 bytes in 27 msecs (HTTP/1.1 204) 5 headers in 198 bytes (1 switches on core 0)
2026-07-15 00:21:29.999 8 INFO placement.requestlog [None req-00fa780a-511e-497c-9bd5-d8ad09fe700e 4e1b689a8c4c4e39bfec093655aaf86d 93de6ad0ecd64059af9b8cdbdda47505 - - d7fdf6e241594161a173ee313ade07c7 d7fdf6e241594161a173ee313ade07c7] 10.0.0.210 "GET /resource_providers/9b5a1b93-eced-43e6-bf7e-04318330f047/aggregates" status: 404 len: 235 microversion: 1.1 [pid: 8|app: 0|req: 522/1050] 10.0.0.210 () {32 vars in 815 bytes} [Wed Jul 15 00:21:29 2026] GET /resource_providers/9b5a1b93-eced-43e6-bf7e-04318330f047/aggregates => generated 235 bytes in 16 msecs (HTTP/1.1 404) 5 headers in 202 bytes (1 switches on core 0)
2026-07-15 00:21:30.005 7 INFO placement.requestlog [None req-7df761c5-b36b-4344-9f84-40a33e3e5c07 4e1b689a8c4c4e39bfec093655aaf86d 93de6ad0ecd64059af9b8cdbdda47505 - - d7fdf6e241594161a173ee313ade07c7 d7fdf6e241594161a173ee313ade07c7] 10.0.0.210 "GET /resource_providers/9b5a1b93-eced-43e6-bf7e-04318330f047/aggregates" status: 404 len: 235 microversion: 1.1 [pid: 7|app: 0|req: 529/1051] 10.0.0.210 () {32 vars in 815 bytes} [Wed Jul 15 00:21:29 2026] GET /resource_providers/9b5a1b93-eced-43e6-bf7e-04318330f047/aggregates => generated 235 bytes in 20 msecs (HTTP/1.1 404) 5 headers in 202 bytes (1 switches on core 0)
2026-07-15 00:21:30.024 8 INFO placement.requestlog [None req-5a53f4e9-16a1-45d8-9317-b50a34b8bec2 4e1b689a8c4c4e39bfec093655aaf86d 93de6ad0ecd64059af9b8cdbdda47505 - - d7fdf6e241594161a173ee313ade07c7 d7fdf6e241594161a173ee313ade07c7] 10.0.0.210 "DELETE /resource_providers/9b5a1b93-eced-43e6-bf7e-04318330f047" status: 404 len: 246 microversion: 1.1 [pid: 8|app: 0|req: 523/1052] 10.0.0.210 () {34 vars in 815 bytes} [Wed Jul 15 00:21:30 2026] DELETE /resource_providers/9b5a1b93-eced-43e6-bf7e-04318330f047 => generated 246 bytes in 10 msecs (HTTP/1.1 404) 6 headers in 231 bytes (1 switches on core 0)
2026-07-15 00:21:30.025 7 INFO placement.requestlog [None req-e4e6c56f-8ccd-42c8-a179-61a6b2b76f46 4e1b689a8c4c4e39bfec093655aaf86d 93de6ad0ecd64059af9b8cdbdda47505 - - d7fdf6e241594161a173ee313ade07c7 d7fdf6e241594161a173ee313ade07c7] 10.0.0.210 "DELETE /resource_providers/9b5a1b93-eced-43e6-bf7e-04318330f047" status: 404 len: 246 microversion: 1.1 [pid: 7|app: 0|req: 530/1053] 10.0.0.210 () {34 vars in 815 bytes} [Wed Jul 15 00:21:30 2026] DELETE /resource_providers/9b5a1b93-eced-43e6-bf7e-04318330f047 => generated 246 bytes in 8 msecs (HTTP/1.1 404) 6 headers in 231 bytes (1 switches on core 0)
2026-07-15 00:21:30.316 7 INFO placement.requestlog [None req-bdd3e37a-27f1-40d0-a1f8-e45da269e469 - - - - - -] 10.0.0.90 "GET /" status: 200 len: 136 microversion: 1.0
2026-07-15 00:21:30.317 8 INFO placement.requestlog [None req-4d2aa47d-852a-4d76-95e8-75a18da57102 - - - - - -] 10.0.0.90 "GET /" status: 200 len: 136 microversion: 1.0
2026-07-15 00:21:37.009 7 INFO placement.requestlog [req-380d1e41-c74c-4bfe-8256-742d03122384 req-f647570b-3170-4aa4-a8e2-6819984aa086 aa16c10446f64a3693393ea9248961cc 93de6ad0ecd64059af9b8cdbdda47505 - - d7fdf6e241594161a173ee313ade07c7 d7fdf6e241594161a173ee313ade07c7] 199.19.213.100 "GET /resource_providers/040533cc-d84e-4652-9be3-95c221e3c75f/allocations" status: 200 len: 253 microversion: 1.0 [pid: 7|app: 0|req: 532/1056] 199.19.213.100 () {32 vars in 856 bytes} [Wed Jul 15 00:21:36 2026] GET /resource_providers/040533cc-d84e-4652-9be3-95c221e3c75f/allocations => generated 253 bytes in 14 msecs (HTTP/1.1 200) 6 headers in 224 bytes (1 switches on core 0)
2026-07-15 00:21:37.029 8 INFO placement.requestlog [req-380d1e41-c74c-4bfe-8256-742d03122384 req-c5893380-798b-4100-824d-e0153ce0a091 aa16c10446f64a3693393ea9248961cc 93de6ad0ecd64059af9b8cdbdda47505 - - d7fdf6e241594161a173ee313ade07c7 d7fdf6e241594161a173ee313ade07c7] 199.19.213.100 "GET /allocations/db770867-e527-4efe-9123-50a8dd4c02e1" status: 200 len: 258 microversion: 1.28 [pid: 8|app: 0|req: 525/1057] 199.19.213.100 () {34 vars in 862 bytes} [Wed Jul 15 00:21:37 2026] GET /allocations/db770867-e527-4efe-9123-50a8dd4c02e1 => generated 258 bytes in 13 msecs (HTTP/1.1 200) 8 headers in 296 bytes (1 switches on core 0)
2026-07-15 00:21:37.047 7 INFO placement.requestlog [req-380d1e41-c74c-4bfe-8256-742d03122384 req-6e877e2b-32a1-4855-ad44-2aed08304ac2 aa16c10446f64a3693393ea9248961cc 93de6ad0ecd64059af9b8cdbdda47505 - - d7fdf6e241594161a173ee313ade07c7 d7fdf6e241594161a173ee313ade07c7] 199.19.213.100 "GET /allocations/c3326a0e-0362-4c87-9764-f010d079d742" status: 200 len: 258 microversion: 1.28 [pid: 7|app: 0|req: 533/1058] 199.19.213.100 () {34 vars in 862 bytes} [Wed Jul 15 00:21:37 2026] GET /allocations/c3326a0e-0362-4c87-9764-f010d079d742 => generated 258 bytes in 12 msecs (HTTP/1.1 200) 8 headers in 296 bytes (1 switches on core 0)
2026-07-15 00:21:38.101 8 INFO placement.requestlog [req-380d1e41-c74c-4bfe-8256-742d03122384 req-d0ea4fad-aaac-4e26-941f-b3c5cc584900 aa16c10446f64a3693393ea9248961cc 93de6ad0ecd64059af9b8cdbdda47505 - - d7fdf6e241594161a173ee313ade07c7 d7fdf6e241594161a173ee313ade07c7] 199.19.213.100 "DELETE /allocations/db770867-e527-4efe-9123-50a8dd4c02e1" status: 204 len: 0 microversion: 1.0 [pid: 8|app: 0|req: 526/1059] 199.19.213.100 () {34 vars in 840 bytes} [Wed Jul 15 00:21:38 2026] DELETE /allocations/db770867-e527-4efe-9123-50a8dd4c02e1 => generated 0 bytes in 30 msecs (HTTP/1.1 204) 5 headers in 198 bytes (1 switches on core 0)
2026-07-15 00:21:40.316 7 INFO placement.requestlog [None req-d82d586c-8f0f-432b-99b7-48a27a397099 - - - - - -] 10.0.0.90 "GET /" status: 200 len: 136 microversion: 1.0
2026-07-15 00:21:40.318 8 INFO placement.requestlog [None req-42658953-fd46-4315-ad30-21ed04305601 - - - - - -] 10.0.0.90 "GET /" status: 200 len: 136 microversion: 1.0
2026-07-15 00:21:44.382 7 INFO placement.requestlog [req-ca155ade-dcfb-4258-8a25-f61b2939d647 req-f740d0a1-351c-4a3e-b580-7d0a78a3af26 aa16c10446f64a3693393ea9248961cc 93de6ad0ecd64059af9b8cdbdda47505 - - d7fdf6e241594161a173ee313ade07c7 d7fdf6e241594161a173ee313ade07c7] 199.19.213.100 "GET /resource_providers/040533cc-d84e-4652-9be3-95c221e3c75f/allocations" status: 200 len: 153 microversion: 1.0 [pid: 7|app: 0|req: 535/1062] 199.19.213.100 () {32 vars in 856 bytes} [Wed Jul 15 00:21:44 2026] GET /resource_providers/040533cc-d84e-4652-9be3-95c221e3c75f/allocations => generated 153 bytes in 15 msecs (HTTP/1.1 200) 6 headers in 224 bytes (1 switches on core 0)
2026-07-15 00:21:44.402 8 INFO placement.requestlog [req-ca155ade-dcfb-4258-8a25-f61b2939d647 req-bfa08928-9a8e-441b-bd83-d808da6c0983 aa16c10446f64a3693393ea9248961cc 93de6ad0ecd64059af9b8cdbdda47505 - - d7fdf6e241594161a173ee313ade07c7 d7fdf6e241594161a173ee313ade07c7] 199.19.213.100 "GET /allocations/c3326a0e-0362-4c87-9764-f010d079d742" status: 200 len: 258 microversion: 1.28 [pid: 8|app: 0|req: 528/1063] 199.19.213.100 () {34 vars in 862 bytes} [Wed Jul 15 00:21:44 2026] GET /allocations/c3326a0e-0362-4c87-9764-f010d079d742 => generated 258 bytes in 15 msecs (HTTP/1.1 200) 8 headers in 296 bytes (1 switches on core 0)
2026-07-15 00:21:45.457 7 INFO placement.requestlog [req-ca155ade-dcfb-4258-8a25-f61b2939d647 req-fd41a636-b77f-4335-8bcf-2e44226b9999 aa16c10446f64a3693393ea9248961cc 93de6ad0ecd64059af9b8cdbdda47505 - - d7fdf6e241594161a173ee313ade07c7 d7fdf6e241594161a173ee313ade07c7] 199.19.213.100 "DELETE /allocations/c3326a0e-0362-4c87-9764-f010d079d742" status: 204 len: 0 microversion: 1.0 [pid: 7|app: 0|req: 536/1064] 199.19.213.100 () {34 vars in 840 bytes} [Wed Jul 15 00:21:45 2026] DELETE /allocations/c3326a0e-0362-4c87-9764-f010d079d742 => generated 0 bytes in 27 msecs (HTTP/1.1 204) 5 headers in 198 bytes (1 switches on core 0)
2026-07-15 00:21:50.317 8 INFO placement.requestlog [None req-e35e4b4d-3c70-4aac-b08b-a7a3ecd53924 - - - - - -] 10.0.0.90 "GET /" status: 200 len: 136 microversion: 1.0
2026-07-15 00:21:50.318 7 INFO placement.requestlog [None req-7667d97f-e987-43e7-8eb4-685fa4e5082b - - - - - -] 10.0.0.90 "GET /" status: 200 len: 136 microversion: 1.0
2026-07-15 00:21:53.046 8 INFO placement.requestlog [None req-59095562-b687-411e-af54-53b0671182ff 4e1b689a8c4c4e39bfec093655aaf86d 93de6ad0ecd64059af9b8cdbdda47505 - - d7fdf6e241594161a173ee313ade07c7 d7fdf6e241594161a173ee313ade07c7] 10.0.0.210 "GET /resource_providers/a8bffaf7-11d6-4b10-bbe5-ccc83d845344/aggregates" status: 404 len: 235 microversion: 1.1 [pid: 8|app: 0|req: 530/1067] 10.0.0.210 () {32 vars in 815 bytes} [Wed Jul 15 00:21:53 2026] GET /resource_providers/a8bffaf7-11d6-4b10-bbe5-ccc83d845344/aggregates => generated 235 bytes in 12 msecs (HTTP/1.1 404) 5 headers in 202 bytes (1 switches on core 0)
2026-07-15 00:21:53.048 7 INFO placement.requestlog [None req-f72a2d54-7cb0-479c-b815-a04bf5ab476e 4e1b689a8c4c4e39bfec093655aaf86d 93de6ad0ecd64059af9b8cdbdda47505 - - d7fdf6e241594161a173ee313ade07c7 d7fdf6e241594161a173ee313ade07c7] 10.0.0.210 "GET /resource_providers/a8bffaf7-11d6-4b10-bbe5-ccc83d845344/aggregates" status: 404 len: 235 microversion: 1.1 [pid: 7|app: 0|req: 538/1068] 10.0.0.210 () {32 vars in 815 bytes} [Wed Jul 15 00:21:53 2026] GET /resource_providers/a8bffaf7-11d6-4b10-bbe5-ccc83d845344/aggregates => generated 235 bytes in 11 msecs (HTTP/1.1 404) 5 headers in 202 bytes (1 switches on core 0)
2026-07-15 00:21:53.069 8 INFO placement.requestlog [None req-e4544642-08e3-4f7c-ae27-cf2ce3f1accf 4e1b689a8c4c4e39bfec093655aaf86d 93de6ad0ecd64059af9b8cdbdda47505 - - d7fdf6e241594161a173ee313ade07c7 d7fdf6e241594161a173ee313ade07c7] 10.0.0.210 "DELETE /resource_providers/a8bffaf7-11d6-4b10-bbe5-ccc83d845344" status: 404 len: 246 microversion: 1.1 [pid: 8|app: 0|req: 531/1069] 10.0.0.210 () {34 vars in 815 bytes} [Wed Jul 15 00:21:53 2026] DELETE /resource_providers/a8bffaf7-11d6-4b10-bbe5-ccc83d845344 => generated 246 bytes in 11 msecs (HTTP/1.1 404) 6 headers in 231 bytes (1 switches on core 0)
2026-07-15 00:21:53.074 7 INFO placement.requestlog [None req-a21c734b-2f46-456c-8d05-142351a2acc2 4e1b689a8c4c4e39bfec093655aaf86d 93de6ad0ecd64059af9b8cdbdda47505 - - d7fdf6e241594161a173ee313ade07c7 d7fdf6e241594161a173ee313ade07c7] 10.0.0.210 "DELETE /resource_providers/a8bffaf7-11d6-4b10-bbe5-ccc83d845344" status: 404 len: 246 microversion: 1.1 [pid: 7|app: 0|req: 539/1070] 10.0.0.210 () {34 vars in 815 bytes} [Wed Jul 15 00:21:53 2026] DELETE /resource_providers/a8bffaf7-11d6-4b10-bbe5-ccc83d845344 => generated 246 bytes in 8 msecs (HTTP/1.1 404) 6 headers in 231 bytes (1 switches on core 0)
2026-07-15 00:21:53.164 8 INFO placement.requestlog [req-243e218a-8ee6-41ae-a592-21aaec44b832 req-a7563fce-9f4c-404f-8c9d-d041d9246d40 aa16c10446f64a3693393ea9248961cc 93de6ad0ecd64059af9b8cdbdda47505 - - d7fdf6e241594161a173ee313ade07c7 d7fdf6e241594161a173ee313ade07c7] 199.19.213.100 "GET /resource_providers/040533cc-d84e-4652-9be3-95c221e3c75f/allocations" status: 200 len: 55 microversion: 1.0 [pid: 8|app: 0|req: 532/1071] 199.19.213.100 () {32 vars in 856 bytes} [Wed Jul 15 00:21:53 2026] GET /resource_providers/040533cc-d84e-4652-9be3-95c221e3c75f/allocations => generated 55 bytes in 12 msecs (HTTP/1.1 200) 6 headers in 223 bytes (1 switches on core 0)
2026-07-15 00:21:53.188 7 INFO placement.requestlog [req-243e218a-8ee6-41ae-a592-21aaec44b832 req-8f9e825f-35e8-456e-a87d-c9d0ce7fa504 aa16c10446f64a3693393ea9248961cc 93de6ad0ecd64059af9b8cdbdda47505 - - d7fdf6e241594161a173ee313ade07c7 d7fdf6e241594161a173ee313ade07c7] 199.19.213.100 "GET /resource_providers/040533cc-d84e-4652-9be3-95c221e3c75f/allocations" status: 200 len: 55 microversion: 1.0 [pid: 7|app: 0|req: 540/1072] 199.19.213.100 () {32 vars in 856 bytes} [Wed Jul 15 00:21:53 2026] GET /resource_providers/040533cc-d84e-4652-9be3-95c221e3c75f/allocations => generated 55 bytes in 19 msecs (HTTP/1.1 200) 6 headers in 223 bytes (1 switches on core 0)
2026-07-15 00:21:58.546 8 INFO placement.requestlog [req-2fb5e476-9254-4d03-a229-8dae58a23294 req-8f00bfe8-5437-403d-859b-ae54ea2e3f17 aa16c10446f64a3693393ea9248961cc 93de6ad0ecd64059af9b8cdbdda47505 - - d7fdf6e241594161a173ee313ade07c7 d7fdf6e241594161a173ee313ade07c7] 10.0.0.80 "GET /allocation_candidates?limit=1000&resources=DISK_GB%3A1%2CMEMORY_MB%3A512%2CVCPU%3A1&root_required=%21COMPUTE_STATUS_DISABLED" status: 200 len: 2442 microversion: 1.36 [pid: 8|app: 0|req: 533/1073] 10.0.0.80 () {34 vars in 1010 bytes} [Wed Jul 15 00:21:58 2026] GET /allocation_candidates?limit=1000&resources=DISK_GB%3A1%2CMEMORY_MB%3A512%2CVCPU%3A1&root_required=%21COMPUTE_STATUS_DISABLED => generated 2442 bytes in 54 msecs (HTTP/1.1 200) 8 headers in 297 bytes (1 switches on core 0)
2026-07-15 00:21:58.581 7 INFO placement.requestlog [req-2fb5e476-9254-4d03-a229-8dae58a23294 req-f48d9bf2-2147-42cf-abdd-97e5b633036e aa16c10446f64a3693393ea9248961cc 93de6ad0ecd64059af9b8cdbdda47505 - - d7fdf6e241594161a173ee313ade07c7 d7fdf6e241594161a173ee313ade07c7] 10.0.0.80 "GET /allocations/6288f13a-adf1-450b-a3c4-fe985cfd180d" status: 200 len: 19 microversion: 1.28 [pid: 7|app: 0|req: 541/1074] 10.0.0.80 () {34 vars in 859 bytes} [Wed Jul 15 00:21:58 2026] GET /allocations/6288f13a-adf1-450b-a3c4-fe985cfd180d => generated 19 bytes in 14 msecs (HTTP/1.1 200) 8 headers in 295 bytes (1 switches on core 0)
2026-07-15 00:21:58.643 8 INFO placement.requestlog [req-2fb5e476-9254-4d03-a229-8dae58a23294 req-131a01c9-a74e-45c3-98f3-5c3cb5d788d4 aa16c10446f64a3693393ea9248961cc 93de6ad0ecd64059af9b8cdbdda47505 - - d7fdf6e241594161a173ee313ade07c7 d7fdf6e241594161a173ee313ade07c7] 10.0.0.80 "PUT /allocations/6288f13a-adf1-450b-a3c4-fe985cfd180d" status: 204 len: 0 microversion: 1.36 [pid: 8|app: 0|req: 534/1075] 10.0.0.80 () {38 vars in 912 bytes} [Wed Jul 15 00:21:58 2026] PUT /allocations/6288f13a-adf1-450b-a3c4-fe985cfd180d => generated 0 bytes in 58 msecs (HTTP/1.1 204) 5 headers in 199 bytes (1 switches on core 0)
2026-07-15 00:22:00.133 7 INFO placement.requestlog [req-2fb5e476-9254-4d03-a229-8dae58a23294 req-4e8310df-3206-4e3a-b5a2-8445963d0052 aa16c10446f64a3693393ea9248961cc 93de6ad0ecd64059af9b8cdbdda47505 - - d7fdf6e241594161a173ee313ade07c7 d7fdf6e241594161a173ee313ade07c7] 199.19.213.100 "GET /allocations/6288f13a-adf1-450b-a3c4-fe985cfd180d" status: 200 len: 258 microversion: 1.28 [pid: 7|app: 0|req: 542/1076] 199.19.213.100 () {34 vars in 862 bytes} [Wed Jul 15 00:22:00 2026] GET /allocations/6288f13a-adf1-450b-a3c4-fe985cfd180d => generated 258 bytes in 12 msecs (HTTP/1.1 200) 8 headers in 296 bytes (1 switches on core 0)
2026-07-15 00:22:00.316 7 INFO placement.requestlog [None req-cec3dda6-8451-4551-aeb8-2bf95aa769d3 - - - - - -] 10.0.0.90 "GET /" status: 200 len: 136 microversion: 1.0
2026-07-15 00:22:00.317 8 INFO placement.requestlog [None req-8bf1d980-8b74-4934-b5ba-bc77e7fbe234 - - - - - -] 10.0.0.90 "GET /" status: 200 len: 136 microversion: 1.0
2026-07-15 00:22:01.174 7 INFO placement.requestlog [req-2fb5e476-9254-4d03-a229-8dae58a23294 req-b9e701b4-03b6-41b5-9e7a-423114f92a3f aa16c10446f64a3693393ea9248961cc 93de6ad0ecd64059af9b8cdbdda47505 - - d7fdf6e241594161a173ee313ade07c7 d7fdf6e241594161a173ee313ade07c7] 199.19.213.100 "GET /resource_providers/040533cc-d84e-4652-9be3-95c221e3c75f/allocations" status: 200 len: 153 microversion: 1.0 [pid: 7|app: 0|req: 544/1079] 199.19.213.100 () {32 vars in 856 bytes} [Wed Jul 15 00:22:01 2026] GET /resource_providers/040533cc-d84e-4652-9be3-95c221e3c75f/allocations => generated 153 bytes in 16 msecs (HTTP/1.1 200) 6 headers in 224 bytes (1 switches on core 0)
2026-07-15 00:22:01.208 8 INFO placement.requestlog [req-2fb5e476-9254-4d03-a229-8dae58a23294 req-dd5dcd78-b2ac-4a7b-9ae1-77c30aa62c71 aa16c10446f64a3693393ea9248961cc 93de6ad0ecd64059af9b8cdbdda47505 - - d7fdf6e241594161a173ee313ade07c7 d7fdf6e241594161a173ee313ade07c7] 199.19.213.100 "GET /allocations/6288f13a-adf1-450b-a3c4-fe985cfd180d" status: 200 len: 258 microversion: 1.28 [pid: 8|app: 0|req: 536/1080] 199.19.213.100 () {34 vars in 862 bytes} [Wed Jul 15 00:22:01 2026] GET /allocations/6288f13a-adf1-450b-a3c4-fe985cfd180d => generated 258 bytes in 29 msecs (HTTP/1.1 200) 8 headers in 296 bytes (1 switches on core 0)
2026-07-15 00:22:02.961 7 INFO placement.requestlog [req-e22dadf1-4f59-4134-9a46-c0b696091914 req-22524ec8-a36b-43fa-b6a9-d96c1155e72b aa16c10446f64a3693393ea9248961cc 93de6ad0ecd64059af9b8cdbdda47505 - - d7fdf6e241594161a173ee313ade07c7 d7fdf6e241594161a173ee313ade07c7] 10.0.0.80 "GET /allocation_candidates?limit=1000&resources=DISK_GB%3A1%2CMEMORY_MB%3A512%2CVCPU%3A1&root_required=%21COMPUTE_STATUS_DISABLED" status: 200 len: 2444 microversion: 1.36 [pid: 7|app: 0|req: 545/1081] 10.0.0.80 () {34 vars in 1010 bytes} [Wed Jul 15 00:22:02 2026] GET /allocation_candidates?limit=1000&resources=DISK_GB%3A1%2CMEMORY_MB%3A512%2CVCPU%3A1&root_required=%21COMPUTE_STATUS_DISABLED => generated 2444 bytes in 37 msecs (HTTP/1.1 200) 8 headers in 297 bytes (1 switches on core 0)
2026-07-15 00:22:02.998 8 INFO placement.requestlog [req-e22dadf1-4f59-4134-9a46-c0b696091914 req-8d3c4f20-777d-4313-a74a-359309fc6841 aa16c10446f64a3693393ea9248961cc 93de6ad0ecd64059af9b8cdbdda47505 - - d7fdf6e241594161a173ee313ade07c7 d7fdf6e241594161a173ee313ade07c7] 10.0.0.80 "GET /allocations/d9b3990e-bf12-4ebc-ab65-bffc21c40450" status: 200 len: 19 microversion: 1.28 [pid: 8|app: 0|req: 537/1082] 10.0.0.80 () {34 vars in 859 bytes} [Wed Jul 15 00:22:02 2026] GET /allocations/d9b3990e-bf12-4ebc-ab65-bffc21c40450 => generated 19 bytes in 16 msecs (HTTP/1.1 200) 8 headers in 295 bytes (1 switches on core 0)
2026-07-15 00:22:03.062 7 INFO placement.requestlog [req-e22dadf1-4f59-4134-9a46-c0b696091914 req-59d60fce-3bca-4e20-9f6f-ce369a36bd65 aa16c10446f64a3693393ea9248961cc 93de6ad0ecd64059af9b8cdbdda47505 - - d7fdf6e241594161a173ee313ade07c7 d7fdf6e241594161a173ee313ade07c7] 10.0.0.80 "PUT /allocations/d9b3990e-bf12-4ebc-ab65-bffc21c40450" status: 204 len: 0 microversion: 1.36 [pid: 7|app: 0|req: 546/1083] 10.0.0.80 () {38 vars in 912 bytes} [Wed Jul 15 00:22:03 2026] PUT /allocations/d9b3990e-bf12-4ebc-ab65-bffc21c40450 => generated 0 bytes in 59 msecs (HTTP/1.1 204) 5 headers in 199 bytes (1 switches on core 0)
2026-07-15 00:22:04.616 8 INFO placement.requestlog [req-e22dadf1-4f59-4134-9a46-c0b696091914 req-0abd2cf0-3fa1-4ab6-95d9-cd15e2ebe235 aa16c10446f64a3693393ea9248961cc 93de6ad0ecd64059af9b8cdbdda47505 - - d7fdf6e241594161a173ee313ade07c7 d7fdf6e241594161a173ee313ade07c7] 199.19.213.100 "GET /allocations/d9b3990e-bf12-4ebc-ab65-bffc21c40450" status: 200 len: 258 microversion: 1.28 [pid: 8|app: 0|req: 538/1084] 199.19.213.100 () {34 vars in 862 bytes} [Wed Jul 15 00:22:04 2026] GET /allocations/d9b3990e-bf12-4ebc-ab65-bffc21c40450 => generated 258 bytes in 12 msecs (HTTP/1.1 200) 8 headers in 296 bytes (1 switches on core 0)
2026-07-15 00:22:05.666 7 INFO placement.requestlog [req-e22dadf1-4f59-4134-9a46-c0b696091914 req-c8afdd14-0174-431b-8b74-ff0dc3cc3a76 aa16c10446f64a3693393ea9248961cc 93de6ad0ecd64059af9b8cdbdda47505 - - d7fdf6e241594161a173ee313ade07c7 d7fdf6e241594161a173ee313ade07c7] 199.19.213.100 "GET /resource_providers/040533cc-d84e-4652-9be3-95c221e3c75f/allocations" status: 200 len: 253 microversion: 1.0 [pid: 7|app: 0|req: 547/1085] 199.19.213.100 () {32 vars in 856 bytes} [Wed Jul 15 00:22:05 2026] GET /resource_providers/040533cc-d84e-4652-9be3-95c221e3c75f/allocations => generated 253 bytes in 19 msecs (HTTP/1.1 200) 6 headers in 224 bytes (1 switches on core 0)
2026-07-15 00:22:05.686 8 INFO placement.requestlog [req-e22dadf1-4f59-4134-9a46-c0b696091914 req-1f662ff1-d874-4e01-abef-da24f2a2a9db aa16c10446f64a3693393ea9248961cc 93de6ad0ecd64059af9b8cdbdda47505 - - d7fdf6e241594161a173ee313ade07c7 d7fdf6e241594161a173ee313ade07c7] 199.19.213.100 "GET /allocations/d9b3990e-bf12-4ebc-ab65-bffc21c40450" status: 200 len: 258 microversion: 1.28 [pid: 8|app: 0|req: 539/1086] 199.19.213.100 () {34 vars in 862 bytes} [Wed Jul 15 00:22:05 2026] GET /allocations/d9b3990e-bf12-4ebc-ab65-bffc21c40450 => generated 258 bytes in 12 msecs (HTTP/1.1 200) 8 headers in 296 bytes (1 switches on core 0)
2026-07-15 00:22:05.706 7 INFO placement.requestlog [req-e22dadf1-4f59-4134-9a46-c0b696091914 req-757a53ac-07d6-483d-9a38-be40c8a8629d aa16c10446f64a3693393ea9248961cc 93de6ad0ecd64059af9b8cdbdda47505 - - d7fdf6e241594161a173ee313ade07c7 d7fdf6e241594161a173ee313ade07c7] 199.19.213.100 "GET /allocations/6288f13a-adf1-450b-a3c4-fe985cfd180d" status: 200 len: 258 microversion: 1.28 [pid: 7|app: 0|req: 548/1087] 199.19.213.100 () {34 vars in 862 bytes} [Wed Jul 15 00:22:05 2026] GET /allocations/6288f13a-adf1-450b-a3c4-fe985cfd180d => generated 258 bytes in 14 msecs (HTTP/1.1 200) 8 headers in 296 bytes (1 switches on core 0)
2026-07-15 00:22:10.316 7 INFO placement.requestlog [None req-bcf7f22b-ccc1-4d4a-8693-78cb8986c000 - - - - - -] 10.0.0.90 "GET /" status: 200 len: 136 microversion: 1.0
2026-07-15 00:22:10.316 8 INFO placement.requestlog [None req-2be91c47-75c4-4c83-b12c-107a8eb471c1 - - - - - -] 10.0.0.90 "GET /" status: 200 len: 136 microversion: 1.0
2026-07-15 00:22:13.215 8 INFO placement.requestlog [None req-cdaacf6a-89f4-4a8c-9a66-4b88e58c356f 4e1b689a8c4c4e39bfec093655aaf86d 93de6ad0ecd64059af9b8cdbdda47505 - - d7fdf6e241594161a173ee313ade07c7 d7fdf6e241594161a173ee313ade07c7] 10.0.0.210 "GET /resource_providers/ed5d7c22-1d93-420f-9bc9-fd3435a8e725/aggregates" status: 404 len: 235 microversion: 1.1
2026-07-15 00:22:13.215 7 INFO placement.requestlog [None req-bba7b51e-a0ea-4ba4-8e89-338813471818 4e1b689a8c4c4e39bfec093655aaf86d 93de6ad0ecd64059af9b8cdbdda47505 - - d7fdf6e241594161a173ee313ade07c7 d7fdf6e241594161a173ee313ade07c7] 10.0.0.210 "GET /resource_providers/ed5d7c22-1d93-420f-9bc9-fd3435a8e725/aggregates" status: 404 len: 235 microversion: 1.1 [pid: 8|app: 0|req: 541/1090] 10.0.0.210 () {32 vars in 815 bytes} [Wed Jul 15 00:22:13 2026] GET /resource_providers/ed5d7c22-1d93-420f-9bc9-fd3435a8e725/aggregates => generated 235 bytes in 11 msecs (HTTP/1.1 404) 5 headers in 202 bytes (1 switches on core 0) [pid: 7|app: 0|req: 550/1091] 10.0.0.210 () {32 vars in 815 bytes} [Wed Jul 15 00:22:13 2026] GET /resource_providers/ed5d7c22-1d93-420f-9bc9-fd3435a8e725/aggregates => generated 235 bytes in 17 msecs (HTTP/1.1 404) 5 headers in 202 bytes (1 switches on core 0)
2026-07-15 00:22:13.236 8 INFO placement.requestlog [None req-7cdc4f64-ff93-4990-a2f4-f280e749c86f 4e1b689a8c4c4e39bfec093655aaf86d 93de6ad0ecd64059af9b8cdbdda47505 - - d7fdf6e241594161a173ee313ade07c7 d7fdf6e241594161a173ee313ade07c7] 10.0.0.210 "DELETE /resource_providers/ed5d7c22-1d93-420f-9bc9-fd3435a8e725" status: 404 len: 246 microversion: 1.1 [pid: 8|app: 0|req: 542/1092] 10.0.0.210 () {34 vars in 815 bytes} [Wed Jul 15 00:22:13 2026] DELETE /resource_providers/ed5d7c22-1d93-420f-9bc9-fd3435a8e725 => generated 246 bytes in 9 msecs (HTTP/1.1 404) 6 headers in 231 bytes (1 switches on core 0)
2026-07-15 00:22:13.246 7 INFO placement.requestlog [None req-5d49dd04-935b-43a8-82bf-e6b3c797f5fa 4e1b689a8c4c4e39bfec093655aaf86d 93de6ad0ecd64059af9b8cdbdda47505 - - d7fdf6e241594161a173ee313ade07c7 d7fdf6e241594161a173ee313ade07c7] 10.0.0.210 "DELETE /resource_providers/ed5d7c22-1d93-420f-9bc9-fd3435a8e725" status: 404 len: 246 microversion: 1.1 [pid: 7|app: 0|req: 551/1093] 10.0.0.210 () {34 vars in 815 bytes} [Wed Jul 15 00:22:13 2026] DELETE /resource_providers/ed5d7c22-1d93-420f-9bc9-fd3435a8e725 => generated 246 bytes in 20 msecs (HTTP/1.1 404) 6 headers in 231 bytes (1 switches on core 0)
2026-07-15 00:22:16.202 8 INFO placement.requestlog [req-9424b5b5-e992-48bb-825e-ff5c9a8ee3ff req-0e2d2e56-e2a7-4ea6-ab4a-63c02705cb15 aa16c10446f64a3693393ea9248961cc 93de6ad0ecd64059af9b8cdbdda47505 - - d7fdf6e241594161a173ee313ade07c7 d7fdf6e241594161a173ee313ade07c7] 10.0.0.80 "GET /allocation_candidates?limit=1000&resources=DISK_GB%3A1%2CMEMORY_MB%3A512%2CVCPU%3A1&root_required=%21COMPUTE_STATUS_DISABLED" status: 200 len: 2445 microversion: 1.36 [pid: 8|app: 0|req: 543/1094] 10.0.0.80 () {34 vars in 1010 bytes} [Wed Jul 15 00:22:16 2026] GET /allocation_candidates?limit=1000&resources=DISK_GB%3A1%2CMEMORY_MB%3A512%2CVCPU%3A1&root_required=%21COMPUTE_STATUS_DISABLED => generated 2445 bytes in 47 msecs (HTTP/1.1 200) 8 headers in 297 bytes (1 switches on core 0)
2026-07-15 00:22:16.227 7 INFO placement.requestlog [req-9424b5b5-e992-48bb-825e-ff5c9a8ee3ff req-b57c26ff-3bac-4fc0-84f0-4b49da048a25 aa16c10446f64a3693393ea9248961cc 93de6ad0ecd64059af9b8cdbdda47505 - - d7fdf6e241594161a173ee313ade07c7 d7fdf6e241594161a173ee313ade07c7] 10.0.0.80 "GET /allocations/4b03e8cf-835c-417c-a937-d45917eba308" status: 200 len: 19 microversion: 1.28 [pid: 7|app: 0|req: 552/1095] 10.0.0.80 () {34 vars in 859 bytes} [Wed Jul 15 00:22:16 2026] GET /allocations/4b03e8cf-835c-417c-a937-d45917eba308 => generated 19 bytes in 9 msecs (HTTP/1.1 200) 8 headers in 295 bytes (1 switches on core 0)
2026-07-15 00:22:16.274 8 INFO placement.requestlog [req-9424b5b5-e992-48bb-825e-ff5c9a8ee3ff req-c9fe5945-1858-446d-beda-34d161000d7b aa16c10446f64a3693393ea9248961cc 93de6ad0ecd64059af9b8cdbdda47505 - - d7fdf6e241594161a173ee313ade07c7 d7fdf6e241594161a173ee313ade07c7] 10.0.0.80 "PUT /allocations/4b03e8cf-835c-417c-a937-d45917eba308" status: 204 len: 0 microversion: 1.36 [pid: 8|app: 0|req: 544/1096] 10.0.0.80 () {38 vars in 912 bytes} [Wed Jul 15 00:22:16 2026] PUT /allocations/4b03e8cf-835c-417c-a937-d45917eba308 => generated 0 bytes in 41 msecs (HTTP/1.1 204) 5 headers in 199 bytes (1 switches on core 0)
2026-07-15 00:22:17.831 7 INFO placement.requestlog [req-9424b5b5-e992-48bb-825e-ff5c9a8ee3ff req-60a4ad36-799b-4b7c-a49b-ed99fc81cb34 aa16c10446f64a3693393ea9248961cc 93de6ad0ecd64059af9b8cdbdda47505 - - d7fdf6e241594161a173ee313ade07c7 d7fdf6e241594161a173ee313ade07c7] 199.19.213.100 "GET /allocations/4b03e8cf-835c-417c-a937-d45917eba308" status: 200 len: 258 microversion: 1.28 [pid: 7|app: 0|req: 553/1097] 199.19.213.100 () {34 vars in 862 bytes} [Wed Jul 15 00:22:17 2026] GET /allocations/4b03e8cf-835c-417c-a937-d45917eba308 => generated 258 bytes in 26 msecs (HTTP/1.1 200) 8 headers in 296 bytes (1 switches on core 0)
2026-07-15 00:22:18.887 8 INFO placement.requestlog [req-9424b5b5-e992-48bb-825e-ff5c9a8ee3ff req-946e16f6-6c66-4064-8b1e-33870a732e9c aa16c10446f64a3693393ea9248961cc 93de6ad0ecd64059af9b8cdbdda47505 - - d7fdf6e241594161a173ee313ade07c7 d7fdf6e241594161a173ee313ade07c7] 199.19.213.100 "GET /resource_providers/040533cc-d84e-4652-9be3-95c221e3c75f/allocations" status: 200 len: 353 microversion: 1.0 [pid: 8|app: 0|req: 545/1098] 199.19.213.100 () {32 vars in 856 bytes} [Wed Jul 15 00:22:18 2026] GET /resource_providers/040533cc-d84e-4652-9be3-95c221e3c75f/allocations => generated 353 bytes in 19 msecs (HTTP/1.1 200) 6 headers in 224 bytes (1 switches on core 0)
2026-07-15 00:22:18.904 7 INFO placement.requestlog [req-9424b5b5-e992-48bb-825e-ff5c9a8ee3ff req-dcfc1ee4-abc7-4f31-862f-11e000b5fef9 aa16c10446f64a3693393ea9248961cc 93de6ad0ecd64059af9b8cdbdda47505 - - d7fdf6e241594161a173ee313ade07c7 d7fdf6e241594161a173ee313ade07c7] 199.19.213.100 "GET /allocations/4b03e8cf-835c-417c-a937-d45917eba308" status: 200 len: 258 microversion: 1.28 [pid: 7|app: 0|req: 554/1099] 199.19.213.100 () {34 vars in 862 bytes} [Wed Jul 15 00:22:18 2026] GET /allocations/4b03e8cf-835c-417c-a937-d45917eba308 => generated 258 bytes in 12 msecs (HTTP/1.1 200) 8 headers in 296 bytes (1 switches on core 0)
2026-07-15 00:22:18.921 8 INFO placement.requestlog [req-9424b5b5-e992-48bb-825e-ff5c9a8ee3ff req-a1e6b0a3-3f24-4fb6-b0fb-1d405c89b46c aa16c10446f64a3693393ea9248961cc 93de6ad0ecd64059af9b8cdbdda47505 - - d7fdf6e241594161a173ee313ade07c7 d7fdf6e241594161a173ee313ade07c7] 199.19.213.100 "GET /allocations/d9b3990e-bf12-4ebc-ab65-bffc21c40450" status: 200 len: 258 microversion: 1.28 [pid: 8|app: 0|req: 546/1100] 199.19.213.100 () {34 vars in 862 bytes} [Wed Jul 15 00:22:18 2026] GET /allocations/d9b3990e-bf12-4ebc-ab65-bffc21c40450 => generated 258 bytes in 10 msecs (HTTP/1.1 200) 8 headers in 296 bytes (1 switches on core 0)
2026-07-15 00:22:18.940 7 INFO placement.requestlog [req-9424b5b5-e992-48bb-825e-ff5c9a8ee3ff req-b5ff5f98-e54e-4f17-bc53-6a31c7b8e5eb aa16c10446f64a3693393ea9248961cc 93de6ad0ecd64059af9b8cdbdda47505 - - d7fdf6e241594161a173ee313ade07c7 d7fdf6e241594161a173ee313ade07c7] 199.19.213.100 "GET /allocations/6288f13a-adf1-450b-a3c4-fe985cfd180d" status: 200 len: 258 microversion: 1.28 [pid: 7|app: 0|req: 555/1101] 199.19.213.100 () {34 vars in 862 bytes} [Wed Jul 15 00:22:18 2026] GET /allocations/6288f13a-adf1-450b-a3c4-fe985cfd180d => generated 258 bytes in 11 msecs (HTTP/1.1 200) 8 headers in 296 bytes (1 switches on core 0)
2026-07-15 00:22:20.317 7 INFO placement.requestlog [None req-4a0c6fb5-b7ab-4231-82ad-f10497c6be96 - - - - - -] 10.0.0.90 "GET /" status: 200 len: 136 microversion: 1.0
2026-07-15 00:22:20.317 8 INFO placement.requestlog [None req-272677a7-81ab-4678-a9f9-9c1aac766e99 - - - - - -] 10.0.0.90 "GET /" status: 200 len: 136 microversion: 1.0
2026-07-15 00:22:30.316 8 INFO placement.requestlog [None req-033aca9c-e519-4a0e-9134-4d85ed0c9f19 - - - - - -] 10.0.0.90 "GET /" status: 200 len: 136 microversion: 1.0
2026-07-15 00:22:30.316 7 INFO placement.requestlog [None req-b14beab3-9127-4397-8e9d-53f879532310 - - - - - -] 10.0.0.90 "GET /" status: 200 len: 136 microversion: 1.0
2026-07-15 00:22:40.316 7 INFO placement.requestlog [None req-da2cfeef-4827-4352-9398-9b0b183b14f0 - - - - - -] 10.0.0.90 "GET /" status: 200 len: 136 microversion: 1.0
2026-07-15 00:22:40.316 8 INFO placement.requestlog [None req-660131d5-7afd-422d-8267-e0dbe1b04753 - - - - - -] 10.0.0.90 "GET /" status: 200 len: 136 microversion: 1.0
2026-07-15 00:22:40.498 7 INFO placement.requestlog [req-a03d01a1-92a0-4374-8a48-3c7b3fe3b37e req-e87f32ce-db31-489b-bd63-622b15ccc2e3 aa16c10446f64a3693393ea9248961cc 93de6ad0ecd64059af9b8cdbdda47505 - - d7fdf6e241594161a173ee313ade07c7 d7fdf6e241594161a173ee313ade07c7] 199.19.213.100 "GET /resource_providers/040533cc-d84e-4652-9be3-95c221e3c75f/allocations" status: 200 len: 353 microversion: 1.0 [pid: 7|app: 0|req: 559/1108] 199.19.213.100 () {32 vars in 856 bytes} [Wed Jul 15 00:22:40 2026] GET /resource_providers/040533cc-d84e-4652-9be3-95c221e3c75f/allocations => generated 353 bytes in 15 msecs (HTTP/1.1 200) 6 headers in 224 bytes (1 switches on core 0)
2026-07-15 00:22:40.521 8 INFO placement.requestlog [req-a03d01a1-92a0-4374-8a48-3c7b3fe3b37e req-56ee70bf-a864-488b-8b72-e1f8d9acf046 aa16c10446f64a3693393ea9248961cc 93de6ad0ecd64059af9b8cdbdda47505 - - d7fdf6e241594161a173ee313ade07c7 d7fdf6e241594161a173ee313ade07c7] 199.19.213.100 "GET /allocations/4b03e8cf-835c-417c-a937-d45917eba308" status: 200 len: 258 microversion: 1.28 [pid: 8|app: 0|req: 550/1109] 199.19.213.100 () {34 vars in 862 bytes} [Wed Jul 15 00:22:40 2026] GET /allocations/4b03e8cf-835c-417c-a937-d45917eba308 => generated 258 bytes in 15 msecs (HTTP/1.1 200) 8 headers in 296 bytes (1 switches on core 0)
2026-07-15 00:22:40.549 7 INFO placement.requestlog [req-a03d01a1-92a0-4374-8a48-3c7b3fe3b37e req-e644527e-6d20-46f5-9bff-84d1f905878b aa16c10446f64a3693393ea9248961cc 93de6ad0ecd64059af9b8cdbdda47505 - - d7fdf6e241594161a173ee313ade07c7 d7fdf6e241594161a173ee313ade07c7] 199.19.213.100 "GET /allocations/d9b3990e-bf12-4ebc-ab65-bffc21c40450" status: 200 len: 258 microversion: 1.28 [pid: 7|app: 0|req: 560/1110] 199.19.213.100 () {34 vars in 862 bytes} [Wed Jul 15 00:22:40 2026] GET /allocations/d9b3990e-bf12-4ebc-ab65-bffc21c40450 => generated 258 bytes in 16 msecs (HTTP/1.1 200) 8 headers in 296 bytes (1 switches on core 0)
2026-07-15 00:22:40.564 8 INFO placement.requestlog [req-a03d01a1-92a0-4374-8a48-3c7b3fe3b37e req-4a655c59-4841-4898-91b6-06d4e7d36453 aa16c10446f64a3693393ea9248961cc 93de6ad0ecd64059af9b8cdbdda47505 - - d7fdf6e241594161a173ee313ade07c7 d7fdf6e241594161a173ee313ade07c7] 199.19.213.100 "GET /allocations/6288f13a-adf1-450b-a3c4-fe985cfd180d" status: 200 len: 258 microversion: 1.28 [pid: 8|app: 0|req: 551/1111] 199.19.213.100 () {34 vars in 862 bytes} [Wed Jul 15 00:22:40 2026] GET /allocations/6288f13a-adf1-450b-a3c4-fe985cfd180d => generated 258 bytes in 11 msecs (HTTP/1.1 200) 8 headers in 296 bytes (1 switches on core 0)
2026-07-15 00:22:41.617 7 INFO placement.requestlog [req-a03d01a1-92a0-4374-8a48-3c7b3fe3b37e req-652f0a04-a5f3-4e48-b8a6-01e5bae0f170 aa16c10446f64a3693393ea9248961cc 93de6ad0ecd64059af9b8cdbdda47505 - - d7fdf6e241594161a173ee313ade07c7 d7fdf6e241594161a173ee313ade07c7] 199.19.213.100 "DELETE /allocations/d9b3990e-bf12-4ebc-ab65-bffc21c40450" status: 204 len: 0 microversion: 1.0 [pid: 7|app: 0|req: 561/1112] 199.19.213.100 () {34 vars in 840 bytes} [Wed Jul 15 00:22:41 2026] DELETE /allocations/d9b3990e-bf12-4ebc-ab65-bffc21c40450 => generated 0 bytes in 23 msecs (HTTP/1.1 204) 5 headers in 198 bytes (1 switches on core 0)
2026-07-15 00:22:45.801 8 INFO placement.requestlog [None req-6630ad1c-c865-47e3-8059-976d3d7bfc24 4e1b689a8c4c4e39bfec093655aaf86d 93de6ad0ecd64059af9b8cdbdda47505 - - d7fdf6e241594161a173ee313ade07c7 d7fdf6e241594161a173ee313ade07c7] 10.0.0.210 "GET /resource_providers/5b7e9117-06a9-47e7-8b14-69d8c0448072/aggregates" status: 404 len: 235 microversion: 1.1 [pid: 8|app: 0|req: 552/1113] 10.0.0.210 () {32 vars in 815 bytes} [Wed Jul 15 00:22:45 2026] GET /resource_providers/5b7e9117-06a9-47e7-8b14-69d8c0448072/aggregates => generated 235 bytes in 11 msecs (HTTP/1.1 404) 5 headers in 202 bytes (1 switches on core 0)
2026-07-15 00:22:45.802 7 INFO placement.requestlog [None req-5471e886-5223-4fbf-beb1-cd26924bb37a 4e1b689a8c4c4e39bfec093655aaf86d 93de6ad0ecd64059af9b8cdbdda47505 - - d7fdf6e241594161a173ee313ade07c7 d7fdf6e241594161a173ee313ade07c7] 10.0.0.210 "GET /resource_providers/5b7e9117-06a9-47e7-8b14-69d8c0448072/aggregates" status: 404 len: 235 microversion: 1.1 [pid: 7|app: 0|req: 562/1114] 10.0.0.210 () {32 vars in 815 bytes} [Wed Jul 15 00:22:45 2026] GET /resource_providers/5b7e9117-06a9-47e7-8b14-69d8c0448072/aggregates => generated 235 bytes in 8 msecs (HTTP/1.1 404) 5 headers in 202 bytes (1 switches on core 0)
2026-07-15 00:22:45.824 8 INFO placement.requestlog [None req-a92a7eef-2fee-4046-a54a-8f35616d7d93 4e1b689a8c4c4e39bfec093655aaf86d 93de6ad0ecd64059af9b8cdbdda47505 - - d7fdf6e241594161a173ee313ade07c7 d7fdf6e241594161a173ee313ade07c7] 10.0.0.210 "DELETE /resource_providers/5b7e9117-06a9-47e7-8b14-69d8c0448072" status: 404 len: 246 microversion: 1.1
2026-07-15 00:22:45.824 7 INFO placement.requestlog [None req-8e6227e4-9116-4bd9-a9b0-14dc713131f5 4e1b689a8c4c4e39bfec093655aaf86d 93de6ad0ecd64059af9b8cdbdda47505 - - d7fdf6e241594161a173ee313ade07c7 d7fdf6e241594161a173ee313ade07c7] 10.0.0.210 "DELETE /resource_providers/5b7e9117-06a9-47e7-8b14-69d8c0448072" status: 404 len: 246 microversion: 1.1 [pid: 8|app: 0|req: 553/1115] 10.0.0.210 () {34 vars in 815 bytes} [Wed Jul 15 00:22:45 2026] DELETE /resource_providers/5b7e9117-06a9-47e7-8b14-69d8c0448072 => generated 246 bytes in 10 msecs (HTTP/1.1 404) 6 headers in 231 bytes (1 switches on core 0) [pid: 7|app: 0|req: 563/1116] 10.0.0.210 () {34 vars in 815 bytes} [Wed Jul 15 00:22:45 2026] DELETE /resource_providers/5b7e9117-06a9-47e7-8b14-69d8c0448072 => generated 246 bytes in 7 msecs (HTTP/1.1 404) 6 headers in 231 bytes (1 switches on core 0)
2026-07-15 00:22:48.010 8 INFO placement.requestlog [None req-7d2c1702-59d8-4abf-8b05-db5be6d674af 4e1b689a8c4c4e39bfec093655aaf86d 93de6ad0ecd64059af9b8cdbdda47505 - - d7fdf6e241594161a173ee313ade07c7 d7fdf6e241594161a173ee313ade07c7] 10.0.0.210 "GET /resource_providers/3ac46d44-45c8-4856-a41b-eae67d7d2545/aggregates" status: 404 len: 235 microversion: 1.1 [pid: 8|app: 0|req: 554/1117] 10.0.0.210 () {32 vars in 815 bytes} [Wed Jul 15 00:22:48 2026] GET /resource_providers/3ac46d44-45c8-4856-a41b-eae67d7d2545/aggregates => generated 235 bytes in 8 msecs (HTTP/1.1 404) 5 headers in 202 bytes (1 switches on core 0)
2026-07-15 00:22:48.014 7 INFO placement.requestlog [None req-f6e5ed44-308b-42d8-99d2-d21df8fc7864 4e1b689a8c4c4e39bfec093655aaf86d 93de6ad0ecd64059af9b8cdbdda47505 - - d7fdf6e241594161a173ee313ade07c7 d7fdf6e241594161a173ee313ade07c7] 10.0.0.210 "GET /resource_providers/3ac46d44-45c8-4856-a41b-eae67d7d2545/aggregates" status: 404 len: 235 microversion: 1.1 [pid: 7|app: 0|req: 564/1118] 10.0.0.210 () {32 vars in 815 bytes} [Wed Jul 15 00:22:48 2026] GET /resource_providers/3ac46d44-45c8-4856-a41b-eae67d7d2545/aggregates => generated 235 bytes in 11 msecs (HTTP/1.1 404) 5 headers in 202 bytes (1 switches on core 0)
