2026-07-15 00:16:19.011 8 INFO placement.requestlog [req-fbf6d93d-5fe1-40b0-be5b-8c44f860cf52 req-672bb037-dd95-4d75-85e4-1dc4160fcdd1 793a331bb62a4d6582befca70ef5e38d 4acbd565c6074aa1a3edd40e2cfc6312 - - 1859e95718da41dab5141326a9eefa96 1859e95718da41dab5141326a9eefa96] 199.19.213.133 "GET /resource_providers/b814a42d-105f-4ef2-a810-f7505093d6ca/allocations" status: 200 len: 54 microversion: 1.0 [pid: 8|app: 0|req: 289/577] 199.19.213.133 () {32 vars in 857 bytes} [Wed Jul 15 00:16:18 2026] GET /resource_providers/b814a42d-105f-4ef2-a810-f7505093d6ca/allocations => generated 54 bytes in 20 msecs (HTTP/1.1 200) 6 headers in 223 bytes (1 switches on core 0)
2026-07-15 00:16:22.513 7 INFO placement.requestlog [None req-f6d35565-9330-4a3c-b708-3d7d1f9065c6 - - - - - -] 10.0.0.108 "GET /" status: 200 len: 136 microversion: 1.0
2026-07-15 00:16:22.513 8 INFO placement.requestlog [None req-393792c3-91c7-4095-8200-e5aebed1d7ef - - - - - -] 10.0.0.108 "GET /" status: 200 len: 136 microversion: 1.0
2026-07-15 00:16:32.513 7 INFO placement.requestlog [None req-2d9d095d-0c1a-4f0d-91bb-e1f101ab7ad7 - - - - - -] 10.0.0.108 "GET /" status: 200 len: 136 microversion: 1.0
2026-07-15 00:16:32.513 8 INFO placement.requestlog [None req-fb454da4-07a8-47c7-8800-8302f7e984d9 - - - - - -] 10.0.0.108 "GET /" status: 200 len: 136 microversion: 1.0
2026-07-15 00:16:42.517 7 INFO placement.requestlog [None req-b37c0894-5f20-487f-be4d-de6af96319d6 - - - - - -] 10.0.0.108 "GET /" status: 200 len: 136 microversion: 1.0
2026-07-15 00:16:42.517 8 INFO placement.requestlog [None req-2620e181-7613-48ca-aac5-f582babcf31d - - - - - -] 10.0.0.108 "GET /" status: 200 len: 136 microversion: 1.0
2026-07-15 00:16:52.513 8 INFO placement.requestlog [None req-e62b649e-34cf-408c-a2d3-62c3beeea9b0 - - - - - -] 10.0.0.108 "GET /" status: 200 len: 136 microversion: 1.0
2026-07-15 00:16:52.513 7 INFO placement.requestlog [None req-1ff32ef8-a93b-4fff-8f06-e94219e566c0 - - - - - -] 10.0.0.108 "GET /" status: 200 len: 136 microversion: 1.0
2026-07-15 00:17:02.513 8 INFO placement.requestlog [None req-2233fc4d-1b47-4977-8b1e-4ecfced2c09f - - - - - -] 10.0.0.108 "GET /" status: 200 len: 136 microversion: 1.0
2026-07-15 00:17:02.513 7 INFO placement.requestlog [None req-3cc5aea8-9b5f-442e-bbf5-b367882ae502 - - - - - -] 10.0.0.108 "GET /" status: 200 len: 136 microversion: 1.0
2026-07-15 00:17:12.512 7 INFO placement.requestlog [None req-07de82d4-e069-404c-a0f1-080f19dd4178 - - - - - -] 10.0.0.108 "GET /" status: 200 len: 136 microversion: 1.0
2026-07-15 00:17:12.512 8 INFO placement.requestlog [None req-03cd108e-069e-4b9e-9736-56b0a10c1b05 - - - - - -] 10.0.0.108 "GET /" status: 200 len: 136 microversion: 1.0
2026-07-15 00:17:21.187 7 INFO placement.requestlog [req-6c293d56-57c6-40a5-bd4e-957548d9e92a req-61a6c29e-83ab-4ca4-a87e-786d5c889e08 793a331bb62a4d6582befca70ef5e38d 4acbd565c6074aa1a3edd40e2cfc6312 - - 1859e95718da41dab5141326a9eefa96 1859e95718da41dab5141326a9eefa96] 199.19.213.133 "GET /resource_providers/b814a42d-105f-4ef2-a810-f7505093d6ca/allocations" status: 200 len: 54 microversion: 1.0 [pid: 7|app: 0|req: 295/590] 199.19.213.133 () {32 vars in 857 bytes} [Wed Jul 15 00:17:21 2026] GET /resource_providers/b814a42d-105f-4ef2-a810-f7505093d6ca/allocations => generated 54 bytes in 130 msecs (HTTP/1.1 200) 6 headers in 223 bytes (1 switches on core 0)
2026-07-15 00:17:21.226 8 INFO placement.requestlog [req-6c293d56-57c6-40a5-bd4e-957548d9e92a req-da17310c-9a6d-4416-b1be-87be62e6db67 793a331bb62a4d6582befca70ef5e38d 4acbd565c6074aa1a3edd40e2cfc6312 - - 1859e95718da41dab5141326a9eefa96 1859e95718da41dab5141326a9eefa96] 199.19.213.133 "GET /resource_providers?in_tree=b814a42d-105f-4ef2-a810-f7505093d6ca" status: 200 len: 797 microversion: 1.14 [pid: 8|app: 0|req: 296/591] 199.19.213.133 () {34 vars in 892 bytes} [Wed Jul 15 00:17:21 2026] GET /resource_providers?in_tree=b814a42d-105f-4ef2-a810-f7505093d6ca => generated 797 bytes in 30 msecs (HTTP/1.1 200) 6 headers in 225 bytes (1 switches on core 0)
2026-07-15 00:17:21.256 7 INFO placement.requestlog [req-6c293d56-57c6-40a5-bd4e-957548d9e92a req-ce8ca862-fbce-41f6-9a75-560df5304a3b 793a331bb62a4d6582befca70ef5e38d 4acbd565c6074aa1a3edd40e2cfc6312 - - 1859e95718da41dab5141326a9eefa96 1859e95718da41dab5141326a9eefa96] 199.19.213.133 "GET /resource_providers/b814a42d-105f-4ef2-a810-f7505093d6ca/inventories" status: 200 len: 400 microversion: 1.0 [pid: 7|app: 0|req: 296/592] 199.19.213.133 () {32 vars in 857 bytes} [Wed Jul 15 00:17:21 2026] GET /resource_providers/b814a42d-105f-4ef2-a810-f7505093d6ca/inventories => generated 400 bytes in 25 msecs (HTTP/1.1 200) 6 headers in 224 bytes (1 switches on core 0)
2026-07-15 00:17:21.278 8 INFO placement.requestlog [req-6c293d56-57c6-40a5-bd4e-957548d9e92a req-1f84a7a7-5033-4349-b096-9bed61ad7264 793a331bb62a4d6582befca70ef5e38d 4acbd565c6074aa1a3edd40e2cfc6312 - - 1859e95718da41dab5141326a9eefa96 1859e95718da41dab5141326a9eefa96] 199.19.213.133 "GET /resource_providers/b814a42d-105f-4ef2-a810-f7505093d6ca/aggregates" status: 200 len: 53 microversion: 1.19 [pid: 8|app: 0|req: 297/593] 199.19.213.133 () {34 vars in 899 bytes} [Wed Jul 15 00:17:21 2026] GET /resource_providers/b814a42d-105f-4ef2-a810-f7505093d6ca/aggregates => generated 53 bytes in 15 msecs (HTTP/1.1 200) 8 headers in 295 bytes (1 switches on core 0)
2026-07-15 00:17:21.304 7 INFO placement.requestlog [req-6c293d56-57c6-40a5-bd4e-957548d9e92a req-c1cb424a-7a65-4881-b95a-d73ff001ae92 793a331bb62a4d6582befca70ef5e38d 4acbd565c6074aa1a3edd40e2cfc6312 - - 1859e95718da41dab5141326a9eefa96 1859e95718da41dab5141326a9eefa96] 199.19.213.133 "GET /resource_providers/b814a42d-105f-4ef2-a810-f7505093d6ca/traits" status: 200 len: 2175 microversion: 1.6 [pid: 7|app: 0|req: 297/594] 199.19.213.133 () {34 vars in 890 bytes} [Wed Jul 15 00:17:21 2026] GET /resource_providers/b814a42d-105f-4ef2-a810-f7505093d6ca/traits => generated 2175 bytes in 22 msecs (HTTP/1.1 200) 6 headers in 225 bytes (1 switches on core 0)
2026-07-15 00:17:21.321 8 INFO placement.requestlog [req-6c293d56-57c6-40a5-bd4e-957548d9e92a req-373ba66a-69b2-4ca6-9624-00ee7f876dc5 793a331bb62a4d6582befca70ef5e38d 4acbd565c6074aa1a3edd40e2cfc6312 - - 1859e95718da41dab5141326a9eefa96 1859e95718da41dab5141326a9eefa96] 199.19.213.133 "GET /resource_providers/b814a42d-105f-4ef2-a810-f7505093d6ca/allocations" status: 200 len: 54 microversion: 1.0 [pid: 8|app: 0|req: 298/595] 199.19.213.133 () {32 vars in 857 bytes} [Wed Jul 15 00:17:21 2026] GET /resource_providers/b814a42d-105f-4ef2-a810-f7505093d6ca/allocations => generated 54 bytes in 9 msecs (HTTP/1.1 200) 6 headers in 223 bytes (1 switches on core 0)
2026-07-15 00:17:22.513 7 INFO placement.requestlog [None req-3ff4c957-7de3-4f77-bc35-4cf9d1715e07 - - - - - -] 10.0.0.108 "GET /" status: 200 len: 136 microversion: 1.0
2026-07-15 00:17:22.513 8 INFO placement.requestlog [None req-c62a2c5d-e068-4bd9-a88b-cbc875509ca3 - - - - - -] 10.0.0.108 "GET /" status: 200 len: 136 microversion: 1.0
2026-07-15 00:17:32.513 7 INFO placement.requestlog [None req-f6b5ab8b-fc22-4fc2-9810-771b39ed1cf0 - - - - - -] 10.0.0.108 "GET /" status: 200 len: 136 microversion: 1.0
2026-07-15 00:17:32.513 8 INFO placement.requestlog [None req-7a6ebd4c-91e5-4868-83c6-139ad1ac55e4 - - - - - -] 10.0.0.108 "GET /" status: 200 len: 136 microversion: 1.0
2026-07-15 00:17:42.512 7 INFO placement.requestlog [None req-28005bc0-25b0-4cfc-b1ca-4c32bede6b81 - - - - - -] 10.0.0.108 "GET /" status: 200 len: 136 microversion: 1.0
2026-07-15 00:17:42.513 8 INFO placement.requestlog [None req-75b8ae4c-5f06-42a0-846f-cd438105c9d6 - - - - - -] 10.0.0.108 "GET /" status: 200 len: 136 microversion: 1.0
2026-07-15 00:17:52.512 7 INFO placement.requestlog [None req-f1b00e75-f8a6-4cb2-be08-9572880fb9a3 - - - - - -] 10.0.0.108 "GET /" status: 200 len: 136 microversion: 1.0
2026-07-15 00:17:52.513 8 INFO placement.requestlog [None req-63b60617-4935-4718-adcc-c2a99e00f213 - - - - - -] 10.0.0.108 "GET /" status: 200 len: 136 microversion: 1.0
2026-07-15 00:18:02.513 8 INFO placement.requestlog [None req-59f07178-72d8-473f-ab45-71efeea63d14 - - - - - -] 10.0.0.108 "GET /" status: 200 len: 136 microversion: 1.0
2026-07-15 00:18:02.513 7 INFO placement.requestlog [None req-beee859f-68c4-41ee-8df8-016c2a2030df - - - - - -] 10.0.0.108 "GET /" status: 200 len: 136 microversion: 1.0
2026-07-15 00:18:12.513 7 INFO placement.requestlog [None req-fccbf2e5-92d7-4a3a-a0a2-086363eded4d - - - - - -] 10.0.0.108 "GET /" status: 200 len: 136 microversion: 1.0
2026-07-15 00:18:12.513 8 INFO placement.requestlog [None req-204ade29-9287-45fd-ba06-f99b111d8267 - - - - - -] 10.0.0.108 "GET /" status: 200 len: 136 microversion: 1.0
2026-07-15 00:18:22.219 7 INFO placement.requestlog [req-90df079d-b6e8-432e-bb5d-bb2f309cf307 req-16646579-1012-4f9b-bafd-207d264a6a43 793a331bb62a4d6582befca70ef5e38d 4acbd565c6074aa1a3edd40e2cfc6312 - - 1859e95718da41dab5141326a9eefa96 1859e95718da41dab5141326a9eefa96] 199.19.213.133 "GET /resource_providers/b814a42d-105f-4ef2-a810-f7505093d6ca/allocations" status: 200 len: 54 microversion: 1.0 [pid: 7|app: 0|req: 304/608] 199.19.213.133 () {32 vars in 857 bytes} [Wed Jul 15 00:18:22 2026] GET /resource_providers/b814a42d-105f-4ef2-a810-f7505093d6ca/allocations => generated 54 bytes in 16 msecs (HTTP/1.1 200) 6 headers in 223 bytes (1 switches on core 0)
2026-07-15 00:18:22.239 8 INFO placement.requestlog [req-90df079d-b6e8-432e-bb5d-bb2f309cf307 req-0f5e376b-5ed8-45bf-aa48-0f12386eb9cd 793a331bb62a4d6582befca70ef5e38d 4acbd565c6074aa1a3edd40e2cfc6312 - - 1859e95718da41dab5141326a9eefa96 1859e95718da41dab5141326a9eefa96] 199.19.213.133 "GET /resource_providers/b814a42d-105f-4ef2-a810-f7505093d6ca/allocations" status: 200 len: 54 microversion: 1.0 [pid: 8|app: 0|req: 305/609] 199.19.213.133 () {32 vars in 857 bytes} [Wed Jul 15 00:18:22 2026] GET /resource_providers/b814a42d-105f-4ef2-a810-f7505093d6ca/allocations => generated 54 bytes in 14 msecs (HTTP/1.1 200) 6 headers in 223 bytes (1 switches on core 0)
2026-07-15 00:18:22.514 8 INFO placement.requestlog [None req-eb77dbf0-2d3c-4997-ba61-f65f4edd25e1 - - - - - -] 10.0.0.108 "GET /" status: 200 len: 136 microversion: 1.0
2026-07-15 00:18:22.514 7 INFO placement.requestlog [None req-ea918c6d-7cf0-4e7e-823e-2aacbe3ff7ee - - - - - -] 10.0.0.108 "GET /" status: 200 len: 136 microversion: 1.0
2026-07-15 00:18:32.514 8 INFO placement.requestlog [None req-299401ee-1604-4582-9fb9-1feda279d72f - - - - - -] 10.0.0.108 "GET /" status: 200 len: 136 microversion: 1.0
2026-07-15 00:18:32.514 7 INFO placement.requestlog [None req-cc98e5ac-82d0-40e3-999a-29d915265523 - - - - - -] 10.0.0.108 "GET /" status: 200 len: 136 microversion: 1.0
2026-07-15 00:18:42.513 8 INFO placement.requestlog [None req-2a7f07f1-2e1d-4209-b719-33d274e81a12 - - - - - -] 10.0.0.108 "GET /" status: 200 len: 136 microversion: 1.0
2026-07-15 00:18:42.513 7 INFO placement.requestlog [None req-1f6566c9-ccee-4886-8af0-7dc665e01b86 - - - - - -] 10.0.0.108 "GET /" status: 200 len: 136 microversion: 1.0
2026-07-15 00:18:52.513 8 INFO placement.requestlog [None req-b15238e0-78f2-4363-bb12-abb359840fee - - - - - -] 10.0.0.108 "GET /" status: 200 len: 136 microversion: 1.0
2026-07-15 00:18:52.513 7 INFO placement.requestlog [None req-8bae0105-289e-4ac4-bcba-3f9958a8fdaa - - - - - -] 10.0.0.108 "GET /" status: 200 len: 136 microversion: 1.0
2026-07-15 00:19:02.513 8 INFO placement.requestlog [None req-68574e65-82c5-47a9-acc8-5e88e39bd23d - - - - - -] 10.0.0.108 "GET /" status: 200 len: 136 microversion: 1.0
2026-07-15 00:19:02.513 7 INFO placement.requestlog [None req-a33f1288-d7e6-4bc0-a2d6-1b0042ca7fd9 - - - - - -] 10.0.0.108 "GET /" status: 200 len: 136 microversion: 1.0
2026-07-15 00:19:12.513 8 INFO placement.requestlog [None req-affd62f9-6c49-4cd1-b5c3-dd9901b61212 - - - - - -] 10.0.0.108 "GET /" status: 200 len: 136 microversion: 1.0
2026-07-15 00:19:12.512 7 INFO placement.requestlog [None req-bed1f6b3-4228-4299-a39e-baef032a1204 - - - - - -] 10.0.0.108 "GET /" status: 200 len: 136 microversion: 1.0
2026-07-15 00:19:15.078 7 INFO placement.requestlog [req-90a7a66b-0225-408d-9e62-6b0b87ad139b req-cc3d0e33-ba17-4d2c-a274-27c7811dbe3e 793a331bb62a4d6582befca70ef5e38d 4acbd565c6074aa1a3edd40e2cfc6312 - - 1859e95718da41dab5141326a9eefa96 1859e95718da41dab5141326a9eefa96] 10.0.0.115 "GET /allocation_candidates?limit=1000&resources=DISK_GB%3A1%2CMEMORY_MB%3A512%2CVCPU%3A1&root_required=%21COMPUTE_STATUS_DISABLED" status: 200 len: 2640 microversion: 1.36 [pid: 7|app: 0|req: 311/622] 10.0.0.115 () {34 vars in 1012 bytes} [Wed Jul 15 00:19:14 2026] GET /allocation_candidates?limit=1000&resources=DISK_GB%3A1%2CMEMORY_MB%3A512%2CVCPU%3A1&root_required=%21COMPUTE_STATUS_DISABLED => generated 2640 bytes in 198 msecs (HTTP/1.1 200) 8 headers in 297 bytes (1 switches on core 0)
2026-07-15 00:19:15.119 8 INFO placement.requestlog [req-90a7a66b-0225-408d-9e62-6b0b87ad139b req-6a5df1cd-c8e4-40b1-b08f-b0c822c3d7dc 793a331bb62a4d6582befca70ef5e38d 4acbd565c6074aa1a3edd40e2cfc6312 - - 1859e95718da41dab5141326a9eefa96 1859e95718da41dab5141326a9eefa96] 10.0.0.115 "GET /allocations/3adad679-84e5-4119-996e-d98694e67b5e" status: 200 len: 19 microversion: 1.28 [pid: 8|app: 0|req: 312/623] 10.0.0.115 () {34 vars in 861 bytes} [Wed Jul 15 00:19:15 2026] GET /allocations/3adad679-84e5-4119-996e-d98694e67b5e => generated 19 bytes in 14 msecs (HTTP/1.1 200) 8 headers in 295 bytes (1 switches on core 0)
2026-07-15 00:19:15.222 7 INFO placement.requestlog [req-90a7a66b-0225-408d-9e62-6b0b87ad139b req-99a157ca-1b7c-48cc-a3e9-3fb7cd7302d5 793a331bb62a4d6582befca70ef5e38d 4acbd565c6074aa1a3edd40e2cfc6312 - - 1859e95718da41dab5141326a9eefa96 1859e95718da41dab5141326a9eefa96] 10.0.0.115 "PUT /allocations/3adad679-84e5-4119-996e-d98694e67b5e" status: 204 len: 0 microversion: 1.36 [pid: 7|app: 0|req: 312/624] 10.0.0.115 () {38 vars in 914 bytes} [Wed Jul 15 00:19:15 2026] PUT /allocations/3adad679-84e5-4119-996e-d98694e67b5e => generated 0 bytes in 97 msecs (HTTP/1.1 204) 5 headers in 199 bytes (1 switches on core 0)
2026-07-15 00:19:16.725 8 INFO placement.requestlog [req-90a7a66b-0225-408d-9e62-6b0b87ad139b req-7de79185-1a2b-47ed-86bb-0eb4e17da9fb 793a331bb62a4d6582befca70ef5e38d 4acbd565c6074aa1a3edd40e2cfc6312 - - 1859e95718da41dab5141326a9eefa96 1859e95718da41dab5141326a9eefa96] 199.19.213.133 "GET /allocations/3adad679-84e5-4119-996e-d98694e67b5e" status: 200 len: 257 microversion: 1.28 [pid: 8|app: 0|req: 313/625] 199.19.213.133 () {34 vars in 863 bytes} [Wed Jul 15 00:19:16 2026] GET /allocations/3adad679-84e5-4119-996e-d98694e67b5e => generated 257 bytes in 14 msecs (HTTP/1.1 200) 8 headers in 296 bytes (1 switches on core 0)
2026-07-15 00:19:17.767 7 INFO placement.requestlog [req-90a7a66b-0225-408d-9e62-6b0b87ad139b req-296142b1-5792-42cc-b554-ed6f9c0b7b91 793a331bb62a4d6582befca70ef5e38d 4acbd565c6074aa1a3edd40e2cfc6312 - - 1859e95718da41dab5141326a9eefa96 1859e95718da41dab5141326a9eefa96] 199.19.213.133 "GET /resource_providers/b814a42d-105f-4ef2-a810-f7505093d6ca/allocations" status: 200 len: 152 microversion: 1.0 [pid: 7|app: 0|req: 313/626] 199.19.213.133 () {32 vars in 857 bytes} [Wed Jul 15 00:19:17 2026] GET /resource_providers/b814a42d-105f-4ef2-a810-f7505093d6ca/allocations => generated 152 bytes in 15 msecs (HTTP/1.1 200) 6 headers in 224 bytes (1 switches on core 0)
2026-07-15 00:19:17.788 8 INFO placement.requestlog [req-90a7a66b-0225-408d-9e62-6b0b87ad139b req-289534bb-f2cc-40ad-bbcb-bbfa7fe3e0fe 793a331bb62a4d6582befca70ef5e38d 4acbd565c6074aa1a3edd40e2cfc6312 - - 1859e95718da41dab5141326a9eefa96 1859e95718da41dab5141326a9eefa96] 199.19.213.133 "GET /allocations/3adad679-84e5-4119-996e-d98694e67b5e" status: 200 len: 257 microversion: 1.28 [pid: 8|app: 0|req: 314/627] 199.19.213.133 () {34 vars in 863 bytes} [Wed Jul 15 00:19:17 2026] GET /allocations/3adad679-84e5-4119-996e-d98694e67b5e => generated 257 bytes in 17 msecs (HTTP/1.1 200) 8 headers in 296 bytes (1 switches on core 0)
2026-07-15 00:19:18.270 7 INFO placement.requestlog [None req-4185aebe-6102-47e4-8169-c2ce98f3ba50 a18add8b5e364b7e997f5e3f7750d98a 4acbd565c6074aa1a3edd40e2cfc6312 - - 1859e95718da41dab5141326a9eefa96 1859e95718da41dab5141326a9eefa96] 10.0.0.52 "GET /resource_providers/1ef82a21-d384-42f6-a5d0-617c56d9cc84/aggregates" status: 404 len: 235 microversion: 1.1 [pid: 7|app: 0|req: 314/628] 10.0.0.52 () {32 vars in 815 bytes} [Wed Jul 15 00:19:18 2026] GET /resource_providers/1ef82a21-d384-42f6-a5d0-617c56d9cc84/aggregates => generated 235 bytes in 49 msecs (HTTP/1.1 404) 5 headers in 202 bytes (1 switches on core 0)
2026-07-15 00:19:18.281 8 INFO placement.requestlog [None req-db2606ff-f876-4f5d-b578-6c2282e1240c a18add8b5e364b7e997f5e3f7750d98a 4acbd565c6074aa1a3edd40e2cfc6312 - - 1859e95718da41dab5141326a9eefa96 1859e95718da41dab5141326a9eefa96] 10.0.0.52 "GET /resource_providers/1ef82a21-d384-42f6-a5d0-617c56d9cc84/aggregates" status: 404 len: 235 microversion: 1.1 [pid: 8|app: 0|req: 315/629] 10.0.0.52 () {32 vars in 815 bytes} [Wed Jul 15 00:19:18 2026] GET /resource_providers/1ef82a21-d384-42f6-a5d0-617c56d9cc84/aggregates => generated 235 bytes in 55 msecs (HTTP/1.1 404) 5 headers in 202 bytes (1 switches on core 0)
2026-07-15 00:19:18.291 7 INFO placement.requestlog [None req-da071fa5-b7d5-48e0-94ca-7c786965cc45 a18add8b5e364b7e997f5e3f7750d98a 4acbd565c6074aa1a3edd40e2cfc6312 - - 1859e95718da41dab5141326a9eefa96 1859e95718da41dab5141326a9eefa96] 10.0.0.52 "DELETE /resource_providers/1ef82a21-d384-42f6-a5d0-617c56d9cc84" status: 404 len: 246 microversion: 1.1 [pid: 7|app: 0|req: 315/630] 10.0.0.52 () {34 vars in 815 bytes} [Wed Jul 15 00:19:18 2026] DELETE /resource_providers/1ef82a21-d384-42f6-a5d0-617c56d9cc84 => generated 246 bytes in 11 msecs (HTTP/1.1 404) 6 headers in 231 bytes (1 switches on core 0)
2026-07-15 00:19:18.305 8 INFO placement.requestlog [None req-93b07f10-ace9-4fd5-81da-a0c63dcfd2e7 a18add8b5e364b7e997f5e3f7750d98a 4acbd565c6074aa1a3edd40e2cfc6312 - - 1859e95718da41dab5141326a9eefa96 1859e95718da41dab5141326a9eefa96] 10.0.0.52 "DELETE /resource_providers/1ef82a21-d384-42f6-a5d0-617c56d9cc84" status: 404 len: 246 microversion: 1.1 [pid: 8|app: 0|req: 316/631] 10.0.0.52 () {34 vars in 815 bytes} [Wed Jul 15 00:19:18 2026] DELETE /resource_providers/1ef82a21-d384-42f6-a5d0-617c56d9cc84 => generated 246 bytes in 11 msecs (HTTP/1.1 404) 6 headers in 231 bytes (1 switches on core 0)
2026-07-15 00:19:18.596 7 INFO placement.requestlog [None req-2ed3353e-e1f8-44e6-8b26-66e330a985dd a18add8b5e364b7e997f5e3f7750d98a 4acbd565c6074aa1a3edd40e2cfc6312 - - 1859e95718da41dab5141326a9eefa96 1859e95718da41dab5141326a9eefa96] 10.0.0.52 "GET /resource_providers/8329fb5f-7ec1-405a-b7cd-33fe4cfcc44b/aggregates" status: 404 len: 235 microversion: 1.1 [pid: 7|app: 0|req: 316/632] 10.0.0.52 () {32 vars in 815 bytes} [Wed Jul 15 00:19:18 2026] GET /resource_providers/8329fb5f-7ec1-405a-b7cd-33fe4cfcc44b/aggregates => generated 235 bytes in 121 msecs (HTTP/1.1 404) 5 headers in 202 bytes (1 switches on core 0)
2026-07-15 00:19:18.605 8 INFO placement.requestlog [None req-33b1f2a5-2b83-4677-87df-6232089be4cb a18add8b5e364b7e997f5e3f7750d98a 4acbd565c6074aa1a3edd40e2cfc6312 - - 1859e95718da41dab5141326a9eefa96 1859e95718da41dab5141326a9eefa96] 10.0.0.52 "GET /resource_providers/8329fb5f-7ec1-405a-b7cd-33fe4cfcc44b/aggregates" status: 404 len: 235 microversion: 1.1 [pid: 8|app: 0|req: 317/633] 10.0.0.52 () {32 vars in 815 bytes} [Wed Jul 15 00:19:18 2026] GET /resource_providers/8329fb5f-7ec1-405a-b7cd-33fe4cfcc44b/aggregates => generated 235 bytes in 94 msecs (HTTP/1.1 404) 5 headers in 202 bytes (1 switches on core 0)
2026-07-15 00:19:18.621 7 INFO placement.requestlog [None req-7b760da5-7d28-43c2-9fad-a94a75e108e5 a18add8b5e364b7e997f5e3f7750d98a 4acbd565c6074aa1a3edd40e2cfc6312 - - 1859e95718da41dab5141326a9eefa96 1859e95718da41dab5141326a9eefa96] 10.0.0.52 "DELETE /resource_providers/8329fb5f-7ec1-405a-b7cd-33fe4cfcc44b" status: 404 len: 246 microversion: 1.1 [pid: 7|app: 0|req: 317/634] 10.0.0.52 () {34 vars in 815 bytes} [Wed Jul 15 00:19:18 2026] DELETE /resource_providers/8329fb5f-7ec1-405a-b7cd-33fe4cfcc44b => generated 246 bytes in 10 msecs (HTTP/1.1 404) 6 headers in 231 bytes (1 switches on core 0)
2026-07-15 00:19:18.622 8 INFO placement.requestlog [None req-5c699d9f-efff-409c-8a46-55687edd5c91 a18add8b5e364b7e997f5e3f7750d98a 4acbd565c6074aa1a3edd40e2cfc6312 - - 1859e95718da41dab5141326a9eefa96 1859e95718da41dab5141326a9eefa96] 10.0.0.52 "DELETE /resource_providers/8329fb5f-7ec1-405a-b7cd-33fe4cfcc44b" status: 404 len: 246 microversion: 1.1 [pid: 8|app: 0|req: 318/635] 10.0.0.52 () {34 vars in 815 bytes} [Wed Jul 15 00:19:18 2026] DELETE /resource_providers/8329fb5f-7ec1-405a-b7cd-33fe4cfcc44b => generated 246 bytes in 9 msecs (HTTP/1.1 404) 6 headers in 231 bytes (1 switches on core 0)
2026-07-15 00:19:20.150 7 INFO placement.requestlog [req-337862ee-6e8d-45f7-8d16-53cd106fc00f req-938270f9-1f18-4ff9-b9c1-a1b816bc8050 793a331bb62a4d6582befca70ef5e38d 4acbd565c6074aa1a3edd40e2cfc6312 - - 1859e95718da41dab5141326a9eefa96 1859e95718da41dab5141326a9eefa96] 10.0.0.115 "GET /allocation_candidates?limit=1000&resources=DISK_GB%3A1%2CMEMORY_MB%3A512%2CVCPU%3A1&root_required=%21COMPUTE_STATUS_DISABLED" status: 200 len: 2642 microversion: 1.36 [pid: 7|app: 0|req: 318/636] 10.0.0.115 () {34 vars in 1012 bytes} [Wed Jul 15 00:19:20 2026] GET /allocation_candidates?limit=1000&resources=DISK_GB%3A1%2CMEMORY_MB%3A512%2CVCPU%3A1&root_required=%21COMPUTE_STATUS_DISABLED => generated 2642 bytes in 48 msecs (HTTP/1.1 200) 8 headers in 297 bytes (1 switches on core 0)
2026-07-15 00:19:20.190 8 INFO placement.requestlog [req-337862ee-6e8d-45f7-8d16-53cd106fc00f req-7bfae53a-2efc-4e61-a15f-9807899c9c83 793a331bb62a4d6582befca70ef5e38d 4acbd565c6074aa1a3edd40e2cfc6312 - - 1859e95718da41dab5141326a9eefa96 1859e95718da41dab5141326a9eefa96] 10.0.0.115 "GET /allocations/a1a8066d-01da-409f-96c9-049e395e014d" status: 200 len: 19 microversion: 1.28 [pid: 8|app: 0|req: 319/637] 10.0.0.115 () {34 vars in 861 bytes} [Wed Jul 15 00:19:20 2026] GET /allocations/a1a8066d-01da-409f-96c9-049e395e014d => generated 19 bytes in 13 msecs (HTTP/1.1 200) 8 headers in 295 bytes (1 switches on core 0)
2026-07-15 00:19:20.282 7 INFO placement.requestlog [req-337862ee-6e8d-45f7-8d16-53cd106fc00f req-dfd2918b-9bb7-4e5a-93b6-d5873bcb1427 793a331bb62a4d6582befca70ef5e38d 4acbd565c6074aa1a3edd40e2cfc6312 - - 1859e95718da41dab5141326a9eefa96 1859e95718da41dab5141326a9eefa96] 10.0.0.115 "PUT /allocations/a1a8066d-01da-409f-96c9-049e395e014d" status: 204 len: 0 microversion: 1.36 [pid: 7|app: 0|req: 319/638] 10.0.0.115 () {38 vars in 914 bytes} [Wed Jul 15 00:19:20 2026] PUT /allocations/a1a8066d-01da-409f-96c9-049e395e014d => generated 0 bytes in 89 msecs (HTTP/1.1 204) 5 headers in 199 bytes (1 switches on core 0)
2026-07-15 00:19:20.647 8 INFO placement.requestlog [None req-b08ae6a4-ee76-4172-a0ff-68892b8b6352 a18add8b5e364b7e997f5e3f7750d98a 4acbd565c6074aa1a3edd40e2cfc6312 - - 1859e95718da41dab5141326a9eefa96 1859e95718da41dab5141326a9eefa96] 10.0.0.52 "GET /resource_providers/c1545740-3a4a-41e3-8cf7-5d4732a42dec/aggregates" status: 404 len: 235 microversion: 1.1 [pid: 8|app: 0|req: 320/639] 10.0.0.52 () {32 vars in 815 bytes} [Wed Jul 15 00:19:20 2026] GET /resource_providers/c1545740-3a4a-41e3-8cf7-5d4732a42dec/aggregates => generated 235 bytes in 12 msecs (HTTP/1.1 404) 5 headers in 202 bytes (1 switches on core 0)
2026-07-15 00:19:20.650 7 INFO placement.requestlog [None req-fe1bc482-9246-4ee2-8174-24b2361b3e98 a18add8b5e364b7e997f5e3f7750d98a 4acbd565c6074aa1a3edd40e2cfc6312 - - 1859e95718da41dab5141326a9eefa96 1859e95718da41dab5141326a9eefa96] 10.0.0.52 "GET /resource_providers/c1545740-3a4a-41e3-8cf7-5d4732a42dec/aggregates" status: 404 len: 235 microversion: 1.1 [pid: 7|app: 0|req: 320/640] 10.0.0.52 () {32 vars in 815 bytes} [Wed Jul 15 00:19:20 2026] GET /resource_providers/c1545740-3a4a-41e3-8cf7-5d4732a42dec/aggregates => generated 235 bytes in 14 msecs (HTTP/1.1 404) 5 headers in 202 bytes (1 switches on core 0)
2026-07-15 00:19:20.676 7 INFO placement.requestlog [None req-b5950ac9-904d-4dd0-91c2-b12051ca36be a18add8b5e364b7e997f5e3f7750d98a 4acbd565c6074aa1a3edd40e2cfc6312 - - 1859e95718da41dab5141326a9eefa96 1859e95718da41dab5141326a9eefa96] 10.0.0.52 "DELETE /resource_providers/c1545740-3a4a-41e3-8cf7-5d4732a42dec" status: 404 len: 246 microversion: 1.1 [pid: 7|app: 0|req: 321/641] 10.0.0.52 () {34 vars in 815 bytes} [Wed Jul 15 00:19:20 2026] DELETE /resource_providers/c1545740-3a4a-41e3-8cf7-5d4732a42dec => generated 246 bytes in 11 msecs (HTTP/1.1 404) 6 headers in 231 bytes (1 switches on core 0)
2026-07-15 00:19:20.678 8 INFO placement.requestlog [None req-707311ea-4720-45c3-a4cd-84472a97e9a5 a18add8b5e364b7e997f5e3f7750d98a 4acbd565c6074aa1a3edd40e2cfc6312 - - 1859e95718da41dab5141326a9eefa96 1859e95718da41dab5141326a9eefa96] 10.0.0.52 "DELETE /resource_providers/c1545740-3a4a-41e3-8cf7-5d4732a42dec" status: 404 len: 246 microversion: 1.1 [pid: 8|app: 0|req: 321/642] 10.0.0.52 () {34 vars in 815 bytes} [Wed Jul 15 00:19:20 2026] DELETE /resource_providers/c1545740-3a4a-41e3-8cf7-5d4732a42dec => generated 246 bytes in 14 msecs (HTTP/1.1 404) 6 headers in 231 bytes (1 switches on core 0)
2026-07-15 00:19:20.696 7 INFO placement.requestlog [None req-51d1300f-47c2-4eeb-a8d4-be21c33c6c4b a18add8b5e364b7e997f5e3f7750d98a 4acbd565c6074aa1a3edd40e2cfc6312 - - 1859e95718da41dab5141326a9eefa96 1859e95718da41dab5141326a9eefa96] 10.0.0.52 "GET /resource_providers/2532e0cd-0cac-45f0-9c90-1e8d97a09275/aggregates" status: 404 len: 235 microversion: 1.1 [pid: 7|app: 0|req: 322/643] 10.0.0.52 () {32 vars in 815 bytes} [Wed Jul 15 00:19:20 2026] GET /resource_providers/2532e0cd-0cac-45f0-9c90-1e8d97a09275/aggregates => generated 235 bytes in 10 msecs (HTTP/1.1 404) 5 headers in 202 bytes (1 switches on core 0)
2026-07-15 00:19:20.701 8 INFO placement.requestlog [None req-f11e5fc0-548f-4676-8a29-6c87934a2915 a18add8b5e364b7e997f5e3f7750d98a 4acbd565c6074aa1a3edd40e2cfc6312 - - 1859e95718da41dab5141326a9eefa96 1859e95718da41dab5141326a9eefa96] 10.0.0.52 "GET /resource_providers/2532e0cd-0cac-45f0-9c90-1e8d97a09275/aggregates" status: 404 len: 235 microversion: 1.1 [pid: 8|app: 0|req: 322/644] 10.0.0.52 () {32 vars in 815 bytes} [Wed Jul 15 00:19:20 2026] GET /resource_providers/2532e0cd-0cac-45f0-9c90-1e8d97a09275/aggregates => generated 235 bytes in 13 msecs (HTTP/1.1 404) 5 headers in 202 bytes (1 switches on core 0)
2026-07-15 00:19:20.720 7 INFO placement.requestlog [None req-949a2546-ec47-4a17-a3dc-63c88a85e82c a18add8b5e364b7e997f5e3f7750d98a 4acbd565c6074aa1a3edd40e2cfc6312 - - 1859e95718da41dab5141326a9eefa96 1859e95718da41dab5141326a9eefa96] 10.0.0.52 "DELETE /resource_providers/2532e0cd-0cac-45f0-9c90-1e8d97a09275" status: 404 len: 246 microversion: 1.1 [pid: 7|app: 0|req: 323/645] 10.0.0.52 () {34 vars in 815 bytes} [Wed Jul 15 00:19:20 2026] DELETE /resource_providers/2532e0cd-0cac-45f0-9c90-1e8d97a09275 => generated 246 bytes in 11 msecs (HTTP/1.1 404) 6 headers in 231 bytes (1 switches on core 0)
2026-07-15 00:19:20.725 8 INFO placement.requestlog [None req-9229499d-68ed-4a50-ab82-1bf2b5261173 a18add8b5e364b7e997f5e3f7750d98a 4acbd565c6074aa1a3edd40e2cfc6312 - - 1859e95718da41dab5141326a9eefa96 1859e95718da41dab5141326a9eefa96] 10.0.0.52 "DELETE /resource_providers/2532e0cd-0cac-45f0-9c90-1e8d97a09275" status: 404 len: 246 microversion: 1.1 [pid: 8|app: 0|req: 323/646] 10.0.0.52 () {34 vars in 815 bytes} [Wed Jul 15 00:19:20 2026] DELETE /resource_providers/2532e0cd-0cac-45f0-9c90-1e8d97a09275 => generated 246 bytes in 13 msecs (HTTP/1.1 404) 6 headers in 231 bytes (1 switches on core 0)
2026-07-15 00:19:21.789 7 INFO placement.requestlog [req-337862ee-6e8d-45f7-8d16-53cd106fc00f req-0851f377-ac25-4147-b37f-c52034fc85da 793a331bb62a4d6582befca70ef5e38d 4acbd565c6074aa1a3edd40e2cfc6312 - - 1859e95718da41dab5141326a9eefa96 1859e95718da41dab5141326a9eefa96] 199.19.213.133 "GET /allocations/a1a8066d-01da-409f-96c9-049e395e014d" status: 200 len: 257 microversion: 1.28 [pid: 7|app: 0|req: 324/647] 199.19.213.133 () {34 vars in 863 bytes} [Wed Jul 15 00:19:21 2026] GET /allocations/a1a8066d-01da-409f-96c9-049e395e014d => generated 257 bytes in 21 msecs (HTTP/1.1 200) 8 headers in 296 bytes (1 switches on core 0)
2026-07-15 00:19:22.513 8 INFO placement.requestlog [None req-b1f5ba96-b7f1-4da2-a052-f4bfde19a501 - - - - - -] 10.0.0.108 "GET /" status: 200 len: 136 microversion: 1.0
2026-07-15 00:19:22.513 7 INFO placement.requestlog [None req-2d575fba-265b-4b54-9eef-3d95515905f8 - - - - - -] 10.0.0.108 "GET /" status: 200 len: 136 microversion: 1.0
2026-07-15 00:19:22.538 8 INFO placement.requestlog [req-3009c51a-0059-47e5-8df9-18731234a1b9 req-28a0a548-92cd-43a3-9b1c-936d5945287a 793a331bb62a4d6582befca70ef5e38d 4acbd565c6074aa1a3edd40e2cfc6312 - - 1859e95718da41dab5141326a9eefa96 1859e95718da41dab5141326a9eefa96] 199.19.213.133 "GET /resource_providers/b814a42d-105f-4ef2-a810-f7505093d6ca/allocations" status: 200 len: 252 microversion: 1.0 [pid: 8|app: 0|req: 325/650] 199.19.213.133 () {32 vars in 857 bytes} [Wed Jul 15 00:19:22 2026] GET /resource_providers/b814a42d-105f-4ef2-a810-f7505093d6ca/allocations => generated 252 bytes in 21 msecs (HTTP/1.1 200) 6 headers in 224 bytes (1 switches on core 0)
2026-07-15 00:19:23.073 7 INFO placement.requestlog [req-3009c51a-0059-47e5-8df9-18731234a1b9 req-02b54394-6b13-468b-96d4-b5c29fe9b8c8 793a331bb62a4d6582befca70ef5e38d 4acbd565c6074aa1a3edd40e2cfc6312 - - 1859e95718da41dab5141326a9eefa96 1859e95718da41dab5141326a9eefa96] 199.19.213.133 "GET /resource_providers/b814a42d-105f-4ef2-a810-f7505093d6ca/allocations" status: 200 len: 252 microversion: 1.0 [pid: 7|app: 0|req: 326/651] 199.19.213.133 () {32 vars in 857 bytes} [Wed Jul 15 00:19:23 2026] GET /resource_providers/b814a42d-105f-4ef2-a810-f7505093d6ca/allocations => generated 252 bytes in 20 msecs (HTTP/1.1 200) 6 headers in 224 bytes (1 switches on core 0)
2026-07-15 00:19:23.093 8 INFO placement.requestlog [req-3009c51a-0059-47e5-8df9-18731234a1b9 req-5d8cf8e6-c1d1-4abe-9ce3-98b3cd0ce41b 793a331bb62a4d6582befca70ef5e38d 4acbd565c6074aa1a3edd40e2cfc6312 - - 1859e95718da41dab5141326a9eefa96 1859e95718da41dab5141326a9eefa96] 199.19.213.133 "GET /allocations/3adad679-84e5-4119-996e-d98694e67b5e" status: 200 len: 257 microversion: 1.28 [pid: 8|app: 0|req: 326/652] 199.19.213.133 () {34 vars in 863 bytes} [Wed Jul 15 00:19:23 2026] GET /allocations/3adad679-84e5-4119-996e-d98694e67b5e => generated 257 bytes in 14 msecs (HTTP/1.1 200) 8 headers in 296 bytes (1 switches on core 0)
2026-07-15 00:19:23.115 7 INFO placement.requestlog [req-3009c51a-0059-47e5-8df9-18731234a1b9 req-c4161c57-0df1-4a2b-92a5-04fff978502c 793a331bb62a4d6582befca70ef5e38d 4acbd565c6074aa1a3edd40e2cfc6312 - - 1859e95718da41dab5141326a9eefa96 1859e95718da41dab5141326a9eefa96] 199.19.213.133 "GET /allocations/a1a8066d-01da-409f-96c9-049e395e014d" status: 200 len: 257 microversion: 1.28 [pid: 7|app: 0|req: 327/653] 199.19.213.133 () {34 vars in 863 bytes} [Wed Jul 15 00:19:23 2026] GET /allocations/a1a8066d-01da-409f-96c9-049e395e014d => generated 257 bytes in 15 msecs (HTTP/1.1 200) 8 headers in 296 bytes (1 switches on core 0)
2026-07-15 00:19:25.192 8 INFO placement.requestlog [req-337862ee-6e8d-45f7-8d16-53cd106fc00f req-2898fdfb-156e-4ae3-9797-238c13aa59c8 793a331bb62a4d6582befca70ef5e38d 4acbd565c6074aa1a3edd40e2cfc6312 - - 1859e95718da41dab5141326a9eefa96 1859e95718da41dab5141326a9eefa96] 199.19.213.133 "GET /resource_providers/b814a42d-105f-4ef2-a810-f7505093d6ca/allocations" status: 200 len: 252 microversion: 1.0 [pid: 8|app: 0|req: 327/654] 199.19.213.133 () {32 vars in 857 bytes} [Wed Jul 15 00:19:25 2026] GET /resource_providers/b814a42d-105f-4ef2-a810-f7505093d6ca/allocations => generated 252 bytes in 18 msecs (HTTP/1.1 200) 6 headers in 224 bytes (1 switches on core 0)
2026-07-15 00:19:25.215 7 INFO placement.requestlog [req-337862ee-6e8d-45f7-8d16-53cd106fc00f req-8d620d42-6f2f-4940-ae6f-2980645d18e0 793a331bb62a4d6582befca70ef5e38d 4acbd565c6074aa1a3edd40e2cfc6312 - - 1859e95718da41dab5141326a9eefa96 1859e95718da41dab5141326a9eefa96] 199.19.213.133 "GET /allocations/3adad679-84e5-4119-996e-d98694e67b5e" status: 200 len: 257 microversion: 1.28 [pid: 7|app: 0|req: 328/655] 199.19.213.133 () {34 vars in 863 bytes} [Wed Jul 15 00:19:25 2026] GET /allocations/3adad679-84e5-4119-996e-d98694e67b5e => generated 257 bytes in 23 msecs (HTTP/1.1 200) 8 headers in 296 bytes (1 switches on core 0)
2026-07-15 00:19:25.233 8 INFO placement.requestlog [req-337862ee-6e8d-45f7-8d16-53cd106fc00f req-79c3069c-1a39-4633-9e49-2e6b7d8b9e77 793a331bb62a4d6582befca70ef5e38d 4acbd565c6074aa1a3edd40e2cfc6312 - - 1859e95718da41dab5141326a9eefa96 1859e95718da41dab5141326a9eefa96] 199.19.213.133 "GET /allocations/a1a8066d-01da-409f-96c9-049e395e014d" status: 200 len: 257 microversion: 1.28 [pid: 8|app: 0|req: 328/656] 199.19.213.133 () {34 vars in 863 bytes} [Wed Jul 15 00:19:25 2026] GET /allocations/a1a8066d-01da-409f-96c9-049e395e014d => generated 257 bytes in 12 msecs (HTTP/1.1 200) 8 headers in 296 bytes (1 switches on core 0)
2026-07-15 00:19:27.696 7 INFO placement.requestlog [req-d05dfab4-ce44-464e-bb28-64ff9bc700d0 req-fc6fbd12-8667-4f43-b0ea-40064e8b5b41 793a331bb62a4d6582befca70ef5e38d 4acbd565c6074aa1a3edd40e2cfc6312 - - 1859e95718da41dab5141326a9eefa96 1859e95718da41dab5141326a9eefa96] 10.0.0.115 "GET /allocation_candidates?limit=1000&resources=DISK_GB%3A1%2CMEMORY_MB%3A512%2CVCPU%3A1&root_required=%21COMPUTE_STATUS_DISABLED" status: 200 len: 2643 microversion: 1.36 [pid: 7|app: 0|req: 329/657] 10.0.0.115 () {34 vars in 1012 bytes} [Wed Jul 15 00:19:27 2026] GET /allocation_candidates?limit=1000&resources=DISK_GB%3A1%2CMEMORY_MB%3A512%2CVCPU%3A1&root_required=%21COMPUTE_STATUS_DISABLED => generated 2643 bytes in 39 msecs (HTTP/1.1 200) 8 headers in 297 bytes (1 switches on core 0)
2026-07-15 00:19:27.728 8 INFO placement.requestlog [req-d05dfab4-ce44-464e-bb28-64ff9bc700d0 req-f13a43de-17d8-4fc3-bd59-00964e31ee34 793a331bb62a4d6582befca70ef5e38d 4acbd565c6074aa1a3edd40e2cfc6312 - - 1859e95718da41dab5141326a9eefa96 1859e95718da41dab5141326a9eefa96] 10.0.0.115 "GET /allocations/e7242fb4-75fe-4e13-b9f5-e34cf177a745" status: 200 len: 19 microversion: 1.28 [pid: 8|app: 0|req: 329/658] 10.0.0.115 () {34 vars in 861 bytes} [Wed Jul 15 00:19:27 2026] GET /allocations/e7242fb4-75fe-4e13-b9f5-e34cf177a745 => generated 19 bytes in 11 msecs (HTTP/1.1 200) 8 headers in 295 bytes (1 switches on core 0)
2026-07-15 00:19:27.790 7 INFO placement.requestlog [req-d05dfab4-ce44-464e-bb28-64ff9bc700d0 req-55468f13-9041-4bff-89cd-73c4cb90386c 793a331bb62a4d6582befca70ef5e38d 4acbd565c6074aa1a3edd40e2cfc6312 - - 1859e95718da41dab5141326a9eefa96 1859e95718da41dab5141326a9eefa96] 10.0.0.115 "PUT /allocations/e7242fb4-75fe-4e13-b9f5-e34cf177a745" status: 204 len: 0 microversion: 1.36 [pid: 7|app: 0|req: 330/659] 10.0.0.115 () {38 vars in 914 bytes} [Wed Jul 15 00:19:27 2026] PUT /allocations/e7242fb4-75fe-4e13-b9f5-e34cf177a745 => generated 0 bytes in 57 msecs (HTTP/1.1 204) 5 headers in 199 bytes (1 switches on core 0)
2026-07-15 00:19:28.164 8 INFO placement.requestlog [req-730312de-d6b5-4d0f-8a32-5a84e15f0294 req-1a3eb235-105e-47c9-9c9f-70f0a447a13c 793a331bb62a4d6582befca70ef5e38d 4acbd565c6074aa1a3edd40e2cfc6312 - - 1859e95718da41dab5141326a9eefa96 1859e95718da41dab5141326a9eefa96] 10.0.0.115 "GET /allocation_candidates?limit=1000&resources=DISK_GB%3A1%2CMEMORY_MB%3A512%2CVCPU%3A1&root_required=%21COMPUTE_STATUS_DISABLED" status: 200 len: 2643 microversion: 1.36 [pid: 8|app: 0|req: 330/660] 10.0.0.115 () {34 vars in 1012 bytes} [Wed Jul 15 00:19:28 2026] GET /allocation_candidates?limit=1000&resources=DISK_GB%3A1%2CMEMORY_MB%3A512%2CVCPU%3A1&root_required=%21COMPUTE_STATUS_DISABLED => generated 2643 bytes in 56 msecs (HTTP/1.1 200) 8 headers in 297 bytes (1 switches on core 0)
2026-07-15 00:19:28.202 7 INFO placement.requestlog [req-730312de-d6b5-4d0f-8a32-5a84e15f0294 req-b1fa84f1-39d8-4243-9b32-26ee1a8d0715 793a331bb62a4d6582befca70ef5e38d 4acbd565c6074aa1a3edd40e2cfc6312 - - 1859e95718da41dab5141326a9eefa96 1859e95718da41dab5141326a9eefa96] 10.0.0.115 "GET /allocations/a659ce43-09b8-456c-8771-cb3fab538da3" status: 200 len: 19 microversion: 1.28 [pid: 7|app: 0|req: 331/661] 10.0.0.115 () {34 vars in 861 bytes} [Wed Jul 15 00:19:28 2026] GET /allocations/a659ce43-09b8-456c-8771-cb3fab538da3 => generated 19 bytes in 15 msecs (HTTP/1.1 200) 8 headers in 295 bytes (1 switches on core 0)
2026-07-15 00:19:28.291 8 INFO placement.requestlog [req-730312de-d6b5-4d0f-8a32-5a84e15f0294 req-57dc7032-9499-42dd-8c4b-49e96b8d8af5 793a331bb62a4d6582befca70ef5e38d 4acbd565c6074aa1a3edd40e2cfc6312 - - 1859e95718da41dab5141326a9eefa96 1859e95718da41dab5141326a9eefa96] 10.0.0.115 "PUT /allocations/a659ce43-09b8-456c-8771-cb3fab538da3" status: 204 len: 0 microversion: 1.36 [pid: 8|app: 0|req: 331/662] 10.0.0.115 () {38 vars in 914 bytes} [Wed Jul 15 00:19:28 2026] PUT /allocations/a659ce43-09b8-456c-8771-cb3fab538da3 => generated 0 bytes in 79 msecs (HTTP/1.1 204) 5 headers in 199 bytes (1 switches on core 0)
2026-07-15 00:19:29.474 7 INFO placement.requestlog [req-d05dfab4-ce44-464e-bb28-64ff9bc700d0 req-18108746-bc23-436f-bef9-1c9468871361 793a331bb62a4d6582befca70ef5e38d 4acbd565c6074aa1a3edd40e2cfc6312 - - 1859e95718da41dab5141326a9eefa96 1859e95718da41dab5141326a9eefa96] 199.19.213.133 "GET /allocations/e7242fb4-75fe-4e13-b9f5-e34cf177a745" status: 200 len: 257 microversion: 1.28 [pid: 7|app: 0|req: 332/663] 199.19.213.133 () {34 vars in 863 bytes} [Wed Jul 15 00:19:29 2026] GET /allocations/e7242fb4-75fe-4e13-b9f5-e34cf177a745 => generated 257 bytes in 12 msecs (HTTP/1.1 200) 8 headers in 296 bytes (1 switches on core 0)
2026-07-15 00:19:29.750 8 INFO placement.requestlog [req-730312de-d6b5-4d0f-8a32-5a84e15f0294 req-188bbb86-37ed-4845-822a-12b128462644 793a331bb62a4d6582befca70ef5e38d 4acbd565c6074aa1a3edd40e2cfc6312 - - 1859e95718da41dab5141326a9eefa96 1859e95718da41dab5141326a9eefa96] 199.19.213.133 "GET /allocations/a659ce43-09b8-456c-8771-cb3fab538da3" status: 200 len: 257 microversion: 1.28 [pid: 8|app: 0|req: 332/664] 199.19.213.133 () {34 vars in 863 bytes} [Wed Jul 15 00:19:29 2026] GET /allocations/a659ce43-09b8-456c-8771-cb3fab538da3 => generated 257 bytes in 17 msecs (HTTP/1.1 200) 8 headers in 296 bytes (1 switches on core 0)
2026-07-15 00:19:30.511 7 INFO placement.requestlog [req-d05dfab4-ce44-464e-bb28-64ff9bc700d0 req-0a8aab61-c832-4872-9500-5767c4813069 793a331bb62a4d6582befca70ef5e38d 4acbd565c6074aa1a3edd40e2cfc6312 - - 1859e95718da41dab5141326a9eefa96 1859e95718da41dab5141326a9eefa96] 199.19.213.133 "GET /resource_providers/b814a42d-105f-4ef2-a810-f7505093d6ca/allocations" status: 200 len: 452 microversion: 1.0 [pid: 7|app: 0|req: 333/665] 199.19.213.133 () {32 vars in 857 bytes} [Wed Jul 15 00:19:30 2026] GET /resource_providers/b814a42d-105f-4ef2-a810-f7505093d6ca/allocations => generated 452 bytes in 13 msecs (HTTP/1.1 200) 6 headers in 224 bytes (1 switches on core 0)
2026-07-15 00:19:30.526 8 INFO placement.requestlog [req-d05dfab4-ce44-464e-bb28-64ff9bc700d0 req-6320a7dc-d707-4d55-a8f7-1f9e06e137f6 793a331bb62a4d6582befca70ef5e38d 4acbd565c6074aa1a3edd40e2cfc6312 - - 1859e95718da41dab5141326a9eefa96 1859e95718da41dab5141326a9eefa96] 199.19.213.133 "GET /allocations/e7242fb4-75fe-4e13-b9f5-e34cf177a745" status: 200 len: 257 microversion: 1.28 [pid: 8|app: 0|req: 333/666] 199.19.213.133 () {34 vars in 863 bytes} [Wed Jul 15 00:19:30 2026] GET /allocations/e7242fb4-75fe-4e13-b9f5-e34cf177a745 => generated 257 bytes in 11 msecs (HTTP/1.1 200) 8 headers in 296 bytes (1 switches on core 0)
2026-07-15 00:19:30.540 7 INFO placement.requestlog [req-d05dfab4-ce44-464e-bb28-64ff9bc700d0 req-3dd8b7b7-021d-4fb5-a3a3-e8f2253837b5 793a331bb62a4d6582befca70ef5e38d 4acbd565c6074aa1a3edd40e2cfc6312 - - 1859e95718da41dab5141326a9eefa96 1859e95718da41dab5141326a9eefa96] 199.19.213.133 "GET /allocations/a659ce43-09b8-456c-8771-cb3fab538da3" status: 200 len: 257 microversion: 1.28 [pid: 7|app: 0|req: 334/667] 199.19.213.133 () {34 vars in 863 bytes} [Wed Jul 15 00:19:30 2026] GET /allocations/a659ce43-09b8-456c-8771-cb3fab538da3 => generated 257 bytes in 9 msecs (HTTP/1.1 200) 8 headers in 296 bytes (1 switches on core 0)
2026-07-15 00:19:30.556 8 INFO placement.requestlog [req-d05dfab4-ce44-464e-bb28-64ff9bc700d0 req-ff19c425-e14a-4908-b66e-8d8bfaed4ee9 793a331bb62a4d6582befca70ef5e38d 4acbd565c6074aa1a3edd40e2cfc6312 - - 1859e95718da41dab5141326a9eefa96 1859e95718da41dab5141326a9eefa96] 199.19.213.133 "GET /allocations/3adad679-84e5-4119-996e-d98694e67b5e" status: 200 len: 257 microversion: 1.28 [pid: 8|app: 0|req: 334/668] 199.19.213.133 () {34 vars in 863 bytes} [Wed Jul 15 00:19:30 2026] GET /allocations/3adad679-84e5-4119-996e-d98694e67b5e => generated 257 bytes in 12 msecs (HTTP/1.1 200) 8 headers in 296 bytes (1 switches on core 0)
2026-07-15 00:19:30.571 7 INFO placement.requestlog [req-d05dfab4-ce44-464e-bb28-64ff9bc700d0 req-397343cb-6cc9-4e2c-9efd-80c035f93049 793a331bb62a4d6582befca70ef5e38d 4acbd565c6074aa1a3edd40e2cfc6312 - - 1859e95718da41dab5141326a9eefa96 1859e95718da41dab5141326a9eefa96] 199.19.213.133 "GET /allocations/a1a8066d-01da-409f-96c9-049e395e014d" status: 200 len: 257 microversion: 1.28 [pid: 7|app: 0|req: 335/669] 199.19.213.133 () {34 vars in 863 bytes} [Wed Jul 15 00:19:30 2026] GET /allocations/a1a8066d-01da-409f-96c9-049e395e014d => generated 257 bytes in 9 msecs (HTTP/1.1 200) 8 headers in 296 bytes (1 switches on core 0)
2026-07-15 00:19:32.513 8 INFO placement.requestlog [None req-501e7297-535c-414a-b83d-4347baced8a9 - - - - - -] 10.0.0.108 "GET /" status: 200 len: 136 microversion: 1.0
2026-07-15 00:19:32.513 7 INFO placement.requestlog [None req-5f598e0e-16cc-4fd7-b553-4eed814489ba - - - - - -] 10.0.0.108 "GET /" status: 200 len: 136 microversion: 1.0
2026-07-15 00:19:32.664 8 INFO placement.requestlog [req-730312de-d6b5-4d0f-8a32-5a84e15f0294 req-18b45b45-f1ae-4785-8a5f-6d551a958ed5 793a331bb62a4d6582befca70ef5e38d 4acbd565c6074aa1a3edd40e2cfc6312 - - 1859e95718da41dab5141326a9eefa96 1859e95718da41dab5141326a9eefa96] 199.19.213.133 "GET /resource_providers/b814a42d-105f-4ef2-a810-f7505093d6ca/allocations" status: 200 len: 452 microversion: 1.0 [pid: 8|app: 0|req: 336/672] 199.19.213.133 () {32 vars in 857 bytes} [Wed Jul 15 00:19:32 2026] GET /resource_providers/b814a42d-105f-4ef2-a810-f7505093d6ca/allocations => generated 452 bytes in 28 msecs (HTTP/1.1 200) 6 headers in 224 bytes (1 switches on core 0)
2026-07-15 00:19:32.685 7 INFO placement.requestlog [req-730312de-d6b5-4d0f-8a32-5a84e15f0294 req-1e4809ed-3285-4139-bd4a-b46c6d52076c 793a331bb62a4d6582befca70ef5e38d 4acbd565c6074aa1a3edd40e2cfc6312 - - 1859e95718da41dab5141326a9eefa96 1859e95718da41dab5141326a9eefa96] 199.19.213.133 "GET /allocations/e7242fb4-75fe-4e13-b9f5-e34cf177a745" status: 200 len: 257 microversion: 1.28 [pid: 7|app: 0|req: 337/673] 199.19.213.133 () {34 vars in 863 bytes} [Wed Jul 15 00:19:32 2026] GET /allocations/e7242fb4-75fe-4e13-b9f5-e34cf177a745 => generated 257 bytes in 12 msecs (HTTP/1.1 200) 8 headers in 296 bytes (1 switches on core 0)
2026-07-15 00:19:32.704 8 INFO placement.requestlog [req-730312de-d6b5-4d0f-8a32-5a84e15f0294 req-9378e8b1-df4a-4042-93e7-35dd8a66ff97 793a331bb62a4d6582befca70ef5e38d 4acbd565c6074aa1a3edd40e2cfc6312 - - 1859e95718da41dab5141326a9eefa96 1859e95718da41dab5141326a9eefa96] 199.19.213.133 "GET /allocations/a659ce43-09b8-456c-8771-cb3fab538da3" status: 200 len: 257 microversion: 1.28 [pid: 8|app: 0|req: 337/674] 199.19.213.133 () {34 vars in 863 bytes} [Wed Jul 15 00:19:32 2026] GET /allocations/a659ce43-09b8-456c-8771-cb3fab538da3 => generated 257 bytes in 13 msecs (HTTP/1.1 200) 8 headers in 296 bytes (1 switches on core 0)
2026-07-15 00:19:32.723 7 INFO placement.requestlog [req-730312de-d6b5-4d0f-8a32-5a84e15f0294 req-6b7ebdee-0e68-4571-b476-b6382a7456e4 793a331bb62a4d6582befca70ef5e38d 4acbd565c6074aa1a3edd40e2cfc6312 - - 1859e95718da41dab5141326a9eefa96 1859e95718da41dab5141326a9eefa96] 199.19.213.133 "GET /allocations/3adad679-84e5-4119-996e-d98694e67b5e" status: 200 len: 257 microversion: 1.28 [pid: 7|app: 0|req: 338/675] 199.19.213.133 () {34 vars in 863 bytes} [Wed Jul 15 00:19:32 2026] GET /allocations/3adad679-84e5-4119-996e-d98694e67b5e => generated 257 bytes in 15 msecs (HTTP/1.1 200) 8 headers in 296 bytes (1 switches on core 0)
2026-07-15 00:19:32.758 8 INFO placement.requestlog [req-730312de-d6b5-4d0f-8a32-5a84e15f0294 req-e319906f-4131-4974-b677-9589a0818950 793a331bb62a4d6582befca70ef5e38d 4acbd565c6074aa1a3edd40e2cfc6312 - - 1859e95718da41dab5141326a9eefa96 1859e95718da41dab5141326a9eefa96] 199.19.213.133 "GET /allocations/a1a8066d-01da-409f-96c9-049e395e014d" status: 200 len: 257 microversion: 1.28 [pid: 8|app: 0|req: 338/676] 199.19.213.133 () {34 vars in 863 bytes} [Wed Jul 15 00:19:32 2026] GET /allocations/a1a8066d-01da-409f-96c9-049e395e014d => generated 257 bytes in 24 msecs (HTTP/1.1 200) 8 headers in 296 bytes (1 switches on core 0)
2026-07-15 00:19:38.831 7 INFO placement.requestlog [req-c4d989c7-a0b2-4887-b1a3-2e982a37823b req-778923a6-b2de-46f3-9e47-9a480a85e405 793a331bb62a4d6582befca70ef5e38d 4acbd565c6074aa1a3edd40e2cfc6312 - - 1859e95718da41dab5141326a9eefa96 1859e95718da41dab5141326a9eefa96] 199.19.213.133 "GET /resource_providers/b814a42d-105f-4ef2-a810-f7505093d6ca/allocations" status: 200 len: 452 microversion: 1.0 [pid: 7|app: 0|req: 339/677] 199.19.213.133 () {32 vars in 857 bytes} [Wed Jul 15 00:19:38 2026] GET /resource_providers/b814a42d-105f-4ef2-a810-f7505093d6ca/allocations => generated 452 bytes in 18 msecs (HTTP/1.1 200) 6 headers in 224 bytes (1 switches on core 0)
2026-07-15 00:19:38.859 8 INFO placement.requestlog [req-c4d989c7-a0b2-4887-b1a3-2e982a37823b req-5a7832c4-0172-42e6-bdfb-f7efe6529e65 793a331bb62a4d6582befca70ef5e38d 4acbd565c6074aa1a3edd40e2cfc6312 - - 1859e95718da41dab5141326a9eefa96 1859e95718da41dab5141326a9eefa96] 199.19.213.133 "GET /allocations/e7242fb4-75fe-4e13-b9f5-e34cf177a745" status: 200 len: 257 microversion: 1.28 [pid: 8|app: 0|req: 339/678] 199.19.213.133 () {34 vars in 863 bytes} [Wed Jul 15 00:19:38 2026] GET /allocations/e7242fb4-75fe-4e13-b9f5-e34cf177a745 => generated 257 bytes in 20 msecs (HTTP/1.1 200) 8 headers in 296 bytes (1 switches on core 0)
2026-07-15 00:19:38.879 7 INFO placement.requestlog [req-c4d989c7-a0b2-4887-b1a3-2e982a37823b req-d92fd0fc-f3ad-4520-89bc-1b8d4425a75f 793a331bb62a4d6582befca70ef5e38d 4acbd565c6074aa1a3edd40e2cfc6312 - - 1859e95718da41dab5141326a9eefa96 1859e95718da41dab5141326a9eefa96] 199.19.213.133 "GET /allocations/a659ce43-09b8-456c-8771-cb3fab538da3" status: 200 len: 257 microversion: 1.28 [pid: 7|app: 0|req: 340/679] 199.19.213.133 () {34 vars in 863 bytes} [Wed Jul 15 00:19:38 2026] GET /allocations/a659ce43-09b8-456c-8771-cb3fab538da3 => generated 257 bytes in 13 msecs (HTTP/1.1 200) 8 headers in 296 bytes (1 switches on core 0)
2026-07-15 00:19:38.899 8 INFO placement.requestlog [req-c4d989c7-a0b2-4887-b1a3-2e982a37823b req-2ece10da-511c-4871-9f89-abdac4c4d5d0 793a331bb62a4d6582befca70ef5e38d 4acbd565c6074aa1a3edd40e2cfc6312 - - 1859e95718da41dab5141326a9eefa96 1859e95718da41dab5141326a9eefa96] 199.19.213.133 "GET /allocations/3adad679-84e5-4119-996e-d98694e67b5e" status: 200 len: 257 microversion: 1.28 [pid: 8|app: 0|req: 340/680] 199.19.213.133 () {34 vars in 863 bytes} [Wed Jul 15 00:19:38 2026] GET /allocations/3adad679-84e5-4119-996e-d98694e67b5e => generated 257 bytes in 12 msecs (HTTP/1.1 200) 8 headers in 296 bytes (1 switches on core 0)
2026-07-15 00:19:38.921 7 INFO placement.requestlog [req-c4d989c7-a0b2-4887-b1a3-2e982a37823b req-e9b7fcfd-d63f-4566-9b8c-629da59b8325 793a331bb62a4d6582befca70ef5e38d 4acbd565c6074aa1a3edd40e2cfc6312 - - 1859e95718da41dab5141326a9eefa96 1859e95718da41dab5141326a9eefa96] 199.19.213.133 "GET /allocations/a1a8066d-01da-409f-96c9-049e395e014d" status: 200 len: 257 microversion: 1.28 [pid: 7|app: 0|req: 341/681] 199.19.213.133 () {34 vars in 863 bytes} [Wed Jul 15 00:19:38 2026] GET /allocations/a1a8066d-01da-409f-96c9-049e395e014d => generated 257 bytes in 12 msecs (HTTP/1.1 200) 8 headers in 296 bytes (1 switches on core 0)
2026-07-15 00:19:39.987 8 INFO placement.requestlog [req-c4d989c7-a0b2-4887-b1a3-2e982a37823b req-0d768f49-b45a-4051-9615-b133d4dc39cf 793a331bb62a4d6582befca70ef5e38d 4acbd565c6074aa1a3edd40e2cfc6312 - - 1859e95718da41dab5141326a9eefa96 1859e95718da41dab5141326a9eefa96] 199.19.213.133 "DELETE /allocations/3adad679-84e5-4119-996e-d98694e67b5e" status: 204 len: 0 microversion: 1.0 [pid: 8|app: 0|req: 341/682] 199.19.213.133 () {34 vars in 841 bytes} [Wed Jul 15 00:19:39 2026] DELETE /allocations/3adad679-84e5-4119-996e-d98694e67b5e => generated 0 bytes in 34 msecs (HTTP/1.1 204) 5 headers in 198 bytes (1 switches on core 0)
2026-07-15 00:19:42.512 7 INFO placement.requestlog [None req-e5ab9160-282d-498a-ab2d-362239e75d54 - - - - - -] 10.0.0.108 "GET /" status: 200 len: 136 microversion: 1.0
2026-07-15 00:19:42.513 8 INFO placement.requestlog [None req-9305214e-a87d-4796-aeb6-a0da4abcff2f - - - - - -] 10.0.0.108 "GET /" status: 200 len: 136 microversion: 1.0
