2026-07-25 11:19:52.712 7 INFO placement.requestlog [None req-56c71508-4629-4d24-8683-a96c5c7391eb 78a2cad6efae422aa21b5f8c51291b9f 4b58beb89b3540fe92c1ce0157bcdb35 - - c6bbe5ff79b148919922e846510c3fae c6bbe5ff79b148919922e846510c3fae] 10.0.0.47 "DELETE /resource_providers/19e2aee4-aad2-4bde-95bc-860bc5d9390a" status: 404 len: 246 microversion: 1.1 [pid: 7|app: 0|req: 182/366] 10.0.0.47 () {34 vars in 813 bytes} [Sat Jul 25 11:19:52 2026] DELETE /resource_providers/19e2aee4-aad2-4bde-95bc-860bc5d9390a => generated 246 bytes in 13 msecs (HTTP/1.1 404) 6 headers in 231 bytes (1 switches on core 0)
2026-07-25 11:19:52.731 8 INFO placement.requestlog [None req-932d09f5-aeda-45ac-a22a-aecb3a6ed3a4 78a2cad6efae422aa21b5f8c51291b9f 4b58beb89b3540fe92c1ce0157bcdb35 - - c6bbe5ff79b148919922e846510c3fae c6bbe5ff79b148919922e846510c3fae] 10.0.0.47 "GET /resource_providers/3b917f8a-70f3-4448-b7e9-51bb85585a3d/aggregates" status: 404 len: 235 microversion: 1.1 [pid: 8|app: 0|req: 185/367] 10.0.0.47 () {32 vars in 813 bytes} [Sat Jul 25 11:19:52 2026] GET /resource_providers/3b917f8a-70f3-4448-b7e9-51bb85585a3d/aggregates => generated 235 bytes in 8 msecs (HTTP/1.1 404) 5 headers in 202 bytes (1 switches on core 0)
2026-07-25 11:19:52.745 7 INFO placement.requestlog [None req-cafcb591-fc89-40d0-9efe-0cff42f43cc0 78a2cad6efae422aa21b5f8c51291b9f 4b58beb89b3540fe92c1ce0157bcdb35 - - c6bbe5ff79b148919922e846510c3fae c6bbe5ff79b148919922e846510c3fae] 10.0.0.47 "DELETE /resource_providers/3b917f8a-70f3-4448-b7e9-51bb85585a3d" status: 404 len: 246 microversion: 1.1 [pid: 7|app: 0|req: 183/368] 10.0.0.47 () {34 vars in 813 bytes} [Sat Jul 25 11:19:52 2026] DELETE /resource_providers/3b917f8a-70f3-4448-b7e9-51bb85585a3d => generated 246 bytes in 8 msecs (HTTP/1.1 404) 6 headers in 231 bytes (1 switches on core 0)
2026-07-25 11:19:53.577 8 INFO placement.requestlog [req-e45c933d-4ec9-49a6-8d79-96b43b199dd1 req-25b7967b-bd43-4ca7-b055-600cc01d80fb d390fd1750e14fcf9e6ea03a23032cc7 4b58beb89b3540fe92c1ce0157bcdb35 - - c6bbe5ff79b148919922e846510c3fae c6bbe5ff79b148919922e846510c3fae] 162.253.55.222 "GET /resource_providers/351a2e63-4541-42d5-aceb-9edf486470f9/allocations" status: 200 len: 152 microversion: 1.0 [pid: 8|app: 0|req: 186/369] 162.253.55.222 () {32 vars in 855 bytes} [Sat Jul 25 11:19:53 2026] GET /resource_providers/351a2e63-4541-42d5-aceb-9edf486470f9/allocations => generated 152 bytes in 14 msecs (HTTP/1.1 200) 6 headers in 224 bytes (1 switches on core 0)
2026-07-25 11:19:53.594 7 INFO placement.requestlog [req-e45c933d-4ec9-49a6-8d79-96b43b199dd1 req-21aa273b-5b4a-4079-a24a-3dd726e65b25 d390fd1750e14fcf9e6ea03a23032cc7 4b58beb89b3540fe92c1ce0157bcdb35 - - c6bbe5ff79b148919922e846510c3fae c6bbe5ff79b148919922e846510c3fae] 162.253.55.222 "GET /allocations/db6db963-ebb1-4489-a3b8-a9b4951986ef" status: 200 len: 257 microversion: 1.28 [pid: 7|app: 0|req: 184/370] 162.253.55.222 () {34 vars in 861 bytes} [Sat Jul 25 11:19:53 2026] GET /allocations/db6db963-ebb1-4489-a3b8-a9b4951986ef => generated 257 bytes in 11 msecs (HTTP/1.1 200) 8 headers in 296 bytes (1 switches on core 0)
2026-07-25 11:19:57.028 7 INFO placement.requestlog [None req-60a65b44-ebcf-4fdd-acb7-6cf0f91762cf - - - - - -] 10.0.0.54 "GET /" status: 200 len: 136 microversion: 1.0
2026-07-25 11:19:57.028 8 INFO placement.requestlog [None req-96b2a037-436f-41f1-a4e4-d3372bacb517 - - - - - -] 10.0.0.54 "GET /" status: 200 len: 136 microversion: 1.0
2026-07-25 11:20:00.174 7 INFO placement.requestlog [req-f4e00678-3460-4593-977b-9d939b833916 req-484325e8-849b-4558-a02b-c81acfeb113a d390fd1750e14fcf9e6ea03a23032cc7 4b58beb89b3540fe92c1ce0157bcdb35 - - c6bbe5ff79b148919922e846510c3fae c6bbe5ff79b148919922e846510c3fae] 10.0.0.34 "GET /allocation_candidates?limit=1000&resources=DISK_GB%3A1%2CMEMORY_MB%3A512%2CVCPU%3A1&root_required=%21COMPUTE_STATUS_DISABLED" status: 200 len: 2783 microversion: 1.36 [pid: 7|app: 0|req: 186/373] 10.0.0.34 () {34 vars in 1009 bytes} [Sat Jul 25 11:20:00 2026] GET /allocation_candidates?limit=1000&resources=DISK_GB%3A1%2CMEMORY_MB%3A512%2CVCPU%3A1&root_required=%21COMPUTE_STATUS_DISABLED => generated 2783 bytes in 51 msecs (HTTP/1.1 200) 8 headers in 297 bytes (1 switches on core 0)
2026-07-25 11:20:00.221 8 INFO placement.requestlog [req-f4e00678-3460-4593-977b-9d939b833916 req-ce43b9ce-b32d-4a75-af3f-da005ab46f44 d390fd1750e14fcf9e6ea03a23032cc7 4b58beb89b3540fe92c1ce0157bcdb35 - - c6bbe5ff79b148919922e846510c3fae c6bbe5ff79b148919922e846510c3fae] 10.0.0.34 "GET /allocations/985f1cac-ae3a-4993-8710-a8e6efc1bbf4" status: 200 len: 19 microversion: 1.28 [pid: 8|app: 0|req: 188/374] 10.0.0.34 () {34 vars in 858 bytes} [Sat Jul 25 11:20:00 2026] GET /allocations/985f1cac-ae3a-4993-8710-a8e6efc1bbf4 => generated 19 bytes in 19 msecs (HTTP/1.1 200) 8 headers in 295 bytes (1 switches on core 0)
2026-07-25 11:20:00.334 7 INFO placement.requestlog [req-f4e00678-3460-4593-977b-9d939b833916 req-173e6229-8eca-4e68-9410-b01d9aef041a d390fd1750e14fcf9e6ea03a23032cc7 4b58beb89b3540fe92c1ce0157bcdb35 - - c6bbe5ff79b148919922e846510c3fae c6bbe5ff79b148919922e846510c3fae] 10.0.0.34 "PUT /allocations/985f1cac-ae3a-4993-8710-a8e6efc1bbf4" status: 204 len: 0 microversion: 1.36 [pid: 7|app: 0|req: 187/375] 10.0.0.34 () {38 vars in 911 bytes} [Sat Jul 25 11:20:00 2026] PUT /allocations/985f1cac-ae3a-4993-8710-a8e6efc1bbf4 => generated 0 bytes in 107 msecs (HTTP/1.1 204) 5 headers in 199 bytes (1 switches on core 0)
2026-07-25 11:20:02.031 8 INFO placement.requestlog [req-f4e00678-3460-4593-977b-9d939b833916 req-df81b05f-0d54-4af5-be06-c8c12a9b3f1e d390fd1750e14fcf9e6ea03a23032cc7 4b58beb89b3540fe92c1ce0157bcdb35 - - c6bbe5ff79b148919922e846510c3fae c6bbe5ff79b148919922e846510c3fae] 162.253.55.222 "GET /allocations/985f1cac-ae3a-4993-8710-a8e6efc1bbf4" status: 200 len: 257 microversion: 1.28 [pid: 8|app: 0|req: 189/376] 162.253.55.222 () {34 vars in 861 bytes} [Sat Jul 25 11:20:02 2026] GET /allocations/985f1cac-ae3a-4993-8710-a8e6efc1bbf4 => generated 257 bytes in 11 msecs (HTTP/1.1 200) 8 headers in 296 bytes (1 switches on core 0)
2026-07-25 11:20:03.155 7 INFO placement.requestlog [req-f4e00678-3460-4593-977b-9d939b833916 req-588c0123-6e8e-4533-9be8-a1de8fb60ed1 d390fd1750e14fcf9e6ea03a23032cc7 4b58beb89b3540fe92c1ce0157bcdb35 - - c6bbe5ff79b148919922e846510c3fae c6bbe5ff79b148919922e846510c3fae] 162.253.55.222 "GET /resource_providers/351a2e63-4541-42d5-aceb-9edf486470f9/allocations" status: 200 len: 252 microversion: 1.0 [pid: 7|app: 0|req: 188/377] 162.253.55.222 () {32 vars in 855 bytes} [Sat Jul 25 11:20:03 2026] GET /resource_providers/351a2e63-4541-42d5-aceb-9edf486470f9/allocations => generated 252 bytes in 18 msecs (HTTP/1.1 200) 6 headers in 224 bytes (1 switches on core 0)
2026-07-25 11:20:03.176 8 INFO placement.requestlog [req-f4e00678-3460-4593-977b-9d939b833916 req-e1ab9592-fb7b-4345-aad5-9ffa6865b7eb d390fd1750e14fcf9e6ea03a23032cc7 4b58beb89b3540fe92c1ce0157bcdb35 - - c6bbe5ff79b148919922e846510c3fae c6bbe5ff79b148919922e846510c3fae] 162.253.55.222 "GET /allocations/985f1cac-ae3a-4993-8710-a8e6efc1bbf4" status: 200 len: 257 microversion: 1.28 [pid: 8|app: 0|req: 190/378] 162.253.55.222 () {34 vars in 861 bytes} [Sat Jul 25 11:20:03 2026] GET /allocations/985f1cac-ae3a-4993-8710-a8e6efc1bbf4 => generated 257 bytes in 11 msecs (HTTP/1.1 200) 8 headers in 296 bytes (1 switches on core 0)
2026-07-25 11:20:03.237 7 INFO placement.requestlog [req-f4e00678-3460-4593-977b-9d939b833916 req-4d5dadb1-f9ed-4f8b-b44f-367598def47d d390fd1750e14fcf9e6ea03a23032cc7 4b58beb89b3540fe92c1ce0157bcdb35 - - c6bbe5ff79b148919922e846510c3fae c6bbe5ff79b148919922e846510c3fae] 162.253.55.222 "GET /allocations/db6db963-ebb1-4489-a3b8-a9b4951986ef" status: 200 len: 257 microversion: 1.28 [pid: 7|app: 0|req: 189/379] 162.253.55.222 () {34 vars in 861 bytes} [Sat Jul 25 11:20:03 2026] GET /allocations/db6db963-ebb1-4489-a3b8-a9b4951986ef => generated 257 bytes in 26 msecs (HTTP/1.1 200) 8 headers in 296 bytes (1 switches on core 0)
2026-07-25 11:20:04.745 8 INFO placement.requestlog [req-8d85f492-2df0-4b2a-94f8-5092d62a4d6a req-522ef8d7-0173-4cd2-af9f-b9b99ee3c462 d390fd1750e14fcf9e6ea03a23032cc7 4b58beb89b3540fe92c1ce0157bcdb35 - - c6bbe5ff79b148919922e846510c3fae c6bbe5ff79b148919922e846510c3fae] 10.0.0.34 "GET /allocation_candidates?limit=1000&resources=MEMORY_MB%3A512%2CVCPU%3A1&root_required=%21COMPUTE_STATUS_DISABLED" status: 200 len: 2770 microversion: 1.36 [pid: 8|app: 0|req: 191/380] 10.0.0.34 () {34 vars in 981 bytes} [Sat Jul 25 11:20:04 2026] GET /allocation_candidates?limit=1000&resources=MEMORY_MB%3A512%2CVCPU%3A1&root_required=%21COMPUTE_STATUS_DISABLED => generated 2770 bytes in 51 msecs (HTTP/1.1 200) 8 headers in 297 bytes (1 switches on core 0)
2026-07-25 11:20:04.787 7 INFO placement.requestlog [req-8d85f492-2df0-4b2a-94f8-5092d62a4d6a req-e9ea7105-a24d-4280-8311-1bd1f95c50de d390fd1750e14fcf9e6ea03a23032cc7 4b58beb89b3540fe92c1ce0157bcdb35 - - c6bbe5ff79b148919922e846510c3fae c6bbe5ff79b148919922e846510c3fae] 10.0.0.34 "GET /allocations/0b9474a3-99b7-499a-b2ee-1ba6f6f1296c" status: 200 len: 19 microversion: 1.28 [pid: 7|app: 0|req: 190/381] 10.0.0.34 () {34 vars in 858 bytes} [Sat Jul 25 11:20:04 2026] GET /allocations/0b9474a3-99b7-499a-b2ee-1ba6f6f1296c => generated 19 bytes in 22 msecs (HTTP/1.1 200) 8 headers in 295 bytes (1 switches on core 0)
2026-07-25 11:20:04.912 8 INFO placement.requestlog [req-8d85f492-2df0-4b2a-94f8-5092d62a4d6a req-2ac34265-fd61-43c6-a016-5d0dbd9b5b69 d390fd1750e14fcf9e6ea03a23032cc7 4b58beb89b3540fe92c1ce0157bcdb35 - - c6bbe5ff79b148919922e846510c3fae c6bbe5ff79b148919922e846510c3fae] 10.0.0.34 "PUT /allocations/0b9474a3-99b7-499a-b2ee-1ba6f6f1296c" status: 204 len: 0 microversion: 1.36 [pid: 8|app: 0|req: 192/382] 10.0.0.34 () {38 vars in 911 bytes} [Sat Jul 25 11:20:04 2026] PUT /allocations/0b9474a3-99b7-499a-b2ee-1ba6f6f1296c => generated 0 bytes in 114 msecs (HTTP/1.1 204) 5 headers in 199 bytes (1 switches on core 0)
2026-07-25 11:20:06.582 7 INFO placement.requestlog [req-8d85f492-2df0-4b2a-94f8-5092d62a4d6a req-6672d478-fb78-4536-a66a-5c723b9710a2 d390fd1750e14fcf9e6ea03a23032cc7 4b58beb89b3540fe92c1ce0157bcdb35 - - c6bbe5ff79b148919922e846510c3fae c6bbe5ff79b148919922e846510c3fae] 162.253.55.222 "GET /allocations/0b9474a3-99b7-499a-b2ee-1ba6f6f1296c" status: 200 len: 243 microversion: 1.28 [pid: 7|app: 0|req: 191/383] 162.253.55.222 () {34 vars in 861 bytes} [Sat Jul 25 11:20:06 2026] GET /allocations/0b9474a3-99b7-499a-b2ee-1ba6f6f1296c => generated 243 bytes in 17 msecs (HTTP/1.1 200) 8 headers in 296 bytes (1 switches on core 0)
2026-07-25 11:20:07.028 7 INFO placement.requestlog [None req-63aa0d1b-ab25-4c18-a021-c47a9e4516dd - - - - - -] 10.0.0.54 "GET /" status: 200 len: 136 microversion: 1.0
2026-07-25 11:20:07.030 8 INFO placement.requestlog [None req-389f97d7-9e3e-4741-87f8-f78ccd73b3e6 - - - - - -] 10.0.0.54 "GET /" status: 200 len: 136 microversion: 1.0
2026-07-25 11:20:07.622 7 INFO placement.requestlog [req-8d85f492-2df0-4b2a-94f8-5092d62a4d6a req-4ef56c39-595f-4479-93e2-6d45d18ab9c2 d390fd1750e14fcf9e6ea03a23032cc7 4b58beb89b3540fe92c1ce0157bcdb35 - - c6bbe5ff79b148919922e846510c3fae c6bbe5ff79b148919922e846510c3fae] 162.253.55.222 "GET /resource_providers/351a2e63-4541-42d5-aceb-9edf486470f9/allocations" status: 200 len: 338 microversion: 1.0 [pid: 7|app: 0|req: 193/386] 162.253.55.222 () {32 vars in 855 bytes} [Sat Jul 25 11:20:07 2026] GET /resource_providers/351a2e63-4541-42d5-aceb-9edf486470f9/allocations => generated 338 bytes in 15 msecs (HTTP/1.1 200) 6 headers in 224 bytes (1 switches on core 0)
2026-07-25 11:20:07.646 8 INFO placement.requestlog [req-8d85f492-2df0-4b2a-94f8-5092d62a4d6a req-0cd2354b-4c0d-4d16-81af-c76250f18d54 d390fd1750e14fcf9e6ea03a23032cc7 4b58beb89b3540fe92c1ce0157bcdb35 - - c6bbe5ff79b148919922e846510c3fae c6bbe5ff79b148919922e846510c3fae] 162.253.55.222 "GET /allocations/985f1cac-ae3a-4993-8710-a8e6efc1bbf4" status: 200 len: 257 microversion: 1.28 [pid: 8|app: 0|req: 194/387] 162.253.55.222 () {34 vars in 861 bytes} [Sat Jul 25 11:20:07 2026] GET /allocations/985f1cac-ae3a-4993-8710-a8e6efc1bbf4 => generated 257 bytes in 16 msecs (HTTP/1.1 200) 8 headers in 296 bytes (1 switches on core 0)
2026-07-25 11:20:07.667 7 INFO placement.requestlog [req-8d85f492-2df0-4b2a-94f8-5092d62a4d6a req-799fdfaa-ae69-43c4-952c-b01611f1554c d390fd1750e14fcf9e6ea03a23032cc7 4b58beb89b3540fe92c1ce0157bcdb35 - - c6bbe5ff79b148919922e846510c3fae c6bbe5ff79b148919922e846510c3fae] 162.253.55.222 "GET /allocations/db6db963-ebb1-4489-a3b8-a9b4951986ef" status: 200 len: 257 microversion: 1.28 [pid: 7|app: 0|req: 194/388] 162.253.55.222 () {34 vars in 861 bytes} [Sat Jul 25 11:20:07 2026] GET /allocations/db6db963-ebb1-4489-a3b8-a9b4951986ef => generated 257 bytes in 12 msecs (HTTP/1.1 200) 8 headers in 296 bytes (1 switches on core 0)
2026-07-25 11:20:07.695 8 INFO placement.requestlog [req-8d85f492-2df0-4b2a-94f8-5092d62a4d6a req-47dd0b51-ad88-4986-96ed-ad21c9371c91 d390fd1750e14fcf9e6ea03a23032cc7 4b58beb89b3540fe92c1ce0157bcdb35 - - c6bbe5ff79b148919922e846510c3fae c6bbe5ff79b148919922e846510c3fae] 162.253.55.222 "GET /allocations/0b9474a3-99b7-499a-b2ee-1ba6f6f1296c" status: 200 len: 243 microversion: 1.28 [pid: 8|app: 0|req: 195/389] 162.253.55.222 () {34 vars in 861 bytes} [Sat Jul 25 11:20:07 2026] GET /allocations/0b9474a3-99b7-499a-b2ee-1ba6f6f1296c => generated 243 bytes in 18 msecs (HTTP/1.1 200) 8 headers in 296 bytes (1 switches on core 0)
2026-07-25 11:20:15.124 7 INFO placement.requestlog [req-e7e67ee4-ac3b-4c84-98c9-bff8378305e0 req-e9b378dc-d0e5-4469-947c-d83e4094b1e1 d390fd1750e14fcf9e6ea03a23032cc7 4b58beb89b3540fe92c1ce0157bcdb35 - - c6bbe5ff79b148919922e846510c3fae c6bbe5ff79b148919922e846510c3fae] 162.253.55.222 "GET /resource_providers/351a2e63-4541-42d5-aceb-9edf486470f9/allocations" status: 200 len: 338 microversion: 1.0 [pid: 7|app: 0|req: 195/390] 162.253.55.222 () {32 vars in 855 bytes} [Sat Jul 25 11:20:15 2026] GET /resource_providers/351a2e63-4541-42d5-aceb-9edf486470f9/allocations => generated 338 bytes in 28 msecs (HTTP/1.1 200) 6 headers in 224 bytes (1 switches on core 0)
2026-07-25 11:20:15.142 8 INFO placement.requestlog [req-e7e67ee4-ac3b-4c84-98c9-bff8378305e0 req-24eb6a67-c968-4778-86cc-97b20b774764 d390fd1750e14fcf9e6ea03a23032cc7 4b58beb89b3540fe92c1ce0157bcdb35 - - c6bbe5ff79b148919922e846510c3fae c6bbe5ff79b148919922e846510c3fae] 162.253.55.222 "GET /allocations/985f1cac-ae3a-4993-8710-a8e6efc1bbf4" status: 200 len: 257 microversion: 1.28 [pid: 8|app: 0|req: 196/391] 162.253.55.222 () {34 vars in 861 bytes} [Sat Jul 25 11:20:15 2026] GET /allocations/985f1cac-ae3a-4993-8710-a8e6efc1bbf4 => generated 257 bytes in 12 msecs (HTTP/1.1 200) 8 headers in 296 bytes (1 switches on core 0)
2026-07-25 11:20:15.167 7 INFO placement.requestlog [req-e7e67ee4-ac3b-4c84-98c9-bff8378305e0 req-c957212c-18e1-443c-9b4f-cb65fa8686a1 d390fd1750e14fcf9e6ea03a23032cc7 4b58beb89b3540fe92c1ce0157bcdb35 - - c6bbe5ff79b148919922e846510c3fae c6bbe5ff79b148919922e846510c3fae] 162.253.55.222 "GET /allocations/db6db963-ebb1-4489-a3b8-a9b4951986ef" status: 200 len: 257 microversion: 1.28 [pid: 7|app: 0|req: 196/392] 162.253.55.222 () {34 vars in 861 bytes} [Sat Jul 25 11:20:15 2026] GET /allocations/db6db963-ebb1-4489-a3b8-a9b4951986ef => generated 257 bytes in 18 msecs (HTTP/1.1 200) 8 headers in 296 bytes (1 switches on core 0)
2026-07-25 11:20:15.191 8 INFO placement.requestlog [req-e7e67ee4-ac3b-4c84-98c9-bff8378305e0 req-13078329-3a4c-442b-8a1e-080da9631cf8 d390fd1750e14fcf9e6ea03a23032cc7 4b58beb89b3540fe92c1ce0157bcdb35 - - c6bbe5ff79b148919922e846510c3fae c6bbe5ff79b148919922e846510c3fae] 162.253.55.222 "GET /allocations/0b9474a3-99b7-499a-b2ee-1ba6f6f1296c" status: 200 len: 243 microversion: 1.28 [pid: 8|app: 0|req: 197/393] 162.253.55.222 () {34 vars in 861 bytes} [Sat Jul 25 11:20:15 2026] GET /allocations/0b9474a3-99b7-499a-b2ee-1ba6f6f1296c => generated 243 bytes in 19 msecs (HTTP/1.1 200) 8 headers in 296 bytes (1 switches on core 0)
2026-07-25 11:20:16.272 7 INFO placement.requestlog [req-e7e67ee4-ac3b-4c84-98c9-bff8378305e0 req-88e71ee5-6343-435f-84bb-302ae1153242 d390fd1750e14fcf9e6ea03a23032cc7 4b58beb89b3540fe92c1ce0157bcdb35 - - c6bbe5ff79b148919922e846510c3fae c6bbe5ff79b148919922e846510c3fae] 162.253.55.222 "DELETE /allocations/db6db963-ebb1-4489-a3b8-a9b4951986ef" status: 204 len: 0 microversion: 1.0 [pid: 7|app: 0|req: 197/394] 162.253.55.222 () {34 vars in 839 bytes} [Sat Jul 25 11:20:16 2026] DELETE /allocations/db6db963-ebb1-4489-a3b8-a9b4951986ef => generated 0 bytes in 48 msecs (HTTP/1.1 204) 5 headers in 198 bytes (1 switches on core 0)
2026-07-25 11:20:17.028 7 INFO placement.requestlog [None req-58b9ece9-4524-454b-a691-f21b0992a330 - - - - - -] 10.0.0.54 "GET /" status: 200 len: 136 microversion: 1.0
2026-07-25 11:20:17.028 8 INFO placement.requestlog [None req-865e540b-9d7a-4b3b-bb6f-38968d1081dc - - - - - -] 10.0.0.54 "GET /" status: 200 len: 136 microversion: 1.0
2026-07-25 11:20:20.525 7 INFO placement.requestlog [None req-9792402b-3847-4f27-be21-9d8061e4e47e 78a2cad6efae422aa21b5f8c51291b9f 4b58beb89b3540fe92c1ce0157bcdb35 - - c6bbe5ff79b148919922e846510c3fae c6bbe5ff79b148919922e846510c3fae] 10.0.0.47 "GET /resource_providers/a23d3217-9508-49b9-9b39-a9423c69f4b5/aggregates" status: 404 len: 235 microversion: 1.1 [pid: 7|app: 0|req: 199/397] 10.0.0.47 () {32 vars in 813 bytes} [Sat Jul 25 11:20:20 2026] GET /resource_providers/a23d3217-9508-49b9-9b39-a9423c69f4b5/aggregates => generated 235 bytes in 21 msecs (HTTP/1.1 404) 5 headers in 202 bytes (1 switches on core 0)
2026-07-25 11:20:20.539 8 INFO placement.requestlog [None req-5d07e1dc-de29-43b2-8426-032729350cd3 78a2cad6efae422aa21b5f8c51291b9f 4b58beb89b3540fe92c1ce0157bcdb35 - - c6bbe5ff79b148919922e846510c3fae c6bbe5ff79b148919922e846510c3fae] 10.0.0.47 "GET /resource_providers/a23d3217-9508-49b9-9b39-a9423c69f4b5/aggregates" status: 404 len: 235 microversion: 1.1 [pid: 8|app: 0|req: 199/398] 10.0.0.47 () {32 vars in 813 bytes} [Sat Jul 25 11:20:20 2026] GET /resource_providers/a23d3217-9508-49b9-9b39-a9423c69f4b5/aggregates => generated 235 bytes in 22 msecs (HTTP/1.1 404) 5 headers in 202 bytes (1 switches on core 0)
2026-07-25 11:20:20.557 7 INFO placement.requestlog [None req-5d72f411-78dc-47a2-8fcd-60e95e21bf4b 78a2cad6efae422aa21b5f8c51291b9f 4b58beb89b3540fe92c1ce0157bcdb35 - - c6bbe5ff79b148919922e846510c3fae c6bbe5ff79b148919922e846510c3fae] 10.0.0.47 "DELETE /resource_providers/a23d3217-9508-49b9-9b39-a9423c69f4b5" status: 404 len: 246 microversion: 1.1 [pid: 7|app: 0|req: 200/399] 10.0.0.47 () {34 vars in 813 bytes} [Sat Jul 25 11:20:20 2026] DELETE /resource_providers/a23d3217-9508-49b9-9b39-a9423c69f4b5 => generated 246 bytes in 15 msecs (HTTP/1.1 404) 6 headers in 231 bytes (1 switches on core 0)
2026-07-25 11:20:20.573 8 INFO placement.requestlog [None req-6d97b2a9-31f7-407b-a830-7ba8e49f5be5 78a2cad6efae422aa21b5f8c51291b9f 4b58beb89b3540fe92c1ce0157bcdb35 - - c6bbe5ff79b148919922e846510c3fae c6bbe5ff79b148919922e846510c3fae] 10.0.0.47 "DELETE /resource_providers/a23d3217-9508-49b9-9b39-a9423c69f4b5" status: 404 len: 246 microversion: 1.1 [pid: 8|app: 0|req: 200/400] 10.0.0.47 () {34 vars in 813 bytes} [Sat Jul 25 11:20:20 2026] DELETE /resource_providers/a23d3217-9508-49b9-9b39-a9423c69f4b5 => generated 246 bytes in 20 msecs (HTTP/1.1 404) 6 headers in 231 bytes (1 switches on core 0)
2026-07-25 11:20:22.587 7 INFO placement.requestlog [None req-5e19388b-0887-44b4-bec5-ab6fafd3d760 78a2cad6efae422aa21b5f8c51291b9f 4b58beb89b3540fe92c1ce0157bcdb35 - - c6bbe5ff79b148919922e846510c3fae c6bbe5ff79b148919922e846510c3fae] 10.0.0.47 "GET /resource_providers/42231613-129e-4fd0-8d5f-07318418fd03/aggregates" status: 404 len: 235 microversion: 1.1 [pid: 7|app: 0|req: 201/401] 10.0.0.47 () {32 vars in 813 bytes} [Sat Jul 25 11:20:22 2026] GET /resource_providers/42231613-129e-4fd0-8d5f-07318418fd03/aggregates => generated 235 bytes in 17 msecs (HTTP/1.1 404) 5 headers in 202 bytes (1 switches on core 0)
2026-07-25 11:20:22.621 7 INFO placement.requestlog [None req-1780cdcc-795a-42c8-bbfd-cbc99e66478b 78a2cad6efae422aa21b5f8c51291b9f 4b58beb89b3540fe92c1ce0157bcdb35 - - c6bbe5ff79b148919922e846510c3fae c6bbe5ff79b148919922e846510c3fae] 10.0.0.47 "DELETE /resource_providers/42231613-129e-4fd0-8d5f-07318418fd03" status: 404 len: 246 microversion: 1.1 [pid: 7|app: 0|req: 202/402] 10.0.0.47 () {34 vars in 813 bytes} [Sat Jul 25 11:20:22 2026] DELETE /resource_providers/42231613-129e-4fd0-8d5f-07318418fd03 => generated 246 bytes in 17 msecs (HTTP/1.1 404) 6 headers in 231 bytes (1 switches on core 0)
2026-07-25 11:20:22.623 8 INFO placement.requestlog [None req-32ef3fbb-1be2-4bc4-8cd7-d7521c437fd6 78a2cad6efae422aa21b5f8c51291b9f 4b58beb89b3540fe92c1ce0157bcdb35 - - c6bbe5ff79b148919922e846510c3fae c6bbe5ff79b148919922e846510c3fae] 10.0.0.47 "GET /resource_providers/42231613-129e-4fd0-8d5f-07318418fd03/aggregates" status: 404 len: 235 microversion: 1.1 [pid: 8|app: 0|req: 201/403] 10.0.0.47 () {32 vars in 813 bytes} [Sat Jul 25 11:20:22 2026] GET /resource_providers/42231613-129e-4fd0-8d5f-07318418fd03/aggregates => generated 235 bytes in 20 msecs (HTTP/1.1 404) 5 headers in 202 bytes (1 switches on core 0)
2026-07-25 11:20:22.651 7 INFO placement.requestlog [None req-957243e3-7e9f-4bb1-bc62-67044a16f9d0 78a2cad6efae422aa21b5f8c51291b9f 4b58beb89b3540fe92c1ce0157bcdb35 - - c6bbe5ff79b148919922e846510c3fae c6bbe5ff79b148919922e846510c3fae] 10.0.0.47 "DELETE /resource_providers/42231613-129e-4fd0-8d5f-07318418fd03" status: 404 len: 246 microversion: 1.1 [pid: 7|app: 0|req: 203/404] 10.0.0.47 () {34 vars in 813 bytes} [Sat Jul 25 11:20:22 2026] DELETE /resource_providers/42231613-129e-4fd0-8d5f-07318418fd03 => generated 246 bytes in 18 msecs (HTTP/1.1 404) 6 headers in 231 bytes (1 switches on core 0)
2026-07-25 11:20:26.985 8 INFO placement.requestlog [None req-aebb62b8-af76-4352-9dbc-0db56a95666a 78a2cad6efae422aa21b5f8c51291b9f 4b58beb89b3540fe92c1ce0157bcdb35 - - c6bbe5ff79b148919922e846510c3fae c6bbe5ff79b148919922e846510c3fae] 10.0.0.47 "GET /resource_providers/4ec0aca2-8e3c-4178-b55c-5621d7cf5d1e/aggregates" status: 404 len: 235 microversion: 1.1 [pid: 8|app: 0|req: 202/405] 10.0.0.47 () {32 vars in 813 bytes} [Sat Jul 25 11:20:26 2026] GET /resource_providers/4ec0aca2-8e3c-4178-b55c-5621d7cf5d1e/aggregates => generated 235 bytes in 10 msecs (HTTP/1.1 404) 5 headers in 202 bytes (1 switches on core 0)
2026-07-25 11:20:26.991 7 INFO placement.requestlog [None req-dbdde04e-44ef-4faf-9213-5ded5c1f0d3f 78a2cad6efae422aa21b5f8c51291b9f 4b58beb89b3540fe92c1ce0157bcdb35 - - c6bbe5ff79b148919922e846510c3fae c6bbe5ff79b148919922e846510c3fae] 10.0.0.47 "GET /resource_providers/4ec0aca2-8e3c-4178-b55c-5621d7cf5d1e/aggregates" status: 404 len: 235 microversion: 1.1 [pid: 7|app: 0|req: 204/406] 10.0.0.47 () {32 vars in 813 bytes} [Sat Jul 25 11:20:26 2026] GET /resource_providers/4ec0aca2-8e3c-4178-b55c-5621d7cf5d1e/aggregates => generated 235 bytes in 10 msecs (HTTP/1.1 404) 5 headers in 202 bytes (1 switches on core 0)
2026-07-25 11:20:27.001 8 INFO placement.requestlog [None req-fec18b3c-bc96-4490-befc-5d8f0aa50f89 78a2cad6efae422aa21b5f8c51291b9f 4b58beb89b3540fe92c1ce0157bcdb35 - - c6bbe5ff79b148919922e846510c3fae c6bbe5ff79b148919922e846510c3fae] 10.0.0.47 "DELETE /resource_providers/4ec0aca2-8e3c-4178-b55c-5621d7cf5d1e" status: 404 len: 246 microversion: 1.1 [pid: 8|app: 0|req: 203/407] 10.0.0.47 () {34 vars in 813 bytes} [Sat Jul 25 11:20:26 2026] DELETE /resource_providers/4ec0aca2-8e3c-4178-b55c-5621d7cf5d1e => generated 246 bytes in 7 msecs (HTTP/1.1 404) 6 headers in 231 bytes (1 switches on core 0)
2026-07-25 11:20:27.011 7 INFO placement.requestlog [None req-ceea1c86-1908-4343-9165-d3170424fad8 78a2cad6efae422aa21b5f8c51291b9f 4b58beb89b3540fe92c1ce0157bcdb35 - - c6bbe5ff79b148919922e846510c3fae c6bbe5ff79b148919922e846510c3fae] 10.0.0.47 "DELETE /resource_providers/4ec0aca2-8e3c-4178-b55c-5621d7cf5d1e" status: 404 len: 246 microversion: 1.1 [pid: 7|app: 0|req: 205/408] 10.0.0.47 () {34 vars in 813 bytes} [Sat Jul 25 11:20:27 2026] DELETE /resource_providers/4ec0aca2-8e3c-4178-b55c-5621d7cf5d1e => generated 246 bytes in 11 msecs (HTTP/1.1 404) 6 headers in 231 bytes (1 switches on core 0)
2026-07-25 11:20:27.028 8 INFO placement.requestlog [None req-11389272-9ee4-452f-9db3-4493dd2acc68 - - - - - -] 10.0.0.54 "GET /" status: 200 len: 136 microversion: 1.0
2026-07-25 11:20:27.028 7 INFO placement.requestlog [None req-1318da71-5add-4e38-a50d-b977503b1c53 - - - - - -] 10.0.0.54 "GET /" status: 200 len: 136 microversion: 1.0
2026-07-25 11:20:28.136 8 INFO placement.requestlog [req-3dd67bd0-f1be-4cba-91f6-481aaeac6809 req-5af26c5c-e3fd-49d5-935d-18f4d5b0f197 d390fd1750e14fcf9e6ea03a23032cc7 4b58beb89b3540fe92c1ce0157bcdb35 - - c6bbe5ff79b148919922e846510c3fae c6bbe5ff79b148919922e846510c3fae] 162.253.55.222 "GET /resource_providers/351a2e63-4541-42d5-aceb-9edf486470f9/allocations" status: 200 len: 238 microversion: 1.0 [pid: 8|app: 0|req: 205/411] 162.253.55.222 () {32 vars in 855 bytes} [Sat Jul 25 11:20:28 2026] GET /resource_providers/351a2e63-4541-42d5-aceb-9edf486470f9/allocations => generated 238 bytes in 14 msecs (HTTP/1.1 200) 6 headers in 224 bytes (1 switches on core 0)
2026-07-25 11:20:28.155 7 INFO placement.requestlog [req-3dd67bd0-f1be-4cba-91f6-481aaeac6809 req-d71dacb2-cead-4073-bb71-16b926873c6e d390fd1750e14fcf9e6ea03a23032cc7 4b58beb89b3540fe92c1ce0157bcdb35 - - c6bbe5ff79b148919922e846510c3fae c6bbe5ff79b148919922e846510c3fae] 162.253.55.222 "GET /allocations/985f1cac-ae3a-4993-8710-a8e6efc1bbf4" status: 200 len: 257 microversion: 1.28 [pid: 7|app: 0|req: 207/412] 162.253.55.222 () {34 vars in 861 bytes} [Sat Jul 25 11:20:28 2026] GET /allocations/985f1cac-ae3a-4993-8710-a8e6efc1bbf4 => generated 257 bytes in 14 msecs (HTTP/1.1 200) 8 headers in 296 bytes (1 switches on core 0)
2026-07-25 11:20:28.175 8 INFO placement.requestlog [req-3dd67bd0-f1be-4cba-91f6-481aaeac6809 req-d02154d7-93e8-4d45-961a-d50567f1a17a d390fd1750e14fcf9e6ea03a23032cc7 4b58beb89b3540fe92c1ce0157bcdb35 - - c6bbe5ff79b148919922e846510c3fae c6bbe5ff79b148919922e846510c3fae] 162.253.55.222 "GET /allocations/0b9474a3-99b7-499a-b2ee-1ba6f6f1296c" status: 200 len: 243 microversion: 1.28 [pid: 8|app: 0|req: 206/413] 162.253.55.222 () {34 vars in 861 bytes} [Sat Jul 25 11:20:28 2026] GET /allocations/0b9474a3-99b7-499a-b2ee-1ba6f6f1296c => generated 243 bytes in 13 msecs (HTTP/1.1 200) 8 headers in 296 bytes (1 switches on core 0)
2026-07-25 11:20:29.023 7 INFO placement.requestlog [None req-cfffdc09-132a-407c-82e0-7c939933653f 78a2cad6efae422aa21b5f8c51291b9f 4b58beb89b3540fe92c1ce0157bcdb35 - - c6bbe5ff79b148919922e846510c3fae c6bbe5ff79b148919922e846510c3fae] 10.0.0.47 "GET /resource_providers/dd450db9-4162-4a12-81c9-c3f49b6e3cc0/aggregates" status: 404 len: 235 microversion: 1.1 [pid: 7|app: 0|req: 208/414] 10.0.0.47 () {32 vars in 813 bytes} [Sat Jul 25 11:20:29 2026] GET /resource_providers/dd450db9-4162-4a12-81c9-c3f49b6e3cc0/aggregates => generated 235 bytes in 11 msecs (HTTP/1.1 404) 5 headers in 202 bytes (1 switches on core 0)
2026-07-25 11:20:29.046 7 INFO placement.requestlog [None req-52dc52ac-b992-4841-8b18-8c15a5b7352f 78a2cad6efae422aa21b5f8c51291b9f 4b58beb89b3540fe92c1ce0157bcdb35 - - c6bbe5ff79b148919922e846510c3fae c6bbe5ff79b148919922e846510c3fae] 10.0.0.47 "GET /resource_providers/dd450db9-4162-4a12-81c9-c3f49b6e3cc0/aggregates" status: 404 len: 235 microversion: 1.1 [pid: 7|app: 0|req: 209/415] 10.0.0.47 () {32 vars in 813 bytes} [Sat Jul 25 11:20:29 2026] GET /resource_providers/dd450db9-4162-4a12-81c9-c3f49b6e3cc0/aggregates => generated 235 bytes in 8 msecs (HTTP/1.1 404) 5 headers in 202 bytes (1 switches on core 0)
2026-07-25 11:20:29.053 8 INFO placement.requestlog [None req-5fa288d2-41e8-4b6e-808d-384355440aa1 78a2cad6efae422aa21b5f8c51291b9f 4b58beb89b3540fe92c1ce0157bcdb35 - - c6bbe5ff79b148919922e846510c3fae c6bbe5ff79b148919922e846510c3fae] 10.0.0.47 "DELETE /resource_providers/dd450db9-4162-4a12-81c9-c3f49b6e3cc0" status: 404 len: 246 microversion: 1.1 [pid: 8|app: 0|req: 207/416] 10.0.0.47 () {34 vars in 813 bytes} [Sat Jul 25 11:20:29 2026] DELETE /resource_providers/dd450db9-4162-4a12-81c9-c3f49b6e3cc0 => generated 246 bytes in 16 msecs (HTTP/1.1 404) 6 headers in 231 bytes (1 switches on core 0)
2026-07-25 11:20:29.063 7 INFO placement.requestlog [None req-efc4de4f-ca62-4eb0-81d7-6d91514d5a50 78a2cad6efae422aa21b5f8c51291b9f 4b58beb89b3540fe92c1ce0157bcdb35 - - c6bbe5ff79b148919922e846510c3fae c6bbe5ff79b148919922e846510c3fae] 10.0.0.47 "DELETE /resource_providers/dd450db9-4162-4a12-81c9-c3f49b6e3cc0" status: 404 len: 246 microversion: 1.1 [pid: 7|app: 0|req: 210/417] 10.0.0.47 () {34 vars in 813 bytes} [Sat Jul 25 11:20:29 2026] DELETE /resource_providers/dd450db9-4162-4a12-81c9-c3f49b6e3cc0 => generated 246 bytes in 11 msecs (HTTP/1.1 404) 6 headers in 231 bytes (1 switches on core 0)
2026-07-25 11:20:29.232 8 INFO placement.requestlog [req-3dd67bd0-f1be-4cba-91f6-481aaeac6809 req-60ea936b-f665-4c3f-8a1e-14b39303cb94 d390fd1750e14fcf9e6ea03a23032cc7 4b58beb89b3540fe92c1ce0157bcdb35 - - c6bbe5ff79b148919922e846510c3fae c6bbe5ff79b148919922e846510c3fae] 162.253.55.222 "DELETE /allocations/0b9474a3-99b7-499a-b2ee-1ba6f6f1296c" status: 204 len: 0 microversion: 1.0 [pid: 8|app: 0|req: 208/418] 162.253.55.222 () {34 vars in 839 bytes} [Sat Jul 25 11:20:29 2026] DELETE /allocations/0b9474a3-99b7-499a-b2ee-1ba6f6f1296c => generated 0 bytes in 32 msecs (HTTP/1.1 204) 5 headers in 198 bytes (1 switches on core 0)
2026-07-25 11:20:29.693 7 INFO placement.requestlog [req-21d8e9e5-e50d-4768-9789-7644835c8700 req-e585654f-9872-4004-bb11-d8816354bb3a d390fd1750e14fcf9e6ea03a23032cc7 4b58beb89b3540fe92c1ce0157bcdb35 - - c6bbe5ff79b148919922e846510c3fae c6bbe5ff79b148919922e846510c3fae] 10.0.0.34 "GET /allocation_candidates?limit=1000&resources=DISK_GB%3A1%2CMEMORY_MB%3A512%2CVCPU%3A1&root_required=%21COMPUTE_STATUS_DISABLED" status: 200 len: 2783 microversion: 1.36 [pid: 7|app: 0|req: 211/419] 10.0.0.34 () {34 vars in 1009 bytes} [Sat Jul 25 11:20:29 2026] GET /allocation_candidates?limit=1000&resources=DISK_GB%3A1%2CMEMORY_MB%3A512%2CVCPU%3A1&root_required=%21COMPUTE_STATUS_DISABLED => generated 2783 bytes in 53 msecs (HTTP/1.1 200) 8 headers in 297 bytes (1 switches on core 0)
2026-07-25 11:20:29.734 8 INFO placement.requestlog [req-21d8e9e5-e50d-4768-9789-7644835c8700 req-1517e611-7320-4080-8bac-789bc206c611 d390fd1750e14fcf9e6ea03a23032cc7 4b58beb89b3540fe92c1ce0157bcdb35 - - c6bbe5ff79b148919922e846510c3fae c6bbe5ff79b148919922e846510c3fae] 10.0.0.34 "GET /allocations/97307dae-71e7-48bd-aa71-8201ae1e2e5c" status: 200 len: 19 microversion: 1.28 [pid: 8|app: 0|req: 209/420] 10.0.0.34 () {34 vars in 858 bytes} [Sat Jul 25 11:20:29 2026] GET /allocations/97307dae-71e7-48bd-aa71-8201ae1e2e5c => generated 19 bytes in 14 msecs (HTTP/1.1 200) 8 headers in 295 bytes (1 switches on core 0)
2026-07-25 11:20:29.816 7 INFO placement.requestlog [req-21d8e9e5-e50d-4768-9789-7644835c8700 req-bffde184-dd27-4019-9fdb-fd944e93cd43 d390fd1750e14fcf9e6ea03a23032cc7 4b58beb89b3540fe92c1ce0157bcdb35 - - c6bbe5ff79b148919922e846510c3fae c6bbe5ff79b148919922e846510c3fae] 10.0.0.34 "PUT /allocations/97307dae-71e7-48bd-aa71-8201ae1e2e5c" status: 204 len: 0 microversion: 1.36 [pid: 7|app: 0|req: 212/421] 10.0.0.34 () {38 vars in 911 bytes} [Sat Jul 25 11:20:29 2026] PUT /allocations/97307dae-71e7-48bd-aa71-8201ae1e2e5c => generated 0 bytes in 68 msecs (HTTP/1.1 204) 5 headers in 199 bytes (1 switches on core 0)
2026-07-25 11:20:31.071 8 INFO placement.requestlog [None req-770710dc-bc13-4d6a-94ae-d734b36ec280 78a2cad6efae422aa21b5f8c51291b9f 4b58beb89b3540fe92c1ce0157bcdb35 - - c6bbe5ff79b148919922e846510c3fae c6bbe5ff79b148919922e846510c3fae] 10.0.0.47 "GET /resource_providers/1318fbc4-c891-4582-bfb2-85c0658a2980/aggregates" status: 404 len: 235 microversion: 1.1 [pid: 8|app: 0|req: 210/422] 10.0.0.47 () {32 vars in 813 bytes} [Sat Jul 25 11:20:31 2026] GET /resource_providers/1318fbc4-c891-4582-bfb2-85c0658a2980/aggregates => generated 235 bytes in 9 msecs (HTTP/1.1 404) 5 headers in 202 bytes (1 switches on core 0)
2026-07-25 11:20:31.080 7 INFO placement.requestlog [None req-a6e89f1b-baf8-4620-a739-8874eae5b789 78a2cad6efae422aa21b5f8c51291b9f 4b58beb89b3540fe92c1ce0157bcdb35 - - c6bbe5ff79b148919922e846510c3fae c6bbe5ff79b148919922e846510c3fae] 10.0.0.47 "GET /resource_providers/1318fbc4-c891-4582-bfb2-85c0658a2980/aggregates" status: 404 len: 235 microversion: 1.1 [pid: 7|app: 0|req: 213/423] 10.0.0.47 () {32 vars in 813 bytes} [Sat Jul 25 11:20:31 2026] GET /resource_providers/1318fbc4-c891-4582-bfb2-85c0658a2980/aggregates => generated 235 bytes in 9 msecs (HTTP/1.1 404) 5 headers in 202 bytes (1 switches on core 0)
2026-07-25 11:20:31.081 8 INFO placement.requestlog [None req-99810f86-4b49-40d8-881a-12dc82cc8bff 78a2cad6efae422aa21b5f8c51291b9f 4b58beb89b3540fe92c1ce0157bcdb35 - - c6bbe5ff79b148919922e846510c3fae c6bbe5ff79b148919922e846510c3fae] 10.0.0.47 "DELETE /resource_providers/1318fbc4-c891-4582-bfb2-85c0658a2980" status: 404 len: 246 microversion: 1.1 [pid: 8|app: 0|req: 211/424] 10.0.0.47 () {34 vars in 813 bytes} [Sat Jul 25 11:20:31 2026] DELETE /resource_providers/1318fbc4-c891-4582-bfb2-85c0658a2980 => generated 246 bytes in 5 msecs (HTTP/1.1 404) 6 headers in 231 bytes (1 switches on core 0)
2026-07-25 11:20:31.102 8 INFO placement.requestlog [None req-428bc661-d684-4955-adee-d8fa1b0db150 78a2cad6efae422aa21b5f8c51291b9f 4b58beb89b3540fe92c1ce0157bcdb35 - - c6bbe5ff79b148919922e846510c3fae c6bbe5ff79b148919922e846510c3fae] 10.0.0.47 "GET /resource_providers/162f697d-58b9-42f1-80de-dc7df92a69de/aggregates" status: 404 len: 235 microversion: 1.1 [pid: 8|app: 0|req: 212/425] 10.0.0.47 () {32 vars in 813 bytes} [Sat Jul 25 11:20:31 2026] GET /resource_providers/162f697d-58b9-42f1-80de-dc7df92a69de/aggregates => generated 235 bytes in 10 msecs (HTTP/1.1 404) 5 headers in 202 bytes (1 switches on core 0)
2026-07-25 11:20:31.109 7 INFO placement.requestlog [None req-ebae534c-a857-40e7-96be-d5617494cd59 78a2cad6efae422aa21b5f8c51291b9f 4b58beb89b3540fe92c1ce0157bcdb35 - - c6bbe5ff79b148919922e846510c3fae c6bbe5ff79b148919922e846510c3fae] 10.0.0.47 "DELETE /resource_providers/1318fbc4-c891-4582-bfb2-85c0658a2980" status: 404 len: 246 microversion: 1.1 [pid: 7|app: 0|req: 214/426] 10.0.0.47 () {34 vars in 813 bytes} [Sat Jul 25 11:20:31 2026] DELETE /resource_providers/1318fbc4-c891-4582-bfb2-85c0658a2980 => generated 246 bytes in 18 msecs (HTTP/1.1 404) 6 headers in 231 bytes (1 switches on core 0)
2026-07-25 11:20:31.122 8 INFO placement.requestlog [None req-18f8309e-fc1c-4be6-9511-b04c4acb9c22 78a2cad6efae422aa21b5f8c51291b9f 4b58beb89b3540fe92c1ce0157bcdb35 - - c6bbe5ff79b148919922e846510c3fae c6bbe5ff79b148919922e846510c3fae] 10.0.0.47 "DELETE /resource_providers/162f697d-58b9-42f1-80de-dc7df92a69de" status: 404 len: 246 microversion: 1.1 [pid: 8|app: 0|req: 213/427] 10.0.0.47 () {34 vars in 813 bytes} [Sat Jul 25 11:20:31 2026] DELETE /resource_providers/162f697d-58b9-42f1-80de-dc7df92a69de => generated 246 bytes in 9 msecs (HTTP/1.1 404) 6 headers in 231 bytes (1 switches on core 0)
2026-07-25 11:20:31.132 7 INFO placement.requestlog [None req-dc41f901-e9a2-493b-936b-59fe2620b1fd 78a2cad6efae422aa21b5f8c51291b9f 4b58beb89b3540fe92c1ce0157bcdb35 - - c6bbe5ff79b148919922e846510c3fae c6bbe5ff79b148919922e846510c3fae] 10.0.0.47 "GET /resource_providers/162f697d-58b9-42f1-80de-dc7df92a69de/aggregates" status: 404 len: 235 microversion: 1.1 [pid: 7|app: 0|req: 215/428] 10.0.0.47 () {32 vars in 813 bytes} [Sat Jul 25 11:20:31 2026] GET /resource_providers/162f697d-58b9-42f1-80de-dc7df92a69de/aggregates => generated 235 bytes in 13 msecs (HTTP/1.1 404) 5 headers in 202 bytes (1 switches on core 0)
2026-07-25 11:20:31.135 8 INFO placement.requestlog [None req-8e43b77e-cec3-49ab-a6da-1d4035a66bb9 78a2cad6efae422aa21b5f8c51291b9f 4b58beb89b3540fe92c1ce0157bcdb35 - - c6bbe5ff79b148919922e846510c3fae c6bbe5ff79b148919922e846510c3fae] 10.0.0.47 "GET /resource_providers/fe1c160a-fb08-4901-a134-28a08a6a1f4f/aggregates" status: 404 len: 235 microversion: 1.1 [pid: 8|app: 0|req: 214/429] 10.0.0.47 () {32 vars in 813 bytes} [Sat Jul 25 11:20:31 2026] GET /resource_providers/fe1c160a-fb08-4901-a134-28a08a6a1f4f/aggregates => generated 235 bytes in 6 msecs (HTTP/1.1 404) 5 headers in 202 bytes (1 switches on core 0)
2026-07-25 11:20:31.148 7 INFO placement.requestlog [None req-ae7afd9a-43a5-448c-bcdc-b45149132aeb 78a2cad6efae422aa21b5f8c51291b9f 4b58beb89b3540fe92c1ce0157bcdb35 - - c6bbe5ff79b148919922e846510c3fae c6bbe5ff79b148919922e846510c3fae] 10.0.0.47 "DELETE /resource_providers/162f697d-58b9-42f1-80de-dc7df92a69de" status: 404 len: 246 microversion: 1.1 [pid: 7|app: 0|req: 216/430] 10.0.0.47 () {34 vars in 813 bytes} [Sat Jul 25 11:20:31 2026] DELETE /resource_providers/162f697d-58b9-42f1-80de-dc7df92a69de => generated 246 bytes in 8 msecs (HTTP/1.1 404) 6 headers in 231 bytes (1 switches on core 0)
2026-07-25 11:20:31.151 8 INFO placement.requestlog [None req-4bf035e4-d558-43fd-aa75-a10d4f5154e3 78a2cad6efae422aa21b5f8c51291b9f 4b58beb89b3540fe92c1ce0157bcdb35 - - c6bbe5ff79b148919922e846510c3fae c6bbe5ff79b148919922e846510c3fae] 10.0.0.47 "DELETE /resource_providers/fe1c160a-fb08-4901-a134-28a08a6a1f4f" status: 404 len: 246 microversion: 1.1 [pid: 8|app: 0|req: 215/431] 10.0.0.47 () {34 vars in 813 bytes} [Sat Jul 25 11:20:31 2026] DELETE /resource_providers/fe1c160a-fb08-4901-a134-28a08a6a1f4f => generated 246 bytes in 9 msecs (HTTP/1.1 404) 6 headers in 231 bytes (1 switches on core 0)
2026-07-25 11:20:31.164 7 INFO placement.requestlog [None req-f68b769f-d92c-4340-ad2b-a36f25bb891c 78a2cad6efae422aa21b5f8c51291b9f 4b58beb89b3540fe92c1ce0157bcdb35 - - c6bbe5ff79b148919922e846510c3fae c6bbe5ff79b148919922e846510c3fae] 10.0.0.47 "GET /resource_providers/fe1c160a-fb08-4901-a134-28a08a6a1f4f/aggregates" status: 404 len: 235 microversion: 1.1 [pid: 7|app: 0|req: 217/432] 10.0.0.47 () {32 vars in 813 bytes} [Sat Jul 25 11:20:31 2026] GET /resource_providers/fe1c160a-fb08-4901-a134-28a08a6a1f4f/aggregates => generated 235 bytes in 9 msecs (HTTP/1.1 404) 5 headers in 202 bytes (1 switches on core 0)
2026-07-25 11:20:31.164 8 INFO placement.requestlog [None req-1692347e-9bdb-48fe-a924-f62de6ee8ff7 78a2cad6efae422aa21b5f8c51291b9f 4b58beb89b3540fe92c1ce0157bcdb35 - - c6bbe5ff79b148919922e846510c3fae c6bbe5ff79b148919922e846510c3fae] 10.0.0.47 "GET /resource_providers/15bcdcf1-c0c6-4ee3-8381-92e8132b245c/aggregates" status: 404 len: 235 microversion: 1.1 [pid: 8|app: 0|req: 216/433] 10.0.0.47 () {32 vars in 813 bytes} [Sat Jul 25 11:20:31 2026] GET /resource_providers/15bcdcf1-c0c6-4ee3-8381-92e8132b245c/aggregates => generated 235 bytes in 7 msecs (HTTP/1.1 404) 5 headers in 202 bytes (1 switches on core 0)
2026-07-25 11:20:31.178 7 INFO placement.requestlog [None req-f01a0865-3522-4dc4-9f26-9ae3fb135e56 78a2cad6efae422aa21b5f8c51291b9f 4b58beb89b3540fe92c1ce0157bcdb35 - - c6bbe5ff79b148919922e846510c3fae c6bbe5ff79b148919922e846510c3fae] 10.0.0.47 "DELETE /resource_providers/fe1c160a-fb08-4901-a134-28a08a6a1f4f" status: 404 len: 246 microversion: 1.1 [pid: 7|app: 0|req: 218/434] 10.0.0.47 () {34 vars in 813 bytes} [Sat Jul 25 11:20:31 2026] DELETE /resource_providers/fe1c160a-fb08-4901-a134-28a08a6a1f4f => generated 246 bytes in 7 msecs (HTTP/1.1 404) 6 headers in 231 bytes (1 switches on core 0)
2026-07-25 11:20:31.182 8 INFO placement.requestlog [None req-573c6351-c249-42ed-8a78-4b1c19466f87 78a2cad6efae422aa21b5f8c51291b9f 4b58beb89b3540fe92c1ce0157bcdb35 - - c6bbe5ff79b148919922e846510c3fae c6bbe5ff79b148919922e846510c3fae] 10.0.0.47 "DELETE /resource_providers/15bcdcf1-c0c6-4ee3-8381-92e8132b245c" status: 404 len: 246 microversion: 1.1 [pid: 8|app: 0|req: 217/435] 10.0.0.47 () {34 vars in 813 bytes} [Sat Jul 25 11:20:31 2026] DELETE /resource_providers/15bcdcf1-c0c6-4ee3-8381-92e8132b245c => generated 246 bytes in 10 msecs (HTTP/1.1 404) 6 headers in 231 bytes (1 switches on core 0)
2026-07-25 11:20:31.191 7 INFO placement.requestlog [None req-cc090bde-ed89-4edd-ab7b-016c3196016b 78a2cad6efae422aa21b5f8c51291b9f 4b58beb89b3540fe92c1ce0157bcdb35 - - c6bbe5ff79b148919922e846510c3fae c6bbe5ff79b148919922e846510c3fae] 10.0.0.47 "GET /resource_providers/15bcdcf1-c0c6-4ee3-8381-92e8132b245c/aggregates" status: 404 len: 235 microversion: 1.1 [pid: 7|app: 0|req: 219/436] 10.0.0.47 () {32 vars in 813 bytes} [Sat Jul 25 11:20:31 2026] GET /resource_providers/15bcdcf1-c0c6-4ee3-8381-92e8132b245c/aggregates => generated 235 bytes in 7 msecs (HTTP/1.1 404) 5 headers in 202 bytes (1 switches on core 0)
2026-07-25 11:20:31.211 8 INFO placement.requestlog [None req-ab533e9f-87d7-4029-9b3f-a4bdeac9b333 78a2cad6efae422aa21b5f8c51291b9f 4b58beb89b3540fe92c1ce0157bcdb35 - - c6bbe5ff79b148919922e846510c3fae c6bbe5ff79b148919922e846510c3fae] 10.0.0.47 "DELETE /resource_providers/15bcdcf1-c0c6-4ee3-8381-92e8132b245c" status: 404 len: 246 microversion: 1.1 [pid: 8|app: 0|req: 218/437] 10.0.0.47 () {34 vars in 813 bytes} [Sat Jul 25 11:20:31 2026] DELETE /resource_providers/15bcdcf1-c0c6-4ee3-8381-92e8132b245c => generated 246 bytes in 15 msecs (HTTP/1.1 404) 6 headers in 231 bytes (1 switches on core 0)
2026-07-25 11:20:31.344 7 INFO placement.requestlog [req-21d8e9e5-e50d-4768-9789-7644835c8700 req-39fe51a4-e2e0-41c8-8abd-e232b0a1567e d390fd1750e14fcf9e6ea03a23032cc7 4b58beb89b3540fe92c1ce0157bcdb35 - - c6bbe5ff79b148919922e846510c3fae c6bbe5ff79b148919922e846510c3fae] 162.253.55.222 "GET /allocations/97307dae-71e7-48bd-aa71-8201ae1e2e5c" status: 200 len: 257 microversion: 1.28 [pid: 7|app: 0|req: 220/438] 162.253.55.222 () {34 vars in 861 bytes} [Sat Jul 25 11:20:31 2026] GET /allocations/97307dae-71e7-48bd-aa71-8201ae1e2e5c => generated 257 bytes in 14 msecs (HTTP/1.1 200) 8 headers in 296 bytes (1 switches on core 0)
2026-07-25 11:20:32.388 8 INFO placement.requestlog [req-21d8e9e5-e50d-4768-9789-7644835c8700 req-d3636d89-88fa-4446-b99b-a4be70cdbeac d390fd1750e14fcf9e6ea03a23032cc7 4b58beb89b3540fe92c1ce0157bcdb35 - - c6bbe5ff79b148919922e846510c3fae c6bbe5ff79b148919922e846510c3fae] 162.253.55.222 "GET /resource_providers/351a2e63-4541-42d5-aceb-9edf486470f9/allocations" status: 200 len: 252 microversion: 1.0 [pid: 8|app: 0|req: 219/439] 162.253.55.222 () {32 vars in 855 bytes} [Sat Jul 25 11:20:32 2026] GET /resource_providers/351a2e63-4541-42d5-aceb-9edf486470f9/allocations => generated 252 bytes in 20 msecs (HTTP/1.1 200) 6 headers in 224 bytes (1 switches on core 0)
2026-07-25 11:20:32.428 8 INFO placement.requestlog [None req-6d2e4ebf-51c8-4464-8a59-5d597d588210 78a2cad6efae422aa21b5f8c51291b9f 4b58beb89b3540fe92c1ce0157bcdb35 - - c6bbe5ff79b148919922e846510c3fae c6bbe5ff79b148919922e846510c3fae] 10.0.0.47 "GET /resource_providers/1159540a-7145-4bde-90dc-389f3f9214b4/aggregates" status: 404 len: 235 microversion: 1.1 [pid: 8|app: 0|req: 220/440] 10.0.0.47 () {32 vars in 813 bytes} [Sat Jul 25 11:20:32 2026] GET /resource_providers/1159540a-7145-4bde-90dc-389f3f9214b4/aggregates => generated 235 bytes in 13 msecs (HTTP/1.1 404) 5 headers in 202 bytes (1 switches on core 0)
2026-07-25 11:20:32.433 7 INFO placement.requestlog [req-21d8e9e5-e50d-4768-9789-7644835c8700 req-ae7a20fc-030e-457b-b5e4-a5d831fcd7c7 d390fd1750e14fcf9e6ea03a23032cc7 4b58beb89b3540fe92c1ce0157bcdb35 - - c6bbe5ff79b148919922e846510c3fae c6bbe5ff79b148919922e846510c3fae] 162.253.55.222 "GET /allocations/985f1cac-ae3a-4993-8710-a8e6efc1bbf4" status: 200 len: 257 microversion: 1.28 [pid: 7|app: 0|req: 221/441] 162.253.55.222 () {34 vars in 861 bytes} [Sat Jul 25 11:20:32 2026] GET /allocations/985f1cac-ae3a-4993-8710-a8e6efc1bbf4 => generated 257 bytes in 39 msecs (HTTP/1.1 200) 8 headers in 296 bytes (1 switches on core 0)
2026-07-25 11:20:32.436 8 INFO placement.requestlog [None req-91bea3a3-c60b-4409-989c-a226b58ec454 78a2cad6efae422aa21b5f8c51291b9f 4b58beb89b3540fe92c1ce0157bcdb35 - - c6bbe5ff79b148919922e846510c3fae c6bbe5ff79b148919922e846510c3fae] 10.0.0.47 "GET /resource_providers/1159540a-7145-4bde-90dc-389f3f9214b4/aggregates" status: 404 len: 235 microversion: 1.1 [pid: 8|app: 0|req: 221/442] 10.0.0.47 () {32 vars in 813 bytes} [Sat Jul 25 11:20:32 2026] GET /resource_providers/1159540a-7145-4bde-90dc-389f3f9214b4/aggregates => generated 235 bytes in 7 msecs (HTTP/1.1 404) 5 headers in 202 bytes (1 switches on core 0)
2026-07-25 11:20:32.454 7 INFO placement.requestlog [req-21d8e9e5-e50d-4768-9789-7644835c8700 req-8ff9e311-13a3-468e-a29c-eeea3e5de253 d390fd1750e14fcf9e6ea03a23032cc7 4b58beb89b3540fe92c1ce0157bcdb35 - - c6bbe5ff79b148919922e846510c3fae c6bbe5ff79b148919922e846510c3fae] 162.253.55.222 "GET /allocations/97307dae-71e7-48bd-aa71-8201ae1e2e5c" status: 200 len: 257 microversion: 1.28 [pid: 7|app: 0|req: 222/443] 162.253.55.222 () {34 vars in 861 bytes} [Sat Jul 25 11:20:32 2026] GET /allocations/97307dae-71e7-48bd-aa71-8201ae1e2e5c => generated 257 bytes in 12 msecs (HTTP/1.1 200) 8 headers in 296 bytes (1 switches on core 0)
2026-07-25 11:20:32.464 8 INFO placement.requestlog [None req-f2ae91ce-af76-4c4f-a41b-4c551cde98d0 78a2cad6efae422aa21b5f8c51291b9f 4b58beb89b3540fe92c1ce0157bcdb35 - - c6bbe5ff79b148919922e846510c3fae c6bbe5ff79b148919922e846510c3fae] 10.0.0.47 "DELETE /resource_providers/1159540a-7145-4bde-90dc-389f3f9214b4" status: 404 len: 246 microversion: 1.1 [pid: 8|app: 0|req: 222/444] 10.0.0.47 () {34 vars in 813 bytes} [Sat Jul 25 11:20:32 2026] DELETE /resource_providers/1159540a-7145-4bde-90dc-389f3f9214b4 => generated 246 bytes in 15 msecs (HTTP/1.1 404) 6 headers in 231 bytes (1 switches on core 0)
2026-07-25 11:20:32.466 7 INFO placement.requestlog [None req-0293ec1f-ceaa-4a40-bd87-8f7ca19f9316 78a2cad6efae422aa21b5f8c51291b9f 4b58beb89b3540fe92c1ce0157bcdb35 - - c6bbe5ff79b148919922e846510c3fae c6bbe5ff79b148919922e846510c3fae] 10.0.0.47 "DELETE /resource_providers/1159540a-7145-4bde-90dc-389f3f9214b4" status: 404 len: 246 microversion: 1.1 [pid: 7|app: 0|req: 223/445] 10.0.0.47 () {34 vars in 813 bytes} [Sat Jul 25 11:20:32 2026] DELETE /resource_providers/1159540a-7145-4bde-90dc-389f3f9214b4 => generated 246 bytes in 11 msecs (HTTP/1.1 404) 6 headers in 231 bytes (1 switches on core 0)
2026-07-25 11:20:34.488 8 INFO placement.requestlog [None req-5f8647f6-01cc-4275-9be9-f29e556250a0 78a2cad6efae422aa21b5f8c51291b9f 4b58beb89b3540fe92c1ce0157bcdb35 - - c6bbe5ff79b148919922e846510c3fae c6bbe5ff79b148919922e846510c3fae] 10.0.0.47 "GET /resource_providers/46c912d4-d5ab-4745-97db-760aed8fdf41/aggregates" status: 404 len: 235 microversion: 1.1 [pid: 8|app: 0|req: 223/446] 10.0.0.47 () {32 vars in 813 bytes} [Sat Jul 25 11:20:34 2026] GET /resource_providers/46c912d4-d5ab-4745-97db-760aed8fdf41/aggregates => generated 235 bytes in 16 msecs (HTTP/1.1 404) 5 headers in 202 bytes (1 switches on core 0)
2026-07-25 11:20:34.502 7 INFO placement.requestlog [None req-dab6a400-b62a-4bfa-92ef-5a8b3cb770cb 78a2cad6efae422aa21b5f8c51291b9f 4b58beb89b3540fe92c1ce0157bcdb35 - - c6bbe5ff79b148919922e846510c3fae c6bbe5ff79b148919922e846510c3fae] 10.0.0.47 "GET /resource_providers/46c912d4-d5ab-4745-97db-760aed8fdf41/aggregates" status: 404 len: 235 microversion: 1.1 [pid: 7|app: 0|req: 224/447] 10.0.0.47 () {32 vars in 813 bytes} [Sat Jul 25 11:20:34 2026] GET /resource_providers/46c912d4-d5ab-4745-97db-760aed8fdf41/aggregates => generated 235 bytes in 13 msecs (HTTP/1.1 404) 5 headers in 202 bytes (1 switches on core 0)
2026-07-25 11:20:34.507 8 INFO placement.requestlog [None req-d54a8694-9240-4a91-b93b-0db758cd590c 78a2cad6efae422aa21b5f8c51291b9f 4b58beb89b3540fe92c1ce0157bcdb35 - - c6bbe5ff79b148919922e846510c3fae c6bbe5ff79b148919922e846510c3fae] 10.0.0.47 "DELETE /resource_providers/46c912d4-d5ab-4745-97db-760aed8fdf41" status: 404 len: 246 microversion: 1.1 [pid: 8|app: 0|req: 224/448] 10.0.0.47 () {34 vars in 813 bytes} [Sat Jul 25 11:20:34 2026] DELETE /resource_providers/46c912d4-d5ab-4745-97db-760aed8fdf41 => generated 246 bytes in 8 msecs (HTTP/1.1 404) 6 headers in 231 bytes (1 switches on core 0)
2026-07-25 11:20:34.524 7 INFO placement.requestlog [None req-77b379a8-d1fd-4f9e-87dd-d991e11c5792 78a2cad6efae422aa21b5f8c51291b9f 4b58beb89b3540fe92c1ce0157bcdb35 - - c6bbe5ff79b148919922e846510c3fae c6bbe5ff79b148919922e846510c3fae] 10.0.0.47 "DELETE /resource_providers/46c912d4-d5ab-4745-97db-760aed8fdf41" status: 404 len: 246 microversion: 1.1 [pid: 7|app: 0|req: 225/449] 10.0.0.47 () {34 vars in 813 bytes} [Sat Jul 25 11:20:34 2026] DELETE /resource_providers/46c912d4-d5ab-4745-97db-760aed8fdf41 => generated 246 bytes in 11 msecs (HTTP/1.1 404) 6 headers in 231 bytes (1 switches on core 0)
2026-07-25 11:20:37.028 8 INFO placement.requestlog [None req-a5398d94-d7ed-4fbe-b3ca-282a7276a957 - - - - - -] 10.0.0.54 "GET /" status: 200 len: 136 microversion: 1.0
2026-07-25 11:20:37.028 7 INFO placement.requestlog [None req-90bd382e-f55e-487f-a173-2d2800db8430 - - - - - -] 10.0.0.54 "GET /" status: 200 len: 136 microversion: 1.0
2026-07-25 11:20:40.836 7 INFO placement.requestlog [None req-d4da3d24-75ba-4092-8f06-8478328ed790 78a2cad6efae422aa21b5f8c51291b9f 4b58beb89b3540fe92c1ce0157bcdb35 - - c6bbe5ff79b148919922e846510c3fae c6bbe5ff79b148919922e846510c3fae] 10.0.0.47 "GET /resource_providers/4e53850c-d098-426c-abec-4a5c9556cc6a/aggregates" status: 404 len: 235 microversion: 1.1 [pid: 7|app: 0|req: 227/452] 10.0.0.47 () {32 vars in 813 bytes} [Sat Jul 25 11:20:40 2026] GET /resource_providers/4e53850c-d098-426c-abec-4a5c9556cc6a/aggregates => generated 235 bytes in 7 msecs (HTTP/1.1 404) 5 headers in 202 bytes (1 switches on core 0)
