2026-09-23 04:29:10.513 8 INFO placement.requestlog [None req-88541bcf-7a34-4218-908f-85a95f8aec8e - - - - - -] 10.0.0.135 "GET /" status: 200 len: 136 microversion: 1.0
2026-09-23 04:29:20.512 7 INFO placement.requestlog [None req-ecdb6938-3dbf-4078-b9e3-f50351237d25 - - - - - -] 10.0.0.135 "GET /" status: 200 len: 136 microversion: 1.0
2026-09-23 04:29:20.512 8 INFO placement.requestlog [None req-6ed0f6a0-8299-4dc9-a711-087ea87d105e - - - - - -] 10.0.0.135 "GET /" status: 200 len: 136 microversion: 1.0
2026-09-23 04:29:30.512 8 INFO placement.requestlog [None req-2e3324c0-f83d-4de1-a808-6c5ed6c459f9 - - - - - -] 10.0.0.135 "GET /" status: 200 len: 136 microversion: 1.0
2026-09-23 04:29:30.513 7 INFO placement.requestlog [None req-2e881c8f-6cb8-4a64-9db5-92a891719458 - - - - - -] 10.0.0.135 "GET /" status: 200 len: 136 microversion: 1.0
2026-09-23 04:29:40.512 8 INFO placement.requestlog [None req-c9f4779c-beab-47d2-90f9-ba36eaaa7b17 - - - - - -] 10.0.0.135 "GET /" status: 200 len: 136 microversion: 1.0
2026-09-23 04:29:40.512 7 INFO placement.requestlog [None req-5802e536-eba4-4b8b-b3cc-0f990eacab40 - - - - - -] 10.0.0.135 "GET /" status: 200 len: 136 microversion: 1.0
2026-09-23 04:29:50.512 7 INFO placement.requestlog [None req-40480239-2f4e-4b14-aa7a-4fc00a158480 - - - - - -] 10.0.0.135 "GET /" status: 200 len: 136 microversion: 1.0
2026-09-23 04:29:50.512 8 INFO placement.requestlog [None req-29d99a9b-8672-4d3d-8d8c-6570f6888b8b - - - - - -] 10.0.0.135 "GET /" status: 200 len: 136 microversion: 1.0
2026-09-23 04:29:56.024 8 INFO placement.requestlog [req-cc3568c5-62f4-48c8-b0be-5b82e599d79d req-b03dd70d-0516-4ad2-8c68-c96ed0594d4a 24074e5f93834a3ea9ab53ace7db0e92 f255475270494e3db4d4537d68171d0c - - 0b43ab2006bc43c89ab91f80f4ee479d 0b43ab2006bc43c89ab91f80f4ee479d] 162.253.55.112 "GET /resource_providers/aa8c7d8d-3f51-42f9-bcb5-415e6d635782/allocations" status: 200 len: 54 microversion: 1.0 [pid: 8|app: 0|req: 291/585] 162.253.55.112 () {32 vars in 857 bytes} [Wed Sep 23 04:29:56 2026] GET /resource_providers/aa8c7d8d-3f51-42f9-bcb5-415e6d635782/allocations => generated 54 bytes in 16 msecs (HTTP/1.1 200) 6 headers in 223 bytes (1 switches on core 0)
2026-09-23 04:29:56.046 7 INFO placement.requestlog [req-cc3568c5-62f4-48c8-b0be-5b82e599d79d req-60b48f81-e3a8-4623-8e30-3fd1f1ce7be2 24074e5f93834a3ea9ab53ace7db0e92 f255475270494e3db4d4537d68171d0c - - 0b43ab2006bc43c89ab91f80f4ee479d 0b43ab2006bc43c89ab91f80f4ee479d] 162.253.55.112 "GET /resource_providers/aa8c7d8d-3f51-42f9-bcb5-415e6d635782/allocations" status: 200 len: 54 microversion: 1.0 [pid: 7|app: 0|req: 295/586] 162.253.55.112 () {32 vars in 857 bytes} [Wed Sep 23 04:29:56 2026] GET /resource_providers/aa8c7d8d-3f51-42f9-bcb5-415e6d635782/allocations => generated 54 bytes in 15 msecs (HTTP/1.1 200) 6 headers in 223 bytes (1 switches on core 0)
2026-09-23 04:30:00.512 7 INFO placement.requestlog [None req-0954d274-2100-4b74-90d2-31c3a5614dad - - - - - -] 10.0.0.135 "GET /" status: 200 len: 136 microversion: 1.0
2026-09-23 04:30:00.513 8 INFO placement.requestlog [None req-fef432ad-b9f2-4b51-b70c-3ed3514669e2 - - - - - -] 10.0.0.135 "GET /" status: 200 len: 136 microversion: 1.0
2026-09-23 04:30:10.512 7 INFO placement.requestlog [None req-8a6c619b-d550-4ec5-888b-b781c4e4277f - - - - - -] 10.0.0.135 "GET /" status: 200 len: 136 microversion: 1.0
2026-09-23 04:30:10.513 8 INFO placement.requestlog [None req-f110e999-9d19-49b4-9a3a-4e5631628a21 - - - - - -] 10.0.0.135 "GET /" status: 200 len: 136 microversion: 1.0
2026-09-23 04:30:20.512 7 INFO placement.requestlog [None req-be547657-63cc-4067-8472-b6904eae7798 - - - - - -] 10.0.0.135 "GET /" status: 200 len: 136 microversion: 1.0
2026-09-23 04:30:20.512 8 INFO placement.requestlog [None req-0f90086a-1104-4bfc-b4c3-7eb0eee5ddbe - - - - - -] 10.0.0.135 "GET /" status: 200 len: 136 microversion: 1.0
2026-09-23 04:30:30.512 7 INFO placement.requestlog [None req-06409009-b5fb-4ac8-b8be-4d45fbd07820 - - - - - -] 10.0.0.135 "GET /" status: 200 len: 136 microversion: 1.0
2026-09-23 04:30:30.513 8 INFO placement.requestlog [None req-34802d1b-b9af-481f-93c9-a972e313915f - - - - - -] 10.0.0.135 "GET /" status: 200 len: 136 microversion: 1.0
2026-09-23 04:30:40.512 7 INFO placement.requestlog [None req-e5deed47-fb6a-4c02-b41a-5c4b9e6d51b6 - - - - - -] 10.0.0.135 "GET /" status: 200 len: 136 microversion: 1.0
2026-09-23 04:30:40.513 8 INFO placement.requestlog [None req-56f81a7f-3f7f-444b-973d-1a13ff26f76c - - - - - -] 10.0.0.135 "GET /" status: 200 len: 136 microversion: 1.0
2026-09-23 04:30:50.513 7 INFO placement.requestlog [None req-50003904-aaa6-4f71-b7b2-fe0cac02b2f4 - - - - - -] 10.0.0.135 "GET /" status: 200 len: 136 microversion: 1.0
2026-09-23 04:30:50.513 8 INFO placement.requestlog [None req-15ed5c1b-bad2-434c-9e3e-8188122b41ac - - - - - -] 10.0.0.135 "GET /" status: 200 len: 136 microversion: 1.0
2026-09-23 04:30:56.170 8 INFO placement.requestlog [req-2eadfb8a-aabf-46b8-9c12-082d7ae5c317 req-fd4f2db5-feed-43c7-b035-780deee53702 24074e5f93834a3ea9ab53ace7db0e92 f255475270494e3db4d4537d68171d0c - - 0b43ab2006bc43c89ab91f80f4ee479d 0b43ab2006bc43c89ab91f80f4ee479d] 162.253.55.112 "GET /resource_providers/aa8c7d8d-3f51-42f9-bcb5-415e6d635782/allocations" status: 200 len: 54 microversion: 1.0 [pid: 8|app: 0|req: 298/599] 162.253.55.112 () {32 vars in 857 bytes} [Wed Sep 23 04:30:56 2026] GET /resource_providers/aa8c7d8d-3f51-42f9-bcb5-415e6d635782/allocations => generated 54 bytes in 18 msecs (HTTP/1.1 200) 6 headers in 223 bytes (1 switches on core 0)
2026-09-23 04:30:56.199 7 INFO placement.requestlog [req-2eadfb8a-aabf-46b8-9c12-082d7ae5c317 req-313d1b47-c85d-4c49-93d3-3d917c977c41 24074e5f93834a3ea9ab53ace7db0e92 f255475270494e3db4d4537d68171d0c - - 0b43ab2006bc43c89ab91f80f4ee479d 0b43ab2006bc43c89ab91f80f4ee479d] 162.253.55.112 "GET /resource_providers/aa8c7d8d-3f51-42f9-bcb5-415e6d635782/allocations" status: 200 len: 54 microversion: 1.0 [pid: 7|app: 0|req: 302/600] 162.253.55.112 () {32 vars in 857 bytes} [Wed Sep 23 04:30:56 2026] GET /resource_providers/aa8c7d8d-3f51-42f9-bcb5-415e6d635782/allocations => generated 54 bytes in 26 msecs (HTTP/1.1 200) 6 headers in 223 bytes (1 switches on core 0)
2026-09-23 04:31:00.512 8 INFO placement.requestlog [None req-3f41d75c-795f-487b-93a1-16edda432f74 - - - - - -] 10.0.0.135 "GET /" status: 200 len: 136 microversion: 1.0
2026-09-23 04:31:00.512 7 INFO placement.requestlog [None req-fa2fa2bc-d061-4cfb-a819-c3f4cea419d1 - - - - - -] 10.0.0.135 "GET /" status: 200 len: 136 microversion: 1.0
2026-09-23 04:31:10.512 7 INFO placement.requestlog [None req-4322776e-f99d-4f61-8b1f-43c785fe5c73 - - - - - -] 10.0.0.135 "GET /" status: 200 len: 136 microversion: 1.0
2026-09-23 04:31:10.513 8 INFO placement.requestlog [None req-b9126ca8-1a85-4bd8-9b78-b11a382a8869 - - - - - -] 10.0.0.135 "GET /" status: 200 len: 136 microversion: 1.0
2026-09-23 04:31:20.512 8 INFO placement.requestlog [None req-a9cf2643-c552-4a11-a2fb-215a459febfa - - - - - -] 10.0.0.135 "GET /" status: 200 len: 136 microversion: 1.0
2026-09-23 04:31:20.512 7 INFO placement.requestlog [None req-b65d6215-e893-498e-8972-7a0410ea061b - - - - - -] 10.0.0.135 "GET /" status: 200 len: 136 microversion: 1.0
2026-09-23 04:31:30.512 8 INFO placement.requestlog [None req-ff49e068-fc3f-4ab4-965d-68f1c300f952 - - - - - -] 10.0.0.135 "GET /" status: 200 len: 136 microversion: 1.0
2026-09-23 04:31:30.512 7 INFO placement.requestlog [None req-843c9d4b-765c-4acd-b06a-6130deeccf66 - - - - - -] 10.0.0.135 "GET /" status: 200 len: 136 microversion: 1.0
2026-09-23 04:31:40.512 7 INFO placement.requestlog [None req-2714d496-abf2-4ce5-bfca-c97c8a440466 - - - - - -] 10.0.0.135 "GET /" status: 200 len: 136 microversion: 1.0
2026-09-23 04:31:40.514 8 INFO placement.requestlog [None req-f94c2ca9-5301-46fe-9a54-109ad736fb3b - - - - - -] 10.0.0.135 "GET /" status: 200 len: 136 microversion: 1.0
2026-09-23 04:31:50.513 7 INFO placement.requestlog [None req-40f3f135-ae0c-4172-97bc-1e221039d356 - - - - - -] 10.0.0.135 "GET /" status: 200 len: 136 microversion: 1.0
2026-09-23 04:31:50.513 8 INFO placement.requestlog [None req-a68ff1e8-f27d-476a-a433-6becdcfda50e - - - - - -] 10.0.0.135 "GET /" status: 200 len: 136 microversion: 1.0
2026-09-23 04:31:57.257 7 INFO placement.requestlog [req-f52f83fd-ca33-4059-82ea-ad9c7e2b6f9a req-bfa60d34-05cf-4a4b-a7a0-e4def7410001 24074e5f93834a3ea9ab53ace7db0e92 f255475270494e3db4d4537d68171d0c - - 0b43ab2006bc43c89ab91f80f4ee479d 0b43ab2006bc43c89ab91f80f4ee479d] 162.253.55.112 "GET /resource_providers/aa8c7d8d-3f51-42f9-bcb5-415e6d635782/allocations" status: 200 len: 54 microversion: 1.0 [pid: 7|app: 0|req: 309/613] 162.253.55.112 () {32 vars in 857 bytes} [Wed Sep 23 04:31:57 2026] GET /resource_providers/aa8c7d8d-3f51-42f9-bcb5-415e6d635782/allocations => generated 54 bytes in 19 msecs (HTTP/1.1 200) 6 headers in 223 bytes (1 switches on core 0)
2026-09-23 04:31:57.283 8 INFO placement.requestlog [req-f52f83fd-ca33-4059-82ea-ad9c7e2b6f9a req-0ffd1b63-b496-4eaa-a965-7310fbb2c068 24074e5f93834a3ea9ab53ace7db0e92 f255475270494e3db4d4537d68171d0c - - 0b43ab2006bc43c89ab91f80f4ee479d 0b43ab2006bc43c89ab91f80f4ee479d] 162.253.55.112 "GET /resource_providers/aa8c7d8d-3f51-42f9-bcb5-415e6d635782/allocations" status: 200 len: 54 microversion: 1.0 [pid: 8|app: 0|req: 305/614] 162.253.55.112 () {32 vars in 857 bytes} [Wed Sep 23 04:31:57 2026] GET /resource_providers/aa8c7d8d-3f51-42f9-bcb5-415e6d635782/allocations => generated 54 bytes in 19 msecs (HTTP/1.1 200) 6 headers in 223 bytes (1 switches on core 0)
2026-09-23 04:32:00.512 7 INFO placement.requestlog [None req-c1e28e78-b7f2-40d5-b9a7-97e5e51426e1 - - - - - -] 10.0.0.135 "GET /" status: 200 len: 136 microversion: 1.0
2026-09-23 04:32:00.512 8 INFO placement.requestlog [None req-840f8f69-eb9f-4b1a-9d99-9d2979b75409 - - - - - -] 10.0.0.135 "GET /" status: 200 len: 136 microversion: 1.0
2026-09-23 04:32:10.513 7 INFO placement.requestlog [None req-44ad9bb6-13ec-4d34-8593-2c4d75314698 - - - - - -] 10.0.0.135 "GET /" status: 200 len: 136 microversion: 1.0
2026-09-23 04:32:10.513 8 INFO placement.requestlog [None req-75457246-a827-4d32-8c7d-3abc630b3d7b - - - - - -] 10.0.0.135 "GET /" status: 200 len: 136 microversion: 1.0
2026-09-23 04:32:20.512 7 INFO placement.requestlog [None req-3fbe6aee-eb7b-4fe7-8c15-e26c58732d49 - - - - - -] 10.0.0.135 "GET /" status: 200 len: 136 microversion: 1.0
2026-09-23 04:32:20.512 8 INFO placement.requestlog [None req-b6af7212-c9a5-4ced-9de2-571006d4c8f0 - - - - - -] 10.0.0.135 "GET /" status: 200 len: 136 microversion: 1.0
2026-09-23 04:32:30.512 8 INFO placement.requestlog [None req-3770ee86-9c0a-4ce0-974b-256ae366b7a0 - - - - - -] 10.0.0.135 "GET /" status: 200 len: 136 microversion: 1.0
2026-09-23 04:32:30.513 7 INFO placement.requestlog [None req-937a67c3-54e6-49ca-b557-a5827305e991 - - - - - -] 10.0.0.135 "GET /" status: 200 len: 136 microversion: 1.0
2026-09-23 04:32:40.513 8 INFO placement.requestlog [None req-d33d1d9d-5d5b-4452-9183-d15280835875 - - - - - -] 10.0.0.135 "GET /" status: 200 len: 136 microversion: 1.0
2026-09-23 04:32:40.513 7 INFO placement.requestlog [None req-167d78d3-3079-4e74-8e86-73f7a452577e - - - - - -] 10.0.0.135 "GET /" status: 200 len: 136 microversion: 1.0
2026-09-23 04:32:50.512 8 INFO placement.requestlog [None req-c776cc55-b97d-4b4f-91cb-a901f55c924f - - - - - -] 10.0.0.135 "GET /" status: 200 len: 136 microversion: 1.0
2026-09-23 04:32:50.513 7 INFO placement.requestlog [None req-d4487e64-4877-4510-9efe-7f1fc63a4022 - - - - - -] 10.0.0.135 "GET /" status: 200 len: 136 microversion: 1.0
2026-09-23 04:32:59.249 8 INFO placement.requestlog [req-4f857f22-df32-47f0-933b-960fcb716cd6 req-3b2c3103-30ae-45bd-b20f-12208e4fd29c 24074e5f93834a3ea9ab53ace7db0e92 f255475270494e3db4d4537d68171d0c - - 0b43ab2006bc43c89ab91f80f4ee479d 0b43ab2006bc43c89ab91f80f4ee479d] 162.253.55.112 "GET /resource_providers/aa8c7d8d-3f51-42f9-bcb5-415e6d635782/allocations" status: 200 len: 54 microversion: 1.0 [pid: 8|app: 0|req: 312/627] 162.253.55.112 () {32 vars in 857 bytes} [Wed Sep 23 04:32:59 2026] GET /resource_providers/aa8c7d8d-3f51-42f9-bcb5-415e6d635782/allocations => generated 54 bytes in 23 msecs (HTTP/1.1 200) 6 headers in 223 bytes (1 switches on core 0)
2026-09-23 04:32:59.291 7 INFO placement.requestlog [req-4f857f22-df32-47f0-933b-960fcb716cd6 req-fcf6a1ca-ab80-4df5-ab13-3f3ed500ec2b 24074e5f93834a3ea9ab53ace7db0e92 f255475270494e3db4d4537d68171d0c - - 0b43ab2006bc43c89ab91f80f4ee479d 0b43ab2006bc43c89ab91f80f4ee479d] 162.253.55.112 "GET /resource_providers/aa8c7d8d-3f51-42f9-bcb5-415e6d635782/allocations" status: 200 len: 54 microversion: 1.0 [pid: 7|app: 0|req: 316/628] 162.253.55.112 () {32 vars in 857 bytes} [Wed Sep 23 04:32:59 2026] GET /resource_providers/aa8c7d8d-3f51-42f9-bcb5-415e6d635782/allocations => generated 54 bytes in 37 msecs (HTTP/1.1 200) 6 headers in 223 bytes (1 switches on core 0)
2026-09-23 04:33:00.512 8 INFO placement.requestlog [None req-4abdc9c5-2a2c-4001-9610-81152e9cb196 - - - - - -] 10.0.0.135 "GET /" status: 200 len: 136 microversion: 1.0
2026-09-23 04:33:00.512 7 INFO placement.requestlog [None req-b5fa6dc6-e64f-42c9-a2c2-e1e0c740e383 - - - - - -] 10.0.0.135 "GET /" status: 200 len: 136 microversion: 1.0
2026-09-23 04:33:10.513 8 INFO placement.requestlog [None req-9a71d207-4ed6-4022-ac01-f27b715875f5 - - - - - -] 10.0.0.135 "GET /" status: 200 len: 136 microversion: 1.0
2026-09-23 04:33:10.513 7 INFO placement.requestlog [None req-fc7777b8-4400-41a0-9d52-5f15dc355bd8 - - - - - -] 10.0.0.135 "GET /" status: 200 len: 136 microversion: 1.0
2026-09-23 04:33:20.512 7 INFO placement.requestlog [None req-314b8afc-1506-4a50-8552-2ddf6a07677b - - - - - -] 10.0.0.135 "GET /" status: 200 len: 136 microversion: 1.0
2026-09-23 04:33:20.512 8 INFO placement.requestlog [None req-955251b2-ba61-4788-bcea-0ad232c89927 - - - - - -] 10.0.0.135 "GET /" status: 200 len: 136 microversion: 1.0
2026-09-23 04:33:30.512 8 INFO placement.requestlog [None req-3999a492-2eb4-48a5-ab4f-75975af66d1a - - - - - -] 10.0.0.135 "GET /" status: 200 len: 136 microversion: 1.0
2026-09-23 04:33:30.513 7 INFO placement.requestlog [None req-a6118aca-570c-4b49-85e7-0cdd99966fbb - - - - - -] 10.0.0.135 "GET /" status: 200 len: 136 microversion: 1.0
2026-09-23 04:33:40.512 7 INFO placement.requestlog [None req-191540a8-5ad1-4317-9d76-9e6b2c598e6c - - - - - -] 10.0.0.135 "GET /" status: 200 len: 136 microversion: 1.0
2026-09-23 04:33:40.512 8 INFO placement.requestlog [None req-d19e1a9c-589c-4c1c-b8ff-c0556d09fcac - - - - - -] 10.0.0.135 "GET /" status: 200 len: 136 microversion: 1.0
2026-09-23 04:33:50.512 7 INFO placement.requestlog [None req-26e6667e-ae80-443d-872b-a14ca93743a6 - - - - - -] 10.0.0.135 "GET /" status: 200 len: 136 microversion: 1.0
2026-09-23 04:33:50.513 8 INFO placement.requestlog [None req-04e2dbf9-a5d9-4b72-ab7d-a72c3a4ca905 - - - - - -] 10.0.0.135 "GET /" status: 200 len: 136 microversion: 1.0
2026-09-23 04:34:00.206 7 INFO placement.requestlog [req-17bc425e-569d-4d97-9fd8-75ce049e51aa req-7a869180-090e-463a-b257-43a8fd521668 24074e5f93834a3ea9ab53ace7db0e92 f255475270494e3db4d4537d68171d0c - - 0b43ab2006bc43c89ab91f80f4ee479d 0b43ab2006bc43c89ab91f80f4ee479d] 162.253.55.112 "GET /resource_providers/aa8c7d8d-3f51-42f9-bcb5-415e6d635782/allocations" status: 200 len: 54 microversion: 1.0 [pid: 7|app: 0|req: 323/641] 162.253.55.112 () {32 vars in 857 bytes} [Wed Sep 23 04:34:00 2026] GET /resource_providers/aa8c7d8d-3f51-42f9-bcb5-415e6d635782/allocations => generated 54 bytes in 56 msecs (HTTP/1.1 200) 6 headers in 223 bytes (1 switches on core 0)
2026-09-23 04:34:00.239 8 INFO placement.requestlog [req-17bc425e-569d-4d97-9fd8-75ce049e51aa req-aa22d3c5-5fbe-494d-baee-8e625e1d052e 24074e5f93834a3ea9ab53ace7db0e92 f255475270494e3db4d4537d68171d0c - - 0b43ab2006bc43c89ab91f80f4ee479d 0b43ab2006bc43c89ab91f80f4ee479d] 162.253.55.112 "GET /resource_providers?in_tree=aa8c7d8d-3f51-42f9-bcb5-415e6d635782" status: 200 len: 797 microversion: 1.14 [pid: 8|app: 0|req: 319/642] 162.253.55.112 () {34 vars in 892 bytes} [Wed Sep 23 04:34:00 2026] GET /resource_providers?in_tree=aa8c7d8d-3f51-42f9-bcb5-415e6d635782 => generated 797 bytes in 27 msecs (HTTP/1.1 200) 6 headers in 225 bytes (1 switches on core 0)
2026-09-23 04:34:00.267 7 INFO placement.requestlog [req-17bc425e-569d-4d97-9fd8-75ce049e51aa req-c7f39e97-0ff7-4e29-bcb7-ad91ab98ee18 24074e5f93834a3ea9ab53ace7db0e92 f255475270494e3db4d4537d68171d0c - - 0b43ab2006bc43c89ab91f80f4ee479d 0b43ab2006bc43c89ab91f80f4ee479d] 162.253.55.112 "GET /resource_providers/aa8c7d8d-3f51-42f9-bcb5-415e6d635782/inventories" status: 200 len: 400 microversion: 1.0 [pid: 7|app: 0|req: 324/643] 162.253.55.112 () {32 vars in 857 bytes} [Wed Sep 23 04:34:00 2026] GET /resource_providers/aa8c7d8d-3f51-42f9-bcb5-415e6d635782/inventories => generated 400 bytes in 21 msecs (HTTP/1.1 200) 6 headers in 224 bytes (1 switches on core 0)
2026-09-23 04:34:00.293 8 INFO placement.requestlog [req-17bc425e-569d-4d97-9fd8-75ce049e51aa req-f4125a10-7487-4334-a38b-6cf937a8542a 24074e5f93834a3ea9ab53ace7db0e92 f255475270494e3db4d4537d68171d0c - - 0b43ab2006bc43c89ab91f80f4ee479d 0b43ab2006bc43c89ab91f80f4ee479d] 162.253.55.112 "GET /resource_providers/aa8c7d8d-3f51-42f9-bcb5-415e6d635782/aggregates" status: 200 len: 53 microversion: 1.19 [pid: 8|app: 0|req: 320/644] 162.253.55.112 () {34 vars in 899 bytes} [Wed Sep 23 04:34:00 2026] GET /resource_providers/aa8c7d8d-3f51-42f9-bcb5-415e6d635782/aggregates => generated 53 bytes in 19 msecs (HTTP/1.1 200) 8 headers in 295 bytes (1 switches on core 0)
2026-09-23 04:34:00.328 7 INFO placement.requestlog [req-17bc425e-569d-4d97-9fd8-75ce049e51aa req-9f681d47-d7a0-4aa6-9bd2-72b8fdcbb2f4 24074e5f93834a3ea9ab53ace7db0e92 f255475270494e3db4d4537d68171d0c - - 0b43ab2006bc43c89ab91f80f4ee479d 0b43ab2006bc43c89ab91f80f4ee479d] 162.253.55.112 "GET /resource_providers/aa8c7d8d-3f51-42f9-bcb5-415e6d635782/traits" status: 200 len: 2316 microversion: 1.6 [pid: 7|app: 0|req: 325/645] 162.253.55.112 () {34 vars in 890 bytes} [Wed Sep 23 04:34:00 2026] GET /resource_providers/aa8c7d8d-3f51-42f9-bcb5-415e6d635782/traits => generated 2316 bytes in 29 msecs (HTTP/1.1 200) 6 headers in 225 bytes (1 switches on core 0)
2026-09-23 04:34:00.349 8 INFO placement.requestlog [req-17bc425e-569d-4d97-9fd8-75ce049e51aa req-26c69ecd-bfb3-43f7-9b58-a42ad9c2a5a9 24074e5f93834a3ea9ab53ace7db0e92 f255475270494e3db4d4537d68171d0c - - 0b43ab2006bc43c89ab91f80f4ee479d 0b43ab2006bc43c89ab91f80f4ee479d] 162.253.55.112 "GET /resource_providers/aa8c7d8d-3f51-42f9-bcb5-415e6d635782/allocations" status: 200 len: 54 microversion: 1.0 [pid: 8|app: 0|req: 321/646] 162.253.55.112 () {32 vars in 857 bytes} [Wed Sep 23 04:34:00 2026] GET /resource_providers/aa8c7d8d-3f51-42f9-bcb5-415e6d635782/allocations => generated 54 bytes in 16 msecs (HTTP/1.1 200) 6 headers in 223 bytes (1 switches on core 0)
2026-09-23 04:34:00.512 8 INFO placement.requestlog [None req-43531731-e442-4fcc-bcf6-7ed4a78ca577 - - - - - -] 10.0.0.135 "GET /" status: 200 len: 136 microversion: 1.0
2026-09-23 04:34:00.512 7 INFO placement.requestlog [None req-21658cee-d370-494c-a47d-94505dabc350 - - - - - -] 10.0.0.135 "GET /" status: 200 len: 136 microversion: 1.0
2026-09-23 04:34:10.512 8 INFO placement.requestlog [None req-682ee588-f168-4d87-b63d-c1ddef8d7eb8 - - - - - -] 10.0.0.135 "GET /" status: 200 len: 136 microversion: 1.0
2026-09-23 04:34:10.512 7 INFO placement.requestlog [None req-1ff11664-a268-46d3-8ba3-984d10eb1ccf - - - - - -] 10.0.0.135 "GET /" status: 200 len: 136 microversion: 1.0
2026-09-23 04:34:20.512 7 INFO placement.requestlog [None req-8fe9fa4e-1eb9-4126-8f09-31f04a79eae3 - - - - - -] 10.0.0.135 "GET /" status: 200 len: 136 microversion: 1.0
2026-09-23 04:34:20.512 8 INFO placement.requestlog [None req-fbbcaa93-3e28-407e-92d4-e22e03105000 - - - - - -] 10.0.0.135 "GET /" status: 200 len: 136 microversion: 1.0
2026-09-23 04:34:30.512 8 INFO placement.requestlog [None req-2b76dca7-d423-4e30-9524-e4791791e489 - - - - - -] 10.0.0.135 "GET /" status: 200 len: 136 microversion: 1.0
2026-09-23 04:34:30.512 7 INFO placement.requestlog [None req-c8d2d5ea-a526-45b3-b474-e11852c5a501 - - - - - -] 10.0.0.135 "GET /" status: 200 len: 136 microversion: 1.0
2026-09-23 04:34:40.513 8 INFO placement.requestlog [None req-38210b1e-5106-4e34-8cca-b5fd3ecf2c6b - - - - - -] 10.0.0.135 "GET /" status: 200 len: 136 microversion: 1.0
2026-09-23 04:34:40.514 7 INFO placement.requestlog [None req-109d7446-9866-4523-b28e-2f5a7e0a7b81 - - - - - -] 10.0.0.135 "GET /" status: 200 len: 136 microversion: 1.0
2026-09-23 04:34:50.513 8 INFO placement.requestlog [None req-1ef3a440-8955-4501-b438-ab5dbea104ed - - - - - -] 10.0.0.135 "GET /" status: 200 len: 136 microversion: 1.0
2026-09-23 04:34:50.513 7 INFO placement.requestlog [None req-4130344f-dece-455a-95bd-8f41d74d96ff - - - - - -] 10.0.0.135 "GET /" status: 200 len: 136 microversion: 1.0
2026-09-23 04:35:00.512 8 INFO placement.requestlog [None req-9c3398ae-964a-40c4-aa26-3a8d75ecfcb8 - - - - - -] 10.0.0.135 "GET /" status: 200 len: 136 microversion: 1.0
2026-09-23 04:35:00.513 7 INFO placement.requestlog [None req-699dd6f7-51de-4e4b-a6a7-27e9a82a8efd - - - - - -] 10.0.0.135 "GET /" status: 200 len: 136 microversion: 1.0
2026-09-23 04:35:01.334 8 INFO placement.requestlog [req-ba23f76e-1639-4c2e-82df-0f49d494cb65 req-a7d1d3ba-7f98-4bb5-a0f1-11f67011a625 24074e5f93834a3ea9ab53ace7db0e92 f255475270494e3db4d4537d68171d0c - - 0b43ab2006bc43c89ab91f80f4ee479d 0b43ab2006bc43c89ab91f80f4ee479d] 162.253.55.112 "GET /resource_providers/aa8c7d8d-3f51-42f9-bcb5-415e6d635782/allocations" status: 200 len: 54 microversion: 1.0 [pid: 8|app: 0|req: 329/661] 162.253.55.112 () {32 vars in 857 bytes} [Wed Sep 23 04:35:01 2026] GET /resource_providers/aa8c7d8d-3f51-42f9-bcb5-415e6d635782/allocations => generated 54 bytes in 20 msecs (HTTP/1.1 200) 6 headers in 223 bytes (1 switches on core 0)
2026-09-23 04:35:01.365 7 INFO placement.requestlog [req-ba23f76e-1639-4c2e-82df-0f49d494cb65 req-4b0ff9ae-a33b-41fc-8067-80bdada92875 24074e5f93834a3ea9ab53ace7db0e92 f255475270494e3db4d4537d68171d0c - - 0b43ab2006bc43c89ab91f80f4ee479d 0b43ab2006bc43c89ab91f80f4ee479d] 162.253.55.112 "GET /resource_providers/aa8c7d8d-3f51-42f9-bcb5-415e6d635782/allocations" status: 200 len: 54 microversion: 1.0 [pid: 7|app: 0|req: 333/662] 162.253.55.112 () {32 vars in 857 bytes} [Wed Sep 23 04:35:01 2026] GET /resource_providers/aa8c7d8d-3f51-42f9-bcb5-415e6d635782/allocations => generated 54 bytes in 25 msecs (HTTP/1.1 200) 6 headers in 223 bytes (1 switches on core 0)
2026-09-23 04:35:10.513 8 INFO placement.requestlog [None req-65ea4291-ca29-4104-8dee-7e7e01206ab3 - - - - - -] 10.0.0.135 "GET /" status: 200 len: 136 microversion: 1.0
2026-09-23 04:35:10.513 7 INFO placement.requestlog [None req-714f396e-c8a3-403c-b6ee-0a78456a2b0c - - - - - -] 10.0.0.135 "GET /" status: 200 len: 136 microversion: 1.0
2026-09-23 04:35:16.268 8 INFO placement.requestlog [req-5165fa69-3886-493d-82d2-9678ede7d9dd req-1b1b1c77-ea12-431d-89be-e28cecf3649a 24074e5f93834a3ea9ab53ace7db0e92 f255475270494e3db4d4537d68171d0c - - 0b43ab2006bc43c89ab91f80f4ee479d 0b43ab2006bc43c89ab91f80f4ee479d] 10.0.0.5 "GET /allocation_candidates?limit=1000&resources=DISK_GB%3A1%2CMEMORY_MB%3A512%2CVCPU%3A1&root_required=%21COMPUTE_STATUS_DISABLED" status: 200 len: 2781 microversion: 1.36 [pid: 8|app: 0|req: 331/665] 10.0.0.5 () {34 vars in 1010 bytes} [Wed Sep 23 04:35:16 2026] GET /allocation_candidates?limit=1000&resources=DISK_GB%3A1%2CMEMORY_MB%3A512%2CVCPU%3A1&root_required=%21COMPUTE_STATUS_DISABLED => generated 2781 bytes in 179 msecs (HTTP/1.1 200) 8 headers in 297 bytes (1 switches on core 0)
2026-09-23 04:35:16.321 7 INFO placement.requestlog [req-5165fa69-3886-493d-82d2-9678ede7d9dd req-5f8c9a99-95e2-4c7f-a538-42d01ff2424c 24074e5f93834a3ea9ab53ace7db0e92 f255475270494e3db4d4537d68171d0c - - 0b43ab2006bc43c89ab91f80f4ee479d 0b43ab2006bc43c89ab91f80f4ee479d] 10.0.0.5 "GET /allocations/16bfa115-8238-40b9-8127-d228b5d60cb4" status: 200 len: 19 microversion: 1.28 [pid: 7|app: 0|req: 335/666] 10.0.0.5 () {34 vars in 859 bytes} [Wed Sep 23 04:35:16 2026] GET /allocations/16bfa115-8238-40b9-8127-d228b5d60cb4 => generated 19 bytes in 13 msecs (HTTP/1.1 200) 8 headers in 295 bytes (1 switches on core 0)
2026-09-23 04:35:16.404 8 INFO placement.requestlog [req-5165fa69-3886-493d-82d2-9678ede7d9dd req-8e627f7c-876d-4ba2-959f-d07f000c3347 24074e5f93834a3ea9ab53ace7db0e92 f255475270494e3db4d4537d68171d0c - - 0b43ab2006bc43c89ab91f80f4ee479d 0b43ab2006bc43c89ab91f80f4ee479d] 10.0.0.5 "PUT /allocations/16bfa115-8238-40b9-8127-d228b5d60cb4" status: 204 len: 0 microversion: 1.36 [pid: 8|app: 0|req: 332/667] 10.0.0.5 () {38 vars in 912 bytes} [Wed Sep 23 04:35:16 2026] PUT /allocations/16bfa115-8238-40b9-8127-d228b5d60cb4 => generated 0 bytes in 77 msecs (HTTP/1.1 204) 5 headers in 199 bytes (1 switches on core 0)
2026-09-23 04:35:16.557 7 INFO placement.requestlog [req-13af1bd1-2a6e-4f2f-b3f2-246adedf2661 req-d03934c5-0fbe-4856-aa1d-a16ed192b376 24074e5f93834a3ea9ab53ace7db0e92 f255475270494e3db4d4537d68171d0c - - 0b43ab2006bc43c89ab91f80f4ee479d 0b43ab2006bc43c89ab91f80f4ee479d] 10.0.0.5 "GET /allocation_candidates?limit=1000&resources=DISK_GB%3A1%2CMEMORY_MB%3A512%2CVCPU%3A1&root_required=%21COMPUTE_STATUS_DISABLED" status: 200 len: 2783 microversion: 1.36 [pid: 7|app: 0|req: 336/668] 10.0.0.5 () {34 vars in 1010 bytes} [Wed Sep 23 04:35:16 2026] GET /allocation_candidates?limit=1000&resources=DISK_GB%3A1%2CMEMORY_MB%3A512%2CVCPU%3A1&root_required=%21COMPUTE_STATUS_DISABLED => generated 2783 bytes in 78 msecs (HTTP/1.1 200) 8 headers in 297 bytes (1 switches on core 0)
2026-09-23 04:35:16.616 8 INFO placement.requestlog [req-13af1bd1-2a6e-4f2f-b3f2-246adedf2661 req-0a692a13-c715-4a83-a7d4-81753141bc09 24074e5f93834a3ea9ab53ace7db0e92 f255475270494e3db4d4537d68171d0c - - 0b43ab2006bc43c89ab91f80f4ee479d 0b43ab2006bc43c89ab91f80f4ee479d] 10.0.0.5 "GET /allocations/4aa44d77-a8a0-42da-b309-85b9992cc442" status: 200 len: 19 microversion: 1.28 [pid: 8|app: 0|req: 333/669] 10.0.0.5 () {34 vars in 859 bytes} [Wed Sep 23 04:35:16 2026] GET /allocations/4aa44d77-a8a0-42da-b309-85b9992cc442 => generated 19 bytes in 15 msecs (HTTP/1.1 200) 8 headers in 295 bytes (1 switches on core 0)
2026-09-23 04:35:16.739 7 INFO placement.requestlog [req-13af1bd1-2a6e-4f2f-b3f2-246adedf2661 req-a6eb8c05-35bf-4848-997a-34e2933883bd 24074e5f93834a3ea9ab53ace7db0e92 f255475270494e3db4d4537d68171d0c - - 0b43ab2006bc43c89ab91f80f4ee479d 0b43ab2006bc43c89ab91f80f4ee479d] 10.0.0.5 "PUT /allocations/4aa44d77-a8a0-42da-b309-85b9992cc442" status: 204 len: 0 microversion: 1.36 [pid: 7|app: 0|req: 337/670] 10.0.0.5 () {38 vars in 912 bytes} [Wed Sep 23 04:35:16 2026] PUT /allocations/4aa44d77-a8a0-42da-b309-85b9992cc442 => generated 0 bytes in 117 msecs (HTTP/1.1 204) 5 headers in 199 bytes (1 switches on core 0)
2026-09-23 04:35:17.087 8 INFO placement.requestlog [req-5165fa69-3886-493d-82d2-9678ede7d9dd req-77d839af-6fc8-4a01-9578-ef199028cba9 24074e5f93834a3ea9ab53ace7db0e92 f255475270494e3db4d4537d68171d0c - - 0b43ab2006bc43c89ab91f80f4ee479d 0b43ab2006bc43c89ab91f80f4ee479d] 162.253.55.112 "GET /allocations/16bfa115-8238-40b9-8127-d228b5d60cb4" status: 200 len: 257 microversion: 1.28 [pid: 8|app: 0|req: 334/671] 162.253.55.112 () {34 vars in 863 bytes} [Wed Sep 23 04:35:17 2026] GET /allocations/16bfa115-8238-40b9-8127-d228b5d60cb4 => generated 257 bytes in 15 msecs (HTTP/1.1 200) 8 headers in 296 bytes (1 switches on core 0)
2026-09-23 04:35:17.253 7 INFO placement.requestlog [req-5165fa69-3886-493d-82d2-9678ede7d9dd req-5ac245f8-31b7-415f-a71f-009c5447da3c 24074e5f93834a3ea9ab53ace7db0e92 f255475270494e3db4d4537d68171d0c - - 0b43ab2006bc43c89ab91f80f4ee479d 0b43ab2006bc43c89ab91f80f4ee479d] 162.253.55.112 "GET /resource_providers/aa8c7d8d-3f51-42f9-bcb5-415e6d635782/allocations" status: 200 len: 252 microversion: 1.0 [pid: 7|app: 0|req: 338/672] 162.253.55.112 () {32 vars in 857 bytes} [Wed Sep 23 04:35:17 2026] GET /resource_providers/aa8c7d8d-3f51-42f9-bcb5-415e6d635782/allocations => generated 252 bytes in 25 msecs (HTTP/1.1 200) 6 headers in 224 bytes (1 switches on core 0)
2026-09-23 04:35:17.279 8 INFO placement.requestlog [req-5165fa69-3886-493d-82d2-9678ede7d9dd req-7c82d689-5e30-40bb-869b-bde982349a65 24074e5f93834a3ea9ab53ace7db0e92 f255475270494e3db4d4537d68171d0c - - 0b43ab2006bc43c89ab91f80f4ee479d 0b43ab2006bc43c89ab91f80f4ee479d] 162.253.55.112 "GET /allocations/4aa44d77-a8a0-42da-b309-85b9992cc442" status: 200 len: 257 microversion: 1.28 [pid: 8|app: 0|req: 335/673] 162.253.55.112 () {34 vars in 863 bytes} [Wed Sep 23 04:35:17 2026] GET /allocations/4aa44d77-a8a0-42da-b309-85b9992cc442 => generated 257 bytes in 19 msecs (HTTP/1.1 200) 8 headers in 296 bytes (1 switches on core 0)
2026-09-23 04:35:17.305 7 INFO placement.requestlog [req-5165fa69-3886-493d-82d2-9678ede7d9dd req-bc8a7d8c-9668-4807-95ee-4826ba8e430e 24074e5f93834a3ea9ab53ace7db0e92 f255475270494e3db4d4537d68171d0c - - 0b43ab2006bc43c89ab91f80f4ee479d 0b43ab2006bc43c89ab91f80f4ee479d] 162.253.55.112 "GET /allocations/16bfa115-8238-40b9-8127-d228b5d60cb4" status: 200 len: 257 microversion: 1.28 [pid: 7|app: 0|req: 339/674] 162.253.55.112 () {34 vars in 863 bytes} [Wed Sep 23 04:35:17 2026] GET /allocations/16bfa115-8238-40b9-8127-d228b5d60cb4 => generated 257 bytes in 21 msecs (HTTP/1.1 200) 8 headers in 296 bytes (1 switches on core 0)
2026-09-23 04:35:17.357 8 INFO placement.requestlog [req-13af1bd1-2a6e-4f2f-b3f2-246adedf2661 req-e0f57c75-8567-432f-a980-58f12f20ad61 24074e5f93834a3ea9ab53ace7db0e92 f255475270494e3db4d4537d68171d0c - - 0b43ab2006bc43c89ab91f80f4ee479d 0b43ab2006bc43c89ab91f80f4ee479d] 162.253.55.112 "GET /allocations/4aa44d77-a8a0-42da-b309-85b9992cc442" status: 200 len: 257 microversion: 1.28 [pid: 8|app: 0|req: 336/675] 162.253.55.112 () {34 vars in 863 bytes} [Wed Sep 23 04:35:17 2026] GET /allocations/4aa44d77-a8a0-42da-b309-85b9992cc442 => generated 257 bytes in 15 msecs (HTTP/1.1 200) 8 headers in 296 bytes (1 switches on core 0)
2026-09-23 04:35:17.480 7 INFO placement.requestlog [req-13af1bd1-2a6e-4f2f-b3f2-246adedf2661 req-30c55a15-b017-4859-b59b-67caaf3b0cea 24074e5f93834a3ea9ab53ace7db0e92 f255475270494e3db4d4537d68171d0c - - 0b43ab2006bc43c89ab91f80f4ee479d 0b43ab2006bc43c89ab91f80f4ee479d] 162.253.55.112 "GET /resource_providers/aa8c7d8d-3f51-42f9-bcb5-415e6d635782/allocations" status: 200 len: 252 microversion: 1.0 [pid: 7|app: 0|req: 340/676] 162.253.55.112 () {32 vars in 857 bytes} [Wed Sep 23 04:35:17 2026] GET /resource_providers/aa8c7d8d-3f51-42f9-bcb5-415e6d635782/allocations => generated 252 bytes in 25 msecs (HTTP/1.1 200) 6 headers in 224 bytes (1 switches on core 0)
2026-09-23 04:35:17.505 8 INFO placement.requestlog [req-13af1bd1-2a6e-4f2f-b3f2-246adedf2661 req-ca2eab7a-c6b4-48ac-9198-57fa9cee8bac 24074e5f93834a3ea9ab53ace7db0e92 f255475270494e3db4d4537d68171d0c - - 0b43ab2006bc43c89ab91f80f4ee479d 0b43ab2006bc43c89ab91f80f4ee479d] 162.253.55.112 "GET /allocations/4aa44d77-a8a0-42da-b309-85b9992cc442" status: 200 len: 257 microversion: 1.28 [pid: 8|app: 0|req: 337/677] 162.253.55.112 () {34 vars in 863 bytes} [Wed Sep 23 04:35:17 2026] GET /allocations/4aa44d77-a8a0-42da-b309-85b9992cc442 => generated 257 bytes in 18 msecs (HTTP/1.1 200) 8 headers in 296 bytes (1 switches on core 0)
2026-09-23 04:35:17.527 7 INFO placement.requestlog [req-13af1bd1-2a6e-4f2f-b3f2-246adedf2661 req-857097c6-8dd0-4ec9-9ac7-9cb09a9f6473 24074e5f93834a3ea9ab53ace7db0e92 f255475270494e3db4d4537d68171d0c - - 0b43ab2006bc43c89ab91f80f4ee479d 0b43ab2006bc43c89ab91f80f4ee479d] 162.253.55.112 "GET /allocations/16bfa115-8238-40b9-8127-d228b5d60cb4" status: 200 len: 257 microversion: 1.28 [pid: 7|app: 0|req: 341/678] 162.253.55.112 () {34 vars in 863 bytes} [Wed Sep 23 04:35:17 2026] GET /allocations/16bfa115-8238-40b9-8127-d228b5d60cb4 => generated 257 bytes in 17 msecs (HTTP/1.1 200) 8 headers in 296 bytes (1 switches on core 0)
2026-09-23 04:35:20.512 8 INFO placement.requestlog [None req-a9969f55-8ee0-4ae7-9dd9-2fc8a702bf33 - - - - - -] 10.0.0.135 "GET /" status: 200 len: 136 microversion: 1.0
2026-09-23 04:35:20.513 7 INFO placement.requestlog [None req-788bed91-834b-417c-912e-d126b810c808 - - - - - -] 10.0.0.135 "GET /" status: 200 len: 136 microversion: 1.0
2026-09-23 04:35:21.729 7 INFO placement.requestlog [None req-2d9d3933-d653-4f4c-9b6d-38e0cf1061da 058cbf6f10c34944b238b636ed3c0ae9 f255475270494e3db4d4537d68171d0c - - 0b43ab2006bc43c89ab91f80f4ee479d 0b43ab2006bc43c89ab91f80f4ee479d] 10.0.0.105 "GET /resource_providers/c5dd8be3-4b59-4ee6-bfae-381f9bc38929/aggregates" status: 404 len: 235 microversion: 1.1 [pid: 7|app: 0|req: 343/681] 10.0.0.105 () {32 vars in 816 bytes} [Wed Sep 23 04:35:21 2026] GET /resource_providers/c5dd8be3-4b59-4ee6-bfae-381f9bc38929/aggregates => generated 235 bytes in 164 msecs (HTTP/1.1 404) 5 headers in 202 bytes (1 switches on core 0)
2026-09-23 04:35:21.747 7 INFO placement.requestlog [None req-56d00611-e946-4a0d-8ef3-898db813c875 058cbf6f10c34944b238b636ed3c0ae9 f255475270494e3db4d4537d68171d0c - - 0b43ab2006bc43c89ab91f80f4ee479d 0b43ab2006bc43c89ab91f80f4ee479d] 10.0.0.105 "DELETE /resource_providers/c5dd8be3-4b59-4ee6-bfae-381f9bc38929" status: 404 len: 246 microversion: 1.1 [pid: 7|app: 0|req: 344/682] 10.0.0.105 () {34 vars in 816 bytes} [Wed Sep 23 04:35:21 2026] DELETE /resource_providers/c5dd8be3-4b59-4ee6-bfae-381f9bc38929 => generated 246 bytes in 10 msecs (HTTP/1.1 404) 6 headers in 231 bytes (1 switches on core 0)
2026-09-23 04:35:21.755 8 INFO placement.requestlog [None req-0531f640-0bba-4fd2-877a-a08f0229c9e7 058cbf6f10c34944b238b636ed3c0ae9 f255475270494e3db4d4537d68171d0c - - 0b43ab2006bc43c89ab91f80f4ee479d 0b43ab2006bc43c89ab91f80f4ee479d] 10.0.0.105 "GET /resource_providers/c5dd8be3-4b59-4ee6-bfae-381f9bc38929/aggregates" status: 404 len: 235 microversion: 1.1 [pid: 8|app: 0|req: 339/683] 10.0.0.105 () {32 vars in 816 bytes} [Wed Sep 23 04:35:21 2026] GET /resource_providers/c5dd8be3-4b59-4ee6-bfae-381f9bc38929/aggregates => generated 235 bytes in 193 msecs (HTTP/1.1 404) 5 headers in 202 bytes (1 switches on core 0)
2026-09-23 04:35:21.778 7 INFO placement.requestlog [None req-0d487737-a9da-4afc-b478-51e3b3e5ffef 058cbf6f10c34944b238b636ed3c0ae9 f255475270494e3db4d4537d68171d0c - - 0b43ab2006bc43c89ab91f80f4ee479d 0b43ab2006bc43c89ab91f80f4ee479d] 10.0.0.105 "DELETE /resource_providers/c5dd8be3-4b59-4ee6-bfae-381f9bc38929" status: 404 len: 246 microversion: 1.1 [pid: 7|app: 0|req: 345/684] 10.0.0.105 () {34 vars in 816 bytes} [Wed Sep 23 04:35:21 2026] DELETE /resource_providers/c5dd8be3-4b59-4ee6-bfae-381f9bc38929 => generated 246 bytes in 11 msecs (HTTP/1.1 404) 6 headers in 231 bytes (1 switches on core 0)
2026-09-23 04:35:25.108 8 INFO placement.requestlog [None req-d8188125-343e-4766-8dd1-6c80632a1d67 058cbf6f10c34944b238b636ed3c0ae9 f255475270494e3db4d4537d68171d0c - - 0b43ab2006bc43c89ab91f80f4ee479d 0b43ab2006bc43c89ab91f80f4ee479d] 10.0.0.105 "GET /resource_providers/f484f5c6-300a-44ac-bf0a-138ffef3f708/aggregates" status: 404 len: 235 microversion: 1.1 [pid: 8|app: 0|req: 340/685] 10.0.0.105 () {32 vars in 816 bytes} [Wed Sep 23 04:35:24 2026] GET /resource_providers/f484f5c6-300a-44ac-bf0a-138ffef3f708/aggregates => generated 235 bytes in 143 msecs (HTTP/1.1 404) 5 headers in 202 bytes (1 switches on core 0)
2026-09-23 04:35:25.140 8 INFO placement.requestlog [None req-26c6e8e5-1955-4cac-aa83-5454ca3e2fc4 058cbf6f10c34944b238b636ed3c0ae9 f255475270494e3db4d4537d68171d0c - - 0b43ab2006bc43c89ab91f80f4ee479d 0b43ab2006bc43c89ab91f80f4ee479d] 10.0.0.105 "DELETE /resource_providers/f484f5c6-300a-44ac-bf0a-138ffef3f708" status: 404 len: 246 microversion: 1.1 [pid: 8|app: 0|req: 341/686] 10.0.0.105 () {34 vars in 816 bytes} [Wed Sep 23 04:35:25 2026] DELETE /resource_providers/f484f5c6-300a-44ac-bf0a-138ffef3f708 => generated 246 bytes in 16 msecs (HTTP/1.1 404) 6 headers in 231 bytes (1 switches on core 0)
2026-09-23 04:35:25.189 7 INFO placement.requestlog [None req-5776194f-b011-4cb9-b527-e5049af6be97 058cbf6f10c34944b238b636ed3c0ae9 f255475270494e3db4d4537d68171d0c - - 0b43ab2006bc43c89ab91f80f4ee479d 0b43ab2006bc43c89ab91f80f4ee479d] 10.0.0.105 "GET /resource_providers/f484f5c6-300a-44ac-bf0a-138ffef3f708/aggregates" status: 404 len: 235 microversion: 1.1 [pid: 7|app: 0|req: 346/687] 10.0.0.105 () {32 vars in 816 bytes} [Wed Sep 23 04:35:25 2026] GET /resource_providers/f484f5c6-300a-44ac-bf0a-138ffef3f708/aggregates => generated 235 bytes in 188 msecs (HTTP/1.1 404) 5 headers in 202 bytes (1 switches on core 0)
2026-09-23 04:35:25.230 8 INFO placement.requestlog [None req-4fb4afa5-1c54-4259-9578-7e250c3ea883 058cbf6f10c34944b238b636ed3c0ae9 f255475270494e3db4d4537d68171d0c - - 0b43ab2006bc43c89ab91f80f4ee479d 0b43ab2006bc43c89ab91f80f4ee479d] 10.0.0.105 "DELETE /resource_providers/f484f5c6-300a-44ac-bf0a-138ffef3f708" status: 404 len: 246 microversion: 1.1 [pid: 8|app: 0|req: 342/688] 10.0.0.105 () {34 vars in 816 bytes} [Wed Sep 23 04:35:25 2026] DELETE /resource_providers/f484f5c6-300a-44ac-bf0a-138ffef3f708 => generated 246 bytes in 15 msecs (HTTP/1.1 404) 6 headers in 231 bytes (1 switches on core 0)
2026-09-23 04:35:30.512 7 INFO placement.requestlog [None req-2c8d7f8f-2b3b-478b-8e8d-774fd8df965d - - - - - -] 10.0.0.135 "GET /" status: 200 len: 136 microversion: 1.0
2026-09-23 04:35:30.515 8 INFO placement.requestlog [None req-83abc6f3-7632-425b-a9fe-ade051d8038f - - - - - -] 10.0.0.135 "GET /" status: 200 len: 136 microversion: 1.0
2026-09-23 04:35:39.241 7 INFO placement.requestlog [req-f5537378-9caf-42d9-95ec-bc106bed01d2 req-060afd15-3576-45de-90b8-8df7d92c326e 24074e5f93834a3ea9ab53ace7db0e92 f255475270494e3db4d4537d68171d0c - - 0b43ab2006bc43c89ab91f80f4ee479d 0b43ab2006bc43c89ab91f80f4ee479d] 10.0.0.5 "GET /allocation_candidates?limit=1000&resources=DISK_GB%3A1%2CMEMORY_MB%3A512%2CVCPU%3A1&root_required=%21COMPUTE_STATUS_DISABLED" status: 200 len: 2784 microversion: 1.36 [pid: 7|app: 0|req: 348/691] 10.0.0.5 () {34 vars in 1010 bytes} [Wed Sep 23 04:35:39 2026] GET /allocation_candidates?limit=1000&resources=DISK_GB%3A1%2CMEMORY_MB%3A512%2CVCPU%3A1&root_required=%21COMPUTE_STATUS_DISABLED => generated 2784 bytes in 60 msecs (HTTP/1.1 200) 8 headers in 297 bytes (1 switches on core 0)
2026-09-23 04:35:39.287 8 INFO placement.requestlog [req-f5537378-9caf-42d9-95ec-bc106bed01d2 req-3b8a3a63-a833-4473-bd3a-c67f57a1c9cf 24074e5f93834a3ea9ab53ace7db0e92 f255475270494e3db4d4537d68171d0c - - 0b43ab2006bc43c89ab91f80f4ee479d 0b43ab2006bc43c89ab91f80f4ee479d] 10.0.0.5 "GET /allocations/f69b51cb-5d29-461d-b346-8e55744ad3f6" status: 200 len: 19 microversion: 1.28 [pid: 8|app: 0|req: 344/692] 10.0.0.5 () {34 vars in 859 bytes} [Wed Sep 23 04:35:39 2026] GET /allocations/f69b51cb-5d29-461d-b346-8e55744ad3f6 => generated 19 bytes in 11 msecs (HTTP/1.1 200) 8 headers in 295 bytes (1 switches on core 0)
2026-09-23 04:35:39.343 7 INFO placement.requestlog [req-f5537378-9caf-42d9-95ec-bc106bed01d2 req-276e265c-d408-4c78-a987-d328a6410499 24074e5f93834a3ea9ab53ace7db0e92 f255475270494e3db4d4537d68171d0c - - 0b43ab2006bc43c89ab91f80f4ee479d 0b43ab2006bc43c89ab91f80f4ee479d] 10.0.0.5 "PUT /allocations/f69b51cb-5d29-461d-b346-8e55744ad3f6" status: 204 len: 0 microversion: 1.36 [pid: 7|app: 0|req: 349/693] 10.0.0.5 () {38 vars in 912 bytes} [Wed Sep 23 04:35:39 2026] PUT /allocations/f69b51cb-5d29-461d-b346-8e55744ad3f6 => generated 0 bytes in 49 msecs (HTTP/1.1 204) 5 headers in 199 bytes (1 switches on core 0)
2026-09-23 04:35:39.503 8 INFO placement.requestlog [req-3c726def-0fad-4b39-8631-1424ed49356c req-549cee84-a71a-4b51-9493-0cdaabbb8bda 24074e5f93834a3ea9ab53ace7db0e92 f255475270494e3db4d4537d68171d0c - - 0b43ab2006bc43c89ab91f80f4ee479d 0b43ab2006bc43c89ab91f80f4ee479d] 10.0.0.5 "GET /allocation_candidates?limit=1000&resources=MEMORY_MB%3A512%2CVCPU%3A1&root_required=%21COMPUTE_STATUS_DISABLED" status: 200 len: 2770 microversion: 1.36 [pid: 8|app: 0|req: 345/694] 10.0.0.5 () {34 vars in 982 bytes} [Wed Sep 23 04:35:39 2026] GET /allocation_candidates?limit=1000&resources=MEMORY_MB%3A512%2CVCPU%3A1&root_required=%21COMPUTE_STATUS_DISABLED => generated 2770 bytes in 61 msecs (HTTP/1.1 200) 8 headers in 297 bytes (1 switches on core 0)
2026-09-23 04:35:39.542 7 INFO placement.requestlog [req-3c726def-0fad-4b39-8631-1424ed49356c req-4c59d4c9-ed86-4ee5-9fe1-b8722fb89bb5 24074e5f93834a3ea9ab53ace7db0e92 f255475270494e3db4d4537d68171d0c - - 0b43ab2006bc43c89ab91f80f4ee479d 0b43ab2006bc43c89ab91f80f4ee479d] 10.0.0.5 "GET /allocations/fb8bd94a-3b14-4d20-8586-100829b02bb6" status: 200 len: 19 microversion: 1.28 [pid: 7|app: 0|req: 350/695] 10.0.0.5 () {34 vars in 859 bytes} [Wed Sep 23 04:35:39 2026] GET /allocations/fb8bd94a-3b14-4d20-8586-100829b02bb6 => generated 19 bytes in 16 msecs (HTTP/1.1 200) 8 headers in 295 bytes (1 switches on core 0)
2026-09-23 04:35:39.565 8 INFO placement.requestlog [req-f5537378-9caf-42d9-95ec-bc106bed01d2 req-ba91358b-c079-448a-9000-8d6a1ab60973 24074e5f93834a3ea9ab53ace7db0e92 f255475270494e3db4d4537d68171d0c - - 0b43ab2006bc43c89ab91f80f4ee479d 0b43ab2006bc43c89ab91f80f4ee479d] 162.253.55.112 "GET /allocations/f69b51cb-5d29-461d-b346-8e55744ad3f6" status: 200 len: 257 microversion: 1.28 [pid: 8|app: 0|req: 346/696] 162.253.55.112 () {34 vars in 863 bytes} [Wed Sep 23 04:35:39 2026] GET /allocations/f69b51cb-5d29-461d-b346-8e55744ad3f6 => generated 257 bytes in 22 msecs (HTTP/1.1 200) 8 headers in 296 bytes (1 switches on core 0)
2026-09-23 04:35:39.662 7 INFO placement.requestlog [req-3c726def-0fad-4b39-8631-1424ed49356c req-6a30381b-5ecc-4eca-8ea2-a868dd7203e6 24074e5f93834a3ea9ab53ace7db0e92 f255475270494e3db4d4537d68171d0c - - 0b43ab2006bc43c89ab91f80f4ee479d 0b43ab2006bc43c89ab91f80f4ee479d] 10.0.0.5 "PUT /allocations/fb8bd94a-3b14-4d20-8586-100829b02bb6" status: 204 len: 0 microversion: 1.36 [pid: 7|app: 0|req: 351/697] 10.0.0.5 () {38 vars in 912 bytes} [Wed Sep 23 04:35:39 2026] PUT /allocations/fb8bd94a-3b14-4d20-8586-100829b02bb6 => generated 0 bytes in 110 msecs (HTTP/1.1 204) 5 headers in 199 bytes (1 switches on core 0)
2026-09-23 04:35:39.687 8 INFO placement.requestlog [req-f5537378-9caf-42d9-95ec-bc106bed01d2 req-bfe639c1-9184-4dc4-a898-b7d7f0ec2d75 24074e5f93834a3ea9ab53ace7db0e92 f255475270494e3db4d4537d68171d0c - - 0b43ab2006bc43c89ab91f80f4ee479d 0b43ab2006bc43c89ab91f80f4ee479d] 162.253.55.112 "GET /resource_providers/aa8c7d8d-3f51-42f9-bcb5-415e6d635782/allocations" status: 200 len: 438 microversion: 1.0 [pid: 8|app: 0|req: 347/698] 162.253.55.112 () {32 vars in 857 bytes} [Wed Sep 23 04:35:39 2026] GET /resource_providers/aa8c7d8d-3f51-42f9-bcb5-415e6d635782/allocations => generated 438 bytes in 24 msecs (HTTP/1.1 200) 6 headers in 224 bytes (1 switches on core 0)
2026-09-23 04:35:39.703 7 INFO placement.requestlog [req-f5537378-9caf-42d9-95ec-bc106bed01d2 req-39588ae5-6916-486b-a2d0-31c91d978d4f 24074e5f93834a3ea9ab53ace7db0e92 f255475270494e3db4d4537d68171d0c - - 0b43ab2006bc43c89ab91f80f4ee479d 0b43ab2006bc43c89ab91f80f4ee479d] 162.253.55.112 "GET /allocations/f69b51cb-5d29-461d-b346-8e55744ad3f6" status: 200 len: 257 microversion: 1.28 [pid: 7|app: 0|req: 352/699] 162.253.55.112 () {34 vars in 863 bytes} [Wed Sep 23 04:35:39 2026] GET /allocations/f69b51cb-5d29-461d-b346-8e55744ad3f6 => generated 257 bytes in 11 msecs (HTTP/1.1 200) 8 headers in 296 bytes (1 switches on core 0)
2026-09-23 04:35:39.725 8 INFO placement.requestlog [req-f5537378-9caf-42d9-95ec-bc106bed01d2 req-5f9df217-dbe7-4ca1-9bd9-54f728e4ec6c 24074e5f93834a3ea9ab53ace7db0e92 f255475270494e3db4d4537d68171d0c - - 0b43ab2006bc43c89ab91f80f4ee479d 0b43ab2006bc43c89ab91f80f4ee479d] 162.253.55.112 "GET /allocations/fb8bd94a-3b14-4d20-8586-100829b02bb6" status: 200 len: 243 microversion: 1.28 [pid: 8|app: 0|req: 348/700] 162.253.55.112 () {34 vars in 863 bytes} [Wed Sep 23 04:35:39 2026] GET /allocations/fb8bd94a-3b14-4d20-8586-100829b02bb6 => generated 243 bytes in 19 msecs (HTTP/1.1 200) 8 headers in 296 bytes (1 switches on core 0)
2026-09-23 04:35:39.743 7 INFO placement.requestlog [req-f5537378-9caf-42d9-95ec-bc106bed01d2 req-58e24e57-41c8-45fc-aa96-5c267ffc0838 24074e5f93834a3ea9ab53ace7db0e92 f255475270494e3db4d4537d68171d0c - - 0b43ab2006bc43c89ab91f80f4ee479d 0b43ab2006bc43c89ab91f80f4ee479d] 162.253.55.112 "GET /allocations/4aa44d77-a8a0-42da-b309-85b9992cc442" status: 200 len: 257 microversion: 1.28 [pid: 7|app: 0|req: 353/701] 162.253.55.112 () {34 vars in 863 bytes} [Wed Sep 23 04:35:39 2026] GET /allocations/4aa44d77-a8a0-42da-b309-85b9992cc442 => generated 257 bytes in 12 msecs (HTTP/1.1 200) 8 headers in 296 bytes (1 switches on core 0)
2026-09-23 04:35:39.761 8 INFO placement.requestlog [req-f5537378-9caf-42d9-95ec-bc106bed01d2 req-123993c5-2f10-4746-8258-ed8913d50a57 24074e5f93834a3ea9ab53ace7db0e92 f255475270494e3db4d4537d68171d0c - - 0b43ab2006bc43c89ab91f80f4ee479d 0b43ab2006bc43c89ab91f80f4ee479d] 162.253.55.112 "GET /allocations/16bfa115-8238-40b9-8127-d228b5d60cb4" status: 200 len: 257 microversion: 1.28 [pid: 8|app: 0|req: 349/702] 162.253.55.112 () {34 vars in 863 bytes} [Wed Sep 23 04:35:39 2026] GET /allocations/16bfa115-8238-40b9-8127-d228b5d60cb4 => generated 257 bytes in 15 msecs (HTTP/1.1 200) 8 headers in 296 bytes (1 switches on core 0)
2026-09-23 04:35:39.966 7 INFO placement.requestlog [req-3c726def-0fad-4b39-8631-1424ed49356c req-050643b6-7305-434d-bb1f-01e8b6cc6e14 24074e5f93834a3ea9ab53ace7db0e92 f255475270494e3db4d4537d68171d0c - - 0b43ab2006bc43c89ab91f80f4ee479d 0b43ab2006bc43c89ab91f80f4ee479d] 162.253.55.112 "GET /allocations/fb8bd94a-3b14-4d20-8586-100829b02bb6" status: 200 len: 243 microversion: 1.28 [pid: 7|app: 0|req: 354/703] 162.253.55.112 () {34 vars in 863 bytes} [Wed Sep 23 04:35:39 2026] GET /allocations/fb8bd94a-3b14-4d20-8586-100829b02bb6 => generated 243 bytes in 19 msecs (HTTP/1.1 200) 8 headers in 296 bytes (1 switches on core 0)
2026-09-23 04:35:40.075 8 INFO placement.requestlog [req-3c726def-0fad-4b39-8631-1424ed49356c req-86fa8909-8293-47aa-8c3f-a6712133f484 24074e5f93834a3ea9ab53ace7db0e92 f255475270494e3db4d4537d68171d0c - - 0b43ab2006bc43c89ab91f80f4ee479d 0b43ab2006bc43c89ab91f80f4ee479d] 162.253.55.112 "GET /resource_providers/aa8c7d8d-3f51-42f9-bcb5-415e6d635782/allocations" status: 200 len: 438 microversion: 1.0 [pid: 8|app: 0|req: 350/704] 162.253.55.112 () {32 vars in 857 bytes} [Wed Sep 23 04:35:40 2026] GET /resource_providers/aa8c7d8d-3f51-42f9-bcb5-415e6d635782/allocations => generated 438 bytes in 26 msecs (HTTP/1.1 200) 6 headers in 224 bytes (1 switches on core 0)
2026-09-23 04:35:40.107 7 INFO placement.requestlog [req-3c726def-0fad-4b39-8631-1424ed49356c req-771e0abe-591f-457f-934e-4ff6acc007a9 24074e5f93834a3ea9ab53ace7db0e92 f255475270494e3db4d4537d68171d0c - - 0b43ab2006bc43c89ab91f80f4ee479d 0b43ab2006bc43c89ab91f80f4ee479d] 162.253.55.112 "GET /allocations/f69b51cb-5d29-461d-b346-8e55744ad3f6" status: 200 len: 257 microversion: 1.28 [pid: 7|app: 0|req: 355/705] 162.253.55.112 () {34 vars in 863 bytes} [Wed Sep 23 04:35:40 2026] GET /allocations/f69b51cb-5d29-461d-b346-8e55744ad3f6 => generated 257 bytes in 16 msecs (HTTP/1.1 200) 8 headers in 296 bytes (1 switches on core 0)
2026-09-23 04:35:40.136 8 INFO placement.requestlog [req-3c726def-0fad-4b39-8631-1424ed49356c req-bd6c11ba-bfa3-4b51-b400-d0f9504c0860 24074e5f93834a3ea9ab53ace7db0e92 f255475270494e3db4d4537d68171d0c - - 0b43ab2006bc43c89ab91f80f4ee479d 0b43ab2006bc43c89ab91f80f4ee479d] 162.253.55.112 "GET /allocations/fb8bd94a-3b14-4d20-8586-100829b02bb6" status: 200 len: 243 microversion: 1.28 [pid: 8|app: 0|req: 351/706] 162.253.55.112 () {34 vars in 863 bytes} [Wed Sep 23 04:35:40 2026] GET /allocations/fb8bd94a-3b14-4d20-8586-100829b02bb6 => generated 243 bytes in 23 msecs (HTTP/1.1 200) 8 headers in 296 bytes (1 switches on core 0)
2026-09-23 04:35:40.166 7 INFO placement.requestlog [req-3c726def-0fad-4b39-8631-1424ed49356c req-2964ff55-6dd2-4bb9-91cf-fe113462ec80 24074e5f93834a3ea9ab53ace7db0e92 f255475270494e3db4d4537d68171d0c - - 0b43ab2006bc43c89ab91f80f4ee479d 0b43ab2006bc43c89ab91f80f4ee479d] 162.253.55.112 "GET /allocations/4aa44d77-a8a0-42da-b309-85b9992cc442" status: 200 len: 257 microversion: 1.28 [pid: 7|app: 0|req: 356/707] 162.253.55.112 () {34 vars in 863 bytes} [Wed Sep 23 04:35:40 2026] GET /allocations/4aa44d77-a8a0-42da-b309-85b9992cc442 => generated 257 bytes in 20 msecs (HTTP/1.1 200) 8 headers in 296 bytes (1 switches on core 0)
2026-09-23 04:35:40.195 8 INFO placement.requestlog [req-3c726def-0fad-4b39-8631-1424ed49356c req-6a8df262-8194-4125-9419-165c15122329 24074e5f93834a3ea9ab53ace7db0e92 f255475270494e3db4d4537d68171d0c - - 0b43ab2006bc43c89ab91f80f4ee479d 0b43ab2006bc43c89ab91f80f4ee479d] 162.253.55.112 "GET /allocations/16bfa115-8238-40b9-8127-d228b5d60cb4" status: 200 len: 257 microversion: 1.28 [pid: 8|app: 0|req: 352/708] 162.253.55.112 () {34 vars in 863 bytes} [Wed Sep 23 04:35:40 2026] GET /allocations/16bfa115-8238-40b9-8127-d228b5d60cb4 => generated 257 bytes in 15 msecs (HTTP/1.1 200) 8 headers in 296 bytes (1 switches on core 0)
2026-09-23 04:35:40.513 8 INFO placement.requestlog [None req-aff902e0-7799-41da-947a-e90952ed6c82 - - - - - -] 10.0.0.135 "GET /" status: 200 len: 136 microversion: 1.0
2026-09-23 04:35:40.513 7 INFO placement.requestlog [None req-75f8fc3e-f2b6-4f02-b23a-f3bb3d808628 - - - - - -] 10.0.0.135 "GET /" status: 200 len: 136 microversion: 1.0
