Mar 30 18:10:14.121134 np0000161480 systemd[1]: Starting devstack@n-api-meta.service - Devstack devstack@n-api-meta.service...
Mar 30 18:10:14.133375 np0000161480 devstack@n-api-meta.service[107297]: [uWSGI] getting INI configuration from /etc/nova/nova-metadata-uwsgi.ini
Mar 30 18:10:14.133375 np0000161480 devstack@n-api-meta.service[107297]: open("./http_plugin.so"): No such file or directory [core/utils.c line 3709]
Mar 30 18:10:14.133375 np0000161480 devstack@n-api-meta.service[107297]: !!! UNABLE to load uWSGI plugin: ./http_plugin.so: cannot open shared object file: No such file or directory !!!
Mar 30 18:10:14.133375 np0000161480 devstack@n-api-meta.service[107297]: open("./python3_plugin.so"): No such file or directory [core/utils.c line 3709]
Mar 30 18:10:14.133375 np0000161480 devstack@n-api-meta.service[107297]: !!! UNABLE to load uWSGI plugin: ./python3_plugin.so: cannot open shared object file: No such file or directory !!!
Mar 30 18:10:14.134340 np0000161480 devstack@n-api-meta.service[107297]: *** Starting uWSGI 2.0.31 (64bit) on [Mon Mar 30 18:10:14 2026] ***
Mar 30 18:10:14.134340 np0000161480 devstack@n-api-meta.service[107297]: compiled with version: 13.3.0 on 30 March 2026 17:58:34
Mar 30 18:10:14.134340 np0000161480 devstack@n-api-meta.service[107297]: os: Linux-6.8.0-106-generic #106-Ubuntu SMP PREEMPT_DYNAMIC Fri Mar 6 07:58:08 UTC 2026
Mar 30 18:10:14.134340 np0000161480 devstack@n-api-meta.service[107297]: nodename: np0000161480
Mar 30 18:10:14.134340 np0000161480 devstack@n-api-meta.service[107297]: machine: x86_64
Mar 30 18:10:14.134340 np0000161480 devstack@n-api-meta.service[107297]: clock source: unix
Mar 30 18:10:14.134340 np0000161480 devstack@n-api-meta.service[107297]: pcre jit disabled
Mar 30 18:10:14.134340 np0000161480 devstack@n-api-meta.service[107297]: detected number of CPU cores: 16
Mar 30 18:10:14.134340 np0000161480 devstack@n-api-meta.service[107297]: current working directory: /
Mar 30 18:10:14.134340 np0000161480 devstack@n-api-meta.service[107297]: detected binary path: /opt/stack/data/venv/bin/uwsgi
Mar 30 18:10:14.134340 np0000161480 devstack@n-api-meta.service[107297]: your processes number limit is 256917
Mar 30 18:10:14.134340 np0000161480 devstack@n-api-meta.service[107297]: your memory page size is 4096 bytes
Mar 30 18:10:14.134340 np0000161480 devstack@n-api-meta.service[107297]: detected max file descriptor number: 2048
Mar 30 18:10:14.134340 np0000161480 devstack@n-api-meta.service[107297]: lock engine: pthread robust mutexes
Mar 30 18:10:14.134340 np0000161480 devstack@n-api-meta.service[107297]: thunder lock: enabled
Mar 30 18:10:14.134340 np0000161480 devstack@n-api-meta.service[107297]: uWSGI http bound on 0.0.0.0:8775 fd 5
Mar 30 18:10:14.134340 np0000161480 devstack@n-api-meta.service[107297]: uwsgi socket 0 bound to TCP address 127.0.0.1:38407 (port auto-assigned) fd 4
Mar 30 18:10:14.134340 np0000161480 devstack@n-api-meta.service[107297]: Python version: 3.12.3 (main, Mar 3 2026, 12:15:18) [GCC 13.3.0]
Mar 30 18:10:14.134340 np0000161480 devstack@n-api-meta.service[107297]: PEP 405 virtualenv detected: /opt/stack/data/venv
Mar 30 18:10:14.134340 np0000161480 devstack@n-api-meta.service[107297]: Set PythonHome to /opt/stack/data/venv
Mar 30 18:10:14.169390 np0000161480 devstack@n-api-meta.service[107297]: Python main interpreter initialized at 0x7c26724a3668
Mar 30 18:10:14.169390 np0000161480 devstack@n-api-meta.service[107297]: python threads support enabled
Mar 30 18:10:14.169390 np0000161480 devstack@n-api-meta.service[107297]: your server socket listen backlog is limited to 100 connections
Mar 30 18:10:14.169390 np0000161480 devstack@n-api-meta.service[107297]: your mercy for graceful operations on workers is 80 seconds
Mar 30 18:10:14.169977 np0000161480 devstack@n-api-meta.service[107297]: mapped 671795 bytes (656 KB) for 4 cores
Mar 30 18:10:14.170118 np0000161480 devstack@n-api-meta.service[107297]: *** Operational MODE: preforking ***
Mar 30 18:10:14.170329 np0000161480 devstack@n-api-meta.service[107297]: *** uWSGI is running in multiple interpreter mode ***
Mar 30 18:10:14.170329 np0000161480 devstack@n-api-meta.service[107297]: spawned uWSGI master process (pid: 107297)
Mar 30 18:10:14.170649 np0000161480 systemd[1]: Started devstack@n-api-meta.service - Devstack devstack@n-api-meta.service.
Mar 30 18:10:14.171007 np0000161480 devstack@n-api-meta.service[107297]: spawned uWSGI worker 1 (pid: 107298, cores: 1)
Mar 30 18:10:14.171740 np0000161480 devstack@n-api-meta.service[107297]: spawned uWSGI worker 2 (pid: 107299, cores: 1)
Mar 30 18:10:14.172232 np0000161480 devstack@n-api-meta.service[107297]: spawned uWSGI worker 3 (pid: 107300, cores: 1)
Mar 30 18:10:14.172721 np0000161480 devstack@n-api-meta.service[107297]: spawned uWSGI worker 4 (pid: 107301, cores: 1)
Mar 30 18:10:14.173227 np0000161480 devstack@n-api-meta.service[107297]: spawned uWSGI http 1 (pid: 107302)
Mar 30 18:10:14.173227 np0000161480 devstack@n-api-meta.service[107297]: running "unix_signal:15 gracefully_kill_them_all" (master-start)...
Mar 30 18:10:14.556616 np0000161480 devstack@n-api-meta.service[107298]: Service is starting with native threading. This is currently experimental. Do not use it in production without first testing it in pre-production.
Mar 30 18:10:14.562741 np0000161480 devstack@n-api-meta.service[107299]: Service is starting with native threading. This is currently experimental. Do not use it in production without first testing it in pre-production.
Mar 30 18:10:14.572427 np0000161480 devstack@n-api-meta.service[107300]: Service is starting with native threading. This is currently experimental. Do not use it in production without first testing it in pre-production.
Mar 30 18:10:14.572797 np0000161480 devstack@n-api-meta.service[107301]: Service is starting with native threading. This is currently experimental. Do not use it in production without first testing it in pre-production.
Mar 30 18:10:16.030788 np0000161480 devstack@n-api-meta.service[107299]: INFO dbcounter [None req-7e005423-734d-4e55-a916-4c2adbf00268 None None] Registered counter for database nova_api
Mar 30 18:10:16.048935 np0000161480 devstack@n-api-meta.service[107299]: DEBUG oslo_db.sqlalchemy.engines [None req-7e005423-734d-4e55-a916-4c2adbf00268 None None] MySQL server mode set to STRICT_TRANS_TABLES,STRICT_ALL_TABLES,NO_ZERO_IN_DATE,NO_ZERO_DATE,ERROR_FOR_DIVISION_BY_ZERO,TRADITIONAL,NO_ENGINE_SUBSTITUTION {{(pid=107299) _check_effective_sql_mode /opt/stack/data/venv/lib/python3.12/site-packages/oslo_db/sqlalchemy/engines.py:325}}
Mar 30 18:10:16.068782 np0000161480 devstack@n-api-meta.service[107300]: INFO dbcounter [None req-569cfc1a-92ad-426e-bcd0-60e5eb3417b7 None None] Registered counter for database nova_api
Mar 30 18:10:16.079451 np0000161480 devstack@n-api-meta.service[107299]: DEBUG dbcounter [-] [107299] Writer thread running {{(pid=107299) stat_writer /opt/stack/data/venv/lib/python3.12/site-packages/dbcounter.py:102}}
Mar 30 18:10:16.082364 np0000161480 devstack@n-api-meta.service[107299]: DEBUG nova.context [None req-7e005423-734d-4e55-a916-4c2adbf00268 None None] Found 2 cells: 00000000-0000-0000-0000-000000000000(cell0),738a9afc-f1c9-4850-9205-94bb98214984(cell1) {{(pid=107299) load_cells /opt/stack/nova/nova/context.py:509}}
Mar 30 18:10:16.082609 np0000161480 devstack@n-api-meta.service[107299]: INFO nova.utils [None req-7e005423-734d-4e55-a916-4c2adbf00268 None None] The cell worker thread pool MainProcess.cell_worker is initialized
Mar 30 18:10:16.084447 np0000161480 devstack@n-api-meta.service[107299]: DEBUG oslo_concurrency.lockutils [None req-7e005423-734d-4e55-a916-4c2adbf00268 None None] Acquiring lock "00000000-0000-0000-0000-000000000000" by "nova.context.set_target_cell..get_or_set_cached_cell_and_set_connections" {{(pid=107299) inner /opt/stack/data/venv/lib/python3.12/site-packages/oslo_concurrency/lockutils.py:506}}
Mar 30 18:10:16.084633 np0000161480 devstack@n-api-meta.service[107299]: DEBUG oslo_concurrency.lockutils [None req-7e005423-734d-4e55-a916-4c2adbf00268 None None] Lock "00000000-0000-0000-0000-000000000000" acquired by "nova.context.set_target_cell..get_or_set_cached_cell_and_set_connections" :: waited 0.000s {{(pid=107299) inner /opt/stack/data/venv/lib/python3.12/site-packages/oslo_concurrency/lockutils.py:519}}
Mar 30 18:10:16.085000 np0000161480 devstack@n-api-meta.service[107299]: DEBUG oslo_concurrency.lockutils [None req-7e005423-734d-4e55-a916-4c2adbf00268 None None] Lock "00000000-0000-0000-0000-000000000000" "released" by "nova.context.set_target_cell..get_or_set_cached_cell_and_set_connections" :: held 0.000s {{(pid=107299) inner /opt/stack/data/venv/lib/python3.12/site-packages/oslo_concurrency/lockutils.py:538}}
Mar 30 18:10:16.085744 np0000161480 devstack@n-api-meta.service[107299]: DEBUG oslo_concurrency.lockutils [None req-7e005423-734d-4e55-a916-4c2adbf00268 None None] Acquiring lock "738a9afc-f1c9-4850-9205-94bb98214984" by "nova.context.set_target_cell..get_or_set_cached_cell_and_set_connections" {{(pid=107299) inner /opt/stack/data/venv/lib/python3.12/site-packages/oslo_concurrency/lockutils.py:506}}
Mar 30 18:10:16.085876 np0000161480 devstack@n-api-meta.service[107299]: DEBUG oslo_concurrency.lockutils [None req-7e005423-734d-4e55-a916-4c2adbf00268 None None] Lock "738a9afc-f1c9-4850-9205-94bb98214984" acquired by "nova.context.set_target_cell..get_or_set_cached_cell_and_set_connections" :: waited 0.000s {{(pid=107299) inner /opt/stack/data/venv/lib/python3.12/site-packages/oslo_concurrency/lockutils.py:519}}
Mar 30 18:10:16.086718 np0000161480 devstack@n-api-meta.service[107299]: DEBUG oslo_concurrency.lockutils [None req-7e005423-734d-4e55-a916-4c2adbf00268 None None] Lock "738a9afc-f1c9-4850-9205-94bb98214984" "released" by "nova.context.set_target_cell..get_or_set_cached_cell_and_set_connections" :: held 0.001s {{(pid=107299) inner /opt/stack/data/venv/lib/python3.12/site-packages/oslo_concurrency/lockutils.py:538}}
Mar 30 18:10:16.086824 np0000161480 devstack@n-api-meta.service[107300]: DEBUG oslo_db.sqlalchemy.engines [None req-569cfc1a-92ad-426e-bcd0-60e5eb3417b7 None None] MySQL server mode set to STRICT_TRANS_TABLES,STRICT_ALL_TABLES,NO_ZERO_IN_DATE,NO_ZERO_DATE,ERROR_FOR_DIVISION_BY_ZERO,TRADITIONAL,NO_ENGINE_SUBSTITUTION {{(pid=107300) _check_effective_sql_mode /opt/stack/data/venv/lib/python3.12/site-packages/oslo_db/sqlalchemy/engines.py:325}}
Mar 30 18:10:16.089050 np0000161480 devstack@n-api-meta.service[107299]: INFO dbcounter [None req-7e005423-734d-4e55-a916-4c2adbf00268 None None] Registered counter for database nova_cell0
Mar 30 18:10:16.094164 np0000161480 devstack@n-api-meta.service[107299]: INFO dbcounter [None req-7e005423-734d-4e55-a916-4c2adbf00268 None None] Registered counter for database nova_cell1
Mar 30 18:10:16.103623 np0000161480 devstack@n-api-meta.service[107299]: DEBUG oslo_db.sqlalchemy.engines [None req-7e005423-734d-4e55-a916-4c2adbf00268 None None] MySQL server mode set to STRICT_TRANS_TABLES,STRICT_ALL_TABLES,NO_ZERO_IN_DATE,NO_ZERO_DATE,ERROR_FOR_DIVISION_BY_ZERO,TRADITIONAL,NO_ENGINE_SUBSTITUTION {{(pid=107299) _check_effective_sql_mode /opt/stack/data/venv/lib/python3.12/site-packages/oslo_db/sqlalchemy/engines.py:325}}
Mar 30 18:10:16.110012 np0000161480 devstack@n-api-meta.service[107299]: DEBUG oslo_db.sqlalchemy.engines [None req-7e005423-734d-4e55-a916-4c2adbf00268 None None] MySQL server mode set to STRICT_TRANS_TABLES,STRICT_ALL_TABLES,NO_ZERO_IN_DATE,NO_ZERO_DATE,ERROR_FOR_DIVISION_BY_ZERO,TRADITIONAL,NO_ENGINE_SUBSTITUTION {{(pid=107299) _check_effective_sql_mode /opt/stack/data/venv/lib/python3.12/site-packages/oslo_db/sqlalchemy/engines.py:325}}
Mar 30 18:10:16.125023 np0000161480 devstack@n-api-meta.service[107300]: DEBUG dbcounter [-] [107300] Writer thread running {{(pid=107300) stat_writer /opt/stack/data/venv/lib/python3.12/site-packages/dbcounter.py:102}}
Mar 30 18:10:16.128418 np0000161480 devstack@n-api-meta.service[107300]: DEBUG nova.context [None req-569cfc1a-92ad-426e-bcd0-60e5eb3417b7 None None] Found 2 cells: 00000000-0000-0000-0000-000000000000(cell0),738a9afc-f1c9-4850-9205-94bb98214984(cell1) {{(pid=107300) load_cells /opt/stack/nova/nova/context.py:509}}
Mar 30 18:10:16.128774 np0000161480 devstack@n-api-meta.service[107300]: INFO nova.utils [None req-569cfc1a-92ad-426e-bcd0-60e5eb3417b7 None None] The cell worker thread pool MainProcess.cell_worker is initialized
Mar 30 18:10:16.131358 np0000161480 devstack@n-api-meta.service[107300]: DEBUG oslo_concurrency.lockutils [None req-569cfc1a-92ad-426e-bcd0-60e5eb3417b7 None None] Acquiring lock "00000000-0000-0000-0000-000000000000" by "nova.context.set_target_cell..get_or_set_cached_cell_and_set_connections" {{(pid=107300) inner /opt/stack/data/venv/lib/python3.12/site-packages/oslo_concurrency/lockutils.py:506}}
Mar 30 18:10:16.131600 np0000161480 devstack@n-api-meta.service[107300]: DEBUG oslo_concurrency.lockutils [None req-569cfc1a-92ad-426e-bcd0-60e5eb3417b7 None None] Lock "00000000-0000-0000-0000-000000000000" acquired by "nova.context.set_target_cell..get_or_set_cached_cell_and_set_connections" :: waited 0.000s {{(pid=107300) inner /opt/stack/data/venv/lib/python3.12/site-packages/oslo_concurrency/lockutils.py:519}}
Mar 30 18:10:16.132098 np0000161480 devstack@n-api-meta.service[107300]: DEBUG oslo_concurrency.lockutils [None req-569cfc1a-92ad-426e-bcd0-60e5eb3417b7 None None] Lock "00000000-0000-0000-0000-000000000000" "released" by "nova.context.set_target_cell..get_or_set_cached_cell_and_set_connections" :: held 0.001s {{(pid=107300) inner /opt/stack/data/venv/lib/python3.12/site-packages/oslo_concurrency/lockutils.py:538}}
Mar 30 18:10:16.133179 np0000161480 devstack@n-api-meta.service[107300]: DEBUG oslo_concurrency.lockutils [None req-569cfc1a-92ad-426e-bcd0-60e5eb3417b7 None None] Acquiring lock "738a9afc-f1c9-4850-9205-94bb98214984" by "nova.context.set_target_cell..get_or_set_cached_cell_and_set_connections" {{(pid=107300) inner /opt/stack/data/venv/lib/python3.12/site-packages/oslo_concurrency/lockutils.py:506}}
Mar 30 18:10:16.133361 np0000161480 devstack@n-api-meta.service[107300]: DEBUG oslo_concurrency.lockutils [None req-569cfc1a-92ad-426e-bcd0-60e5eb3417b7 None None] Lock "738a9afc-f1c9-4850-9205-94bb98214984" acquired by "nova.context.set_target_cell..get_or_set_cached_cell_and_set_connections" :: waited 0.000s {{(pid=107300) inner /opt/stack/data/venv/lib/python3.12/site-packages/oslo_concurrency/lockutils.py:519}}
Mar 30 18:10:16.134567 np0000161480 devstack@n-api-meta.service[107300]: DEBUG oslo_concurrency.lockutils [None req-569cfc1a-92ad-426e-bcd0-60e5eb3417b7 None None] Lock "738a9afc-f1c9-4850-9205-94bb98214984" "released" by "nova.context.set_target_cell..get_or_set_cached_cell_and_set_connections" :: held 0.001s {{(pid=107300) inner /opt/stack/data/venv/lib/python3.12/site-packages/oslo_concurrency/lockutils.py:538}}
Mar 30 18:10:16.137831 np0000161480 devstack@n-api-meta.service[107300]: INFO dbcounter [None req-569cfc1a-92ad-426e-bcd0-60e5eb3417b7 None None] Registered counter for database nova_cell0
Mar 30 18:10:16.142740 np0000161480 devstack@n-api-meta.service[107300]: INFO dbcounter [None req-569cfc1a-92ad-426e-bcd0-60e5eb3417b7 None None] Registered counter for database nova_cell1
Mar 30 18:10:16.145068 np0000161480 devstack@n-api-meta.service[107301]: INFO dbcounter [None req-ca189694-9308-49b1-a6a5-87f441d3d35b None None] Registered counter for database nova_api
Mar 30 18:10:16.147829 np0000161480 devstack@n-api-meta.service[107298]: INFO dbcounter [None req-5143ce13-9757-4460-b93f-3fe723760a51 None None] Registered counter for database nova_api
Mar 30 18:10:16.151359 np0000161480 devstack@n-api-meta.service[107300]: DEBUG oslo_db.sqlalchemy.engines [None req-569cfc1a-92ad-426e-bcd0-60e5eb3417b7 None None] MySQL server mode set to STRICT_TRANS_TABLES,STRICT_ALL_TABLES,NO_ZERO_IN_DATE,NO_ZERO_DATE,ERROR_FOR_DIVISION_BY_ZERO,TRADITIONAL,NO_ENGINE_SUBSTITUTION {{(pid=107300) _check_effective_sql_mode /opt/stack/data/venv/lib/python3.12/site-packages/oslo_db/sqlalchemy/engines.py:325}}
Mar 30 18:10:16.161277 np0000161480 devstack@n-api-meta.service[107301]: DEBUG oslo_db.sqlalchemy.engines [None req-ca189694-9308-49b1-a6a5-87f441d3d35b None None] MySQL server mode set to STRICT_TRANS_TABLES,STRICT_ALL_TABLES,NO_ZERO_IN_DATE,NO_ZERO_DATE,ERROR_FOR_DIVISION_BY_ZERO,TRADITIONAL,NO_ENGINE_SUBSTITUTION {{(pid=107301) _check_effective_sql_mode /opt/stack/data/venv/lib/python3.12/site-packages/oslo_db/sqlalchemy/engines.py:325}}
Mar 30 18:10:16.163609 np0000161480 devstack@n-api-meta.service[107300]: DEBUG oslo_db.sqlalchemy.engines [None req-569cfc1a-92ad-426e-bcd0-60e5eb3417b7 None None] MySQL server mode set to STRICT_TRANS_TABLES,STRICT_ALL_TABLES,NO_ZERO_IN_DATE,NO_ZERO_DATE,ERROR_FOR_DIVISION_BY_ZERO,TRADITIONAL,NO_ENGINE_SUBSTITUTION {{(pid=107300) _check_effective_sql_mode /opt/stack/data/venv/lib/python3.12/site-packages/oslo_db/sqlalchemy/engines.py:325}}
Mar 30 18:10:16.165105 np0000161480 devstack@n-api-meta.service[107298]: DEBUG oslo_db.sqlalchemy.engines [None req-5143ce13-9757-4460-b93f-3fe723760a51 None None] MySQL server mode set to STRICT_TRANS_TABLES,STRICT_ALL_TABLES,NO_ZERO_IN_DATE,NO_ZERO_DATE,ERROR_FOR_DIVISION_BY_ZERO,TRADITIONAL,NO_ENGINE_SUBSTITUTION {{(pid=107298) _check_effective_sql_mode /opt/stack/data/venv/lib/python3.12/site-packages/oslo_db/sqlalchemy/engines.py:325}}
Mar 30 18:10:16.194011 np0000161480 devstack@n-api-meta.service[107301]: DEBUG dbcounter [-] [107301] Writer thread running {{(pid=107301) stat_writer /opt/stack/data/venv/lib/python3.12/site-packages/dbcounter.py:102}}
Mar 30 18:10:16.197812 np0000161480 devstack@n-api-meta.service[107301]: DEBUG nova.context [None req-ca189694-9308-49b1-a6a5-87f441d3d35b None None] Found 2 cells: 00000000-0000-0000-0000-000000000000(cell0),738a9afc-f1c9-4850-9205-94bb98214984(cell1) {{(pid=107301) load_cells /opt/stack/nova/nova/context.py:509}}
Mar 30 18:10:16.197812 np0000161480 devstack@n-api-meta.service[107301]: INFO nova.utils [None req-ca189694-9308-49b1-a6a5-87f441d3d35b None None] The cell worker thread pool MainProcess.cell_worker is initialized
Mar 30 18:10:16.198465 np0000161480 devstack@n-api-meta.service[107301]: DEBUG oslo_concurrency.lockutils [None req-ca189694-9308-49b1-a6a5-87f441d3d35b None None] Acquiring lock "00000000-0000-0000-0000-000000000000" by "nova.context.set_target_cell..get_or_set_cached_cell_and_set_connections" {{(pid=107301) inner /opt/stack/data/venv/lib/python3.12/site-packages/oslo_concurrency/lockutils.py:506}}
Mar 30 18:10:16.198656 np0000161480 devstack@n-api-meta.service[107301]: DEBUG oslo_concurrency.lockutils [None req-ca189694-9308-49b1-a6a5-87f441d3d35b None None] Lock "00000000-0000-0000-0000-000000000000" acquired by "nova.context.set_target_cell..get_or_set_cached_cell_and_set_connections" :: waited 0.000s {{(pid=107301) inner /opt/stack/data/venv/lib/python3.12/site-packages/oslo_concurrency/lockutils.py:519}}
Mar 30 18:10:16.199253 np0000161480 devstack@n-api-meta.service[107301]: DEBUG oslo_concurrency.lockutils [None req-ca189694-9308-49b1-a6a5-87f441d3d35b None None] Lock "00000000-0000-0000-0000-000000000000" "released" by "nova.context.set_target_cell..get_or_set_cached_cell_and_set_connections" :: held 0.000s {{(pid=107301) inner /opt/stack/data/venv/lib/python3.12/site-packages/oslo_concurrency/lockutils.py:538}}
Mar 30 18:10:16.200568 np0000161480 devstack@n-api-meta.service[107301]: DEBUG oslo_concurrency.lockutils [None req-ca189694-9308-49b1-a6a5-87f441d3d35b None None] Acquiring lock "738a9afc-f1c9-4850-9205-94bb98214984" by "nova.context.set_target_cell..get_or_set_cached_cell_and_set_connections" {{(pid=107301) inner /opt/stack/data/venv/lib/python3.12/site-packages/oslo_concurrency/lockutils.py:506}}
Mar 30 18:10:16.200568 np0000161480 devstack@n-api-meta.service[107301]: DEBUG oslo_concurrency.lockutils [None req-ca189694-9308-49b1-a6a5-87f441d3d35b None None] Lock "738a9afc-f1c9-4850-9205-94bb98214984" acquired by "nova.context.set_target_cell..get_or_set_cached_cell_and_set_connections" :: waited 0.000s {{(pid=107301) inner /opt/stack/data/venv/lib/python3.12/site-packages/oslo_concurrency/lockutils.py:519}}
Mar 30 18:10:16.200844 np0000161480 devstack@n-api-meta.service[107301]: DEBUG oslo_concurrency.lockutils [None req-ca189694-9308-49b1-a6a5-87f441d3d35b None None] Lock "738a9afc-f1c9-4850-9205-94bb98214984" "released" by "nova.context.set_target_cell..get_or_set_cached_cell_and_set_connections" :: held 0.001s {{(pid=107301) inner /opt/stack/data/venv/lib/python3.12/site-packages/oslo_concurrency/lockutils.py:538}}
Mar 30 18:10:16.203819 np0000161480 devstack@n-api-meta.service[107301]: INFO dbcounter [None req-ca189694-9308-49b1-a6a5-87f441d3d35b None None] Registered counter for database nova_cell0
Mar 30 18:10:16.209572 np0000161480 devstack@n-api-meta.service[107301]: INFO dbcounter [None req-ca189694-9308-49b1-a6a5-87f441d3d35b None None] Registered counter for database nova_cell1
Mar 30 18:10:16.221597 np0000161480 devstack@n-api-meta.service[107301]: DEBUG oslo_db.sqlalchemy.engines [None req-ca189694-9308-49b1-a6a5-87f441d3d35b None None] MySQL server mode set to STRICT_TRANS_TABLES,STRICT_ALL_TABLES,NO_ZERO_IN_DATE,NO_ZERO_DATE,ERROR_FOR_DIVISION_BY_ZERO,TRADITIONAL,NO_ENGINE_SUBSTITUTION {{(pid=107301) _check_effective_sql_mode /opt/stack/data/venv/lib/python3.12/site-packages/oslo_db/sqlalchemy/engines.py:325}}
Mar 30 18:10:16.222681 np0000161480 devstack@n-api-meta.service[107301]: DEBUG oslo_db.sqlalchemy.engines [None req-ca189694-9308-49b1-a6a5-87f441d3d35b None None] MySQL server mode set to STRICT_TRANS_TABLES,STRICT_ALL_TABLES,NO_ZERO_IN_DATE,NO_ZERO_DATE,ERROR_FOR_DIVISION_BY_ZERO,TRADITIONAL,NO_ENGINE_SUBSTITUTION {{(pid=107301) _check_effective_sql_mode /opt/stack/data/venv/lib/python3.12/site-packages/oslo_db/sqlalchemy/engines.py:325}}
Mar 30 18:10:16.222949 np0000161480 devstack@n-api-meta.service[107298]: DEBUG dbcounter [-] [107298] Writer thread running {{(pid=107298) stat_writer /opt/stack/data/venv/lib/python3.12/site-packages/dbcounter.py:102}}
Mar 30 18:10:16.227251 np0000161480 devstack@n-api-meta.service[107298]: DEBUG nova.context [None req-5143ce13-9757-4460-b93f-3fe723760a51 None None] Found 2 cells: 00000000-0000-0000-0000-000000000000(cell0),738a9afc-f1c9-4850-9205-94bb98214984(cell1) {{(pid=107298) load_cells /opt/stack/nova/nova/context.py:509}}
Mar 30 18:10:16.227618 np0000161480 devstack@n-api-meta.service[107298]: INFO nova.utils [None req-5143ce13-9757-4460-b93f-3fe723760a51 None None] The cell worker thread pool MainProcess.cell_worker is initialized
Mar 30 18:10:16.228959 np0000161480 devstack@n-api-meta.service[107299]: DEBUG dbcounter [-] [107299] Writer thread running {{(pid=107299) stat_writer /opt/stack/data/venv/lib/python3.12/site-packages/dbcounter.py:102}}
Mar 30 18:10:16.229691 np0000161480 devstack@n-api-meta.service[107299]: DEBUG dbcounter [-] [107299] Writer thread running {{(pid=107299) stat_writer /opt/stack/data/venv/lib/python3.12/site-packages/dbcounter.py:102}}
Mar 30 18:10:16.230721 np0000161480 devstack@n-api-meta.service[107298]: DEBUG oslo_concurrency.lockutils [None req-5143ce13-9757-4460-b93f-3fe723760a51 None None] Acquiring lock "00000000-0000-0000-0000-000000000000" by "nova.context.set_target_cell..get_or_set_cached_cell_and_set_connections" {{(pid=107298) inner /opt/stack/data/venv/lib/python3.12/site-packages/oslo_concurrency/lockutils.py:506}}
Mar 30 18:10:16.231012 np0000161480 devstack@n-api-meta.service[107298]: DEBUG oslo_concurrency.lockutils [None req-5143ce13-9757-4460-b93f-3fe723760a51 None None] Lock "00000000-0000-0000-0000-000000000000" acquired by "nova.context.set_target_cell..get_or_set_cached_cell_and_set_connections" :: waited 0.000s {{(pid=107298) inner /opt/stack/data/venv/lib/python3.12/site-packages/oslo_concurrency/lockutils.py:519}}
Mar 30 18:10:16.231730 np0000161480 devstack@n-api-meta.service[107298]: DEBUG oslo_concurrency.lockutils [None req-5143ce13-9757-4460-b93f-3fe723760a51 None None] Lock "00000000-0000-0000-0000-000000000000" "released" by "nova.context.set_target_cell..get_or_set_cached_cell_and_set_connections" :: held 0.001s {{(pid=107298) inner /opt/stack/data/venv/lib/python3.12/site-packages/oslo_concurrency/lockutils.py:538}}
Mar 30 18:10:16.232469 np0000161480 devstack@n-api-meta.service[107298]: DEBUG oslo_concurrency.lockutils [None req-5143ce13-9757-4460-b93f-3fe723760a51 None None] Acquiring lock "738a9afc-f1c9-4850-9205-94bb98214984" by "nova.context.set_target_cell..get_or_set_cached_cell_and_set_connections" {{(pid=107298) inner /opt/stack/data/venv/lib/python3.12/site-packages/oslo_concurrency/lockutils.py:506}}
Mar 30 18:10:16.234345 np0000161480 devstack@n-api-meta.service[107298]: INFO dbcounter [None req-5143ce13-9757-4460-b93f-3fe723760a51 None None] Registered counter for database nova_cell0
Mar 30 18:10:16.235590 np0000161480 devstack@n-api-meta.service[107298]: DEBUG oslo_concurrency.lockutils [None req-5143ce13-9757-4460-b93f-3fe723760a51 None None] Lock "738a9afc-f1c9-4850-9205-94bb98214984" acquired by "nova.context.set_target_cell..get_or_set_cached_cell_and_set_connections" :: waited 0.002s {{(pid=107298) inner /opt/stack/data/venv/lib/python3.12/site-packages/oslo_concurrency/lockutils.py:519}}
Mar 30 18:10:16.237267 np0000161480 devstack@n-api-meta.service[107298]: DEBUG oslo_concurrency.lockutils [None req-5143ce13-9757-4460-b93f-3fe723760a51 None None] Lock "738a9afc-f1c9-4850-9205-94bb98214984" "released" by "nova.context.set_target_cell..get_or_set_cached_cell_and_set_connections" :: held 0.003s {{(pid=107298) inner /opt/stack/data/venv/lib/python3.12/site-packages/oslo_concurrency/lockutils.py:538}}
Mar 30 18:10:16.237685 np0000161480 devstack@n-api-meta.service[107299]: INFO dbcounter [None req-7e005423-734d-4e55-a916-4c2adbf00268 None None] Registered counter for database nova_cell0
Mar 30 18:10:16.240814 np0000161480 devstack@n-api-meta.service[107298]: INFO dbcounter [None req-5143ce13-9757-4460-b93f-3fe723760a51 None None] Registered counter for database nova_cell1
Mar 30 18:10:16.252361 np0000161480 devstack@n-api-meta.service[107299]: DEBUG oslo_db.sqlalchemy.engines [None req-7e005423-734d-4e55-a916-4c2adbf00268 None None] MySQL server mode set to STRICT_TRANS_TABLES,STRICT_ALL_TABLES,NO_ZERO_IN_DATE,NO_ZERO_DATE,ERROR_FOR_DIVISION_BY_ZERO,TRADITIONAL,NO_ENGINE_SUBSTITUTION {{(pid=107299) _check_effective_sql_mode /opt/stack/data/venv/lib/python3.12/site-packages/oslo_db/sqlalchemy/engines.py:325}}
Mar 30 18:10:16.257537 np0000161480 devstack@n-api-meta.service[107298]: DEBUG oslo_db.sqlalchemy.engines [None req-5143ce13-9757-4460-b93f-3fe723760a51 None None] MySQL server mode set to STRICT_TRANS_TABLES,STRICT_ALL_TABLES,NO_ZERO_IN_DATE,NO_ZERO_DATE,ERROR_FOR_DIVISION_BY_ZERO,TRADITIONAL,NO_ENGINE_SUBSTITUTION {{(pid=107298) _check_effective_sql_mode /opt/stack/data/venv/lib/python3.12/site-packages/oslo_db/sqlalchemy/engines.py:325}}
Mar 30 18:10:16.264735 np0000161480 devstack@n-api-meta.service[107298]: DEBUG oslo_db.sqlalchemy.engines [None req-5143ce13-9757-4460-b93f-3fe723760a51 None None] MySQL server mode set to STRICT_TRANS_TABLES,STRICT_ALL_TABLES,NO_ZERO_IN_DATE,NO_ZERO_DATE,ERROR_FOR_DIVISION_BY_ZERO,TRADITIONAL,NO_ENGINE_SUBSTITUTION {{(pid=107298) _check_effective_sql_mode /opt/stack/data/venv/lib/python3.12/site-packages/oslo_db/sqlalchemy/engines.py:325}}
Mar 30 18:10:16.265296 np0000161480 devstack@n-api-meta.service[107299]: DEBUG dbcounter [-] [107299] Writer thread running {{(pid=107299) stat_writer /opt/stack/data/venv/lib/python3.12/site-packages/dbcounter.py:102}}
Mar 30 18:10:16.273927 np0000161480 devstack@n-api-meta.service[107300]: DEBUG dbcounter [-] [107300] Writer thread running {{(pid=107300) stat_writer /opt/stack/data/venv/lib/python3.12/site-packages/dbcounter.py:102}}
Mar 30 18:10:16.281224 np0000161480 devstack@n-api-meta.service[107300]: DEBUG dbcounter [-] [107300] Writer thread running {{(pid=107300) stat_writer /opt/stack/data/venv/lib/python3.12/site-packages/dbcounter.py:102}}
Mar 30 18:10:16.286658 np0000161480 devstack@n-api-meta.service[107300]: INFO dbcounter [None req-569cfc1a-92ad-426e-bcd0-60e5eb3417b7 None None] Registered counter for database nova_cell0
Mar 30 18:10:16.296470 np0000161480 devstack@n-api-meta.service[107300]: DEBUG oslo_db.sqlalchemy.engines [None req-569cfc1a-92ad-426e-bcd0-60e5eb3417b7 None None] MySQL server mode set to STRICT_TRANS_TABLES,STRICT_ALL_TABLES,NO_ZERO_IN_DATE,NO_ZERO_DATE,ERROR_FOR_DIVISION_BY_ZERO,TRADITIONAL,NO_ENGINE_SUBSTITUTION {{(pid=107300) _check_effective_sql_mode /opt/stack/data/venv/lib/python3.12/site-packages/oslo_db/sqlalchemy/engines.py:325}}
Mar 30 18:10:16.304733 np0000161480 devstack@n-api-meta.service[107300]: DEBUG dbcounter [-] [107300] Writer thread running {{(pid=107300) stat_writer /opt/stack/data/venv/lib/python3.12/site-packages/dbcounter.py:102}}
Mar 30 18:10:16.320158 np0000161480 devstack@n-api-meta.service[107299]: WARNING nova.api.metadata.handler [None req-7e005423-734d-4e55-a916-4c2adbf00268 None None] metadata_proxy_shared_secret is not configured, the metadata information returned by the proxy cannot be trusted
Mar 30 18:10:16.322500 np0000161480 devstack@n-api-meta.service[107299]: DEBUG nova.api.openstack.wsgi_app [None req-7e005423-734d-4e55-a916-4c2adbf00268 None None] ******************************************************************************** {{(pid=107299) log_opt_values /opt/stack/data/venv/lib/python3.12/site-packages/oslo_config/cfg.py:2979}}
Mar 30 18:10:16.322686 np0000161480 devstack@n-api-meta.service[107299]: DEBUG nova.api.openstack.wsgi_app [None req-7e005423-734d-4e55-a916-4c2adbf00268 None None] Configuration options gathered from: {{(pid=107299) log_opt_values /opt/stack/data/venv/lib/python3.12/site-packages/oslo_config/cfg.py:2980}}
Mar 30 18:10:16.322751 np0000161480 devstack@n-api-meta.service[107299]: DEBUG nova.api.openstack.wsgi_app [None req-7e005423-734d-4e55-a916-4c2adbf00268 None None] command line args: [] {{(pid=107299) log_opt_values /opt/stack/data/venv/lib/python3.12/site-packages/oslo_config/cfg.py:2981}}
Mar 30 18:10:16.323080 np0000161480 devstack@n-api-meta.service[107299]: DEBUG nova.api.openstack.wsgi_app [None req-7e005423-734d-4e55-a916-4c2adbf00268 None None] config files: ['/etc/nova/api-paste.ini', '/etc/nova/nova.conf'] {{(pid=107299) log_opt_values /opt/stack/data/venv/lib/python3.12/site-packages/oslo_config/cfg.py:2982}}
Mar 30 18:10:16.323080 np0000161480 devstack@n-api-meta.service[107299]: DEBUG nova.api.openstack.wsgi_app [None req-7e005423-734d-4e55-a916-4c2adbf00268 None None] ================================================================================ {{(pid=107299) log_opt_values /opt/stack/data/venv/lib/python3.12/site-packages/oslo_config/cfg.py:2987}}
Mar 30 18:10:16.323356 np0000161480 devstack@n-api-meta.service[107299]: DEBUG nova.api.openstack.wsgi_app [None req-7e005423-734d-4e55-a916-4c2adbf00268 None None] allow_resize_to_same_host = True {{(pid=107299) log_opt_values /opt/stack/data/venv/lib/python3.12/site-packages/oslo_config/cfg.py:2995}}
Mar 30 18:10:16.323356 np0000161480 devstack@n-api-meta.service[107299]: DEBUG nova.api.openstack.wsgi_app [None req-7e005423-734d-4e55-a916-4c2adbf00268 None None] arq_binding_timeout = 300 {{(pid=107299) log_opt_values /opt/stack/data/venv/lib/python3.12/site-packages/oslo_config/cfg.py:2995}}
Mar 30 18:10:16.323465 np0000161480 devstack@n-api-meta.service[107299]: DEBUG nova.api.openstack.wsgi_app [None req-7e005423-734d-4e55-a916-4c2adbf00268 None None] block_device_allocate_retries = 60 {{(pid=107299) log_opt_values /opt/stack/data/venv/lib/python3.12/site-packages/oslo_config/cfg.py:2995}}
Mar 30 18:10:16.323635 np0000161480 devstack@n-api-meta.service[107299]: DEBUG nova.api.openstack.wsgi_app [None req-7e005423-734d-4e55-a916-4c2adbf00268 None None] block_device_allocate_retries_interval = 3 {{(pid=107299) log_opt_values /opt/stack/data/venv/lib/python3.12/site-packages/oslo_config/cfg.py:2995}}
Mar 30 18:10:16.323820 np0000161480 devstack@n-api-meta.service[107299]: DEBUG nova.api.openstack.wsgi_app [None req-7e005423-734d-4e55-a916-4c2adbf00268 None None] cell_worker_thread_pool_size = 5 {{(pid=107299) log_opt_values /opt/stack/data/venv/lib/python3.12/site-packages/oslo_config/cfg.py:2995}}
Mar 30 18:10:16.323949 np0000161480 devstack@n-api-meta.service[107299]: DEBUG nova.api.openstack.wsgi_app [None req-7e005423-734d-4e55-a916-4c2adbf00268 None None] cert = self.pem {{(pid=107299) log_opt_values /opt/stack/data/venv/lib/python3.12/site-packages/oslo_config/cfg.py:2995}}
Mar 30 18:10:16.328301 np0000161480 devstack@n-api-meta.service[107299]: DEBUG nova.api.openstack.wsgi_app [None req-7e005423-734d-4e55-a916-4c2adbf00268 None None] compute_driver = libvirt.LibvirtDriver {{(pid=107299) log_opt_values /opt/stack/data/venv/lib/python3.12/site-packages/oslo_config/cfg.py:2995}}
Mar 30 18:10:16.328301 np0000161480 devstack@n-api-meta.service[107299]: DEBUG nova.api.openstack.wsgi_app [None req-7e005423-734d-4e55-a916-4c2adbf00268 None None] compute_monitors = [] {{(pid=107299) log_opt_values /opt/stack/data/venv/lib/python3.12/site-packages/oslo_config/cfg.py:2995}}
Mar 30 18:10:16.328301 np0000161480 devstack@n-api-meta.service[107299]: DEBUG nova.api.openstack.wsgi_app [None req-7e005423-734d-4e55-a916-4c2adbf00268 None None] config_dir = [] {{(pid=107299) log_opt_values /opt/stack/data/venv/lib/python3.12/site-packages/oslo_config/cfg.py:2995}}
Mar 30 18:10:16.328301 np0000161480 devstack@n-api-meta.service[107299]: DEBUG nova.api.openstack.wsgi_app [None req-7e005423-734d-4e55-a916-4c2adbf00268 None None] config_drive_format = iso9660 {{(pid=107299) log_opt_values /opt/stack/data/venv/lib/python3.12/site-packages/oslo_config/cfg.py:2995}}
Mar 30 18:10:16.328301 np0000161480 devstack@n-api-meta.service[107299]: DEBUG nova.api.openstack.wsgi_app [None req-7e005423-734d-4e55-a916-4c2adbf00268 None None] config_file = ['/etc/nova/api-paste.ini', '/etc/nova/nova.conf'] {{(pid=107299) log_opt_values /opt/stack/data/venv/lib/python3.12/site-packages/oslo_config/cfg.py:2995}}
Mar 30 18:10:16.328301 np0000161480 devstack@n-api-meta.service[107299]: DEBUG nova.api.openstack.wsgi_app [None req-7e005423-734d-4e55-a916-4c2adbf00268 None None] config_source = [] {{(pid=107299) log_opt_values /opt/stack/data/venv/lib/python3.12/site-packages/oslo_config/cfg.py:2995}}
Mar 30 18:10:16.328301 np0000161480 devstack@n-api-meta.service[107299]: DEBUG nova.api.openstack.wsgi_app [None req-7e005423-734d-4e55-a916-4c2adbf00268 None None] console_host = np0000161480 {{(pid=107299) log_opt_values /opt/stack/data/venv/lib/python3.12/site-packages/oslo_config/cfg.py:2995}}
Mar 30 18:10:16.328720 np0000161480 devstack@n-api-meta.service[107299]: DEBUG nova.api.openstack.wsgi_app [None req-7e005423-734d-4e55-a916-4c2adbf00268 None None] control_exchange = nova {{(pid=107299) log_opt_values /opt/stack/data/venv/lib/python3.12/site-packages/oslo_config/cfg.py:2995}}
Mar 30 18:10:16.328720 np0000161480 devstack@n-api-meta.service[107299]: DEBUG nova.api.openstack.wsgi_app [None req-7e005423-734d-4e55-a916-4c2adbf00268 None None] cpu_allocation_ratio = None {{(pid=107299) log_opt_values /opt/stack/data/venv/lib/python3.12/site-packages/oslo_config/cfg.py:2995}}
Mar 30 18:10:16.328720 np0000161480 devstack@n-api-meta.service[107299]: DEBUG nova.api.openstack.wsgi_app [None req-7e005423-734d-4e55-a916-4c2adbf00268 None None] daemon = False {{(pid=107299) log_opt_values /opt/stack/data/venv/lib/python3.12/site-packages/oslo_config/cfg.py:2995}}
Mar 30 18:10:16.328720 np0000161480 devstack@n-api-meta.service[107299]: DEBUG nova.api.openstack.wsgi_app [None req-7e005423-734d-4e55-a916-4c2adbf00268 None None] debug = True {{(pid=107299) log_opt_values /opt/stack/data/venv/lib/python3.12/site-packages/oslo_config/cfg.py:2995}}
Mar 30 18:10:16.328720 np0000161480 devstack@n-api-meta.service[107299]: DEBUG nova.api.openstack.wsgi_app [None req-7e005423-734d-4e55-a916-4c2adbf00268 None None] default_access_ip_network_name = None {{(pid=107299) log_opt_values /opt/stack/data/venv/lib/python3.12/site-packages/oslo_config/cfg.py:2995}}
Mar 30 18:10:16.328720 np0000161480 devstack@n-api-meta.service[107299]: DEBUG nova.api.openstack.wsgi_app [None req-7e005423-734d-4e55-a916-4c2adbf00268 None None] default_availability_zone = nova {{(pid=107299) log_opt_values /opt/stack/data/venv/lib/python3.12/site-packages/oslo_config/cfg.py:2995}}
Mar 30 18:10:16.329037 np0000161480 devstack@n-api-meta.service[107301]: DEBUG dbcounter [-] [107301] Writer thread running {{(pid=107301) stat_writer /opt/stack/data/venv/lib/python3.12/site-packages/dbcounter.py:102}}
Mar 30 18:10:16.329100 np0000161480 devstack@n-api-meta.service[107299]: DEBUG nova.api.openstack.wsgi_app [None req-7e005423-734d-4e55-a916-4c2adbf00268 None None] default_ephemeral_format = ext4 {{(pid=107299) log_opt_values /opt/stack/data/venv/lib/python3.12/site-packages/oslo_config/cfg.py:2995}}
Mar 30 18:10:16.329100 np0000161480 devstack@n-api-meta.service[107299]: DEBUG nova.api.openstack.wsgi_app [None req-7e005423-734d-4e55-a916-4c2adbf00268 None None] default_green_pool_size = 1000 {{(pid=107299) log_opt_values /opt/stack/data/venv/lib/python3.12/site-packages/oslo_config/cfg.py:2995}}
Mar 30 18:10:16.329100 np0000161480 devstack@n-api-meta.service[107299]: DEBUG nova.api.openstack.wsgi_app [None req-7e005423-734d-4e55-a916-4c2adbf00268 None None] default_log_levels = ['amqp=WARN', 'boto=WARN', 'sqlalchemy=WARN', 'suds=INFO', 'oslo.messaging=INFO', 'oslo_messaging=INFO', 'iso8601=WARN', 'requests.packages.urllib3.connectionpool=WARN', 'urllib3.connectionpool=WARN', 'websocket=WARN', 'requests.packages.urllib3.util.retry=WARN', 'urllib3.util.retry=WARN', 'keystonemiddleware=WARN', 'routes.middleware=WARN', 'stevedore=WARN', 'taskflow=WARN', 'keystoneauth=WARN', 'oslo.cache=INFO', 'oslo_policy=INFO', 'dogpile.core.dogpile=INFO', 'glanceclient=WARN', 'oslo.privsep.daemon=INFO'] {{(pid=107299) log_opt_values /opt/stack/data/venv/lib/python3.12/site-packages/oslo_config/cfg.py:2995}}
Mar 30 18:10:16.329100 np0000161480 devstack@n-api-meta.service[107299]: DEBUG nova.api.openstack.wsgi_app [None req-7e005423-734d-4e55-a916-4c2adbf00268 None None] default_schedule_zone = None {{(pid=107299) log_opt_values /opt/stack/data/venv/lib/python3.12/site-packages/oslo_config/cfg.py:2995}}
Mar 30 18:10:16.329100 np0000161480 devstack@n-api-meta.service[107299]: DEBUG nova.api.openstack.wsgi_app [None req-7e005423-734d-4e55-a916-4c2adbf00268 None None] default_thread_pool_size = 10 {{(pid=107299) log_opt_values /opt/stack/data/venv/lib/python3.12/site-packages/oslo_config/cfg.py:2995}}
Mar 30 18:10:16.329422 np0000161480 devstack@n-api-meta.service[107301]: DEBUG dbcounter [-] [107301] Writer thread running {{(pid=107301) stat_writer /opt/stack/data/venv/lib/python3.12/site-packages/dbcounter.py:102}}
Mar 30 18:10:16.329479 np0000161480 devstack@n-api-meta.service[107299]: DEBUG nova.api.openstack.wsgi_app [None req-7e005423-734d-4e55-a916-4c2adbf00268 None None] disk_allocation_ratio = None {{(pid=107299) log_opt_values /opt/stack/data/venv/lib/python3.12/site-packages/oslo_config/cfg.py:2995}}
Mar 30 18:10:16.329479 np0000161480 devstack@n-api-meta.service[107299]: DEBUG nova.api.openstack.wsgi_app [None req-7e005423-734d-4e55-a916-4c2adbf00268 None None] enable_new_services = True {{(pid=107299) log_opt_values /opt/stack/data/venv/lib/python3.12/site-packages/oslo_config/cfg.py:2995}}
Mar 30 18:10:16.329479 np0000161480 devstack@n-api-meta.service[107299]: DEBUG nova.api.openstack.wsgi_app [None req-7e005423-734d-4e55-a916-4c2adbf00268 None None] flat_injected = False {{(pid=107299) log_opt_values /opt/stack/data/venv/lib/python3.12/site-packages/oslo_config/cfg.py:2995}}
Mar 30 18:10:16.329479 np0000161480 devstack@n-api-meta.service[107299]: DEBUG nova.api.openstack.wsgi_app [None req-7e005423-734d-4e55-a916-4c2adbf00268 None None] force_config_drive = False {{(pid=107299) log_opt_values /opt/stack/data/venv/lib/python3.12/site-packages/oslo_config/cfg.py:2995}}
Mar 30 18:10:16.329479 np0000161480 devstack@n-api-meta.service[107299]: DEBUG nova.api.openstack.wsgi_app [None req-7e005423-734d-4e55-a916-4c2adbf00268 None None] force_raw_images = True {{(pid=107299) log_opt_values /opt/stack/data/venv/lib/python3.12/site-packages/oslo_config/cfg.py:2995}}
Mar 30 18:10:16.329479 np0000161480 devstack@n-api-meta.service[107299]: DEBUG nova.api.openstack.wsgi_app [None req-7e005423-734d-4e55-a916-4c2adbf00268 None None] graceful_shutdown_timeout = 5 {{(pid=107299) log_opt_values /opt/stack/data/venv/lib/python3.12/site-packages/oslo_config/cfg.py:2995}}
Mar 30 18:10:16.329479 np0000161480 devstack@n-api-meta.service[107299]: DEBUG nova.api.openstack.wsgi_app [None req-7e005423-734d-4e55-a916-4c2adbf00268 None None] heal_instance_info_cache_interval = -1 {{(pid=107299) log_opt_values /opt/stack/data/venv/lib/python3.12/site-packages/oslo_config/cfg.py:2995}}
Mar 30 18:10:16.329862 np0000161480 devstack@n-api-meta.service[107299]: DEBUG nova.api.openstack.wsgi_app [None req-7e005423-734d-4e55-a916-4c2adbf00268 None None] host = np0000161480 {{(pid=107299) log_opt_values /opt/stack/data/venv/lib/python3.12/site-packages/oslo_config/cfg.py:2995}}
Mar 30 18:10:16.329862 np0000161480 devstack@n-api-meta.service[107299]: DEBUG nova.api.openstack.wsgi_app [None req-7e005423-734d-4e55-a916-4c2adbf00268 None None] initial_cpu_allocation_ratio = 4.0 {{(pid=107299) log_opt_values /opt/stack/data/venv/lib/python3.12/site-packages/oslo_config/cfg.py:2995}}
Mar 30 18:10:16.329862 np0000161480 devstack@n-api-meta.service[107299]: DEBUG nova.api.openstack.wsgi_app [None req-7e005423-734d-4e55-a916-4c2adbf00268 None None] initial_disk_allocation_ratio = 1.0 {{(pid=107299) log_opt_values /opt/stack/data/venv/lib/python3.12/site-packages/oslo_config/cfg.py:2995}}
Mar 30 18:10:16.329862 np0000161480 devstack@n-api-meta.service[107299]: DEBUG nova.api.openstack.wsgi_app [None req-7e005423-734d-4e55-a916-4c2adbf00268 None None] initial_ram_allocation_ratio = 1.0 {{(pid=107299) log_opt_values /opt/stack/data/venv/lib/python3.12/site-packages/oslo_config/cfg.py:2995}}
Mar 30 18:10:16.329862 np0000161480 devstack@n-api-meta.service[107299]: DEBUG nova.api.openstack.wsgi_app [None req-7e005423-734d-4e55-a916-4c2adbf00268 None None] injected_network_template = /opt/stack/nova/nova/virt/interfaces.template {{(pid=107299) log_opt_values /opt/stack/data/venv/lib/python3.12/site-packages/oslo_config/cfg.py:2995}}
Mar 30 18:10:16.329862 np0000161480 devstack@n-api-meta.service[107299]: DEBUG nova.api.openstack.wsgi_app [None req-7e005423-734d-4e55-a916-4c2adbf00268 None None] instance_build_timeout = 0 {{(pid=107299) log_opt_values /opt/stack/data/venv/lib/python3.12/site-packages/oslo_config/cfg.py:2995}}
Mar 30 18:10:16.329862 np0000161480 devstack@n-api-meta.service[107299]: DEBUG nova.api.openstack.wsgi_app [None req-7e005423-734d-4e55-a916-4c2adbf00268 None None] instance_delete_interval = 300 {{(pid=107299) log_opt_values /opt/stack/data/venv/lib/python3.12/site-packages/oslo_config/cfg.py:2995}}
Mar 30 18:10:16.330213 np0000161480 devstack@n-api-meta.service[107299]: DEBUG nova.api.openstack.wsgi_app [None req-7e005423-734d-4e55-a916-4c2adbf00268 None None] instance_format = [instance: %(uuid)s] {{(pid=107299) log_opt_values /opt/stack/data/venv/lib/python3.12/site-packages/oslo_config/cfg.py:2995}}
Mar 30 18:10:16.330213 np0000161480 devstack@n-api-meta.service[107299]: DEBUG nova.api.openstack.wsgi_app [None req-7e005423-734d-4e55-a916-4c2adbf00268 None None] instance_name_template = instance-%08x {{(pid=107299) log_opt_values /opt/stack/data/venv/lib/python3.12/site-packages/oslo_config/cfg.py:2995}}
Mar 30 18:10:16.330213 np0000161480 devstack@n-api-meta.service[107299]: DEBUG nova.api.openstack.wsgi_app [None req-7e005423-734d-4e55-a916-4c2adbf00268 None None] instance_usage_audit = False {{(pid=107299) log_opt_values /opt/stack/data/venv/lib/python3.12/site-packages/oslo_config/cfg.py:2995}}
Mar 30 18:10:16.330213 np0000161480 devstack@n-api-meta.service[107299]: DEBUG nova.api.openstack.wsgi_app [None req-7e005423-734d-4e55-a916-4c2adbf00268 None None] instance_usage_audit_period = month {{(pid=107299) log_opt_values /opt/stack/data/venv/lib/python3.12/site-packages/oslo_config/cfg.py:2995}}
Mar 30 18:10:16.330213 np0000161480 devstack@n-api-meta.service[107299]: DEBUG nova.api.openstack.wsgi_app [None req-7e005423-734d-4e55-a916-4c2adbf00268 None None] instance_uuid_format = [instance: %(uuid)s] {{(pid=107299) log_opt_values /opt/stack/data/venv/lib/python3.12/site-packages/oslo_config/cfg.py:2995}}
Mar 30 18:10:16.330213 np0000161480 devstack@n-api-meta.service[107299]: DEBUG nova.api.openstack.wsgi_app [None req-7e005423-734d-4e55-a916-4c2adbf00268 None None] instances_path = /opt/stack/data/nova/instances {{(pid=107299) log_opt_values /opt/stack/data/venv/lib/python3.12/site-packages/oslo_config/cfg.py:2995}}
Mar 30 18:10:16.330213 np0000161480 devstack@n-api-meta.service[107299]: DEBUG nova.api.openstack.wsgi_app [None req-7e005423-734d-4e55-a916-4c2adbf00268 None None] internal_service_availability_zone = internal {{(pid=107299) log_opt_values /opt/stack/data/venv/lib/python3.12/site-packages/oslo_config/cfg.py:2995}}
Mar 30 18:10:16.330600 np0000161480 devstack@n-api-meta.service[107299]: DEBUG nova.api.openstack.wsgi_app [None req-7e005423-734d-4e55-a916-4c2adbf00268 None None] key = None {{(pid=107299) log_opt_values /opt/stack/data/venv/lib/python3.12/site-packages/oslo_config/cfg.py:2995}}
Mar 30 18:10:16.330600 np0000161480 devstack@n-api-meta.service[107299]: DEBUG nova.api.openstack.wsgi_app [None req-7e005423-734d-4e55-a916-4c2adbf00268 None None] live_migration_retry_count = 30 {{(pid=107299) log_opt_values /opt/stack/data/venv/lib/python3.12/site-packages/oslo_config/cfg.py:2995}}
Mar 30 18:10:16.330600 np0000161480 devstack@n-api-meta.service[107299]: DEBUG nova.api.openstack.wsgi_app [None req-7e005423-734d-4e55-a916-4c2adbf00268 None None] log_color = False {{(pid=107299) log_opt_values /opt/stack/data/venv/lib/python3.12/site-packages/oslo_config/cfg.py:2995}}
Mar 30 18:10:16.330600 np0000161480 devstack@n-api-meta.service[107299]: DEBUG nova.api.openstack.wsgi_app [None req-7e005423-734d-4e55-a916-4c2adbf00268 None None] log_config_append = None {{(pid=107299) log_opt_values /opt/stack/data/venv/lib/python3.12/site-packages/oslo_config/cfg.py:2995}}
Mar 30 18:10:16.330600 np0000161480 devstack@n-api-meta.service[107299]: DEBUG nova.api.openstack.wsgi_app [None req-7e005423-734d-4e55-a916-4c2adbf00268 None None] log_date_format = %Y-%m-%d %H:%M:%S {{(pid=107299) log_opt_values /opt/stack/data/venv/lib/python3.12/site-packages/oslo_config/cfg.py:2995}}
Mar 30 18:10:16.330600 np0000161480 devstack@n-api-meta.service[107299]: DEBUG nova.api.openstack.wsgi_app [None req-7e005423-734d-4e55-a916-4c2adbf00268 None None] log_dir = None {{(pid=107299) log_opt_values /opt/stack/data/venv/lib/python3.12/site-packages/oslo_config/cfg.py:2995}}
Mar 30 18:10:16.330600 np0000161480 devstack@n-api-meta.service[107299]: DEBUG nova.api.openstack.wsgi_app [None req-7e005423-734d-4e55-a916-4c2adbf00268 None None] log_file = None {{(pid=107299) log_opt_values /opt/stack/data/venv/lib/python3.12/site-packages/oslo_config/cfg.py:2995}}
Mar 30 18:10:16.330989 np0000161480 devstack@n-api-meta.service[107299]: DEBUG nova.api.openstack.wsgi_app [None req-7e005423-734d-4e55-a916-4c2adbf00268 None None] log_options = True {{(pid=107299) log_opt_values /opt/stack/data/venv/lib/python3.12/site-packages/oslo_config/cfg.py:2995}}
Mar 30 18:10:16.330989 np0000161480 devstack@n-api-meta.service[107299]: DEBUG nova.api.openstack.wsgi_app [None req-7e005423-734d-4e55-a916-4c2adbf00268 None None] log_rotate_interval = 1 {{(pid=107299) log_opt_values /opt/stack/data/venv/lib/python3.12/site-packages/oslo_config/cfg.py:2995}}
Mar 30 18:10:16.330989 np0000161480 devstack@n-api-meta.service[107299]: DEBUG nova.api.openstack.wsgi_app [None req-7e005423-734d-4e55-a916-4c2adbf00268 None None] log_rotate_interval_type = days {{(pid=107299) log_opt_values /opt/stack/data/venv/lib/python3.12/site-packages/oslo_config/cfg.py:2995}}
Mar 30 18:10:16.330989 np0000161480 devstack@n-api-meta.service[107299]: DEBUG nova.api.openstack.wsgi_app [None req-7e005423-734d-4e55-a916-4c2adbf00268 None None] log_rotation_type = none {{(pid=107299) log_opt_values /opt/stack/data/venv/lib/python3.12/site-packages/oslo_config/cfg.py:2995}}
Mar 30 18:10:16.331172 np0000161480 devstack@n-api-meta.service[107299]: DEBUG nova.api.openstack.wsgi_app [None req-7e005423-734d-4e55-a916-4c2adbf00268 None None] logging_context_format_string = %(color)s%(levelname)s %(name)s [%(global_request_id)s %(request_id)s %(project_name)s %(user_name)s%(color)s] %(instance)s%(color)s%(message)s {{(pid=107299) log_opt_values /opt/stack/data/venv/lib/python3.12/site-packages/oslo_config/cfg.py:2995}}
Mar 30 18:10:16.331172 np0000161480 devstack@n-api-meta.service[107299]: DEBUG nova.api.openstack.wsgi_app [None req-7e005423-734d-4e55-a916-4c2adbf00268 None None] logging_debug_format_suffix = {{(pid=%(process)d) %(funcName)s %(pathname)s:%(lineno)d}} {{(pid=107299) log_opt_values /opt/stack/data/venv/lib/python3.12/site-packages/oslo_config/cfg.py:2995}}
