2026-07-24 01:01:13.219 8 INFO cinder.api.openstack.wsgi [None req-30636e93-5b03-466b-9538-b962447177d8 c86890b20afd47edb9656cd2b5a66e59 1c479ee4a9c644f7b170f34e687433f7 - - default default] GET http://10.0.0.105:8776/
2026-07-24 01:01:13.220 7 INFO cinder.api.openstack.wsgi [None req-8a954100-8396-4519-ad63-a3b0bd3637d5 c86890b20afd47edb9656cd2b5a66e59 1c479ee4a9c644f7b170f34e687433f7 - - default default] http://10.0.0.105:8776/ returned with HTTP 300
2026-07-24 01:01:13.220 8 INFO cinder.api.openstack.wsgi [None req-30636e93-5b03-466b-9538-b962447177d8 c86890b20afd47edb9656cd2b5a66e59 1c479ee4a9c644f7b170f34e687433f7 - - default default] http://10.0.0.105:8776/ returned with HTTP 300
2026-07-24 01:01:14.603 7 INFO cinder.api.openstack.wsgi [None req-d4a4fa22-3a97-427d-aca5-5ccf990f06bd c86890b20afd47edb9656cd2b5a66e59 1c479ee4a9c644f7b170f34e687433f7 - - default default] GET http://cinder-api.openstack.svc.cluster.local:8776/v3/1c479ee4a9c644f7b170f34e687433f7/snapshots
2026-07-24 01:01:14.615 7 INFO cinder.volume.api [None req-d4a4fa22-3a97-427d-aca5-5ccf990f06bd c86890b20afd47edb9656cd2b5a66e59 1c479ee4a9c644f7b170f34e687433f7 - - default default] Get all snapshots completed successfully.
2026-07-24 01:01:14.615 7 INFO cinder.api.openstack.wsgi [None req-d4a4fa22-3a97-427d-aca5-5ccf990f06bd c86890b20afd47edb9656cd2b5a66e59 1c479ee4a9c644f7b170f34e687433f7 - - default default] http://cinder-api.openstack.svc.cluster.local:8776/v3/1c479ee4a9c644f7b170f34e687433f7/snapshots returned with HTTP 200 [pid: 7|app: 0|req: 344/687] 10.0.0.38 () {32 vars in 704 bytes} [Fri Jul 24 01:01:14 2026] GET /v3/1c479ee4a9c644f7b170f34e687433f7/snapshots => generated 17 bytes in 18 msecs (HTTP/1.1 200) 7 headers in 284 bytes (1 switches on core 0)
2026-07-24 01:01:14.626 8 INFO cinder.api.openstack.wsgi [None req-461a0dae-1153-4611-838e-2700158e0e88 c86890b20afd47edb9656cd2b5a66e59 1c479ee4a9c644f7b170f34e687433f7 - - default default] GET http://cinder-api.openstack.svc.cluster.local:8776/v3/1c479ee4a9c644f7b170f34e687433f7/volumes
2026-07-24 01:01:14.651 8 INFO cinder.volume.api [None req-461a0dae-1153-4611-838e-2700158e0e88 c86890b20afd47edb9656cd2b5a66e59 1c479ee4a9c644f7b170f34e687433f7 - - default default] Get all volumes completed successfully.
2026-07-24 01:01:14.651 8 INFO cinder.api.openstack.wsgi [None req-461a0dae-1153-4611-838e-2700158e0e88 c86890b20afd47edb9656cd2b5a66e59 1c479ee4a9c644f7b170f34e687433f7 - - default default] http://cinder-api.openstack.svc.cluster.local:8776/v3/1c479ee4a9c644f7b170f34e687433f7/volumes returned with HTTP 200 [pid: 8|app: 0|req: 344/688] 10.0.0.38 () {32 vars in 700 bytes} [Fri Jul 24 01:01:14 2026] GET /v3/1c479ee4a9c644f7b170f34e687433f7/volumes => generated 15 bytes in 29 msecs (HTTP/1.1 200) 7 headers in 284 bytes (1 switches on core 0)
2026-07-24 01:01:23.219 7 INFO cinder.api.openstack.wsgi [None req-d4a4fa22-3a97-427d-aca5-5ccf990f06bd c86890b20afd47edb9656cd2b5a66e59 1c479ee4a9c644f7b170f34e687433f7 - - default default] GET http://10.0.0.105:8776/
2026-07-24 01:01:23.219 8 INFO cinder.api.openstack.wsgi [None req-461a0dae-1153-4611-838e-2700158e0e88 c86890b20afd47edb9656cd2b5a66e59 1c479ee4a9c644f7b170f34e687433f7 - - default default] GET http://10.0.0.105:8776/
2026-07-24 01:01:23.220 7 INFO cinder.api.openstack.wsgi [None req-d4a4fa22-3a97-427d-aca5-5ccf990f06bd c86890b20afd47edb9656cd2b5a66e59 1c479ee4a9c644f7b170f34e687433f7 - - default default] http://10.0.0.105:8776/ returned with HTTP 300
2026-07-24 01:01:23.220 8 INFO cinder.api.openstack.wsgi [None req-461a0dae-1153-4611-838e-2700158e0e88 c86890b20afd47edb9656cd2b5a66e59 1c479ee4a9c644f7b170f34e687433f7 - - default default] http://10.0.0.105:8776/ returned with HTTP 300
2026-07-24 01:01:33.219 7 INFO cinder.api.openstack.wsgi [None req-d4a4fa22-3a97-427d-aca5-5ccf990f06bd c86890b20afd47edb9656cd2b5a66e59 1c479ee4a9c644f7b170f34e687433f7 - - default default] GET http://10.0.0.105:8776/
2026-07-24 01:01:33.220 7 INFO cinder.api.openstack.wsgi [None req-d4a4fa22-3a97-427d-aca5-5ccf990f06bd c86890b20afd47edb9656cd2b5a66e59 1c479ee4a9c644f7b170f34e687433f7 - - default default] http://10.0.0.105:8776/ returned with HTTP 300
2026-07-24 01:01:33.221 8 INFO cinder.api.openstack.wsgi [None req-461a0dae-1153-4611-838e-2700158e0e88 c86890b20afd47edb9656cd2b5a66e59 1c479ee4a9c644f7b170f34e687433f7 - - default default] GET http://10.0.0.105:8776/
2026-07-24 01:01:33.222 8 INFO cinder.api.openstack.wsgi [None req-461a0dae-1153-4611-838e-2700158e0e88 c86890b20afd47edb9656cd2b5a66e59 1c479ee4a9c644f7b170f34e687433f7 - - default default] http://10.0.0.105:8776/ returned with HTTP 300
2026-07-24 01:01:43.221 7 INFO cinder.api.openstack.wsgi [None req-d4a4fa22-3a97-427d-aca5-5ccf990f06bd c86890b20afd47edb9656cd2b5a66e59 1c479ee4a9c644f7b170f34e687433f7 - - default default] GET http://10.0.0.105:8776/
2026-07-24 01:01:43.221 8 INFO cinder.api.openstack.wsgi [None req-461a0dae-1153-4611-838e-2700158e0e88 c86890b20afd47edb9656cd2b5a66e59 1c479ee4a9c644f7b170f34e687433f7 - - default default] GET http://10.0.0.105:8776/
2026-07-24 01:01:43.222 8 INFO cinder.api.openstack.wsgi [None req-461a0dae-1153-4611-838e-2700158e0e88 c86890b20afd47edb9656cd2b5a66e59 1c479ee4a9c644f7b170f34e687433f7 - - default default] http://10.0.0.105:8776/ returned with HTTP 300
2026-07-24 01:01:43.222 7 INFO cinder.api.openstack.wsgi [None req-d4a4fa22-3a97-427d-aca5-5ccf990f06bd c86890b20afd47edb9656cd2b5a66e59 1c479ee4a9c644f7b170f34e687433f7 - - default default] http://10.0.0.105:8776/ returned with HTTP 300
2026-07-24 01:01:53.219 8 INFO cinder.api.openstack.wsgi [None req-461a0dae-1153-4611-838e-2700158e0e88 c86890b20afd47edb9656cd2b5a66e59 1c479ee4a9c644f7b170f34e687433f7 - - default default] GET http://10.0.0.105:8776/
2026-07-24 01:01:53.219 7 INFO cinder.api.openstack.wsgi [None req-d4a4fa22-3a97-427d-aca5-5ccf990f06bd c86890b20afd47edb9656cd2b5a66e59 1c479ee4a9c644f7b170f34e687433f7 - - default default] GET http://10.0.0.105:8776/
2026-07-24 01:01:53.220 7 INFO cinder.api.openstack.wsgi [None req-d4a4fa22-3a97-427d-aca5-5ccf990f06bd c86890b20afd47edb9656cd2b5a66e59 1c479ee4a9c644f7b170f34e687433f7 - - default default] http://10.0.0.105:8776/ returned with HTTP 300
2026-07-24 01:01:53.228 8 INFO cinder.api.openstack.wsgi [None req-461a0dae-1153-4611-838e-2700158e0e88 c86890b20afd47edb9656cd2b5a66e59 1c479ee4a9c644f7b170f34e687433f7 - - default default] http://10.0.0.105:8776/ returned with HTTP 300
2026-07-24 01:01:53.428 7 INFO cinder.api.openstack.wsgi [None req-18b62938-2469-402e-a60c-ec93ad02d013 c86890b20afd47edb9656cd2b5a66e59 1c479ee4a9c644f7b170f34e687433f7 - - default default] GET http://cinder-api.openstack.svc.cluster.local:8776/v3/1c479ee4a9c644f7b170f34e687433f7/volumes/detail?all_tenants=true
2026-07-24 01:01:53.441 7 INFO cinder.volume.api [None req-18b62938-2469-402e-a60c-ec93ad02d013 c86890b20afd47edb9656cd2b5a66e59 1c479ee4a9c644f7b170f34e687433f7 - - default default] Get all volumes completed successfully.
2026-07-24 01:01:53.443 7 INFO cinder.api.openstack.wsgi [None req-18b62938-2469-402e-a60c-ec93ad02d013 c86890b20afd47edb9656cd2b5a66e59 1c479ee4a9c644f7b170f34e687433f7 - - default default] http://cinder-api.openstack.svc.cluster.local:8776/v3/1c479ee4a9c644f7b170f34e687433f7/volumes/detail?all_tenants=true returned with HTTP 200 [pid: 7|app: 0|req: 349/697] 10.0.0.63 () {28 vars in 683 bytes} [Fri Jul 24 01:01:53 2026] GET /v3/1c479ee4a9c644f7b170f34e687433f7/volumes/detail?all_tenants=true => generated 15 bytes in 122 msecs (HTTP/1.1 200) 7 headers in 284 bytes (1 switches on core 0)
2026-07-24 01:01:53.467 8 INFO cinder.api.openstack.wsgi [None req-bf864b90-25e0-471e-9305-c8a79763750c c86890b20afd47edb9656cd2b5a66e59 1c479ee4a9c644f7b170f34e687433f7 - - default default] GET http://cinder-api.openstack.svc.cluster.local:8776/v3/1c479ee4a9c644f7b170f34e687433f7/os-services
2026-07-24 01:01:53.474 8 INFO cinder.api.openstack.wsgi [None req-bf864b90-25e0-471e-9305-c8a79763750c c86890b20afd47edb9656cd2b5a66e59 1c479ee4a9c644f7b170f34e687433f7 - - default default] http://cinder-api.openstack.svc.cluster.local:8776/v3/1c479ee4a9c644f7b170f34e687433f7/os-services returned with HTTP 200 [pid: 8|app: 0|req: 349/698] 10.0.0.63 () {28 vars in 644 bytes} [Fri Jul 24 01:01:53 2026] GET /v3/1c479ee4a9c644f7b170f34e687433f7/os-services => generated 646 bytes in 16 msecs (HTTP/1.1 200) 7 headers in 285 bytes (1 switches on core 0)
2026-07-24 01:01:53.485 7 INFO cinder.api.openstack.wsgi [None req-577569ce-0246-4c68-83f4-8765be1ff89b c86890b20afd47edb9656cd2b5a66e59 1c479ee4a9c644f7b170f34e687433f7 - - default default] GET http://cinder-api.openstack.svc.cluster.local:8776/v3/1c479ee4a9c644f7b170f34e687433f7/scheduler-stats/get_pools?detail=true
2026-07-24 01:01:53.988 7 INFO cinder.api.openstack.wsgi [None req-577569ce-0246-4c68-83f4-8765be1ff89b c86890b20afd47edb9656cd2b5a66e59 1c479ee4a9c644f7b170f34e687433f7 - - default default] http://cinder-api.openstack.svc.cluster.local:8776/v3/1c479ee4a9c644f7b170f34e687433f7/scheduler-stats/get_pools?detail=true returned with HTTP 200 [pid: 7|app: 0|req: 350/699] 10.0.0.63 () {28 vars in 695 bytes} [Fri Jul 24 01:01:53 2026] GET /v3/1c479ee4a9c644f7b170f34e687433f7/scheduler-stats/get_pools?detail=true => generated 670 bytes in 509 msecs (HTTP/1.1 200) 7 headers in 285 bytes (1 switches on core 0)
2026-07-24 01:01:54.046 8 INFO cinder.api.openstack.wsgi [None req-9aff41f5-0f43-4506-9660-f48892198aa0 c86890b20afd47edb9656cd2b5a66e59 1c479ee4a9c644f7b170f34e687433f7 - - default default] GET http://cinder-api.openstack.svc.cluster.local:8776/v3/1c479ee4a9c644f7b170f34e687433f7/os-quota-sets/1aa028f069534968873470916a06fa63?usage=true
2026-07-24 01:01:54.093 8 INFO cinder.api.openstack.wsgi [None req-9aff41f5-0f43-4506-9660-f48892198aa0 c86890b20afd47edb9656cd2b5a66e59 1c479ee4a9c644f7b170f34e687433f7 - - default default] http://cinder-api.openstack.svc.cluster.local:8776/v3/1c479ee4a9c644f7b170f34e687433f7/os-quota-sets/1aa028f069534968873470916a06fa63?usage=true returned with HTTP 200 [pid: 8|app: 0|req: 350/700] 10.0.0.63 () {28 vars in 735 bytes} [Fri Jul 24 01:01:54 2026] GET /v3/1c479ee4a9c644f7b170f34e687433f7/os-quota-sets/1aa028f069534968873470916a06fa63?usage=true => generated 847 bytes in 54 msecs (HTTP/1.1 200) 7 headers in 285 bytes (1 switches on core 0)
2026-07-24 01:01:54.105 7 INFO cinder.api.openstack.wsgi [None req-dc08c99f-7fb4-4443-a14f-2475223aad12 c86890b20afd47edb9656cd2b5a66e59 1c479ee4a9c644f7b170f34e687433f7 - - default default] GET http://cinder-api.openstack.svc.cluster.local:8776/v3/1c479ee4a9c644f7b170f34e687433f7/os-quota-sets/1c479ee4a9c644f7b170f34e687433f7?usage=true
2026-07-24 01:01:54.127 7 INFO cinder.api.openstack.wsgi [None req-dc08c99f-7fb4-4443-a14f-2475223aad12 c86890b20afd47edb9656cd2b5a66e59 1c479ee4a9c644f7b170f34e687433f7 - - default default] http://cinder-api.openstack.svc.cluster.local:8776/v3/1c479ee4a9c644f7b170f34e687433f7/os-quota-sets/1c479ee4a9c644f7b170f34e687433f7?usage=true returned with HTTP 200 [pid: 7|app: 0|req: 351/701] 10.0.0.63 () {28 vars in 735 bytes} [Fri Jul 24 01:01:54 2026] GET /v3/1c479ee4a9c644f7b170f34e687433f7/os-quota-sets/1c479ee4a9c644f7b170f34e687433f7?usage=true => generated 845 bytes in 29 msecs (HTTP/1.1 200) 7 headers in 285 bytes (1 switches on core 0)
2026-07-24 01:01:54.143 8 INFO cinder.api.openstack.wsgi [None req-508390c3-4fad-441a-a9cb-665ed0e0de13 c86890b20afd47edb9656cd2b5a66e59 1c479ee4a9c644f7b170f34e687433f7 - - default default] GET http://cinder-api.openstack.svc.cluster.local:8776/v3/1c479ee4a9c644f7b170f34e687433f7/os-quota-sets/2db9f60fa1ed4595b3341d397b39c332?usage=true
2026-07-24 01:01:54.162 8 INFO cinder.api.openstack.wsgi [None req-508390c3-4fad-441a-a9cb-665ed0e0de13 c86890b20afd47edb9656cd2b5a66e59 1c479ee4a9c644f7b170f34e687433f7 - - default default] http://cinder-api.openstack.svc.cluster.local:8776/v3/1c479ee4a9c644f7b170f34e687433f7/os-quota-sets/2db9f60fa1ed4595b3341d397b39c332?usage=true returned with HTTP 200 [pid: 8|app: 0|req: 351/702] 10.0.0.63 () {28 vars in 735 bytes} [Fri Jul 24 01:01:54 2026] GET /v3/1c479ee4a9c644f7b170f34e687433f7/os-quota-sets/2db9f60fa1ed4595b3341d397b39c332?usage=true => generated 847 bytes in 29 msecs (HTTP/1.1 200) 7 headers in 285 bytes (1 switches on core 0)
2026-07-24 01:01:54.171 7 INFO cinder.api.openstack.wsgi [None req-a2737dee-da8e-4975-ab91-040c02437d1e c86890b20afd47edb9656cd2b5a66e59 1c479ee4a9c644f7b170f34e687433f7 - - default default] GET http://cinder-api.openstack.svc.cluster.local:8776/v3/1c479ee4a9c644f7b170f34e687433f7/os-quota-sets/602b7e96c9b446c9bde780e400e628c2?usage=true
2026-07-24 01:01:54.192 7 INFO cinder.api.openstack.wsgi [None req-a2737dee-da8e-4975-ab91-040c02437d1e c86890b20afd47edb9656cd2b5a66e59 1c479ee4a9c644f7b170f34e687433f7 - - default default] http://cinder-api.openstack.svc.cluster.local:8776/v3/1c479ee4a9c644f7b170f34e687433f7/os-quota-sets/602b7e96c9b446c9bde780e400e628c2?usage=true returned with HTTP 200 [pid: 7|app: 0|req: 352/703] 10.0.0.63 () {28 vars in 735 bytes} [Fri Jul 24 01:01:54 2026] GET /v3/1c479ee4a9c644f7b170f34e687433f7/os-quota-sets/602b7e96c9b446c9bde780e400e628c2?usage=true => generated 847 bytes in 26 msecs (HTTP/1.1 200) 7 headers in 285 bytes (1 switches on core 0)
2026-07-24 01:01:54.203 8 INFO cinder.api.openstack.wsgi [None req-3dd4be7e-908f-41f9-8f39-78993f02cced c86890b20afd47edb9656cd2b5a66e59 1c479ee4a9c644f7b170f34e687433f7 - - default default] GET http://cinder-api.openstack.svc.cluster.local:8776/v3/1c479ee4a9c644f7b170f34e687433f7/os-quota-sets/bb24035cd8ca401f8483cde6096bbcd1?usage=true
2026-07-24 01:01:54.226 8 INFO cinder.api.openstack.wsgi [None req-3dd4be7e-908f-41f9-8f39-78993f02cced c86890b20afd47edb9656cd2b5a66e59 1c479ee4a9c644f7b170f34e687433f7 - - default default] http://cinder-api.openstack.svc.cluster.local:8776/v3/1c479ee4a9c644f7b170f34e687433f7/os-quota-sets/bb24035cd8ca401f8483cde6096bbcd1?usage=true returned with HTTP 200 [pid: 8|app: 0|req: 352/704] 10.0.0.63 () {28 vars in 735 bytes} [Fri Jul 24 01:01:54 2026] GET /v3/1c479ee4a9c644f7b170f34e687433f7/os-quota-sets/bb24035cd8ca401f8483cde6096bbcd1?usage=true => generated 847 bytes in 31 msecs (HTTP/1.1 200) 7 headers in 285 bytes (1 switches on core 0)
2026-07-24 01:01:54.236 7 INFO cinder.api.openstack.wsgi [None req-d276e665-5c4d-46ba-bdda-b354eb51f747 c86890b20afd47edb9656cd2b5a66e59 1c479ee4a9c644f7b170f34e687433f7 - - default default] GET http://cinder-api.openstack.svc.cluster.local:8776/v3/1c479ee4a9c644f7b170f34e687433f7/os-quota-sets/e7ab380d52084af28fa3271321de1aa1?usage=true
2026-07-24 01:01:54.252 7 INFO cinder.api.openstack.wsgi [None req-d276e665-5c4d-46ba-bdda-b354eb51f747 c86890b20afd47edb9656cd2b5a66e59 1c479ee4a9c644f7b170f34e687433f7 - - default default] http://cinder-api.openstack.svc.cluster.local:8776/v3/1c479ee4a9c644f7b170f34e687433f7/os-quota-sets/e7ab380d52084af28fa3271321de1aa1?usage=true returned with HTTP 200 [pid: 7|app: 0|req: 353/705] 10.0.0.63 () {28 vars in 735 bytes} [Fri Jul 24 01:01:54 2026] GET /v3/1c479ee4a9c644f7b170f34e687433f7/os-quota-sets/e7ab380d52084af28fa3271321de1aa1?usage=true => generated 845 bytes in 21 msecs (HTTP/1.1 200) 7 headers in 285 bytes (1 switches on core 0)
2026-07-24 01:01:54.261 8 INFO cinder.api.openstack.wsgi [None req-1c3350c1-2eae-47c1-8aee-96ffbcac57d1 c86890b20afd47edb9656cd2b5a66e59 1c479ee4a9c644f7b170f34e687433f7 - - default default] GET http://cinder-api.openstack.svc.cluster.local:8776/v3/1c479ee4a9c644f7b170f34e687433f7/os-quota-sets/ebcc99927003418a88fc4ffed30f07db?usage=true
2026-07-24 01:01:54.284 8 INFO cinder.api.openstack.wsgi [None req-1c3350c1-2eae-47c1-8aee-96ffbcac57d1 c86890b20afd47edb9656cd2b5a66e59 1c479ee4a9c644f7b170f34e687433f7 - - default default] http://cinder-api.openstack.svc.cluster.local:8776/v3/1c479ee4a9c644f7b170f34e687433f7/os-quota-sets/ebcc99927003418a88fc4ffed30f07db?usage=true returned with HTTP 200 [pid: 8|app: 0|req: 353/706] 10.0.0.63 () {28 vars in 735 bytes} [Fri Jul 24 01:01:54 2026] GET /v3/1c479ee4a9c644f7b170f34e687433f7/os-quota-sets/ebcc99927003418a88fc4ffed30f07db?usage=true => generated 847 bytes in 29 msecs (HTTP/1.1 200) 7 headers in 285 bytes (1 switches on core 0)
2026-07-24 01:01:54.293 7 INFO cinder.api.openstack.wsgi [None req-a0d6e114-38d7-4942-886e-082a64551ea4 c86890b20afd47edb9656cd2b5a66e59 1c479ee4a9c644f7b170f34e687433f7 - - default default] GET http://cinder-api.openstack.svc.cluster.local:8776/v3/1c479ee4a9c644f7b170f34e687433f7/snapshots?all_tenants=true
2026-07-24 01:01:54.298 7 INFO cinder.volume.api [None req-a0d6e114-38d7-4942-886e-082a64551ea4 c86890b20afd47edb9656cd2b5a66e59 1c479ee4a9c644f7b170f34e687433f7 - - default default] Get all snapshots completed successfully.
2026-07-24 01:01:54.298 7 INFO cinder.api.openstack.wsgi [None req-a0d6e114-38d7-4942-886e-082a64551ea4 c86890b20afd47edb9656cd2b5a66e59 1c479ee4a9c644f7b170f34e687433f7 - - default default] http://cinder-api.openstack.svc.cluster.local:8776/v3/1c479ee4a9c644f7b170f34e687433f7/snapshots?all_tenants=true returned with HTTP 200 [pid: 7|app: 0|req: 354/707] 10.0.0.63 () {28 vars in 673 bytes} [Fri Jul 24 01:01:54 2026] GET /v3/1c479ee4a9c644f7b170f34e687433f7/snapshots?all_tenants=true => generated 17 bytes in 10 msecs (HTTP/1.1 200) 7 headers in 284 bytes (1 switches on core 0)
2026-07-24 01:01:54.305 8 INFO cinder.api.openstack.wsgi [None req-9f671041-8c9d-4bb5-b85b-d231bbb9a7e5 c86890b20afd47edb9656cd2b5a66e59 1c479ee4a9c644f7b170f34e687433f7 - - default default] GET http://cinder-api.openstack.svc.cluster.local:8776/v3/1c479ee4a9c644f7b170f34e687433f7/volumes/detail?all_tenants=true
2026-07-24 01:01:54.313 8 INFO cinder.volume.api [None req-9f671041-8c9d-4bb5-b85b-d231bbb9a7e5 c86890b20afd47edb9656cd2b5a66e59 1c479ee4a9c644f7b170f34e687433f7 - - default default] Get all volumes completed successfully.
2026-07-24 01:01:54.315 8 INFO cinder.api.openstack.wsgi [None req-9f671041-8c9d-4bb5-b85b-d231bbb9a7e5 c86890b20afd47edb9656cd2b5a66e59 1c479ee4a9c644f7b170f34e687433f7 - - default default] http://cinder-api.openstack.svc.cluster.local:8776/v3/1c479ee4a9c644f7b170f34e687433f7/volumes/detail?all_tenants=true returned with HTTP 200 [pid: 8|app: 0|req: 354/708] 10.0.0.63 () {28 vars in 683 bytes} [Fri Jul 24 01:01:54 2026] GET /v3/1c479ee4a9c644f7b170f34e687433f7/volumes/detail?all_tenants=true => generated 15 bytes in 14 msecs (HTTP/1.1 200) 7 headers in 284 bytes (1 switches on core 0)
2026-07-24 01:02:03.219 7 INFO cinder.api.openstack.wsgi [None req-a0d6e114-38d7-4942-886e-082a64551ea4 c86890b20afd47edb9656cd2b5a66e59 1c479ee4a9c644f7b170f34e687433f7 - - default default] GET http://10.0.0.105:8776/
2026-07-24 01:02:03.220 7 INFO cinder.api.openstack.wsgi [None req-a0d6e114-38d7-4942-886e-082a64551ea4 c86890b20afd47edb9656cd2b5a66e59 1c479ee4a9c644f7b170f34e687433f7 - - default default] http://10.0.0.105:8776/ returned with HTTP 300
2026-07-24 01:02:03.221 8 INFO cinder.api.openstack.wsgi [None req-9f671041-8c9d-4bb5-b85b-d231bbb9a7e5 c86890b20afd47edb9656cd2b5a66e59 1c479ee4a9c644f7b170f34e687433f7 - - default default] GET http://10.0.0.105:8776/
2026-07-24 01:02:03.222 8 INFO cinder.api.openstack.wsgi [None req-9f671041-8c9d-4bb5-b85b-d231bbb9a7e5 c86890b20afd47edb9656cd2b5a66e59 1c479ee4a9c644f7b170f34e687433f7 - - default default] http://10.0.0.105:8776/ returned with HTTP 300
2026-07-24 01:02:13.219 7 INFO cinder.api.openstack.wsgi [None req-a0d6e114-38d7-4942-886e-082a64551ea4 c86890b20afd47edb9656cd2b5a66e59 1c479ee4a9c644f7b170f34e687433f7 - - default default] GET http://10.0.0.105:8776/
2026-07-24 01:02:13.219 8 INFO cinder.api.openstack.wsgi [None req-9f671041-8c9d-4bb5-b85b-d231bbb9a7e5 c86890b20afd47edb9656cd2b5a66e59 1c479ee4a9c644f7b170f34e687433f7 - - default default] GET http://10.0.0.105:8776/
2026-07-24 01:02:13.220 8 INFO cinder.api.openstack.wsgi [None req-9f671041-8c9d-4bb5-b85b-d231bbb9a7e5 c86890b20afd47edb9656cd2b5a66e59 1c479ee4a9c644f7b170f34e687433f7 - - default default] http://10.0.0.105:8776/ returned with HTTP 300
2026-07-24 01:02:13.220 7 INFO cinder.api.openstack.wsgi [None req-a0d6e114-38d7-4942-886e-082a64551ea4 c86890b20afd47edb9656cd2b5a66e59 1c479ee4a9c644f7b170f34e687433f7 - - default default] http://10.0.0.105:8776/ returned with HTTP 300
2026-07-24 01:02:23.219 8 INFO cinder.api.openstack.wsgi [None req-9f671041-8c9d-4bb5-b85b-d231bbb9a7e5 c86890b20afd47edb9656cd2b5a66e59 1c479ee4a9c644f7b170f34e687433f7 - - default default] GET http://10.0.0.105:8776/
2026-07-24 01:02:23.219 7 INFO cinder.api.openstack.wsgi [None req-a0d6e114-38d7-4942-886e-082a64551ea4 c86890b20afd47edb9656cd2b5a66e59 1c479ee4a9c644f7b170f34e687433f7 - - default default] GET http://10.0.0.105:8776/
2026-07-24 01:02:23.220 7 INFO cinder.api.openstack.wsgi [None req-a0d6e114-38d7-4942-886e-082a64551ea4 c86890b20afd47edb9656cd2b5a66e59 1c479ee4a9c644f7b170f34e687433f7 - - default default] http://10.0.0.105:8776/ returned with HTTP 300
2026-07-24 01:02:23.220 8 INFO cinder.api.openstack.wsgi [None req-9f671041-8c9d-4bb5-b85b-d231bbb9a7e5 c86890b20afd47edb9656cd2b5a66e59 1c479ee4a9c644f7b170f34e687433f7 - - default default] http://10.0.0.105:8776/ returned with HTTP 300
2026-07-24 01:02:23.375 7 INFO cinder.api.openstack.wsgi [None req-a0d6e114-38d7-4942-886e-082a64551ea4 c86890b20afd47edb9656cd2b5a66e59 1c479ee4a9c644f7b170f34e687433f7 - - default default] GET http://cinder-api.openstack.svc.cluster.local:8776/
2026-07-24 01:02:23.376 7 INFO cinder.api.openstack.wsgi [None req-a0d6e114-38d7-4942-886e-082a64551ea4 c86890b20afd47edb9656cd2b5a66e59 1c479ee4a9c644f7b170f34e687433f7 - - default default] http://cinder-api.openstack.svc.cluster.local:8776/ returned with HTTP 300 [pid: 7|app: 0|req: 358/715] 10.0.0.38 () {30 vars in 410 bytes} [Fri Jul 24 01:02:23 2026] GET / => generated 411 bytes in 2 msecs (HTTP/1.1 300) 5 headers in 169 bytes (1 switches on core 0)
2026-07-24 01:02:33.219 8 INFO cinder.api.openstack.wsgi [None req-9f671041-8c9d-4bb5-b85b-d231bbb9a7e5 c86890b20afd47edb9656cd2b5a66e59 1c479ee4a9c644f7b170f34e687433f7 - - default default] GET http://10.0.0.105:8776/
2026-07-24 01:02:33.219 7 INFO cinder.api.openstack.wsgi [None req-a0d6e114-38d7-4942-886e-082a64551ea4 c86890b20afd47edb9656cd2b5a66e59 1c479ee4a9c644f7b170f34e687433f7 - - default default] GET http://10.0.0.105:8776/
2026-07-24 01:02:33.221 8 INFO cinder.api.openstack.wsgi [None req-9f671041-8c9d-4bb5-b85b-d231bbb9a7e5 c86890b20afd47edb9656cd2b5a66e59 1c479ee4a9c644f7b170f34e687433f7 - - default default] http://10.0.0.105:8776/ returned with HTTP 300
2026-07-24 01:02:33.222 7 INFO cinder.api.openstack.wsgi [None req-a0d6e114-38d7-4942-886e-082a64551ea4 c86890b20afd47edb9656cd2b5a66e59 1c479ee4a9c644f7b170f34e687433f7 - - default default] http://10.0.0.105:8776/ returned with HTTP 300
2026-07-24 01:02:38.363 7 INFO cinder.api.openstack.wsgi [None req-2550b171-8cb8-4f17-8afd-d43f0eb910db 013aab502f1a4323935b2a8ec6f1fa2b 907e332cfd2848aba954ab025c42c46d - - default default] POST http://cinder-api.openstack.svc.cluster.local:8776/v3/907e332cfd2848aba954ab025c42c46d/volumes
2026-07-24 01:02:38.994 7 INFO cinder.api.v3.volumes [None req-2550b171-8cb8-4f17-8afd-d43f0eb910db 013aab502f1a4323935b2a8ec6f1fa2b 907e332cfd2848aba954ab025c42c46d - - default default] Create volume of 1 GB
2026-07-24 01:02:39.009 7 INFO cinder.volume.api [None req-2550b171-8cb8-4f17-8afd-d43f0eb910db 013aab502f1a4323935b2a8ec6f1fa2b 907e332cfd2848aba954ab025c42c46d - - default default] Availability Zones retrieved successfully.
2026-07-24 01:02:39.367 7 INFO cinder.volume.api [None req-2550b171-8cb8-4f17-8afd-d43f0eb910db 013aab502f1a4323935b2a8ec6f1fa2b 907e332cfd2848aba954ab025c42c46d - - default default] Create volume request issued successfully.
2026-07-24 01:02:39.369 7 INFO cinder.api.openstack.wsgi [None req-2550b171-8cb8-4f17-8afd-d43f0eb910db 013aab502f1a4323935b2a8ec6f1fa2b 907e332cfd2848aba954ab025c42c46d - - default default] http://cinder-api.openstack.svc.cluster.local:8776/v3/907e332cfd2848aba954ab025c42c46d/volumes returned with HTTP 202 [pid: 7|app: 0|req: 360/718] 10.0.0.38 () {34 vars in 722 bytes} [Fri Jul 24 01:02:38 2026] POST /v3/907e332cfd2848aba954ab025c42c46d/volumes => generated 865 bytes in 1011 msecs (HTTP/1.1 202) 7 headers in 291 bytes (1 switches on core 0)
2026-07-24 01:02:39.389 8 INFO cinder.api.openstack.wsgi [None req-1924399c-c58f-48ba-ad1c-47577065dcfd 013aab502f1a4323935b2a8ec6f1fa2b 907e332cfd2848aba954ab025c42c46d - - default default] GET http://cinder-api.openstack.svc.cluster.local:8776/v3/907e332cfd2848aba954ab025c42c46d/volumes/86cfd567-0cfd-408b-b943-9e46b7dbcd7a /var/lib/openstack/lib/python3.12/site-packages/oslo_context/context.py:100: DeprecationWarning: Policy enforcement is depending on the value of is_admin. This key is deprecated. Please update your policy file to use the standard policy values. warnings.warn('Policy enforcement is depending on the value of '
2026-07-24 01:02:39.435 8 INFO cinder.volume.api [None req-1924399c-c58f-48ba-ad1c-47577065dcfd 013aab502f1a4323935b2a8ec6f1fa2b 907e332cfd2848aba954ab025c42c46d - - default default] Volume info retrieved successfully.
2026-07-24 01:02:39.444 8 INFO cinder.api.openstack.wsgi [None req-1924399c-c58f-48ba-ad1c-47577065dcfd 013aab502f1a4323935b2a8ec6f1fa2b 907e332cfd2848aba954ab025c42c46d - - default default] http://cinder-api.openstack.svc.cluster.local:8776/v3/907e332cfd2848aba954ab025c42c46d/volumes/86cfd567-0cfd-408b-b943-9e46b7dbcd7a returned with HTTP 200 [pid: 8|app: 0|req: 359/719] 10.0.0.38 () {32 vars in 774 bytes} [Fri Jul 24 01:02:39 2026] GET /v3/907e332cfd2848aba954ab025c42c46d/volumes/86cfd567-0cfd-408b-b943-9e46b7dbcd7a => generated 933 bytes in 60 msecs (HTTP/1.1 200) 7 headers in 285 bytes (1 switches on core 0) /var/lib/openstack/lib/python3.12/site-packages/pycadf/identifier.py:70: UserWarning: Invalid uuid: cinderv3. To ensure interoperability, identifiers should be a valid uuid. warnings.warn(('Invalid uuid: %s. To ensure interoperability, '
2026-07-24 01:02:40.468 7 INFO cinder.api.openstack.wsgi [None req-1fc96100-6878-42ea-bcbd-d6e35f03c9e6 013aab502f1a4323935b2a8ec6f1fa2b 907e332cfd2848aba954ab025c42c46d - - default default] GET http://cinder-api.openstack.svc.cluster.local:8776/v3/907e332cfd2848aba954ab025c42c46d/volumes/86cfd567-0cfd-408b-b943-9e46b7dbcd7a /var/lib/openstack/lib/python3.12/site-packages/oslo_context/context.py:100: DeprecationWarning: Policy enforcement is depending on the value of is_admin. This key is deprecated. Please update your policy file to use the standard policy values. warnings.warn('Policy enforcement is depending on the value of '
2026-07-24 01:02:40.501 7 INFO cinder.volume.api [None req-1fc96100-6878-42ea-bcbd-d6e35f03c9e6 013aab502f1a4323935b2a8ec6f1fa2b 907e332cfd2848aba954ab025c42c46d - - default default] Volume info retrieved successfully.
2026-07-24 01:02:40.515 7 INFO cinder.api.openstack.wsgi [None req-1fc96100-6878-42ea-bcbd-d6e35f03c9e6 013aab502f1a4323935b2a8ec6f1fa2b 907e332cfd2848aba954ab025c42c46d - - default default] http://cinder-api.openstack.svc.cluster.local:8776/v3/907e332cfd2848aba954ab025c42c46d/volumes/86cfd567-0cfd-408b-b943-9e46b7dbcd7a returned with HTTP 200 [pid: 7|app: 0|req: 361/720] 10.0.0.38 () {32 vars in 774 bytes} [Fri Jul 24 01:02:40 2026] GET /v3/907e332cfd2848aba954ab025c42c46d/volumes/86cfd567-0cfd-408b-b943-9e46b7dbcd7a => generated 957 bytes in 54 msecs (HTTP/1.1 200) 7 headers in 285 bytes (1 switches on core 0) /var/lib/openstack/lib/python3.12/site-packages/pycadf/identifier.py:70: UserWarning: Invalid uuid: cinderv3. To ensure interoperability, identifiers should be a valid uuid. warnings.warn(('Invalid uuid: %s. To ensure interoperability, '
2026-07-24 01:02:41.536 8 INFO cinder.api.openstack.wsgi [None req-ce4fc774-9edb-4e61-abaa-f3bae43b608b 013aab502f1a4323935b2a8ec6f1fa2b 907e332cfd2848aba954ab025c42c46d - - default default] GET http://cinder-api.openstack.svc.cluster.local:8776/v3/907e332cfd2848aba954ab025c42c46d/volumes/86cfd567-0cfd-408b-b943-9e46b7dbcd7a /var/lib/openstack/lib/python3.12/site-packages/oslo_context/context.py:100: DeprecationWarning: Policy enforcement is depending on the value of is_admin. This key is deprecated. Please update your policy file to use the standard policy values. warnings.warn('Policy enforcement is depending on the value of '
2026-07-24 01:02:41.553 8 INFO cinder.volume.api [None req-ce4fc774-9edb-4e61-abaa-f3bae43b608b 013aab502f1a4323935b2a8ec6f1fa2b 907e332cfd2848aba954ab025c42c46d - - default default] Volume info retrieved successfully.
2026-07-24 01:02:41.558 8 INFO cinder.api.openstack.wsgi [None req-ce4fc774-9edb-4e61-abaa-f3bae43b608b 013aab502f1a4323935b2a8ec6f1fa2b 907e332cfd2848aba954ab025c42c46d - - default default] http://cinder-api.openstack.svc.cluster.local:8776/v3/907e332cfd2848aba954ab025c42c46d/volumes/86cfd567-0cfd-408b-b943-9e46b7dbcd7a returned with HTTP 200 [pid: 8|app: 0|req: 360/721] 10.0.0.38 () {32 vars in 774 bytes} [Fri Jul 24 01:02:41 2026] GET /v3/907e332cfd2848aba954ab025c42c46d/volumes/86cfd567-0cfd-408b-b943-9e46b7dbcd7a => generated 957 bytes in 27 msecs (HTTP/1.1 200) 7 headers in 285 bytes (1 switches on core 0) /var/lib/openstack/lib/python3.12/site-packages/pycadf/identifier.py:70: UserWarning: Invalid uuid: cinderv3. To ensure interoperability, identifiers should be a valid uuid. warnings.warn(('Invalid uuid: %s. To ensure interoperability, '
2026-07-24 01:02:42.587 7 INFO cinder.api.openstack.wsgi [None req-7d53f9c6-28ef-467a-90ee-171af7884d3e 013aab502f1a4323935b2a8ec6f1fa2b 907e332cfd2848aba954ab025c42c46d - - default default] GET http://cinder-api.openstack.svc.cluster.local:8776/v3/907e332cfd2848aba954ab025c42c46d/volumes/86cfd567-0cfd-408b-b943-9e46b7dbcd7a /var/lib/openstack/lib/python3.12/site-packages/oslo_context/context.py:100: DeprecationWarning: Policy enforcement is depending on the value of is_admin. This key is deprecated. Please update your policy file to use the standard policy values. warnings.warn('Policy enforcement is depending on the value of '
2026-07-24 01:02:42.630 7 INFO cinder.volume.api [None req-7d53f9c6-28ef-467a-90ee-171af7884d3e 013aab502f1a4323935b2a8ec6f1fa2b 907e332cfd2848aba954ab025c42c46d - - default default] Volume info retrieved successfully.
2026-07-24 01:02:42.639 7 INFO cinder.api.openstack.wsgi [None req-7d53f9c6-28ef-467a-90ee-171af7884d3e 013aab502f1a4323935b2a8ec6f1fa2b 907e332cfd2848aba954ab025c42c46d - - default default] http://cinder-api.openstack.svc.cluster.local:8776/v3/907e332cfd2848aba954ab025c42c46d/volumes/86cfd567-0cfd-408b-b943-9e46b7dbcd7a returned with HTTP 200 [pid: 7|app: 0|req: 362/722] 10.0.0.38 () {32 vars in 774 bytes} [Fri Jul 24 01:02:42 2026] GET /v3/907e332cfd2848aba954ab025c42c46d/volumes/86cfd567-0cfd-408b-b943-9e46b7dbcd7a => generated 1483 bytes in 59 msecs (HTTP/1.1 200) 7 headers in 286 bytes (1 switches on core 0) /var/lib/openstack/lib/python3.12/site-packages/pycadf/identifier.py:70: UserWarning: Invalid uuid: cinderv3. To ensure interoperability, identifiers should be a valid uuid. warnings.warn(('Invalid uuid: %s. To ensure interoperability, '
2026-07-24 01:02:42.762 8 INFO cinder.api.openstack.wsgi [req-1074e2b4-8aa6-40b8-af53-54132340eed7 req-eb45aa06-6eaf-49d4-95e2-384f2048a954 013aab502f1a4323935b2a8ec6f1fa2b 907e332cfd2848aba954ab025c42c46d - - default default] GET http://cinder-api.openstack.svc.cluster.local:8776/v3/907e332cfd2848aba954ab025c42c46d/volumes/86cfd567-0cfd-408b-b943-9e46b7dbcd7a /var/lib/openstack/lib/python3.12/site-packages/oslo_context/context.py:100: DeprecationWarning: Policy enforcement is depending on the value of is_admin. This key is deprecated. Please update your policy file to use the standard policy values. warnings.warn('Policy enforcement is depending on the value of '
2026-07-24 01:02:42.778 8 INFO cinder.volume.api [req-1074e2b4-8aa6-40b8-af53-54132340eed7 req-eb45aa06-6eaf-49d4-95e2-384f2048a954 013aab502f1a4323935b2a8ec6f1fa2b 907e332cfd2848aba954ab025c42c46d - - default default] Volume info retrieved successfully.
2026-07-24 01:02:42.784 8 INFO cinder.api.openstack.wsgi [req-1074e2b4-8aa6-40b8-af53-54132340eed7 req-eb45aa06-6eaf-49d4-95e2-384f2048a954 013aab502f1a4323935b2a8ec6f1fa2b 907e332cfd2848aba954ab025c42c46d - - default default] http://cinder-api.openstack.svc.cluster.local:8776/v3/907e332cfd2848aba954ab025c42c46d/volumes/86cfd567-0cfd-408b-b943-9e46b7dbcd7a returned with HTTP 200 [pid: 8|app: 0|req: 361/723] 10.0.0.27 () {34 vars in 1027 bytes} [Fri Jul 24 01:02:42 2026] GET /v3/907e332cfd2848aba954ab025c42c46d/volumes/86cfd567-0cfd-408b-b943-9e46b7dbcd7a => generated 1483 bytes in 31 msecs (HTTP/1.1 200) 7 headers in 286 bytes (1 switches on core 0) /var/lib/openstack/lib/python3.12/site-packages/pycadf/identifier.py:70: UserWarning: Invalid uuid: cinderv3. To ensure interoperability, identifiers should be a valid uuid. warnings.warn(('Invalid uuid: %s. To ensure interoperability, '
2026-07-24 01:02:43.195 7 INFO cinder.api.openstack.wsgi [req-1074e2b4-8aa6-40b8-af53-54132340eed7 req-2cfd6b7a-0088-4995-94e6-7de444dad271 013aab502f1a4323935b2a8ec6f1fa2b 907e332cfd2848aba954ab025c42c46d - - default default] GET http://cinder-api.openstack.svc.cluster.local:8776/v3/907e332cfd2848aba954ab025c42c46d/volumes/86cfd567-0cfd-408b-b943-9e46b7dbcd7a /var/lib/openstack/lib/python3.12/site-packages/oslo_context/context.py:100: DeprecationWarning: Policy enforcement is depending on the value of is_admin. This key is deprecated. Please update your policy file to use the standard policy values. warnings.warn('Policy enforcement is depending on the value of '
2026-07-24 01:02:43.206 7 INFO cinder.volume.api [req-1074e2b4-8aa6-40b8-af53-54132340eed7 req-2cfd6b7a-0088-4995-94e6-7de444dad271 013aab502f1a4323935b2a8ec6f1fa2b 907e332cfd2848aba954ab025c42c46d - - default default] Volume info retrieved successfully.
2026-07-24 01:02:43.210 7 INFO cinder.api.openstack.wsgi [req-1074e2b4-8aa6-40b8-af53-54132340eed7 req-2cfd6b7a-0088-4995-94e6-7de444dad271 013aab502f1a4323935b2a8ec6f1fa2b 907e332cfd2848aba954ab025c42c46d - - default default] http://cinder-api.openstack.svc.cluster.local:8776/v3/907e332cfd2848aba954ab025c42c46d/volumes/86cfd567-0cfd-408b-b943-9e46b7dbcd7a returned with HTTP 200 [pid: 7|app: 0|req: 363/724] 10.0.0.27 () {34 vars in 1027 bytes} [Fri Jul 24 01:02:43 2026] GET /v3/907e332cfd2848aba954ab025c42c46d/volumes/86cfd567-0cfd-408b-b943-9e46b7dbcd7a => generated 1483 bytes in 19 msecs (HTTP/1.1 200) 7 headers in 286 bytes (1 switches on core 0)
2026-07-24 01:02:43.218 8 INFO cinder.api.openstack.wsgi [req-1074e2b4-8aa6-40b8-af53-54132340eed7 req-eb45aa06-6eaf-49d4-95e2-384f2048a954 013aab502f1a4323935b2a8ec6f1fa2b 907e332cfd2848aba954ab025c42c46d - - default default] GET http://cinder-api.openstack.svc.cluster.local:8776/
2026-07-24 01:02:43.219 7 INFO cinder.api.openstack.wsgi [req-1074e2b4-8aa6-40b8-af53-54132340eed7 req-2cfd6b7a-0088-4995-94e6-7de444dad271 013aab502f1a4323935b2a8ec6f1fa2b 907e332cfd2848aba954ab025c42c46d - - default default] GET http://10.0.0.105:8776/
2026-07-24 01:02:43.220 7 INFO cinder.api.openstack.wsgi [req-1074e2b4-8aa6-40b8-af53-54132340eed7 req-2cfd6b7a-0088-4995-94e6-7de444dad271 013aab502f1a4323935b2a8ec6f1fa2b 907e332cfd2848aba954ab025c42c46d - - default default] http://10.0.0.105:8776/ returned with HTTP 300
2026-07-24 01:02:43.220 7 INFO cinder.api.openstack.wsgi [req-1074e2b4-8aa6-40b8-af53-54132340eed7 req-2cfd6b7a-0088-4995-94e6-7de444dad271 013aab502f1a4323935b2a8ec6f1fa2b 907e332cfd2848aba954ab025c42c46d - - default default] GET http://10.0.0.105:8776/
2026-07-24 01:02:43.221 7 INFO cinder.api.openstack.wsgi [req-1074e2b4-8aa6-40b8-af53-54132340eed7 req-2cfd6b7a-0088-4995-94e6-7de444dad271 013aab502f1a4323935b2a8ec6f1fa2b 907e332cfd2848aba954ab025c42c46d - - default default] http://10.0.0.105:8776/ returned with HTTP 300
2026-07-24 01:02:43.223 8 INFO cinder.api.openstack.wsgi [req-1074e2b4-8aa6-40b8-af53-54132340eed7 req-eb45aa06-6eaf-49d4-95e2-384f2048a954 013aab502f1a4323935b2a8ec6f1fa2b 907e332cfd2848aba954ab025c42c46d - - default default] http://cinder-api.openstack.svc.cluster.local:8776/ returned with HTTP 300 [pid: 8|app: 0|req: 362/727] 10.0.0.27 () {32 vars in 828 bytes} [Fri Jul 24 01:02:43 2026] GET / => generated 411 bytes in 7 msecs (HTTP/1.1 300) 5 headers in 169 bytes (1 switches on core 0) /var/lib/openstack/lib/python3.12/site-packages/pycadf/identifier.py:70: UserWarning: Invalid uuid: cinderv3. To ensure interoperability, identifiers should be a valid uuid. warnings.warn(('Invalid uuid: %s. To ensure interoperability, '
2026-07-24 01:02:43.231 7 INFO cinder.api.openstack.wsgi [req-1074e2b4-8aa6-40b8-af53-54132340eed7 req-db9eaa18-3219-44b0-936c-1068e21506b6 013aab502f1a4323935b2a8ec6f1fa2b 907e332cfd2848aba954ab025c42c46d - - default default] POST http://cinder-api.openstack.svc.cluster.local:8776/v3/907e332cfd2848aba954ab025c42c46d/attachments /var/lib/openstack/lib/python3.12/site-packages/oslo_context/context.py:100: DeprecationWarning: Policy enforcement is depending on the value of is_admin. This key is deprecated. Please update your policy file to use the standard policy values. warnings.warn('Policy enforcement is depending on the value of '
2026-07-24 01:02:43.280 7 INFO cinder.api.openstack.wsgi [req-1074e2b4-8aa6-40b8-af53-54132340eed7 req-db9eaa18-3219-44b0-936c-1068e21506b6 013aab502f1a4323935b2a8ec6f1fa2b 907e332cfd2848aba954ab025c42c46d - - default default] http://cinder-api.openstack.svc.cluster.local:8776/v3/907e332cfd2848aba954ab025c42c46d/attachments returned with HTTP 200 [pid: 7|app: 0|req: 366/728] 10.0.0.27 () {40 vars in 1056 bytes} [Fri Jul 24 01:02:43 2026] POST /v3/907e332cfd2848aba954ab025c42c46d/attachments => generated 273 bytes in 54 msecs (HTTP/1.1 200) 7 headers in 286 bytes (1 switches on core 0)
2026-07-24 01:02:49.258 8 INFO cinder.api.openstack.wsgi [req-1074e2b4-8aa6-40b8-af53-54132340eed7 req-eb45aa06-6eaf-49d4-95e2-384f2048a954 013aab502f1a4323935b2a8ec6f1fa2b 907e332cfd2848aba954ab025c42c46d - - default default] GET http://cinder-api.openstack.svc.cluster.local:8776/
2026-07-24 01:02:49.259 8 INFO cinder.api.openstack.wsgi [req-1074e2b4-8aa6-40b8-af53-54132340eed7 req-eb45aa06-6eaf-49d4-95e2-384f2048a954 013aab502f1a4323935b2a8ec6f1fa2b 907e332cfd2848aba954ab025c42c46d - - default default] http://cinder-api.openstack.svc.cluster.local:8776/ returned with HTTP 300 [pid: 8|app: 0|req: 363/729] 199.204.45.77 () {32 vars in 839 bytes} [Fri Jul 24 01:02:49 2026] GET / => generated 411 bytes in 2 msecs (HTTP/1.1 300) 5 headers in 169 bytes (1 switches on core 0) /var/lib/openstack/lib/python3.12/site-packages/pycadf/identifier.py:70: UserWarning: Invalid uuid: cinderv3. To ensure interoperability, identifiers should be a valid uuid. warnings.warn(('Invalid uuid: %s. To ensure interoperability, '
2026-07-24 01:02:49.298 7 INFO cinder.api.openstack.wsgi [req-1074e2b4-8aa6-40b8-af53-54132340eed7 req-1d1426a6-e852-4809-a898-e5b1831d0eea 013aab502f1a4323935b2a8ec6f1fa2b 907e332cfd2848aba954ab025c42c46d - - default default] GET http://cinder-api.openstack.svc.cluster.local:8776/v3/907e332cfd2848aba954ab025c42c46d/volumes/86cfd567-0cfd-408b-b943-9e46b7dbcd7a /var/lib/openstack/lib/python3.12/site-packages/oslo_context/context.py:100: DeprecationWarning: Policy enforcement is depending on the value of is_admin. This key is deprecated. Please update your policy file to use the standard policy values. warnings.warn('Policy enforcement is depending on the value of '
2026-07-24 01:02:49.316 7 INFO cinder.volume.api [req-1074e2b4-8aa6-40b8-af53-54132340eed7 req-1d1426a6-e852-4809-a898-e5b1831d0eea 013aab502f1a4323935b2a8ec6f1fa2b 907e332cfd2848aba954ab025c42c46d - - default default] Volume info retrieved successfully.
2026-07-24 01:02:49.322 7 INFO cinder.api.openstack.wsgi [req-1074e2b4-8aa6-40b8-af53-54132340eed7 req-1d1426a6-e852-4809-a898-e5b1831d0eea 013aab502f1a4323935b2a8ec6f1fa2b 907e332cfd2848aba954ab025c42c46d - - default default] http://cinder-api.openstack.svc.cluster.local:8776/v3/907e332cfd2848aba954ab025c42c46d/volumes/86cfd567-0cfd-408b-b943-9e46b7dbcd7a returned with HTTP 200 [pid: 7|app: 0|req: 367/730] 199.204.45.77 () {36 vars in 1072 bytes} [Fri Jul 24 01:02:49 2026] GET /v3/907e332cfd2848aba954ab025c42c46d/volumes/86cfd567-0cfd-408b-b943-9e46b7dbcd7a => generated 1663 bytes in 31 msecs (HTTP/1.1 200) 7 headers in 287 bytes (1 switches on core 0) /var/lib/openstack/lib/python3.12/site-packages/pycadf/identifier.py:70: UserWarning: Invalid uuid: cinderv3. To ensure interoperability, identifiers should be a valid uuid. warnings.warn(('Invalid uuid: %s. To ensure interoperability, '
2026-07-24 01:02:51.183 8 INFO cinder.api.openstack.wsgi [None req-f59b0698-e084-420a-9dd8-13b1850c58e6 8bc866ec72e140049fd20e1e260704d4 7ded4d1f4aed4899ad1e4f6a1779ca7f - - default default] POST http://cinder-api.openstack.svc.cluster.local:8776/v3/7ded4d1f4aed4899ad1e4f6a1779ca7f/volumes
2026-07-24 01:02:51.194 8 INFO cinder.api.v3.volumes [None req-f59b0698-e084-420a-9dd8-13b1850c58e6 8bc866ec72e140049fd20e1e260704d4 7ded4d1f4aed4899ad1e4f6a1779ca7f - - default default] Create volume of 1 GB
2026-07-24 01:02:51.209 8 INFO cinder.volume.api [None req-f59b0698-e084-420a-9dd8-13b1850c58e6 8bc866ec72e140049fd20e1e260704d4 7ded4d1f4aed4899ad1e4f6a1779ca7f - - default default] Availability Zones retrieved successfully. /var/lib/openstack/lib/python3.12/site-packages/pycadf/identifier.py:70: UserWarning: Invalid uuid: cinderv3. To ensure interoperability, identifiers should be a valid uuid. warnings.warn(('Invalid uuid: %s. To ensure interoperability, '
2026-07-24 01:02:51.271 7 INFO cinder.api.openstack.wsgi [req-1074e2b4-8aa6-40b8-af53-54132340eed7 req-23e058c9-4042-4fc2-aed1-74e7bf581188 013aab502f1a4323935b2a8ec6f1fa2b 907e332cfd2848aba954ab025c42c46d - - default default] PUT http://cinder-api.openstack.svc.cluster.local:8776/v3/907e332cfd2848aba954ab025c42c46d/attachments/5ed50654-b2a7-415c-86f4-4785463f23aa /var/lib/openstack/lib/python3.12/site-packages/oslo_context/context.py:100: DeprecationWarning: Policy enforcement is depending on the value of is_admin. This key is deprecated. Please update your policy file to use the standard policy values. warnings.warn('Policy enforcement is depending on the value of '
2026-07-24 01:02:51.487 8 INFO cinder.volume.api [None req-f59b0698-e084-420a-9dd8-13b1850c58e6 8bc866ec72e140049fd20e1e260704d4 7ded4d1f4aed4899ad1e4f6a1779ca7f - - default default] Create volume request issued successfully.
2026-07-24 01:02:51.488 8 INFO cinder.api.openstack.wsgi [None req-f59b0698-e084-420a-9dd8-13b1850c58e6 8bc866ec72e140049fd20e1e260704d4 7ded4d1f4aed4899ad1e4f6a1779ca7f - - default default] http://cinder-api.openstack.svc.cluster.local:8776/v3/7ded4d1f4aed4899ad1e4f6a1779ca7f/volumes returned with HTTP 202 [pid: 8|app: 0|req: 364/731] 10.0.0.38 () {34 vars in 721 bytes} [Fri Jul 24 01:02:51 2026] POST /v3/7ded4d1f4aed4899ad1e4f6a1779ca7f/volumes => generated 861 bytes in 442 msecs (HTTP/1.1 202) 7 headers in 291 bytes (1 switches on core 0) /var/lib/openstack/lib/python3.12/site-packages/pycadf/identifier.py:70: UserWarning: Invalid uuid: cinderv3. To ensure interoperability, identifiers should be a valid uuid. warnings.warn(('Invalid uuid: %s. To ensure interoperability, '
2026-07-24 01:02:51.514 8 INFO cinder.api.openstack.wsgi [None req-f4b50cdd-7093-45cd-91dd-88d77e567305 8bc866ec72e140049fd20e1e260704d4 7ded4d1f4aed4899ad1e4f6a1779ca7f - - default default] GET http://cinder-api.openstack.svc.cluster.local:8776/v3/7ded4d1f4aed4899ad1e4f6a1779ca7f/volumes/698468f3-ede1-4db5-a717-66669d1fb8a7 /var/lib/openstack/lib/python3.12/site-packages/oslo_context/context.py:100: DeprecationWarning: Policy enforcement is depending on the value of is_admin. This key is deprecated. Please update your policy file to use the standard policy values. warnings.warn('Policy enforcement is depending on the value of '
2026-07-24 01:02:51.531 8 INFO cinder.volume.api [None req-f4b50cdd-7093-45cd-91dd-88d77e567305 8bc866ec72e140049fd20e1e260704d4 7ded4d1f4aed4899ad1e4f6a1779ca7f - - default default] Volume info retrieved successfully.
2026-07-24 01:02:51.538 8 INFO cinder.api.openstack.wsgi [None req-f4b50cdd-7093-45cd-91dd-88d77e567305 8bc866ec72e140049fd20e1e260704d4 7ded4d1f4aed4899ad1e4f6a1779ca7f - - default default] http://cinder-api.openstack.svc.cluster.local:8776/v3/7ded4d1f4aed4899ad1e4f6a1779ca7f/volumes/698468f3-ede1-4db5-a717-66669d1fb8a7 returned with HTTP 200 [pid: 8|app: 0|req: 365/732] 10.0.0.38 () {32 vars in 774 bytes} [Fri Jul 24 01:02:51 2026] GET /v3/7ded4d1f4aed4899ad1e4f6a1779ca7f/volumes/698468f3-ede1-4db5-a717-66669d1fb8a7 => generated 929 bytes in 32 msecs (HTTP/1.1 200) 7 headers in 285 bytes (1 switches on core 0)
2026-07-24 01:02:52.316 7 INFO cinder.api.openstack.wsgi [req-1074e2b4-8aa6-40b8-af53-54132340eed7 req-23e058c9-4042-4fc2-aed1-74e7bf581188 013aab502f1a4323935b2a8ec6f1fa2b 907e332cfd2848aba954ab025c42c46d - - default default] http://cinder-api.openstack.svc.cluster.local:8776/v3/907e332cfd2848aba954ab025c42c46d/attachments/5ed50654-b2a7-415c-86f4-4785463f23aa returned with HTTP 200 [pid: 7|app: 0|req: 368/733] 199.204.45.77 () {40 vars in 1134 bytes} [Fri Jul 24 01:02:51 2026] PUT /v3/907e332cfd2848aba954ab025c42c46d/attachments/5ed50654-b2a7-415c-86f4-4785463f23aa => generated 802 bytes in 1054 msecs (HTTP/1.1 200) 7 headers in 286 bytes (1 switches on core 0) /var/lib/openstack/lib/python3.12/site-packages/pycadf/identifier.py:70: UserWarning: Invalid uuid: cinderv3. To ensure interoperability, identifiers should be a valid uuid. warnings.warn(('Invalid uuid: %s. To ensure interoperability, '
2026-07-24 01:02:52.556 8 INFO cinder.api.openstack.wsgi [None req-c12483ac-1876-4659-b93e-39229a7929a9 8bc866ec72e140049fd20e1e260704d4 7ded4d1f4aed4899ad1e4f6a1779ca7f - - default default] GET http://cinder-api.openstack.svc.cluster.local:8776/v3/7ded4d1f4aed4899ad1e4f6a1779ca7f/volumes/698468f3-ede1-4db5-a717-66669d1fb8a7 /var/lib/openstack/lib/python3.12/site-packages/oslo_context/context.py:100: DeprecationWarning: Policy enforcement is depending on the value of is_admin. This key is deprecated. Please update your policy file to use the standard policy values. warnings.warn('Policy enforcement is depending on the value of '
2026-07-24 01:02:52.572 8 INFO cinder.volume.api [None req-c12483ac-1876-4659-b93e-39229a7929a9 8bc866ec72e140049fd20e1e260704d4 7ded4d1f4aed4899ad1e4f6a1779ca7f - - default default] Volume info retrieved successfully.
2026-07-24 01:02:52.577 8 INFO cinder.api.openstack.wsgi [None req-c12483ac-1876-4659-b93e-39229a7929a9 8bc866ec72e140049fd20e1e260704d4 7ded4d1f4aed4899ad1e4f6a1779ca7f - - default default] http://cinder-api.openstack.svc.cluster.local:8776/v3/7ded4d1f4aed4899ad1e4f6a1779ca7f/volumes/698468f3-ede1-4db5-a717-66669d1fb8a7 returned with HTTP 200 [pid: 8|app: 0|req: 366/734] 10.0.0.38 () {32 vars in 774 bytes} [Fri Jul 24 01:02:52 2026] GET /v3/7ded4d1f4aed4899ad1e4f6a1779ca7f/volumes/698468f3-ede1-4db5-a717-66669d1fb8a7 => generated 954 bytes in 29 msecs (HTTP/1.1 200) 7 headers in 285 bytes (1 switches on core 0) /var/lib/openstack/lib/python3.12/site-packages/pycadf/identifier.py:70: UserWarning: Invalid uuid: cinderv3. To ensure interoperability, identifiers should be a valid uuid. warnings.warn(('Invalid uuid: %s. To ensure interoperability, '
2026-07-24 01:02:52.842 7 INFO cinder.api.openstack.wsgi [req-1074e2b4-8aa6-40b8-af53-54132340eed7 req-da70392c-84df-4fa2-bad4-c7b2701f2f56 013aab502f1a4323935b2a8ec6f1fa2b 907e332cfd2848aba954ab025c42c46d - - default default] POST http://cinder-api.openstack.svc.cluster.local:8776/v3/907e332cfd2848aba954ab025c42c46d/attachments/5ed50654-b2a7-415c-86f4-4785463f23aa/action /var/lib/openstack/lib/python3.12/site-packages/oslo_context/context.py:100: DeprecationWarning: Policy enforcement is depending on the value of is_admin. This key is deprecated. Please update your policy file to use the standard policy values. warnings.warn('Policy enforcement is depending on the value of '
2026-07-24 01:02:52.899 7 INFO cinder.api.openstack.wsgi [req-1074e2b4-8aa6-40b8-af53-54132340eed7 req-da70392c-84df-4fa2-bad4-c7b2701f2f56 013aab502f1a4323935b2a8ec6f1fa2b 907e332cfd2848aba954ab025c42c46d - - default default] http://cinder-api.openstack.svc.cluster.local:8776/v3/907e332cfd2848aba954ab025c42c46d/attachments/5ed50654-b2a7-415c-86f4-4785463f23aa/action returned with HTTP 204 [pid: 7|app: 0|req: 369/735] 199.204.45.77 () {40 vars in 1147 bytes} [Fri Jul 24 01:02:52 2026] POST /v3/907e332cfd2848aba954ab025c42c46d/attachments/5ed50654-b2a7-415c-86f4-4785463f23aa/action => generated 0 bytes in 71 msecs (HTTP/1.1 204) 7 headers in 292 bytes (1 switches on core 0)
2026-07-24 01:02:53.219 8 INFO cinder.api.openstack.wsgi [None req-c12483ac-1876-4659-b93e-39229a7929a9 8bc866ec72e140049fd20e1e260704d4 7ded4d1f4aed4899ad1e4f6a1779ca7f - - default default] GET http://10.0.0.105:8776/
2026-07-24 01:02:53.219 7 INFO cinder.api.openstack.wsgi [req-1074e2b4-8aa6-40b8-af53-54132340eed7 req-da70392c-84df-4fa2-bad4-c7b2701f2f56 013aab502f1a4323935b2a8ec6f1fa2b 907e332cfd2848aba954ab025c42c46d - - default default] GET http://10.0.0.105:8776/
2026-07-24 01:02:53.220 8 INFO cinder.api.openstack.wsgi [None req-c12483ac-1876-4659-b93e-39229a7929a9 8bc866ec72e140049fd20e1e260704d4 7ded4d1f4aed4899ad1e4f6a1779ca7f - - default default] http://10.0.0.105:8776/ returned with HTTP 300
