2026-07-16 01:38:26.796 8 INFO placement.requestlog [req-ba542e94-25cc-49ef-949c-d7692e43471c req-0724bcce-2f1a-47e5-afb0-6f446745b87e b5c39c20f67c4acfb6cb48026a2c7e10 47c46e407f5a4036954eaa530d561ee8 - - 14e8e277e8f7400296eb2c03cfcd9220 14e8e277e8f7400296eb2c03cfcd9220] 199.204.45.77 "GET /allocations/ed1364f0-5987-4b3c-b5f9-e6c8765b6f50" status: 200 len: 243 microversion: 1.28 [pid: 8|app: 0|req: 342/686] 199.204.45.77 () {34 vars in 862 bytes} [Thu Jul 16 01:38:26 2026] GET /allocations/ed1364f0-5987-4b3c-b5f9-e6c8765b6f50 => generated 243 bytes in 16 msecs (HTTP/1.1 200) 8 headers in 296 bytes (1 switches on core 0)
2026-07-16 01:38:26.814 7 INFO placement.requestlog [req-ba542e94-25cc-49ef-949c-d7692e43471c req-665ae6e4-6918-4108-937a-32673b15709e b5c39c20f67c4acfb6cb48026a2c7e10 47c46e407f5a4036954eaa530d561ee8 - - 14e8e277e8f7400296eb2c03cfcd9220 14e8e277e8f7400296eb2c03cfcd9220] 199.204.45.77 "GET /allocations/0fae3a60-a71c-4fce-84bf-b2f0234e567a" status: 200 len: 257 microversion: 1.28 [pid: 7|app: 0|req: 345/687] 199.204.45.77 () {34 vars in 862 bytes} [Thu Jul 16 01:38:26 2026] GET /allocations/0fae3a60-a71c-4fce-84bf-b2f0234e567a => generated 257 bytes in 13 msecs (HTTP/1.1 200) 8 headers in 296 bytes (1 switches on core 0)
2026-07-16 01:38:27.881 8 INFO placement.requestlog [req-ba542e94-25cc-49ef-949c-d7692e43471c req-038099db-ea95-45e6-8650-259dcac24585 b5c39c20f67c4acfb6cb48026a2c7e10 47c46e407f5a4036954eaa530d561ee8 - - 14e8e277e8f7400296eb2c03cfcd9220 14e8e277e8f7400296eb2c03cfcd9220] 199.204.45.77 "DELETE /allocations/a43cdde4-543b-47f6-8b39-4c250e91e38f" status: 204 len: 0 microversion: 1.0 [pid: 8|app: 0|req: 343/688] 199.204.45.77 () {34 vars in 840 bytes} [Thu Jul 16 01:38:27 2026] DELETE /allocations/a43cdde4-543b-47f6-8b39-4c250e91e38f => generated 0 bytes in 39 msecs (HTTP/1.1 204) 5 headers in 198 bytes (1 switches on core 0)
2026-07-16 01:38:28.462 7 INFO placement.requestlog [None req-37b3112b-457a-40d1-8680-8367571aa356 9877f88ca9484055b94afa90e76ed52f 47c46e407f5a4036954eaa530d561ee8 - - 14e8e277e8f7400296eb2c03cfcd9220 14e8e277e8f7400296eb2c03cfcd9220] 10.0.0.91 "GET /resource_providers/a3556b94-30d3-4133-89d2-95cf6975e3c9/aggregates" status: 404 len: 235 microversion: 1.1 [pid: 7|app: 0|req: 346/689] 10.0.0.91 () {32 vars in 815 bytes} [Thu Jul 16 01:38:28 2026] GET /resource_providers/a3556b94-30d3-4133-89d2-95cf6975e3c9/aggregates => generated 235 bytes in 11 msecs (HTTP/1.1 404) 5 headers in 202 bytes (1 switches on core 0)
2026-07-16 01:38:28.474 8 INFO placement.requestlog [None req-4b662b43-f39a-4c81-b224-d6fc35df7a9c 9877f88ca9484055b94afa90e76ed52f 47c46e407f5a4036954eaa530d561ee8 - - 14e8e277e8f7400296eb2c03cfcd9220 14e8e277e8f7400296eb2c03cfcd9220] 10.0.0.91 "GET /resource_providers/a3556b94-30d3-4133-89d2-95cf6975e3c9/aggregates" status: 404 len: 235 microversion: 1.1 [pid: 8|app: 0|req: 344/690] 10.0.0.91 () {32 vars in 815 bytes} [Thu Jul 16 01:38:28 2026] GET /resource_providers/a3556b94-30d3-4133-89d2-95cf6975e3c9/aggregates => generated 235 bytes in 15 msecs (HTTP/1.1 404) 5 headers in 202 bytes (1 switches on core 0)
2026-07-16 01:38:28.484 7 INFO placement.requestlog [None req-0d3caa06-7ef0-4419-aa6c-3dcb4620a25b 9877f88ca9484055b94afa90e76ed52f 47c46e407f5a4036954eaa530d561ee8 - - 14e8e277e8f7400296eb2c03cfcd9220 14e8e277e8f7400296eb2c03cfcd9220] 10.0.0.91 "DELETE /resource_providers/a3556b94-30d3-4133-89d2-95cf6975e3c9" status: 404 len: 246 microversion: 1.1 [pid: 7|app: 0|req: 347/691] 10.0.0.91 () {34 vars in 815 bytes} [Thu Jul 16 01:38:28 2026] DELETE /resource_providers/a3556b94-30d3-4133-89d2-95cf6975e3c9 => generated 246 bytes in 12 msecs (HTTP/1.1 404) 6 headers in 231 bytes (1 switches on core 0)
2026-07-16 01:38:28.492 8 INFO placement.requestlog [None req-f1bddf6d-07ce-4e75-92c9-887c53f90f43 9877f88ca9484055b94afa90e76ed52f 47c46e407f5a4036954eaa530d561ee8 - - 14e8e277e8f7400296eb2c03cfcd9220 14e8e277e8f7400296eb2c03cfcd9220] 10.0.0.91 "DELETE /resource_providers/a3556b94-30d3-4133-89d2-95cf6975e3c9" status: 404 len: 246 microversion: 1.1 [pid: 8|app: 0|req: 345/692] 10.0.0.91 () {34 vars in 815 bytes} [Thu Jul 16 01:38:28 2026] DELETE /resource_providers/a3556b94-30d3-4133-89d2-95cf6975e3c9 => generated 246 bytes in 7 msecs (HTTP/1.1 404) 6 headers in 231 bytes (1 switches on core 0)
2026-07-16 01:38:28.977 7 INFO placement.requestlog [None req-2fab1436-bbf1-44bc-91f8-b217eb2c7826 9877f88ca9484055b94afa90e76ed52f 47c46e407f5a4036954eaa530d561ee8 - - 14e8e277e8f7400296eb2c03cfcd9220 14e8e277e8f7400296eb2c03cfcd9220] 10.0.0.91 "GET /resource_providers/d6082eb2-ebe2-49d0-b733-2d9c52f05598/aggregates" status: 404 len: 235 microversion: 1.1 [pid: 7|app: 0|req: 348/693] 10.0.0.91 () {32 vars in 815 bytes} [Thu Jul 16 01:38:28 2026] GET /resource_providers/d6082eb2-ebe2-49d0-b733-2d9c52f05598/aggregates => generated 235 bytes in 9 msecs (HTTP/1.1 404) 5 headers in 202 bytes (1 switches on core 0)
2026-07-16 01:38:28.978 8 INFO placement.requestlog [None req-ce28acf2-dfda-4504-960d-e1773ee55495 9877f88ca9484055b94afa90e76ed52f 47c46e407f5a4036954eaa530d561ee8 - - 14e8e277e8f7400296eb2c03cfcd9220 14e8e277e8f7400296eb2c03cfcd9220] 10.0.0.91 "GET /resource_providers/d6082eb2-ebe2-49d0-b733-2d9c52f05598/aggregates" status: 404 len: 235 microversion: 1.1 [pid: 8|app: 0|req: 346/694] 10.0.0.91 () {32 vars in 815 bytes} [Thu Jul 16 01:38:28 2026] GET /resource_providers/d6082eb2-ebe2-49d0-b733-2d9c52f05598/aggregates => generated 235 bytes in 10 msecs (HTTP/1.1 404) 5 headers in 202 bytes (1 switches on core 0)
2026-07-16 01:38:29.005 7 INFO placement.requestlog [None req-94c02d2f-b876-4492-b979-fe3d98574da2 9877f88ca9484055b94afa90e76ed52f 47c46e407f5a4036954eaa530d561ee8 - - 14e8e277e8f7400296eb2c03cfcd9220 14e8e277e8f7400296eb2c03cfcd9220] 10.0.0.91 "DELETE /resource_providers/d6082eb2-ebe2-49d0-b733-2d9c52f05598" status: 404 len: 246 microversion: 1.1 [pid: 7|app: 0|req: 349/695] 10.0.0.91 () {34 vars in 815 bytes} [Thu Jul 16 01:38:28 2026] DELETE /resource_providers/d6082eb2-ebe2-49d0-b733-2d9c52f05598 => generated 246 bytes in 15 msecs (HTTP/1.1 404) 6 headers in 231 bytes (1 switches on core 0)
2026-07-16 01:38:29.012 8 INFO placement.requestlog [None req-acfc09c6-263d-4fdf-be0e-9c5d4a0b8bfe 9877f88ca9484055b94afa90e76ed52f 47c46e407f5a4036954eaa530d561ee8 - - 14e8e277e8f7400296eb2c03cfcd9220 14e8e277e8f7400296eb2c03cfcd9220] 10.0.0.91 "DELETE /resource_providers/d6082eb2-ebe2-49d0-b733-2d9c52f05598" status: 404 len: 246 microversion: 1.1 [pid: 8|app: 0|req: 347/696] 10.0.0.91 () {34 vars in 815 bytes} [Thu Jul 16 01:38:28 2026] DELETE /resource_providers/d6082eb2-ebe2-49d0-b733-2d9c52f05598 => generated 246 bytes in 21 msecs (HTTP/1.1 404) 6 headers in 231 bytes (1 switches on core 0)
2026-07-16 01:38:29.397 7 INFO placement.requestlog [None req-fc708cad-3b8b-4a79-a217-a4ccfa703d74 - - - - - -] 10.0.0.50 "GET /" status: 200 len: 136 microversion: 1.0
2026-07-16 01:38:29.398 8 INFO placement.requestlog [None req-1688686c-c223-436a-87b7-ca12f8f0901d - - - - - -] 10.0.0.50 "GET /" status: 200 len: 136 microversion: 1.0
2026-07-16 01:38:31.193 7 INFO placement.requestlog [None req-33c3740a-824b-41cd-aa95-c2d7021dc6c5 9877f88ca9484055b94afa90e76ed52f 47c46e407f5a4036954eaa530d561ee8 - - 14e8e277e8f7400296eb2c03cfcd9220 14e8e277e8f7400296eb2c03cfcd9220] 10.0.0.91 "GET /resource_providers/c8494d55-f87c-4bcd-958e-1cabebb29bcd/aggregates" status: 404 len: 235 microversion: 1.1 [pid: 7|app: 0|req: 351/699] 10.0.0.91 () {32 vars in 815 bytes} [Thu Jul 16 01:38:31 2026] GET /resource_providers/c8494d55-f87c-4bcd-958e-1cabebb29bcd/aggregates => generated 235 bytes in 10 msecs (HTTP/1.1 404) 5 headers in 202 bytes (1 switches on core 0)
2026-07-16 01:38:31.203 8 INFO placement.requestlog [None req-262817fc-28ec-40ec-9343-f90e53cc009f 9877f88ca9484055b94afa90e76ed52f 47c46e407f5a4036954eaa530d561ee8 - - 14e8e277e8f7400296eb2c03cfcd9220 14e8e277e8f7400296eb2c03cfcd9220] 10.0.0.91 "GET /resource_providers/c8494d55-f87c-4bcd-958e-1cabebb29bcd/aggregates" status: 404 len: 235 microversion: 1.1 [pid: 8|app: 0|req: 349/700] 10.0.0.91 () {32 vars in 815 bytes} [Thu Jul 16 01:38:31 2026] GET /resource_providers/c8494d55-f87c-4bcd-958e-1cabebb29bcd/aggregates => generated 235 bytes in 20 msecs (HTTP/1.1 404) 5 headers in 202 bytes (1 switches on core 0)
2026-07-16 01:38:31.216 7 INFO placement.requestlog [None req-6dff0b50-8c7a-4892-beda-6834ea3c10ce 9877f88ca9484055b94afa90e76ed52f 47c46e407f5a4036954eaa530d561ee8 - - 14e8e277e8f7400296eb2c03cfcd9220 14e8e277e8f7400296eb2c03cfcd9220] 10.0.0.91 "DELETE /resource_providers/c8494d55-f87c-4bcd-958e-1cabebb29bcd" status: 404 len: 246 microversion: 1.1 [pid: 7|app: 0|req: 352/701] 10.0.0.91 () {34 vars in 815 bytes} [Thu Jul 16 01:38:31 2026] DELETE /resource_providers/c8494d55-f87c-4bcd-958e-1cabebb29bcd => generated 246 bytes in 14 msecs (HTTP/1.1 404) 6 headers in 231 bytes (1 switches on core 0)
2026-07-16 01:38:31.217 8 INFO placement.requestlog [None req-859da746-eee8-40d6-b420-3460b2298368 9877f88ca9484055b94afa90e76ed52f 47c46e407f5a4036954eaa530d561ee8 - - 14e8e277e8f7400296eb2c03cfcd9220 14e8e277e8f7400296eb2c03cfcd9220] 10.0.0.91 "DELETE /resource_providers/c8494d55-f87c-4bcd-958e-1cabebb29bcd" status: 404 len: 246 microversion: 1.1 [pid: 8|app: 0|req: 350/702] 10.0.0.91 () {34 vars in 815 bytes} [Thu Jul 16 01:38:31 2026] DELETE /resource_providers/c8494d55-f87c-4bcd-958e-1cabebb29bcd => generated 246 bytes in 8 msecs (HTTP/1.1 404) 6 headers in 231 bytes (1 switches on core 0)
2026-07-16 01:38:31.751 7 INFO placement.requestlog [None req-23959207-12be-45a4-9fe7-5cb1e9ea216c 9877f88ca9484055b94afa90e76ed52f 47c46e407f5a4036954eaa530d561ee8 - - 14e8e277e8f7400296eb2c03cfcd9220 14e8e277e8f7400296eb2c03cfcd9220] 10.0.0.91 "GET /resource_providers/3e940f0a-9665-4862-90e7-d973781b0993/aggregates" status: 404 len: 235 microversion: 1.1 [pid: 7|app: 0|req: 353/703] 10.0.0.91 () {32 vars in 815 bytes} [Thu Jul 16 01:38:31 2026] GET /resource_providers/3e940f0a-9665-4862-90e7-d973781b0993/aggregates => generated 235 bytes in 11 msecs (HTTP/1.1 404) 5 headers in 202 bytes (1 switches on core 0)
2026-07-16 01:38:31.754 8 INFO placement.requestlog [None req-e2a99dcc-3e3a-4c35-8ffd-10bb6a9ed472 9877f88ca9484055b94afa90e76ed52f 47c46e407f5a4036954eaa530d561ee8 - - 14e8e277e8f7400296eb2c03cfcd9220 14e8e277e8f7400296eb2c03cfcd9220] 10.0.0.91 "GET /resource_providers/3e940f0a-9665-4862-90e7-d973781b0993/aggregates" status: 404 len: 235 microversion: 1.1 [pid: 8|app: 0|req: 351/704] 10.0.0.91 () {32 vars in 815 bytes} [Thu Jul 16 01:38:31 2026] GET /resource_providers/3e940f0a-9665-4862-90e7-d973781b0993/aggregates => generated 235 bytes in 6 msecs (HTTP/1.1 404) 5 headers in 202 bytes (1 switches on core 0)
2026-07-16 01:38:31.778 8 INFO placement.requestlog [None req-86ec0cf0-c5d2-4177-91a1-7bae4ebf25f4 9877f88ca9484055b94afa90e76ed52f 47c46e407f5a4036954eaa530d561ee8 - - 14e8e277e8f7400296eb2c03cfcd9220 14e8e277e8f7400296eb2c03cfcd9220] 10.0.0.91 "DELETE /resource_providers/3e940f0a-9665-4862-90e7-d973781b0993" status: 404 len: 246 microversion: 1.1 [pid: 8|app: 0|req: 352/705] 10.0.0.91 () {34 vars in 815 bytes} [Thu Jul 16 01:38:31 2026] DELETE /resource_providers/3e940f0a-9665-4862-90e7-d973781b0993 => generated 246 bytes in 13 msecs (HTTP/1.1 404) 6 headers in 231 bytes (1 switches on core 0)
2026-07-16 01:38:31.781 7 INFO placement.requestlog [None req-1ec0d9e4-b81e-4a65-89fc-b95f4466ea3b 9877f88ca9484055b94afa90e76ed52f 47c46e407f5a4036954eaa530d561ee8 - - 14e8e277e8f7400296eb2c03cfcd9220 14e8e277e8f7400296eb2c03cfcd9220] 10.0.0.91 "DELETE /resource_providers/3e940f0a-9665-4862-90e7-d973781b0993" status: 404 len: 246 microversion: 1.1 [pid: 7|app: 0|req: 354/706] 10.0.0.91 () {34 vars in 815 bytes} [Thu Jul 16 01:38:31 2026] DELETE /resource_providers/3e940f0a-9665-4862-90e7-d973781b0993 => generated 246 bytes in 17 msecs (HTTP/1.1 404) 6 headers in 231 bytes (1 switches on core 0)
2026-07-16 01:38:39.397 7 INFO placement.requestlog [None req-e4157f36-6b9a-4dab-99ff-ba6c2e955836 - - - - - -] 10.0.0.50 "GET /" status: 200 len: 136 microversion: 1.0
2026-07-16 01:38:39.397 8 INFO placement.requestlog [None req-558f6255-2fbc-4156-98ce-cad99723d91f - - - - - -] 10.0.0.50 "GET /" status: 200 len: 136 microversion: 1.0
2026-07-16 01:38:40.131 7 INFO placement.requestlog [req-cba52eb3-dc20-4e50-b712-62023f685cfd req-1ffb51e8-ee9e-48e5-8080-e9364d62be3e b5c39c20f67c4acfb6cb48026a2c7e10 47c46e407f5a4036954eaa530d561ee8 - - 14e8e277e8f7400296eb2c03cfcd9220 14e8e277e8f7400296eb2c03cfcd9220] 199.204.45.77 "GET /resource_providers/c47c0117-601f-488e-84a8-e9b71c95fd60/allocations" status: 200 len: 238 microversion: 1.0 [pid: 7|app: 0|req: 356/709] 199.204.45.77 () {32 vars in 856 bytes} [Thu Jul 16 01:38:40 2026] GET /resource_providers/c47c0117-601f-488e-84a8-e9b71c95fd60/allocations => generated 238 bytes in 16 msecs (HTTP/1.1 200) 6 headers in 224 bytes (1 switches on core 0)
2026-07-16 01:38:40.150 8 INFO placement.requestlog [req-cba52eb3-dc20-4e50-b712-62023f685cfd req-03723c9a-e028-4d1a-a82d-79992670b771 b5c39c20f67c4acfb6cb48026a2c7e10 47c46e407f5a4036954eaa530d561ee8 - - 14e8e277e8f7400296eb2c03cfcd9220 14e8e277e8f7400296eb2c03cfcd9220] 199.204.45.77 "GET /allocations/ed1364f0-5987-4b3c-b5f9-e6c8765b6f50" status: 200 len: 243 microversion: 1.28 [pid: 8|app: 0|req: 354/710] 199.204.45.77 () {34 vars in 862 bytes} [Thu Jul 16 01:38:40 2026] GET /allocations/ed1364f0-5987-4b3c-b5f9-e6c8765b6f50 => generated 243 bytes in 13 msecs (HTTP/1.1 200) 8 headers in 296 bytes (1 switches on core 0)
2026-07-16 01:38:40.171 7 INFO placement.requestlog [req-cba52eb3-dc20-4e50-b712-62023f685cfd req-a991a041-3f6e-463f-8f00-5a49a727441e b5c39c20f67c4acfb6cb48026a2c7e10 47c46e407f5a4036954eaa530d561ee8 - - 14e8e277e8f7400296eb2c03cfcd9220 14e8e277e8f7400296eb2c03cfcd9220] 199.204.45.77 "GET /allocations/0fae3a60-a71c-4fce-84bf-b2f0234e567a" status: 200 len: 257 microversion: 1.28 [pid: 7|app: 0|req: 357/711] 199.204.45.77 () {34 vars in 862 bytes} [Thu Jul 16 01:38:40 2026] GET /allocations/0fae3a60-a71c-4fce-84bf-b2f0234e567a => generated 257 bytes in 13 msecs (HTTP/1.1 200) 8 headers in 296 bytes (1 switches on core 0)
2026-07-16 01:38:41.220 8 INFO placement.requestlog [req-cba52eb3-dc20-4e50-b712-62023f685cfd req-7d8a9031-8abe-4968-8517-354a3eb04ab8 b5c39c20f67c4acfb6cb48026a2c7e10 47c46e407f5a4036954eaa530d561ee8 - - 14e8e277e8f7400296eb2c03cfcd9220 14e8e277e8f7400296eb2c03cfcd9220] 199.204.45.77 "DELETE /allocations/ed1364f0-5987-4b3c-b5f9-e6c8765b6f50" status: 204 len: 0 microversion: 1.0 [pid: 8|app: 0|req: 355/712] 199.204.45.77 () {34 vars in 840 bytes} [Thu Jul 16 01:38:41 2026] DELETE /allocations/ed1364f0-5987-4b3c-b5f9-e6c8765b6f50 => generated 0 bytes in 25 msecs (HTTP/1.1 204) 5 headers in 198 bytes (1 switches on core 0)
2026-07-16 01:38:43.635 7 INFO placement.requestlog [None req-bedca166-63d8-4988-a3fd-a93c21258889 9877f88ca9484055b94afa90e76ed52f 47c46e407f5a4036954eaa530d561ee8 - - 14e8e277e8f7400296eb2c03cfcd9220 14e8e277e8f7400296eb2c03cfcd9220] 10.0.0.91 "GET /resource_providers/e627f5a2-1811-4b29-895a-6c3ea83a62bc/aggregates" status: 404 len: 235 microversion: 1.1 [pid: 7|app: 0|req: 358/713] 10.0.0.91 () {32 vars in 815 bytes} [Thu Jul 16 01:38:43 2026] GET /resource_providers/e627f5a2-1811-4b29-895a-6c3ea83a62bc/aggregates => generated 235 bytes in 11 msecs (HTTP/1.1 404) 5 headers in 202 bytes (1 switches on core 0)
2026-07-16 01:38:43.640 8 INFO placement.requestlog [None req-32ebe656-62ee-4648-8b4f-a55c3141b597 9877f88ca9484055b94afa90e76ed52f 47c46e407f5a4036954eaa530d561ee8 - - 14e8e277e8f7400296eb2c03cfcd9220 14e8e277e8f7400296eb2c03cfcd9220] 10.0.0.91 "GET /resource_providers/e627f5a2-1811-4b29-895a-6c3ea83a62bc/aggregates" status: 404 len: 235 microversion: 1.1 [pid: 8|app: 0|req: 356/714] 10.0.0.91 () {32 vars in 815 bytes} [Thu Jul 16 01:38:43 2026] GET /resource_providers/e627f5a2-1811-4b29-895a-6c3ea83a62bc/aggregates => generated 235 bytes in 10 msecs (HTTP/1.1 404) 5 headers in 202 bytes (1 switches on core 0)
2026-07-16 01:38:43.660 7 INFO placement.requestlog [None req-e5faf005-91cd-4dc0-9ff1-874fa560b0df 9877f88ca9484055b94afa90e76ed52f 47c46e407f5a4036954eaa530d561ee8 - - 14e8e277e8f7400296eb2c03cfcd9220 14e8e277e8f7400296eb2c03cfcd9220] 10.0.0.91 "DELETE /resource_providers/e627f5a2-1811-4b29-895a-6c3ea83a62bc" status: 404 len: 246 microversion: 1.1 [pid: 7|app: 0|req: 359/715] 10.0.0.91 () {34 vars in 815 bytes} [Thu Jul 16 01:38:43 2026] DELETE /resource_providers/e627f5a2-1811-4b29-895a-6c3ea83a62bc => generated 246 bytes in 9 msecs (HTTP/1.1 404) 6 headers in 231 bytes (1 switches on core 0)
2026-07-16 01:38:43.662 8 INFO placement.requestlog [None req-760d3530-3893-475d-9b4d-84cc03e04032 9877f88ca9484055b94afa90e76ed52f 47c46e407f5a4036954eaa530d561ee8 - - 14e8e277e8f7400296eb2c03cfcd9220 14e8e277e8f7400296eb2c03cfcd9220] 10.0.0.91 "DELETE /resource_providers/e627f5a2-1811-4b29-895a-6c3ea83a62bc" status: 404 len: 246 microversion: 1.1 [pid: 8|app: 0|req: 357/716] 10.0.0.91 () {34 vars in 815 bytes} [Thu Jul 16 01:38:43 2026] DELETE /resource_providers/e627f5a2-1811-4b29-895a-6c3ea83a62bc => generated 246 bytes in 11 msecs (HTTP/1.1 404) 6 headers in 231 bytes (1 switches on core 0)
2026-07-16 01:38:44.404 7 INFO placement.requestlog [None req-b8af15b3-51fb-4266-9d49-ece3f98306a3 9877f88ca9484055b94afa90e76ed52f 47c46e407f5a4036954eaa530d561ee8 - - 14e8e277e8f7400296eb2c03cfcd9220 14e8e277e8f7400296eb2c03cfcd9220] 10.0.0.91 "GET /resource_providers/85b5c43f-0f31-41fd-9a58-e82ab2664e21/aggregates" status: 404 len: 235 microversion: 1.1 [pid: 7|app: 0|req: 360/717] 10.0.0.91 () {32 vars in 815 bytes} [Thu Jul 16 01:38:44 2026] GET /resource_providers/85b5c43f-0f31-41fd-9a58-e82ab2664e21/aggregates => generated 235 bytes in 8 msecs (HTTP/1.1 404) 5 headers in 202 bytes (1 switches on core 0)
2026-07-16 01:38:44.406 8 INFO placement.requestlog [None req-9fb84fad-f22d-4249-8479-7b0f25249562 9877f88ca9484055b94afa90e76ed52f 47c46e407f5a4036954eaa530d561ee8 - - 14e8e277e8f7400296eb2c03cfcd9220 14e8e277e8f7400296eb2c03cfcd9220] 10.0.0.91 "GET /resource_providers/85b5c43f-0f31-41fd-9a58-e82ab2664e21/aggregates" status: 404 len: 235 microversion: 1.1 [pid: 8|app: 0|req: 358/718] 10.0.0.91 () {32 vars in 815 bytes} [Thu Jul 16 01:38:44 2026] GET /resource_providers/85b5c43f-0f31-41fd-9a58-e82ab2664e21/aggregates => generated 235 bytes in 10 msecs (HTTP/1.1 404) 5 headers in 202 bytes (1 switches on core 0)
2026-07-16 01:38:44.432 7 INFO placement.requestlog [None req-b5048bf6-aeec-4731-a12c-6f95ee86d26b 9877f88ca9484055b94afa90e76ed52f 47c46e407f5a4036954eaa530d561ee8 - - 14e8e277e8f7400296eb2c03cfcd9220 14e8e277e8f7400296eb2c03cfcd9220] 10.0.0.91 "DELETE /resource_providers/85b5c43f-0f31-41fd-9a58-e82ab2664e21" status: 404 len: 246 microversion: 1.1 [pid: 7|app: 0|req: 361/719] 10.0.0.91 () {34 vars in 815 bytes} [Thu Jul 16 01:38:44 2026] DELETE /resource_providers/85b5c43f-0f31-41fd-9a58-e82ab2664e21 => generated 246 bytes in 9 msecs (HTTP/1.1 404) 6 headers in 231 bytes (1 switches on core 0)
2026-07-16 01:38:44.456 8 INFO placement.requestlog [None req-73a8e6cd-9c3f-4963-aea5-ca64f98f9ae0 9877f88ca9484055b94afa90e76ed52f 47c46e407f5a4036954eaa530d561ee8 - - 14e8e277e8f7400296eb2c03cfcd9220 14e8e277e8f7400296eb2c03cfcd9220] 10.0.0.91 "DELETE /resource_providers/85b5c43f-0f31-41fd-9a58-e82ab2664e21" status: 404 len: 246 microversion: 1.1 [pid: 8|app: 0|req: 359/720] 10.0.0.91 () {34 vars in 815 bytes} [Thu Jul 16 01:38:44 2026] DELETE /resource_providers/85b5c43f-0f31-41fd-9a58-e82ab2664e21 => generated 246 bytes in 34 msecs (HTTP/1.1 404) 6 headers in 231 bytes (1 switches on core 0)
2026-07-16 01:38:45.685 8 INFO placement.requestlog [None req-a712c4b9-b9b6-4a1a-84ca-7f28b8b3a96e 9877f88ca9484055b94afa90e76ed52f 47c46e407f5a4036954eaa530d561ee8 - - 14e8e277e8f7400296eb2c03cfcd9220 14e8e277e8f7400296eb2c03cfcd9220] 10.0.0.91 "GET /resource_providers/2d1a9e36-3221-4529-99ac-365b2d3cf55e/aggregates" status: 404 len: 235 microversion: 1.1 [pid: 8|app: 0|req: 360/721] 10.0.0.91 () {32 vars in 815 bytes} [Thu Jul 16 01:38:45 2026] GET /resource_providers/2d1a9e36-3221-4529-99ac-365b2d3cf55e/aggregates => generated 235 bytes in 8 msecs (HTTP/1.1 404) 5 headers in 202 bytes (1 switches on core 0)
2026-07-16 01:38:45.690 7 INFO placement.requestlog [None req-c0e217f0-e19e-4edb-bee1-4d4cebad7d26 9877f88ca9484055b94afa90e76ed52f 47c46e407f5a4036954eaa530d561ee8 - - 14e8e277e8f7400296eb2c03cfcd9220 14e8e277e8f7400296eb2c03cfcd9220] 10.0.0.91 "GET /resource_providers/2d1a9e36-3221-4529-99ac-365b2d3cf55e/aggregates" status: 404 len: 235 microversion: 1.1 [pid: 7|app: 0|req: 362/722] 10.0.0.91 () {32 vars in 815 bytes} [Thu Jul 16 01:38:45 2026] GET /resource_providers/2d1a9e36-3221-4529-99ac-365b2d3cf55e/aggregates => generated 235 bytes in 16 msecs (HTTP/1.1 404) 5 headers in 202 bytes (1 switches on core 0)
2026-07-16 01:38:45.712 8 INFO placement.requestlog [None req-b0dff57e-d1b7-4537-b166-f8892c717611 9877f88ca9484055b94afa90e76ed52f 47c46e407f5a4036954eaa530d561ee8 - - 14e8e277e8f7400296eb2c03cfcd9220 14e8e277e8f7400296eb2c03cfcd9220] 10.0.0.91 "DELETE /resource_providers/2d1a9e36-3221-4529-99ac-365b2d3cf55e" status: 404 len: 246 microversion: 1.1 [pid: 8|app: 0|req: 361/723] 10.0.0.91 () {34 vars in 815 bytes} [Thu Jul 16 01:38:45 2026] DELETE /resource_providers/2d1a9e36-3221-4529-99ac-365b2d3cf55e => generated 246 bytes in 13 msecs (HTTP/1.1 404) 6 headers in 231 bytes (1 switches on core 0)
2026-07-16 01:38:45.713 7 INFO placement.requestlog [None req-d5fe85af-c0b2-4bfe-9011-82be44dad419 9877f88ca9484055b94afa90e76ed52f 47c46e407f5a4036954eaa530d561ee8 - - 14e8e277e8f7400296eb2c03cfcd9220 14e8e277e8f7400296eb2c03cfcd9220] 10.0.0.91 "DELETE /resource_providers/2d1a9e36-3221-4529-99ac-365b2d3cf55e" status: 404 len: 246 microversion: 1.1 [pid: 7|app: 0|req: 363/724] 10.0.0.91 () {34 vars in 815 bytes} [Thu Jul 16 01:38:45 2026] DELETE /resource_providers/2d1a9e36-3221-4529-99ac-365b2d3cf55e => generated 246 bytes in 8 msecs (HTTP/1.1 404) 6 headers in 231 bytes (1 switches on core 0)
2026-07-16 01:38:45.729 8 INFO placement.requestlog [None req-e5ec2ec7-1d70-4e02-8781-1725fe0a15f2 9877f88ca9484055b94afa90e76ed52f 47c46e407f5a4036954eaa530d561ee8 - - 14e8e277e8f7400296eb2c03cfcd9220 14e8e277e8f7400296eb2c03cfcd9220] 10.0.0.91 "GET /resource_providers/4ff98417-ad4d-4789-bbf9-c30ae17ac226/aggregates" status: 404 len: 235 microversion: 1.1
2026-07-16 01:38:45.729 7 INFO placement.requestlog [None req-e7368992-92cd-4ef9-a540-f6e0020031ac 9877f88ca9484055b94afa90e76ed52f 47c46e407f5a4036954eaa530d561ee8 - - 14e8e277e8f7400296eb2c03cfcd9220 14e8e277e8f7400296eb2c03cfcd9220] 10.0.0.91 "GET /resource_providers/4ff98417-ad4d-4789-bbf9-c30ae17ac226/aggregates" status: 404 len: 235 microversion: 1.1 [pid: 7|app: 0|req: 364/725] 10.0.0.91 () {32 vars in 815 bytes} [Thu Jul 16 01:38:45 2026] GET /resource_providers/4ff98417-ad4d-4789-bbf9-c30ae17ac226/aggregates => generated 235 bytes in 7 msecs (HTTP/1.1 404) 5 headers in 202 bytes (1 switches on core 0) [pid: 8|app: 0|req: 362/726] 10.0.0.91 () {32 vars in 815 bytes} [Thu Jul 16 01:38:45 2026] GET /resource_providers/4ff98417-ad4d-4789-bbf9-c30ae17ac226/aggregates => generated 235 bytes in 7 msecs (HTTP/1.1 404) 5 headers in 202 bytes (1 switches on core 0)
2026-07-16 01:38:45.748 7 INFO placement.requestlog [None req-ea3d9742-a668-4357-b569-0babce4af60e 9877f88ca9484055b94afa90e76ed52f 47c46e407f5a4036954eaa530d561ee8 - - 14e8e277e8f7400296eb2c03cfcd9220 14e8e277e8f7400296eb2c03cfcd9220] 10.0.0.91 "DELETE /resource_providers/4ff98417-ad4d-4789-bbf9-c30ae17ac226" status: 404 len: 246 microversion: 1.1 [pid: 7|app: 0|req: 365/727] 10.0.0.91 () {34 vars in 815 bytes} [Thu Jul 16 01:38:45 2026] DELETE /resource_providers/4ff98417-ad4d-4789-bbf9-c30ae17ac226 => generated 246 bytes in 7 msecs (HTTP/1.1 404) 6 headers in 231 bytes (1 switches on core 0)
2026-07-16 01:38:45.757 8 INFO placement.requestlog [None req-4ae8a542-05c4-47e0-977d-6b7a7772264f 9877f88ca9484055b94afa90e76ed52f 47c46e407f5a4036954eaa530d561ee8 - - 14e8e277e8f7400296eb2c03cfcd9220 14e8e277e8f7400296eb2c03cfcd9220] 10.0.0.91 "DELETE /resource_providers/4ff98417-ad4d-4789-bbf9-c30ae17ac226" status: 404 len: 246 microversion: 1.1 [pid: 8|app: 0|req: 363/728] 10.0.0.91 () {34 vars in 815 bytes} [Thu Jul 16 01:38:45 2026] DELETE /resource_providers/4ff98417-ad4d-4789-bbf9-c30ae17ac226 => generated 246 bytes in 11 msecs (HTTP/1.1 404) 6 headers in 231 bytes (1 switches on core 0)
2026-07-16 01:38:46.450 7 INFO placement.requestlog [None req-834edda2-1184-4d74-b7dc-e9beecba10d1 9877f88ca9484055b94afa90e76ed52f 47c46e407f5a4036954eaa530d561ee8 - - 14e8e277e8f7400296eb2c03cfcd9220 14e8e277e8f7400296eb2c03cfcd9220] 10.0.0.91 "GET /resource_providers/13d3ae40-7d90-4397-aa6f-d71cedc99535/aggregates" status: 404 len: 235 microversion: 1.1 [pid: 7|app: 0|req: 366/729] 10.0.0.91 () {32 vars in 815 bytes} [Thu Jul 16 01:38:46 2026] GET /resource_providers/13d3ae40-7d90-4397-aa6f-d71cedc99535/aggregates => generated 235 bytes in 7 msecs (HTTP/1.1 404) 5 headers in 202 bytes (1 switches on core 0)
2026-07-16 01:38:46.464 8 INFO placement.requestlog [None req-5a6e5129-1606-4685-8f30-73aa5ab2d3e9 9877f88ca9484055b94afa90e76ed52f 47c46e407f5a4036954eaa530d561ee8 - - 14e8e277e8f7400296eb2c03cfcd9220 14e8e277e8f7400296eb2c03cfcd9220] 10.0.0.91 "DELETE /resource_providers/13d3ae40-7d90-4397-aa6f-d71cedc99535" status: 404 len: 246 microversion: 1.1 [pid: 8|app: 0|req: 364/730] 10.0.0.91 () {34 vars in 815 bytes} [Thu Jul 16 01:38:46 2026] DELETE /resource_providers/13d3ae40-7d90-4397-aa6f-d71cedc99535 => generated 246 bytes in 9 msecs (HTTP/1.1 404) 6 headers in 231 bytes (1 switches on core 0)
2026-07-16 01:38:46.476 7 INFO placement.requestlog [None req-df28b026-e9e6-48d3-bb57-f4514ff5b5b4 9877f88ca9484055b94afa90e76ed52f 47c46e407f5a4036954eaa530d561ee8 - - 14e8e277e8f7400296eb2c03cfcd9220 14e8e277e8f7400296eb2c03cfcd9220] 10.0.0.91 "GET /resource_providers/13d3ae40-7d90-4397-aa6f-d71cedc99535/aggregates" status: 404 len: 235 microversion: 1.1 [pid: 7|app: 0|req: 367/731] 10.0.0.91 () {32 vars in 815 bytes} [Thu Jul 16 01:38:46 2026] GET /resource_providers/13d3ae40-7d90-4397-aa6f-d71cedc99535/aggregates => generated 235 bytes in 11 msecs (HTTP/1.1 404) 5 headers in 202 bytes (1 switches on core 0)
2026-07-16 01:38:46.498 8 INFO placement.requestlog [None req-e5144559-7b0b-4131-aecc-d7ea3a2b6a98 9877f88ca9484055b94afa90e76ed52f 47c46e407f5a4036954eaa530d561ee8 - - 14e8e277e8f7400296eb2c03cfcd9220 14e8e277e8f7400296eb2c03cfcd9220] 10.0.0.91 "DELETE /resource_providers/13d3ae40-7d90-4397-aa6f-d71cedc99535" status: 404 len: 246 microversion: 1.1 [pid: 8|app: 0|req: 365/732] 10.0.0.91 () {34 vars in 815 bytes} [Thu Jul 16 01:38:46 2026] DELETE /resource_providers/13d3ae40-7d90-4397-aa6f-d71cedc99535 => generated 246 bytes in 9 msecs (HTTP/1.1 404) 6 headers in 231 bytes (1 switches on core 0)
2026-07-16 01:38:49.397 7 INFO placement.requestlog [None req-344d2ddd-8398-4700-b374-daf5106b1663 - - - - - -] 10.0.0.50 "GET /" status: 200 len: 136 microversion: 1.0
2026-07-16 01:38:49.397 8 INFO placement.requestlog [None req-53fb653e-f733-4b3f-9992-44352b61a464 - - - - - -] 10.0.0.50 "GET /" status: 200 len: 136 microversion: 1.0
2026-07-16 01:38:49.711 7 INFO placement.requestlog [None req-d6dc505b-b5b0-4438-b709-7380c80b45e7 9877f88ca9484055b94afa90e76ed52f 47c46e407f5a4036954eaa530d561ee8 - - 14e8e277e8f7400296eb2c03cfcd9220 14e8e277e8f7400296eb2c03cfcd9220] 10.0.0.91 "GET /resource_providers/0787f43e-8016-4eee-94b6-a8c8980b6d9c/aggregates" status: 404 len: 235 microversion: 1.1 [pid: 7|app: 0|req: 369/735] 10.0.0.91 () {32 vars in 815 bytes} [Thu Jul 16 01:38:49 2026] GET /resource_providers/0787f43e-8016-4eee-94b6-a8c8980b6d9c/aggregates => generated 235 bytes in 18 msecs (HTTP/1.1 404) 5 headers in 202 bytes (1 switches on core 0)
2026-07-16 01:38:49.714 8 INFO placement.requestlog [None req-81848d6a-2f16-4ab1-934e-938b8c31e922 9877f88ca9484055b94afa90e76ed52f 47c46e407f5a4036954eaa530d561ee8 - - 14e8e277e8f7400296eb2c03cfcd9220 14e8e277e8f7400296eb2c03cfcd9220] 10.0.0.91 "GET /resource_providers/0787f43e-8016-4eee-94b6-a8c8980b6d9c/aggregates" status: 404 len: 235 microversion: 1.1 [pid: 8|app: 0|req: 367/736] 10.0.0.91 () {32 vars in 815 bytes} [Thu Jul 16 01:38:49 2026] GET /resource_providers/0787f43e-8016-4eee-94b6-a8c8980b6d9c/aggregates => generated 235 bytes in 18 msecs (HTTP/1.1 404) 5 headers in 202 bytes (1 switches on core 0)
2026-07-16 01:38:49.734 7 INFO placement.requestlog [None req-4cb96232-b6f4-46b9-8a65-f57a95d93133 9877f88ca9484055b94afa90e76ed52f 47c46e407f5a4036954eaa530d561ee8 - - 14e8e277e8f7400296eb2c03cfcd9220 14e8e277e8f7400296eb2c03cfcd9220] 10.0.0.91 "DELETE /resource_providers/0787f43e-8016-4eee-94b6-a8c8980b6d9c" status: 404 len: 246 microversion: 1.1 [pid: 7|app: 0|req: 370/737] 10.0.0.91 () {34 vars in 815 bytes} [Thu Jul 16 01:38:49 2026] DELETE /resource_providers/0787f43e-8016-4eee-94b6-a8c8980b6d9c => generated 246 bytes in 13 msecs (HTTP/1.1 404) 6 headers in 231 bytes (1 switches on core 0)
2026-07-16 01:38:49.735 8 INFO placement.requestlog [None req-7787f60a-add2-4827-8109-47362997cc58 9877f88ca9484055b94afa90e76ed52f 47c46e407f5a4036954eaa530d561ee8 - - 14e8e277e8f7400296eb2c03cfcd9220 14e8e277e8f7400296eb2c03cfcd9220] 10.0.0.91 "DELETE /resource_providers/0787f43e-8016-4eee-94b6-a8c8980b6d9c" status: 404 len: 246 microversion: 1.1 [pid: 8|app: 0|req: 368/738] 10.0.0.91 () {34 vars in 815 bytes} [Thu Jul 16 01:38:49 2026] DELETE /resource_providers/0787f43e-8016-4eee-94b6-a8c8980b6d9c => generated 246 bytes in 9 msecs (HTTP/1.1 404) 6 headers in 231 bytes (1 switches on core 0)
2026-07-16 01:38:51.773 8 INFO placement.requestlog [None req-f0cd1994-769d-4805-b4cd-e2770cd529df 9877f88ca9484055b94afa90e76ed52f 47c46e407f5a4036954eaa530d561ee8 - - 14e8e277e8f7400296eb2c03cfcd9220 14e8e277e8f7400296eb2c03cfcd9220] 10.0.0.91 "GET /resource_providers/9ac399c2-34d8-4a28-98ba-ac94a92b8272/aggregates" status: 404 len: 235 microversion: 1.1 [pid: 8|app: 0|req: 369/739] 10.0.0.91 () {32 vars in 815 bytes} [Thu Jul 16 01:38:51 2026] GET /resource_providers/9ac399c2-34d8-4a28-98ba-ac94a92b8272/aggregates => generated 235 bytes in 21 msecs (HTTP/1.1 404) 5 headers in 202 bytes (1 switches on core 0)
2026-07-16 01:38:51.777 7 INFO placement.requestlog [None req-66290cab-edc4-4bdb-b8db-f66cf057faa0 9877f88ca9484055b94afa90e76ed52f 47c46e407f5a4036954eaa530d561ee8 - - 14e8e277e8f7400296eb2c03cfcd9220 14e8e277e8f7400296eb2c03cfcd9220] 10.0.0.91 "GET /resource_providers/9ac399c2-34d8-4a28-98ba-ac94a92b8272/aggregates" status: 404 len: 235 microversion: 1.1 [pid: 7|app: 0|req: 371/740] 10.0.0.91 () {32 vars in 815 bytes} [Thu Jul 16 01:38:51 2026] GET /resource_providers/9ac399c2-34d8-4a28-98ba-ac94a92b8272/aggregates => generated 235 bytes in 26 msecs (HTTP/1.1 404) 5 headers in 202 bytes (1 switches on core 0)
2026-07-16 01:38:51.815 8 INFO placement.requestlog [None req-6ccc5b7f-7fb4-46c5-9ad6-6456833ade96 9877f88ca9484055b94afa90e76ed52f 47c46e407f5a4036954eaa530d561ee8 - - 14e8e277e8f7400296eb2c03cfcd9220 14e8e277e8f7400296eb2c03cfcd9220] 10.0.0.91 "DELETE /resource_providers/9ac399c2-34d8-4a28-98ba-ac94a92b8272" status: 404 len: 246 microversion: 1.1 [pid: 8|app: 0|req: 370/741] 10.0.0.91 () {34 vars in 815 bytes} [Thu Jul 16 01:38:51 2026] DELETE /resource_providers/9ac399c2-34d8-4a28-98ba-ac94a92b8272 => generated 246 bytes in 12 msecs (HTTP/1.1 404) 6 headers in 231 bytes (1 switches on core 0)
2026-07-16 01:38:51.821 7 INFO placement.requestlog [None req-01161582-cfaa-46f5-82bd-f8ed246893da 9877f88ca9484055b94afa90e76ed52f 47c46e407f5a4036954eaa530d561ee8 - - 14e8e277e8f7400296eb2c03cfcd9220 14e8e277e8f7400296eb2c03cfcd9220] 10.0.0.91 "DELETE /resource_providers/9ac399c2-34d8-4a28-98ba-ac94a92b8272" status: 404 len: 246 microversion: 1.1 [pid: 7|app: 0|req: 372/742] 10.0.0.91 () {34 vars in 815 bytes} [Thu Jul 16 01:38:51 2026] DELETE /resource_providers/9ac399c2-34d8-4a28-98ba-ac94a92b8272 => generated 246 bytes in 18 msecs (HTTP/1.1 404) 6 headers in 231 bytes (1 switches on core 0)
2026-07-16 01:38:52.778 8 INFO placement.requestlog [req-efd46091-8091-4b5d-9e85-03f20bc33327 req-6638a6a3-a9ed-485b-95d4-dbab85bd02f7 b5c39c20f67c4acfb6cb48026a2c7e10 47c46e407f5a4036954eaa530d561ee8 - - 14e8e277e8f7400296eb2c03cfcd9220 14e8e277e8f7400296eb2c03cfcd9220] 10.0.0.211 "GET /allocation_candidates?limit=1000&resources=DISK_GB%3A1%2CMEMORY_MB%3A512%2CVCPU%3A1&root_required=%21COMPUTE_STATUS_DISABLED" status: 200 len: 2444 microversion: 1.36 [pid: 8|app: 0|req: 371/743] 10.0.0.211 () {34 vars in 1012 bytes} [Thu Jul 16 01:38:52 2026] GET /allocation_candidates?limit=1000&resources=DISK_GB%3A1%2CMEMORY_MB%3A512%2CVCPU%3A1&root_required=%21COMPUTE_STATUS_DISABLED => generated 2444 bytes in 59 msecs (HTTP/1.1 200) 8 headers in 297 bytes (1 switches on core 0)
2026-07-16 01:38:52.805 7 INFO placement.requestlog [req-efd46091-8091-4b5d-9e85-03f20bc33327 req-f993fe46-fbc1-46d7-85dd-f1c5aef2da06 b5c39c20f67c4acfb6cb48026a2c7e10 47c46e407f5a4036954eaa530d561ee8 - - 14e8e277e8f7400296eb2c03cfcd9220 14e8e277e8f7400296eb2c03cfcd9220] 10.0.0.211 "GET /allocations/498d7162-9b0a-4d2c-812a-da3e1e6eb66d" status: 200 len: 19 microversion: 1.28 [pid: 7|app: 0|req: 373/744] 10.0.0.211 () {34 vars in 861 bytes} [Thu Jul 16 01:38:52 2026] GET /allocations/498d7162-9b0a-4d2c-812a-da3e1e6eb66d => generated 19 bytes in 12 msecs (HTTP/1.1 200) 8 headers in 295 bytes (1 switches on core 0)
2026-07-16 01:38:52.882 8 INFO placement.requestlog [req-efd46091-8091-4b5d-9e85-03f20bc33327 req-efba7410-8a03-4d98-ad70-5938778e43c4 b5c39c20f67c4acfb6cb48026a2c7e10 47c46e407f5a4036954eaa530d561ee8 - - 14e8e277e8f7400296eb2c03cfcd9220 14e8e277e8f7400296eb2c03cfcd9220] 10.0.0.211 "PUT /allocations/498d7162-9b0a-4d2c-812a-da3e1e6eb66d" status: 204 len: 0 microversion: 1.36 [pid: 8|app: 0|req: 372/745] 10.0.0.211 () {38 vars in 914 bytes} [Thu Jul 16 01:38:52 2026] PUT /allocations/498d7162-9b0a-4d2c-812a-da3e1e6eb66d => generated 0 bytes in 70 msecs (HTTP/1.1 204) 5 headers in 199 bytes (1 switches on core 0)
2026-07-16 01:38:53.906 7 INFO placement.requestlog [None req-f9bc58f4-4b07-4a2c-8b72-7cc802ec19de 9877f88ca9484055b94afa90e76ed52f 47c46e407f5a4036954eaa530d561ee8 - - 14e8e277e8f7400296eb2c03cfcd9220 14e8e277e8f7400296eb2c03cfcd9220] 10.0.0.91 "GET /resource_providers/a6862f2c-255f-4d15-a60a-fd498b9a3008/aggregates" status: 404 len: 235 microversion: 1.1 [pid: 7|app: 0|req: 374/746] 10.0.0.91 () {32 vars in 815 bytes} [Thu Jul 16 01:38:53 2026] GET /resource_providers/a6862f2c-255f-4d15-a60a-fd498b9a3008/aggregates => generated 235 bytes in 13 msecs (HTTP/1.1 404) 5 headers in 202 bytes (1 switches on core 0)
2026-07-16 01:38:53.909 8 INFO placement.requestlog [None req-da158eeb-f19d-4241-8ba9-1a94309340c5 9877f88ca9484055b94afa90e76ed52f 47c46e407f5a4036954eaa530d561ee8 - - 14e8e277e8f7400296eb2c03cfcd9220 14e8e277e8f7400296eb2c03cfcd9220] 10.0.0.91 "GET /resource_providers/a6862f2c-255f-4d15-a60a-fd498b9a3008/aggregates" status: 404 len: 235 microversion: 1.1 [pid: 8|app: 0|req: 373/747] 10.0.0.91 () {32 vars in 815 bytes} [Thu Jul 16 01:38:53 2026] GET /resource_providers/a6862f2c-255f-4d15-a60a-fd498b9a3008/aggregates => generated 235 bytes in 15 msecs (HTTP/1.1 404) 5 headers in 202 bytes (1 switches on core 0)
2026-07-16 01:38:53.930 8 INFO placement.requestlog [None req-1a2c5527-81cb-4c4b-8314-199f049feb3a 9877f88ca9484055b94afa90e76ed52f 47c46e407f5a4036954eaa530d561ee8 - - 14e8e277e8f7400296eb2c03cfcd9220 14e8e277e8f7400296eb2c03cfcd9220] 10.0.0.91 "DELETE /resource_providers/a6862f2c-255f-4d15-a60a-fd498b9a3008" status: 404 len: 246 microversion: 1.1 [pid: 8|app: 0|req: 374/748] 10.0.0.91 () {34 vars in 815 bytes} [Thu Jul 16 01:38:53 2026] DELETE /resource_providers/a6862f2c-255f-4d15-a60a-fd498b9a3008 => generated 246 bytes in 10 msecs (HTTP/1.1 404) 6 headers in 231 bytes (1 switches on core 0)
2026-07-16 01:38:53.933 7 INFO placement.requestlog [None req-63560fef-3aa0-4995-b173-626cc8622180 9877f88ca9484055b94afa90e76ed52f 47c46e407f5a4036954eaa530d561ee8 - - 14e8e277e8f7400296eb2c03cfcd9220 14e8e277e8f7400296eb2c03cfcd9220] 10.0.0.91 "DELETE /resource_providers/a6862f2c-255f-4d15-a60a-fd498b9a3008" status: 404 len: 246 microversion: 1.1 [pid: 7|app: 0|req: 375/749] 10.0.0.91 () {34 vars in 815 bytes} [Thu Jul 16 01:38:53 2026] DELETE /resource_providers/a6862f2c-255f-4d15-a60a-fd498b9a3008 => generated 246 bytes in 14 msecs (HTTP/1.1 404) 6 headers in 231 bytes (1 switches on core 0)
2026-07-16 01:38:54.309 8 INFO placement.requestlog [None req-22528f7d-7091-43a1-989d-aee79d0c293e 9877f88ca9484055b94afa90e76ed52f 47c46e407f5a4036954eaa530d561ee8 - - 14e8e277e8f7400296eb2c03cfcd9220 14e8e277e8f7400296eb2c03cfcd9220] 10.0.0.91 "GET /resource_providers/5f2194bd-6d9f-4aef-9f03-e1a5b7380942/aggregates" status: 404 len: 235 microversion: 1.1 [pid: 8|app: 0|req: 375/750] 10.0.0.91 () {32 vars in 815 bytes} [Thu Jul 16 01:38:54 2026] GET /resource_providers/5f2194bd-6d9f-4aef-9f03-e1a5b7380942/aggregates => generated 235 bytes in 9 msecs (HTTP/1.1 404) 5 headers in 202 bytes (1 switches on core 0)
2026-07-16 01:38:54.310 7 INFO placement.requestlog [None req-4fe56a2c-29c8-40e9-94f7-09e153aa49c2 9877f88ca9484055b94afa90e76ed52f 47c46e407f5a4036954eaa530d561ee8 - - 14e8e277e8f7400296eb2c03cfcd9220 14e8e277e8f7400296eb2c03cfcd9220] 10.0.0.91 "GET /resource_providers/5f2194bd-6d9f-4aef-9f03-e1a5b7380942/aggregates" status: 404 len: 235 microversion: 1.1 [pid: 7|app: 0|req: 376/751] 10.0.0.91 () {32 vars in 815 bytes} [Thu Jul 16 01:38:54 2026] GET /resource_providers/5f2194bd-6d9f-4aef-9f03-e1a5b7380942/aggregates => generated 235 bytes in 10 msecs (HTTP/1.1 404) 5 headers in 202 bytes (1 switches on core 0)
2026-07-16 01:38:54.332 8 INFO placement.requestlog [None req-ad486519-bcb0-441d-8467-e5d953d41c11 9877f88ca9484055b94afa90e76ed52f 47c46e407f5a4036954eaa530d561ee8 - - 14e8e277e8f7400296eb2c03cfcd9220 14e8e277e8f7400296eb2c03cfcd9220] 10.0.0.91 "DELETE /resource_providers/5f2194bd-6d9f-4aef-9f03-e1a5b7380942" status: 404 len: 246 microversion: 1.1 [pid: 8|app: 0|req: 376/752] 10.0.0.91 () {34 vars in 815 bytes} [Thu Jul 16 01:38:54 2026] DELETE /resource_providers/5f2194bd-6d9f-4aef-9f03-e1a5b7380942 => generated 246 bytes in 12 msecs (HTTP/1.1 404) 6 headers in 231 bytes (1 switches on core 0)
2026-07-16 01:38:54.334 7 INFO placement.requestlog [None req-ee5196a4-fabb-4fc4-939a-76305fb2829e 9877f88ca9484055b94afa90e76ed52f 47c46e407f5a4036954eaa530d561ee8 - - 14e8e277e8f7400296eb2c03cfcd9220 14e8e277e8f7400296eb2c03cfcd9220] 10.0.0.91 "DELETE /resource_providers/5f2194bd-6d9f-4aef-9f03-e1a5b7380942" status: 404 len: 246 microversion: 1.1 [pid: 7|app: 0|req: 377/753] 10.0.0.91 () {34 vars in 815 bytes} [Thu Jul 16 01:38:54 2026] DELETE /resource_providers/5f2194bd-6d9f-4aef-9f03-e1a5b7380942 => generated 246 bytes in 14 msecs (HTTP/1.1 404) 6 headers in 231 bytes (1 switches on core 0)
2026-07-16 01:38:54.381 8 INFO placement.requestlog [req-efd46091-8091-4b5d-9e85-03f20bc33327 req-cc9c1353-23f2-4d3f-b040-c952faeb1613 b5c39c20f67c4acfb6cb48026a2c7e10 47c46e407f5a4036954eaa530d561ee8 - - 14e8e277e8f7400296eb2c03cfcd9220 14e8e277e8f7400296eb2c03cfcd9220] 199.204.45.77 "GET /allocations/498d7162-9b0a-4d2c-812a-da3e1e6eb66d" status: 200 len: 257 microversion: 1.28 [pid: 8|app: 0|req: 377/754] 199.204.45.77 () {34 vars in 862 bytes} [Thu Jul 16 01:38:54 2026] GET /allocations/498d7162-9b0a-4d2c-812a-da3e1e6eb66d => generated 257 bytes in 22 msecs (HTTP/1.1 200) 8 headers in 296 bytes (1 switches on core 0)
2026-07-16 01:38:55.442 7 INFO placement.requestlog [req-efd46091-8091-4b5d-9e85-03f20bc33327 req-cc4cbc05-308b-4534-a025-3cee9ac64955 b5c39c20f67c4acfb6cb48026a2c7e10 47c46e407f5a4036954eaa530d561ee8 - - 14e8e277e8f7400296eb2c03cfcd9220 14e8e277e8f7400296eb2c03cfcd9220] 199.204.45.77 "GET /resource_providers/c47c0117-601f-488e-84a8-e9b71c95fd60/allocations" status: 200 len: 252 microversion: 1.0 [pid: 7|app: 0|req: 378/755] 199.204.45.77 () {32 vars in 856 bytes} [Thu Jul 16 01:38:55 2026] GET /resource_providers/c47c0117-601f-488e-84a8-e9b71c95fd60/allocations => generated 252 bytes in 37 msecs (HTTP/1.1 200) 6 headers in 224 bytes (1 switches on core 0)
2026-07-16 01:38:55.461 8 INFO placement.requestlog [req-efd46091-8091-4b5d-9e85-03f20bc33327 req-0e1f27e1-cbb6-48df-9b4a-72b4d9182529 b5c39c20f67c4acfb6cb48026a2c7e10 47c46e407f5a4036954eaa530d561ee8 - - 14e8e277e8f7400296eb2c03cfcd9220 14e8e277e8f7400296eb2c03cfcd9220] 199.204.45.77 "GET /allocations/498d7162-9b0a-4d2c-812a-da3e1e6eb66d" status: 200 len: 257 microversion: 1.28 [pid: 8|app: 0|req: 378/756] 199.204.45.77 () {34 vars in 862 bytes} [Thu Jul 16 01:38:55 2026] GET /allocations/498d7162-9b0a-4d2c-812a-da3e1e6eb66d => generated 257 bytes in 12 msecs (HTTP/1.1 200) 8 headers in 296 bytes (1 switches on core 0)
2026-07-16 01:38:55.488 7 INFO placement.requestlog [req-efd46091-8091-4b5d-9e85-03f20bc33327 req-3b89328f-d552-4512-8c24-2d0fb880ac70 b5c39c20f67c4acfb6cb48026a2c7e10 47c46e407f5a4036954eaa530d561ee8 - - 14e8e277e8f7400296eb2c03cfcd9220 14e8e277e8f7400296eb2c03cfcd9220] 199.204.45.77 "GET /allocations/0fae3a60-a71c-4fce-84bf-b2f0234e567a" status: 200 len: 257 microversion: 1.28 [pid: 7|app: 0|req: 379/757] 199.204.45.77 () {34 vars in 862 bytes} [Thu Jul 16 01:38:55 2026] GET /allocations/0fae3a60-a71c-4fce-84bf-b2f0234e567a => generated 257 bytes in 21 msecs (HTTP/1.1 200) 8 headers in 296 bytes (1 switches on core 0)
2026-07-16 01:38:58.010 8 INFO placement.requestlog [None req-2264afb8-86d9-41c0-8f2d-3f47b4e664f5 9877f88ca9484055b94afa90e76ed52f 47c46e407f5a4036954eaa530d561ee8 - - 14e8e277e8f7400296eb2c03cfcd9220 14e8e277e8f7400296eb2c03cfcd9220] 10.0.0.91 "GET /resource_providers/9bcc91e3-4306-4d24-9f9a-f3c3a9ab6232/aggregates" status: 404 len: 235 microversion: 1.1 [pid: 8|app: 0|req: 379/758] 10.0.0.91 () {32 vars in 815 bytes} [Thu Jul 16 01:38:57 2026] GET /resource_providers/9bcc91e3-4306-4d24-9f9a-f3c3a9ab6232/aggregates => generated 235 bytes in 12 msecs (HTTP/1.1 404) 5 headers in 202 bytes (1 switches on core 0)
2026-07-16 01:38:58.014 7 INFO placement.requestlog [None req-4faa7b67-0764-46aa-82fd-f9c205b7d050 9877f88ca9484055b94afa90e76ed52f 47c46e407f5a4036954eaa530d561ee8 - - 14e8e277e8f7400296eb2c03cfcd9220 14e8e277e8f7400296eb2c03cfcd9220] 10.0.0.91 "GET /resource_providers/9bcc91e3-4306-4d24-9f9a-f3c3a9ab6232/aggregates" status: 404 len: 235 microversion: 1.1 [pid: 7|app: 0|req: 380/759] 10.0.0.91 () {32 vars in 815 bytes} [Thu Jul 16 01:38:58 2026] GET /resource_providers/9bcc91e3-4306-4d24-9f9a-f3c3a9ab6232/aggregates => generated 235 bytes in 9 msecs (HTTP/1.1 404) 5 headers in 202 bytes (1 switches on core 0)
2026-07-16 01:38:58.032 8 INFO placement.requestlog [None req-8bd472b7-0861-42d5-90f7-93e1381c7238 9877f88ca9484055b94afa90e76ed52f 47c46e407f5a4036954eaa530d561ee8 - - 14e8e277e8f7400296eb2c03cfcd9220 14e8e277e8f7400296eb2c03cfcd9220] 10.0.0.91 "DELETE /resource_providers/9bcc91e3-4306-4d24-9f9a-f3c3a9ab6232" status: 404 len: 246 microversion: 1.1 [pid: 8|app: 0|req: 380/760] 10.0.0.91 () {34 vars in 815 bytes} [Thu Jul 16 01:38:58 2026] DELETE /resource_providers/9bcc91e3-4306-4d24-9f9a-f3c3a9ab6232 => generated 246 bytes in 8 msecs (HTTP/1.1 404) 6 headers in 231 bytes (1 switches on core 0)
2026-07-16 01:38:58.035 7 INFO placement.requestlog [None req-59807477-ceb7-47e5-9909-0d9184753df1 9877f88ca9484055b94afa90e76ed52f 47c46e407f5a4036954eaa530d561ee8 - - 14e8e277e8f7400296eb2c03cfcd9220 14e8e277e8f7400296eb2c03cfcd9220] 10.0.0.91 "DELETE /resource_providers/9bcc91e3-4306-4d24-9f9a-f3c3a9ab6232" status: 404 len: 246 microversion: 1.1 [pid: 7|app: 0|req: 381/761] 10.0.0.91 () {34 vars in 815 bytes} [Thu Jul 16 01:38:58 2026] DELETE /resource_providers/9bcc91e3-4306-4d24-9f9a-f3c3a9ab6232 => generated 246 bytes in 8 msecs (HTTP/1.1 404) 6 headers in 231 bytes (1 switches on core 0)
2026-07-16 01:38:59.398 7 INFO placement.requestlog [None req-f3adf594-2a8c-4f05-8432-69607c767689 - - - - - -] 10.0.0.50 "GET /" status: 200 len: 136 microversion: 1.0
2026-07-16 01:38:59.398 8 INFO placement.requestlog [None req-4fec0828-d249-48a5-8da9-ffe1e7230f03 - - - - - -] 10.0.0.50 "GET /" status: 200 len: 136 microversion: 1.0
2026-07-16 01:39:00.781 7 INFO placement.requestlog [req-d7dcb5f8-c103-40ae-aca9-68b4c5a27d4d req-c4656a04-e8a5-4422-9d23-939f2ae55e8d b5c39c20f67c4acfb6cb48026a2c7e10 47c46e407f5a4036954eaa530d561ee8 - - 14e8e277e8f7400296eb2c03cfcd9220 14e8e277e8f7400296eb2c03cfcd9220] 199.204.45.77 "GET /resource_providers/c47c0117-601f-488e-84a8-e9b71c95fd60/allocations" status: 200 len: 252 microversion: 1.0 [pid: 7|app: 0|req: 383/764] 199.204.45.77 () {32 vars in 856 bytes} [Thu Jul 16 01:39:00 2026] GET /resource_providers/c47c0117-601f-488e-84a8-e9b71c95fd60/allocations => generated 252 bytes in 17 msecs (HTTP/1.1 200) 6 headers in 224 bytes (1 switches on core 0)
2026-07-16 01:39:00.799 8 INFO placement.requestlog [req-d7dcb5f8-c103-40ae-aca9-68b4c5a27d4d req-3c01c343-e4fe-40c6-82e3-06468012cca2 b5c39c20f67c4acfb6cb48026a2c7e10 47c46e407f5a4036954eaa530d561ee8 - - 14e8e277e8f7400296eb2c03cfcd9220 14e8e277e8f7400296eb2c03cfcd9220] 199.204.45.77 "GET /allocations/498d7162-9b0a-4d2c-812a-da3e1e6eb66d" status: 200 len: 257 microversion: 1.28 [pid: 8|app: 0|req: 382/765] 199.204.45.77 () {34 vars in 862 bytes} [Thu Jul 16 01:39:00 2026] GET /allocations/498d7162-9b0a-4d2c-812a-da3e1e6eb66d => generated 257 bytes in 12 msecs (HTTP/1.1 200) 8 headers in 296 bytes (1 switches on core 0)
2026-07-16 01:39:00.821 7 INFO placement.requestlog [req-d7dcb5f8-c103-40ae-aca9-68b4c5a27d4d req-780dd14b-f9e1-48a1-9294-b3055024634e b5c39c20f67c4acfb6cb48026a2c7e10 47c46e407f5a4036954eaa530d561ee8 - - 14e8e277e8f7400296eb2c03cfcd9220 14e8e277e8f7400296eb2c03cfcd9220] 199.204.45.77 "GET /allocations/0fae3a60-a71c-4fce-84bf-b2f0234e567a" status: 200 len: 257 microversion: 1.28 [pid: 7|app: 0|req: 384/766] 199.204.45.77 () {34 vars in 862 bytes} [Thu Jul 16 01:39:00 2026] GET /allocations/0fae3a60-a71c-4fce-84bf-b2f0234e567a => generated 257 bytes in 16 msecs (HTTP/1.1 200) 8 headers in 296 bytes (1 switches on core 0)
2026-07-16 01:39:01.308 8 INFO placement.requestlog [None req-e22c7a26-2a48-4cff-b471-5e53ecda638a 9877f88ca9484055b94afa90e76ed52f 47c46e407f5a4036954eaa530d561ee8 - - 14e8e277e8f7400296eb2c03cfcd9220 14e8e277e8f7400296eb2c03cfcd9220] 10.0.0.91 "GET /resource_providers/8647f579-67f8-4d89-89da-0a458ace040d/aggregates" status: 404 len: 235 microversion: 1.1 [pid: 8|app: 0|req: 383/767] 10.0.0.91 () {32 vars in 815 bytes} [Thu Jul 16 01:39:01 2026] GET /resource_providers/8647f579-67f8-4d89-89da-0a458ace040d/aggregates => generated 235 bytes in 12 msecs (HTTP/1.1 404) 5 headers in 202 bytes (1 switches on core 0)
2026-07-16 01:39:01.310 7 INFO placement.requestlog [None req-c8895371-aea4-404a-ba0c-615d22abbf1d 9877f88ca9484055b94afa90e76ed52f 47c46e407f5a4036954eaa530d561ee8 - - 14e8e277e8f7400296eb2c03cfcd9220 14e8e277e8f7400296eb2c03cfcd9220] 10.0.0.91 "GET /resource_providers/8647f579-67f8-4d89-89da-0a458ace040d/aggregates" status: 404 len: 235 microversion: 1.1 [pid: 7|app: 0|req: 385/768] 10.0.0.91 () {32 vars in 815 bytes} [Thu Jul 16 01:39:01 2026] GET /resource_providers/8647f579-67f8-4d89-89da-0a458ace040d/aggregates => generated 235 bytes in 11 msecs (HTTP/1.1 404) 5 headers in 202 bytes (1 switches on core 0)
2026-07-16 01:39:01.331 8 INFO placement.requestlog [None req-eba3ec10-84c5-4e09-9319-f68dfd974855 9877f88ca9484055b94afa90e76ed52f 47c46e407f5a4036954eaa530d561ee8 - - 14e8e277e8f7400296eb2c03cfcd9220 14e8e277e8f7400296eb2c03cfcd9220] 10.0.0.91 "DELETE /resource_providers/8647f579-67f8-4d89-89da-0a458ace040d" status: 404 len: 246 microversion: 1.1 [pid: 8|app: 0|req: 384/769] 10.0.0.91 () {34 vars in 815 bytes} [Thu Jul 16 01:39:01 2026] DELETE /resource_providers/8647f579-67f8-4d89-89da-0a458ace040d => generated 246 bytes in 10 msecs (HTTP/1.1 404) 6 headers in 231 bytes (1 switches on core 0)
2026-07-16 01:39:01.335 7 INFO placement.requestlog [None req-68aceba9-d6b8-47a9-8285-84bf338ceed8 9877f88ca9484055b94afa90e76ed52f 47c46e407f5a4036954eaa530d561ee8 - - 14e8e277e8f7400296eb2c03cfcd9220 14e8e277e8f7400296eb2c03cfcd9220] 10.0.0.91 "DELETE /resource_providers/8647f579-67f8-4d89-89da-0a458ace040d" status: 404 len: 246 microversion: 1.1 [pid: 7|app: 0|req: 386/770] 10.0.0.91 () {34 vars in 815 bytes} [Thu Jul 16 01:39:01 2026] DELETE /resource_providers/8647f579-67f8-4d89-89da-0a458ace040d => generated 246 bytes in 12 msecs (HTTP/1.1 404) 6 headers in 231 bytes (1 switches on core 0)
2026-07-16 01:39:01.873 8 INFO placement.requestlog [req-d7dcb5f8-c103-40ae-aca9-68b4c5a27d4d req-93ee0358-873a-46bb-bccc-8850c82e5c79 b5c39c20f67c4acfb6cb48026a2c7e10 47c46e407f5a4036954eaa530d561ee8 - - 14e8e277e8f7400296eb2c03cfcd9220 14e8e277e8f7400296eb2c03cfcd9220] 199.204.45.77 "DELETE /allocations/0fae3a60-a71c-4fce-84bf-b2f0234e567a" status: 204 len: 0 microversion: 1.0 [pid: 8|app: 0|req: 385/771] 199.204.45.77 () {34 vars in 840 bytes} [Thu Jul 16 01:39:01 2026] DELETE /allocations/0fae3a60-a71c-4fce-84bf-b2f0234e567a => generated 0 bytes in 24 msecs (HTTP/1.1 204) 5 headers in 198 bytes (1 switches on core 0)
