2026-07-16 01:42:51.586 8 INFO placement.requestlog [None req-84f5d6c3-b3b1-4591-8d30-b4599aa15a65 9877f88ca9484055b94afa90e76ed52f 47c46e407f5a4036954eaa530d561ee8 - - 14e8e277e8f7400296eb2c03cfcd9220 14e8e277e8f7400296eb2c03cfcd9220] 10.0.0.91 "DELETE /resource_providers/8dd1b79a-b75a-48b0-852e-607fe2873dac" status: 404 len: 246 microversion: 1.1 [pid: 8|app: 0|req: 603/1207] 10.0.0.91 () {34 vars in 815 bytes} [Thu Jul 16 01:42:51 2026] DELETE /resource_providers/8dd1b79a-b75a-48b0-852e-607fe2873dac => generated 246 bytes in 7 msecs (HTTP/1.1 404) 6 headers in 231 bytes (1 switches on core 0)
2026-07-16 01:42:51.587 7 INFO placement.requestlog [None req-42b8f87b-770c-40aa-adbe-4e54f492d4ec 9877f88ca9484055b94afa90e76ed52f 47c46e407f5a4036954eaa530d561ee8 - - 14e8e277e8f7400296eb2c03cfcd9220 14e8e277e8f7400296eb2c03cfcd9220] 10.0.0.91 "DELETE /resource_providers/8dd1b79a-b75a-48b0-852e-607fe2873dac" status: 404 len: 246 microversion: 1.1 [pid: 7|app: 0|req: 605/1208] 10.0.0.91 () {34 vars in 815 bytes} [Thu Jul 16 01:42:51 2026] DELETE /resource_providers/8dd1b79a-b75a-48b0-852e-607fe2873dac => generated 246 bytes in 10 msecs (HTTP/1.1 404) 6 headers in 231 bytes (1 switches on core 0)
2026-07-16 01:42:59.398 7 INFO placement.requestlog [None req-11308729-3c94-49ef-a758-65ceb12d80ed - - - - - -] 10.0.0.50 "GET /" status: 200 len: 136 microversion: 1.0
2026-07-16 01:42:59.398 8 INFO placement.requestlog [None req-22639a16-bb23-4725-8a25-6a9b6664ed72 - - - - - -] 10.0.0.50 "GET /" status: 200 len: 136 microversion: 1.0
2026-07-16 01:43:07.049 7 INFO placement.requestlog [req-83e48a98-6336-47d1-80a7-51e04aee6731 req-05e3b3e4-5f9f-4730-abb9-f81374b97626 b5c39c20f67c4acfb6cb48026a2c7e10 47c46e407f5a4036954eaa530d561ee8 - - 14e8e277e8f7400296eb2c03cfcd9220 14e8e277e8f7400296eb2c03cfcd9220] 10.0.0.211 "GET /allocation_candidates?limit=1000&resources=MEMORY_MB%3A2048%2CVCPU%3A2&root_required=%21COMPUTE_STATUS_DISABLED" status: 200 len: 2432 microversion: 1.36 [pid: 7|app: 0|req: 607/1211] 10.0.0.211 () {34 vars in 986 bytes} [Thu Jul 16 01:43:06 2026] GET /allocation_candidates?limit=1000&resources=MEMORY_MB%3A2048%2CVCPU%3A2&root_required=%21COMPUTE_STATUS_DISABLED => generated 2432 bytes in 153 msecs (HTTP/1.1 200) 8 headers in 297 bytes (1 switches on core 0)
2026-07-16 01:43:07.075 8 INFO placement.requestlog [req-83e48a98-6336-47d1-80a7-51e04aee6731 req-093a301b-a6f3-4122-9538-c60680ddcb5f b5c39c20f67c4acfb6cb48026a2c7e10 47c46e407f5a4036954eaa530d561ee8 - - 14e8e277e8f7400296eb2c03cfcd9220 14e8e277e8f7400296eb2c03cfcd9220] 10.0.0.211 "GET /allocations/fa8fad30-5c80-4e56-8a2d-25edde303ba0" status: 200 len: 19 microversion: 1.28 [pid: 8|app: 0|req: 605/1212] 10.0.0.211 () {34 vars in 861 bytes} [Thu Jul 16 01:43:07 2026] GET /allocations/fa8fad30-5c80-4e56-8a2d-25edde303ba0 => generated 19 bytes in 10 msecs (HTTP/1.1 200) 8 headers in 295 bytes (1 switches on core 0)
2026-07-16 01:43:07.142 7 INFO placement.requestlog [req-83e48a98-6336-47d1-80a7-51e04aee6731 req-227297ed-16c1-4822-9cfd-8dcb9310d9c5 b5c39c20f67c4acfb6cb48026a2c7e10 47c46e407f5a4036954eaa530d561ee8 - - 14e8e277e8f7400296eb2c03cfcd9220 14e8e277e8f7400296eb2c03cfcd9220] 10.0.0.211 "PUT /allocations/fa8fad30-5c80-4e56-8a2d-25edde303ba0" status: 204 len: 0 microversion: 1.36 [pid: 7|app: 0|req: 608/1213] 10.0.0.211 () {38 vars in 914 bytes} [Thu Jul 16 01:43:07 2026] PUT /allocations/fa8fad30-5c80-4e56-8a2d-25edde303ba0 => generated 0 bytes in 61 msecs (HTTP/1.1 204) 5 headers in 199 bytes (1 switches on core 0)
2026-07-16 01:43:08.546 8 INFO placement.requestlog [req-83e48a98-6336-47d1-80a7-51e04aee6731 req-d534062c-a926-4a22-9abf-b279f3ad9c21 b5c39c20f67c4acfb6cb48026a2c7e10 47c46e407f5a4036954eaa530d561ee8 - - 14e8e277e8f7400296eb2c03cfcd9220 14e8e277e8f7400296eb2c03cfcd9220] 199.204.45.77 "GET /allocations/fa8fad30-5c80-4e56-8a2d-25edde303ba0" status: 200 len: 245 microversion: 1.28 [pid: 8|app: 0|req: 606/1214] 199.204.45.77 () {34 vars in 862 bytes} [Thu Jul 16 01:43:08 2026] GET /allocations/fa8fad30-5c80-4e56-8a2d-25edde303ba0 => generated 245 bytes in 14 msecs (HTTP/1.1 200) 8 headers in 296 bytes (1 switches on core 0)
2026-07-16 01:43:09.398 7 INFO placement.requestlog [None req-068d779b-3992-44ed-bb1f-e7454f3e0964 - - - - - -] 10.0.0.50 "GET /" status: 200 len: 136 microversion: 1.0
2026-07-16 01:43:09.398 8 INFO placement.requestlog [None req-c59fdc00-d6d5-42ac-a2ff-cdae99b11d87 - - - - - -] 10.0.0.50 "GET /" status: 200 len: 136 microversion: 1.0
2026-07-16 01:43:09.592 7 INFO placement.requestlog [req-83e48a98-6336-47d1-80a7-51e04aee6731 req-79ad9106-08f6-4f48-a99d-3469b17e36b1 b5c39c20f67c4acfb6cb48026a2c7e10 47c46e407f5a4036954eaa530d561ee8 - - 14e8e277e8f7400296eb2c03cfcd9220 14e8e277e8f7400296eb2c03cfcd9220] 199.204.45.77 "GET /resource_providers/c47c0117-601f-488e-84a8-e9b71c95fd60/allocations" status: 200 len: 340 microversion: 1.0 [pid: 7|app: 0|req: 610/1217] 199.204.45.77 () {32 vars in 856 bytes} [Thu Jul 16 01:43:09 2026] GET /resource_providers/c47c0117-601f-488e-84a8-e9b71c95fd60/allocations => generated 340 bytes in 17 msecs (HTTP/1.1 200) 6 headers in 224 bytes (1 switches on core 0)
2026-07-16 01:43:09.614 8 INFO placement.requestlog [req-83e48a98-6336-47d1-80a7-51e04aee6731 req-047637d6-79a7-4689-8606-004e480396a6 b5c39c20f67c4acfb6cb48026a2c7e10 47c46e407f5a4036954eaa530d561ee8 - - 14e8e277e8f7400296eb2c03cfcd9220 14e8e277e8f7400296eb2c03cfcd9220] 199.204.45.77 "GET /allocations/c6cbf616-4cbe-41b2-8860-100fc6f22046" status: 200 len: 258 microversion: 1.28 [pid: 8|app: 0|req: 608/1218] 199.204.45.77 () {34 vars in 862 bytes} [Thu Jul 16 01:43:09 2026] GET /allocations/c6cbf616-4cbe-41b2-8860-100fc6f22046 => generated 258 bytes in 14 msecs (HTTP/1.1 200) 8 headers in 296 bytes (1 switches on core 0)
2026-07-16 01:43:09.630 7 INFO placement.requestlog [req-83e48a98-6336-47d1-80a7-51e04aee6731 req-2d2170ce-cf82-4aca-996f-16bd33a03d90 b5c39c20f67c4acfb6cb48026a2c7e10 47c46e407f5a4036954eaa530d561ee8 - - 14e8e277e8f7400296eb2c03cfcd9220 14e8e277e8f7400296eb2c03cfcd9220] 199.204.45.77 "GET /allocations/fa8fad30-5c80-4e56-8a2d-25edde303ba0" status: 200 len: 245 microversion: 1.28 [pid: 7|app: 0|req: 611/1219] 199.204.45.77 () {34 vars in 862 bytes} [Thu Jul 16 01:43:09 2026] GET /allocations/fa8fad30-5c80-4e56-8a2d-25edde303ba0 => generated 245 bytes in 11 msecs (HTTP/1.1 200) 8 headers in 296 bytes (1 switches on core 0)
2026-07-16 01:43:09.653 8 INFO placement.requestlog [req-83e48a98-6336-47d1-80a7-51e04aee6731 req-7ffc8bb1-35fa-459b-8ad1-180c8961cfeb b5c39c20f67c4acfb6cb48026a2c7e10 47c46e407f5a4036954eaa530d561ee8 - - 14e8e277e8f7400296eb2c03cfcd9220 14e8e277e8f7400296eb2c03cfcd9220] 199.204.45.77 "GET /allocations/37d0555f-429c-4b80-96e0-9b707acca302" status: 200 len: 258 microversion: 1.28 [pid: 8|app: 0|req: 609/1220] 199.204.45.77 () {34 vars in 862 bytes} [Thu Jul 16 01:43:09 2026] GET /allocations/37d0555f-429c-4b80-96e0-9b707acca302 => generated 258 bytes in 14 msecs (HTTP/1.1 200) 8 headers in 296 bytes (1 switches on core 0)
2026-07-16 01:43:14.437 7 INFO placement.requestlog [None req-9a3f1cfb-d072-43de-9a7c-51a1887b9775 9877f88ca9484055b94afa90e76ed52f 47c46e407f5a4036954eaa530d561ee8 - - 14e8e277e8f7400296eb2c03cfcd9220 14e8e277e8f7400296eb2c03cfcd9220] 10.0.0.91 "GET /resource_providers/f7e00962-b890-4e35-bb87-9688eac3a1fe/aggregates" status: 404 len: 235 microversion: 1.1 [pid: 7|app: 0|req: 612/1221] 10.0.0.91 () {32 vars in 815 bytes} [Thu Jul 16 01:43:14 2026] GET /resource_providers/f7e00962-b890-4e35-bb87-9688eac3a1fe/aggregates => generated 235 bytes in 43 msecs (HTTP/1.1 404) 5 headers in 202 bytes (1 switches on core 0)
2026-07-16 01:43:14.449 8 INFO placement.requestlog [None req-416bc24a-f27c-46f4-976f-7b1c9e9be3a0 9877f88ca9484055b94afa90e76ed52f 47c46e407f5a4036954eaa530d561ee8 - - 14e8e277e8f7400296eb2c03cfcd9220 14e8e277e8f7400296eb2c03cfcd9220] 10.0.0.91 "GET /resource_providers/f7e00962-b890-4e35-bb87-9688eac3a1fe/aggregates" status: 404 len: 235 microversion: 1.1 [pid: 8|app: 0|req: 610/1222] 10.0.0.91 () {32 vars in 815 bytes} [Thu Jul 16 01:43:14 2026] GET /resource_providers/f7e00962-b890-4e35-bb87-9688eac3a1fe/aggregates => generated 235 bytes in 55 msecs (HTTP/1.1 404) 5 headers in 202 bytes (1 switches on core 0)
2026-07-16 01:43:14.454 7 INFO placement.requestlog [None req-229be124-5dc9-4699-918d-ef87a430037b 9877f88ca9484055b94afa90e76ed52f 47c46e407f5a4036954eaa530d561ee8 - - 14e8e277e8f7400296eb2c03cfcd9220 14e8e277e8f7400296eb2c03cfcd9220] 10.0.0.91 "DELETE /resource_providers/f7e00962-b890-4e35-bb87-9688eac3a1fe" status: 404 len: 246 microversion: 1.1 [pid: 7|app: 0|req: 613/1223] 10.0.0.91 () {34 vars in 815 bytes} [Thu Jul 16 01:43:14 2026] DELETE /resource_providers/f7e00962-b890-4e35-bb87-9688eac3a1fe => generated 246 bytes in 8 msecs (HTTP/1.1 404) 6 headers in 231 bytes (1 switches on core 0)
2026-07-16 01:43:14.463 8 INFO placement.requestlog [None req-5212a8e2-39d9-4b25-9d94-06df95e42d05 9877f88ca9484055b94afa90e76ed52f 47c46e407f5a4036954eaa530d561ee8 - - 14e8e277e8f7400296eb2c03cfcd9220 14e8e277e8f7400296eb2c03cfcd9220] 10.0.0.91 "DELETE /resource_providers/f7e00962-b890-4e35-bb87-9688eac3a1fe" status: 404 len: 246 microversion: 1.1 [pid: 8|app: 0|req: 611/1224] 10.0.0.91 () {34 vars in 815 bytes} [Thu Jul 16 01:43:14 2026] DELETE /resource_providers/f7e00962-b890-4e35-bb87-9688eac3a1fe => generated 246 bytes in 7 msecs (HTTP/1.1 404) 6 headers in 231 bytes (1 switches on core 0)
2026-07-16 01:43:19.398 7 INFO placement.requestlog [None req-470434af-e93d-476c-a3bd-55d9aad98349 - - - - - -] 10.0.0.50 "GET /" status: 200 len: 136 microversion: 1.0
2026-07-16 01:43:19.399 8 INFO placement.requestlog [None req-8cd63422-0e7f-470d-91c8-ebbf5bb7a098 - - - - - -] 10.0.0.50 "GET /" status: 200 len: 136 microversion: 1.0
2026-07-16 01:43:28.216 7 INFO placement.requestlog [req-e38b6f2b-7031-4ce1-9582-cabe0c1e7820 req-42dd114b-868d-406c-a3c9-5741fe20c133 b5c39c20f67c4acfb6cb48026a2c7e10 47c46e407f5a4036954eaa530d561ee8 - - 14e8e277e8f7400296eb2c03cfcd9220 14e8e277e8f7400296eb2c03cfcd9220] 199.204.45.77 "GET /resource_providers/c47c0117-601f-488e-84a8-e9b71c95fd60/allocations" status: 200 len: 340 microversion: 1.0 [pid: 7|app: 0|req: 615/1227] 199.204.45.77 () {32 vars in 856 bytes} [Thu Jul 16 01:43:28 2026] GET /resource_providers/c47c0117-601f-488e-84a8-e9b71c95fd60/allocations => generated 340 bytes in 16 msecs (HTTP/1.1 200) 6 headers in 224 bytes (1 switches on core 0)
2026-07-16 01:43:28.242 8 INFO placement.requestlog [req-e38b6f2b-7031-4ce1-9582-cabe0c1e7820 req-00d45a8c-8846-4964-ac96-57e2747f9864 b5c39c20f67c4acfb6cb48026a2c7e10 47c46e407f5a4036954eaa530d561ee8 - - 14e8e277e8f7400296eb2c03cfcd9220 14e8e277e8f7400296eb2c03cfcd9220] 199.204.45.77 "GET /resource_providers/c47c0117-601f-488e-84a8-e9b71c95fd60/allocations" status: 200 len: 340 microversion: 1.0 [pid: 8|app: 0|req: 613/1228] 199.204.45.77 () {32 vars in 856 bytes} [Thu Jul 16 01:43:28 2026] GET /resource_providers/c47c0117-601f-488e-84a8-e9b71c95fd60/allocations => generated 340 bytes in 19 msecs (HTTP/1.1 200) 6 headers in 224 bytes (1 switches on core 0)
2026-07-16 01:43:28.259 7 INFO placement.requestlog [req-e38b6f2b-7031-4ce1-9582-cabe0c1e7820 req-de7c76c5-cee0-48e2-88aa-0a91124e1cca b5c39c20f67c4acfb6cb48026a2c7e10 47c46e407f5a4036954eaa530d561ee8 - - 14e8e277e8f7400296eb2c03cfcd9220 14e8e277e8f7400296eb2c03cfcd9220] 199.204.45.77 "GET /allocations/c6cbf616-4cbe-41b2-8860-100fc6f22046" status: 200 len: 258 microversion: 1.28 [pid: 7|app: 0|req: 616/1229] 199.204.45.77 () {34 vars in 862 bytes} [Thu Jul 16 01:43:28 2026] GET /allocations/c6cbf616-4cbe-41b2-8860-100fc6f22046 => generated 258 bytes in 11 msecs (HTTP/1.1 200) 8 headers in 296 bytes (1 switches on core 0)
2026-07-16 01:43:28.274 8 INFO placement.requestlog [req-e38b6f2b-7031-4ce1-9582-cabe0c1e7820 req-afb7a592-0e2e-4e3b-b6b5-bfe986d1a5bf b5c39c20f67c4acfb6cb48026a2c7e10 47c46e407f5a4036954eaa530d561ee8 - - 14e8e277e8f7400296eb2c03cfcd9220 14e8e277e8f7400296eb2c03cfcd9220] 199.204.45.77 "GET /allocations/fa8fad30-5c80-4e56-8a2d-25edde303ba0" status: 200 len: 245 microversion: 1.28 [pid: 8|app: 0|req: 614/1230] 199.204.45.77 () {34 vars in 862 bytes} [Thu Jul 16 01:43:28 2026] GET /allocations/fa8fad30-5c80-4e56-8a2d-25edde303ba0 => generated 245 bytes in 9 msecs (HTTP/1.1 200) 8 headers in 296 bytes (1 switches on core 0)
2026-07-16 01:43:28.289 7 INFO placement.requestlog [req-e38b6f2b-7031-4ce1-9582-cabe0c1e7820 req-5f1cf8aa-e547-4edf-8368-ddfbde00fe52 b5c39c20f67c4acfb6cb48026a2c7e10 47c46e407f5a4036954eaa530d561ee8 - - 14e8e277e8f7400296eb2c03cfcd9220 14e8e277e8f7400296eb2c03cfcd9220] 199.204.45.77 "GET /allocations/37d0555f-429c-4b80-96e0-9b707acca302" status: 200 len: 258 microversion: 1.28 [pid: 7|app: 0|req: 617/1231] 199.204.45.77 () {34 vars in 862 bytes} [Thu Jul 16 01:43:28 2026] GET /allocations/37d0555f-429c-4b80-96e0-9b707acca302 => generated 258 bytes in 11 msecs (HTTP/1.1 200) 8 headers in 296 bytes (1 switches on core 0)
2026-07-16 01:43:29.397 8 INFO placement.requestlog [None req-bdf33bc4-be55-48e0-a1c1-463ea3ba9817 - - - - - -] 10.0.0.50 "GET /" status: 200 len: 136 microversion: 1.0
2026-07-16 01:43:29.397 7 INFO placement.requestlog [None req-b22e6e45-2f6f-4052-9576-f080378ace41 - - - - - -] 10.0.0.50 "GET /" status: 200 len: 136 microversion: 1.0
2026-07-16 01:43:39.397 8 INFO placement.requestlog [None req-284d9fda-09bf-4903-9d63-26ca30d351d8 - - - - - -] 10.0.0.50 "GET /" status: 200 len: 136 microversion: 1.0
2026-07-16 01:43:39.397 7 INFO placement.requestlog [None req-538d6d7a-1424-48f8-adfa-a8d50282d7eb - - - - - -] 10.0.0.50 "GET /" status: 200 len: 136 microversion: 1.0
2026-07-16 01:43:49.398 8 INFO placement.requestlog [None req-974b6007-f93f-40de-917d-c9962e25c4a8 - - - - - -] 10.0.0.50 "GET /" status: 200 len: 136 microversion: 1.0
2026-07-16 01:43:49.398 7 INFO placement.requestlog [None req-5959dc5c-f8bd-4229-9dd8-1664f7360294 - - - - - -] 10.0.0.50 "GET /" status: 200 len: 136 microversion: 1.0
2026-07-16 01:43:59.398 8 INFO placement.requestlog [None req-a5825963-154c-4ea9-ae18-4942d2cd4dca - - - - - -] 10.0.0.50 "GET /" status: 200 len: 136 microversion: 1.0
2026-07-16 01:43:59.398 7 INFO placement.requestlog [None req-55258799-7db3-4910-bc28-5c056a13d0dc - - - - - -] 10.0.0.50 "GET /" status: 200 len: 136 microversion: 1.0
2026-07-16 01:44:09.398 8 INFO placement.requestlog [None req-aefd59b5-efae-465f-8505-ecde94e96d8d - - - - - -] 10.0.0.50 "GET /" status: 200 len: 136 microversion: 1.0
2026-07-16 01:44:09.398 7 INFO placement.requestlog [None req-7ea81f02-ac9b-48bd-8831-79b9d32f9961 - - - - - -] 10.0.0.50 "GET /" status: 200 len: 136 microversion: 1.0
2026-07-16 01:44:19.400 8 INFO placement.requestlog [None req-d870e6ed-05f9-4548-98c3-a4a8d3c57575 - - - - - -] 10.0.0.50 "GET /" status: 200 len: 136 microversion: 1.0
2026-07-16 01:44:19.401 7 INFO placement.requestlog [None req-c384574a-40c5-496a-9f13-8918c4345057 - - - - - -] 10.0.0.50 "GET /" status: 200 len: 136 microversion: 1.0
2026-07-16 01:44:29.397 7 INFO placement.requestlog [None req-9695b7d1-f5f8-4c30-bf1a-b70423a8b5f3 - - - - - -] 10.0.0.50 "GET /" status: 200 len: 136 microversion: 1.0
2026-07-16 01:44:29.397 8 INFO placement.requestlog [None req-ce355016-f5f9-4f72-a09e-26d5e6545cb0 - - - - - -] 10.0.0.50 "GET /" status: 200 len: 136 microversion: 1.0
2026-07-16 01:44:29.738 7 INFO placement.requestlog [req-1113c5c7-7453-43d7-a3bb-fd13599e487e req-2907f839-dc2a-4764-b9cf-c61291cd553b b5c39c20f67c4acfb6cb48026a2c7e10 47c46e407f5a4036954eaa530d561ee8 - - 14e8e277e8f7400296eb2c03cfcd9220 14e8e277e8f7400296eb2c03cfcd9220] 199.204.45.77 "GET /resource_providers/c47c0117-601f-488e-84a8-e9b71c95fd60/allocations" status: 200 len: 340 microversion: 1.0 [pid: 7|app: 0|req: 625/1246] 199.204.45.77 () {32 vars in 856 bytes} [Thu Jul 16 01:44:29 2026] GET /resource_providers/c47c0117-601f-488e-84a8-e9b71c95fd60/allocations => generated 340 bytes in 17 msecs (HTTP/1.1 200) 6 headers in 224 bytes (1 switches on core 0)
2026-07-16 01:44:29.766 8 INFO placement.requestlog [req-1113c5c7-7453-43d7-a3bb-fd13599e487e req-0f3ebe61-8689-4370-b340-39c324c4fa87 b5c39c20f67c4acfb6cb48026a2c7e10 47c46e407f5a4036954eaa530d561ee8 - - 14e8e277e8f7400296eb2c03cfcd9220 14e8e277e8f7400296eb2c03cfcd9220] 199.204.45.77 "GET /resource_providers/c47c0117-601f-488e-84a8-e9b71c95fd60/allocations" status: 200 len: 340 microversion: 1.0 [pid: 8|app: 0|req: 622/1247] 199.204.45.77 () {32 vars in 856 bytes} [Thu Jul 16 01:44:29 2026] GET /resource_providers/c47c0117-601f-488e-84a8-e9b71c95fd60/allocations => generated 340 bytes in 22 msecs (HTTP/1.1 200) 6 headers in 224 bytes (1 switches on core 0)
2026-07-16 01:44:29.782 7 INFO placement.requestlog [req-1113c5c7-7453-43d7-a3bb-fd13599e487e req-1e5fc8f1-744a-4341-b5e6-372cde25b791 b5c39c20f67c4acfb6cb48026a2c7e10 47c46e407f5a4036954eaa530d561ee8 - - 14e8e277e8f7400296eb2c03cfcd9220 14e8e277e8f7400296eb2c03cfcd9220] 199.204.45.77 "GET /allocations/c6cbf616-4cbe-41b2-8860-100fc6f22046" status: 200 len: 258 microversion: 1.28 [pid: 7|app: 0|req: 626/1248] 199.204.45.77 () {34 vars in 862 bytes} [Thu Jul 16 01:44:29 2026] GET /allocations/c6cbf616-4cbe-41b2-8860-100fc6f22046 => generated 258 bytes in 9 msecs (HTTP/1.1 200) 8 headers in 296 bytes (1 switches on core 0)
2026-07-16 01:44:29.803 8 INFO placement.requestlog [req-1113c5c7-7453-43d7-a3bb-fd13599e487e req-02fac1c6-49a5-4513-8c93-9a95cc70bab3 b5c39c20f67c4acfb6cb48026a2c7e10 47c46e407f5a4036954eaa530d561ee8 - - 14e8e277e8f7400296eb2c03cfcd9220 14e8e277e8f7400296eb2c03cfcd9220] 199.204.45.77 "GET /allocations/fa8fad30-5c80-4e56-8a2d-25edde303ba0" status: 200 len: 245 microversion: 1.28 [pid: 8|app: 0|req: 623/1249] 199.204.45.77 () {34 vars in 862 bytes} [Thu Jul 16 01:44:29 2026] GET /allocations/fa8fad30-5c80-4e56-8a2d-25edde303ba0 => generated 245 bytes in 15 msecs (HTTP/1.1 200) 8 headers in 296 bytes (1 switches on core 0)
2026-07-16 01:44:29.822 7 INFO placement.requestlog [req-1113c5c7-7453-43d7-a3bb-fd13599e487e req-749c00cb-3ef2-4e5f-924a-15876952ddb6 b5c39c20f67c4acfb6cb48026a2c7e10 47c46e407f5a4036954eaa530d561ee8 - - 14e8e277e8f7400296eb2c03cfcd9220 14e8e277e8f7400296eb2c03cfcd9220] 199.204.45.77 "GET /allocations/37d0555f-429c-4b80-96e0-9b707acca302" status: 200 len: 258 microversion: 1.28 [pid: 7|app: 0|req: 627/1250] 199.204.45.77 () {34 vars in 862 bytes} [Thu Jul 16 01:44:29 2026] GET /allocations/37d0555f-429c-4b80-96e0-9b707acca302 => generated 258 bytes in 12 msecs (HTTP/1.1 200) 8 headers in 296 bytes (1 switches on core 0)
2026-07-16 01:44:39.397 8 INFO placement.requestlog [None req-cb92489a-57f9-4d19-970f-ab836c10584a - - - - - -] 10.0.0.50 "GET /" status: 200 len: 136 microversion: 1.0
2026-07-16 01:44:39.398 7 INFO placement.requestlog [None req-107b955c-09d3-4825-946b-0c58737457c2 - - - - - -] 10.0.0.50 "GET /" status: 200 len: 136 microversion: 1.0
2026-07-16 01:44:49.398 8 INFO placement.requestlog [None req-c53c63fe-dc11-443c-ab08-5a8761005d74 - - - - - -] 10.0.0.50 "GET /" status: 200 len: 136 microversion: 1.0
2026-07-16 01:44:49.399 7 INFO placement.requestlog [None req-0cd9f600-2fd9-4840-9810-19ed1fa6946f - - - - - -] 10.0.0.50 "GET /" status: 200 len: 136 microversion: 1.0
2026-07-16 01:44:59.397 7 INFO placement.requestlog [None req-ac9ee8e3-bab9-4fe1-a6d5-f187f69b75e7 - - - - - -] 10.0.0.50 "GET /" status: 200 len: 136 microversion: 1.0
2026-07-16 01:44:59.397 8 INFO placement.requestlog [None req-853f754a-3bc0-4982-97c6-11f43e993973 - - - - - -] 10.0.0.50 "GET /" status: 200 len: 136 microversion: 1.0
2026-07-16 01:45:09.398 8 INFO placement.requestlog [None req-ec9decd2-3ea0-4bbc-b61f-d5b76fd0ab20 - - - - - -] 10.0.0.50 "GET /" status: 200 len: 136 microversion: 1.0
2026-07-16 01:45:09.398 7 INFO placement.requestlog [None req-6c34a6d1-c214-46d1-9a56-b9584ff5c0ef - - - - - -] 10.0.0.50 "GET /" status: 200 len: 136 microversion: 1.0
2026-07-16 01:45:19.397 8 INFO placement.requestlog [None req-1562b2fd-c2f2-42de-8d22-1b0e085975e7 - - - - - -] 10.0.0.50 "GET /" status: 200 len: 136 microversion: 1.0
2026-07-16 01:45:19.397 7 INFO placement.requestlog [None req-0fe2211b-90ec-490a-a009-bff712c4997c - - - - - -] 10.0.0.50 "GET /" status: 200 len: 136 microversion: 1.0
2026-07-16 01:45:29.397 7 INFO placement.requestlog [None req-b3493f95-eb81-436d-8dce-47281586e8d7 - - - - - -] 10.0.0.50 "GET /" status: 200 len: 136 microversion: 1.0
2026-07-16 01:45:29.397 8 INFO placement.requestlog [None req-c959329f-c433-4ea8-a027-101000aac969 - - - - - -] 10.0.0.50 "GET /" status: 200 len: 136 microversion: 1.0
2026-07-16 01:45:30.120 7 INFO placement.requestlog [req-6d5e416e-237d-4a78-b670-c9768ae1a5b1 req-a2110fa4-26ca-4014-8ed8-694e2cb5d09f b5c39c20f67c4acfb6cb48026a2c7e10 47c46e407f5a4036954eaa530d561ee8 - - 14e8e277e8f7400296eb2c03cfcd9220 14e8e277e8f7400296eb2c03cfcd9220] 199.204.45.77 "GET /resource_providers/c47c0117-601f-488e-84a8-e9b71c95fd60/allocations" status: 200 len: 340 microversion: 1.0 [pid: 7|app: 0|req: 634/1263] 199.204.45.77 () {32 vars in 856 bytes} [Thu Jul 16 01:45:29 2026] GET /resource_providers/c47c0117-601f-488e-84a8-e9b71c95fd60/allocations => generated 340 bytes in 134 msecs (HTTP/1.1 200) 6 headers in 224 bytes (1 switches on core 0)
2026-07-16 01:45:30.151 8 INFO placement.requestlog [req-6d5e416e-237d-4a78-b670-c9768ae1a5b1 req-268fffe2-cbfc-492a-a43c-273f862bdd22 b5c39c20f67c4acfb6cb48026a2c7e10 47c46e407f5a4036954eaa530d561ee8 - - 14e8e277e8f7400296eb2c03cfcd9220 14e8e277e8f7400296eb2c03cfcd9220] 199.204.45.77 "GET /resource_providers?in_tree=c47c0117-601f-488e-84a8-e9b71c95fd60" status: 200 len: 798 microversion: 1.14 [pid: 8|app: 0|req: 630/1264] 199.204.45.77 () {34 vars in 891 bytes} [Thu Jul 16 01:45:30 2026] GET /resource_providers?in_tree=c47c0117-601f-488e-84a8-e9b71c95fd60 => generated 798 bytes in 23 msecs (HTTP/1.1 200) 6 headers in 225 bytes (1 switches on core 0)
2026-07-16 01:45:30.171 7 INFO placement.requestlog [req-6d5e416e-237d-4a78-b670-c9768ae1a5b1 req-1503836c-f276-4f2f-82c1-3c7745e63cd8 b5c39c20f67c4acfb6cb48026a2c7e10 47c46e407f5a4036954eaa530d561ee8 - - 14e8e277e8f7400296eb2c03cfcd9220 14e8e277e8f7400296eb2c03cfcd9220] 199.204.45.77 "GET /resource_providers/c47c0117-601f-488e-84a8-e9b71c95fd60/inventories" status: 200 len: 401 microversion: 1.0 [pid: 7|app: 0|req: 635/1265] 199.204.45.77 () {32 vars in 856 bytes} [Thu Jul 16 01:45:30 2026] GET /resource_providers/c47c0117-601f-488e-84a8-e9b71c95fd60/inventories => generated 401 bytes in 14 msecs (HTTP/1.1 200) 6 headers in 224 bytes (1 switches on core 0)
2026-07-16 01:45:30.189 8 INFO placement.requestlog [req-6d5e416e-237d-4a78-b670-c9768ae1a5b1 req-005a70ca-d635-48dd-b5f6-961ed4a334a4 b5c39c20f67c4acfb6cb48026a2c7e10 47c46e407f5a4036954eaa530d561ee8 - - 14e8e277e8f7400296eb2c03cfcd9220 14e8e277e8f7400296eb2c03cfcd9220] 199.204.45.77 "GET /resource_providers/c47c0117-601f-488e-84a8-e9b71c95fd60/aggregates" status: 200 len: 54 microversion: 1.19 [pid: 8|app: 0|req: 631/1266] 199.204.45.77 () {34 vars in 898 bytes} [Thu Jul 16 01:45:30 2026] GET /resource_providers/c47c0117-601f-488e-84a8-e9b71c95fd60/aggregates => generated 54 bytes in 11 msecs (HTTP/1.1 200) 8 headers in 295 bytes (1 switches on core 0)
2026-07-16 01:45:30.217 7 INFO placement.requestlog [req-6d5e416e-237d-4a78-b670-c9768ae1a5b1 req-32c18c47-aabf-4ba4-88b6-fdce2a70a5dd b5c39c20f67c4acfb6cb48026a2c7e10 47c46e407f5a4036954eaa530d561ee8 - - 14e8e277e8f7400296eb2c03cfcd9220 14e8e277e8f7400296eb2c03cfcd9220] 199.204.45.77 "GET /resource_providers/c47c0117-601f-488e-84a8-e9b71c95fd60/traits" status: 200 len: 1978 microversion: 1.6 [pid: 7|app: 0|req: 636/1267] 199.204.45.77 () {34 vars in 889 bytes} [Thu Jul 16 01:45:30 2026] GET /resource_providers/c47c0117-601f-488e-84a8-e9b71c95fd60/traits => generated 1978 bytes in 24 msecs (HTTP/1.1 200) 6 headers in 225 bytes (1 switches on core 0)
2026-07-16 01:45:30.241 8 INFO placement.requestlog [req-6d5e416e-237d-4a78-b670-c9768ae1a5b1 req-8f43cd53-315b-4d1b-9ee7-48856ea344a2 b5c39c20f67c4acfb6cb48026a2c7e10 47c46e407f5a4036954eaa530d561ee8 - - 14e8e277e8f7400296eb2c03cfcd9220 14e8e277e8f7400296eb2c03cfcd9220] 199.204.45.77 "GET /resource_providers/c47c0117-601f-488e-84a8-e9b71c95fd60/allocations" status: 200 len: 340 microversion: 1.0 [pid: 8|app: 0|req: 632/1268] 199.204.45.77 () {32 vars in 856 bytes} [Thu Jul 16 01:45:30 2026] GET /resource_providers/c47c0117-601f-488e-84a8-e9b71c95fd60/allocations => generated 340 bytes in 16 msecs (HTTP/1.1 200) 6 headers in 224 bytes (1 switches on core 0)
2026-07-16 01:45:30.266 7 INFO placement.requestlog [req-6d5e416e-237d-4a78-b670-c9768ae1a5b1 req-026a7993-fffa-4ff2-bbf1-2e1e6ad8bffc b5c39c20f67c4acfb6cb48026a2c7e10 47c46e407f5a4036954eaa530d561ee8 - - 14e8e277e8f7400296eb2c03cfcd9220 14e8e277e8f7400296eb2c03cfcd9220] 199.204.45.77 "GET /allocations/c6cbf616-4cbe-41b2-8860-100fc6f22046" status: 200 len: 258 microversion: 1.28 [pid: 7|app: 0|req: 637/1269] 199.204.45.77 () {34 vars in 862 bytes} [Thu Jul 16 01:45:30 2026] GET /allocations/c6cbf616-4cbe-41b2-8860-100fc6f22046 => generated 258 bytes in 14 msecs (HTTP/1.1 200) 8 headers in 296 bytes (1 switches on core 0)
2026-07-16 01:45:30.280 8 INFO placement.requestlog [req-6d5e416e-237d-4a78-b670-c9768ae1a5b1 req-ab5e517b-0210-45c8-92c3-c15937aa4d99 b5c39c20f67c4acfb6cb48026a2c7e10 47c46e407f5a4036954eaa530d561ee8 - - 14e8e277e8f7400296eb2c03cfcd9220 14e8e277e8f7400296eb2c03cfcd9220] 199.204.45.77 "GET /allocations/fa8fad30-5c80-4e56-8a2d-25edde303ba0" status: 200 len: 245 microversion: 1.28 [pid: 8|app: 0|req: 633/1270] 199.204.45.77 () {34 vars in 862 bytes} [Thu Jul 16 01:45:30 2026] GET /allocations/fa8fad30-5c80-4e56-8a2d-25edde303ba0 => generated 245 bytes in 10 msecs (HTTP/1.1 200) 8 headers in 296 bytes (1 switches on core 0)
2026-07-16 01:45:30.299 7 INFO placement.requestlog [req-6d5e416e-237d-4a78-b670-c9768ae1a5b1 req-2d861662-e4e2-4d74-af69-bb053d5f2d7e b5c39c20f67c4acfb6cb48026a2c7e10 47c46e407f5a4036954eaa530d561ee8 - - 14e8e277e8f7400296eb2c03cfcd9220 14e8e277e8f7400296eb2c03cfcd9220] 199.204.45.77 "GET /allocations/37d0555f-429c-4b80-96e0-9b707acca302" status: 200 len: 258 microversion: 1.28 [pid: 7|app: 0|req: 638/1271] 199.204.45.77 () {34 vars in 862 bytes} [Thu Jul 16 01:45:30 2026] GET /allocations/37d0555f-429c-4b80-96e0-9b707acca302 => generated 258 bytes in 12 msecs (HTTP/1.1 200) 8 headers in 296 bytes (1 switches on core 0)
2026-07-16 01:45:39.398 7 INFO placement.requestlog [None req-b994624f-339e-4e90-8fdc-e811b668092a - - - - - -] 10.0.0.50 "GET /" status: 200 len: 136 microversion: 1.0
2026-07-16 01:45:39.398 8 INFO placement.requestlog [None req-98ef06ae-5bb4-4099-9a4b-5234525f4a26 - - - - - -] 10.0.0.50 "GET /" status: 200 len: 136 microversion: 1.0
2026-07-16 01:45:49.397 8 INFO placement.requestlog [None req-5d885c33-bc41-4c8a-b531-0c3ebc521acb - - - - - -] 10.0.0.50 "GET /" status: 200 len: 136 microversion: 1.0
2026-07-16 01:45:49.398 7 INFO placement.requestlog [None req-e0614a28-344f-4e40-a0e7-615dd2cd88f4 - - - - - -] 10.0.0.50 "GET /" status: 200 len: 136 microversion: 1.0
2026-07-16 01:45:57.225 8 INFO placement.requestlog [req-32a965ca-03c9-4169-9759-5a17434752e8 req-00cfe08c-03b4-44ad-8f18-07e21b4fad27 b5c39c20f67c4acfb6cb48026a2c7e10 47c46e407f5a4036954eaa530d561ee8 - - 14e8e277e8f7400296eb2c03cfcd9220 14e8e277e8f7400296eb2c03cfcd9220] 199.204.45.77 "GET /resource_providers/c47c0117-601f-488e-84a8-e9b71c95fd60/allocations" status: 200 len: 340 microversion: 1.0 [pid: 8|app: 0|req: 636/1276] 199.204.45.77 () {32 vars in 856 bytes} [Thu Jul 16 01:45:57 2026] GET /resource_providers/c47c0117-601f-488e-84a8-e9b71c95fd60/allocations => generated 340 bytes in 15 msecs (HTTP/1.1 200) 6 headers in 224 bytes (1 switches on core 0)
2026-07-16 01:45:57.248 7 INFO placement.requestlog [req-32a965ca-03c9-4169-9759-5a17434752e8 req-28d1c722-afe8-46e8-8fe3-5976000fc236 b5c39c20f67c4acfb6cb48026a2c7e10 47c46e407f5a4036954eaa530d561ee8 - - 14e8e277e8f7400296eb2c03cfcd9220 14e8e277e8f7400296eb2c03cfcd9220] 199.204.45.77 "GET /allocations/c6cbf616-4cbe-41b2-8860-100fc6f22046" status: 200 len: 258 microversion: 1.28 [pid: 7|app: 0|req: 641/1277] 199.204.45.77 () {34 vars in 862 bytes} [Thu Jul 16 01:45:57 2026] GET /allocations/c6cbf616-4cbe-41b2-8860-100fc6f22046 => generated 258 bytes in 17 msecs (HTTP/1.1 200) 8 headers in 296 bytes (1 switches on core 0)
2026-07-16 01:45:57.271 8 INFO placement.requestlog [req-32a965ca-03c9-4169-9759-5a17434752e8 req-4cec14fe-2f0c-46e3-aa1a-6932f66eb8b0 b5c39c20f67c4acfb6cb48026a2c7e10 47c46e407f5a4036954eaa530d561ee8 - - 14e8e277e8f7400296eb2c03cfcd9220 14e8e277e8f7400296eb2c03cfcd9220] 199.204.45.77 "GET /allocations/fa8fad30-5c80-4e56-8a2d-25edde303ba0" status: 200 len: 245 microversion: 1.28 [pid: 8|app: 0|req: 637/1278] 199.204.45.77 () {34 vars in 862 bytes} [Thu Jul 16 01:45:57 2026] GET /allocations/fa8fad30-5c80-4e56-8a2d-25edde303ba0 => generated 245 bytes in 12 msecs (HTTP/1.1 200) 8 headers in 296 bytes (1 switches on core 0)
2026-07-16 01:45:57.296 7 INFO placement.requestlog [req-32a965ca-03c9-4169-9759-5a17434752e8 req-74c51635-5454-49cc-bbad-4c3107112fbb b5c39c20f67c4acfb6cb48026a2c7e10 47c46e407f5a4036954eaa530d561ee8 - - 14e8e277e8f7400296eb2c03cfcd9220 14e8e277e8f7400296eb2c03cfcd9220] 199.204.45.77 "GET /allocations/37d0555f-429c-4b80-96e0-9b707acca302" status: 200 len: 258 microversion: 1.28 [pid: 7|app: 0|req: 642/1279] 199.204.45.77 () {34 vars in 862 bytes} [Thu Jul 16 01:45:57 2026] GET /allocations/37d0555f-429c-4b80-96e0-9b707acca302 => generated 258 bytes in 18 msecs (HTTP/1.1 200) 8 headers in 296 bytes (1 switches on core 0)
2026-07-16 01:45:58.341 8 INFO placement.requestlog [req-32a965ca-03c9-4169-9759-5a17434752e8 req-84c21233-32b4-4d79-bcb7-3a88bae29c00 b5c39c20f67c4acfb6cb48026a2c7e10 47c46e407f5a4036954eaa530d561ee8 - - 14e8e277e8f7400296eb2c03cfcd9220 14e8e277e8f7400296eb2c03cfcd9220] 199.204.45.77 "DELETE /allocations/fa8fad30-5c80-4e56-8a2d-25edde303ba0" status: 204 len: 0 microversion: 1.0 [pid: 8|app: 0|req: 638/1280] 199.204.45.77 () {34 vars in 840 bytes} [Thu Jul 16 01:45:58 2026] DELETE /allocations/fa8fad30-5c80-4e56-8a2d-25edde303ba0 => generated 0 bytes in 24 msecs (HTTP/1.1 204) 5 headers in 198 bytes (1 switches on core 0)
2026-07-16 01:45:59.397 7 INFO placement.requestlog [None req-cdf3338a-da5b-4dbe-83a2-d0ff837f12d2 - - - - - -] 10.0.0.50 "GET /" status: 200 len: 136 microversion: 1.0
2026-07-16 01:45:59.398 8 INFO placement.requestlog [None req-adc30468-a2f6-4bbb-b297-d8d0d3125dec - - - - - -] 10.0.0.50 "GET /" status: 200 len: 136 microversion: 1.0
2026-07-16 01:46:01.432 7 INFO placement.requestlog [req-72980ccc-d45f-430b-9b3a-0f75f5d96e40 req-70fe1af5-a59b-4a55-a1a3-69316b12423c b5c39c20f67c4acfb6cb48026a2c7e10 47c46e407f5a4036954eaa530d561ee8 - - 14e8e277e8f7400296eb2c03cfcd9220 14e8e277e8f7400296eb2c03cfcd9220] 199.204.45.77 "GET /resource_providers/c47c0117-601f-488e-84a8-e9b71c95fd60/allocations" status: 200 len: 253 microversion: 1.0 [pid: 7|app: 0|req: 644/1283] 199.204.45.77 () {32 vars in 856 bytes} [Thu Jul 16 01:46:01 2026] GET /resource_providers/c47c0117-601f-488e-84a8-e9b71c95fd60/allocations => generated 253 bytes in 15 msecs (HTTP/1.1 200) 6 headers in 224 bytes (1 switches on core 0)
2026-07-16 01:46:01.452 8 INFO placement.requestlog [req-72980ccc-d45f-430b-9b3a-0f75f5d96e40 req-95bd37ee-c87a-4060-89c5-c1ab6eacb7d7 b5c39c20f67c4acfb6cb48026a2c7e10 47c46e407f5a4036954eaa530d561ee8 - - 14e8e277e8f7400296eb2c03cfcd9220 14e8e277e8f7400296eb2c03cfcd9220] 199.204.45.77 "GET /allocations/c6cbf616-4cbe-41b2-8860-100fc6f22046" status: 200 len: 258 microversion: 1.28 [pid: 8|app: 0|req: 640/1284] 199.204.45.77 () {34 vars in 862 bytes} [Thu Jul 16 01:46:01 2026] GET /allocations/c6cbf616-4cbe-41b2-8860-100fc6f22046 => generated 258 bytes in 13 msecs (HTTP/1.1 200) 8 headers in 296 bytes (1 switches on core 0)
2026-07-16 01:46:01.475 7 INFO placement.requestlog [req-72980ccc-d45f-430b-9b3a-0f75f5d96e40 req-4c99ef5a-1ef6-4a0d-b99e-49b68af2e5d1 b5c39c20f67c4acfb6cb48026a2c7e10 47c46e407f5a4036954eaa530d561ee8 - - 14e8e277e8f7400296eb2c03cfcd9220 14e8e277e8f7400296eb2c03cfcd9220] 199.204.45.77 "GET /allocations/37d0555f-429c-4b80-96e0-9b707acca302" status: 200 len: 258 microversion: 1.28 [pid: 7|app: 0|req: 645/1285] 199.204.45.77 () {34 vars in 862 bytes} [Thu Jul 16 01:46:01 2026] GET /allocations/37d0555f-429c-4b80-96e0-9b707acca302 => generated 258 bytes in 15 msecs (HTTP/1.1 200) 8 headers in 296 bytes (1 switches on core 0)
2026-07-16 01:46:02.534 8 INFO placement.requestlog [req-72980ccc-d45f-430b-9b3a-0f75f5d96e40 req-3e6e7e39-e6e4-4d5e-b0c6-9b380cf07ee6 b5c39c20f67c4acfb6cb48026a2c7e10 47c46e407f5a4036954eaa530d561ee8 - - 14e8e277e8f7400296eb2c03cfcd9220 14e8e277e8f7400296eb2c03cfcd9220] 199.204.45.77 "DELETE /allocations/37d0555f-429c-4b80-96e0-9b707acca302" status: 204 len: 0 microversion: 1.0 [pid: 8|app: 0|req: 641/1286] 199.204.45.77 () {34 vars in 840 bytes} [Thu Jul 16 01:46:02 2026] DELETE /allocations/37d0555f-429c-4b80-96e0-9b707acca302 => generated 0 bytes in 25 msecs (HTTP/1.1 204) 5 headers in 198 bytes (1 switches on core 0)
2026-07-16 01:46:09.398 7 INFO placement.requestlog [None req-e971f896-c3db-471c-a9d5-568194d07fa8 - - - - - -] 10.0.0.50 "GET /" status: 200 len: 136 microversion: 1.0
2026-07-16 01:46:09.399 8 INFO placement.requestlog [None req-4bb7ff26-9d22-4f1f-857e-5fc8d88f1850 - - - - - -] 10.0.0.50 "GET /" status: 200 len: 136 microversion: 1.0
2026-07-16 01:46:12.526 7 INFO placement.requestlog [req-317a76f8-a647-4ec7-9701-37de9280bddf req-c80dc03b-53e0-4cff-a36c-7b50ccfed71b b5c39c20f67c4acfb6cb48026a2c7e10 47c46e407f5a4036954eaa530d561ee8 - - 14e8e277e8f7400296eb2c03cfcd9220 14e8e277e8f7400296eb2c03cfcd9220] 199.204.45.77 "GET /resource_providers/c47c0117-601f-488e-84a8-e9b71c95fd60/allocations" status: 200 len: 153 microversion: 1.0 [pid: 7|app: 0|req: 647/1289] 199.204.45.77 () {32 vars in 856 bytes} [Thu Jul 16 01:46:12 2026] GET /resource_providers/c47c0117-601f-488e-84a8-e9b71c95fd60/allocations => generated 153 bytes in 15 msecs (HTTP/1.1 200) 6 headers in 224 bytes (1 switches on core 0)
2026-07-16 01:46:12.547 8 INFO placement.requestlog [req-317a76f8-a647-4ec7-9701-37de9280bddf req-2c72cda2-9cbc-48c6-b684-1564cd299c12 b5c39c20f67c4acfb6cb48026a2c7e10 47c46e407f5a4036954eaa530d561ee8 - - 14e8e277e8f7400296eb2c03cfcd9220 14e8e277e8f7400296eb2c03cfcd9220] 199.204.45.77 "GET /allocations/c6cbf616-4cbe-41b2-8860-100fc6f22046" status: 200 len: 258 microversion: 1.28 [pid: 8|app: 0|req: 643/1290] 199.204.45.77 () {34 vars in 862 bytes} [Thu Jul 16 01:46:12 2026] GET /allocations/c6cbf616-4cbe-41b2-8860-100fc6f22046 => generated 258 bytes in 14 msecs (HTTP/1.1 200) 8 headers in 296 bytes (1 switches on core 0)
2026-07-16 01:46:13.594 7 INFO placement.requestlog [req-317a76f8-a647-4ec7-9701-37de9280bddf req-052f1f81-8d4a-4a6c-a290-0de38b8b20fd b5c39c20f67c4acfb6cb48026a2c7e10 47c46e407f5a4036954eaa530d561ee8 - - 14e8e277e8f7400296eb2c03cfcd9220 14e8e277e8f7400296eb2c03cfcd9220] 199.204.45.77 "DELETE /allocations/c6cbf616-4cbe-41b2-8860-100fc6f22046" status: 204 len: 0 microversion: 1.0 [pid: 7|app: 0|req: 648/1291] 199.204.45.77 () {34 vars in 840 bytes} [Thu Jul 16 01:46:13 2026] DELETE /allocations/c6cbf616-4cbe-41b2-8860-100fc6f22046 => generated 0 bytes in 25 msecs (HTTP/1.1 204) 5 headers in 198 bytes (1 switches on core 0)
2026-07-16 01:46:19.397 8 INFO placement.requestlog [None req-22290319-4d2b-4573-b989-a4e672ab34ed - - - - - -] 10.0.0.50 "GET /" status: 200 len: 136 microversion: 1.0
2026-07-16 01:46:19.397 7 INFO placement.requestlog [None req-10213f7c-1006-4589-a4a7-12ed2dae2379 - - - - - -] 10.0.0.50 "GET /" status: 200 len: 136 microversion: 1.0
2026-07-16 01:46:23.536 8 INFO placement.requestlog [None req-d0e00f5f-0277-4255-9af5-fb981a1d53ab 9877f88ca9484055b94afa90e76ed52f 47c46e407f5a4036954eaa530d561ee8 - - 14e8e277e8f7400296eb2c03cfcd9220 14e8e277e8f7400296eb2c03cfcd9220] 10.0.0.91 "GET /resource_providers/fe0be869-74be-4070-8a65-ee28416d5178/aggregates" status: 404 len: 235 microversion: 1.1 [pid: 8|app: 0|req: 645/1294] 10.0.0.91 () {32 vars in 815 bytes} [Thu Jul 16 01:46:23 2026] GET /resource_providers/fe0be869-74be-4070-8a65-ee28416d5178/aggregates => generated 235 bytes in 46 msecs (HTTP/1.1 404) 5 headers in 202 bytes (1 switches on core 0)
2026-07-16 01:46:23.538 7 INFO placement.requestlog [None req-b3747b90-5041-49ae-9eb4-050336ee307f 9877f88ca9484055b94afa90e76ed52f 47c46e407f5a4036954eaa530d561ee8 - - 14e8e277e8f7400296eb2c03cfcd9220 14e8e277e8f7400296eb2c03cfcd9220] 10.0.0.91 "GET /resource_providers/fe0be869-74be-4070-8a65-ee28416d5178/aggregates" status: 404 len: 235 microversion: 1.1 [pid: 7|app: 0|req: 650/1295] 10.0.0.91 () {32 vars in 815 bytes} [Thu Jul 16 01:46:23 2026] GET /resource_providers/fe0be869-74be-4070-8a65-ee28416d5178/aggregates => generated 235 bytes in 42 msecs (HTTP/1.1 404) 5 headers in 202 bytes (1 switches on core 0)
2026-07-16 01:46:23.558 8 INFO placement.requestlog [None req-9e9eedee-e09b-4729-b1ae-427f1d5de908 9877f88ca9484055b94afa90e76ed52f 47c46e407f5a4036954eaa530d561ee8 - - 14e8e277e8f7400296eb2c03cfcd9220 14e8e277e8f7400296eb2c03cfcd9220] 10.0.0.91 "DELETE /resource_providers/fe0be869-74be-4070-8a65-ee28416d5178" status: 404 len: 246 microversion: 1.1
2026-07-16 01:46:23.558 7 INFO placement.requestlog [None req-4f6bcbfe-ee4b-4224-9c46-90686b028705 9877f88ca9484055b94afa90e76ed52f 47c46e407f5a4036954eaa530d561ee8 - - 14e8e277e8f7400296eb2c03cfcd9220 14e8e277e8f7400296eb2c03cfcd9220] 10.0.0.91 "DELETE /resource_providers/fe0be869-74be-4070-8a65-ee28416d5178" status: 404 len: 246 microversion: 1.1 [pid: 7|app: 0|req: 651/1297] 10.0.0.91 () {34 vars in 815 bytes} [Thu Jul 16 01:46:23 2026] DELETE /resource_providers/fe0be869-74be-4070-8a65-ee28416d5178 => generated 246 bytes in 7 msecs (HTTP/1.1 404) 6 headers in 231 bytes (1 switches on core 0) [pid: 8|app: 0|req: 646/1297] 10.0.0.91 () {34 vars in 815 bytes} [Thu Jul 16 01:46:23 2026] DELETE /resource_providers/fe0be869-74be-4070-8a65-ee28416d5178 => generated 246 bytes in 9 msecs (HTTP/1.1 404) 6 headers in 231 bytes (1 switches on core 0)
2026-07-16 01:46:25.583 7 INFO placement.requestlog [None req-52d52cf9-1b6d-4035-a114-e48d5af161d3 9877f88ca9484055b94afa90e76ed52f 47c46e407f5a4036954eaa530d561ee8 - - 14e8e277e8f7400296eb2c03cfcd9220 14e8e277e8f7400296eb2c03cfcd9220] 10.0.0.91 "GET /resource_providers/fa71a23d-22ef-47be-aaf3-e2709dbb1a7b/aggregates" status: 404 len: 235 microversion: 1.1 [pid: 7|app: 0|req: 652/1298] 10.0.0.91 () {32 vars in 815 bytes} [Thu Jul 16 01:46:25 2026] GET /resource_providers/fa71a23d-22ef-47be-aaf3-e2709dbb1a7b/aggregates => generated 235 bytes in 10 msecs (HTTP/1.1 404) 5 headers in 202 bytes (1 switches on core 0)
2026-07-16 01:46:25.592 8 INFO placement.requestlog [None req-7ea997cd-24f7-4404-8646-89ccefad5b90 9877f88ca9484055b94afa90e76ed52f 47c46e407f5a4036954eaa530d561ee8 - - 14e8e277e8f7400296eb2c03cfcd9220 14e8e277e8f7400296eb2c03cfcd9220] 10.0.0.91 "GET /resource_providers/fa71a23d-22ef-47be-aaf3-e2709dbb1a7b/aggregates" status: 404 len: 235 microversion: 1.1 [pid: 8|app: 0|req: 647/1299] 10.0.0.91 () {32 vars in 815 bytes} [Thu Jul 16 01:46:25 2026] GET /resource_providers/fa71a23d-22ef-47be-aaf3-e2709dbb1a7b/aggregates => generated 235 bytes in 15 msecs (HTTP/1.1 404) 5 headers in 202 bytes (1 switches on core 0)
2026-07-16 01:46:25.601 7 INFO placement.requestlog [None req-66ef05b6-25f8-45e0-bf01-3785719e47e0 9877f88ca9484055b94afa90e76ed52f 47c46e407f5a4036954eaa530d561ee8 - - 14e8e277e8f7400296eb2c03cfcd9220 14e8e277e8f7400296eb2c03cfcd9220] 10.0.0.91 "DELETE /resource_providers/fa71a23d-22ef-47be-aaf3-e2709dbb1a7b" status: 404 len: 246 microversion: 1.1 [pid: 7|app: 0|req: 653/1300] 10.0.0.91 () {34 vars in 815 bytes} [Thu Jul 16 01:46:25 2026] DELETE /resource_providers/fa71a23d-22ef-47be-aaf3-e2709dbb1a7b => generated 246 bytes in 12 msecs (HTTP/1.1 404) 6 headers in 231 bytes (1 switches on core 0)
2026-07-16 01:46:25.616 7 INFO placement.requestlog [None req-5999bc8c-09ef-4a0a-9d65-b98eb1b0c1f8 9877f88ca9484055b94afa90e76ed52f 47c46e407f5a4036954eaa530d561ee8 - - 14e8e277e8f7400296eb2c03cfcd9220 14e8e277e8f7400296eb2c03cfcd9220] 10.0.0.91 "GET /resource_providers/278c11bf-dd33-40c5-95e4-2e01dc89d6d5/aggregates" status: 404 len: 235 microversion: 1.1 [pid: 7|app: 0|req: 654/1301] 10.0.0.91 () {32 vars in 815 bytes} [Thu Jul 16 01:46:25 2026] GET /resource_providers/278c11bf-dd33-40c5-95e4-2e01dc89d6d5/aggregates => generated 235 bytes in 9 msecs (HTTP/1.1 404) 5 headers in 202 bytes (1 switches on core 0)
2026-07-16 01:46:25.617 8 INFO placement.requestlog [None req-e7dccfe0-ea27-434b-99a8-9a1a3d97b633 9877f88ca9484055b94afa90e76ed52f 47c46e407f5a4036954eaa530d561ee8 - - 14e8e277e8f7400296eb2c03cfcd9220 14e8e277e8f7400296eb2c03cfcd9220] 10.0.0.91 "DELETE /resource_providers/fa71a23d-22ef-47be-aaf3-e2709dbb1a7b" status: 404 len: 246 microversion: 1.1 [pid: 8|app: 0|req: 648/1302] 10.0.0.91 () {34 vars in 815 bytes} [Thu Jul 16 01:46:25 2026] DELETE /resource_providers/fa71a23d-22ef-47be-aaf3-e2709dbb1a7b => generated 246 bytes in 14 msecs (HTTP/1.1 404) 6 headers in 231 bytes (1 switches on core 0)
2026-07-16 01:46:25.632 7 INFO placement.requestlog [None req-53b6ee1b-a6f5-4491-bf59-aa72847b5486 9877f88ca9484055b94afa90e76ed52f 47c46e407f5a4036954eaa530d561ee8 - - 14e8e277e8f7400296eb2c03cfcd9220 14e8e277e8f7400296eb2c03cfcd9220] 10.0.0.91 "DELETE /resource_providers/278c11bf-dd33-40c5-95e4-2e01dc89d6d5" status: 404 len: 246 microversion: 1.1 [pid: 7|app: 0|req: 655/1303] 10.0.0.91 () {34 vars in 815 bytes} [Thu Jul 16 01:46:25 2026] DELETE /resource_providers/278c11bf-dd33-40c5-95e4-2e01dc89d6d5 => generated 246 bytes in 9 msecs (HTTP/1.1 404) 6 headers in 231 bytes (1 switches on core 0)
2026-07-16 01:46:25.641 8 INFO placement.requestlog [None req-35bc3e2a-4d70-44cc-8cd9-835581685968 9877f88ca9484055b94afa90e76ed52f 47c46e407f5a4036954eaa530d561ee8 - - 14e8e277e8f7400296eb2c03cfcd9220 14e8e277e8f7400296eb2c03cfcd9220] 10.0.0.91 "GET /resource_providers/278c11bf-dd33-40c5-95e4-2e01dc89d6d5/aggregates" status: 404 len: 235 microversion: 1.1 [pid: 8|app: 0|req: 649/1304] 10.0.0.91 () {32 vars in 815 bytes} [Thu Jul 16 01:46:25 2026] GET /resource_providers/278c11bf-dd33-40c5-95e4-2e01dc89d6d5/aggregates => generated 235 bytes in 13 msecs (HTTP/1.1 404) 5 headers in 202 bytes (1 switches on core 0)
2026-07-16 01:46:25.642 7 INFO placement.requestlog [None req-6528ef3a-ebc4-4819-aea9-2e1b4698f387 9877f88ca9484055b94afa90e76ed52f 47c46e407f5a4036954eaa530d561ee8 - - 14e8e277e8f7400296eb2c03cfcd9220 14e8e277e8f7400296eb2c03cfcd9220] 10.0.0.91 "GET /resource_providers/240707c8-dbe7-4bdf-a66c-d8d550661677/aggregates" status: 404 len: 235 microversion: 1.1 [pid: 7|app: 0|req: 656/1305] 10.0.0.91 () {32 vars in 815 bytes} [Thu Jul 16 01:46:25 2026] GET /resource_providers/240707c8-dbe7-4bdf-a66c-d8d550661677/aggregates => generated 235 bytes in 5 msecs (HTTP/1.1 404) 5 headers in 202 bytes (1 switches on core 0)
2026-07-16 01:46:25.659 8 INFO placement.requestlog [None req-136f1d02-b82d-4c08-8b35-0d5363d10026 9877f88ca9484055b94afa90e76ed52f 47c46e407f5a4036954eaa530d561ee8 - - 14e8e277e8f7400296eb2c03cfcd9220 14e8e277e8f7400296eb2c03cfcd9220] 10.0.0.91 "DELETE /resource_providers/240707c8-dbe7-4bdf-a66c-d8d550661677" status: 404 len: 246 microversion: 1.1 [pid: 8|app: 0|req: 650/1306] 10.0.0.91 () {34 vars in 815 bytes} [Thu Jul 16 01:46:25 2026] DELETE /resource_providers/240707c8-dbe7-4bdf-a66c-d8d550661677 => generated 246 bytes in 9 msecs (HTTP/1.1 404) 6 headers in 231 bytes (1 switches on core 0)
2026-07-16 01:46:25.667 7 INFO placement.requestlog [None req-19847b54-95c9-4474-a8fc-794c91ee4b30 9877f88ca9484055b94afa90e76ed52f 47c46e407f5a4036954eaa530d561ee8 - - 14e8e277e8f7400296eb2c03cfcd9220 14e8e277e8f7400296eb2c03cfcd9220] 10.0.0.91 "DELETE /resource_providers/278c11bf-dd33-40c5-95e4-2e01dc89d6d5" status: 404 len: 246 microversion: 1.1 [pid: 7|app: 0|req: 657/1307] 10.0.0.91 () {34 vars in 815 bytes} [Thu Jul 16 01:46:25 2026] DELETE /resource_providers/278c11bf-dd33-40c5-95e4-2e01dc89d6d5 => generated 246 bytes in 15 msecs (HTTP/1.1 404) 6 headers in 231 bytes (1 switches on core 0)
2026-07-16 01:46:25.683 8 INFO placement.requestlog [None req-931f69a6-aef5-4e44-b0ac-b8a20778e63c 9877f88ca9484055b94afa90e76ed52f 47c46e407f5a4036954eaa530d561ee8 - - 14e8e277e8f7400296eb2c03cfcd9220 14e8e277e8f7400296eb2c03cfcd9220] 10.0.0.91 "GET /resource_providers/240707c8-dbe7-4bdf-a66c-d8d550661677/aggregates" status: 404 len: 235 microversion: 1.1 [pid: 8|app: 0|req: 651/1308] 10.0.0.91 () {32 vars in 815 bytes} [Thu Jul 16 01:46:25 2026] GET /resource_providers/240707c8-dbe7-4bdf-a66c-d8d550661677/aggregates => generated 235 bytes in 8 msecs (HTTP/1.1 404) 5 headers in 202 bytes (1 switches on core 0)
2026-07-16 01:46:25.698 7 INFO placement.requestlog [None req-6969e5d1-f830-4b78-bd82-b64c278fa80a 9877f88ca9484055b94afa90e76ed52f 47c46e407f5a4036954eaa530d561ee8 - - 14e8e277e8f7400296eb2c03cfcd9220 14e8e277e8f7400296eb2c03cfcd9220] 10.0.0.91 "DELETE /resource_providers/240707c8-dbe7-4bdf-a66c-d8d550661677" status: 404 len: 246 microversion: 1.1 [pid: 7|app: 0|req: 658/1309] 10.0.0.91 () {34 vars in 815 bytes} [Thu Jul 16 01:46:25 2026] DELETE /resource_providers/240707c8-dbe7-4bdf-a66c-d8d550661677 => generated 246 bytes in 9 msecs (HTTP/1.1 404) 6 headers in 231 bytes (1 switches on core 0)
2026-07-16 01:46:27.884 8 INFO placement.requestlog [req-ab1c84eb-60da-4e11-96d0-518588ddc052 req-a87434a2-af1d-4b35-acc7-80e9bb45f96f b5c39c20f67c4acfb6cb48026a2c7e10 47c46e407f5a4036954eaa530d561ee8 - - 14e8e277e8f7400296eb2c03cfcd9220 14e8e277e8f7400296eb2c03cfcd9220] 199.204.45.77 "GET /resource_providers/c47c0117-601f-488e-84a8-e9b71c95fd60/allocations" status: 200 len: 55 microversion: 1.0 [pid: 8|app: 0|req: 652/1310] 199.204.45.77 () {32 vars in 856 bytes} [Thu Jul 16 01:46:27 2026] GET /resource_providers/c47c0117-601f-488e-84a8-e9b71c95fd60/allocations => generated 55 bytes in 15 msecs (HTTP/1.1 200) 6 headers in 223 bytes (1 switches on core 0)
2026-07-16 01:46:27.908 7 INFO placement.requestlog [req-ab1c84eb-60da-4e11-96d0-518588ddc052 req-4595b8e2-9e11-4cb9-9bc0-e36a5bb49b7c b5c39c20f67c4acfb6cb48026a2c7e10 47c46e407f5a4036954eaa530d561ee8 - - 14e8e277e8f7400296eb2c03cfcd9220 14e8e277e8f7400296eb2c03cfcd9220] 199.204.45.77 "GET /resource_providers/c47c0117-601f-488e-84a8-e9b71c95fd60/allocations" status: 200 len: 55 microversion: 1.0 [pid: 7|app: 0|req: 659/1311] 199.204.45.77 () {32 vars in 856 bytes} [Thu Jul 16 01:46:27 2026] GET /resource_providers/c47c0117-601f-488e-84a8-e9b71c95fd60/allocations => generated 55 bytes in 18 msecs (HTTP/1.1 200) 6 headers in 223 bytes (1 switches on core 0)
2026-07-16 01:46:29.397 7 INFO placement.requestlog [None req-ac9a2ba1-80c9-411b-a41e-0bb5a85e4011 - - - - - -] 10.0.0.50 "GET /" status: 200 len: 136 microversion: 1.0
2026-07-16 01:46:29.397 8 INFO placement.requestlog [None req-9192a5f6-8f3b-4ab6-8887-4a4719011eaa - - - - - -] 10.0.0.50 "GET /" status: 200 len: 136 microversion: 1.0
2026-07-16 01:46:39.398 7 INFO placement.requestlog [None req-d99a3bc9-6dc3-4370-8e1e-1429800aeb6e - - - - - -] 10.0.0.50 "GET /" status: 200 len: 136 microversion: 1.0
2026-07-16 01:46:39.398 8 INFO placement.requestlog [None req-110a9cee-b88d-4b30-8c4a-44049096c04e - - - - - -] 10.0.0.50 "GET /" status: 200 len: 136 microversion: 1.0
2026-07-16 01:46:49.398 8 INFO placement.requestlog [None req-5941ff98-dff3-4a5d-877a-54921b9f697b - - - - - -] 10.0.0.50 "GET /" status: 200 len: 136 microversion: 1.0
2026-07-16 01:46:49.399 7 INFO placement.requestlog [None req-339d657a-ec3b-49b0-89da-59fffa66315a - - - - - -] 10.0.0.50 "GET /" status: 200 len: 136 microversion: 1.0
2026-07-16 01:46:59.398 8 INFO placement.requestlog [None req-471a3e33-7b45-4875-8b80-1988d1af20c0 - - - - - -] 10.0.0.50 "GET /" status: 200 len: 136 microversion: 1.0
2026-07-16 01:46:59.398 7 INFO placement.requestlog [None req-3a81fe3f-a164-42c0-a88e-4dca46513b23 - - - - - -] 10.0.0.50 "GET /" status: 200 len: 136 microversion: 1.0
2026-07-16 01:47:09.397 8 INFO placement.requestlog [None req-24e77fdd-62c6-44f8-b12e-2c38b9169caa - - - - - -] 10.0.0.50 "GET /" status: 200 len: 136 microversion: 1.0
2026-07-16 01:47:09.397 7 INFO placement.requestlog [None req-6cd8fb89-252b-45e9-88d1-8122e916823b - - - - - -] 10.0.0.50 "GET /" status: 200 len: 136 microversion: 1.0
2026-07-16 01:47:19.397 7 INFO placement.requestlog [None req-b6f5d065-01cf-4492-8dae-2032aa17f9b1 - - - - - -] 10.0.0.50 "GET /" status: 200 len: 136 microversion: 1.0
2026-07-16 01:47:19.397 8 INFO placement.requestlog [None req-a2e8a1d3-08d2-458d-b9b8-9333f2bc8b91 - - - - - -] 10.0.0.50 "GET /" status: 200 len: 136 microversion: 1.0
2026-07-16 01:47:28.830 7 INFO placement.requestlog [req-2984cbc8-2fef-4369-8669-21d45106b524 req-445c45a1-fa7c-41e5-b89c-6a89a348ba2f b5c39c20f67c4acfb6cb48026a2c7e10 47c46e407f5a4036954eaa530d561ee8 - - 14e8e277e8f7400296eb2c03cfcd9220 14e8e277e8f7400296eb2c03cfcd9220] 199.204.45.77 "GET /resource_providers/c47c0117-601f-488e-84a8-e9b71c95fd60/allocations" status: 200 len: 55 microversion: 1.0 [pid: 7|app: 0|req: 666/1324] 199.204.45.77 () {32 vars in 856 bytes} [Thu Jul 16 01:47:28 2026] GET /resource_providers/c47c0117-601f-488e-84a8-e9b71c95fd60/allocations => generated 55 bytes in 16 msecs (HTTP/1.1 200) 6 headers in 223 bytes (1 switches on core 0)
