2026-07-16 01:36:38.674 7 INFO placement.requestlog [None req-68f393ae-c0f5-4ccf-858e-1b404674a83a 154224313fd6482099b8ae07ae173d20 38887acbd90d410da644995cdb85fa20 - - 637d8568ce6648adb7782c6b389a080f 637d8568ce6648adb7782c6b389a080f] 10.0.0.113 "DELETE /resource_providers/8b21d6b8-1f82-4310-a55a-1eb0f2f4ccba" status: 404 len: 246 microversion: 1.1 [pid: 7|app: 0|req: 467/932] 10.0.0.113 () {34 vars in 816 bytes} [Thu Jul 16 01:36:38 2026] DELETE /resource_providers/8b21d6b8-1f82-4310-a55a-1eb0f2f4ccba => generated 246 bytes in 11 msecs (HTTP/1.1 404) 6 headers in 231 bytes (1 switches on core 0) [pid: 8|app: 0|req: 466/933] 10.0.0.113 () {34 vars in 816 bytes} [Thu Jul 16 01:36:38 2026] DELETE /resource_providers/8b21d6b8-1f82-4310-a55a-1eb0f2f4ccba => generated 246 bytes in 21 msecs (HTTP/1.1 404) 6 headers in 231 bytes (1 switches on core 0)
2026-07-16 01:36:38.697 7 INFO placement.requestlog [None req-165a7d3a-cbdd-4dbf-b072-303e4004bf52 154224313fd6482099b8ae07ae173d20 38887acbd90d410da644995cdb85fa20 - - 637d8568ce6648adb7782c6b389a080f 637d8568ce6648adb7782c6b389a080f] 10.0.0.113 "GET /resource_providers/d0ac7833-1fc0-4ab1-9923-c05ba0fb32f6/aggregates" status: 404 len: 235 microversion: 1.1 [pid: 7|app: 0|req: 468/934] 10.0.0.113 () {32 vars in 816 bytes} [Thu Jul 16 01:36:38 2026] GET /resource_providers/d0ac7833-1fc0-4ab1-9923-c05ba0fb32f6/aggregates => generated 235 bytes in 14 msecs (HTTP/1.1 404) 5 headers in 202 bytes (1 switches on core 0)
2026-07-16 01:36:38.703 8 INFO placement.requestlog [None req-0c01a0f8-a962-40c5-be6b-5c0ebea79b57 154224313fd6482099b8ae07ae173d20 38887acbd90d410da644995cdb85fa20 - - 637d8568ce6648adb7782c6b389a080f 637d8568ce6648adb7782c6b389a080f] 10.0.0.113 "GET /resource_providers/d0ac7833-1fc0-4ab1-9923-c05ba0fb32f6/aggregates" status: 404 len: 235 microversion: 1.1 [pid: 8|app: 0|req: 467/935] 10.0.0.113 () {32 vars in 816 bytes} [Thu Jul 16 01:36:38 2026] GET /resource_providers/d0ac7833-1fc0-4ab1-9923-c05ba0fb32f6/aggregates => generated 235 bytes in 17 msecs (HTTP/1.1 404) 5 headers in 202 bytes (1 switches on core 0)
2026-07-16 01:36:38.734 8 INFO placement.requestlog [None req-25c2ac7c-ddca-4b3e-b2dc-2ca2e377fbf6 154224313fd6482099b8ae07ae173d20 38887acbd90d410da644995cdb85fa20 - - 637d8568ce6648adb7782c6b389a080f 637d8568ce6648adb7782c6b389a080f] 10.0.0.113 "DELETE /resource_providers/d0ac7833-1fc0-4ab1-9923-c05ba0fb32f6" status: 404 len: 246 microversion: 1.1 [pid: 8|app: 0|req: 468/936] 10.0.0.113 () {34 vars in 816 bytes} [Thu Jul 16 01:36:38 2026] DELETE /resource_providers/d0ac7833-1fc0-4ab1-9923-c05ba0fb32f6 => generated 246 bytes in 13 msecs (HTTP/1.1 404) 6 headers in 231 bytes (1 switches on core 0)
2026-07-16 01:36:38.738 7 INFO placement.requestlog [None req-a06c0451-b45e-4f82-843f-cc541079322b 154224313fd6482099b8ae07ae173d20 38887acbd90d410da644995cdb85fa20 - - 637d8568ce6648adb7782c6b389a080f 637d8568ce6648adb7782c6b389a080f] 10.0.0.113 "DELETE /resource_providers/d0ac7833-1fc0-4ab1-9923-c05ba0fb32f6" status: 404 len: 246 microversion: 1.1 [pid: 7|app: 0|req: 469/937] 10.0.0.113 () {34 vars in 816 bytes} [Thu Jul 16 01:36:38 2026] DELETE /resource_providers/d0ac7833-1fc0-4ab1-9923-c05ba0fb32f6 => generated 246 bytes in 20 msecs (HTTP/1.1 404) 6 headers in 231 bytes (1 switches on core 0)
2026-07-16 01:36:38.753 8 INFO placement.requestlog [None req-037f8916-4a5c-49b5-bea7-ac92fe53e265 154224313fd6482099b8ae07ae173d20 38887acbd90d410da644995cdb85fa20 - - 637d8568ce6648adb7782c6b389a080f 637d8568ce6648adb7782c6b389a080f] 10.0.0.113 "GET /resource_providers/769c274b-eb37-43ca-acc8-01b479f68555/aggregates" status: 404 len: 235 microversion: 1.1 [pid: 8|app: 0|req: 469/938] 10.0.0.113 () {32 vars in 816 bytes} [Thu Jul 16 01:36:38 2026] GET /resource_providers/769c274b-eb37-43ca-acc8-01b479f68555/aggregates => generated 235 bytes in 9 msecs (HTTP/1.1 404) 5 headers in 202 bytes (1 switches on core 0)
2026-07-16 01:36:38.766 7 INFO placement.requestlog [None req-e2a86717-9f30-4d4d-89fd-ae1086c74090 154224313fd6482099b8ae07ae173d20 38887acbd90d410da644995cdb85fa20 - - 637d8568ce6648adb7782c6b389a080f 637d8568ce6648adb7782c6b389a080f] 10.0.0.113 "GET /resource_providers/769c274b-eb37-43ca-acc8-01b479f68555/aggregates" status: 404 len: 235 microversion: 1.1 [pid: 7|app: 0|req: 470/939] 10.0.0.113 () {32 vars in 816 bytes} [Thu Jul 16 01:36:38 2026] GET /resource_providers/769c274b-eb37-43ca-acc8-01b479f68555/aggregates => generated 235 bytes in 17 msecs (HTTP/1.1 404) 5 headers in 202 bytes (1 switches on core 0)
2026-07-16 01:36:38.775 8 INFO placement.requestlog [None req-fc5dc1e5-5c28-4450-b515-ebb8c0723e39 154224313fd6482099b8ae07ae173d20 38887acbd90d410da644995cdb85fa20 - - 637d8568ce6648adb7782c6b389a080f 637d8568ce6648adb7782c6b389a080f] 10.0.0.113 "DELETE /resource_providers/769c274b-eb37-43ca-acc8-01b479f68555" status: 404 len: 246 microversion: 1.1 [pid: 8|app: 0|req: 470/940] 10.0.0.113 () {34 vars in 816 bytes} [Thu Jul 16 01:36:38 2026] DELETE /resource_providers/769c274b-eb37-43ca-acc8-01b479f68555 => generated 246 bytes in 9 msecs (HTTP/1.1 404) 6 headers in 231 bytes (1 switches on core 0)
2026-07-16 01:36:38.792 7 INFO placement.requestlog [None req-5604c0b9-cecf-4bfc-a889-cd1512aa42b0 154224313fd6482099b8ae07ae173d20 38887acbd90d410da644995cdb85fa20 - - 637d8568ce6648adb7782c6b389a080f 637d8568ce6648adb7782c6b389a080f] 10.0.0.113 "DELETE /resource_providers/769c274b-eb37-43ca-acc8-01b479f68555" status: 404 len: 246 microversion: 1.1 [pid: 7|app: 0|req: 471/941] 10.0.0.113 () {34 vars in 816 bytes} [Thu Jul 16 01:36:38 2026] DELETE /resource_providers/769c274b-eb37-43ca-acc8-01b479f68555 => generated 246 bytes in 14 msecs (HTTP/1.1 404) 6 headers in 231 bytes (1 switches on core 0)
2026-07-16 01:36:38.800 8 INFO placement.requestlog [None req-7c6b38f1-26e3-4418-a01b-377fbf93fa21 154224313fd6482099b8ae07ae173d20 38887acbd90d410da644995cdb85fa20 - - 637d8568ce6648adb7782c6b389a080f 637d8568ce6648adb7782c6b389a080f] 10.0.0.113 "GET /resource_providers/9268c6e0-e130-45d9-a564-82496c983515/aggregates" status: 404 len: 235 microversion: 1.1 [pid: 8|app: 0|req: 471/942] 10.0.0.113 () {32 vars in 816 bytes} [Thu Jul 16 01:36:38 2026] GET /resource_providers/9268c6e0-e130-45d9-a564-82496c983515/aggregates => generated 235 bytes in 8 msecs (HTTP/1.1 404) 5 headers in 202 bytes (1 switches on core 0)
2026-07-16 01:36:38.805 7 INFO placement.requestlog [None req-f7958f23-78dd-486e-b939-98c1d0a05b23 154224313fd6482099b8ae07ae173d20 38887acbd90d410da644995cdb85fa20 - - 637d8568ce6648adb7782c6b389a080f 637d8568ce6648adb7782c6b389a080f] 10.0.0.113 "GET /resource_providers/9268c6e0-e130-45d9-a564-82496c983515/aggregates" status: 404 len: 235 microversion: 1.1 [pid: 7|app: 0|req: 472/943] 10.0.0.113 () {32 vars in 816 bytes} [Thu Jul 16 01:36:38 2026] GET /resource_providers/9268c6e0-e130-45d9-a564-82496c983515/aggregates => generated 235 bytes in 7 msecs (HTTP/1.1 404) 5 headers in 202 bytes (1 switches on core 0)
2026-07-16 01:36:38.826 7 INFO placement.requestlog [None req-73dffc3a-d51b-4f23-80c4-a27494f3e41c 154224313fd6482099b8ae07ae173d20 38887acbd90d410da644995cdb85fa20 - - 637d8568ce6648adb7782c6b389a080f 637d8568ce6648adb7782c6b389a080f] 10.0.0.113 "DELETE /resource_providers/9268c6e0-e130-45d9-a564-82496c983515" status: 404 len: 246 microversion: 1.1
2026-07-16 01:36:38.826 8 INFO placement.requestlog [None req-c36cac7b-1877-4f83-8ec7-0898c291249f 154224313fd6482099b8ae07ae173d20 38887acbd90d410da644995cdb85fa20 - - 637d8568ce6648adb7782c6b389a080f 637d8568ce6648adb7782c6b389a080f] 10.0.0.113 "DELETE /resource_providers/9268c6e0-e130-45d9-a564-82496c983515" status: 404 len: 246 microversion: 1.1 [pid: 7|app: 0|req: 473/944] 10.0.0.113 () {34 vars in 816 bytes} [Thu Jul 16 01:36:38 2026] DELETE /resource_providers/9268c6e0-e130-45d9-a564-82496c983515 => generated 246 bytes in 9 msecs (HTTP/1.1 404) 6 headers in 231 bytes (1 switches on core 0) [pid: 8|app: 0|req: 472/945] 10.0.0.113 () {34 vars in 816 bytes} [Thu Jul 16 01:36:38 2026] DELETE /resource_providers/9268c6e0-e130-45d9-a564-82496c983515 => generated 246 bytes in 13 msecs (HTTP/1.1 404) 6 headers in 231 bytes (1 switches on core 0)
2026-07-16 01:36:45.524 8 INFO placement.requestlog [None req-59e80e5b-d2d8-49d6-94ab-7c99784ef311 - - - - - -] 10.0.0.178 "GET /" status: 200 len: 136 microversion: 1.0
2026-07-16 01:36:45.524 7 INFO placement.requestlog [None req-0f95146e-ce0a-4e13-ab51-9e1bf9f06b8b - - - - - -] 10.0.0.178 "GET /" status: 200 len: 136 microversion: 1.0
2026-07-16 01:36:46.822 8 INFO placement.requestlog [req-bfb22194-8b61-4a73-b90c-96528a7c52c4 req-44e22f00-1509-47da-83d1-c78668a20f84 d62dcd4069084c0abba482df4b295412 38887acbd90d410da644995cdb85fa20 - - 637d8568ce6648adb7782c6b389a080f 637d8568ce6648adb7782c6b389a080f] 199.204.45.70 "GET /resource_providers/3eb6ee74-6a5f-48da-8632-d7d478bdd215/allocations" status: 200 len: 54 microversion: 1.0 [pid: 8|app: 0|req: 474/948] 199.204.45.70 () {32 vars in 856 bytes} [Thu Jul 16 01:36:46 2026] GET /resource_providers/3eb6ee74-6a5f-48da-8632-d7d478bdd215/allocations => generated 54 bytes in 22 msecs (HTTP/1.1 200) 6 headers in 223 bytes (1 switches on core 0)
2026-07-16 01:36:46.846 7 INFO placement.requestlog [req-bfb22194-8b61-4a73-b90c-96528a7c52c4 req-084ce779-1efc-440e-897b-d26d4ea7ac94 d62dcd4069084c0abba482df4b295412 38887acbd90d410da644995cdb85fa20 - - 637d8568ce6648adb7782c6b389a080f 637d8568ce6648adb7782c6b389a080f] 199.204.45.70 "GET /resource_providers/3eb6ee74-6a5f-48da-8632-d7d478bdd215/allocations" status: 200 len: 54 microversion: 1.0 [pid: 7|app: 0|req: 475/949] 199.204.45.70 () {32 vars in 856 bytes} [Thu Jul 16 01:36:46 2026] GET /resource_providers/3eb6ee74-6a5f-48da-8632-d7d478bdd215/allocations => generated 54 bytes in 18 msecs (HTTP/1.1 200) 6 headers in 223 bytes (1 switches on core 0)
2026-07-16 01:36:47.603 8 INFO placement.requestlog [None req-e49929d3-623a-4a56-9183-367e8a99e16d 154224313fd6482099b8ae07ae173d20 38887acbd90d410da644995cdb85fa20 - - 637d8568ce6648adb7782c6b389a080f 637d8568ce6648adb7782c6b389a080f] 10.0.0.113 "GET /resource_providers/1d3fae87-5e3a-48db-858f-d7973882d1d3/aggregates" status: 404 len: 235 microversion: 1.1 [pid: 8|app: 0|req: 475/950] 10.0.0.113 () {32 vars in 816 bytes} [Thu Jul 16 01:36:47 2026] GET /resource_providers/1d3fae87-5e3a-48db-858f-d7973882d1d3/aggregates => generated 235 bytes in 11 msecs (HTTP/1.1 404) 5 headers in 202 bytes (1 switches on core 0)
2026-07-16 01:36:47.604 7 INFO placement.requestlog [None req-ba5f3f31-f168-43b5-bd7e-8ed49b14c567 154224313fd6482099b8ae07ae173d20 38887acbd90d410da644995cdb85fa20 - - 637d8568ce6648adb7782c6b389a080f 637d8568ce6648adb7782c6b389a080f] 10.0.0.113 "GET /resource_providers/1d3fae87-5e3a-48db-858f-d7973882d1d3/aggregates" status: 404 len: 235 microversion: 1.1 [pid: 7|app: 0|req: 476/951] 10.0.0.113 () {32 vars in 816 bytes} [Thu Jul 16 01:36:47 2026] GET /resource_providers/1d3fae87-5e3a-48db-858f-d7973882d1d3/aggregates => generated 235 bytes in 12 msecs (HTTP/1.1 404) 5 headers in 202 bytes (1 switches on core 0)
2026-07-16 01:36:47.627 8 INFO placement.requestlog [None req-5b1c7b6d-04f9-4013-8537-1d904ab73919 154224313fd6482099b8ae07ae173d20 38887acbd90d410da644995cdb85fa20 - - 637d8568ce6648adb7782c6b389a080f 637d8568ce6648adb7782c6b389a080f] 10.0.0.113 "DELETE /resource_providers/1d3fae87-5e3a-48db-858f-d7973882d1d3" status: 404 len: 246 microversion: 1.1 [pid: 8|app: 0|req: 476/952] 10.0.0.113 () {34 vars in 816 bytes} [Thu Jul 16 01:36:47 2026] DELETE /resource_providers/1d3fae87-5e3a-48db-858f-d7973882d1d3 => generated 246 bytes in 9 msecs (HTTP/1.1 404) 6 headers in 231 bytes (1 switches on core 0)
2026-07-16 01:36:47.631 7 INFO placement.requestlog [None req-0125a622-1aee-4e2b-8ecd-8c7f3a230a53 154224313fd6482099b8ae07ae173d20 38887acbd90d410da644995cdb85fa20 - - 637d8568ce6648adb7782c6b389a080f 637d8568ce6648adb7782c6b389a080f] 10.0.0.113 "DELETE /resource_providers/1d3fae87-5e3a-48db-858f-d7973882d1d3" status: 404 len: 246 microversion: 1.1 [pid: 7|app: 0|req: 477/953] 10.0.0.113 () {34 vars in 816 bytes} [Thu Jul 16 01:36:47 2026] DELETE /resource_providers/1d3fae87-5e3a-48db-858f-d7973882d1d3 => generated 246 bytes in 11 msecs (HTTP/1.1 404) 6 headers in 231 bytes (1 switches on core 0)
2026-07-16 01:36:55.524 8 INFO placement.requestlog [None req-30bb1863-f098-4b92-bf90-789507ca3ee6 - - - - - -] 10.0.0.178 "GET /" status: 200 len: 136 microversion: 1.0
2026-07-16 01:36:55.524 7 INFO placement.requestlog [None req-f4e7bdb2-2b48-42e0-a4e3-970b9c6b4adc - - - - - -] 10.0.0.178 "GET /" status: 200 len: 136 microversion: 1.0
2026-07-16 01:37:00.368 8 INFO placement.requestlog [None req-f7ee14b6-9241-47bf-883e-d58939b423cb 154224313fd6482099b8ae07ae173d20 38887acbd90d410da644995cdb85fa20 - - 637d8568ce6648adb7782c6b389a080f 637d8568ce6648adb7782c6b389a080f] 10.0.0.113 "GET /resource_providers/6c132694-28df-40dc-9bd3-d4dca49e9a55/aggregates" status: 404 len: 235 microversion: 1.1 [pid: 8|app: 0|req: 478/956] 10.0.0.113 () {32 vars in 816 bytes} [Thu Jul 16 01:37:00 2026] GET /resource_providers/6c132694-28df-40dc-9bd3-d4dca49e9a55/aggregates => generated 235 bytes in 8 msecs (HTTP/1.1 404) 5 headers in 202 bytes (1 switches on core 0)
2026-07-16 01:37:00.372 7 INFO placement.requestlog [None req-1f48fda7-f7be-4851-afc9-1e146c926ee6 154224313fd6482099b8ae07ae173d20 38887acbd90d410da644995cdb85fa20 - - 637d8568ce6648adb7782c6b389a080f 637d8568ce6648adb7782c6b389a080f] 10.0.0.113 "GET /resource_providers/6c132694-28df-40dc-9bd3-d4dca49e9a55/aggregates" status: 404 len: 235 microversion: 1.1 [pid: 7|app: 0|req: 479/957] 10.0.0.113 () {32 vars in 816 bytes} [Thu Jul 16 01:37:00 2026] GET /resource_providers/6c132694-28df-40dc-9bd3-d4dca49e9a55/aggregates => generated 235 bytes in 12 msecs (HTTP/1.1 404) 5 headers in 202 bytes (1 switches on core 0)
2026-07-16 01:37:00.395 8 INFO placement.requestlog [None req-7a52a3ed-5049-498b-8184-ec00f8a0a0de 154224313fd6482099b8ae07ae173d20 38887acbd90d410da644995cdb85fa20 - - 637d8568ce6648adb7782c6b389a080f 637d8568ce6648adb7782c6b389a080f] 10.0.0.113 "DELETE /resource_providers/6c132694-28df-40dc-9bd3-d4dca49e9a55" status: 404 len: 246 microversion: 1.1 [pid: 8|app: 0|req: 479/958] 10.0.0.113 () {34 vars in 816 bytes} [Thu Jul 16 01:37:00 2026] DELETE /resource_providers/6c132694-28df-40dc-9bd3-d4dca49e9a55 => generated 246 bytes in 7 msecs (HTTP/1.1 404) 6 headers in 231 bytes (1 switches on core 0)
2026-07-16 01:37:00.395 7 INFO placement.requestlog [None req-55d1081d-41dc-4007-8063-bc6c34c2c76a 154224313fd6482099b8ae07ae173d20 38887acbd90d410da644995cdb85fa20 - - 637d8568ce6648adb7782c6b389a080f 637d8568ce6648adb7782c6b389a080f] 10.0.0.113 "DELETE /resource_providers/6c132694-28df-40dc-9bd3-d4dca49e9a55" status: 404 len: 246 microversion: 1.1 [pid: 7|app: 0|req: 480/959] 10.0.0.113 () {34 vars in 816 bytes} [Thu Jul 16 01:37:00 2026] DELETE /resource_providers/6c132694-28df-40dc-9bd3-d4dca49e9a55 => generated 246 bytes in 7 msecs (HTTP/1.1 404) 6 headers in 231 bytes (1 switches on core 0)
2026-07-16 01:37:01.311 8 INFO placement.requestlog [None req-cce684f0-38bd-462a-9cbe-37f9e805157e 154224313fd6482099b8ae07ae173d20 38887acbd90d410da644995cdb85fa20 - - 637d8568ce6648adb7782c6b389a080f 637d8568ce6648adb7782c6b389a080f] 10.0.0.113 "GET /resource_providers/94c092d4-da97-44de-a056-8ddf1655e123/aggregates" status: 404 len: 235 microversion: 1.1
2026-07-16 01:37:01.311 7 INFO placement.requestlog [None req-5d15d647-9c50-45b5-b999-a02ae26a74f2 154224313fd6482099b8ae07ae173d20 38887acbd90d410da644995cdb85fa20 - - 637d8568ce6648adb7782c6b389a080f 637d8568ce6648adb7782c6b389a080f] 10.0.0.113 "GET /resource_providers/94c092d4-da97-44de-a056-8ddf1655e123/aggregates" status: 404 len: 235 microversion: 1.1 [pid: 8|app: 0|req: 480/960] 10.0.0.113 () {32 vars in 816 bytes} [Thu Jul 16 01:37:01 2026] GET /resource_providers/94c092d4-da97-44de-a056-8ddf1655e123/aggregates => generated 235 bytes in 9 msecs (HTTP/1.1 404) 5 headers in 202 bytes (1 switches on core 0) [pid: 7|app: 0|req: 481/961] 10.0.0.113 () {32 vars in 816 bytes} [Thu Jul 16 01:37:01 2026] GET /resource_providers/94c092d4-da97-44de-a056-8ddf1655e123/aggregates => generated 235 bytes in 8 msecs (HTTP/1.1 404) 5 headers in 202 bytes (1 switches on core 0)
2026-07-16 01:37:01.330 8 INFO placement.requestlog [None req-0426f496-d04f-4e64-90de-7bd4594dcbae 154224313fd6482099b8ae07ae173d20 38887acbd90d410da644995cdb85fa20 - - 637d8568ce6648adb7782c6b389a080f 637d8568ce6648adb7782c6b389a080f] 10.0.0.113 "DELETE /resource_providers/94c092d4-da97-44de-a056-8ddf1655e123" status: 404 len: 246 microversion: 1.1 [pid: 8|app: 0|req: 481/962] 10.0.0.113 () {34 vars in 816 bytes} [Thu Jul 16 01:37:01 2026] DELETE /resource_providers/94c092d4-da97-44de-a056-8ddf1655e123 => generated 246 bytes in 8 msecs (HTTP/1.1 404) 6 headers in 231 bytes (1 switches on core 0)
2026-07-16 01:37:01.335 7 INFO placement.requestlog [None req-158d4f36-0154-447a-b88f-141d10788f15 154224313fd6482099b8ae07ae173d20 38887acbd90d410da644995cdb85fa20 - - 637d8568ce6648adb7782c6b389a080f 637d8568ce6648adb7782c6b389a080f] 10.0.0.113 "DELETE /resource_providers/94c092d4-da97-44de-a056-8ddf1655e123" status: 404 len: 246 microversion: 1.1 [pid: 7|app: 0|req: 482/963] 10.0.0.113 () {34 vars in 816 bytes} [Thu Jul 16 01:37:01 2026] DELETE /resource_providers/94c092d4-da97-44de-a056-8ddf1655e123 => generated 246 bytes in 8 msecs (HTTP/1.1 404) 6 headers in 231 bytes (1 switches on core 0)
2026-07-16 01:37:02.412 8 INFO placement.requestlog [None req-d534c2fa-3884-4656-b53e-e05bece00464 154224313fd6482099b8ae07ae173d20 38887acbd90d410da644995cdb85fa20 - - 637d8568ce6648adb7782c6b389a080f 637d8568ce6648adb7782c6b389a080f] 10.0.0.113 "GET /resource_providers/d3943c31-f170-4486-bb44-aa3b3e7b9d9b/aggregates" status: 404 len: 235 microversion: 1.1 [pid: 8|app: 0|req: 482/964] 10.0.0.113 () {32 vars in 816 bytes} [Thu Jul 16 01:37:02 2026] GET /resource_providers/d3943c31-f170-4486-bb44-aa3b3e7b9d9b/aggregates => generated 235 bytes in 9 msecs (HTTP/1.1 404) 5 headers in 202 bytes (1 switches on core 0)
2026-07-16 01:37:02.417 7 INFO placement.requestlog [None req-a89d41ca-74e7-4229-ab76-3c0732b24e7d 154224313fd6482099b8ae07ae173d20 38887acbd90d410da644995cdb85fa20 - - 637d8568ce6648adb7782c6b389a080f 637d8568ce6648adb7782c6b389a080f] 10.0.0.113 "GET /resource_providers/d3943c31-f170-4486-bb44-aa3b3e7b9d9b/aggregates" status: 404 len: 235 microversion: 1.1 [pid: 7|app: 0|req: 483/965] 10.0.0.113 () {32 vars in 816 bytes} [Thu Jul 16 01:37:02 2026] GET /resource_providers/d3943c31-f170-4486-bb44-aa3b3e7b9d9b/aggregates => generated 235 bytes in 12 msecs (HTTP/1.1 404) 5 headers in 202 bytes (1 switches on core 0)
2026-07-16 01:37:02.432 8 INFO placement.requestlog [None req-669e35f5-c605-402d-8532-7d262bfecd2e 154224313fd6482099b8ae07ae173d20 38887acbd90d410da644995cdb85fa20 - - 637d8568ce6648adb7782c6b389a080f 637d8568ce6648adb7782c6b389a080f] 10.0.0.113 "DELETE /resource_providers/d3943c31-f170-4486-bb44-aa3b3e7b9d9b" status: 404 len: 246 microversion: 1.1 [pid: 8|app: 0|req: 483/966] 10.0.0.113 () {34 vars in 816 bytes} [Thu Jul 16 01:37:02 2026] DELETE /resource_providers/d3943c31-f170-4486-bb44-aa3b3e7b9d9b => generated 246 bytes in 9 msecs (HTTP/1.1 404) 6 headers in 231 bytes (1 switches on core 0)
2026-07-16 01:37:02.438 7 INFO placement.requestlog [None req-75873e20-194c-48d4-8dde-75c35b186590 154224313fd6482099b8ae07ae173d20 38887acbd90d410da644995cdb85fa20 - - 637d8568ce6648adb7782c6b389a080f 637d8568ce6648adb7782c6b389a080f] 10.0.0.113 "DELETE /resource_providers/d3943c31-f170-4486-bb44-aa3b3e7b9d9b" status: 404 len: 246 microversion: 1.1 [pid: 7|app: 0|req: 484/967] 10.0.0.113 () {34 vars in 816 bytes} [Thu Jul 16 01:37:02 2026] DELETE /resource_providers/d3943c31-f170-4486-bb44-aa3b3e7b9d9b => generated 246 bytes in 10 msecs (HTTP/1.1 404) 6 headers in 231 bytes (1 switches on core 0)
2026-07-16 01:37:05.524 8 INFO placement.requestlog [None req-bfea9b66-aee3-4fdb-ab67-8e1e98c47528 - - - - - -] 10.0.0.178 "GET /" status: 200 len: 136 microversion: 1.0
2026-07-16 01:37:05.524 7 INFO placement.requestlog [None req-9c1f95dd-a33d-4f27-9dbb-a6f17a2a41cf - - - - - -] 10.0.0.178 "GET /" status: 200 len: 136 microversion: 1.0
2026-07-16 01:37:15.524 8 INFO placement.requestlog [None req-66ddd765-1e70-4303-9a01-09756a3c2e4f - - - - - -] 10.0.0.178 "GET /" status: 200 len: 136 microversion: 1.0
2026-07-16 01:37:15.525 7 INFO placement.requestlog [None req-defc06ca-7ee5-40e8-a5a5-6648aaded5db - - - - - -] 10.0.0.178 "GET /" status: 200 len: 136 microversion: 1.0
2026-07-16 01:37:20.687 8 INFO placement.requestlog [req-dfb02a57-2b34-4442-a619-1a712617c718 req-4e02137f-8a20-4a56-937b-51d138c6bc3c d62dcd4069084c0abba482df4b295412 38887acbd90d410da644995cdb85fa20 - - 637d8568ce6648adb7782c6b389a080f 637d8568ce6648adb7782c6b389a080f] 10.0.0.139 "GET /allocation_candidates?limit=1000&resources=DISK_GB%3A1%2CMEMORY_MB%3A512%2CVCPU%3A1&root_required=%21COMPUTE_STATUS_DISABLED" status: 200 len: 2640 microversion: 1.36 [pid: 8|app: 0|req: 486/972] 10.0.0.139 () {34 vars in 1012 bytes} [Thu Jul 16 01:37:20 2026] GET /allocation_candidates?limit=1000&resources=DISK_GB%3A1%2CMEMORY_MB%3A512%2CVCPU%3A1&root_required=%21COMPUTE_STATUS_DISABLED => generated 2640 bytes in 52 msecs (HTTP/1.1 200) 8 headers in 297 bytes (1 switches on core 0)
2026-07-16 01:37:20.724 7 INFO placement.requestlog [req-dfb02a57-2b34-4442-a619-1a712617c718 req-204355d0-b7f0-4fc0-812a-3e20860cffb4 d62dcd4069084c0abba482df4b295412 38887acbd90d410da644995cdb85fa20 - - 637d8568ce6648adb7782c6b389a080f 637d8568ce6648adb7782c6b389a080f] 10.0.0.139 "GET /allocations/d4122166-fe5d-488b-af11-59d446543cb5" status: 200 len: 19 microversion: 1.28 [pid: 7|app: 0|req: 487/973] 10.0.0.139 () {34 vars in 861 bytes} [Thu Jul 16 01:37:20 2026] GET /allocations/d4122166-fe5d-488b-af11-59d446543cb5 => generated 19 bytes in 7 msecs (HTTP/1.1 200) 8 headers in 295 bytes (1 switches on core 0)
2026-07-16 01:37:20.806 8 INFO placement.requestlog [req-dfb02a57-2b34-4442-a619-1a712617c718 req-78411c92-eee8-4c7c-bcb4-e8e3c10f4f5c d62dcd4069084c0abba482df4b295412 38887acbd90d410da644995cdb85fa20 - - 637d8568ce6648adb7782c6b389a080f 637d8568ce6648adb7782c6b389a080f] 10.0.0.139 "PUT /allocations/d4122166-fe5d-488b-af11-59d446543cb5" status: 204 len: 0 microversion: 1.36 [pid: 8|app: 0|req: 487/974] 10.0.0.139 () {38 vars in 914 bytes} [Thu Jul 16 01:37:20 2026] PUT /allocations/d4122166-fe5d-488b-af11-59d446543cb5 => generated 0 bytes in 79 msecs (HTTP/1.1 204) 5 headers in 199 bytes (1 switches on core 0)
2026-07-16 01:37:22.300 7 INFO placement.requestlog [req-dfb02a57-2b34-4442-a619-1a712617c718 req-1792406a-e03d-42a5-beb5-ff21d16db145 d62dcd4069084c0abba482df4b295412 38887acbd90d410da644995cdb85fa20 - - 637d8568ce6648adb7782c6b389a080f 637d8568ce6648adb7782c6b389a080f] 199.204.45.70 "GET /allocations/d4122166-fe5d-488b-af11-59d446543cb5" status: 200 len: 258 microversion: 1.28 [pid: 7|app: 0|req: 488/975] 199.204.45.70 () {34 vars in 862 bytes} [Thu Jul 16 01:37:22 2026] GET /allocations/d4122166-fe5d-488b-af11-59d446543cb5 => generated 258 bytes in 10 msecs (HTTP/1.1 200) 8 headers in 296 bytes (1 switches on core 0)
2026-07-16 01:37:23.339 8 INFO placement.requestlog [req-dfb02a57-2b34-4442-a619-1a712617c718 req-5c627395-4551-4252-9f24-bd585560b647 d62dcd4069084c0abba482df4b295412 38887acbd90d410da644995cdb85fa20 - - 637d8568ce6648adb7782c6b389a080f 637d8568ce6648adb7782c6b389a080f] 199.204.45.70 "GET /resource_providers/3eb6ee74-6a5f-48da-8632-d7d478bdd215/allocations" status: 200 len: 153 microversion: 1.0 [pid: 8|app: 0|req: 488/976] 199.204.45.70 () {32 vars in 856 bytes} [Thu Jul 16 01:37:23 2026] GET /resource_providers/3eb6ee74-6a5f-48da-8632-d7d478bdd215/allocations => generated 153 bytes in 16 msecs (HTTP/1.1 200) 6 headers in 224 bytes (1 switches on core 0)
2026-07-16 01:37:23.354 7 INFO placement.requestlog [req-dfb02a57-2b34-4442-a619-1a712617c718 req-ca664596-2e76-4067-b80e-9880c7e24893 d62dcd4069084c0abba482df4b295412 38887acbd90d410da644995cdb85fa20 - - 637d8568ce6648adb7782c6b389a080f 637d8568ce6648adb7782c6b389a080f] 199.204.45.70 "GET /allocations/d4122166-fe5d-488b-af11-59d446543cb5" status: 200 len: 258 microversion: 1.28 [pid: 7|app: 0|req: 489/977] 199.204.45.70 () {34 vars in 862 bytes} [Thu Jul 16 01:37:23 2026] GET /allocations/d4122166-fe5d-488b-af11-59d446543cb5 => generated 258 bytes in 9 msecs (HTTP/1.1 200) 8 headers in 296 bytes (1 switches on core 0)
2026-07-16 01:37:25.523 8 INFO placement.requestlog [None req-479dfb32-0ff6-42ee-98fe-fca185b6779d - - - - - -] 10.0.0.178 "GET /" status: 200 len: 136 microversion: 1.0
2026-07-16 01:37:25.524 7 INFO placement.requestlog [None req-b3e27cd5-3997-409b-b85a-4ff1f40618a0 - - - - - -] 10.0.0.178 "GET /" status: 200 len: 136 microversion: 1.0
2026-07-16 01:37:30.333 8 INFO placement.requestlog [req-c7df1984-b8e2-4f87-afc2-daa2cb399280 req-66ced1e0-05e7-4ff2-b5be-57635e6cb04b d62dcd4069084c0abba482df4b295412 38887acbd90d410da644995cdb85fa20 - - 637d8568ce6648adb7782c6b389a080f 637d8568ce6648adb7782c6b389a080f] 10.0.0.139 "GET /allocation_candidates?limit=1000&resources=DISK_GB%3A1%2CMEMORY_MB%3A512%2CVCPU%3A1&root_required=%21COMPUTE_STATUS_DISABLED" status: 200 len: 2642 microversion: 1.36 [pid: 8|app: 0|req: 490/980] 10.0.0.139 () {34 vars in 1012 bytes} [Thu Jul 16 01:37:30 2026] GET /allocation_candidates?limit=1000&resources=DISK_GB%3A1%2CMEMORY_MB%3A512%2CVCPU%3A1&root_required=%21COMPUTE_STATUS_DISABLED => generated 2642 bytes in 34 msecs (HTTP/1.1 200) 8 headers in 297 bytes (1 switches on core 0)
2026-07-16 01:37:30.358 7 INFO placement.requestlog [req-c7df1984-b8e2-4f87-afc2-daa2cb399280 req-2aaff3b9-2910-4900-b0a6-55c5307f1a6c d62dcd4069084c0abba482df4b295412 38887acbd90d410da644995cdb85fa20 - - 637d8568ce6648adb7782c6b389a080f 637d8568ce6648adb7782c6b389a080f] 10.0.0.139 "GET /allocations/c32295d7-f3d3-42c3-b86a-fd0b7f4ee3b0" status: 200 len: 19 microversion: 1.28 [pid: 7|app: 0|req: 491/981] 10.0.0.139 () {34 vars in 861 bytes} [Thu Jul 16 01:37:30 2026] GET /allocations/c32295d7-f3d3-42c3-b86a-fd0b7f4ee3b0 => generated 19 bytes in 9 msecs (HTTP/1.1 200) 8 headers in 295 bytes (1 switches on core 0)
2026-07-16 01:37:30.435 8 INFO placement.requestlog [req-c7df1984-b8e2-4f87-afc2-daa2cb399280 req-df93b0f1-0650-410c-bbdf-4040149bc2ac d62dcd4069084c0abba482df4b295412 38887acbd90d410da644995cdb85fa20 - - 637d8568ce6648adb7782c6b389a080f 637d8568ce6648adb7782c6b389a080f] 10.0.0.139 "PUT /allocations/c32295d7-f3d3-42c3-b86a-fd0b7f4ee3b0" status: 204 len: 0 microversion: 1.36 [pid: 8|app: 0|req: 491/982] 10.0.0.139 () {38 vars in 914 bytes} [Thu Jul 16 01:37:30 2026] PUT /allocations/c32295d7-f3d3-42c3-b86a-fd0b7f4ee3b0 => generated 0 bytes in 73 msecs (HTTP/1.1 204) 5 headers in 199 bytes (1 switches on core 0)
2026-07-16 01:37:32.002 7 INFO placement.requestlog [req-c7df1984-b8e2-4f87-afc2-daa2cb399280 req-508cfb84-3c06-4a34-8507-ab1607cbd1d1 d62dcd4069084c0abba482df4b295412 38887acbd90d410da644995cdb85fa20 - - 637d8568ce6648adb7782c6b389a080f 637d8568ce6648adb7782c6b389a080f] 199.204.45.70 "GET /allocations/c32295d7-f3d3-42c3-b86a-fd0b7f4ee3b0" status: 200 len: 258 microversion: 1.28 [pid: 7|app: 0|req: 492/983] 199.204.45.70 () {34 vars in 862 bytes} [Thu Jul 16 01:37:31 2026] GET /allocations/c32295d7-f3d3-42c3-b86a-fd0b7f4ee3b0 => generated 258 bytes in 12 msecs (HTTP/1.1 200) 8 headers in 296 bytes (1 switches on core 0)
2026-07-16 01:37:33.045 8 INFO placement.requestlog [req-c7df1984-b8e2-4f87-afc2-daa2cb399280 req-9403dee1-07de-4bae-bf69-75a3b9c8add3 d62dcd4069084c0abba482df4b295412 38887acbd90d410da644995cdb85fa20 - - 637d8568ce6648adb7782c6b389a080f 637d8568ce6648adb7782c6b389a080f] 199.204.45.70 "GET /resource_providers/3eb6ee74-6a5f-48da-8632-d7d478bdd215/allocations" status: 200 len: 253 microversion: 1.0 [pid: 8|app: 0|req: 492/984] 199.204.45.70 () {32 vars in 856 bytes} [Thu Jul 16 01:37:33 2026] GET /resource_providers/3eb6ee74-6a5f-48da-8632-d7d478bdd215/allocations => generated 253 bytes in 15 msecs (HTTP/1.1 200) 6 headers in 224 bytes (1 switches on core 0)
2026-07-16 01:37:33.062 7 INFO placement.requestlog [req-c7df1984-b8e2-4f87-afc2-daa2cb399280 req-dfc79e08-1952-4ef1-8dfe-d8da95f2e56a d62dcd4069084c0abba482df4b295412 38887acbd90d410da644995cdb85fa20 - - 637d8568ce6648adb7782c6b389a080f 637d8568ce6648adb7782c6b389a080f] 199.204.45.70 "GET /allocations/c32295d7-f3d3-42c3-b86a-fd0b7f4ee3b0" status: 200 len: 258 microversion: 1.28 [pid: 7|app: 0|req: 493/985] 199.204.45.70 () {34 vars in 862 bytes} [Thu Jul 16 01:37:33 2026] GET /allocations/c32295d7-f3d3-42c3-b86a-fd0b7f4ee3b0 => generated 258 bytes in 13 msecs (HTTP/1.1 200) 8 headers in 296 bytes (1 switches on core 0)
2026-07-16 01:37:33.080 8 INFO placement.requestlog [req-c7df1984-b8e2-4f87-afc2-daa2cb399280 req-5d911352-e3fc-4406-999d-41db62a292b7 d62dcd4069084c0abba482df4b295412 38887acbd90d410da644995cdb85fa20 - - 637d8568ce6648adb7782c6b389a080f 637d8568ce6648adb7782c6b389a080f] 199.204.45.70 "GET /allocations/d4122166-fe5d-488b-af11-59d446543cb5" status: 200 len: 258 microversion: 1.28 [pid: 8|app: 0|req: 493/986] 199.204.45.70 () {34 vars in 862 bytes} [Thu Jul 16 01:37:33 2026] GET /allocations/d4122166-fe5d-488b-af11-59d446543cb5 => generated 258 bytes in 12 msecs (HTTP/1.1 200) 8 headers in 296 bytes (1 switches on core 0)
2026-07-16 01:37:35.523 7 INFO placement.requestlog [None req-bfb88176-56d7-49f8-ad5d-cc1fcc9b69ca - - - - - -] 10.0.0.178 "GET /" status: 200 len: 136 microversion: 1.0
2026-07-16 01:37:35.523 8 INFO placement.requestlog [None req-f800a7b3-2caf-45c9-9416-5e7e86d9b3f4 - - - - - -] 10.0.0.178 "GET /" status: 200 len: 136 microversion: 1.0
2026-07-16 01:37:45.524 8 INFO placement.requestlog [None req-2d6e7a6d-9e0a-4278-b431-9c79176b1b97 - - - - - -] 10.0.0.178 "GET /" status: 200 len: 136 microversion: 1.0
2026-07-16 01:37:45.524 7 INFO placement.requestlog [None req-f30a5756-f329-4730-b5e8-59944194cd77 - - - - - -] 10.0.0.178 "GET /" status: 200 len: 136 microversion: 1.0
2026-07-16 01:37:47.715 8 INFO placement.requestlog [req-130f20da-4bdc-4c6b-a998-2c27959f0d56 req-7022b8c9-9e3d-4129-a945-7575a576fb3c d62dcd4069084c0abba482df4b295412 38887acbd90d410da644995cdb85fa20 - - 637d8568ce6648adb7782c6b389a080f 637d8568ce6648adb7782c6b389a080f] 10.0.0.139 "GET /allocation_candidates?limit=1000&resources=DISK_GB%3A1%2CMEMORY_MB%3A512%2CVCPU%3A1&root_required=%21COMPUTE_STATUS_DISABLED" status: 200 len: 2643 microversion: 1.36 [pid: 8|app: 0|req: 496/991] 10.0.0.139 () {34 vars in 1012 bytes} [Thu Jul 16 01:37:47 2026] GET /allocation_candidates?limit=1000&resources=DISK_GB%3A1%2CMEMORY_MB%3A512%2CVCPU%3A1&root_required=%21COMPUTE_STATUS_DISABLED => generated 2643 bytes in 47 msecs (HTTP/1.1 200) 8 headers in 297 bytes (1 switches on core 0)
2026-07-16 01:37:47.751 7 INFO placement.requestlog [req-130f20da-4bdc-4c6b-a998-2c27959f0d56 req-ae44d861-b843-4246-8339-94837a0b637d d62dcd4069084c0abba482df4b295412 38887acbd90d410da644995cdb85fa20 - - 637d8568ce6648adb7782c6b389a080f 637d8568ce6648adb7782c6b389a080f] 10.0.0.139 "GET /allocations/c016d0bd-f4a4-43dd-b315-5ea4744c438e" status: 200 len: 19 microversion: 1.28 [pid: 7|app: 0|req: 496/992] 10.0.0.139 () {34 vars in 861 bytes} [Thu Jul 16 01:37:47 2026] GET /allocations/c016d0bd-f4a4-43dd-b315-5ea4744c438e => generated 19 bytes in 9 msecs (HTTP/1.1 200) 8 headers in 295 bytes (1 switches on core 0)
2026-07-16 01:37:47.798 8 INFO placement.requestlog [req-130f20da-4bdc-4c6b-a998-2c27959f0d56 req-5f7d9fe7-b46c-4f02-985f-2e49364aebc2 d62dcd4069084c0abba482df4b295412 38887acbd90d410da644995cdb85fa20 - - 637d8568ce6648adb7782c6b389a080f 637d8568ce6648adb7782c6b389a080f] 10.0.0.139 "PUT /allocations/c016d0bd-f4a4-43dd-b315-5ea4744c438e" status: 204 len: 0 microversion: 1.36 [pid: 8|app: 0|req: 497/993] 10.0.0.139 () {38 vars in 914 bytes} [Thu Jul 16 01:37:47 2026] PUT /allocations/c016d0bd-f4a4-43dd-b315-5ea4744c438e => generated 0 bytes in 40 msecs (HTTP/1.1 204) 5 headers in 199 bytes (1 switches on core 0)
2026-07-16 01:37:49.468 7 INFO placement.requestlog [req-130f20da-4bdc-4c6b-a998-2c27959f0d56 req-d6d0806c-1492-4261-91f5-4a2ca3c269de d62dcd4069084c0abba482df4b295412 38887acbd90d410da644995cdb85fa20 - - 637d8568ce6648adb7782c6b389a080f 637d8568ce6648adb7782c6b389a080f] 199.204.45.70 "GET /allocations/c016d0bd-f4a4-43dd-b315-5ea4744c438e" status: 200 len: 258 microversion: 1.28 [pid: 7|app: 0|req: 497/994] 199.204.45.70 () {34 vars in 862 bytes} [Thu Jul 16 01:37:49 2026] GET /allocations/c016d0bd-f4a4-43dd-b315-5ea4744c438e => generated 258 bytes in 172 msecs (HTTP/1.1 200) 8 headers in 296 bytes (1 switches on core 0)
2026-07-16 01:37:49.640 8 INFO placement.requestlog [req-4e3e8d0c-bb24-4272-8e03-cde682009336 req-c708dfd0-e39c-41c8-acd3-534d0bad89a5 d62dcd4069084c0abba482df4b295412 38887acbd90d410da644995cdb85fa20 - - 637d8568ce6648adb7782c6b389a080f 637d8568ce6648adb7782c6b389a080f] 199.204.45.70 "GET /resource_providers/3eb6ee74-6a5f-48da-8632-d7d478bdd215/allocations" status: 200 len: 353 microversion: 1.0 [pid: 8|app: 0|req: 498/995] 199.204.45.70 () {32 vars in 856 bytes} [Thu Jul 16 01:37:49 2026] GET /resource_providers/3eb6ee74-6a5f-48da-8632-d7d478bdd215/allocations => generated 353 bytes in 20 msecs (HTTP/1.1 200) 6 headers in 224 bytes (1 switches on core 0)
2026-07-16 01:37:50.163 7 INFO placement.requestlog [req-4e3e8d0c-bb24-4272-8e03-cde682009336 req-bb3f4e7b-c0c1-4769-bdce-3905f5cdb8eb d62dcd4069084c0abba482df4b295412 38887acbd90d410da644995cdb85fa20 - - 637d8568ce6648adb7782c6b389a080f 637d8568ce6648adb7782c6b389a080f] 199.204.45.70 "GET /resource_providers?in_tree=3eb6ee74-6a5f-48da-8632-d7d478bdd215" status: 200 len: 798 microversion: 1.14 [pid: 7|app: 0|req: 498/996] 199.204.45.70 () {34 vars in 891 bytes} [Thu Jul 16 01:37:50 2026] GET /resource_providers?in_tree=3eb6ee74-6a5f-48da-8632-d7d478bdd215 => generated 798 bytes in 13 msecs (HTTP/1.1 200) 6 headers in 225 bytes (1 switches on core 0)
2026-07-16 01:37:50.184 8 INFO placement.requestlog [req-4e3e8d0c-bb24-4272-8e03-cde682009336 req-efbe9905-c4f7-4658-97f7-29d8c72574fd d62dcd4069084c0abba482df4b295412 38887acbd90d410da644995cdb85fa20 - - 637d8568ce6648adb7782c6b389a080f 637d8568ce6648adb7782c6b389a080f] 199.204.45.70 "GET /resource_providers/3eb6ee74-6a5f-48da-8632-d7d478bdd215/inventories" status: 200 len: 401 microversion: 1.0 [pid: 8|app: 0|req: 499/997] 199.204.45.70 () {32 vars in 856 bytes} [Thu Jul 16 01:37:50 2026] GET /resource_providers/3eb6ee74-6a5f-48da-8632-d7d478bdd215/inventories => generated 401 bytes in 14 msecs (HTTP/1.1 200) 6 headers in 224 bytes (1 switches on core 0)
2026-07-16 01:37:50.199 7 INFO placement.requestlog [req-4e3e8d0c-bb24-4272-8e03-cde682009336 req-983136d2-1bab-4e5c-b6f4-9291ecdafdbf d62dcd4069084c0abba482df4b295412 38887acbd90d410da644995cdb85fa20 - - 637d8568ce6648adb7782c6b389a080f 637d8568ce6648adb7782c6b389a080f] 199.204.45.70 "GET /resource_providers/3eb6ee74-6a5f-48da-8632-d7d478bdd215/aggregates" status: 200 len: 54 microversion: 1.19 [pid: 7|app: 0|req: 499/998] 199.204.45.70 () {34 vars in 898 bytes} [Thu Jul 16 01:37:50 2026] GET /resource_providers/3eb6ee74-6a5f-48da-8632-d7d478bdd215/aggregates => generated 54 bytes in 9 msecs (HTTP/1.1 200) 8 headers in 295 bytes (1 switches on core 0)
2026-07-16 01:37:50.227 8 INFO placement.requestlog [req-4e3e8d0c-bb24-4272-8e03-cde682009336 req-3ef6603b-9340-461b-bc04-bdf73c5ac138 d62dcd4069084c0abba482df4b295412 38887acbd90d410da644995cdb85fa20 - - 637d8568ce6648adb7782c6b389a080f 637d8568ce6648adb7782c6b389a080f] 199.204.45.70 "GET /resource_providers/3eb6ee74-6a5f-48da-8632-d7d478bdd215/traits" status: 200 len: 2176 microversion: 1.6 [pid: 8|app: 0|req: 500/999] 199.204.45.70 () {34 vars in 889 bytes} [Thu Jul 16 01:37:50 2026] GET /resource_providers/3eb6ee74-6a5f-48da-8632-d7d478bdd215/traits => generated 2176 bytes in 21 msecs (HTTP/1.1 200) 6 headers in 225 bytes (1 switches on core 0)
2026-07-16 01:37:50.248 7 INFO placement.requestlog [req-4e3e8d0c-bb24-4272-8e03-cde682009336 req-396e2380-884c-4abd-8d00-a82b8217aede d62dcd4069084c0abba482df4b295412 38887acbd90d410da644995cdb85fa20 - - 637d8568ce6648adb7782c6b389a080f 637d8568ce6648adb7782c6b389a080f] 199.204.45.70 "GET /resource_providers/3eb6ee74-6a5f-48da-8632-d7d478bdd215/allocations" status: 200 len: 353 microversion: 1.0 [pid: 7|app: 0|req: 500/1000] 199.204.45.70 () {32 vars in 856 bytes} [Thu Jul 16 01:37:50 2026] GET /resource_providers/3eb6ee74-6a5f-48da-8632-d7d478bdd215/allocations => generated 353 bytes in 15 msecs (HTTP/1.1 200) 6 headers in 224 bytes (1 switches on core 0)
2026-07-16 01:37:50.265 8 INFO placement.requestlog [req-4e3e8d0c-bb24-4272-8e03-cde682009336 req-b61c54a3-c205-4bbc-afeb-eee25c47d020 d62dcd4069084c0abba482df4b295412 38887acbd90d410da644995cdb85fa20 - - 637d8568ce6648adb7782c6b389a080f 637d8568ce6648adb7782c6b389a080f] 199.204.45.70 "GET /allocations/c32295d7-f3d3-42c3-b86a-fd0b7f4ee3b0" status: 200 len: 258 microversion: 1.28 [pid: 8|app: 0|req: 501/1001] 199.204.45.70 () {34 vars in 862 bytes} [Thu Jul 16 01:37:50 2026] GET /allocations/c32295d7-f3d3-42c3-b86a-fd0b7f4ee3b0 => generated 258 bytes in 13 msecs (HTTP/1.1 200) 8 headers in 296 bytes (1 switches on core 0)
2026-07-16 01:37:50.283 7 INFO placement.requestlog [req-4e3e8d0c-bb24-4272-8e03-cde682009336 req-f84b2cd6-696c-40bd-83fe-50ac7703d5fe d62dcd4069084c0abba482df4b295412 38887acbd90d410da644995cdb85fa20 - - 637d8568ce6648adb7782c6b389a080f 637d8568ce6648adb7782c6b389a080f] 199.204.45.70 "GET /allocations/d4122166-fe5d-488b-af11-59d446543cb5" status: 200 len: 258 microversion: 1.28 [pid: 7|app: 0|req: 501/1002] 199.204.45.70 () {34 vars in 862 bytes} [Thu Jul 16 01:37:50 2026] GET /allocations/d4122166-fe5d-488b-af11-59d446543cb5 => generated 258 bytes in 12 msecs (HTTP/1.1 200) 8 headers in 296 bytes (1 switches on core 0)
2026-07-16 01:37:50.300 8 INFO placement.requestlog [req-4e3e8d0c-bb24-4272-8e03-cde682009336 req-34fea15e-36fa-4bd7-a208-f994993710ef d62dcd4069084c0abba482df4b295412 38887acbd90d410da644995cdb85fa20 - - 637d8568ce6648adb7782c6b389a080f 637d8568ce6648adb7782c6b389a080f] 199.204.45.70 "GET /allocations/c016d0bd-f4a4-43dd-b315-5ea4744c438e" status: 200 len: 258 microversion: 1.28 [pid: 8|app: 0|req: 502/1003] 199.204.45.70 () {34 vars in 862 bytes} [Thu Jul 16 01:37:50 2026] GET /allocations/c016d0bd-f4a4-43dd-b315-5ea4744c438e => generated 258 bytes in 10 msecs (HTTP/1.1 200) 8 headers in 296 bytes (1 switches on core 0)
2026-07-16 01:37:52.370 7 INFO placement.requestlog [req-130f20da-4bdc-4c6b-a998-2c27959f0d56 req-b640567e-ded0-4dcb-935f-1b580301c870 d62dcd4069084c0abba482df4b295412 38887acbd90d410da644995cdb85fa20 - - 637d8568ce6648adb7782c6b389a080f 637d8568ce6648adb7782c6b389a080f] 199.204.45.70 "GET /resource_providers/3eb6ee74-6a5f-48da-8632-d7d478bdd215/allocations" status: 200 len: 353 microversion: 1.0 [pid: 7|app: 0|req: 502/1004] 199.204.45.70 () {32 vars in 856 bytes} [Thu Jul 16 01:37:52 2026] GET /resource_providers/3eb6ee74-6a5f-48da-8632-d7d478bdd215/allocations => generated 353 bytes in 14 msecs (HTTP/1.1 200) 6 headers in 224 bytes (1 switches on core 0)
2026-07-16 01:37:52.391 8 INFO placement.requestlog [req-130f20da-4bdc-4c6b-a998-2c27959f0d56 req-5112dea4-7191-4811-85a2-995b4da3001b d62dcd4069084c0abba482df4b295412 38887acbd90d410da644995cdb85fa20 - - 637d8568ce6648adb7782c6b389a080f 637d8568ce6648adb7782c6b389a080f] 199.204.45.70 "GET /allocations/c32295d7-f3d3-42c3-b86a-fd0b7f4ee3b0" status: 200 len: 258 microversion: 1.28 [pid: 8|app: 0|req: 503/1005] 199.204.45.70 () {34 vars in 862 bytes} [Thu Jul 16 01:37:52 2026] GET /allocations/c32295d7-f3d3-42c3-b86a-fd0b7f4ee3b0 => generated 258 bytes in 14 msecs (HTTP/1.1 200) 8 headers in 296 bytes (1 switches on core 0)
2026-07-16 01:37:52.406 7 INFO placement.requestlog [req-130f20da-4bdc-4c6b-a998-2c27959f0d56 req-30bd0153-6442-4ab5-ac76-0dcd9dda5b84 d62dcd4069084c0abba482df4b295412 38887acbd90d410da644995cdb85fa20 - - 637d8568ce6648adb7782c6b389a080f 637d8568ce6648adb7782c6b389a080f] 199.204.45.70 "GET /allocations/d4122166-fe5d-488b-af11-59d446543cb5" status: 200 len: 258 microversion: 1.28 [pid: 7|app: 0|req: 503/1006] 199.204.45.70 () {34 vars in 862 bytes} [Thu Jul 16 01:37:52 2026] GET /allocations/d4122166-fe5d-488b-af11-59d446543cb5 => generated 258 bytes in 11 msecs (HTTP/1.1 200) 8 headers in 296 bytes (1 switches on core 0)
2026-07-16 01:37:52.423 8 INFO placement.requestlog [req-130f20da-4bdc-4c6b-a998-2c27959f0d56 req-8765fb25-7335-4115-a49d-a574ed8606dc d62dcd4069084c0abba482df4b295412 38887acbd90d410da644995cdb85fa20 - - 637d8568ce6648adb7782c6b389a080f 637d8568ce6648adb7782c6b389a080f] 199.204.45.70 "GET /allocations/c016d0bd-f4a4-43dd-b315-5ea4744c438e" status: 200 len: 258 microversion: 1.28 [pid: 8|app: 0|req: 504/1007] 199.204.45.70 () {34 vars in 862 bytes} [Thu Jul 16 01:37:52 2026] GET /allocations/c016d0bd-f4a4-43dd-b315-5ea4744c438e => generated 258 bytes in 12 msecs (HTTP/1.1 200) 8 headers in 296 bytes (1 switches on core 0)
2026-07-16 01:37:55.524 7 INFO placement.requestlog [None req-c207885c-3a3b-4431-8bf3-8d8d0415f5c2 - - - - - -] 10.0.0.178 "GET /" status: 200 len: 136 microversion: 1.0
2026-07-16 01:37:55.524 8 INFO placement.requestlog [None req-f8d9f2ca-771d-495c-ac82-ce4dd9638422 - - - - - -] 10.0.0.178 "GET /" status: 200 len: 136 microversion: 1.0
2026-07-16 01:37:55.943 8 INFO placement.requestlog [None req-98602000-594d-4f87-b437-875f4dfb5f5e 154224313fd6482099b8ae07ae173d20 38887acbd90d410da644995cdb85fa20 - - 637d8568ce6648adb7782c6b389a080f 637d8568ce6648adb7782c6b389a080f] 10.0.0.113 "GET /resource_providers/6fbea647-31d4-404d-85a7-7bac20562006/aggregates" status: 404 len: 235 microversion: 1.1 [pid: 8|app: 0|req: 506/1010] 10.0.0.113 () {32 vars in 816 bytes} [Thu Jul 16 01:37:55 2026] GET /resource_providers/6fbea647-31d4-404d-85a7-7bac20562006/aggregates => generated 235 bytes in 16 msecs (HTTP/1.1 404) 5 headers in 202 bytes (1 switches on core 0)
2026-07-16 01:37:55.944 7 INFO placement.requestlog [None req-25cbc13e-ac6d-483e-bd62-3800a072ea3d 154224313fd6482099b8ae07ae173d20 38887acbd90d410da644995cdb85fa20 - - 637d8568ce6648adb7782c6b389a080f 637d8568ce6648adb7782c6b389a080f] 10.0.0.113 "GET /resource_providers/6fbea647-31d4-404d-85a7-7bac20562006/aggregates" status: 404 len: 235 microversion: 1.1 [pid: 7|app: 0|req: 505/1011] 10.0.0.113 () {32 vars in 816 bytes} [Thu Jul 16 01:37:55 2026] GET /resource_providers/6fbea647-31d4-404d-85a7-7bac20562006/aggregates => generated 235 bytes in 8 msecs (HTTP/1.1 404) 5 headers in 202 bytes (1 switches on core 0)
2026-07-16 01:37:55.971 8 INFO placement.requestlog [None req-9d24309c-2b66-4692-90be-35b739dc3af1 154224313fd6482099b8ae07ae173d20 38887acbd90d410da644995cdb85fa20 - - 637d8568ce6648adb7782c6b389a080f 637d8568ce6648adb7782c6b389a080f] 10.0.0.113 "DELETE /resource_providers/6fbea647-31d4-404d-85a7-7bac20562006" status: 404 len: 246 microversion: 1.1 [pid: 8|app: 0|req: 507/1012] 10.0.0.113 () {34 vars in 816 bytes} [Thu Jul 16 01:37:55 2026] DELETE /resource_providers/6fbea647-31d4-404d-85a7-7bac20562006 => generated 246 bytes in 8 msecs (HTTP/1.1 404) 6 headers in 231 bytes (1 switches on core 0)
2026-07-16 01:37:55.977 7 INFO placement.requestlog [None req-47213f6f-73f0-44d8-9d35-aab711e59a4d 154224313fd6482099b8ae07ae173d20 38887acbd90d410da644995cdb85fa20 - - 637d8568ce6648adb7782c6b389a080f 637d8568ce6648adb7782c6b389a080f] 10.0.0.113 "DELETE /resource_providers/6fbea647-31d4-404d-85a7-7bac20562006" status: 404 len: 246 microversion: 1.1 [pid: 7|app: 0|req: 506/1013] 10.0.0.113 () {34 vars in 816 bytes} [Thu Jul 16 01:37:55 2026] DELETE /resource_providers/6fbea647-31d4-404d-85a7-7bac20562006 => generated 246 bytes in 13 msecs (HTTP/1.1 404) 6 headers in 231 bytes (1 switches on core 0)
2026-07-16 01:37:57.998 8 INFO placement.requestlog [req-34678b0a-eb3d-465e-baf8-0e42c82f7c95 req-5c46a92e-e0c9-4b82-acfe-36eb86d6083f d62dcd4069084c0abba482df4b295412 38887acbd90d410da644995cdb85fa20 - - 637d8568ce6648adb7782c6b389a080f 637d8568ce6648adb7782c6b389a080f] 10.0.0.139 "GET /allocation_candidates?limit=1000&resources=DISK_GB%3A1%2CMEMORY_MB%3A512%2CVCPU%3A1&root_required=%21COMPUTE_STATUS_DISABLED" status: 200 len: 2643 microversion: 1.36 [pid: 8|app: 0|req: 508/1014] 10.0.0.139 () {34 vars in 1012 bytes} [Thu Jul 16 01:37:57 2026] GET /allocation_candidates?limit=1000&resources=DISK_GB%3A1%2CMEMORY_MB%3A512%2CVCPU%3A1&root_required=%21COMPUTE_STATUS_DISABLED => generated 2643 bytes in 47 msecs (HTTP/1.1 200) 8 headers in 297 bytes (1 switches on core 0)
2026-07-16 01:37:58.025 7 INFO placement.requestlog [req-34678b0a-eb3d-465e-baf8-0e42c82f7c95 req-6cecd2dc-dbdc-49bc-9e1e-1e0670388a73 d62dcd4069084c0abba482df4b295412 38887acbd90d410da644995cdb85fa20 - - 637d8568ce6648adb7782c6b389a080f 637d8568ce6648adb7782c6b389a080f] 10.0.0.139 "GET /allocations/ba989630-12dc-478b-83d2-f8e69cb87b89" status: 200 len: 19 microversion: 1.28 [pid: 7|app: 0|req: 507/1015] 10.0.0.139 () {34 vars in 861 bytes} [Thu Jul 16 01:37:58 2026] GET /allocations/ba989630-12dc-478b-83d2-f8e69cb87b89 => generated 19 bytes in 10 msecs (HTTP/1.1 200) 8 headers in 295 bytes (1 switches on core 0)
2026-07-16 01:37:58.087 8 INFO placement.requestlog [req-34678b0a-eb3d-465e-baf8-0e42c82f7c95 req-325364b1-c818-4e47-ab26-819bcd0e3f30 d62dcd4069084c0abba482df4b295412 38887acbd90d410da644995cdb85fa20 - - 637d8568ce6648adb7782c6b389a080f 637d8568ce6648adb7782c6b389a080f] 10.0.0.139 "PUT /allocations/ba989630-12dc-478b-83d2-f8e69cb87b89" status: 204 len: 0 microversion: 1.36 [pid: 8|app: 0|req: 509/1016] 10.0.0.139 () {38 vars in 914 bytes} [Thu Jul 16 01:37:58 2026] PUT /allocations/ba989630-12dc-478b-83d2-f8e69cb87b89 => generated 0 bytes in 55 msecs (HTTP/1.1 204) 5 headers in 199 bytes (1 switches on core 0)
2026-07-16 01:37:59.576 7 INFO placement.requestlog [req-34678b0a-eb3d-465e-baf8-0e42c82f7c95 req-84a0a311-1a69-4036-a31c-ab58a9f7ca41 d62dcd4069084c0abba482df4b295412 38887acbd90d410da644995cdb85fa20 - - 637d8568ce6648adb7782c6b389a080f 637d8568ce6648adb7782c6b389a080f] 199.204.45.70 "GET /allocations/ba989630-12dc-478b-83d2-f8e69cb87b89" status: 200 len: 258 microversion: 1.28 [pid: 7|app: 0|req: 508/1017] 199.204.45.70 () {34 vars in 862 bytes} [Thu Jul 16 01:37:59 2026] GET /allocations/ba989630-12dc-478b-83d2-f8e69cb87b89 => generated 258 bytes in 14 msecs (HTTP/1.1 200) 8 headers in 296 bytes (1 switches on core 0)
2026-07-16 01:38:00.639 8 INFO placement.requestlog [req-34678b0a-eb3d-465e-baf8-0e42c82f7c95 req-b0964210-3cb0-4efa-982f-1f38727f55a8 d62dcd4069084c0abba482df4b295412 38887acbd90d410da644995cdb85fa20 - - 637d8568ce6648adb7782c6b389a080f 637d8568ce6648adb7782c6b389a080f] 199.204.45.70 "GET /resource_providers/3eb6ee74-6a5f-48da-8632-d7d478bdd215/allocations" status: 200 len: 453 microversion: 1.0 [pid: 8|app: 0|req: 510/1018] 199.204.45.70 () {32 vars in 856 bytes} [Thu Jul 16 01:38:00 2026] GET /resource_providers/3eb6ee74-6a5f-48da-8632-d7d478bdd215/allocations => generated 453 bytes in 39 msecs (HTTP/1.1 200) 6 headers in 224 bytes (1 switches on core 0)
2026-07-16 01:38:00.668 7 INFO placement.requestlog [req-34678b0a-eb3d-465e-baf8-0e42c82f7c95 req-3ad8cfbd-8e4c-45c3-9a2f-28304586e2f9 d62dcd4069084c0abba482df4b295412 38887acbd90d410da644995cdb85fa20 - - 637d8568ce6648adb7782c6b389a080f 637d8568ce6648adb7782c6b389a080f] 199.204.45.70 "GET /allocations/c32295d7-f3d3-42c3-b86a-fd0b7f4ee3b0" status: 200 len: 258 microversion: 1.28 [pid: 7|app: 0|req: 509/1019] 199.204.45.70 () {34 vars in 862 bytes} [Thu Jul 16 01:38:00 2026] GET /allocations/c32295d7-f3d3-42c3-b86a-fd0b7f4ee3b0 => generated 258 bytes in 21 msecs (HTTP/1.1 200) 8 headers in 296 bytes (1 switches on core 0)
2026-07-16 01:38:00.690 8 INFO placement.requestlog [req-34678b0a-eb3d-465e-baf8-0e42c82f7c95 req-d3fba60d-0d5f-4f1a-8ab3-1ef0ef3795f4 d62dcd4069084c0abba482df4b295412 38887acbd90d410da644995cdb85fa20 - - 637d8568ce6648adb7782c6b389a080f 637d8568ce6648adb7782c6b389a080f] 199.204.45.70 "GET /allocations/d4122166-fe5d-488b-af11-59d446543cb5" status: 200 len: 258 microversion: 1.28 [pid: 8|app: 0|req: 511/1020] 199.204.45.70 () {34 vars in 862 bytes} [Thu Jul 16 01:38:00 2026] GET /allocations/d4122166-fe5d-488b-af11-59d446543cb5 => generated 258 bytes in 11 msecs (HTTP/1.1 200) 8 headers in 296 bytes (1 switches on core 0)
2026-07-16 01:38:00.707 7 INFO placement.requestlog [req-34678b0a-eb3d-465e-baf8-0e42c82f7c95 req-004074d0-a4e4-4707-9fa6-e764ab67dd21 d62dcd4069084c0abba482df4b295412 38887acbd90d410da644995cdb85fa20 - - 637d8568ce6648adb7782c6b389a080f 637d8568ce6648adb7782c6b389a080f] 199.204.45.70 "GET /allocations/ba989630-12dc-478b-83d2-f8e69cb87b89" status: 200 len: 258 microversion: 1.28 [pid: 7|app: 0|req: 510/1021] 199.204.45.70 () {34 vars in 862 bytes} [Thu Jul 16 01:38:00 2026] GET /allocations/ba989630-12dc-478b-83d2-f8e69cb87b89 => generated 258 bytes in 13 msecs (HTTP/1.1 200) 8 headers in 296 bytes (1 switches on core 0)
2026-07-16 01:38:00.728 8 INFO placement.requestlog [req-34678b0a-eb3d-465e-baf8-0e42c82f7c95 req-4975d8a7-0506-4df4-bc03-006a83385878 d62dcd4069084c0abba482df4b295412 38887acbd90d410da644995cdb85fa20 - - 637d8568ce6648adb7782c6b389a080f 637d8568ce6648adb7782c6b389a080f] 199.204.45.70 "GET /allocations/c016d0bd-f4a4-43dd-b315-5ea4744c438e" status: 200 len: 258 microversion: 1.28 [pid: 8|app: 0|req: 512/1022] 199.204.45.70 () {34 vars in 862 bytes} [Thu Jul 16 01:38:00 2026] GET /allocations/c016d0bd-f4a4-43dd-b315-5ea4744c438e => generated 258 bytes in 15 msecs (HTTP/1.1 200) 8 headers in 296 bytes (1 switches on core 0)
