2026-07-21 14:33:18.412 9 WARNING neutron.scheduler.dhcp_agent_scheduler [None req-6b651ee2-6434-46fe-b0ad-a51b28c8e83c 22b8d03ca755478fbe635c7b9fead981 21cc0c8670db47b69b5a41f202a32078 - - default default] No more DHCP agents
2026-07-21 14:33:18.417 9 WARNING neutron.api.rpc.agentnotifiers.dhcp_rpc_agent_api [None req-6b651ee2-6434-46fe-b0ad-a51b28c8e83c 22b8d03ca755478fbe635c7b9fead981 21cc0c8670db47b69b5a41f202a32078 - - default default] Unable to schedule network c5c9f7d0-9c77-4700-846a-20c3c4ade780: no agents available; will retry on subsequent port and subnet creation events.
2026-07-21 14:33:18.502 9 INFO neutron.db.ovn_revision_numbers_db [None req-e9404191-9af1-4f5b-a32b-a97a03bd57af 863af0818c9547f8a7f636a612bc162c 91ce2bcc92c44cdb98a7d382262242d9 - - default default] Successfully bumped revision number for resource ba6a1e3f-4905-4eb2-983a-ff976afc240c (type: security_groups) to 1
2026-07-21 14:33:18.516 9 INFO neutron.db.ovn_revision_numbers_db [None req-6b651ee2-6434-46fe-b0ad-a51b28c8e83c 22b8d03ca755478fbe635c7b9fead981 21cc0c8670db47b69b5a41f202a32078 - - default default] Successfully bumped revision number for resource bf912046-21b2-40ac-91a7-4aed77eddd45 (type: ports) to 1
2026-07-21 14:33:18.520 9 INFO neutron.db.ovn_revision_numbers_db [None req-e9404191-9af1-4f5b-a32b-a97a03bd57af 863af0818c9547f8a7f636a612bc162c 91ce2bcc92c44cdb98a7d382262242d9 - - default default] Successfully bumped revision number for resource 73c0768d-7bc7-49ef-9b70-b74916b859cd (type: security_group_rules) to 0
2026-07-21 14:33:18.538 9 INFO neutron.db.ovn_revision_numbers_db [None req-e9404191-9af1-4f5b-a32b-a97a03bd57af 863af0818c9547f8a7f636a612bc162c 91ce2bcc92c44cdb98a7d382262242d9 - - default default] Successfully bumped revision number for resource 7c0249dc-bd2f-4ba7-85b5-7d55477ae8f6 (type: security_group_rules) to 0
2026-07-21 14:33:18.548 9 INFO neutron.wsgi [None req-6b651ee2-6434-46fe-b0ad-a51b28c8e83c 22b8d03ca755478fbe635c7b9fead981 21cc0c8670db47b69b5a41f202a32078 - - default default] 10.0.0.21 "POST /v2.0/networks HTTP/1.1" status: 201 len: 848 time: 0.7728617
2026-07-21 14:33:18.562 10 WARNING neutron_lib.context [None req-59f95db9-8c29-4c16-845f-030867026929 22b8d03ca755478fbe635c7b9fead981 21cc0c8670db47b69b5a41f202a32078 - - default default] Method 'is_advsvc' is deprecated since 2023.2 release (neutron-lib 3.8.0) and will be removed once support for the old RBAC API policies will be removed from Neutron. Please use method 'is_service_role' instead.
2026-07-21 14:33:18.567 9 INFO neutron.wsgi [None req-e9404191-9af1-4f5b-a32b-a97a03bd57af 863af0818c9547f8a7f636a612bc162c 91ce2bcc92c44cdb98a7d382262242d9 - - default default] 10.0.0.21 "POST /v2.0/security-groups HTTP/1.1" status: 201 len: 1825 time: 0.2584941
2026-07-21 14:33:18.577 10 WARNING neutron_lib.context [None req-fee9aef2-80ee-4f0b-ae24-b74b0d57aab2 863af0818c9547f8a7f636a612bc162c 91ce2bcc92c44cdb98a7d382262242d9 - - default default] Method 'is_advsvc' is deprecated since 2023.2 release (neutron-lib 3.8.0) and will be removed once support for the old RBAC API policies will be removed from Neutron. Please use method 'is_service_role' instead.
2026-07-21 14:33:18.615 10 WARNING neutron_lib.context [None req-59f95db9-8c29-4c16-845f-030867026929 22b8d03ca755478fbe635c7b9fead981 21cc0c8670db47b69b5a41f202a32078 - - default default] Method 'is_advsvc' is deprecated since 2023.2 release (neutron-lib 3.8.0) and will be removed once support for the old RBAC API policies will be removed from Neutron. Please use method 'is_service_role' instead.
2026-07-21 14:33:18.626 9 INFO neutron.wsgi [req-bfc184c8-0ae9-406a-81cd-74b61b58ee78 req-f872a582-1100-4f76-b1d8-cfe5cf4930d6 26c8041311e3417ebb5bf0e454265b92 fef6e08ae06346158b58621bd1cb1334 - - default default] 10.0.0.39 "GET /v2.0/ports?device_id=d367f3cf-afdf-4dd2-b071-0015f2a2560a HTTP/1.1" status: 200 len: 210 time: 0.0268486
2026-07-21 14:33:18.802 10 INFO neutron.db.ovn_revision_numbers_db [None req-fee9aef2-80ee-4f0b-ae24-b74b0d57aab2 863af0818c9547f8a7f636a612bc162c 91ce2bcc92c44cdb98a7d382262242d9 - - default default] Successfully bumped revision number for resource 363aa03a-eb81-410a-9c5a-6553f8708772 (type: security_group_rules) to 0
2026-07-21 14:33:18.863 10 INFO neutron.wsgi [None req-fee9aef2-80ee-4f0b-ae24-b74b0d57aab2 863af0818c9547f8a7f636a612bc162c 91ce2bcc92c44cdb98a7d382262242d9 - - default default] 10.0.0.21 "POST /v2.0/security-group-rules HTTP/1.1" status: 201 len: 800 time: 0.2902634
2026-07-21 14:33:18.902 9 INFO neutron.wsgi [None req-660bbfe9-cffb-495e-9a19-9588d323158d 863af0818c9547f8a7f636a612bc162c 91ce2bcc92c44cdb98a7d382262242d9 - - default default] 10.0.0.21 "GET /v2.0/security-group-rules/363aa03a-eb81-410a-9c5a-6553f8708772 HTTP/1.1" status: 200 len: 795 time: 0.0335507
2026-07-21 14:33:18.966 10 INFO neutron.db.ovn_revision_numbers_db [None req-a38d44c2-6ee1-4677-aa1e-fd7265a9168a aaf09a7d266440efab2f57dbd6c53e17 ff887c7d10544a709fad9c928a959a91 - - default default] Successfully bumped revision number for resource 24b9eb9f-a35d-4dde-9dae-3537d0e6766d (type: security_groups) to 1
2026-07-21 14:33:18.990 10 INFO neutron.db.ovn_revision_numbers_db [None req-a38d44c2-6ee1-4677-aa1e-fd7265a9168a aaf09a7d266440efab2f57dbd6c53e17 ff887c7d10544a709fad9c928a959a91 - - default default] Successfully bumped revision number for resource 18ccb5d6-2086-47d2-bb8f-484632826463 (type: security_group_rules) to 0
2026-07-21 14:33:19.013 9 INFO neutron.wsgi [None req-a5fa4621-7a22-4ba8-a2ed-76a04cc7eacb 863af0818c9547f8a7f636a612bc162c 91ce2bcc92c44cdb98a7d382262242d9 - - default default] 10.0.0.21 "GET /v2.0/security-group-rules HTTP/1.1" status: 200 len: 4333 time: 0.1044436
2026-07-21 14:33:19.015 10 INFO neutron.db.ovn_revision_numbers_db [None req-a38d44c2-6ee1-4677-aa1e-fd7265a9168a aaf09a7d266440efab2f57dbd6c53e17 ff887c7d10544a709fad9c928a959a91 - - default default] Successfully bumped revision number for resource 33f6ee12-f565-4474-aa9a-e53ea2261139 (type: security_group_rules) to 0
2026-07-21 14:33:19.038 10 INFO neutron.db.ovn_revision_numbers_db [None req-a38d44c2-6ee1-4677-aa1e-fd7265a9168a aaf09a7d266440efab2f57dbd6c53e17 ff887c7d10544a709fad9c928a959a91 - - default default] Successfully bumped revision number for resource 501e4124-5a86-4855-b3da-83dc04c45c86 (type: security_group_rules) to 0
2026-07-21 14:33:19.063 10 INFO neutron.db.ovn_revision_numbers_db [None req-a38d44c2-6ee1-4677-aa1e-fd7265a9168a aaf09a7d266440efab2f57dbd6c53e17 ff887c7d10544a709fad9c928a959a91 - - default default] Successfully bumped revision number for resource a83b18bb-6742-4f60-afcf-dde3c7e9d19f (type: security_group_rules) to 0
2026-07-21 14:33:19.127 10 INFO neutron.db.segments_db [None req-a38d44c2-6ee1-4677-aa1e-fd7265a9168a aaf09a7d266440efab2f57dbd6c53e17 ff887c7d10544a709fad9c928a959a91 - - default default] Added segment 16fa67c7-ba95-4ffc-8461-a9fe68e65194 of type geneve for network 72bf99f7-d984-4924-b642-be1f225389f7
2026-07-21 14:33:19.190 9 INFO neutron.wsgi [None req-7136cde6-a42d-4ec7-baf9-d720131cde7b 863af0818c9547f8a7f636a612bc162c 91ce2bcc92c44cdb98a7d382262242d9 - - default default] 10.0.0.21 "DELETE /v2.0/security-group-rules/363aa03a-eb81-410a-9c5a-6553f8708772 HTTP/1.1" status: 204 len: 168 time: 0.1712947
2026-07-21 14:33:19.257 9 INFO neutron.wsgi [None req-2ccb54ff-9370-4329-876f-05767e670993 863af0818c9547f8a7f636a612bc162c 91ce2bcc92c44cdb98a7d382262242d9 - - default default] 10.0.0.21 "GET /v2.0/security-group-rules HTTP/1.1" status: 200 len: 3755 time: 0.0630660 /var/lib/openstack/lib/python3.10/site-packages/pycadf/identifier.py:71: UserWarning: Invalid uuid: neutron. To ensure interoperability, identifiers should be a valid uuid. warnings.warn(('Invalid uuid: %s. To ensure interoperability, '
2026-07-21 14:33:19.278 10 WARNING neutron_lib.context [None req-1fd25f06-6a7b-4a2f-90b2-09de1dafc9c6 863af0818c9547f8a7f636a612bc162c 91ce2bcc92c44cdb98a7d382262242d9 - - default default] Method 'is_advsvc' is deprecated since 2023.2 release (neutron-lib 3.8.0) and will be removed once support for the old RBAC API policies will be removed from Neutron. Please use method 'is_service_role' instead.
2026-07-21 14:33:19.327 10 WARNING neutron.scheduler.dhcp_agent_scheduler [None req-59f95db9-8c29-4c16-845f-030867026929 22b8d03ca755478fbe635c7b9fead981 21cc0c8670db47b69b5a41f202a32078 - - default default] No more DHCP agents
2026-07-21 14:33:19.334 10 WARNING neutron.api.rpc.agentnotifiers.dhcp_rpc_agent_api [None req-59f95db9-8c29-4c16-845f-030867026929 22b8d03ca755478fbe635c7b9fead981 21cc0c8670db47b69b5a41f202a32078 - - default default] Unable to schedule network 7e739396-ae85-4a95-a48d-d120f9c9f709: no agents available; will retry on subsequent port and subnet creation events.
2026-07-21 14:33:19.352 10 INFO neutron.db.ovn_revision_numbers_db [None req-a38d44c2-6ee1-4677-aa1e-fd7265a9168a aaf09a7d266440efab2f57dbd6c53e17 ff887c7d10544a709fad9c928a959a91 - - default default] Successfully bumped revision number for resource 72bf99f7-d984-4924-b642-be1f225389f7 (type: networks) to 1
2026-07-21 14:33:19.409 9 INFO neutron.wsgi [req-f96882b8-201a-4411-acfc-5b14a39efb0b req-8807911a-ad14-4c12-b9c5-5aad9da6dc9a 26c8041311e3417ebb5bf0e454265b92 fef6e08ae06346158b58621bd1cb1334 - - default default] 199.204.45.129 "GET /v2.0/networks?id=2ab74df5-3216-426e-accd-b4829fcfd09c HTTP/1.1" status: 200 len: 878 time: 0.0820324
2026-07-21 14:33:19.483 9 INFO neutron.wsgi [req-f96882b8-201a-4411-acfc-5b14a39efb0b req-f6d5ca6d-a5dc-4c11-92d0-e90ff7a5d039 26c8041311e3417ebb5bf0e454265b92 fef6e08ae06346158b58621bd1cb1334 - - default default] 199.204.45.129 "GET /v2.0/security-groups?fields=id&fields=name&tenant_id=fef6e08ae06346158b58621bd1cb1334 HTTP/1.1" status: 200 len: 380 time: 0.0680740
2026-07-21 14:33:19.486 10 INFO neutron.db.ovn_revision_numbers_db [None req-59f95db9-8c29-4c16-845f-030867026929 22b8d03ca755478fbe635c7b9fead981 21cc0c8670db47b69b5a41f202a32078 - - default default] Successfully bumped revision number for resource 0d49b96d-ebed-481c-a2ac-7a211d555a04 (type: ports) to 1
2026-07-21 14:33:19.499 9 WARNING neutron_lib.context [req-f96882b8-201a-4411-acfc-5b14a39efb0b req-586ea7d7-80b9-48db-94d2-baeee382cdbc 26c8041311e3417ebb5bf0e454265b92 fef6e08ae06346158b58621bd1cb1334 - - default default] Method 'is_advsvc' is deprecated since 2023.2 release (neutron-lib 3.8.0) and will be removed once support for the old RBAC API policies will be removed from Neutron. Please use method 'is_service_role' instead.
2026-07-21 14:33:19.546 10 WARNING neutron.scheduler.dhcp_agent_scheduler [None req-59f95db9-8c29-4c16-845f-030867026929 22b8d03ca755478fbe635c7b9fead981 21cc0c8670db47b69b5a41f202a32078 - - default default] No more DHCP agents
2026-07-21 14:33:19.551 10 WARNING neutron.api.rpc.agentnotifiers.dhcp_rpc_agent_api [None req-59f95db9-8c29-4c16-845f-030867026929 22b8d03ca755478fbe635c7b9fead981 21cc0c8670db47b69b5a41f202a32078 - - default default] Unable to schedule network c5c9f7d0-9c77-4700-846a-20c3c4ade780: no agents available; will retry on subsequent port and subnet creation events.
2026-07-21 14:33:19.565 10 INFO neutron.db.ovn_revision_numbers_db [None req-1fd25f06-6a7b-4a2f-90b2-09de1dafc9c6 863af0818c9547f8a7f636a612bc162c 91ce2bcc92c44cdb98a7d382262242d9 - - default default] Successfully bumped revision number for resource 5218ed39-f1fb-4ff1-a221-27617a896287 (type: security_group_rules) to 0
2026-07-21 14:33:19.618 10 INFO neutron.wsgi [None req-1fd25f06-6a7b-4a2f-90b2-09de1dafc9c6 863af0818c9547f8a7f636a612bc162c 91ce2bcc92c44cdb98a7d382262242d9 - - default default] 10.0.0.21 "POST /v2.0/security-group-rules HTTP/1.1" status: 201 len: 800 time: 0.3541176 /var/lib/openstack/lib/python3.10/site-packages/pycadf/identifier.py:71: UserWarning: Invalid uuid: neutron. To ensure interoperability, identifiers should be a valid uuid. warnings.warn(('Invalid uuid: %s. To ensure interoperability, '
2026-07-21 14:33:19.667 10 INFO neutron.wsgi [None req-a933689b-70da-40fb-9453-e975411250fb 863af0818c9547f8a7f636a612bc162c 91ce2bcc92c44cdb98a7d382262242d9 - - default default] 10.0.0.21 "GET /v2.0/security-group-rules/5218ed39-f1fb-4ff1-a221-27617a896287 HTTP/1.1" status: 200 len: 795 time: 0.0401337
2026-07-21 14:33:19.681 10 WARNING neutron.scheduler.dhcp_agent_scheduler [None req-a38d44c2-6ee1-4677-aa1e-fd7265a9168a aaf09a7d266440efab2f57dbd6c53e17 ff887c7d10544a709fad9c928a959a91 - - default default] No more DHCP agents
2026-07-21 14:33:19.684 10 INFO neutron.db.ovn_revision_numbers_db [None req-59f95db9-8c29-4c16-845f-030867026929 22b8d03ca755478fbe635c7b9fead981 21cc0c8670db47b69b5a41f202a32078 - - default default] Successfully bumped revision number for resource c1812942-eec2-4648-94ef-76e573ce5a83 (type: ports) to 1
2026-07-21 14:33:19.686 10 WARNING neutron.api.rpc.agentnotifiers.dhcp_rpc_agent_api [None req-a38d44c2-6ee1-4677-aa1e-fd7265a9168a aaf09a7d266440efab2f57dbd6c53e17 ff887c7d10544a709fad9c928a959a91 - - default default] Unable to schedule network 72bf99f7-d984-4924-b642-be1f225389f7: no agents available; will retry on subsequent port and subnet creation events.
2026-07-21 14:33:19.726 9 INFO neutron.wsgi [req-699b8014-6665-479c-b085-e264cd0f13d8 req-9bf37aff-3fd9-4f7a-bd97-6863f1ff21b8 26c8041311e3417ebb5bf0e454265b92 fef6e08ae06346158b58621bd1cb1334 - - default default] 10.0.0.39 "GET /v2.0/ports?device_id=d367f3cf-afdf-4dd2-b071-0015f2a2560a HTTP/1.1" status: 200 len: 210 time: 0.0283766
2026-07-21 14:33:19.730 10 INFO neutron.wsgi [None req-59f95db9-8c29-4c16-845f-030867026929 22b8d03ca755478fbe635c7b9fead981 21cc0c8670db47b69b5a41f202a32078 - - default default] 10.0.0.21 "POST /v2.0/ports HTTP/1.1" status: 201 len: 1705 time: 1.1752694
2026-07-21 14:33:19.787 9 INFO neutron.wsgi [None req-3249e420-400e-4d42-939b-e22096a5652a 863af0818c9547f8a7f636a612bc162c 91ce2bcc92c44cdb98a7d382262242d9 - - default default] 10.0.0.21 "GET /v2.0/security-group-rules HTTP/1.1" status: 200 len: 4333 time: 0.1132486
2026-07-21 14:33:19.846 10 INFO neutron.db.ovn_revision_numbers_db [None req-a38d44c2-6ee1-4677-aa1e-fd7265a9168a aaf09a7d266440efab2f57dbd6c53e17 ff887c7d10544a709fad9c928a959a91 - - default default] Successfully bumped revision number for resource 6cf3d261-c7e3-46f1-bcc0-534c38491949 (type: ports) to 1
2026-07-21 14:33:19.881 9 WARNING neutron.scheduler.dhcp_agent_scheduler [req-f96882b8-201a-4411-acfc-5b14a39efb0b req-586ea7d7-80b9-48db-94d2-baeee382cdbc 26c8041311e3417ebb5bf0e454265b92 fef6e08ae06346158b58621bd1cb1334 - - default default] No more DHCP agents
2026-07-21 14:33:19.882 9 WARNING neutron.api.rpc.agentnotifiers.dhcp_rpc_agent_api [req-f96882b8-201a-4411-acfc-5b14a39efb0b req-586ea7d7-80b9-48db-94d2-baeee382cdbc 26c8041311e3417ebb5bf0e454265b92 fef6e08ae06346158b58621bd1cb1334 - - default default] Unable to schedule network 2ab74df5-3216-426e-accd-b4829fcfd09c: no agents available; will retry on subsequent port and subnet creation events.
2026-07-21 14:33:19.900 10 INFO neutron.wsgi [None req-a38d44c2-6ee1-4677-aa1e-fd7265a9168a aaf09a7d266440efab2f57dbd6c53e17 ff887c7d10544a709fad9c928a959a91 - - default default] 10.0.0.21 "POST /v2.0/networks HTTP/1.1" status: 201 len: 947 time: 1.3773291 /var/lib/openstack/lib/python3.10/site-packages/pycadf/identifier.py:71: UserWarning: Invalid uuid: neutron. To ensure interoperability, identifiers should be a valid uuid. warnings.warn(('Invalid uuid: %s. To ensure interoperability, '
2026-07-21 14:33:19.918 10 INFO neutron.wsgi [None req-9807f388-9710-49ab-9f39-59e725929f1f 22b8d03ca755478fbe635c7b9fead981 21cc0c8670db47b69b5a41f202a32078 - - default default] 10.0.0.21 "GET /v2.0/ports HTTP/1.1" status: 200 len: 3212 time: 0.1812005
2026-07-21 14:33:20.014 10 INFO neutron.wsgi [None req-88619351-90d0-4d77-9ee8-233c93df108e 863af0818c9547f8a7f636a612bc162c 91ce2bcc92c44cdb98a7d382262242d9 - - default default] 10.0.0.21 "DELETE /v2.0/security-group-rules/5218ed39-f1fb-4ff1-a221-27617a896287 HTTP/1.1" status: 204 len: 168 time: 0.2219608
2026-07-21 14:33:20.121 9 WARNING neutron.scheduler.dhcp_agent_scheduler [None req-3a9a91a8-5953-4cf5-bedd-2644b9c77945 aaf09a7d266440efab2f57dbd6c53e17 ff887c7d10544a709fad9c928a959a91 - - default default] No more DHCP agents
2026-07-21 14:33:20.125 10 INFO neutron.wsgi [None req-86d7fdb1-036f-4743-a07f-3411ba0fd5fe 863af0818c9547f8a7f636a612bc162c 91ce2bcc92c44cdb98a7d382262242d9 - - default default] 10.0.0.21 "GET /v2.0/security-group-rules HTTP/1.1" status: 200 len: 3755 time: 0.1064880
2026-07-21 14:33:20.126 9 WARNING neutron.api.rpc.agentnotifiers.dhcp_rpc_agent_api [None req-3a9a91a8-5953-4cf5-bedd-2644b9c77945 aaf09a7d266440efab2f57dbd6c53e17 ff887c7d10544a709fad9c928a959a91 - - default default] Unable to schedule network 72bf99f7-d984-4924-b642-be1f225389f7: no agents available; will retry on subsequent port and subnet creation events.
2026-07-21 14:33:20.135 10 WARNING neutron_lib.context [None req-6fe325e3-673e-4ea4-8f0e-822e5183e9dc 863af0818c9547f8a7f636a612bc162c 91ce2bcc92c44cdb98a7d382262242d9 - - default default] Method 'is_advsvc' is deprecated since 2023.2 release (neutron-lib 3.8.0) and will be removed once support for the old RBAC API policies will be removed from Neutron. Please use method 'is_service_role' instead.
2026-07-21 14:33:20.139 9 INFO neutron.db.ovn_revision_numbers_db [req-f96882b8-201a-4411-acfc-5b14a39efb0b req-586ea7d7-80b9-48db-94d2-baeee382cdbc 26c8041311e3417ebb5bf0e454265b92 fef6e08ae06346158b58621bd1cb1334 - - default default] Successfully bumped revision number for resource 0f5d33ef-e078-45d7-900a-cea447c2d11f (type: ports) to 1
2026-07-21 14:33:20.163 9 INFO neutron.wsgi [req-f96882b8-201a-4411-acfc-5b14a39efb0b req-586ea7d7-80b9-48db-94d2-baeee382cdbc 26c8041311e3417ebb5bf0e454265b92 fef6e08ae06346158b58621bd1cb1334 - - default default] 199.204.45.129 "POST /v2.0/ports HTTP/1.1" status: 201 len: 1158 time: 0.6697540
2026-07-21 14:33:20.238 10 INFO neutron.wsgi [None req-8a74d18e-5621-4ed7-b42d-2a3bef96a0ee 22b8d03ca755478fbe635c7b9fead981 21cc0c8670db47b69b5a41f202a32078 - - default default] 10.0.0.21 "DELETE /v2.0/ports/0d49b96d-ebed-481c-a2ac-7a211d555a04 HTTP/1.1" status: 204 len: 168 time: 0.3108957
2026-07-21 14:33:20.328 10 INFO neutron.db.ovn_revision_numbers_db [None req-6fe325e3-673e-4ea4-8f0e-822e5183e9dc 863af0818c9547f8a7f636a612bc162c 91ce2bcc92c44cdb98a7d382262242d9 - - default default] Successfully bumped revision number for resource 3144cab4-cd8d-4634-a65a-7a7aa9be2ff4 (type: security_group_rules) to 0
2026-07-21 14:33:20.361 10 INFO neutron.wsgi [None req-6fe325e3-673e-4ea4-8f0e-822e5183e9dc 863af0818c9547f8a7f636a612bc162c 91ce2bcc92c44cdb98a7d382262242d9 - - default default] 10.0.0.21 "POST /v2.0/security-group-rules HTTP/1.1" status: 201 len: 801 time: 0.2297745
2026-07-21 14:33:20.410 10 INFO neutron.wsgi [None req-f73f8b9e-7bc7-4a11-8af3-ca19cd304659 863af0818c9547f8a7f636a612bc162c 91ce2bcc92c44cdb98a7d382262242d9 - - default default] 10.0.0.21 "GET /v2.0/security-group-rules/3144cab4-cd8d-4634-a65a-7a7aa9be2ff4 HTTP/1.1" status: 200 len: 796 time: 0.0428729
2026-07-21 14:33:20.498 10 INFO neutron.wsgi [None req-328a8c49-2275-4742-94f3-f8cdf429f49b 863af0818c9547f8a7f636a612bc162c 91ce2bcc92c44cdb98a7d382262242d9 - - default default] 10.0.0.21 "GET /v2.0/security-group-rules HTTP/1.1" status: 200 len: 4334 time: 0.0818682
2026-07-21 14:33:20.541 10 INFO neutron.wsgi [-] 10.0.0.250 "GET / HTTP/1.1" status: 200 len: 247 time: 0.0012593
2026-07-21 14:33:20.545 10 INFO neutron.wsgi [-] 10.0.0.250 "GET / HTTP/1.1" status: 200 len: 247 time: 0.0015435
2026-07-21 14:33:20.556 10 INFO neutron.wsgi [None req-38e2ffa1-9f7f-4f7c-bae8-d769dec8059e 22b8d03ca755478fbe635c7b9fead981 21cc0c8670db47b69b5a41f202a32078 - - default default] 10.0.0.21 "DELETE /v2.0/ports/c1812942-eec2-4648-94ef-76e573ce5a83 HTTP/1.1" status: 204 len: 168 time: 0.3100059
2026-07-21 14:33:20.604 10 INFO neutron.wsgi [None req-fc7b002a-7b29-43c5-bcb1-65fce8e7805e 22b8d03ca755478fbe635c7b9fead981 21cc0c8670db47b69b5a41f202a32078 - - default default] 10.0.0.21 "GET /v2.0/ports HTTP/1.1" status: 200 len: 1718 time: 0.0411901
2026-07-21 14:33:20.620 10 WARNING neutron_lib.context [None req-b7abc714-dbc4-444f-9eaa-6a9fa356991d 22b8d03ca755478fbe635c7b9fead981 21cc0c8670db47b69b5a41f202a32078 - - default default] Method 'is_advsvc' is deprecated since 2023.2 release (neutron-lib 3.8.0) and will be removed once support for the old RBAC API policies will be removed from Neutron. Please use method 'is_service_role' instead.
2026-07-21 14:33:20.669 10 INFO neutron.wsgi [None req-9f301591-4e94-40dc-bdf9-34fa5781060e 863af0818c9547f8a7f636a612bc162c 91ce2bcc92c44cdb98a7d382262242d9 - - default default] 10.0.0.21 "DELETE /v2.0/security-group-rules/3144cab4-cd8d-4634-a65a-7a7aa9be2ff4 HTTP/1.1" status: 204 len: 168 time: 0.1643186
2026-07-21 14:33:20.713 10 INFO neutron.db.segments_db [None req-b7abc714-dbc4-444f-9eaa-6a9fa356991d 22b8d03ca755478fbe635c7b9fead981 21cc0c8670db47b69b5a41f202a32078 - - default default] Added segment 48bbb076-aa88-40bc-901a-7088128dce97 of type geneve for network 3d04ae18-2e3d-47c8-822e-c04772052e6d
2026-07-21 14:33:20.733 10 INFO neutron.wsgi [None req-d9ca31c3-31ae-455b-9f6f-6b02472b7bd8 863af0818c9547f8a7f636a612bc162c 91ce2bcc92c44cdb98a7d382262242d9 - - default default] 10.0.0.21 "GET /v2.0/security-group-rules HTTP/1.1" status: 200 len: 3755 time: 0.0588694 /var/lib/openstack/lib/python3.10/site-packages/pycadf/identifier.py:71: UserWarning: Invalid uuid: neutron. To ensure interoperability, identifiers should be a valid uuid. warnings.warn(('Invalid uuid: %s. To ensure interoperability, '
2026-07-21 14:33:20.853 9 INFO neutron.wsgi [req-0c54c663-de83-4cf4-b91b-a7e7738ca5aa req-80ef61c0-a567-4c9a-a856-8b4e262af8f4 26c8041311e3417ebb5bf0e454265b92 fef6e08ae06346158b58621bd1cb1334 - - default default] 10.0.0.39 "GET /v2.0/ports?device_id=d367f3cf-afdf-4dd2-b071-0015f2a2560a HTTP/1.1" status: 200 len: 1168 time: 0.0612032
2026-07-21 14:33:20.866 10 INFO neutron.db.ovn_revision_numbers_db [None req-b7abc714-dbc4-444f-9eaa-6a9fa356991d 22b8d03ca755478fbe635c7b9fead981 21cc0c8670db47b69b5a41f202a32078 - - default default] Successfully bumped revision number for resource 3d04ae18-2e3d-47c8-822e-c04772052e6d (type: networks) to 1
2026-07-21 14:33:20.928 10 INFO neutron.wsgi [None req-291fb04c-d378-4886-a84c-0689c1227012 863af0818c9547f8a7f636a612bc162c 91ce2bcc92c44cdb98a7d382262242d9 - - default default] 10.0.0.21 "DELETE /v2.0/security-groups/ba6a1e3f-4905-4eb2-983a-ff976afc240c HTTP/1.1" status: 204 len: 168 time: 0.1894426
2026-07-21 14:33:20.957 9 INFO neutron.wsgi [req-0c54c663-de83-4cf4-b91b-a7e7738ca5aa req-e4ae53b2-ce13-42e8-b8dc-5287a1c5d369 26c8041311e3417ebb5bf0e454265b92 fef6e08ae06346158b58621bd1cb1334 - - default default] 10.0.0.39 "GET /v2.0/security-groups?id=3b4b7cd7-d4f3-4de3-b3df-2d6a836c3151&fields=id&fields=name HTTP/1.1" status: 200 len: 313 time: 0.0937271
2026-07-21 14:33:20.966 9 INFO neutron.db.ovn_revision_numbers_db [req-f96882b8-201a-4411-acfc-5b14a39efb0b req-7c830d69-6b4b-474c-9bbf-54147761cafe 3a68918bc1234747809bbcab9a8c748a cf209440a3674ffbbee6cfc755d67e31 - - 54de7a9fafb84e02afc76315b903ca50 54de7a9fafb84e02afc76315b903ca50] Successfully bumped revision number for resource 0f5d33ef-e078-45d7-900a-cea447c2d11f (type: ports) to 2
2026-07-21 14:33:20.996 10 INFO neutron.wsgi [None req-8894dd9f-537a-40b8-9671-81ce0ceda7d4 863af0818c9547f8a7f636a612bc162c 91ce2bcc92c44cdb98a7d382262242d9 - - default default] 10.0.0.21 "GET /v2.0/security-groups HTTP/1.1" status: 200 len: 3120 time: 0.0635784
2026-07-21 14:33:21.055 10 INFO neutron.wsgi [None req-0f668cec-ba76-4b40-ba46-faa06553b113 863af0818c9547f8a7f636a612bc162c 91ce2bcc92c44cdb98a7d382262242d9 - - default default] 10.0.0.21 "GET /v2.0/security-groups HTTP/1.1" status: 200 len: 3120 time: 0.0516243
2026-07-21 14:33:21.073 9 INFO neutron.db.ovn_revision_numbers_db [None req-3a9a91a8-5953-4cf5-bedd-2644b9c77945 aaf09a7d266440efab2f57dbd6c53e17 ff887c7d10544a709fad9c928a959a91 - - default default] Successfully bumped revision number for resource 6cf3d261-c7e3-46f1-bcc0-534c38491949 (type: ports) to 2
2026-07-21 14:33:21.090 10 WARNING neutron.scheduler.dhcp_agent_scheduler [None req-b7abc714-dbc4-444f-9eaa-6a9fa356991d 22b8d03ca755478fbe635c7b9fead981 21cc0c8670db47b69b5a41f202a32078 - - default default] No more DHCP agents
2026-07-21 14:33:21.094 10 WARNING neutron.api.rpc.agentnotifiers.dhcp_rpc_agent_api [None req-b7abc714-dbc4-444f-9eaa-6a9fa356991d 22b8d03ca755478fbe635c7b9fead981 21cc0c8670db47b69b5a41f202a32078 - - default default] Unable to schedule network 3d04ae18-2e3d-47c8-822e-c04772052e6d: no agents available; will retry on subsequent port and subnet creation events.
2026-07-21 14:33:21.139 9 INFO neutron.db.ovn_revision_numbers_db [None req-3a9a91a8-5953-4cf5-bedd-2644b9c77945 aaf09a7d266440efab2f57dbd6c53e17 ff887c7d10544a709fad9c928a959a91 - - default default] Successfully bumped revision number for resource 235c5343-5527-421c-b4e5-e2e975b52752 (type: subnets) to 0
2026-07-21 14:33:21.165 9 INFO neutron.wsgi [None req-3a9a91a8-5953-4cf5-bedd-2644b9c77945 aaf09a7d266440efab2f57dbd6c53e17 ff887c7d10544a709fad9c928a959a91 - - default default] 10.0.0.21 "POST /v2.0/subnets HTTP/1.1" status: 201 len: 867 time: 1.2573540
2026-07-21 14:33:21.193 10 INFO neutron.db.ovn_revision_numbers_db [None req-b7abc714-dbc4-444f-9eaa-6a9fa356991d 22b8d03ca755478fbe635c7b9fead981 21cc0c8670db47b69b5a41f202a32078 - - default default] Successfully bumped revision number for resource 76df509e-c37d-438c-80f7-e01eaa602532 (type: ports) to 1
2026-07-21 14:33:21.247 10 INFO neutron.wsgi [None req-b7abc714-dbc4-444f-9eaa-6a9fa356991d 22b8d03ca755478fbe635c7b9fead981 21cc0c8670db47b69b5a41f202a32078 - - default default] 10.0.0.21 "POST /v2.0/networks HTTP/1.1" status: 201 len: 849 time: 0.6328664
2026-07-21 14:33:21.260 10 WARNING neutron_lib.context [None req-f0d441e3-5362-4343-82c4-0f4336e1f535 22b8d03ca755478fbe635c7b9fead981 21cc0c8670db47b69b5a41f202a32078 - - default default] Method 'is_advsvc' is deprecated since 2023.2 release (neutron-lib 3.8.0) and will be removed once support for the old RBAC API policies will be removed from Neutron. Please use method 'is_service_role' instead.
2026-07-21 14:33:21.275 9 INFO neutron.db.ovn_revision_numbers_db [req-f96882b8-201a-4411-acfc-5b14a39efb0b req-7c830d69-6b4b-474c-9bbf-54147761cafe 3a68918bc1234747809bbcab9a8c748a cf209440a3674ffbbee6cfc755d67e31 - - 54de7a9fafb84e02afc76315b903ca50 54de7a9fafb84e02afc76315b903ca50] Successfully bumped revision number for resource 0f5d33ef-e078-45d7-900a-cea447c2d11f (type: ports) to 2
2026-07-21 14:33:21.292 9 INFO neutron.wsgi [req-f96882b8-201a-4411-acfc-5b14a39efb0b req-7c830d69-6b4b-474c-9bbf-54147761cafe 3a68918bc1234747809bbcab9a8c748a cf209440a3674ffbbee6cfc755d67e31 - - 54de7a9fafb84e02afc76315b903ca50 54de7a9fafb84e02afc76315b903ca50] 199.204.45.129 "PUT /v2.0/ports/0f5d33ef-e078-45d7-900a-cea447c2d11f HTTP/1.1" status: 200 len: 1376 time: 1.1160362
2026-07-21 14:33:21.331 9 INFO neutron.notifiers.nova [-] Nova event matching ['req-573255d2-568f-4caf-bd7b-258f27605331'] response: {'name': 'network-changed', 'server_uuid': 'd367f3cf-afdf-4dd2-b071-0015f2a2560a', 'tag': '0f5d33ef-e078-45d7-900a-cea447c2d11f', 'status': 'completed', 'code': 200} /var/lib/openstack/lib/python3.10/site-packages/pycadf/identifier.py:71: UserWarning: Invalid uuid: neutron. To ensure interoperability, identifiers should be a valid uuid. warnings.warn(('Invalid uuid: %s. To ensure interoperability, '
2026-07-21 14:33:21.382 9 INFO neutron.wsgi [req-f96882b8-201a-4411-acfc-5b14a39efb0b req-1fdda6a4-3636-4df1-817e-303e041c0f10 3a68918bc1234747809bbcab9a8c748a cf209440a3674ffbbee6cfc755d67e31 - - 54de7a9fafb84e02afc76315b903ca50 54de7a9fafb84e02afc76315b903ca50] 199.204.45.129 "GET /v2.0/ports?tenant_id=fef6e08ae06346158b58621bd1cb1334&device_id=d367f3cf-afdf-4dd2-b071-0015f2a2560a HTTP/1.1" status: 200 len: 1407 time: 0.0407643
2026-07-21 14:33:21.418 9 INFO neutron.wsgi [req-f96882b8-201a-4411-acfc-5b14a39efb0b req-03b55549-ef34-490a-b100-c33382633ee5 3a68918bc1234747809bbcab9a8c748a cf209440a3674ffbbee6cfc755d67e31 - - 54de7a9fafb84e02afc76315b903ca50 54de7a9fafb84e02afc76315b903ca50] 199.204.45.129 "GET /v2.0/floatingips?fixed_ip_address=10.100.0.8&port_id=0f5d33ef-e078-45d7-900a-cea447c2d11f HTTP/1.1" status: 200 len: 217 time: 0.0286932
2026-07-21 14:33:21.460 9 INFO neutron.wsgi [req-f96882b8-201a-4411-acfc-5b14a39efb0b req-2f5086d4-7d00-4c4d-9ff8-2a438c6491ed 3a68918bc1234747809bbcab9a8c748a cf209440a3674ffbbee6cfc755d67e31 - - 54de7a9fafb84e02afc76315b903ca50 54de7a9fafb84e02afc76315b903ca50] 199.204.45.129 "GET /v2.0/subnets?id=80931ae8-1835-4ef2-a5b0-dbff2563c463 HTTP/1.1" status: 200 len: 872 time: 0.0347328
2026-07-21 14:33:21.490 9 INFO neutron.wsgi [req-f96882b8-201a-4411-acfc-5b14a39efb0b req-d4c452d7-5ec9-4849-812d-062dd12299b1 3a68918bc1234747809bbcab9a8c748a cf209440a3674ffbbee6cfc755d67e31 - - 54de7a9fafb84e02afc76315b903ca50 54de7a9fafb84e02afc76315b903ca50] 199.204.45.129 "GET /v2.0/ports?network_id=2ab74df5-3216-426e-accd-b4829fcfd09c&device_owner=network%3Adhcp HTTP/1.1" status: 200 len: 210 time: 0.0211382
2026-07-21 14:33:21.588 9 INFO neutron.wsgi [req-f96882b8-201a-4411-acfc-5b14a39efb0b req-33ac9ec8-4c3c-4d31-8d52-1a2fd7bfe716 3a68918bc1234747809bbcab9a8c748a cf209440a3674ffbbee6cfc755d67e31 - - 54de7a9fafb84e02afc76315b903ca50 54de7a9fafb84e02afc76315b903ca50] 199.204.45.129 "GET /v2.0/networks/2ab74df5-3216-426e-accd-b4829fcfd09c?fields=segments HTTP/1.1" status: 200 len: 212 time: 0.0915236
2026-07-21 14:33:21.645 10 INFO neutron.db.segments_db [None req-f0d441e3-5362-4343-82c4-0f4336e1f535 22b8d03ca755478fbe635c7b9fead981 21cc0c8670db47b69b5a41f202a32078 - - default default] Added segment 70563eb4-6d68-43de-960e-d88f5fe21376 of type geneve for network 1fdf6e1a-a97f-4f0f-9cfc-7655261e5370
2026-07-21 14:33:21.649 9 INFO neutron.wsgi [req-f96882b8-201a-4411-acfc-5b14a39efb0b req-cad2b812-1e49-4617-a7dc-8de3364d8ef6 3a68918bc1234747809bbcab9a8c748a cf209440a3674ffbbee6cfc755d67e31 - - 54de7a9fafb84e02afc76315b903ca50 54de7a9fafb84e02afc76315b903ca50] 199.204.45.129 "GET /v2.0/networks/2ab74df5-3216-426e-accd-b4829fcfd09c?fields=provider%3Aphysical_network&fields=provider%3Anetwork_type HTTP/1.1" status: 200 len: 277 time: 0.0546854
2026-07-21 14:33:21.741 10 INFO neutron.wsgi [None req-c5a8a0c5-1cc2-47fe-90be-0c2fef09bd7d aaf09a7d266440efab2f57dbd6c53e17 ff887c7d10544a709fad9c928a959a91 - - default default] 10.0.0.21 "GET /v2.0/security-groups?tenant_id=91ce2bcc92c44cdb98a7d382262242d9&name=default HTTP/1.1" status: 200 len: 3120 time: 0.1859198
2026-07-21 14:33:21.754 9 INFO neutron.wsgi [req-51d3b9c3-13c2-47a7-8676-d0600a3387d0 req-0b8cfb80-bc50-4ed6-8c1d-24e6a9a03d8e 3a68918bc1234747809bbcab9a8c748a cf209440a3674ffbbee6cfc755d67e31 - - 54de7a9fafb84e02afc76315b903ca50 54de7a9fafb84e02afc76315b903ca50] 199.204.45.129 "GET /v2.0/ports?tenant_id=fef6e08ae06346158b58621bd1cb1334&device_id=d367f3cf-afdf-4dd2-b071-0015f2a2560a HTTP/1.1" status: 200 len: 1407 time: 0.0470357
2026-07-21 14:33:21.823 9 INFO neutron.wsgi [req-51d3b9c3-13c2-47a7-8676-d0600a3387d0 req-6ec266fd-c6e3-4be8-80ed-24015fc46bb7 3a68918bc1234747809bbcab9a8c748a cf209440a3674ffbbee6cfc755d67e31 - - 54de7a9fafb84e02afc76315b903ca50 54de7a9fafb84e02afc76315b903ca50] 199.204.45.129 "GET /v2.0/networks?id=2ab74df5-3216-426e-accd-b4829fcfd09c HTTP/1.1" status: 200 len: 976 time: 0.0617619
2026-07-21 14:33:21.852 9 INFO neutron.wsgi [req-51d3b9c3-13c2-47a7-8676-d0600a3387d0 req-7c128cbd-1f56-467b-9c9e-dcc7507e6feb 3a68918bc1234747809bbcab9a8c748a cf209440a3674ffbbee6cfc755d67e31 - - 54de7a9fafb84e02afc76315b903ca50 54de7a9fafb84e02afc76315b903ca50] 199.204.45.129 "GET /v2.0/floatingips?fixed_ip_address=10.100.0.8&port_id=0f5d33ef-e078-45d7-900a-cea447c2d11f HTTP/1.1" status: 200 len: 217 time: 0.0226715
2026-07-21 14:33:21.896 9 INFO neutron.wsgi [req-51d3b9c3-13c2-47a7-8676-d0600a3387d0 req-e1bfcac8-3778-4c3c-aee1-3435f979d614 3a68918bc1234747809bbcab9a8c748a cf209440a3674ffbbee6cfc755d67e31 - - 54de7a9fafb84e02afc76315b903ca50 54de7a9fafb84e02afc76315b903ca50] 199.204.45.129 "GET /v2.0/subnets?id=80931ae8-1835-4ef2-a5b0-dbff2563c463 HTTP/1.1" status: 200 len: 872 time: 0.0379441
2026-07-21 14:33:21.904 10 INFO neutron.db.ovn_revision_numbers_db [None req-f0d441e3-5362-4343-82c4-0f4336e1f535 22b8d03ca755478fbe635c7b9fead981 21cc0c8670db47b69b5a41f202a32078 - - default default] Successfully bumped revision number for resource 1fdf6e1a-a97f-4f0f-9cfc-7655261e5370 (type: networks) to 1
2026-07-21 14:33:21.929 9 INFO neutron.wsgi [req-51d3b9c3-13c2-47a7-8676-d0600a3387d0 req-5fabc0cc-5dda-421b-96b3-75a38e9fb597 3a68918bc1234747809bbcab9a8c748a cf209440a3674ffbbee6cfc755d67e31 - - 54de7a9fafb84e02afc76315b903ca50 54de7a9fafb84e02afc76315b903ca50] 199.204.45.129 "GET /v2.0/ports?network_id=2ab74df5-3216-426e-accd-b4829fcfd09c&device_owner=network%3Adhcp HTTP/1.1" status: 200 len: 210 time: 0.0240951
2026-07-21 14:33:22.023 9 INFO neutron.wsgi [req-51d3b9c3-13c2-47a7-8676-d0600a3387d0 req-6ca3788d-45d5-42dc-aed4-0c8047e48d21 3a68918bc1234747809bbcab9a8c748a cf209440a3674ffbbee6cfc755d67e31 - - 54de7a9fafb84e02afc76315b903ca50 54de7a9fafb84e02afc76315b903ca50] 199.204.45.129 "GET /v2.0/networks/2ab74df5-3216-426e-accd-b4829fcfd09c?fields=segments HTTP/1.1" status: 200 len: 212 time: 0.0854368
2026-07-21 14:33:22.109 9 INFO neutron.wsgi [req-bd3d0f7c-a471-419f-a9a4-e2a935f804fa req-e054638d-80a7-48fc-9902-6ca4129f9a15 26c8041311e3417ebb5bf0e454265b92 fef6e08ae06346158b58621bd1cb1334 - - default default] 10.0.0.39 "GET /v2.0/ports?device_id=d367f3cf-afdf-4dd2-b071-0015f2a2560a HTTP/1.1" status: 200 len: 1168 time: 0.0588992
2026-07-21 14:33:22.134 9 INFO neutron.wsgi [req-51d3b9c3-13c2-47a7-8676-d0600a3387d0 req-485a224e-0923-4f0d-b66d-608fa7fdee4c 3a68918bc1234747809bbcab9a8c748a cf209440a3674ffbbee6cfc755d67e31 - - 54de7a9fafb84e02afc76315b903ca50 54de7a9fafb84e02afc76315b903ca50] 199.204.45.129 "GET /v2.0/networks/2ab74df5-3216-426e-accd-b4829fcfd09c?fields=provider%3Aphysical_network&fields=provider%3Anetwork_type HTTP/1.1" status: 200 len: 277 time: 0.1028235
2026-07-21 14:33:22.145 9 INFO neutron.plugins.ml2.drivers.ovn.mech_driver.mech_driver [None req-aa3eab6f-aab2-4c33-95ac-658aadf91c44 - - - - - -] OVN reports status up for port: 0f5d33ef-e078-45d7-900a-cea447c2d11f
2026-07-21 14:33:22.172 10 WARNING neutron.scheduler.dhcp_agent_scheduler [None req-6ce6b235-d3bb-4c2e-82c2-fa5f90f3f1a0 aaf09a7d266440efab2f57dbd6c53e17 ff887c7d10544a709fad9c928a959a91 - - default default] No more DHCP agents
2026-07-21 14:33:22.176 9 INFO neutron.wsgi [req-bd3d0f7c-a471-419f-a9a4-e2a935f804fa req-03ae97e2-3d55-4918-97c6-43a9fd939550 26c8041311e3417ebb5bf0e454265b92 fef6e08ae06346158b58621bd1cb1334 - - default default] 10.0.0.39 "GET /v2.0/security-groups?id=3b4b7cd7-d4f3-4de3-b3df-2d6a836c3151&fields=id&fields=name HTTP/1.1" status: 200 len: 313 time: 0.0591328
2026-07-21 14:33:22.180 9 INFO neutron.plugins.ml2.plugin [None req-aa3eab6f-aab2-4c33-95ac-658aadf91c44 - - - - - -] Attempt 1 to provision port 0f5d33ef-e078-45d7-900a-cea447c2d11f
2026-07-21 14:33:22.189 10 WARNING neutron.api.rpc.agentnotifiers.dhcp_rpc_agent_api [None req-6ce6b235-d3bb-4c2e-82c2-fa5f90f3f1a0 aaf09a7d266440efab2f57dbd6c53e17 ff887c7d10544a709fad9c928a959a91 - - default default] Unable to schedule network 4b3149dc-3d64-47b9-87b8-94a2e620dd09: no agents available; will retry on subsequent port and subnet creation events.
2026-07-21 14:33:22.274 10 WARNING neutron.scheduler.dhcp_agent_scheduler [None req-f0d441e3-5362-4343-82c4-0f4336e1f535 22b8d03ca755478fbe635c7b9fead981 21cc0c8670db47b69b5a41f202a32078 - - default default] No more DHCP agents
2026-07-21 14:33:22.279 10 WARNING neutron.api.rpc.agentnotifiers.dhcp_rpc_agent_api [None req-f0d441e3-5362-4343-82c4-0f4336e1f535 22b8d03ca755478fbe635c7b9fead981 21cc0c8670db47b69b5a41f202a32078 - - default default] Unable to schedule network 1fdf6e1a-a97f-4f0f-9cfc-7655261e5370: no agents available; will retry on subsequent port and subnet creation events.
2026-07-21 14:33:22.348 10 INFO neutron.wsgi [None req-2f0787ae-5e63-4f31-880f-0cb9b8f2da2d aaf09a7d266440efab2f57dbd6c53e17 ff887c7d10544a709fad9c928a959a91 - - default default] 10.0.0.21 "DELETE /v2.0/security-groups/9ec39b0a-4ed0-422e-b8ea-0e0a80b48723 HTTP/1.1" status: 204 len: 168 time: 0.5969999
2026-07-21 14:33:22.418 10 INFO neutron.db.ovn_revision_numbers_db [None req-f0d441e3-5362-4343-82c4-0f4336e1f535 22b8d03ca755478fbe635c7b9fead981 21cc0c8670db47b69b5a41f202a32078 - - default default] Successfully bumped revision number for resource ddef7f44-45a4-4d25-af1e-629ac4939fbc (type: ports) to 1
2026-07-21 14:33:22.434 10 INFO neutron.db.ovn_revision_numbers_db [None req-6ce6b235-d3bb-4c2e-82c2-fa5f90f3f1a0 aaf09a7d266440efab2f57dbd6c53e17 ff887c7d10544a709fad9c928a959a91 - - default default] Successfully bumped revision number for resource 527ad81c-1396-4d79-869e-d884654c3519 (type: ports) to 1
2026-07-21 14:33:22.445 10 INFO neutron.wsgi [None req-f0d441e3-5362-4343-82c4-0f4336e1f535 22b8d03ca755478fbe635c7b9fead981 21cc0c8670db47b69b5a41f202a32078 - - default default] 10.0.0.21 "POST /v2.0/networks HTTP/1.1" status: 201 len: 848 time: 1.1909270
2026-07-21 14:33:22.490 9 WARNING neutron_lib.context [None req-83bf193e-25b1-4856-b582-775bb1bdda72 22b8d03ca755478fbe635c7b9fead981 21cc0c8670db47b69b5a41f202a32078 - - default default] Method 'is_advsvc' is deprecated since 2023.2 release (neutron-lib 3.8.0) and will be removed once support for the old RBAC API policies will be removed from Neutron. Please use method 'is_service_role' instead.
2026-07-21 14:33:22.533 9 INFO neutron.db.ovn_revision_numbers_db [None req-aa3eab6f-aab2-4c33-95ac-658aadf91c44 - - - - - -] Successfully bumped revision number for resource 0f5d33ef-e078-45d7-900a-cea447c2d11f (type: ports) to 4
2026-07-21 14:33:22.535 9 WARNING neutron_lib.context [None req-83bf193e-25b1-4856-b582-775bb1bdda72 22b8d03ca755478fbe635c7b9fead981 21cc0c8670db47b69b5a41f202a32078 - - default default] Method 'is_advsvc' is deprecated since 2023.2 release (neutron-lib 3.8.0) and will be removed once support for the old RBAC API policies will be removed from Neutron. Please use method 'is_service_role' instead.
2026-07-21 14:33:22.942 9 WARNING neutron.scheduler.dhcp_agent_scheduler [None req-83bf193e-25b1-4856-b582-775bb1bdda72 22b8d03ca755478fbe635c7b9fead981 21cc0c8670db47b69b5a41f202a32078 - - default default] No more DHCP agents
2026-07-21 14:33:22.947 9 WARNING neutron.api.rpc.agentnotifiers.dhcp_rpc_agent_api [None req-83bf193e-25b1-4856-b582-775bb1bdda72 22b8d03ca755478fbe635c7b9fead981 21cc0c8670db47b69b5a41f202a32078 - - default default] Unable to schedule network 3d04ae18-2e3d-47c8-822e-c04772052e6d: no agents available; will retry on subsequent port and subnet creation events.
2026-07-21 14:33:23.185 10 INFO neutron.plugins.ml2.drivers.ovn.mech_driver.ovsdb.commands [None req-0e15086b-2671-4226-8e0e-22cf3baa819a - - - - - -] Schedule LRP lrp-527ad81c-1396-4d79-869e-d884654c3519 on gateway 1b28d1c7-1940-4de0-af00-52481c014bf1 with priority 1
2026-07-21 14:33:23.196 10 INFO neutron.plugins.ml2.drivers.ovn.mech_driver.mech_driver [None req-fe8da8e1-bf6e-4d02-b9d7-8bfb27b0a407 - - - - - -] OVN reports status up for port: 527ad81c-1396-4d79-869e-d884654c3519
2026-07-21 14:33:23.217 10 INFO neutron.plugins.ml2.drivers.ovn.mech_driver.ovsdb.ovsdb_monitor [None req-fa850192-33ec-4d09-b6b5-1b64b891cb02 - - - - - -] Router 5cd42971-5ddf-4bfc-910d-5caa362305da is bound to host instance
2026-07-21 14:33:23.221 10 INFO neutron.plugins.ml2.plugin [None req-fe8da8e1-bf6e-4d02-b9d7-8bfb27b0a407 - - - - - -] Attempt 1 to provision port 527ad81c-1396-4d79-869e-d884654c3519
2026-07-21 14:33:23.256 10 INFO neutron.db.ovn_revision_numbers_db [None req-6ce6b235-d3bb-4c2e-82c2-fa5f90f3f1a0 aaf09a7d266440efab2f57dbd6c53e17 ff887c7d10544a709fad9c928a959a91 - - default default] Successfully bumped revision number for resource 527ad81c-1396-4d79-869e-d884654c3519 (type: router_ports) to 1 /var/lib/openstack/lib/python3.10/site-packages/pycadf/identifier.py:71: UserWarning: Invalid uuid: neutron. To ensure interoperability, identifiers should be a valid uuid. warnings.warn(('Invalid uuid: %s. To ensure interoperability, '
2026-07-21 14:33:23.374 9 INFO neutron.notifiers.nova [-] Nova event matching ['req-029e65e3-b3c9-487d-a47c-c97fefbec500'] response: {'server_uuid': 'd367f3cf-afdf-4dd2-b071-0015f2a2560a', 'name': 'network-vif-plugged', 'status': 'completed', 'tag': '0f5d33ef-e078-45d7-900a-cea447c2d11f', 'code': 200}
2026-07-21 14:33:23.374 9 INFO neutron.notifiers.nova [-] Nova event matching ['req-029e65e3-b3c9-487d-a47c-c97fefbec500'] response: {'server_uuid': 'd367f3cf-afdf-4dd2-b071-0015f2a2560a', 'name': 'network-vif-plugged', 'status': 'completed', 'tag': '0f5d33ef-e078-45d7-900a-cea447c2d11f', 'code': 200}
2026-07-21 14:33:23.389 10 INFO neutron.db.ovn_revision_numbers_db [None req-6ce6b235-d3bb-4c2e-82c2-fa5f90f3f1a0 aaf09a7d266440efab2f57dbd6c53e17 ff887c7d10544a709fad9c928a959a91 - - default default] Successfully bumped revision number for resource 5cd42971-5ddf-4bfc-910d-5caa362305da (type: routers) to 2
2026-07-21 14:33:23.407 9 INFO neutron.wsgi [req-bda18968-cc2f-43b1-b10e-9e7950ea385c req-f7b1e45e-ffec-469c-b788-4f1e9c23f4a6 26c8041311e3417ebb5bf0e454265b92 fef6e08ae06346158b58621bd1cb1334 - - default default] 10.0.0.39 "GET /v2.0/ports?device_id=d367f3cf-afdf-4dd2-b071-0015f2a2560a HTTP/1.1" status: 200 len: 1170 time: 0.1205249
2026-07-21 14:33:23.433 10 INFO neutron.wsgi [None req-6ce6b235-d3bb-4c2e-82c2-fa5f90f3f1a0 aaf09a7d266440efab2f57dbd6c53e17 ff887c7d10544a709fad9c928a959a91 - - default default] 10.0.0.21 "POST /v2.0/routers HTTP/1.1" status: 201 len: 1169 time: 2.2626872
2026-07-21 14:33:23.477 9 INFO neutron.wsgi [req-bda18968-cc2f-43b1-b10e-9e7950ea385c req-bab6d0bc-5ede-4bff-a49e-0ea9283c787f 26c8041311e3417ebb5bf0e454265b92 fef6e08ae06346158b58621bd1cb1334 - - default default] 10.0.0.39 "GET /v2.0/security-groups?id=3b4b7cd7-d4f3-4de3-b3df-2d6a836c3151&fields=id&fields=name HTTP/1.1" status: 200 len: 313 time: 0.0638094
2026-07-21 14:33:23.581 9 INFO neutron.db.ovn_revision_numbers_db [None req-83bf193e-25b1-4856-b582-775bb1bdda72 22b8d03ca755478fbe635c7b9fead981 21cc0c8670db47b69b5a41f202a32078 - - default default] Successfully bumped revision number for resource 76df509e-c37d-438c-80f7-e01eaa602532 (type: ports) to 2
2026-07-21 14:33:23.627 9 INFO neutron.db.ovn_revision_numbers_db [None req-83bf193e-25b1-4856-b582-775bb1bdda72 22b8d03ca755478fbe635c7b9fead981 21cc0c8670db47b69b5a41f202a32078 - - default default] Successfully bumped revision number for resource 79d5e738-ceb7-47c7-b501-8abcc958d397 (type: subnets) to 0
2026-07-21 14:33:23.658 9 WARNING neutron.scheduler.dhcp_agent_scheduler [None req-83bf193e-25b1-4856-b582-775bb1bdda72 22b8d03ca755478fbe635c7b9fead981 21cc0c8670db47b69b5a41f202a32078 - - default default] No more DHCP agents
2026-07-21 14:33:23.660 9 WARNING neutron.api.rpc.agentnotifiers.dhcp_rpc_agent_api [None req-83bf193e-25b1-4856-b582-775bb1bdda72 22b8d03ca755478fbe635c7b9fead981 21cc0c8670db47b69b5a41f202a32078 - - default default] Unable to schedule network 1fdf6e1a-a97f-4f0f-9cfc-7655261e5370: no agents available; will retry on subsequent port and subnet creation events.
2026-07-21 14:33:24.179 9 INFO neutron.wsgi [-] 10.0.0.21 "GET / HTTP/1.1" status: 200 len: 279 time: 0.0025446
2026-07-21 14:33:24.309 9 INFO neutron.db.ovn_revision_numbers_db [None req-83bf193e-25b1-4856-b582-775bb1bdda72 22b8d03ca755478fbe635c7b9fead981 21cc0c8670db47b69b5a41f202a32078 - - default default] Successfully bumped revision number for resource ddef7f44-45a4-4d25-af1e-629ac4939fbc (type: ports) to 2
2026-07-21 14:33:24.342 9 INFO neutron.db.ovn_revision_numbers_db [None req-83bf193e-25b1-4856-b582-775bb1bdda72 22b8d03ca755478fbe635c7b9fead981 21cc0c8670db47b69b5a41f202a32078 - - default default] Successfully bumped revision number for resource ab6516dd-73db-4928-81f6-46a3aa12e534 (type: subnets) to 0
2026-07-21 14:33:24.362 9 INFO neutron.wsgi [None req-83bf193e-25b1-4856-b582-775bb1bdda72 22b8d03ca755478fbe635c7b9fead981 21cc0c8670db47b69b5a41f202a32078 - - default default] 10.0.0.21 "POST /v2.0/subnets HTTP/1.1" status: 201 len: 1425 time: 1.8761871
2026-07-21 14:33:24.404 9 INFO neutron.wsgi [None req-4297d5a8-7b2a-40ca-9a36-49af13d1f56a 22b8d03ca755478fbe635c7b9fead981 21cc0c8670db47b69b5a41f202a32078 - - default default] 10.0.0.21 "GET /v2.0/subnets HTTP/1.1" status: 200 len: 2033 time: 0.0369201
2026-07-21 14:33:24.410 9 INFO neutron.wsgi [None req-a0d66007-2a41-4dcf-a840-ac3423f3b2d9 239ef387cc08407b857a09243cf25472 e96637592a444e5fafd24d8b8348e97d - - default default] 10.0.0.21 "GET /v2.0/ HTTP/1.1" status: 200 len: 826 time: 0.2255886
2026-07-21 14:33:24.547 10 WARNING neutron.scheduler.dhcp_agent_scheduler [None req-a5e55361-a699-4829-b81a-53f34db6f095 aaf09a7d266440efab2f57dbd6c53e17 ff887c7d10544a709fad9c928a959a91 - - default default] No more DHCP agents
2026-07-21 14:33:24.552 10 WARNING neutron.api.rpc.agentnotifiers.dhcp_rpc_agent_api [None req-a5e55361-a699-4829-b81a-53f34db6f095 aaf09a7d266440efab2f57dbd6c53e17 ff887c7d10544a709fad9c928a959a91 - - default default] Unable to schedule network 72bf99f7-d984-4924-b642-be1f225389f7: no agents available; will retry on subsequent port and subnet creation events.
2026-07-21 14:33:24.598 9 INFO neutron.wsgi [req-95caad67-f8ec-43b6-9ab3-8e68c30dfc62 req-9d7662c9-eccb-4fe5-925b-00e376333cce 26c8041311e3417ebb5bf0e454265b92 fef6e08ae06346158b58621bd1cb1334 - - default default] 10.0.0.39 "GET /v2.0/ports?device_id=d367f3cf-afdf-4dd2-b071-0015f2a2560a HTTP/1.1" status: 200 len: 1170 time: 0.0492117
2026-07-21 14:33:24.617 10 INFO neutron.db.ovn_revision_numbers_db [None req-fa850192-33ec-4d09-b6b5-1b64b891cb02 - - - - - -] Successfully bumped revision number for resource 527ad81c-1396-4d79-869e-d884654c3519 (type: ports) to 1
2026-07-21 14:33:24.656 9 INFO neutron.wsgi [None req-b261f1a6-8184-4be0-9654-20acc7b8e74d 22b8d03ca755478fbe635c7b9fead981 21cc0c8670db47b69b5a41f202a32078 - - default default] 10.0.0.21 "DELETE /v2.0/subnets/79d5e738-ceb7-47c7-b501-8abcc958d397 HTTP/1.1" status: 204 len: 168 time: 0.2455044
2026-07-21 14:33:24.687 9 INFO neutron.wsgi [req-95caad67-f8ec-43b6-9ab3-8e68c30dfc62 req-43e1c00a-3cd2-4ca4-99c3-89e6c2f22034 26c8041311e3417ebb5bf0e454265b92 fef6e08ae06346158b58621bd1cb1334 - - default default] 10.0.0.39 "GET /v2.0/security-groups?id=3b4b7cd7-d4f3-4de3-b3df-2d6a836c3151&fields=id&fields=name HTTP/1.1" status: 200 len: 313 time: 0.0821366
2026-07-21 14:33:24.791 10 INFO neutron.db.ovn_revision_numbers_db [None req-a5e55361-a699-4829-b81a-53f34db6f095 aaf09a7d266440efab2f57dbd6c53e17 ff887c7d10544a709fad9c928a959a91 - - default default] Successfully bumped revision number for resource d94103dc-c182-4641-9a2c-6514c614abd7 (type: ports) to 1
2026-07-21 14:33:24.836 9 INFO neutron.wsgi [req-fc7da042-e923-4fcd-a197-3fa662a60e24 req-256ca821-f45e-4f02-93ab-087f83dd21fc 26c8041311e3417ebb5bf0e454265b92 fef6e08ae06346158b58621bd1cb1334 - - default default] 10.0.0.39 "GET /v2.0/ports?device_id=d367f3cf-afdf-4dd2-b071-0015f2a2560a HTTP/1.1" status: 200 len: 1170 time: 0.0549545
2026-07-21 14:33:25.044 9 INFO neutron.wsgi [None req-b35984b3-efb2-4529-a548-87f01d30d322 22b8d03ca755478fbe635c7b9fead981 21cc0c8670db47b69b5a41f202a32078 - - default default] 10.0.0.21 "DELETE /v2.0/subnets/ab6516dd-73db-4928-81f6-46a3aa12e534 HTTP/1.1" status: 204 len: 168 time: 0.3799398
2026-07-21 14:33:25.222 10 INFO neutron.db.ovn_revision_numbers_db [None req-fa850192-33ec-4d09-b6b5-1b64b891cb02 - - - - - -] Successfully bumped revision number for resource 527ad81c-1396-4d79-869e-d884654c3519 (type: router_ports) to 3
2026-07-21 14:33:25.332 9 INFO neutron.wsgi [None req-2737e4d7-e1d5-4bfa-b24d-be515238e6cd 22b8d03ca755478fbe635c7b9fead981 21cc0c8670db47b69b5a41f202a32078 - - default default] 10.0.0.21 "GET /v2.0/subnets HTTP/1.1" status: 200 len: 820 time: 0.2831829
2026-07-21 14:33:25.369 10 INFO neutron.db.ovn_revision_numbers_db [None req-0bfddd80-aca7-4ad5-b2d5-df035b5edd93 aaf09a7d266440efab2f57dbd6c53e17 ff887c7d10544a709fad9c928a959a91 - - default default] Successfully bumped revision number for resource 955c42d3-8e14-4442-a2f4-0720aca29b9f (type: security_groups) to 1
2026-07-21 14:33:25.393 10 INFO neutron.db.ovn_revision_numbers_db [None req-0bfddd80-aca7-4ad5-b2d5-df035b5edd93 aaf09a7d266440efab2f57dbd6c53e17 ff887c7d10544a709fad9c928a959a91 - - default default] Successfully bumped revision number for resource 03b58cd0-6de7-4e56-ab64-f9c80fcaedd6 (type: security_group_rules) to 0
2026-07-21 14:33:25.429 10 INFO neutron.db.ovn_revision_numbers_db [None req-0bfddd80-aca7-4ad5-b2d5-df035b5edd93 aaf09a7d266440efab2f57dbd6c53e17 ff887c7d10544a709fad9c928a959a91 - - default default] Successfully bumped revision number for resource 0e83066e-8376-483b-8ff3-003b35b52397 (type: security_group_rules) to 0
2026-07-21 14:33:25.480 10 INFO neutron.db.ovn_revision_numbers_db [None req-0bfddd80-aca7-4ad5-b2d5-df035b5edd93 aaf09a7d266440efab2f57dbd6c53e17 ff887c7d10544a709fad9c928a959a91 - - default default] Successfully bumped revision number for resource 4fa298a5-c139-45a1-a1ed-acab230e47c6 (type: security_group_rules) to 0
2026-07-21 14:33:25.522 10 INFO neutron.db.ovn_revision_numbers_db [None req-0bfddd80-aca7-4ad5-b2d5-df035b5edd93 aaf09a7d266440efab2f57dbd6c53e17 ff887c7d10544a709fad9c928a959a91 - - default default] Successfully bumped revision number for resource 8439724d-6189-425a-b4e7-94e0a3cba4ab (type: security_group_rules) to 0
