2026-07-21 14:36:20.542 9 INFO neutron.wsgi [-] 10.0.0.250 "GET / HTTP/1.1" status: 200 len: 247 time: 0.0025935
2026-07-21 14:36:20.622 9 INFO neutron.wsgi [None req-a7e527b6-dd2a-4ff6-bdab-121e2dbb3c42 930cc18879fb4cae9aa6238cad912339 cbceaf84ea464063bb92be4b46576f41 - - default default] 10.0.0.21 "GET /v2.0/ports/972fe4f3-49fa-4533-a0f8-ef1880d81fe4 HTTP/1.1" status: 200 len: 1137 time: 0.0551212
2026-07-21 14:36:20.832 9 INFO neutron.wsgi [None req-b210f4b6-d31f-4956-98c9-65009e7db8d1 aaf09a7d266440efab2f57dbd6c53e17 ff887c7d10544a709fad9c928a959a91 - - default default] 10.0.0.21 "DELETE /v2.0/security-groups/046675cf-87e9-44ec-97f1-a05cfed0026f HTTP/1.1" status: 204 len: 168 time: 0.3428187
2026-07-21 14:36:20.975 10 INFO neutron.db.ovn_revision_numbers_db [None req-9df205b7-fca9-486a-83cd-e52398300b79 265803d83b524622ad499cbffdb4b944 04fe89ad13f64e0a970477188ea4bbed - - default default] Successfully bumped revision number for resource fc157478-48ba-4660-9aa2-d62636fd84a2 (type: routers) to 5
2026-07-21 14:36:20.982 10 INFO neutron.wsgi [None req-9df205b7-fca9-486a-83cd-e52398300b79 265803d83b524622ad499cbffdb4b944 04fe89ad13f64e0a970477188ea4bbed - - default default] 10.0.0.21 "PUT /v2.0/routers/fc157478-48ba-4660-9aa2-d62636fd84a2 HTTP/1.1" status: 200 len: 1137 time: 1.0946569
2026-07-21 14:36:21.082 10 INFO neutron.wsgi [None req-9c7d504c-15f8-4ff5-ab94-4bdff6e098f8 265803d83b524622ad499cbffdb4b944 04fe89ad13f64e0a970477188ea4bbed - - default default] 10.0.0.21 "GET /v2.0/ports?device_id=fc157478-48ba-4660-9aa2-d62636fd84a2 HTTP/1.1" status: 200 len: 1144 time: 0.0956397
2026-07-21 14:36:21.445 9 INFO neutron.wsgi [None req-75b1e5a5-442c-4a97-b9a5-e9ab1a2ca8ef 930cc18879fb4cae9aa6238cad912339 cbceaf84ea464063bb92be4b46576f41 - - default default] 10.0.0.21 "PUT /v2.0/routers/320248f7-0ccf-42d0-b02d-969d513d3c06/remove_router_interface HTTP/1.1" status: 200 len: 503 time: 0.8161194 /var/lib/openstack/lib/python3.10/site-packages/pycadf/identifier.py:71: UserWarning: Invalid uuid: neutron. To ensure interoperability, identifiers should be a valid uuid. warnings.warn(('Invalid uuid: %s. To ensure interoperability, '
2026-07-21 14:36:21.536 9 INFO neutron.wsgi [None req-ad625c9b-ec64-4834-92f5-a0398b5b9e61 930cc18879fb4cae9aa6238cad912339 cbceaf84ea464063bb92be4b46576f41 - - default default] 10.0.0.21 "GET /v2.0/ports/74e23104-b903-467d-af10-b98ea415027e HTTP/1.1" status: 200 len: 1137 time: 0.0857236
2026-07-21 14:36:22.080 10 INFO neutron.wsgi [None req-59c2eb8d-9756-4b9c-b01f-adfb0720228d 265803d83b524622ad499cbffdb4b944 04fe89ad13f64e0a970477188ea4bbed - - default default] 10.0.0.21 "PUT /v2.0/routers/fc157478-48ba-4660-9aa2-d62636fd84a2/remove_router_interface HTTP/1.1" status: 200 len: 503 time: 0.9920757 /var/lib/openstack/lib/python3.10/site-packages/pycadf/identifier.py:71: UserWarning: Invalid uuid: neutron. To ensure interoperability, identifiers should be a valid uuid. warnings.warn(('Invalid uuid: %s. To ensure interoperability, '
2026-07-21 14:36:22.311 9 INFO neutron.wsgi [None req-c499c3dd-1fa1-4b05-8223-d146a5a0ca03 930cc18879fb4cae9aa6238cad912339 cbceaf84ea464063bb92be4b46576f41 - - default default] 10.0.0.21 "PUT /v2.0/routers/320248f7-0ccf-42d0-b02d-969d513d3c06/remove_router_interface HTTP/1.1" status: 200 len: 503 time: 0.7703018 /var/lib/openstack/lib/python3.10/site-packages/pycadf/identifier.py:71: UserWarning: Invalid uuid: neutron. To ensure interoperability, identifiers should be a valid uuid. warnings.warn(('Invalid uuid: %s. To ensure interoperability, '
2026-07-21 14:36:22.349 9 INFO neutron.wsgi [None req-54ad4adb-50d5-43b2-8008-c5818f27873f 930cc18879fb4cae9aa6238cad912339 cbceaf84ea464063bb92be4b46576f41 - - default default] 10.0.0.21 "GET /v2.0/ports?device_id=320248f7-0ccf-42d0-b02d-969d513d3c06 HTTP/1.1" status: 200 len: 205 time: 0.0317280
2026-07-21 14:36:22.912 9 INFO neutron.wsgi [None req-d092eda0-b5c9-42bc-857c-f579c6eb4fc2 930cc18879fb4cae9aa6238cad912339 cbceaf84ea464063bb92be4b46576f41 - - default default] 10.0.0.21 "DELETE /v2.0/routers/320248f7-0ccf-42d0-b02d-969d513d3c06 HTTP/1.1" status: 204 len: 168 time: 0.5572941
2026-07-21 14:36:23.172 9 INFO neutron.wsgi [None req-67754b03-ea55-476a-88e8-d2ed46d5abf4 930cc18879fb4cae9aa6238cad912339 cbceaf84ea464063bb92be4b46576f41 - - default default] 10.0.0.21 "DELETE /v2.0/subnets/e8fc7425-d73c-4032-9c50-1e35da4560ef HTTP/1.1" status: 204 len: 168 time: 0.2505972
2026-07-21 14:36:23.276 10 INFO neutron.wsgi [None req-a6633679-dbcc-4d61-bf0a-9bb2511861e8 265803d83b524622ad499cbffdb4b944 04fe89ad13f64e0a970477188ea4bbed - - default default] 10.0.0.21 "DELETE /v2.0/routers/fc157478-48ba-4660-9aa2-d62636fd84a2 HTTP/1.1" status: 204 len: 168 time: 1.1902983
2026-07-21 14:36:23.385 9 INFO neutron.wsgi [None req-698e0890-41a3-4059-8a49-b80380fdeef0 265803d83b524622ad499cbffdb4b944 04fe89ad13f64e0a970477188ea4bbed - - default default] 10.0.0.21 "GET /v2.0/routers/5274ec35-161c-4fd4-942c-3a4c1e577ed4 HTTP/1.1" status: 200 len: 1137 time: 0.1026156
2026-07-21 14:36:23.491 9 INFO neutron.wsgi [None req-2d31e62a-ba6c-4fd7-a40f-99b6cefdbd76 930cc18879fb4cae9aa6238cad912339 cbceaf84ea464063bb92be4b46576f41 - - default default] 10.0.0.21 "DELETE /v2.0/subnets/b4e56053-4956-4fef-80e8-c23c55d5d046 HTTP/1.1" status: 204 len: 168 time: 0.3105512
2026-07-21 14:36:23.886 10 INFO neutron.services.segments.plugin [-] Segment dad06b9b-0ded-413e-b182-feed83df6dc4 resource provider aggregate not found
2026-07-21 14:36:23.892 10 INFO neutron.services.segments.plugin [-] Segment dad06b9b-0ded-413e-b182-feed83df6dc4 resource provider aggregate not found
2026-07-21 14:36:23.915 10 INFO neutron.services.segments.plugin [-] Segment dad06b9b-0ded-413e-b182-feed83df6dc4 resource provider not found; error: Placement Client Error (4xx): {"errors": [{"status": 404, "title": "Not Found", "detail": "The resource could not be found.\n\n No resource provider with uuid dad06b9b-0ded-413e-b182-feed83df6dc4 found for delete ", "request_id": "req-d7a17b7c-b4cb-433e-b0f0-740082b4e9f2"}]}
2026-07-21 14:36:23.920 10 INFO neutron.services.segments.plugin [-] Segment dad06b9b-0ded-413e-b182-feed83df6dc4 resource provider not found; error: Placement Client Error (4xx): {"errors": [{"status": 404, "title": "Not Found", "detail": "The resource could not be found.\n\n No resource provider with uuid dad06b9b-0ded-413e-b182-feed83df6dc4 found for delete ", "request_id": "req-b132f44a-c824-4cdd-bad8-d705a6039d02"}]}
2026-07-21 14:36:23.937 10 INFO neutron.wsgi [None req-4f160af0-42f0-43cb-b5d5-315b8aad2373 930cc18879fb4cae9aa6238cad912339 cbceaf84ea464063bb92be4b46576f41 - - default default] 10.0.0.21 "DELETE /v2.0/networks/1386463c-db79-4be4-b934-62e57053b965 HTTP/1.1" status: 204 len: 168 time: 0.4412894
2026-07-21 14:36:24.352 9 INFO neutron.db.ovn_revision_numbers_db [None req-ae8ec786-cefa-469b-be97-92cf6972dcd8 265803d83b524622ad499cbffdb4b944 04fe89ad13f64e0a970477188ea4bbed - - default default] Successfully bumped revision number for resource 5274ec35-161c-4fd4-942c-3a4c1e577ed4 (type: routers) to 5
2026-07-21 14:36:24.358 9 INFO neutron.wsgi [None req-ae8ec786-cefa-469b-be97-92cf6972dcd8 265803d83b524622ad499cbffdb4b944 04fe89ad13f64e0a970477188ea4bbed - - default default] 10.0.0.21 "PUT /v2.0/routers/5274ec35-161c-4fd4-942c-3a4c1e577ed4 HTTP/1.1" status: 200 len: 1137 time: 0.9684758
2026-07-21 14:36:24.481 9 INFO neutron.wsgi [None req-2ba19d33-df8c-452f-a673-b90091e2dfea 265803d83b524622ad499cbffdb4b944 04fe89ad13f64e0a970477188ea4bbed - - default default] 10.0.0.21 "GET /v2.0/ports?device_id=5274ec35-161c-4fd4-942c-3a4c1e577ed4 HTTP/1.1" status: 200 len: 1144 time: 0.1168609
2026-07-21 14:36:24.501 9 INFO neutron.services.segments.plugin [-] Segment 5c2073f1-a4de-43fb-a3a0-bccb6b4bd279 resource provider aggregate not found
2026-07-21 14:36:24.506 9 INFO neutron.services.segments.plugin [-] Segment 5c2073f1-a4de-43fb-a3a0-bccb6b4bd279 resource provider aggregate not found
2026-07-21 14:36:24.530 9 INFO neutron.services.segments.plugin [-] Segment 5c2073f1-a4de-43fb-a3a0-bccb6b4bd279 resource provider not found; error: Placement Client Error (4xx): {"errors": [{"status": 404, "title": "Not Found", "detail": "The resource could not be found.\n\n No resource provider with uuid 5c2073f1-a4de-43fb-a3a0-bccb6b4bd279 found for delete ", "request_id": "req-612db8d1-5c9b-43a0-833f-272d4f1f7962"}]}
2026-07-21 14:36:24.530 9 INFO neutron.services.segments.plugin [-] Segment 5c2073f1-a4de-43fb-a3a0-bccb6b4bd279 resource provider not found; error: Placement Client Error (4xx): {"errors": [{"status": 404, "title": "Not Found", "detail": "The resource could not be found.\n\n No resource provider with uuid 5c2073f1-a4de-43fb-a3a0-bccb6b4bd279 found for delete ", "request_id": "req-d8835e69-dc3a-47ad-8515-625fdb9c7924"}]}
2026-07-21 14:36:24.575 9 INFO neutron.wsgi [None req-e661769f-eae3-4add-a205-fbf55e0fd7a9 930cc18879fb4cae9aa6238cad912339 cbceaf84ea464063bb92be4b46576f41 - - default default] 10.0.0.21 "DELETE /v2.0/networks/d0664a2c-f79e-4fa8-a7fc-a49bac4fb3bc HTTP/1.1" status: 204 len: 168 time: 0.6313412
2026-07-21 14:36:24.592 10 WARNING neutron_lib.context [None req-e99d6829-542e-46e0-bb18-f4fa414b1095 930cc18879fb4cae9aa6238cad912339 cbceaf84ea464063bb92be4b46576f41 - - default default] Method 'is_advsvc' is deprecated since 2023.2 release (neutron-lib 3.8.0) and will be removed once support for the old RBAC API policies will be removed from Neutron. Please use method 'is_service_role' instead.
2026-07-21 14:36:24.687 10 INFO neutron.db.segments_db [None req-e99d6829-542e-46e0-bb18-f4fa414b1095 930cc18879fb4cae9aa6238cad912339 cbceaf84ea464063bb92be4b46576f41 - - default default] Added segment c70ba536-a3fd-4f6e-b519-4cfe08844094 of type geneve for network 79e1852a-05eb-4de2-8f78-18ef3f63313d
2026-07-21 14:36:24.879 10 INFO neutron.db.ovn_revision_numbers_db [None req-e99d6829-542e-46e0-bb18-f4fa414b1095 930cc18879fb4cae9aa6238cad912339 cbceaf84ea464063bb92be4b46576f41 - - default default] Successfully bumped revision number for resource 79e1852a-05eb-4de2-8f78-18ef3f63313d (type: networks) to 1
2026-07-21 14:36:25.117 10 WARNING neutron.scheduler.dhcp_agent_scheduler [None req-e99d6829-542e-46e0-bb18-f4fa414b1095 930cc18879fb4cae9aa6238cad912339 cbceaf84ea464063bb92be4b46576f41 - - default default] No more DHCP agents
2026-07-21 14:36:25.119 10 WARNING neutron.api.rpc.agentnotifiers.dhcp_rpc_agent_api [None req-e99d6829-542e-46e0-bb18-f4fa414b1095 930cc18879fb4cae9aa6238cad912339 cbceaf84ea464063bb92be4b46576f41 - - default default] Unable to schedule network 79e1852a-05eb-4de2-8f78-18ef3f63313d: no agents available; will retry on subsequent port and subnet creation events.
2026-07-21 14:36:25.208 10 INFO neutron.db.ovn_revision_numbers_db [None req-e99d6829-542e-46e0-bb18-f4fa414b1095 930cc18879fb4cae9aa6238cad912339 cbceaf84ea464063bb92be4b46576f41 - - default default] Successfully bumped revision number for resource 25106e96-63b4-4116-8e35-a67ebf62e396 (type: ports) to 1
2026-07-21 14:36:25.237 10 INFO neutron.wsgi [None req-e99d6829-542e-46e0-bb18-f4fa414b1095 930cc18879fb4cae9aa6238cad912339 cbceaf84ea464063bb92be4b46576f41 - - default default] 10.0.0.21 "POST /v2.0/networks HTTP/1.1" status: 201 len: 829 time: 0.6538239
2026-07-21 14:36:25.247 10 WARNING neutron_lib.context [None req-19ce6cf4-3784-4986-a158-6a46290785ab 930cc18879fb4cae9aa6238cad912339 cbceaf84ea464063bb92be4b46576f41 - - default default] Method 'is_advsvc' is deprecated since 2023.2 release (neutron-lib 3.8.0) and will be removed once support for the old RBAC API policies will be removed from Neutron. Please use method 'is_service_role' instead.
2026-07-21 14:36:25.373 9 WARNING neutron_lib.context [None req-9672e107-b186-4e26-b869-94f61528b5a7 b3901dc963cb4e169daa46e498400058 7728bb40c65c4fbcb7f845e36d7a18db - - default default] Method 'is_advsvc' is deprecated since 2023.2 release (neutron-lib 3.8.0) and will be removed once support for the old RBAC API policies will be removed from Neutron. Please use method 'is_service_role' instead.
2026-07-21 14:36:25.496 10 WARNING neutron.scheduler.dhcp_agent_scheduler [None req-19ce6cf4-3784-4986-a158-6a46290785ab 930cc18879fb4cae9aa6238cad912339 cbceaf84ea464063bb92be4b46576f41 - - default default] No more DHCP agents
2026-07-21 14:36:25.498 10 WARNING neutron.api.rpc.agentnotifiers.dhcp_rpc_agent_api [None req-19ce6cf4-3784-4986-a158-6a46290785ab 930cc18879fb4cae9aa6238cad912339 cbceaf84ea464063bb92be4b46576f41 - - default default] Unable to schedule network 79e1852a-05eb-4de2-8f78-18ef3f63313d: no agents available; will retry on subsequent port and subnet creation events.
2026-07-21 14:36:25.725 9 WARNING neutron.scheduler.dhcp_agent_scheduler [None req-9672e107-b186-4e26-b869-94f61528b5a7 b3901dc963cb4e169daa46e498400058 7728bb40c65c4fbcb7f845e36d7a18db - - default default] No more DHCP agents
2026-07-21 14:36:25.731 9 WARNING neutron.api.rpc.agentnotifiers.dhcp_rpc_agent_api [None req-9672e107-b186-4e26-b869-94f61528b5a7 b3901dc963cb4e169daa46e498400058 7728bb40c65c4fbcb7f845e36d7a18db - - default default] Unable to schedule network 4b3149dc-3d64-47b9-87b8-94a2e620dd09: no agents available; will retry on subsequent port and subnet creation events.
2026-07-21 14:36:25.944 9 INFO neutron.wsgi [None req-8be212c9-0c09-4312-9c39-d31caf8ffdcc 265803d83b524622ad499cbffdb4b944 04fe89ad13f64e0a970477188ea4bbed - - default default] 10.0.0.21 "PUT /v2.0/routers/5274ec35-161c-4fd4-942c-3a4c1e577ed4/remove_router_interface HTTP/1.1" status: 200 len: 503 time: 1.4578505 /var/lib/openstack/lib/python3.10/site-packages/pycadf/identifier.py:71: UserWarning: Invalid uuid: neutron. To ensure interoperability, identifiers should be a valid uuid. warnings.warn(('Invalid uuid: %s. To ensure interoperability, '
2026-07-21 14:36:26.097 10 INFO neutron.db.ovn_revision_numbers_db [None req-19ce6cf4-3784-4986-a158-6a46290785ab 930cc18879fb4cae9aa6238cad912339 cbceaf84ea464063bb92be4b46576f41 - - default default] Successfully bumped revision number for resource 25106e96-63b4-4116-8e35-a67ebf62e396 (type: ports) to 2
2026-07-21 14:36:26.135 10 INFO neutron.db.ovn_revision_numbers_db [None req-19ce6cf4-3784-4986-a158-6a46290785ab 930cc18879fb4cae9aa6238cad912339 cbceaf84ea464063bb92be4b46576f41 - - default default] Successfully bumped revision number for resource 8cb91569-fafd-4db5-92ac-021336664fc9 (type: subnets) to 0
2026-07-21 14:36:26.149 10 INFO neutron.wsgi [None req-19ce6cf4-3784-4986-a158-6a46290785ab 930cc18879fb4cae9aa6238cad912339 cbceaf84ea464063bb92be4b46576f41 - - default default] 10.0.0.21 "POST /v2.0/subnets HTTP/1.1" status: 201 len: 801 time: 0.9080753
2026-07-21 14:36:26.159 10 WARNING neutron_lib.context [None req-cec0f458-5b38-475c-955b-0fa99f35e8a0 930cc18879fb4cae9aa6238cad912339 cbceaf84ea464063bb92be4b46576f41 - - default default] Method 'is_advsvc' is deprecated since 2023.2 release (neutron-lib 3.8.0) and will be removed once support for the old RBAC API policies will be removed from Neutron. Please use method 'is_service_role' instead.
2026-07-21 14:36:26.203 9 WARNING neutron.plugins.ml2.drivers.ovn.mech_driver.ovsdb.ovn_client [None req-aa3eab6f-aab2-4c33-95ac-658aadf91c44 - - - - - -] No port found with ID 972fe4f3-49fa-4533-a0f8-ef1880d81fe4: RuntimeError: No port found with ID 972fe4f3-49fa-4533-a0f8-ef1880d81fe4
2026-07-21 14:36:26.287 10 INFO neutron.db.ovn_revision_numbers_db [None req-cec0f458-5b38-475c-955b-0fa99f35e8a0 930cc18879fb4cae9aa6238cad912339 cbceaf84ea464063bb92be4b46576f41 - - default default] Successfully bumped revision number for resource a537305f-088f-4755-8b5e-3cf7786f607d (type: routers) to 1
2026-07-21 14:36:26.300 10 INFO neutron.wsgi [None req-cec0f458-5b38-475c-955b-0fa99f35e8a0 930cc18879fb4cae9aa6238cad912339 cbceaf84ea464063bb92be4b46576f41 - - default default] 10.0.0.21 "POST /v2.0/routers HTTP/1.1" status: 201 len: 802 time: 0.1461232
2026-07-21 14:36:26.312 10 WARNING neutron_lib.context [None req-901ef2a8-360d-4bd5-b697-3777ec9fcf08 930cc18879fb4cae9aa6238cad912339 cbceaf84ea464063bb92be4b46576f41 - - default default] Method 'is_advsvc' is deprecated since 2023.2 release (neutron-lib 3.8.0) and will be removed once support for the old RBAC API policies will be removed from Neutron. Please use method 'is_service_role' instead.
2026-07-21 14:36:26.321 9 INFO neutron.wsgi [None req-9672e107-b186-4e26-b869-94f61528b5a7 b3901dc963cb4e169daa46e498400058 7728bb40c65c4fbcb7f845e36d7a18db - - default default] 10.0.0.21 "POST /v2.0/floatingips HTTP/1.1" status: 201 len: 751 time: 1.3110549
2026-07-21 14:36:26.345 10 WARNING neutron_lib.context [None req-d9ac3b92-7d6a-444b-8f19-d79e71cff4b8 b3901dc963cb4e169daa46e498400058 7728bb40c65c4fbcb7f845e36d7a18db - - default default] Method 'is_advsvc' is deprecated since 2023.2 release (neutron-lib 3.8.0) and will be removed once support for the old RBAC API policies will be removed from Neutron. Please use method 'is_service_role' instead.
2026-07-21 14:36:26.690 10 WARNING neutron.scheduler.dhcp_agent_scheduler [None req-d9ac3b92-7d6a-444b-8f19-d79e71cff4b8 b3901dc963cb4e169daa46e498400058 7728bb40c65c4fbcb7f845e36d7a18db - - default default] No more DHCP agents
2026-07-21 14:36:26.696 10 WARNING neutron.api.rpc.agentnotifiers.dhcp_rpc_agent_api [None req-d9ac3b92-7d6a-444b-8f19-d79e71cff4b8 b3901dc963cb4e169daa46e498400058 7728bb40c65c4fbcb7f845e36d7a18db - - default default] Unable to schedule network 4b3149dc-3d64-47b9-87b8-94a2e620dd09: no agents available; will retry on subsequent port and subnet creation events. /var/lib/openstack/lib/python3.10/site-packages/pycadf/identifier.py:71: UserWarning: Invalid uuid: neutron. To ensure interoperability, identifiers should be a valid uuid. warnings.warn(('Invalid uuid: %s. To ensure interoperability, '
2026-07-21 14:36:26.870 10 WARNING neutron.scheduler.dhcp_agent_scheduler [None req-901ef2a8-360d-4bd5-b697-3777ec9fcf08 930cc18879fb4cae9aa6238cad912339 cbceaf84ea464063bb92be4b46576f41 - - default default] No more DHCP agents
2026-07-21 14:36:26.886 10 WARNING neutron.api.rpc.agentnotifiers.dhcp_rpc_agent_api [None req-901ef2a8-360d-4bd5-b697-3777ec9fcf08 930cc18879fb4cae9aa6238cad912339 cbceaf84ea464063bb92be4b46576f41 - - default default] Unable to schedule network 79e1852a-05eb-4de2-8f78-18ef3f63313d: no agents available; will retry on subsequent port and subnet creation events.
2026-07-21 14:36:26.902 10 INFO neutron.wsgi [None req-63f90f04-5f32-441b-abb5-3c96fe8c6dc4 aaf09a7d266440efab2f57dbd6c53e17 ff887c7d10544a709fad9c928a959a91 - - default default] 10.0.0.96 "GET /v2.0/routers HTTP/1.1" status: 200 len: 1400 time: 0.1777973 /var/lib/openstack/lib/python3.10/site-packages/pycadf/identifier.py:71: UserWarning: Invalid uuid: neutron. To ensure interoperability, identifiers should be a valid uuid. warnings.warn(('Invalid uuid: %s. To ensure interoperability, '
2026-07-21 14:36:26.967 10 INFO neutron.wsgi [None req-e5132dd3-db8a-4133-8974-4adf1f9a7f0a aaf09a7d266440efab2f57dbd6c53e17 ff887c7d10544a709fad9c928a959a91 - - default default] 10.0.0.96 "GET /v2.0/agents?binary=ovn-controller HTTP/1.1" status: 200 len: 591 time: 0.0567741
2026-07-21 14:36:26.975 9 INFO neutron.wsgi [None req-95f08448-5ca0-4222-a0de-deb4e97856ee 265803d83b524622ad499cbffdb4b944 04fe89ad13f64e0a970477188ea4bbed - - default default] 10.0.0.21 "DELETE /v2.0/routers/5274ec35-161c-4fd4-942c-3a4c1e577ed4 HTTP/1.1" status: 204 len: 168 time: 1.0241134
2026-07-21 14:36:26.997 10 INFO neutron.wsgi [None req-898723dc-d714-4434-a034-13aa67e690e9 aaf09a7d266440efab2f57dbd6c53e17 ff887c7d10544a709fad9c928a959a91 - - default default] 10.0.0.96 "GET /v2.0/agents HTTP/1.1" status: 200 len: 1390 time: 0.0276401
2026-07-21 14:36:27.017 9 INFO neutron.api.v2.resource [None req-9d21ad87-d289-4d7a-b784-8cdbad46a78e 265803d83b524622ad499cbffdb4b944 04fe89ad13f64e0a970477188ea4bbed - - default default] show failed (client error): The resource could not be found.
2026-07-21 14:36:27.018 9 INFO neutron.wsgi [None req-9d21ad87-d289-4d7a-b784-8cdbad46a78e 265803d83b524622ad499cbffdb4b944 04fe89ad13f64e0a970477188ea4bbed - - default default] 10.0.0.21 "GET /v2.0/routers/058f5721-0800-4ac9-a586-2de37ae19e3a HTTP/1.1" status: 404 len: 336 time: 0.0335286
2026-07-21 14:36:27.034 10 INFO neutron.wsgi [None req-dc40b583-584b-4ced-9de2-099defef7ce7 aaf09a7d266440efab2f57dbd6c53e17 ff887c7d10544a709fad9c928a959a91 - - default default] 10.0.0.96 "GET /v2.0/network-ip-availabilities HTTP/1.1" status: 200 len: 2933 time: 0.0343204
2026-07-21 14:36:27.134 10 INFO neutron.wsgi [None req-e411a74f-39d1-4d21-99b6-0cd77b3ed208 aaf09a7d266440efab2f57dbd6c53e17 ff887c7d10544a709fad9c928a959a91 - - default default] 10.0.0.96 "GET /v2.0/security-groups HTTP/1.1" status: 200 len: 23386 time: 0.0954483
2026-07-21 14:36:27.250 10 INFO neutron.wsgi [None req-769c4422-f0f9-4ff1-a8cd-47f9c98c1c41 aaf09a7d266440efab2f57dbd6c53e17 ff887c7d10544a709fad9c928a959a91 - - default default] 10.0.0.96 "GET /v2.0/ports HTTP/1.1" status: 200 len: 12582 time: 0.1076255
2026-07-21 14:36:27.274 9 INFO neutron.wsgi [None req-2eb0370b-f2d3-40d5-b85d-4eea77c713c2 265803d83b524622ad499cbffdb4b944 04fe89ad13f64e0a970477188ea4bbed - - default default] 10.0.0.21 "DELETE /v2.0/subnets/8bf539eb-d684-495e-9350-d9992ae5bdd1 HTTP/1.1" status: 204 len: 168 time: 0.2505648
2026-07-21 14:36:27.508 9 INFO neutron.wsgi [None req-f3982cc0-d022-44da-a390-a172b62374f6 265803d83b524622ad499cbffdb4b944 04fe89ad13f64e0a970477188ea4bbed - - default default] 10.0.0.21 "DELETE /v2.0/subnets/85e66fb9-1b67-4a20-94a4-5d82349f4a8d HTTP/1.1" status: 204 len: 168 time: 0.2294259
2026-07-21 14:36:27.584 10 INFO neutron.db.ovn_revision_numbers_db [None req-901ef2a8-360d-4bd5-b697-3777ec9fcf08 930cc18879fb4cae9aa6238cad912339 cbceaf84ea464063bb92be4b46576f41 - - default default] Successfully bumped revision number for resource 99f36ac8-6f54-4eb4-8920-18a4a579f6c4 (type: ports) to 1
2026-07-21 14:36:27.607 10 INFO neutron.wsgi [None req-1aeac7fd-540d-4776-8412-94fae591805b aaf09a7d266440efab2f57dbd6c53e17 ff887c7d10544a709fad9c928a959a91 - - default default] 10.0.0.96 "GET /v2.0/subnets HTTP/1.1" status: 200 len: 3273 time: 0.3463268
2026-07-21 14:36:27.640 10 INFO neutron.wsgi [None req-13b5b162-1027-49b6-aaa5-9a61b7639c4c aaf09a7d266440efab2f57dbd6c53e17 ff887c7d10544a709fad9c928a959a91 - - default default] 10.0.0.96 "GET /v2.0/subnetpools HTTP/1.1" status: 200 len: 193 time: 0.0211284
2026-07-21 14:36:27.675 10 INFO neutron.wsgi [None req-901ef2a8-360d-4bd5-b697-3777ec9fcf08 930cc18879fb4cae9aa6238cad912339 cbceaf84ea464063bb92be4b46576f41 - - default default] 10.0.0.21 "POST /v2.0/ports HTTP/1.1" status: 201 len: 1146 time: 1.3690467
2026-07-21 14:36:27.687 10 INFO neutron.wsgi [None req-4aff5026-fc92-4a2d-837a-b72993a88926 aaf09a7d266440efab2f57dbd6c53e17 ff887c7d10544a709fad9c928a959a91 - - default default] 10.0.0.96 "GET /v2.0/floatingips HTTP/1.1" status: 200 len: 1269 time: 0.0447323
2026-07-21 14:36:27.734 9 INFO neutron.wsgi [None req-38a2658b-9465-4830-b01b-48c6650e125b 265803d83b524622ad499cbffdb4b944 04fe89ad13f64e0a970477188ea4bbed - - default default] 10.0.0.21 "DELETE /v2.0/subnets/0f598bb2-01a3-41c5-b45f-6f5701cdf8ab HTTP/1.1" status: 204 len: 168 time: 0.2212768
2026-07-21 14:36:27.756 9 INFO neutron.pecan_wsgi.hooks.translation [None req-56c09055-d53b-4ab6-91dd-09a25deaba35 265803d83b524622ad499cbffdb4b944 04fe89ad13f64e0a970477188ea4bbed - - default default] DELETE failed (client error): The resource could not be found.
2026-07-21 14:36:27.759 9 INFO neutron.wsgi [None req-56c09055-d53b-4ab6-91dd-09a25deaba35 265803d83b524622ad499cbffdb4b944 04fe89ad13f64e0a970477188ea4bbed - - default default] 10.0.0.21 "DELETE /v2.0/subnets/ecc6dd86-fb73-4315-8e2c-1cede1aa085a HTTP/1.1" status: 404 len: 337 time: 0.0190487
2026-07-21 14:36:27.817 10 INFO neutron.wsgi [None req-d9ac3b92-7d6a-444b-8f19-d79e71cff4b8 b3901dc963cb4e169daa46e498400058 7728bb40c65c4fbcb7f845e36d7a18db - - default default] 10.0.0.21 "POST /v2.0/floatingips HTTP/1.1" status: 201 len: 751 time: 1.4900177
2026-07-21 14:36:27.828 9 WARNING neutron_lib.context [None req-442c50f3-750e-4382-b8c1-e70fe89eed45 b3901dc963cb4e169daa46e498400058 7728bb40c65c4fbcb7f845e36d7a18db - - default default] Method 'is_advsvc' is deprecated since 2023.2 release (neutron-lib 3.8.0) and will be removed once support for the old RBAC API policies will be removed from Neutron. Please use method 'is_service_role' instead.
2026-07-21 14:36:27.919 10 INFO neutron.wsgi [None req-7914df46-ddb0-4db4-be65-e49b8f8729a0 aaf09a7d266440efab2f57dbd6c53e17 ff887c7d10544a709fad9c928a959a91 - - default default] 10.0.0.96 "GET /v2.0/networks HTTP/1.1" status: 200 len: 5207 time: 0.2287922
2026-07-21 14:36:27.974 10 INFO neutron.wsgi [None req-14c94cb8-03a0-4e6f-a778-9b9e364b875c aaf09a7d266440efab2f57dbd6c53e17 ff887c7d10544a709fad9c928a959a91 - - default default] 10.0.0.96 "GET /v2.0/subnets HTTP/1.1" status: 200 len: 2047 time: 0.0489962
2026-07-21 14:36:28.349 10 ERROR ovsdbapp.backend.ovs_idl.command [None req-5adef1a0-e483-4bfc-b14e-35f222575f40 930cc18879fb4cae9aa6238cad912339 cbceaf84ea464063bb92be4b46576f41 - - default default] Error executing command (DbGetCommand): ovsdbapp.backend.ovs_idl.idlutils.RowNotFound: Cannot find Logical_Router_Port with name=lrp-99f36ac8-6f54-4eb4-8920-18a4a579f6c4
2026-07-21 14:36:28.349 10 ERROR ovsdbapp.backend.ovs_idl.command
Traceback (most recent call last):
2026-07-21 14:36:28.349 10 ERROR ovsdbapp.backend.ovs_idl.command
File "/var/lib/openstack/lib/python3.10/site-packages/ovsdbapp/backend/ovs_idl/command.py", line 47, in execute
2026-07-21 14:36:28.349 10 ERROR ovsdbapp.backend.ovs_idl.command self.run_idl(None)
2026-07-21 14:36:28.349 10 ERROR ovsdbapp.backend.ovs_idl.command
File "/var/lib/openstack/lib/python3.10/site-packages/ovsdbapp/backend/ovs_idl/command.py", line 235, in run_idl
2026-07-21 14:36:28.349 10 ERROR ovsdbapp.backend.ovs_idl.command record = self.api.lookup(self.table, self.record)
2026-07-21 14:36:28.349 10 ERROR ovsdbapp.backend.ovs_idl.command
File "/var/lib/openstack/lib/python3.10/site-packages/ovsdbapp/backend/ovs_idl/__init__.py", line 184, in lookup
2026-07-21 14:36:28.349 10 ERROR ovsdbapp.backend.ovs_idl.command return self._lookup(table, record)
2026-07-21 14:36:28.349 10 ERROR ovsdbapp.backend.ovs_idl.command
File "/var/lib/openstack/lib/python3.10/site-packages/ovsdbapp/backend/ovs_idl/__init__.py", line 235, in _lookup
2026-07-21 14:36:28.349 10 ERROR ovsdbapp.backend.ovs_idl.command row = idlutils.row_by_value(self, rl.table, rl.column, record)
2026-07-21 14:36:28.349 10 ERROR ovsdbapp.backend.ovs_idl.command
File "/var/lib/openstack/lib/python3.10/site-packages/ovsdbapp/backend/ovs_idl/idlutils.py", line 114, in row_by_value
2026-07-21 14:36:28.349 10 ERROR ovsdbapp.backend.ovs_idl.command raise RowNotFound(table=table, col=column, match=match)
2026-07-21 14:36:28.349 10 ERROR ovsdbapp.backend.ovs_idl.command ovsdbapp.backend.ovs_idl.idlutils.RowNotFound: Cannot find Logical_Router_Port with name=lrp-99f36ac8-6f54-4eb4-8920-18a4a579f6c4
2026-07-21 14:36:28.349 10 ERROR ovsdbapp.backend.ovs_idl.command 
2026-07-21 14:36:28.350 10 ERROR neutron_lib.callbacks.manager [None req-5adef1a0-e483-4bfc-b14e-35f222575f40 930cc18879fb4cae9aa6238cad912339 cbceaf84ea464063bb92be4b46576f41 - - default default] Error during notification for neutron.services.ovn_l3.plugin.OVNL3RouterPlugin._port_update-8792740320998 port, after_update: ovsdbapp.backend.ovs_idl.idlutils.RowNotFound: Cannot find Logical_Router_Port with name=lrp-99f36ac8-6f54-4eb4-8920-18a4a579f6c4
2026-07-21 14:36:28.350 10 ERROR neutron_lib.callbacks.manager
Traceback (most recent call last):
2026-07-21 14:36:28.350 10 ERROR neutron_lib.callbacks.manager
File "/var/lib/openstack/lib/python3.10/site-packages/neutron_lib/callbacks/manager.py", line 189, in _notify_loop
2026-07-21 14:36:28.350 10 ERROR neutron_lib.callbacks.manager callback.method(resource, event, trigger, payload=payload)
2026-07-21 14:36:28.350 10 ERROR neutron_lib.callbacks.manager
File "/var/lib/openstack/lib/python3.10/site-packages/neutron/services/ovn_l3/plugin.py", line 391, in _port_update
2026-07-21 14:36:28.350 10 ERROR neutron_lib.callbacks.manager l3plugin._ovn_client.update_router_port(context,
2026-07-21 14:36:28.350 10 ERROR neutron_lib.callbacks.manager
File "/var/lib/openstack/lib/python3.10/site-packages/neutron/plugins/ml2/drivers/ovn/mech_driver/ovsdb/ovn_client.py", line 1878, in update_router_port
2026-07-21 14:36:28.350 10 ERROR neutron_lib.callbacks.manager self._update_lrouter_port(context, port, if_exists=if_exists,
2026-07-21 14:36:28.350 10 ERROR neutron_lib.callbacks.manager
File "/var/lib/openstack/lib/python3.10/site-packages/neutron/plugins/ml2/drivers/ovn/mech_driver/ovsdb/ovn_client.py", line 1855, in _update_lrouter_port
2026-07-21 14:36:28.350 10 ERROR neutron_lib.callbacks.manager external_ids = self._nb_idl.db_get(
2026-07-21 14:36:28.350 10 ERROR neutron_lib.callbacks.manager
File "/var/lib/openstack/lib/python3.10/site-packages/ovsdbapp/backend/ovs_idl/command.py", line 47, in execute
2026-07-21 14:36:28.350 10 ERROR neutron_lib.callbacks.manager self.run_idl(None)
2026-07-21 14:36:28.350 10 ERROR neutron_lib.callbacks.manager
File "/var/lib/openstack/lib/python3.10/site-packages/ovsdbapp/backend/ovs_idl/command.py", line 235, in run_idl
2026-07-21 14:36:28.350 10 ERROR neutron_lib.callbacks.manager record = self.api.lookup(self.table, self.record)
2026-07-21 14:36:28.350 10 ERROR neutron_lib.callbacks.manager
File "/var/lib/openstack/lib/python3.10/site-packages/ovsdbapp/backend/ovs_idl/__init__.py", line 184, in lookup
2026-07-21 14:36:28.350 10 ERROR neutron_lib.callbacks.manager return self._lookup(table, record)
2026-07-21 14:36:28.350 10 ERROR neutron_lib.callbacks.manager
File "/var/lib/openstack/lib/python3.10/site-packages/ovsdbapp/backend/ovs_idl/__init__.py", line 235, in _lookup
2026-07-21 14:36:28.350 10 ERROR neutron_lib.callbacks.manager row = idlutils.row_by_value(self, rl.table, rl.column, record)
2026-07-21 14:36:28.350 10 ERROR neutron_lib.callbacks.manager
File "/var/lib/openstack/lib/python3.10/site-packages/ovsdbapp/backend/ovs_idl/idlutils.py", line 114, in row_by_value
2026-07-21 14:36:28.350 10 ERROR neutron_lib.callbacks.manager raise RowNotFound(table=table, col=column, match=match)
2026-07-21 14:36:28.350 10 ERROR neutron_lib.callbacks.manager ovsdbapp.backend.ovs_idl.idlutils.RowNotFound: Cannot find Logical_Router_Port with name=lrp-99f36ac8-6f54-4eb4-8920-18a4a579f6c4
2026-07-21 14:36:28.350 10 ERROR neutron_lib.callbacks.manager 
2026-07-21 14:36:28.536 9 INFO neutron.plugins.ml2.drivers.ovn.mech_driver.mech_driver [None req-aa3eab6f-aab2-4c33-95ac-658aadf91c44 - - - - - -] OVN reports status up for port: 99f36ac8-6f54-4eb4-8920-18a4a579f6c4
2026-07-21 14:36:28.549 9 INFO neutron.plugins.ml2.plugin [None req-aa3eab6f-aab2-4c33-95ac-658aadf91c44 - - - - - -] Attempt 1 to provision port 99f36ac8-6f54-4eb4-8920-18a4a579f6c4
2026-07-21 14:36:28.554 10 INFO neutron.db.ovn_revision_numbers_db [None req-5adef1a0-e483-4bfc-b14e-35f222575f40 930cc18879fb4cae9aa6238cad912339 cbceaf84ea464063bb92be4b46576f41 - - default default] Successfully bumped revision number for resource 99f36ac8-6f54-4eb4-8920-18a4a579f6c4 (type: ports) to 2
2026-07-21 14:36:28.695 9 WARNING neutron.scheduler.dhcp_agent_scheduler [None req-442c50f3-750e-4382-b8c1-e70fe89eed45 b3901dc963cb4e169daa46e498400058 7728bb40c65c4fbcb7f845e36d7a18db - - default default] No more DHCP agents
2026-07-21 14:36:28.700 9 WARNING neutron.api.rpc.agentnotifiers.dhcp_rpc_agent_api [None req-442c50f3-750e-4382-b8c1-e70fe89eed45 b3901dc963cb4e169daa46e498400058 7728bb40c65c4fbcb7f845e36d7a18db - - default default] Unable to schedule network 4b3149dc-3d64-47b9-87b8-94a2e620dd09: no agents available; will retry on subsequent port and subnet creation events.
2026-07-21 14:36:28.816 9 INFO neutron.services.segments.plugin [-] Segment bd0d3484-e69d-415a-be18-59572d382a66 resource provider aggregate not found
2026-07-21 14:36:28.821 9 INFO neutron.services.segments.plugin [-] Segment bd0d3484-e69d-415a-be18-59572d382a66 resource provider aggregate not found
2026-07-21 14:36:28.840 9 INFO neutron.services.segments.plugin [-] Segment bd0d3484-e69d-415a-be18-59572d382a66 resource provider not found; error: Placement Client Error (4xx): {"errors": [{"status": 404, "title": "Not Found", "detail": "The resource could not be found.\n\n No resource provider with uuid bd0d3484-e69d-415a-be18-59572d382a66 found for delete ", "request_id": "req-4cdd4c5d-84c0-4b0c-a720-a2764784df18"}]}
2026-07-21 14:36:28.856 9 INFO neutron.services.segments.plugin [-] Segment bd0d3484-e69d-415a-be18-59572d382a66 resource provider not found; error: Placement Client Error (4xx): {"errors": [{"status": 404, "title": "Not Found", "detail": "The resource could not be found.\n\n No resource provider with uuid bd0d3484-e69d-415a-be18-59572d382a66 found for delete ", "request_id": "req-df28c126-5be2-4a48-80ac-b11e47448db8"}]}
2026-07-21 14:36:28.899 9 INFO neutron.wsgi [None req-3efcdddf-144d-4a3e-a084-29c260512f7d 265803d83b524622ad499cbffdb4b944 04fe89ad13f64e0a970477188ea4bbed - - default default] 10.0.0.21 "DELETE /v2.0/networks/1c315778-03bf-4eca-8f2e-9494c253b102 HTTP/1.1" status: 204 len: 168 time: 1.1340771 /var/lib/openstack/lib/python3.10/site-packages/pycadf/identifier.py:71: UserWarning: Invalid uuid: neutron. To ensure interoperability, identifiers should be a valid uuid. warnings.warn(('Invalid uuid: %s. To ensure interoperability, '
2026-07-21 14:36:29.189 9 INFO neutron.db.ovn_revision_numbers_db [None req-aa3eab6f-aab2-4c33-95ac-658aadf91c44 - - - - - -] Successfully bumped revision number for resource 99f36ac8-6f54-4eb4-8920-18a4a579f6c4 (type: ports) to 3
2026-07-21 14:36:29.229 9 INFO neutron.wsgi [None req-442c50f3-750e-4382-b8c1-e70fe89eed45 b3901dc963cb4e169daa46e498400058 7728bb40c65c4fbcb7f845e36d7a18db - - default default] 10.0.0.21 "POST /v2.0/floatingips HTTP/1.1" status: 201 len: 751 time: 1.4061480
2026-07-21 14:36:29.239 10 WARNING neutron_lib.context [None req-c89a7e38-e55b-4174-aa09-cbcc8732a165 b3901dc963cb4e169daa46e498400058 7728bb40c65c4fbcb7f845e36d7a18db - - default default] Method 'is_advsvc' is deprecated since 2023.2 release (neutron-lib 3.8.0) and will be removed once support for the old RBAC API policies will be removed from Neutron. Please use method 'is_service_role' instead.
2026-07-21 14:36:29.280 10 INFO neutron.services.segments.plugin [-] Segment 0aa7afd2-9a1e-48e0-995f-4c0d80ccb8cf resource provider aggregate not found
2026-07-21 14:36:29.286 9 ERROR ovsdbapp.backend.ovs_idl.command [None req-aa3eab6f-aab2-4c33-95ac-658aadf91c44 - - - - - -] Error executing command (DbGetCommand): ovsdbapp.backend.ovs_idl.idlutils.RowNotFound: Cannot find Logical_Router_Port with name=lrp-99f36ac8-6f54-4eb4-8920-18a4a579f6c4
2026-07-21 14:36:29.286 9 ERROR ovsdbapp.backend.ovs_idl.command
Traceback (most recent call last):
2026-07-21 14:36:29.286 9 ERROR ovsdbapp.backend.ovs_idl.command
File "/var/lib/openstack/lib/python3.10/site-packages/ovsdbapp/backend/ovs_idl/command.py", line 47, in execute
2026-07-21 14:36:29.286 9 ERROR ovsdbapp.backend.ovs_idl.command self.run_idl(None)
2026-07-21 14:36:29.286 9 ERROR ovsdbapp.backend.ovs_idl.command
File "/var/lib/openstack/lib/python3.10/site-packages/ovsdbapp/backend/ovs_idl/command.py", line 235, in run_idl
2026-07-21 14:36:29.286 9 ERROR ovsdbapp.backend.ovs_idl.command record = self.api.lookup(self.table, self.record)
2026-07-21 14:36:29.286 9 ERROR ovsdbapp.backend.ovs_idl.command
File "/var/lib/openstack/lib/python3.10/site-packages/ovsdbapp/backend/ovs_idl/__init__.py", line 184, in lookup
2026-07-21 14:36:29.286 9 ERROR ovsdbapp.backend.ovs_idl.command return self._lookup(table, record)
2026-07-21 14:36:29.286 9 ERROR ovsdbapp.backend.ovs_idl.command
File "/var/lib/openstack/lib/python3.10/site-packages/ovsdbapp/backend/ovs_idl/__init__.py", line 235, in _lookup
2026-07-21 14:36:29.286 9 ERROR ovsdbapp.backend.ovs_idl.command row = idlutils.row_by_value(self, rl.table, rl.column, record)
2026-07-21 14:36:29.286 9 ERROR ovsdbapp.backend.ovs_idl.command
File "/var/lib/openstack/lib/python3.10/site-packages/ovsdbapp/backend/ovs_idl/idlutils.py", line 114, in row_by_value
2026-07-21 14:36:29.286 9 ERROR ovsdbapp.backend.ovs_idl.command raise RowNotFound(table=table, col=column, match=match)
2026-07-21 14:36:29.286 9 ERROR ovsdbapp.backend.ovs_idl.command ovsdbapp.backend.ovs_idl.idlutils.RowNotFound: Cannot find Logical_Router_Port with name=lrp-99f36ac8-6f54-4eb4-8920-18a4a579f6c4
2026-07-21 14:36:29.286 9 ERROR ovsdbapp.backend.ovs_idl.command 
2026-07-21 14:36:29.287 9 ERROR neutron_lib.callbacks.manager [None req-aa3eab6f-aab2-4c33-95ac-658aadf91c44 - - - - - -] Error during notification for neutron.services.ovn_l3.plugin.OVNL3RouterPlugin._port_update-8792740320998 port, after_update: ovsdbapp.backend.ovs_idl.idlutils.RowNotFound: Cannot find Logical_Router_Port with name=lrp-99f36ac8-6f54-4eb4-8920-18a4a579f6c4
2026-07-21 14:36:29.287 9 ERROR neutron_lib.callbacks.manager
Traceback (most recent call last):
2026-07-21 14:36:29.287 9 ERROR neutron_lib.callbacks.manager
File "/var/lib/openstack/lib/python3.10/site-packages/neutron_lib/callbacks/manager.py", line 189, in _notify_loop
2026-07-21 14:36:29.287 9 ERROR neutron_lib.callbacks.manager callback.method(resource, event, trigger, payload=payload)
2026-07-21 14:36:29.287 9 ERROR neutron_lib.callbacks.manager
File "/var/lib/openstack/lib/python3.10/site-packages/neutron/services/ovn_l3/plugin.py", line 391, in _port_update
2026-07-21 14:36:29.287 9 ERROR neutron_lib.callbacks.manager l3plugin._ovn_client.update_router_port(context,
2026-07-21 14:36:29.287 9 ERROR neutron_lib.callbacks.manager
File "/var/lib/openstack/lib/python3.10/site-packages/neutron/plugins/ml2/drivers/ovn/mech_driver/ovsdb/ovn_client.py", line 1878, in update_router_port
2026-07-21 14:36:29.287 9 ERROR neutron_lib.callbacks.manager self._update_lrouter_port(context, port, if_exists=if_exists,
2026-07-21 14:36:29.287 9 ERROR neutron_lib.callbacks.manager
File "/var/lib/openstack/lib/python3.10/site-packages/neutron/plugins/ml2/drivers/ovn/mech_driver/ovsdb/ovn_client.py", line 1855, in _update_lrouter_port
2026-07-21 14:36:29.287 9 ERROR neutron_lib.callbacks.manager external_ids = self._nb_idl.db_get(
2026-07-21 14:36:29.287 9 ERROR neutron_lib.callbacks.manager
File "/var/lib/openstack/lib/python3.10/site-packages/ovsdbapp/backend/ovs_idl/command.py", line 47, in execute
2026-07-21 14:36:29.287 9 ERROR neutron_lib.callbacks.manager self.run_idl(None)
2026-07-21 14:36:29.287 9 ERROR neutron_lib.callbacks.manager
File "/var/lib/openstack/lib/python3.10/site-packages/ovsdbapp/backend/ovs_idl/command.py", line 235, in run_idl
2026-07-21 14:36:29.287 9 ERROR neutron_lib.callbacks.manager record = self.api.lookup(self.table, self.record)
2026-07-21 14:36:29.287 9 ERROR neutron_lib.callbacks.manager
File "/var/lib/openstack/lib/python3.10/site-packages/ovsdbapp/backend/ovs_idl/__init__.py", line 184, in lookup
2026-07-21 14:36:29.287 9 ERROR neutron_lib.callbacks.manager return self._lookup(table, record)
2026-07-21 14:36:29.287 9 ERROR neutron_lib.callbacks.manager
File "/var/lib/openstack/lib/python3.10/site-packages/ovsdbapp/backend/ovs_idl/__init__.py", line 235, in _lookup
2026-07-21 14:36:29.287 9 ERROR neutron_lib.callbacks.manager row = idlutils.row_by_value(self, rl.table, rl.column, record)
2026-07-21 14:36:29.287 9 ERROR neutron_lib.callbacks.manager
File "/var/lib/openstack/lib/python3.10/site-packages/ovsdbapp/backend/ovs_idl/idlutils.py", line 114, in row_by_value
2026-07-21 14:36:29.287 9 ERROR neutron_lib.callbacks.manager raise RowNotFound(table=table, col=column, match=match)
2026-07-21 14:36:29.287 9 ERROR neutron_lib.callbacks.manager ovsdbapp.backend.ovs_idl.idlutils.RowNotFound: Cannot find Logical_Router_Port with name=lrp-99f36ac8-6f54-4eb4-8920-18a4a579f6c4
2026-07-21 14:36:29.287 9 ERROR neutron_lib.callbacks.manager 
2026-07-21 14:36:29.289 10 INFO neutron.services.segments.plugin [-] Segment 0aa7afd2-9a1e-48e0-995f-4c0d80ccb8cf resource provider aggregate not found
2026-07-21 14:36:29.298 10 INFO neutron.services.segments.plugin [-] Segment 0aa7afd2-9a1e-48e0-995f-4c0d80ccb8cf resource provider not found; error: Placement Client Error (4xx): {"errors": [{"status": 404, "title": "Not Found", "detail": "The resource could not be found.\n\n No resource provider with uuid 0aa7afd2-9a1e-48e0-995f-4c0d80ccb8cf found for delete ", "request_id": "req-312e298e-d113-49be-8e5f-754d2f38f743"}]}
2026-07-21 14:36:29.319 10 INFO neutron.services.segments.plugin [-] Segment 0aa7afd2-9a1e-48e0-995f-4c0d80ccb8cf resource provider not found; error: Placement Client Error (4xx): {"errors": [{"status": 404, "title": "Not Found", "detail": "The resource could not be found.\n\n No resource provider with uuid 0aa7afd2-9a1e-48e0-995f-4c0d80ccb8cf found for delete ", "request_id": "req-daa5921d-d987-434f-874c-1f1b3ed2a93c"}]}
2026-07-21 14:36:29.354 10 INFO neutron.wsgi [None req-e6aa614f-7a47-46dd-b2fa-6c70e70e2e27 265803d83b524622ad499cbffdb4b944 04fe89ad13f64e0a970477188ea4bbed - - default default] 10.0.0.21 "DELETE /v2.0/networks/af6a9744-715e-4985-a3ae-ff541194b2fd HTTP/1.1" status: 204 len: 168 time: 0.4434836 /var/lib/openstack/lib/python3.10/site-packages/pycadf/identifier.py:71: UserWarning: Invalid uuid: neutron. To ensure interoperability, identifiers should be a valid uuid. warnings.warn(('Invalid uuid: %s. To ensure interoperability, '
2026-07-21 14:36:29.608 10 WARNING neutron.scheduler.dhcp_agent_scheduler [None req-c89a7e38-e55b-4174-aa09-cbcc8732a165 b3901dc963cb4e169daa46e498400058 7728bb40c65c4fbcb7f845e36d7a18db - - default default] No more DHCP agents
2026-07-21 14:36:29.615 10 WARNING neutron.api.rpc.agentnotifiers.dhcp_rpc_agent_api [None req-c89a7e38-e55b-4174-aa09-cbcc8732a165 b3901dc963cb4e169daa46e498400058 7728bb40c65c4fbcb7f845e36d7a18db - - default default] Unable to schedule network 4b3149dc-3d64-47b9-87b8-94a2e620dd09: no agents available; will retry on subsequent port and subnet creation events.
2026-07-21 14:36:29.751 9 INFO neutron.wsgi [None req-7ce4bdac-634e-4938-8d63-4a5a6c98ce18 265803d83b524622ad499cbffdb4b944 04fe89ad13f64e0a970477188ea4bbed - - default default] 10.0.0.21 "DELETE /v2.0/networks/b692f0ff-9f1a-48bb-89c3-a0aded244db8 HTTP/1.1" status: 204 len: 168 time: 0.3906345
2026-07-21 14:36:29.766 9 INFO neutron.pecan_wsgi.hooks.translation [None req-4494d673-c2d1-4546-bcb0-ddfe135e458f 265803d83b524622ad499cbffdb4b944 04fe89ad13f64e0a970477188ea4bbed - - default default] DELETE failed (client error): The resource could not be found.
2026-07-21 14:36:29.769 9 INFO neutron.wsgi [None req-4494d673-c2d1-4546-bcb0-ddfe135e458f 265803d83b524622ad499cbffdb4b944 04fe89ad13f64e0a970477188ea4bbed - - default default] 10.0.0.21 "DELETE /v2.0/networks/7438eaa3-104d-4dde-8369-3f8be9bb07a5 HTTP/1.1" status: 404 len: 339 time: 0.0132949
2026-07-21 14:36:30.120 10 ERROR ovsdbapp.backend.ovs_idl.command [None req-5adef1a0-e483-4bfc-b14e-35f222575f40 930cc18879fb4cae9aa6238cad912339 cbceaf84ea464063bb92be4b46576f41 - - default default] Error executing command (DbGetCommand): ovsdbapp.backend.ovs_idl.idlutils.RowNotFound: Cannot find Logical_Router_Port with name=lrp-99f36ac8-6f54-4eb4-8920-18a4a579f6c4
2026-07-21 14:36:30.120 10 ERROR ovsdbapp.backend.ovs_idl.command
Traceback (most recent call last):
2026-07-21 14:36:30.120 10 ERROR ovsdbapp.backend.ovs_idl.command
File "/var/lib/openstack/lib/python3.10/site-packages/ovsdbapp/backend/ovs_idl/command.py", line 47, in execute
2026-07-21 14:36:30.120 10 ERROR ovsdbapp.backend.ovs_idl.command self.run_idl(None)
2026-07-21 14:36:30.120 10 ERROR ovsdbapp.backend.ovs_idl.command
File "/var/lib/openstack/lib/python3.10/site-packages/ovsdbapp/backend/ovs_idl/command.py", line 235, in run_idl
2026-07-21 14:36:30.120 10 ERROR ovsdbapp.backend.ovs_idl.command record = self.api.lookup(self.table, self.record)
2026-07-21 14:36:30.120 10 ERROR ovsdbapp.backend.ovs_idl.command
File "/var/lib/openstack/lib/python3.10/site-packages/ovsdbapp/backend/ovs_idl/__init__.py", line 184, in lookup
2026-07-21 14:36:30.120 10 ERROR ovsdbapp.backend.ovs_idl.command return self._lookup(table, record)
2026-07-21 14:36:30.120 10 ERROR ovsdbapp.backend.ovs_idl.command
File "/var/lib/openstack/lib/python3.10/site-packages/ovsdbapp/backend/ovs_idl/__init__.py", line 235, in _lookup
2026-07-21 14:36:30.120 10 ERROR ovsdbapp.backend.ovs_idl.command row = idlutils.row_by_value(self, rl.table, rl.column, record)
2026-07-21 14:36:30.120 10 ERROR ovsdbapp.backend.ovs_idl.command
File "/var/lib/openstack/lib/python3.10/site-packages/ovsdbapp/backend/ovs_idl/idlutils.py", line 114, in row_by_value
2026-07-21 14:36:30.120 10 ERROR ovsdbapp.backend.ovs_idl.command raise RowNotFound(table=table, col=column, match=match)
2026-07-21 14:36:30.120 10 ERROR ovsdbapp.backend.ovs_idl.command ovsdbapp.backend.ovs_idl.idlutils.RowNotFound: Cannot find Logical_Router_Port with name=lrp-99f36ac8-6f54-4eb4-8920-18a4a579f6c4
2026-07-21 14:36:30.120 10 ERROR ovsdbapp.backend.ovs_idl.command 
2026-07-21 14:36:30.120 10 ERROR neutron_lib.callbacks.manager [None req-5adef1a0-e483-4bfc-b14e-35f222575f40 930cc18879fb4cae9aa6238cad912339 cbceaf84ea464063bb92be4b46576f41 - - default default] Error during notification for neutron.services.ovn_l3.plugin.OVNL3RouterPlugin._port_update-8792740320998 port, after_update: ovsdbapp.backend.ovs_idl.idlutils.RowNotFound: Cannot find Logical_Router_Port with name=lrp-99f36ac8-6f54-4eb4-8920-18a4a579f6c4
2026-07-21 14:36:30.120 10 ERROR neutron_lib.callbacks.manager
Traceback (most recent call last):
2026-07-21 14:36:30.120 10 ERROR neutron_lib.callbacks.manager
File "/var/lib/openstack/lib/python3.10/site-packages/neutron_lib/callbacks/manager.py", line 189, in _notify_loop
2026-07-21 14:36:30.120 10 ERROR neutron_lib.callbacks.manager callback.method(resource, event, trigger, payload=payload)
2026-07-21 14:36:30.120 10 ERROR neutron_lib.callbacks.manager
File "/var/lib/openstack/lib/python3.10/site-packages/neutron/services/ovn_l3/plugin.py", line 391, in _port_update
2026-07-21 14:36:30.120 10 ERROR neutron_lib.callbacks.manager l3plugin._ovn_client.update_router_port(context,
2026-07-21 14:36:30.120 10 ERROR neutron_lib.callbacks.manager
File "/var/lib/openstack/lib/python3.10/site-packages/neutron/plugins/ml2/drivers/ovn/mech_driver/ovsdb/ovn_client.py", line 1878, in update_router_port
2026-07-21 14:36:30.120 10 ERROR neutron_lib.callbacks.manager self._update_lrouter_port(context, port, if_exists=if_exists,
2026-07-21 14:36:30.120 10 ERROR neutron_lib.callbacks.manager
File "/var/lib/openstack/lib/python3.10/site-packages/neutron/plugins/ml2/drivers/ovn/mech_driver/ovsdb/ovn_client.py", line 1855, in _update_lrouter_port
2026-07-21 14:36:30.120 10 ERROR neutron_lib.callbacks.manager external_ids = self._nb_idl.db_get(
2026-07-21 14:36:30.120 10 ERROR neutron_lib.callbacks.manager
File "/var/lib/openstack/lib/python3.10/site-packages/ovsdbapp/backend/ovs_idl/command.py", line 47, in execute
2026-07-21 14:36:30.120 10 ERROR neutron_lib.callbacks.manager self.run_idl(None)
2026-07-21 14:36:30.120 10 ERROR neutron_lib.callbacks.manager
File "/var/lib/openstack/lib/python3.10/site-packages/ovsdbapp/backend/ovs_idl/command.py", line 235, in run_idl
2026-07-21 14:36:30.120 10 ERROR neutron_lib.callbacks.manager record = self.api.lookup(self.table, self.record)
2026-07-21 14:36:30.120 10 ERROR neutron_lib.callbacks.manager
File "/var/lib/openstack/lib/python3.10/site-packages/ovsdbapp/backend/ovs_idl/__init__.py", line 184, in lookup
2026-07-21 14:36:30.120 10 ERROR neutron_lib.callbacks.manager return self._lookup(table, record)
2026-07-21 14:36:30.120 10 ERROR neutron_lib.callbacks.manager
File "/var/lib/openstack/lib/python3.10/site-packages/ovsdbapp/backend/ovs_idl/__init__.py", line 235, in _lookup
2026-07-21 14:36:30.120 10 ERROR neutron_lib.callbacks.manager row = idlutils.row_by_value(self, rl.table, rl.column, record)
2026-07-21 14:36:30.120 10 ERROR neutron_lib.callbacks.manager
File "/var/lib/openstack/lib/python3.10/site-packages/ovsdbapp/backend/ovs_idl/idlutils.py", line 114, in row_by_value
2026-07-21 14:36:30.120 10 ERROR neutron_lib.callbacks.manager raise RowNotFound(table=table, col=column, match=match)
2026-07-21 14:36:30.120 10 ERROR neutron_lib.callbacks.manager ovsdbapp.backend.ovs_idl.idlutils.RowNotFound: Cannot find Logical_Router_Port with name=lrp-99f36ac8-6f54-4eb4-8920-18a4a579f6c4
2026-07-21 14:36:30.120 10 ERROR neutron_lib.callbacks.manager 
2026-07-21 14:36:30.370 10 INFO neutron.wsgi [None req-c89a7e38-e55b-4174-aa09-cbcc8732a165 b3901dc963cb4e169daa46e498400058 7728bb40c65c4fbcb7f845e36d7a18db - - default default] 10.0.0.21 "POST /v2.0/floatingips HTTP/1.1" status: 201 len: 751 time: 1.1358860 /var/lib/openstack/lib/python3.10/site-packages/pycadf/identifier.py:71: UserWarning: Invalid uuid: neutron. To ensure interoperability, identifiers should be a valid uuid. warnings.warn(('Invalid uuid: %s. To ensure interoperability, '
2026-07-21 14:36:30.380 10 WARNING neutron_lib.context [None req-7cd61ce9-96ff-4e06-9f66-3605480c96fe b3901dc963cb4e169daa46e498400058 7728bb40c65c4fbcb7f845e36d7a18db - - default default] Method 'is_advsvc' is deprecated since 2023.2 release (neutron-lib 3.8.0) and will be removed once support for the old RBAC API policies will be removed from Neutron. Please use method 'is_service_role' instead.
