2026-07-21 14:36:30.415 10 INFO neutron.db.ovn_revision_numbers_db [None req-5adef1a0-e483-4bfc-b14e-35f222575f40 930cc18879fb4cae9aa6238cad912339 cbceaf84ea464063bb92be4b46576f41 - - default default] Successfully bumped revision number for resource 99f36ac8-6f54-4eb4-8920-18a4a579f6c4 (type: ports) to 3
2026-07-21 14:36:30.518 10 WARNING neutron.scheduler.dhcp_agent_scheduler [None req-5adef1a0-e483-4bfc-b14e-35f222575f40 930cc18879fb4cae9aa6238cad912339 cbceaf84ea464063bb92be4b46576f41 - - default default] No more DHCP agents
2026-07-21 14:36:30.520 10 WARNING neutron.api.rpc.agentnotifiers.dhcp_rpc_agent_api [None req-5adef1a0-e483-4bfc-b14e-35f222575f40 930cc18879fb4cae9aa6238cad912339 cbceaf84ea464063bb92be4b46576f41 - - default default] Unable to schedule network 79e1852a-05eb-4de2-8f78-18ef3f63313d: no agents available; will retry on subsequent port and subnet creation events.
2026-07-21 14:36:30.770 10 INFO neutron.db.ovn_revision_numbers_db [None req-5adef1a0-e483-4bfc-b14e-35f222575f40 930cc18879fb4cae9aa6238cad912339 cbceaf84ea464063bb92be4b46576f41 - - default default] Successfully bumped revision number for resource 99f36ac8-6f54-4eb4-8920-18a4a579f6c4 (type: router_ports) to 3
2026-07-21 14:36:30.775 10 INFO neutron.wsgi [None req-5adef1a0-e483-4bfc-b14e-35f222575f40 930cc18879fb4cae9aa6238cad912339 cbceaf84ea464063bb92be4b46576f41 - - default default] 10.0.0.21 "PUT /v2.0/routers/a537305f-088f-4755-8b5e-3cf7786f607d/add_router_interface HTTP/1.1" status: 200 len: 503 time: 3.0919561
2026-07-21 14:36:30.783 10 WARNING neutron.scheduler.dhcp_agent_scheduler [None req-7cd61ce9-96ff-4e06-9f66-3605480c96fe b3901dc963cb4e169daa46e498400058 7728bb40c65c4fbcb7f845e36d7a18db - - default default] No more DHCP agents
2026-07-21 14:36:30.789 10 WARNING neutron.api.rpc.agentnotifiers.dhcp_rpc_agent_api [None req-7cd61ce9-96ff-4e06-9f66-3605480c96fe b3901dc963cb4e169daa46e498400058 7728bb40c65c4fbcb7f845e36d7a18db - - default default] Unable to schedule network 4b3149dc-3d64-47b9-87b8-94a2e620dd09: no agents available; will retry on subsequent port and subnet creation events.
2026-07-21 14:36:30.822 10 INFO neutron.db.ovn_revision_numbers_db [None req-d4925eb7-a90f-4632-b4e5-3f24733f3c4c aaf09a7d266440efab2f57dbd6c53e17 ff887c7d10544a709fad9c928a959a91 - - default default] Successfully bumped revision number for resource eeeeef83-b33b-4017-959f-b332a4747e3e (type: security_groups) to 1
2026-07-21 14:36:30.846 10 INFO neutron.db.ovn_revision_numbers_db [None req-d4925eb7-a90f-4632-b4e5-3f24733f3c4c aaf09a7d266440efab2f57dbd6c53e17 ff887c7d10544a709fad9c928a959a91 - - default default] Successfully bumped revision number for resource 9b1df9bd-281a-4a98-8cce-ce9b0a1d51a7 (type: security_group_rules) to 0
2026-07-21 14:36:30.867 9 INFO neutron.services.segments.plugin [-] Segment 75e98241-b305-42b7-bb3b-21accda0c1d0 resource provider aggregate not found
2026-07-21 14:36:30.871 10 INFO neutron.db.ovn_revision_numbers_db [None req-d4925eb7-a90f-4632-b4e5-3f24733f3c4c aaf09a7d266440efab2f57dbd6c53e17 ff887c7d10544a709fad9c928a959a91 - - default default] Successfully bumped revision number for resource a82959d4-aaf6-4129-841e-bd16feb91206 (type: security_group_rules) to 0
2026-07-21 14:36:30.874 9 INFO neutron.services.segments.plugin [-] Segment 75e98241-b305-42b7-bb3b-21accda0c1d0 resource provider aggregate not found
2026-07-21 14:36:30.887 9 INFO neutron.services.segments.plugin [-] Segment 75e98241-b305-42b7-bb3b-21accda0c1d0 resource provider not found; error: Placement Client Error (4xx): {"errors": [{"status": 404, "title": "Not Found", "detail": "The resource could not be found.\n\n No resource provider with uuid 75e98241-b305-42b7-bb3b-21accda0c1d0 found for delete ", "request_id": "req-dae6e370-3f22-481b-8587-c73bc999f07e"}]}
2026-07-21 14:36:30.891 10 INFO neutron.db.ovn_revision_numbers_db [None req-d4925eb7-a90f-4632-b4e5-3f24733f3c4c aaf09a7d266440efab2f57dbd6c53e17 ff887c7d10544a709fad9c928a959a91 - - default default] Successfully bumped revision number for resource d7019da8-4cb0-4a18-ab20-c44950c5a427 (type: security_group_rules) to 0
2026-07-21 14:36:30.892 9 INFO neutron.services.segments.plugin [-] Segment 75e98241-b305-42b7-bb3b-21accda0c1d0 resource provider not found; error: Placement Client Error (4xx): {"errors": [{"status": 404, "title": "Not Found", "detail": "The resource could not be found.\n\n No resource provider with uuid 75e98241-b305-42b7-bb3b-21accda0c1d0 found for delete ", "request_id": "req-5f8f8f5c-1c2a-46ea-8634-cb06b1852e11"}]}
2026-07-21 14:36:30.907 10 INFO neutron.db.ovn_revision_numbers_db [None req-d4925eb7-a90f-4632-b4e5-3f24733f3c4c aaf09a7d266440efab2f57dbd6c53e17 ff887c7d10544a709fad9c928a959a91 - - default default] Successfully bumped revision number for resource fe49cf6f-2af4-42d2-b720-e4bdf46f35c1 (type: security_group_rules) to 0
2026-07-21 14:36:30.909 9 INFO neutron.wsgi [None req-956428ea-c4dc-4ebd-b396-21936d001fa6 930cc18879fb4cae9aa6238cad912339 cbceaf84ea464063bb92be4b46576f41 - - default default] 10.0.0.21 "GET /v2.0/ports/99f36ac8-6f54-4eb4-8920-18a4a579f6c4 HTTP/1.1" status: 200 len: 1204 time: 0.1282952
2026-07-21 14:36:30.948 10 INFO neutron.wsgi [None req-d4925eb7-a90f-4632-b4e5-3f24733f3c4c aaf09a7d266440efab2f57dbd6c53e17 ff887c7d10544a709fad9c928a959a91 - - default default] 10.0.0.21 "GET /v2.0/security-groups?tenant_id=8ed187219c9b4d7295121df83da9cacb&name=default HTTP/1.1" status: 200 len: 3120 time: 0.4900174
2026-07-21 14:36:31.217 10 INFO neutron.wsgi [None req-7cd61ce9-96ff-4e06-9f66-3605480c96fe b3901dc963cb4e169daa46e498400058 7728bb40c65c4fbcb7f845e36d7a18db - - default default] 10.0.0.21 "POST /v2.0/floatingips HTTP/1.1" status: 201 len: 751 time: 0.8417304 /var/lib/openstack/lib/python3.10/site-packages/pycadf/identifier.py:71: UserWarning: Invalid uuid: neutron. To ensure interoperability, identifiers should be a valid uuid. warnings.warn(('Invalid uuid: %s. To ensure interoperability, '
2026-07-21 14:36:31.264 10 INFO neutron.wsgi [None req-a1f5a34b-aa91-455f-9fbd-7f28019ac6a6 aaf09a7d266440efab2f57dbd6c53e17 ff887c7d10544a709fad9c928a959a91 - - default default] 10.0.0.21 "DELETE /v2.0/security-groups/eeeeef83-b33b-4017-959f-b332a4747e3e HTTP/1.1" status: 204 len: 168 time: 0.3093891
2026-07-21 14:36:31.286 9 INFO neutron.wsgi [None req-f6c94f1e-214d-45eb-bb53-a2dbda74a4e1 b3901dc963cb4e169daa46e498400058 7728bb40c65c4fbcb7f845e36d7a18db - - default default] 10.0.0.21 "PUT /v2.0/floatingips/a6fe02bf-15d2-4cc7-8709-46f82f13943d/tags HTTP/1.1" status: 200 len: 210 time: 0.0649805
2026-07-21 14:36:31.346 10 INFO neutron.wsgi [None req-d9eee2e1-9bba-474e-b579-69f51ac162db b3901dc963cb4e169daa46e498400058 7728bb40c65c4fbcb7f845e36d7a18db - - default default] 10.0.0.21 "PUT /v2.0/floatingips/dbf509ce-ca1e-43cb-8037-54b484f074d0/tags HTTP/1.1" status: 200 len: 218 time: 0.0519660
2026-07-21 14:36:31.405 10 INFO neutron.wsgi [None req-74107acb-8fe5-46c6-b9db-e815c1989557 b3901dc963cb4e169daa46e498400058 7728bb40c65c4fbcb7f845e36d7a18db - - default default] 10.0.0.21 "PUT /v2.0/floatingips/104773f5-ca51-450b-870b-fbe1c38a5d38/tags HTTP/1.1" status: 200 len: 227 time: 0.0540113
2026-07-21 14:36:31.446 10 INFO neutron.wsgi [None req-95d4e0b9-3cb5-4bbd-8a68-bfc88c3d2022 aaf09a7d266440efab2f57dbd6c53e17 ff887c7d10544a709fad9c928a959a91 - - default default] 10.0.0.21 "GET /v2.0/security-groups?tenant_id=04fe89ad13f64e0a970477188ea4bbed&name=default HTTP/1.1" status: 200 len: 3120 time: 0.0583370
2026-07-21 14:36:31.453 10 INFO neutron.wsgi [None req-664239d5-69e0-430a-84d9-47e6616be9af b3901dc963cb4e169daa46e498400058 7728bb40c65c4fbcb7f845e36d7a18db - - default default] 10.0.0.21 "PUT /v2.0/floatingips/e781dcab-0a05-4afa-bd71-d7d145725c32/tags HTTP/1.1" status: 200 len: 212 time: 0.0421567
2026-07-21 14:36:31.503 9 INFO neutron.wsgi [None req-6501f29f-459b-4dbe-b782-66b81d7279f1 b3901dc963cb4e169daa46e498400058 7728bb40c65c4fbcb7f845e36d7a18db - - default default] 10.0.0.21 "GET /v2.0/floatingips?tags=red HTTP/1.1" status: 200 len: 1866 time: 0.0461795
2026-07-21 14:36:31.563 9 INFO neutron.wsgi [None req-c07a6392-c1e9-4287-8ffe-7bfab8722028 b3901dc963cb4e169daa46e498400058 7728bb40c65c4fbcb7f845e36d7a18db - - default default] 10.0.0.21 "GET /v2.0/floatingips?tags=red%2Cblue HTTP/1.1" status: 200 len: 1323 time: 0.0543146
2026-07-21 14:36:31.624 9 INFO neutron.wsgi [None req-04c338fc-5db1-4016-943f-afbdf424cd7c b3901dc963cb4e169daa46e498400058 7728bb40c65c4fbcb7f845e36d7a18db - - default default] 10.0.0.21 "GET /v2.0/floatingips?tags-any=blue HTTP/1.1" status: 200 len: 1323 time: 0.0556242
2026-07-21 14:36:31.685 10 INFO neutron.wsgi [None req-1a821790-aeaf-47de-b8d7-1ceab65dc065 b3901dc963cb4e169daa46e498400058 7728bb40c65c4fbcb7f845e36d7a18db - - default default] 10.0.0.21 "GET /v2.0/floatingips?tags-any=red%2Cblue HTTP/1.1" status: 200 len: 1866 time: 0.0559957
2026-07-21 14:36:31.735 10 INFO neutron.wsgi [None req-f871b60c-318e-4b50-8213-73e328562af1 b3901dc963cb4e169daa46e498400058 7728bb40c65c4fbcb7f845e36d7a18db - - default default] 10.0.0.21 "GET /v2.0/floatingips?not-tags=red HTTP/1.1" status: 200 len: 1295 time: 0.0439467
2026-07-21 14:36:31.784 10 INFO neutron.wsgi [None req-ca905a8e-0857-4554-ac0d-6f91b7597e6f b3901dc963cb4e169daa46e498400058 7728bb40c65c4fbcb7f845e36d7a18db - - default default] 10.0.0.21 "GET /v2.0/floatingips?not-tags=red%2Cblue HTTP/1.1" status: 200 len: 1838 time: 0.0445037
2026-07-21 14:36:31.791 10 INFO neutron.wsgi [None req-5f22726b-d88d-41c0-9f91-74405422e3ef aaf09a7d266440efab2f57dbd6c53e17 ff887c7d10544a709fad9c928a959a91 - - default default] 10.0.0.21 "DELETE /v2.0/security-groups/6be514ec-7a71-48e8-ab3b-89b7cfa2917c HTTP/1.1" status: 204 len: 168 time: 0.3369446
2026-07-21 14:36:31.848 10 INFO neutron.wsgi [None req-fa667bef-168e-4700-a003-81c3b1bd06bc b3901dc963cb4e169daa46e498400058 7728bb40c65c4fbcb7f845e36d7a18db - - default default] 10.0.0.21 "GET /v2.0/floatingips?not-tags-any=blue HTTP/1.1" status: 200 len: 1838 time: 0.0557256
2026-07-21 14:36:31.892 10 INFO neutron.wsgi [None req-1b241e8f-bb97-48f7-a496-8a617c488e68 b3901dc963cb4e169daa46e498400058 7728bb40c65c4fbcb7f845e36d7a18db - - default default] 10.0.0.21 "GET /v2.0/floatingips?not-tags-any=red%2Cblue HTTP/1.1" status: 200 len: 1295 time: 0.0389605
2026-07-21 14:36:32.115 9 INFO neutron.wsgi [None req-f1e7a4ad-1c57-4512-b5e4-789375e30e00 930cc18879fb4cae9aa6238cad912339 cbceaf84ea464063bb92be4b46576f41 - - default default] 10.0.0.21 "PUT /v2.0/routers/a537305f-088f-4755-8b5e-3cf7786f607d/remove_router_interface HTTP/1.1" status: 200 len: 503 time: 1.2016637 /var/lib/openstack/lib/python3.10/site-packages/pycadf/identifier.py:71: UserWarning: Invalid uuid: neutron. To ensure interoperability, identifiers should be a valid uuid. warnings.warn(('Invalid uuid: %s. To ensure interoperability, '
2026-07-21 14:36:32.210 9 INFO neutron.api.v2.resource [None req-f53f5f4b-c059-4086-a33e-abfe65e82f76 930cc18879fb4cae9aa6238cad912339 cbceaf84ea464063bb92be4b46576f41 - - default default] remove_router_interface failed (client error): The resource could not be found.
2026-07-21 14:36:32.211 9 INFO neutron.wsgi [None req-f53f5f4b-c059-4086-a33e-abfe65e82f76 930cc18879fb4cae9aa6238cad912339 cbceaf84ea464063bb92be4b46576f41 - - default default] 10.0.0.21 "PUT /v2.0/routers/a537305f-088f-4755-8b5e-3cf7786f607d/remove_router_interface HTTP/1.1" status: 404 len: 398 time: 0.0869198
2026-07-21 14:36:32.252 9 INFO neutron.wsgi [None req-4ebd3f37-29be-484c-9ef2-f738677f38c2 930cc18879fb4cae9aa6238cad912339 cbceaf84ea464063bb92be4b46576f41 - - default default] 10.0.0.21 "GET /v2.0/ports?device_id=a537305f-088f-4755-8b5e-3cf7786f607d HTTP/1.1" status: 200 len: 205 time: 0.0258107
2026-07-21 14:36:32.297 10 INFO neutron.wsgi [None req-94715889-0cf9-4ca5-9392-5c3ff6c9ce81 b3901dc963cb4e169daa46e498400058 7728bb40c65c4fbcb7f845e36d7a18db - - default default] 10.0.0.21 "DELETE /v2.0/floatingips/a6fe02bf-15d2-4cc7-8709-46f82f13943d HTTP/1.1" status: 204 len: 168 time: 0.3958673
2026-07-21 14:36:32.576 9 INFO neutron.wsgi [None req-de1061a8-be43-465d-9996-f44d2e843717 930cc18879fb4cae9aa6238cad912339 cbceaf84ea464063bb92be4b46576f41 - - default default] 10.0.0.21 "DELETE /v2.0/routers/a537305f-088f-4755-8b5e-3cf7786f607d HTTP/1.1" status: 204 len: 168 time: 0.3191738
2026-07-21 14:36:32.661 10 INFO neutron.wsgi [None req-f7648477-68d5-4cea-8f17-b2740f754237 b3901dc963cb4e169daa46e498400058 7728bb40c65c4fbcb7f845e36d7a18db - - default default] 10.0.0.21 "DELETE /v2.0/floatingips/dbf509ce-ca1e-43cb-8037-54b484f074d0 HTTP/1.1" status: 204 len: 168 time: 0.3588197
2026-07-21 14:36:32.872 9 INFO neutron.wsgi [None req-f7c0ad83-ba48-4770-9bdc-3bbdbc01f337 930cc18879fb4cae9aa6238cad912339 cbceaf84ea464063bb92be4b46576f41 - - default default] 10.0.0.21 "DELETE /v2.0/subnets/8cb91569-fafd-4db5-92ac-021336664fc9 HTTP/1.1" status: 204 len: 168 time: 0.2908580
2026-07-21 14:36:33.126 9 INFO neutron.wsgi [None req-1346f8e7-4136-4367-9930-f926bd6d7a37 b3901dc963cb4e169daa46e498400058 7728bb40c65c4fbcb7f845e36d7a18db - - default default] 10.0.0.21 "DELETE /v2.0/floatingips/104773f5-ca51-450b-870b-fbe1c38a5d38 HTTP/1.1" status: 204 len: 168 time: 0.4591053
2026-07-21 14:36:33.518 10 INFO neutron.services.segments.plugin [-] Segment c70ba536-a3fd-4f6e-b519-4cfe08844094 resource provider aggregate not found
2026-07-21 14:36:33.524 10 INFO neutron.services.segments.plugin [-] Segment c70ba536-a3fd-4f6e-b519-4cfe08844094 resource provider aggregate not found
2026-07-21 14:36:33.530 9 INFO neutron.wsgi [None req-6d81c919-8ff1-49ac-ba0c-af7cf6bc2808 b3901dc963cb4e169daa46e498400058 7728bb40c65c4fbcb7f845e36d7a18db - - default default] 10.0.0.21 "DELETE /v2.0/floatingips/e781dcab-0a05-4afa-bd71-d7d145725c32 HTTP/1.1" status: 204 len: 168 time: 0.4003222
2026-07-21 14:36:33.532 10 INFO neutron.services.segments.plugin [-] Segment c70ba536-a3fd-4f6e-b519-4cfe08844094 resource provider not found; error: Placement Client Error (4xx): {"errors": [{"status": 404, "title": "Not Found", "detail": "The resource could not be found.\n\n No resource provider with uuid c70ba536-a3fd-4f6e-b519-4cfe08844094 found for delete ", "request_id": "req-bf365488-e684-4b9a-bd25-3c8fc3fd21fc"}]}
2026-07-21 14:36:33.544 10 INFO neutron.services.segments.plugin [-] Segment c70ba536-a3fd-4f6e-b519-4cfe08844094 resource provider not found; error: Placement Client Error (4xx): {"errors": [{"status": 404, "title": "Not Found", "detail": "The resource could not be found.\n\n No resource provider with uuid c70ba536-a3fd-4f6e-b519-4cfe08844094 found for delete ", "request_id": "req-7904dfc5-c481-4a20-a25b-9fd6093f4a0a"}]}
2026-07-21 14:36:33.551 10 INFO neutron.wsgi [None req-2fd2f34f-116d-4670-9827-e1ff05a93311 930cc18879fb4cae9aa6238cad912339 cbceaf84ea464063bb92be4b46576f41 - - default default] 10.0.0.21 "DELETE /v2.0/networks/79e1852a-05eb-4de2-8f78-18ef3f63313d HTTP/1.1" status: 204 len: 168 time: 0.6727283
2026-07-21 14:36:33.564 9 WARNING neutron_lib.context [None req-d62b12ca-ebb7-4093-aba2-75997549fbf6 930cc18879fb4cae9aa6238cad912339 cbceaf84ea464063bb92be4b46576f41 - - default default] Method 'is_advsvc' is deprecated since 2023.2 release (neutron-lib 3.8.0) and will be removed once support for the old RBAC API policies will be removed from Neutron. Please use method 'is_service_role' instead.
2026-07-21 14:36:33.675 9 INFO neutron.db.segments_db [None req-d62b12ca-ebb7-4093-aba2-75997549fbf6 930cc18879fb4cae9aa6238cad912339 cbceaf84ea464063bb92be4b46576f41 - - default default] Added segment cdb8035c-01cb-4835-8288-aac52e22219c of type geneve for network e0a9e1f0-fd39-46f6-ade1-0621fd736c75
2026-07-21 14:36:33.866 9 INFO neutron.db.ovn_revision_numbers_db [None req-d62b12ca-ebb7-4093-aba2-75997549fbf6 930cc18879fb4cae9aa6238cad912339 cbceaf84ea464063bb92be4b46576f41 - - default default] Successfully bumped revision number for resource e0a9e1f0-fd39-46f6-ade1-0621fd736c75 (type: networks) to 1
2026-07-21 14:36:34.064 9 INFO neutron.wsgi [None req-0e220d9f-ae7b-4eaf-afcc-5b8e35f9f45f b3901dc963cb4e169daa46e498400058 7728bb40c65c4fbcb7f845e36d7a18db - - default default] 10.0.0.21 "DELETE /v2.0/floatingips/4d203587-221a-4bab-b5c2-5ff6c29c5945 HTTP/1.1" status: 204 len: 168 time: 0.5280018
2026-07-21 14:36:34.123 9 WARNING neutron.scheduler.dhcp_agent_scheduler [None req-d62b12ca-ebb7-4093-aba2-75997549fbf6 930cc18879fb4cae9aa6238cad912339 cbceaf84ea464063bb92be4b46576f41 - - default default] No more DHCP agents
2026-07-21 14:36:34.132 9 WARNING neutron.api.rpc.agentnotifiers.dhcp_rpc_agent_api [None req-d62b12ca-ebb7-4093-aba2-75997549fbf6 930cc18879fb4cae9aa6238cad912339 cbceaf84ea464063bb92be4b46576f41 - - default default] Unable to schedule network e0a9e1f0-fd39-46f6-ade1-0621fd736c75: no agents available; will retry on subsequent port and subnet creation events.
2026-07-21 14:36:34.236 9 INFO neutron.db.ovn_revision_numbers_db [None req-d62b12ca-ebb7-4093-aba2-75997549fbf6 930cc18879fb4cae9aa6238cad912339 cbceaf84ea464063bb92be4b46576f41 - - default default] Successfully bumped revision number for resource 6ecc640c-a798-4951-8ad4-3ea9b8a5d8b6 (type: ports) to 1
2026-07-21 14:36:34.264 9 INFO neutron.wsgi [None req-d62b12ca-ebb7-4093-aba2-75997549fbf6 930cc18879fb4cae9aa6238cad912339 cbceaf84ea464063bb92be4b46576f41 - - default default] 10.0.0.21 "POST /v2.0/networks HTTP/1.1" status: 201 len: 829 time: 0.7037203
2026-07-21 14:36:34.273 9 WARNING neutron_lib.context [None req-0c9446f3-7d4c-4481-b27e-2466b203f7ff 930cc18879fb4cae9aa6238cad912339 cbceaf84ea464063bb92be4b46576f41 - - default default] Method 'is_advsvc' is deprecated since 2023.2 release (neutron-lib 3.8.0) and will be removed once support for the old RBAC API policies will be removed from Neutron. Please use method 'is_service_role' instead.
2026-07-21 14:36:34.498 9 WARNING neutron.plugins.ml2.drivers.ovn.mech_driver.ovsdb.ovn_client [None req-aa3eab6f-aab2-4c33-95ac-658aadf91c44 - - - - - -] No port found with ID 99f36ac8-6f54-4eb4-8920-18a4a579f6c4: RuntimeError: No port found with ID 99f36ac8-6f54-4eb4-8920-18a4a579f6c4
2026-07-21 14:36:34.543 9 WARNING neutron.scheduler.dhcp_agent_scheduler [None req-0c9446f3-7d4c-4481-b27e-2466b203f7ff 930cc18879fb4cae9aa6238cad912339 cbceaf84ea464063bb92be4b46576f41 - - default default] No more DHCP agents
2026-07-21 14:36:34.545 9 WARNING neutron.api.rpc.agentnotifiers.dhcp_rpc_agent_api [None req-0c9446f3-7d4c-4481-b27e-2466b203f7ff 930cc18879fb4cae9aa6238cad912339 cbceaf84ea464063bb92be4b46576f41 - - default default] Unable to schedule network e0a9e1f0-fd39-46f6-ade1-0621fd736c75: no agents available; will retry on subsequent port and subnet creation events.
2026-07-21 14:36:35.102 9 INFO neutron.db.ovn_revision_numbers_db [None req-0c9446f3-7d4c-4481-b27e-2466b203f7ff 930cc18879fb4cae9aa6238cad912339 cbceaf84ea464063bb92be4b46576f41 - - default default] Successfully bumped revision number for resource 6ecc640c-a798-4951-8ad4-3ea9b8a5d8b6 (type: ports) to 2
2026-07-21 14:36:35.142 9 INFO neutron.db.ovn_revision_numbers_db [None req-0c9446f3-7d4c-4481-b27e-2466b203f7ff 930cc18879fb4cae9aa6238cad912339 cbceaf84ea464063bb92be4b46576f41 - - default default] Successfully bumped revision number for resource 50d4e71b-7bd5-49a1-9732-7aa4682500c7 (type: subnets) to 0
2026-07-21 14:36:35.165 9 INFO neutron.wsgi [None req-0c9446f3-7d4c-4481-b27e-2466b203f7ff 930cc18879fb4cae9aa6238cad912339 cbceaf84ea464063bb92be4b46576f41 - - default default] 10.0.0.21 "POST /v2.0/subnets HTTP/1.1" status: 201 len: 801 time: 0.8970797
2026-07-21 14:36:35.175 9 WARNING neutron_lib.context [None req-79752be9-8dd7-4efa-a331-5b5db60e8d4c 930cc18879fb4cae9aa6238cad912339 cbceaf84ea464063bb92be4b46576f41 - - default default] Method 'is_advsvc' is deprecated since 2023.2 release (neutron-lib 3.8.0) and will be removed once support for the old RBAC API policies will be removed from Neutron. Please use method 'is_service_role' instead.
2026-07-21 14:36:35.181 10 INFO neutron.db.ovn_revision_numbers_db [None req-8e455e8a-8b6a-4dc5-b940-fa28527c13dd aaf09a7d266440efab2f57dbd6c53e17 ff887c7d10544a709fad9c928a959a91 - - default default] Successfully bumped revision number for resource 1d778b6e-d49b-45a4-8cbc-0ba6561c20af (type: security_groups) to 1
2026-07-21 14:36:35.197 10 INFO neutron.db.ovn_revision_numbers_db [None req-8e455e8a-8b6a-4dc5-b940-fa28527c13dd aaf09a7d266440efab2f57dbd6c53e17 ff887c7d10544a709fad9c928a959a91 - - default default] Successfully bumped revision number for resource 08849773-c103-4b9a-bbf7-7c8748f7cdeb (type: security_group_rules) to 0
2026-07-21 14:36:35.212 10 INFO neutron.db.ovn_revision_numbers_db [None req-8e455e8a-8b6a-4dc5-b940-fa28527c13dd aaf09a7d266440efab2f57dbd6c53e17 ff887c7d10544a709fad9c928a959a91 - - default default] Successfully bumped revision number for resource 580b5a0b-f426-4e61-bdf1-ef705f8014b3 (type: security_group_rules) to 0
2026-07-21 14:36:35.227 10 INFO neutron.db.ovn_revision_numbers_db [None req-8e455e8a-8b6a-4dc5-b940-fa28527c13dd aaf09a7d266440efab2f57dbd6c53e17 ff887c7d10544a709fad9c928a959a91 - - default default] Successfully bumped revision number for resource 69b3feb1-483f-4bac-a7de-0f1ef05569a1 (type: security_group_rules) to 0
2026-07-21 14:36:35.242 10 INFO neutron.db.ovn_revision_numbers_db [None req-8e455e8a-8b6a-4dc5-b940-fa28527c13dd aaf09a7d266440efab2f57dbd6c53e17 ff887c7d10544a709fad9c928a959a91 - - default default] Successfully bumped revision number for resource baaff06d-6be5-405a-a6ff-3b2e0b1b9316 (type: security_group_rules) to 0
2026-07-21 14:36:35.265 10 INFO neutron.wsgi [None req-8e455e8a-8b6a-4dc5-b940-fa28527c13dd aaf09a7d266440efab2f57dbd6c53e17 ff887c7d10544a709fad9c928a959a91 - - default default] 10.0.0.21 "GET /v2.0/security-groups?tenant_id=7728bb40c65c4fbcb7f845e36d7a18db&name=default HTTP/1.1" status: 200 len: 3120 time: 0.4324281
2026-07-21 14:36:35.314 9 INFO neutron.db.ovn_revision_numbers_db [None req-79752be9-8dd7-4efa-a331-5b5db60e8d4c 930cc18879fb4cae9aa6238cad912339 cbceaf84ea464063bb92be4b46576f41 - - default default] Successfully bumped revision number for resource f9b483a7-9a47-44b5-a8a8-e4761b295884 (type: routers) to 1
2026-07-21 14:36:35.330 9 INFO neutron.wsgi [None req-79752be9-8dd7-4efa-a331-5b5db60e8d4c 930cc18879fb4cae9aa6238cad912339 cbceaf84ea464063bb92be4b46576f41 - - default default] 10.0.0.21 "POST /v2.0/routers HTTP/1.1" status: 201 len: 802 time: 0.1594422
2026-07-21 14:36:35.519 10 INFO neutron.wsgi [None req-7e300afd-db03-4a96-bc62-29716f97e166 aaf09a7d266440efab2f57dbd6c53e17 ff887c7d10544a709fad9c928a959a91 - - default default] 10.0.0.21 "DELETE /v2.0/security-groups/1d778b6e-d49b-45a4-8cbc-0ba6561c20af HTTP/1.1" status: 204 len: 168 time: 0.2490950
2026-07-21 14:36:35.543 10 INFO neutron.wsgi [-] 10.0.0.250 "GET / HTTP/1.1" status: 200 len: 247 time: 0.0027392
2026-07-21 14:36:35.547 10 INFO neutron.wsgi [-] 10.0.0.250 "GET / HTTP/1.1" status: 200 len: 247 time: 0.0024350
2026-07-21 14:36:35.812 9 WARNING neutron.scheduler.dhcp_agent_scheduler [None req-d39be9fb-b65f-4b1c-a6d5-bf6a0a87bad6 930cc18879fb4cae9aa6238cad912339 cbceaf84ea464063bb92be4b46576f41 - - default default] No more DHCP agents
2026-07-21 14:36:35.814 9 WARNING neutron.api.rpc.agentnotifiers.dhcp_rpc_agent_api [None req-d39be9fb-b65f-4b1c-a6d5-bf6a0a87bad6 930cc18879fb4cae9aa6238cad912339 cbceaf84ea464063bb92be4b46576f41 - - default default] Unable to schedule network e0a9e1f0-fd39-46f6-ade1-0621fd736c75: no agents available; will retry on subsequent port and subnet creation events.
2026-07-21 14:36:35.815 10 INFO neutron.db.ovn_revision_numbers_db [None req-fa3bc74a-6d50-45f2-a535-aa8b48d10075 aaf09a7d266440efab2f57dbd6c53e17 ff887c7d10544a709fad9c928a959a91 - - default default] Successfully bumped revision number for resource cd1c2d55-f028-4132-9731-5bf7908a1a1b (type: security_groups) to 1
2026-07-21 14:36:35.829 10 INFO neutron.db.ovn_revision_numbers_db [None req-fa3bc74a-6d50-45f2-a535-aa8b48d10075 aaf09a7d266440efab2f57dbd6c53e17 ff887c7d10544a709fad9c928a959a91 - - default default] Successfully bumped revision number for resource 02341e7b-41d6-49b0-b00a-d8441a266111 (type: security_group_rules) to 0
2026-07-21 14:36:35.843 10 INFO neutron.db.ovn_revision_numbers_db [None req-fa3bc74a-6d50-45f2-a535-aa8b48d10075 aaf09a7d266440efab2f57dbd6c53e17 ff887c7d10544a709fad9c928a959a91 - - default default] Successfully bumped revision number for resource 141f04bb-c9d1-44e5-b72c-8bdcf5d60d8f (type: security_group_rules) to 0
2026-07-21 14:36:35.857 10 INFO neutron.db.ovn_revision_numbers_db [None req-fa3bc74a-6d50-45f2-a535-aa8b48d10075 aaf09a7d266440efab2f57dbd6c53e17 ff887c7d10544a709fad9c928a959a91 - - default default] Successfully bumped revision number for resource c0fb226f-1458-4e54-b94c-f8a8e9ff4cc9 (type: security_group_rules) to 0
2026-07-21 14:36:35.871 10 INFO neutron.db.ovn_revision_numbers_db [None req-fa3bc74a-6d50-45f2-a535-aa8b48d10075 aaf09a7d266440efab2f57dbd6c53e17 ff887c7d10544a709fad9c928a959a91 - - default default] Successfully bumped revision number for resource c8dfdacc-7044-4db0-b2b1-f15ba4797e54 (type: security_group_rules) to 0
2026-07-21 14:36:35.894 10 INFO neutron.wsgi [None req-fa3bc74a-6d50-45f2-a535-aa8b48d10075 aaf09a7d266440efab2f57dbd6c53e17 ff887c7d10544a709fad9c928a959a91 - - default default] 10.0.0.21 "GET /v2.0/security-groups?tenant_id=c26e0a6320fc49e4bbbe9cb3cc9f2e47&name=default HTTP/1.1" status: 200 len: 3120 time: 0.2113750
2026-07-21 14:36:36.031 9 INFO neutron.db.ovn_revision_numbers_db [None req-d39be9fb-b65f-4b1c-a6d5-bf6a0a87bad6 930cc18879fb4cae9aa6238cad912339 cbceaf84ea464063bb92be4b46576f41 - - default default] Successfully bumped revision number for resource 830402e8-5b98-45d9-9aad-3e5a680948e2 (type: ports) to 1
2026-07-21 14:36:36.547 9 INFO neutron.wsgi [None req-4a419671-ed9f-40e4-9b36-b84f0017c194 aaf09a7d266440efab2f57dbd6c53e17 ff887c7d10544a709fad9c928a959a91 - - default default] 10.0.0.21 "DELETE /v2.0/security-groups/cd1c2d55-f028-4132-9731-5bf7908a1a1b HTTP/1.1" status: 204 len: 168 time: 0.6477740
2026-07-21 14:36:36.794 9 ERROR ovsdbapp.backend.ovs_idl.command [None req-d39be9fb-b65f-4b1c-a6d5-bf6a0a87bad6 930cc18879fb4cae9aa6238cad912339 cbceaf84ea464063bb92be4b46576f41 - - default default] Error executing command (DbGetCommand): ovsdbapp.backend.ovs_idl.idlutils.RowNotFound: Cannot find Logical_Router_Port with name=lrp-830402e8-5b98-45d9-9aad-3e5a680948e2
2026-07-21 14:36:36.794 9 ERROR ovsdbapp.backend.ovs_idl.command
Traceback (most recent call last):
2026-07-21 14:36:36.794 9 ERROR ovsdbapp.backend.ovs_idl.command
File "/var/lib/openstack/lib/python3.10/site-packages/ovsdbapp/backend/ovs_idl/command.py", line 47, in execute
2026-07-21 14:36:36.794 9 ERROR ovsdbapp.backend.ovs_idl.command self.run_idl(None)
2026-07-21 14:36:36.794 9 ERROR ovsdbapp.backend.ovs_idl.command
File "/var/lib/openstack/lib/python3.10/site-packages/ovsdbapp/backend/ovs_idl/command.py", line 235, in run_idl
2026-07-21 14:36:36.794 9 ERROR ovsdbapp.backend.ovs_idl.command record = self.api.lookup(self.table, self.record)
2026-07-21 14:36:36.794 9 ERROR ovsdbapp.backend.ovs_idl.command
File "/var/lib/openstack/lib/python3.10/site-packages/ovsdbapp/backend/ovs_idl/__init__.py", line 184, in lookup
2026-07-21 14:36:36.794 9 ERROR ovsdbapp.backend.ovs_idl.command return self._lookup(table, record)
2026-07-21 14:36:36.794 9 ERROR ovsdbapp.backend.ovs_idl.command
File "/var/lib/openstack/lib/python3.10/site-packages/ovsdbapp/backend/ovs_idl/__init__.py", line 235, in _lookup
2026-07-21 14:36:36.794 9 ERROR ovsdbapp.backend.ovs_idl.command row = idlutils.row_by_value(self, rl.table, rl.column, record)
2026-07-21 14:36:36.794 9 ERROR ovsdbapp.backend.ovs_idl.command
File "/var/lib/openstack/lib/python3.10/site-packages/ovsdbapp/backend/ovs_idl/idlutils.py", line 114, in row_by_value
2026-07-21 14:36:36.794 9 ERROR ovsdbapp.backend.ovs_idl.command raise RowNotFound(table=table, col=column, match=match)
2026-07-21 14:36:36.794 9 ERROR ovsdbapp.backend.ovs_idl.command ovsdbapp.backend.ovs_idl.idlutils.RowNotFound: Cannot find Logical_Router_Port with name=lrp-830402e8-5b98-45d9-9aad-3e5a680948e2
2026-07-21 14:36:36.794 9 ERROR ovsdbapp.backend.ovs_idl.command 
2026-07-21 14:36:36.794 9 ERROR neutron_lib.callbacks.manager [None req-d39be9fb-b65f-4b1c-a6d5-bf6a0a87bad6 930cc18879fb4cae9aa6238cad912339 cbceaf84ea464063bb92be4b46576f41 - - default default] Error during notification for neutron.services.ovn_l3.plugin.OVNL3RouterPlugin._port_update-8792740320998 port, after_update: ovsdbapp.backend.ovs_idl.idlutils.RowNotFound: Cannot find Logical_Router_Port with name=lrp-830402e8-5b98-45d9-9aad-3e5a680948e2
2026-07-21 14:36:36.794 9 ERROR neutron_lib.callbacks.manager
Traceback (most recent call last):
2026-07-21 14:36:36.794 9 ERROR neutron_lib.callbacks.manager
File "/var/lib/openstack/lib/python3.10/site-packages/neutron_lib/callbacks/manager.py", line 189, in _notify_loop
2026-07-21 14:36:36.794 9 ERROR neutron_lib.callbacks.manager callback.method(resource, event, trigger, payload=payload)
2026-07-21 14:36:36.794 9 ERROR neutron_lib.callbacks.manager
File "/var/lib/openstack/lib/python3.10/site-packages/neutron/services/ovn_l3/plugin.py", line 391, in _port_update
2026-07-21 14:36:36.794 9 ERROR neutron_lib.callbacks.manager l3plugin._ovn_client.update_router_port(context,
2026-07-21 14:36:36.794 9 ERROR neutron_lib.callbacks.manager
File "/var/lib/openstack/lib/python3.10/site-packages/neutron/plugins/ml2/drivers/ovn/mech_driver/ovsdb/ovn_client.py", line 1878, in update_router_port
2026-07-21 14:36:36.794 9 ERROR neutron_lib.callbacks.manager self._update_lrouter_port(context, port, if_exists=if_exists,
2026-07-21 14:36:36.794 9 ERROR neutron_lib.callbacks.manager
File "/var/lib/openstack/lib/python3.10/site-packages/neutron/plugins/ml2/drivers/ovn/mech_driver/ovsdb/ovn_client.py", line 1855, in _update_lrouter_port
2026-07-21 14:36:36.794 9 ERROR neutron_lib.callbacks.manager external_ids = self._nb_idl.db_get(
2026-07-21 14:36:36.794 9 ERROR neutron_lib.callbacks.manager
File "/var/lib/openstack/lib/python3.10/site-packages/ovsdbapp/backend/ovs_idl/command.py", line 47, in execute
2026-07-21 14:36:36.794 9 ERROR neutron_lib.callbacks.manager self.run_idl(None)
2026-07-21 14:36:36.794 9 ERROR neutron_lib.callbacks.manager
File "/var/lib/openstack/lib/python3.10/site-packages/ovsdbapp/backend/ovs_idl/command.py", line 235, in run_idl
2026-07-21 14:36:36.794 9 ERROR neutron_lib.callbacks.manager record = self.api.lookup(self.table, self.record)
2026-07-21 14:36:36.794 9 ERROR neutron_lib.callbacks.manager
File "/var/lib/openstack/lib/python3.10/site-packages/ovsdbapp/backend/ovs_idl/__init__.py", line 184, in lookup
2026-07-21 14:36:36.794 9 ERROR neutron_lib.callbacks.manager return self._lookup(table, record)
2026-07-21 14:36:36.794 9 ERROR neutron_lib.callbacks.manager
File "/var/lib/openstack/lib/python3.10/site-packages/ovsdbapp/backend/ovs_idl/__init__.py", line 235, in _lookup
2026-07-21 14:36:36.794 9 ERROR neutron_lib.callbacks.manager row = idlutils.row_by_value(self, rl.table, rl.column, record)
2026-07-21 14:36:36.794 9 ERROR neutron_lib.callbacks.manager
File "/var/lib/openstack/lib/python3.10/site-packages/ovsdbapp/backend/ovs_idl/idlutils.py", line 114, in row_by_value
2026-07-21 14:36:36.794 9 ERROR neutron_lib.callbacks.manager raise RowNotFound(table=table, col=column, match=match)
2026-07-21 14:36:36.794 9 ERROR neutron_lib.callbacks.manager ovsdbapp.backend.ovs_idl.idlutils.RowNotFound: Cannot find Logical_Router_Port with name=lrp-830402e8-5b98-45d9-9aad-3e5a680948e2
2026-07-21 14:36:36.794 9 ERROR neutron_lib.callbacks.manager 
2026-07-21 14:36:36.837 10 INFO neutron.db.ovn_revision_numbers_db [None req-fb17f745-a0b2-49cf-80d9-3f8dd73f7632 aaf09a7d266440efab2f57dbd6c53e17 ff887c7d10544a709fad9c928a959a91 - - default default] Successfully bumped revision number for resource c5d588a7-6c6b-4407-ba32-5917ca4052d8 (type: security_groups) to 1
2026-07-21 14:36:36.855 10 INFO neutron.db.ovn_revision_numbers_db [None req-fb17f745-a0b2-49cf-80d9-3f8dd73f7632 aaf09a7d266440efab2f57dbd6c53e17 ff887c7d10544a709fad9c928a959a91 - - default default] Successfully bumped revision number for resource 5c1b3dff-fe9d-4292-bf63-50b8e7fcf37b (type: security_group_rules) to 0
2026-07-21 14:36:36.869 10 INFO neutron.db.ovn_revision_numbers_db [None req-fb17f745-a0b2-49cf-80d9-3f8dd73f7632 aaf09a7d266440efab2f57dbd6c53e17 ff887c7d10544a709fad9c928a959a91 - - default default] Successfully bumped revision number for resource 893de5f2-d186-4b57-a678-b4a55ed6b28f (type: security_group_rules) to 0
2026-07-21 14:36:36.885 10 INFO neutron.db.ovn_revision_numbers_db [None req-fb17f745-a0b2-49cf-80d9-3f8dd73f7632 aaf09a7d266440efab2f57dbd6c53e17 ff887c7d10544a709fad9c928a959a91 - - default default] Successfully bumped revision number for resource d997211d-cdc5-43ec-b527-28657b7b5357 (type: security_group_rules) to 0
2026-07-21 14:36:36.899 10 INFO neutron.db.ovn_revision_numbers_db [None req-fb17f745-a0b2-49cf-80d9-3f8dd73f7632 aaf09a7d266440efab2f57dbd6c53e17 ff887c7d10544a709fad9c928a959a91 - - default default] Successfully bumped revision number for resource f11435cd-0212-492a-8d1b-9971f76a4afb (type: security_group_rules) to 0
2026-07-21 14:36:36.925 10 INFO neutron.wsgi [None req-fb17f745-a0b2-49cf-80d9-3f8dd73f7632 aaf09a7d266440efab2f57dbd6c53e17 ff887c7d10544a709fad9c928a959a91 - - default default] 10.0.0.21 "GET /v2.0/security-groups?tenant_id=8599c7e377ee448baf5b843643ff1b79&name=default HTTP/1.1" status: 200 len: 3120 time: 0.2212555
2026-07-21 14:36:37.011 10 INFO neutron.plugins.ml2.drivers.ovn.mech_driver.mech_driver [None req-fe8da8e1-bf6e-4d02-b9d7-8bfb27b0a407 - - - - - -] OVN reports status up for port: 830402e8-5b98-45d9-9aad-3e5a680948e2
2026-07-21 14:36:37.029 10 INFO neutron.plugins.ml2.plugin [None req-fe8da8e1-bf6e-4d02-b9d7-8bfb27b0a407 - - - - - -] Attempt 1 to provision port 830402e8-5b98-45d9-9aad-3e5a680948e2
2026-07-21 14:36:37.039 9 INFO neutron.db.ovn_revision_numbers_db [None req-d39be9fb-b65f-4b1c-a6d5-bf6a0a87bad6 930cc18879fb4cae9aa6238cad912339 cbceaf84ea464063bb92be4b46576f41 - - default default] Successfully bumped revision number for resource 830402e8-5b98-45d9-9aad-3e5a680948e2 (type: ports) to 1
2026-07-21 14:36:37.110 9 WARNING neutron.scheduler.dhcp_agent_scheduler [None req-d39be9fb-b65f-4b1c-a6d5-bf6a0a87bad6 930cc18879fb4cae9aa6238cad912339 cbceaf84ea464063bb92be4b46576f41 - - default default] No more DHCP agents
2026-07-21 14:36:37.111 9 WARNING neutron.api.rpc.agentnotifiers.dhcp_rpc_agent_api [None req-d39be9fb-b65f-4b1c-a6d5-bf6a0a87bad6 930cc18879fb4cae9aa6238cad912339 cbceaf84ea464063bb92be4b46576f41 - - default default] Unable to schedule network e0a9e1f0-fd39-46f6-ade1-0621fd736c75: no agents available; will retry on subsequent port and subnet creation events.
2026-07-21 14:36:37.246 10 INFO neutron.wsgi [None req-f0ea2376-c4a1-46b2-b909-1f4567aa2543 aaf09a7d266440efab2f57dbd6c53e17 ff887c7d10544a709fad9c928a959a91 - - default default] 10.0.0.21 "DELETE /v2.0/security-groups/c5d588a7-6c6b-4407-ba32-5917ca4052d8 HTTP/1.1" status: 204 len: 168 time: 0.3153267
2026-07-21 14:36:37.276 9 INFO neutron.db.ovn_revision_numbers_db [None req-d39be9fb-b65f-4b1c-a6d5-bf6a0a87bad6 930cc18879fb4cae9aa6238cad912339 cbceaf84ea464063bb92be4b46576f41 - - default default] Successfully bumped revision number for resource 830402e8-5b98-45d9-9aad-3e5a680948e2 (type: router_ports) to 1
2026-07-21 14:36:37.282 9 INFO neutron.wsgi [None req-d39be9fb-b65f-4b1c-a6d5-bf6a0a87bad6 930cc18879fb4cae9aa6238cad912339 cbceaf84ea464063bb92be4b46576f41 - - default default] 10.0.0.21 "PUT /v2.0/routers/f9b483a7-9a47-44b5-a8a8-e4761b295884/add_router_interface HTTP/1.1" status: 200 len: 503 time: 1.9471617
2026-07-21 14:36:37.330 9 INFO neutron.wsgi [None req-eecbe7d2-c793-4ccd-aeed-224f37a7250d 930cc18879fb4cae9aa6238cad912339 cbceaf84ea464063bb92be4b46576f41 - - default default] 10.0.0.21 "GET /v2.0/ports/830402e8-5b98-45d9-9aad-3e5a680948e2 HTTP/1.1" status: 200 len: 1137 time: 0.0409079
2026-07-21 14:36:37.374 9 INFO neutron.wsgi [None req-2cd15129-3f9c-4c00-8b34-4c9378c2a732 930cc18879fb4cae9aa6238cad912339 cbceaf84ea464063bb92be4b46576f41 - - default default] 10.0.0.21 "GET /v2.0/ports/830402e8-5b98-45d9-9aad-3e5a680948e2 HTTP/1.1" status: 200 len: 1137 time: 0.0395851
2026-07-21 14:36:37.463 10 INFO neutron.db.ovn_revision_numbers_db [None req-fe8da8e1-bf6e-4d02-b9d7-8bfb27b0a407 - - - - - -] Successfully bumped revision number for resource 830402e8-5b98-45d9-9aad-3e5a680948e2 (type: ports) to 2
2026-07-21 14:36:37.597 10 INFO neutron.db.ovn_revision_numbers_db [None req-fe8da8e1-bf6e-4d02-b9d7-8bfb27b0a407 - - - - - -] Successfully bumped revision number for resource 830402e8-5b98-45d9-9aad-3e5a680948e2 (type: router_ports) to 2
2026-07-21 14:36:38.124 9 INFO neutron.wsgi [None req-d5907861-8725-4f23-b55e-02d900cf6f11 930cc18879fb4cae9aa6238cad912339 cbceaf84ea464063bb92be4b46576f41 - - default default] 10.0.0.21 "PUT /v2.0/routers/f9b483a7-9a47-44b5-a8a8-e4761b295884/remove_router_interface HTTP/1.1" status: 200 len: 503 time: 0.7458570
2026-07-21 14:36:38.162 10 INFO neutron.wsgi [None req-432c6999-b4f6-42b7-b71b-04e0fb9e6fea 930cc18879fb4cae9aa6238cad912339 cbceaf84ea464063bb92be4b46576f41 - - default default] 10.0.0.21 "GET /v2.0/ports?device_id=f9b483a7-9a47-44b5-a8a8-e4761b295884 HTTP/1.1" status: 200 len: 205 time: 0.0320463
2026-07-21 14:36:38.492 10 INFO neutron.wsgi [None req-432302a4-889f-4c55-8621-29c3dc32730d 930cc18879fb4cae9aa6238cad912339 cbceaf84ea464063bb92be4b46576f41 - - default default] 10.0.0.21 "DELETE /v2.0/routers/f9b483a7-9a47-44b5-a8a8-e4761b295884 HTTP/1.1" status: 204 len: 168 time: 0.3256125
2026-07-21 14:36:38.720 10 INFO neutron.wsgi [None req-f2be7071-9210-435c-a39b-907dbccb5bb7 930cc18879fb4cae9aa6238cad912339 cbceaf84ea464063bb92be4b46576f41 - - default default] 10.0.0.21 "DELETE /v2.0/subnets/50d4e71b-7bd5-49a1-9732-7aa4682500c7 HTTP/1.1" status: 204 len: 168 time: 0.2228346
2026-07-21 14:36:39.210 10 INFO neutron.services.segments.plugin [-] Segment cdb8035c-01cb-4835-8288-aac52e22219c resource provider aggregate not found
2026-07-21 14:36:39.217 10 INFO neutron.services.segments.plugin [-] Segment cdb8035c-01cb-4835-8288-aac52e22219c resource provider aggregate not found
2026-07-21 14:36:39.237 10 INFO neutron.services.segments.plugin [-] Segment cdb8035c-01cb-4835-8288-aac52e22219c resource provider not found; error: Placement Client Error (4xx): {"errors": [{"status": 404, "title": "Not Found", "detail": "The resource could not be found.\n\n No resource provider with uuid cdb8035c-01cb-4835-8288-aac52e22219c found for delete ", "request_id": "req-551cc396-2ec8-4e85-94e9-81acf37708d4"}]}
2026-07-21 14:36:39.238 10 INFO neutron.services.segments.plugin [-] Segment cdb8035c-01cb-4835-8288-aac52e22219c resource provider not found; error: Placement Client Error (4xx): {"errors": [{"status": 404, "title": "Not Found", "detail": "The resource could not be found.\n\n No resource provider with uuid cdb8035c-01cb-4835-8288-aac52e22219c found for delete ", "request_id": "req-907c1d31-e554-4231-80e6-546ffa4a89b8"}]}
2026-07-21 14:36:39.247 10 INFO neutron.wsgi [None req-b4ff3de0-ac62-407a-b377-9fbde72a122a 930cc18879fb4cae9aa6238cad912339 cbceaf84ea464063bb92be4b46576f41 - - default default] 10.0.0.21 "DELETE /v2.0/networks/e0a9e1f0-fd39-46f6-ade1-0621fd736c75 HTTP/1.1" status: 204 len: 168 time: 0.5220838 /var/lib/openstack/lib/python3.10/site-packages/pycadf/identifier.py:71: UserWarning: Invalid uuid: neutron. To ensure interoperability, identifiers should be a valid uuid. warnings.warn(('Invalid uuid: %s. To ensure interoperability, '
2026-07-21 14:36:39.263 9 WARNING neutron_lib.context [None req-5b88d7d2-1da1-4da8-9af3-c747395be250 930cc18879fb4cae9aa6238cad912339 cbceaf84ea464063bb92be4b46576f41 - - default default] Method 'is_advsvc' is deprecated since 2023.2 release (neutron-lib 3.8.0) and will be removed once support for the old RBAC API policies will be removed from Neutron. Please use method 'is_service_role' instead.
2026-07-21 14:36:39.844 9 WARNING neutron.scheduler.dhcp_agent_scheduler [None req-5b88d7d2-1da1-4da8-9af3-c747395be250 930cc18879fb4cae9aa6238cad912339 cbceaf84ea464063bb92be4b46576f41 - - default default] No more DHCP agents
2026-07-21 14:36:39.846 9 WARNING neutron.api.rpc.agentnotifiers.dhcp_rpc_agent_api [None req-5b88d7d2-1da1-4da8-9af3-c747395be250 930cc18879fb4cae9aa6238cad912339 cbceaf84ea464063bb92be4b46576f41 - - default default] Unable to schedule network 4b3149dc-3d64-47b9-87b8-94a2e620dd09: no agents available; will retry on subsequent port and subnet creation events.
2026-07-21 14:36:40.030 9 INFO neutron.db.ovn_revision_numbers_db [None req-5b88d7d2-1da1-4da8-9af3-c747395be250 930cc18879fb4cae9aa6238cad912339 cbceaf84ea464063bb92be4b46576f41 - - default default] Successfully bumped revision number for resource b2b91c14-1e06-414a-8eac-13555cc91cda (type: ports) to 1
2026-07-21 14:36:40.712 9 INFO neutron.plugins.ml2.drivers.ovn.mech_driver.ovsdb.commands [None req-e15b6d3f-5235-4fca-aea0-2cbb5e37e8fc - - - - - -] Schedule LRP lrp-b2b91c14-1e06-414a-8eac-13555cc91cda on gateway 1b28d1c7-1940-4de0-af00-52481c014bf1 with priority 1
2026-07-21 14:36:40.727 9 INFO neutron.plugins.ml2.drivers.ovn.mech_driver.mech_driver [None req-aa3eab6f-aab2-4c33-95ac-658aadf91c44 - - - - - -] OVN reports status up for port: b2b91c14-1e06-414a-8eac-13555cc91cda
2026-07-21 14:36:40.742 9 INFO neutron.plugins.ml2.plugin [None req-aa3eab6f-aab2-4c33-95ac-658aadf91c44 - - - - - -] Attempt 1 to provision port b2b91c14-1e06-414a-8eac-13555cc91cda
2026-07-21 14:36:40.765 9 INFO neutron.db.ovn_revision_numbers_db [None req-5b88d7d2-1da1-4da8-9af3-c747395be250 930cc18879fb4cae9aa6238cad912339 cbceaf84ea464063bb92be4b46576f41 - - default default] Successfully bumped revision number for resource b2b91c14-1e06-414a-8eac-13555cc91cda (type: router_ports) to 1
2026-07-21 14:36:40.855 9 INFO neutron.db.ovn_revision_numbers_db [None req-5b88d7d2-1da1-4da8-9af3-c747395be250 930cc18879fb4cae9aa6238cad912339 cbceaf84ea464063bb92be4b46576f41 - - default default] Successfully bumped revision number for resource 24949583-7f72-4f62-89a5-0a9efb935682 (type: routers) to 2
2026-07-21 14:36:40.878 9 INFO neutron.wsgi [None req-5b88d7d2-1da1-4da8-9af3-c747395be250 930cc18879fb4cae9aa6238cad912339 cbceaf84ea464063bb92be4b46576f41 - - default default] 10.0.0.21 "POST /v2.0/routers HTTP/1.1" status: 201 len: 1147 time: 1.6238089
2026-07-21 14:36:40.996 9 INFO neutron.wsgi [None req-6fbd89ef-f933-481b-a8c8-6654b2345093 930cc18879fb4cae9aa6238cad912339 cbceaf84ea464063bb92be4b46576f41 - - default default] 10.0.0.21 "GET /v2.0/routers/24949583-7f72-4f62-89a5-0a9efb935682 HTTP/1.1" status: 200 len: 1148 time: 0.1123133
2026-07-21 14:36:41.155 9 INFO neutron.wsgi [None req-1c0346bd-317c-4177-b791-791e92e7f491 930cc18879fb4cae9aa6238cad912339 cbceaf84ea464063bb92be4b46576f41 - - default default] 10.0.0.21 "GET /v2.0/routers HTTP/1.1" status: 200 len: 1151 time: 0.1533175
2026-07-21 14:36:41.419 10 WARNING neutron_lib.context [None req-752aefaa-94de-4e76-8b17-ae2ca0edf8a7 8b2607a616084614b51874c34221d16b 76e9d9488f924b0e8a08808ceb1805f9 - - default default] Method 'is_advsvc' is deprecated since 2023.2 release (neutron-lib 3.8.0) and will be removed once support for the old RBAC API policies will be removed from Neutron. Please use method 'is_service_role' instead.
2026-07-21 14:36:41.592 10 INFO neutron.db.ovn_revision_numbers_db [None req-752aefaa-94de-4e76-8b17-ae2ca0edf8a7 8b2607a616084614b51874c34221d16b 76e9d9488f924b0e8a08808ceb1805f9 - - default default] Successfully bumped revision number for resource e657c4cb-8779-411e-aa45-7d94e44b1fbf (type: security_groups) to 1
2026-07-21 14:36:41.607 10 INFO neutron.db.ovn_revision_numbers_db [None req-752aefaa-94de-4e76-8b17-ae2ca0edf8a7 8b2607a616084614b51874c34221d16b 76e9d9488f924b0e8a08808ceb1805f9 - - default default] Successfully bumped revision number for resource 28e7ee8b-cd23-42e1-b352-3fe86b1680c6 (type: security_group_rules) to 0
2026-07-21 14:36:41.619 10 INFO neutron.db.ovn_revision_numbers_db [None req-752aefaa-94de-4e76-8b17-ae2ca0edf8a7 8b2607a616084614b51874c34221d16b 76e9d9488f924b0e8a08808ceb1805f9 - - default default] Successfully bumped revision number for resource 4496e426-cc6b-4f94-b035-85d4759d4536 (type: security_group_rules) to 0
2026-07-21 14:36:41.636 10 INFO neutron.db.ovn_revision_numbers_db [None req-752aefaa-94de-4e76-8b17-ae2ca0edf8a7 8b2607a616084614b51874c34221d16b 76e9d9488f924b0e8a08808ceb1805f9 - - default default] Successfully bumped revision number for resource 6796b446-bfb3-4cd3-ba77-92efb9478b77 (type: security_group_rules) to 0
2026-07-21 14:36:41.658 10 INFO neutron.db.ovn_revision_numbers_db [None req-752aefaa-94de-4e76-8b17-ae2ca0edf8a7 8b2607a616084614b51874c34221d16b 76e9d9488f924b0e8a08808ceb1805f9 - - default default] Successfully bumped revision number for resource c3c5411e-49e6-4e83-a464-151d394f20c7 (type: security_group_rules) to 0
2026-07-21 14:36:41.710 10 INFO neutron.db.segments_db [None req-752aefaa-94de-4e76-8b17-ae2ca0edf8a7 8b2607a616084614b51874c34221d16b 76e9d9488f924b0e8a08808ceb1805f9 - - default default] Added segment 96c28c0e-c5a7-45d3-bc40-80483a2cab6e of type geneve for network b4abcf39-9cf4-4bba-9fb5-c59f25ba56f0
2026-07-21 14:36:41.793 9 WARNING neutron_lib.context [None req-c21547ec-51a6-480d-8304-d1b67c166046 610cd95c7700423186672e660d364fe7 18b4d7df76b64976a8014851b675a316 - - default default] Method 'is_advsvc' is deprecated since 2023.2 release (neutron-lib 3.8.0) and will be removed once support for the old RBAC API policies will be removed from Neutron. Please use method 'is_service_role' instead.
2026-07-21 14:36:41.863 10 INFO neutron.db.ovn_revision_numbers_db [None req-752aefaa-94de-4e76-8b17-ae2ca0edf8a7 8b2607a616084614b51874c34221d16b 76e9d9488f924b0e8a08808ceb1805f9 - - default default] Successfully bumped revision number for resource b4abcf39-9cf4-4bba-9fb5-c59f25ba56f0 (type: networks) to 1
2026-07-21 14:36:42.034 9 INFO neutron.db.ovn_revision_numbers_db [None req-c21547ec-51a6-480d-8304-d1b67c166046 610cd95c7700423186672e660d364fe7 18b4d7df76b64976a8014851b675a316 - - default default] Successfully bumped revision number for resource 826c03df-de64-43c8-bc1b-e6a4e0079287 (type: security_groups) to 1
2026-07-21 14:36:42.039 9 INFO neutron.db.ovn_revision_numbers_db [None req-35c537d1-beae-486f-bbad-8a2e7c1dab7a 930cc18879fb4cae9aa6238cad912339 cbceaf84ea464063bb92be4b46576f41 - - default default] Successfully bumped revision number for resource 24949583-7f72-4f62-89a5-0a9efb935682 (type: routers) to 3
2026-07-21 14:36:42.045 9 INFO neutron.wsgi [None req-35c537d1-beae-486f-bbad-8a2e7c1dab7a 930cc18879fb4cae9aa6238cad912339 cbceaf84ea464063bb92be4b46576f41 - - default default] 10.0.0.21 "PUT /v2.0/routers/24949583-7f72-4f62-89a5-0a9efb935682 HTTP/1.1" status: 200 len: 1155 time: 0.8825555
2026-07-21 14:36:42.056 9 INFO neutron.db.ovn_revision_numbers_db [None req-c21547ec-51a6-480d-8304-d1b67c166046 610cd95c7700423186672e660d364fe7 18b4d7df76b64976a8014851b675a316 - - default default] Successfully bumped revision number for resource 35f4ac5a-fd0a-4295-8b00-b9c2a0ad36e5 (type: security_group_rules) to 0
2026-07-21 14:36:42.089 9 INFO neutron.db.ovn_revision_numbers_db [None req-c21547ec-51a6-480d-8304-d1b67c166046 610cd95c7700423186672e660d364fe7 18b4d7df76b64976a8014851b675a316 - - default default] Successfully bumped revision number for resource b09e7be3-b839-4ab0-9fa8-553dc829cdf5 (type: security_group_rules) to 0
2026-07-21 14:36:42.094 10 WARNING neutron.scheduler.dhcp_agent_scheduler [None req-752aefaa-94de-4e76-8b17-ae2ca0edf8a7 8b2607a616084614b51874c34221d16b 76e9d9488f924b0e8a08808ceb1805f9 - - default default] No more DHCP agents
2026-07-21 14:36:42.097 10 WARNING neutron.api.rpc.agentnotifiers.dhcp_rpc_agent_api [None req-752aefaa-94de-4e76-8b17-ae2ca0edf8a7 8b2607a616084614b51874c34221d16b 76e9d9488f924b0e8a08808ceb1805f9 - - default default] Unable to schedule network b4abcf39-9cf4-4bba-9fb5-c59f25ba56f0: no agents available; will retry on subsequent port and subnet creation events.
2026-07-21 14:36:42.114 9 INFO neutron.db.ovn_revision_numbers_db [None req-c21547ec-51a6-480d-8304-d1b67c166046 610cd95c7700423186672e660d364fe7 18b4d7df76b64976a8014851b675a316 - - default default] Successfully bumped revision number for resource de6c223d-6b9f-4c4d-9c3e-08452cb98dc1 (type: security_group_rules) to 0
2026-07-21 14:36:42.130 9 INFO neutron.wsgi [None req-d5bbfc4e-0174-4885-8b55-e6481be9795c 930cc18879fb4cae9aa6238cad912339 cbceaf84ea464063bb92be4b46576f41 - - default default] 10.0.0.21 "GET /v2.0/routers/24949583-7f72-4f62-89a5-0a9efb935682 HTTP/1.1" status: 200 len: 1155 time: 0.0792136
2026-07-21 14:36:42.132 9 INFO neutron.db.ovn_revision_numbers_db [None req-c21547ec-51a6-480d-8304-d1b67c166046 610cd95c7700423186672e660d364fe7 18b4d7df76b64976a8014851b675a316 - - default default] Successfully bumped revision number for resource fae1e650-9e29-46f1-bf48-ea107e114511 (type: security_group_rules) to 0
2026-07-21 14:36:42.173 9 INFO neutron.wsgi [None req-96c69923-ab2e-45a5-b4d2-6db45599a4fa 930cc18879fb4cae9aa6238cad912339 cbceaf84ea464063bb92be4b46576f41 - - default default] 10.0.0.21 "GET /v2.0/ports?device_id=24949583-7f72-4f62-89a5-0a9efb935682 HTTP/1.1" status: 200 len: 205 time: 0.0371146
2026-07-21 14:36:42.213 9 INFO neutron.db.segments_db [None req-c21547ec-51a6-480d-8304-d1b67c166046 610cd95c7700423186672e660d364fe7 18b4d7df76b64976a8014851b675a316 - - default default] Added segment c1a8b59a-a2dd-4067-8679-acbd27577809 of type geneve for network b0342718-738d-4b82-8325-179214f0a307
