2026-07-21 14:37:00.172 10 INFO neutron.db.ovn_revision_numbers_db [None req-4c459a9e-f6a3-44c2-be48-eedc1dfe046a 8b2607a616084614b51874c34221d16b 76e9d9488f924b0e8a08808ceb1805f9 - - default default] Successfully bumped revision number for resource d8e09f6c-df47-4418-8b2d-a79cbdaf8aba (type: security_group_rules) to 0
2026-07-21 14:37:00.202 10 INFO neutron.wsgi [None req-4c459a9e-f6a3-44c2-be48-eedc1dfe046a 8b2607a616084614b51874c34221d16b 76e9d9488f924b0e8a08808ceb1805f9 - - default default] 10.0.0.21 "POST /v2.0/security-group-rules HTTP/1.1" status: 201 len: 796 time: 0.1707604
2026-07-21 14:37:00.212 10 WARNING neutron_lib.context [None req-e23f39eb-ce0e-4a5a-b570-e471e937c230 8b2607a616084614b51874c34221d16b 76e9d9488f924b0e8a08808ceb1805f9 - - default default] Method 'is_advsvc' is deprecated since 2023.2 release (neutron-lib 3.8.0) and will be removed once support for the old RBAC API policies will be removed from Neutron. Please use method 'is_service_role' instead.
2026-07-21 14:37:00.345 10 INFO neutron.db.ovn_revision_numbers_db [None req-e23f39eb-ce0e-4a5a-b570-e471e937c230 8b2607a616084614b51874c34221d16b 76e9d9488f924b0e8a08808ceb1805f9 - - default default] Successfully bumped revision number for resource 1fa5791d-07d6-4af4-b518-8a566e150972 (type: security_group_rules) to 0
2026-07-21 14:37:00.372 10 INFO neutron.wsgi [None req-e23f39eb-ce0e-4a5a-b570-e471e937c230 8b2607a616084614b51874c34221d16b 76e9d9488f924b0e8a08808ceb1805f9 - - default default] 10.0.0.21 "POST /v2.0/security-group-rules HTTP/1.1" status: 201 len: 796 time: 0.1645691
2026-07-21 14:37:00.382 10 WARNING neutron_lib.context [None req-972e356e-c8a4-4e7a-b7c5-a87cf45c6985 8b2607a616084614b51874c34221d16b 76e9d9488f924b0e8a08808ceb1805f9 - - default default] Method 'is_advsvc' is deprecated since 2023.2 release (neutron-lib 3.8.0) and will be removed once support for the old RBAC API policies will be removed from Neutron. Please use method 'is_service_role' instead.
2026-07-21 14:37:00.525 10 INFO neutron.db.ovn_revision_numbers_db [None req-972e356e-c8a4-4e7a-b7c5-a87cf45c6985 8b2607a616084614b51874c34221d16b 76e9d9488f924b0e8a08808ceb1805f9 - - default default] Successfully bumped revision number for resource 479cab5e-0e35-47a8-ab41-9eda02c58e35 (type: security_group_rules) to 0
2026-07-21 14:37:00.554 10 INFO neutron.wsgi [None req-972e356e-c8a4-4e7a-b7c5-a87cf45c6985 8b2607a616084614b51874c34221d16b 76e9d9488f924b0e8a08808ceb1805f9 - - default default] 10.0.0.21 "POST /v2.0/security-group-rules HTTP/1.1" status: 201 len: 798 time: 0.1770587
2026-07-21 14:37:00.563 10 WARNING neutron_lib.context [None req-e7c72743-2eb5-4ad8-8470-62c736c2f90d 8b2607a616084614b51874c34221d16b 76e9d9488f924b0e8a08808ceb1805f9 - - default default] Method 'is_advsvc' is deprecated since 2023.2 release (neutron-lib 3.8.0) and will be removed once support for the old RBAC API policies will be removed from Neutron. Please use method 'is_service_role' instead.
2026-07-21 14:37:00.695 10 INFO neutron.db.ovn_revision_numbers_db [None req-e7c72743-2eb5-4ad8-8470-62c736c2f90d 8b2607a616084614b51874c34221d16b 76e9d9488f924b0e8a08808ceb1805f9 - - default default] Successfully bumped revision number for resource b38df220-0551-41f5-affc-7f38a8cb54ab (type: security_group_rules) to 0
2026-07-21 14:37:00.723 10 INFO neutron.wsgi [None req-e7c72743-2eb5-4ad8-8470-62c736c2f90d 8b2607a616084614b51874c34221d16b 76e9d9488f924b0e8a08808ceb1805f9 - - default default] 10.0.0.21 "POST /v2.0/security-group-rules HTTP/1.1" status: 201 len: 800 time: 0.1642098
2026-07-21 14:37:00.734 10 WARNING neutron_lib.context [None req-1c6f5ab0-a640-4570-969d-51b9eea64afd 8b2607a616084614b51874c34221d16b 76e9d9488f924b0e8a08808ceb1805f9 - - default default] Method 'is_advsvc' is deprecated since 2023.2 release (neutron-lib 3.8.0) and will be removed once support for the old RBAC API policies will be removed from Neutron. Please use method 'is_service_role' instead.
2026-07-21 14:37:00.899 10 INFO neutron.db.ovn_revision_numbers_db [None req-1c6f5ab0-a640-4570-969d-51b9eea64afd 8b2607a616084614b51874c34221d16b 76e9d9488f924b0e8a08808ceb1805f9 - - default default] Successfully bumped revision number for resource 218dc00f-8a4b-40f5-a098-fd31160b5991 (type: security_group_rules) to 0
2026-07-21 14:37:00.941 10 INFO neutron.wsgi [None req-1c6f5ab0-a640-4570-969d-51b9eea64afd 8b2607a616084614b51874c34221d16b 76e9d9488f924b0e8a08808ceb1805f9 - - default default] 10.0.0.21 "POST /v2.0/security-group-rules HTTP/1.1" status: 201 len: 800 time: 0.2127151
2026-07-21 14:37:00.951 10 WARNING neutron_lib.context [None req-afbd1551-b70e-4fee-8dc7-3c6887509bb3 8b2607a616084614b51874c34221d16b 76e9d9488f924b0e8a08808ceb1805f9 - - default default] Method 'is_advsvc' is deprecated since 2023.2 release (neutron-lib 3.8.0) and will be removed once support for the old RBAC API policies will be removed from Neutron. Please use method 'is_service_role' instead.
2026-07-21 14:37:00.964 9 INFO neutron.wsgi [None req-5d03569a-b359-421e-ba83-b5b1d931ad0a b8f889b4aa7147dba422ccb93deea90b 8ecce7bf580c48eeb7061400b4b5bc79 - - default default] 10.0.0.21 "POST /v2.0/qos/policies HTTP/1.1" status: 201 len: 558 time: 0.2885628
2026-07-21 14:37:01.014 9 INFO neutron.wsgi [None req-a1bd567b-b8ae-417b-9f5a-a931e46f20d9 b8f889b4aa7147dba422ccb93deea90b 8ecce7bf580c48eeb7061400b4b5bc79 - - default default] 10.0.0.21 "POST /v2.0/qos/policies HTTP/1.1" status: 201 len: 558 time: 0.0434732
2026-07-21 14:37:01.059 9 INFO neutron.wsgi [None req-2f2bee7b-8ce4-49d2-ae20-f67d11d5b533 b8f889b4aa7147dba422ccb93deea90b 8ecce7bf580c48eeb7061400b4b5bc79 - - default default] 10.0.0.21 "POST /v2.0/qos/policies HTTP/1.1" status: 201 len: 558 time: 0.0382762
2026-07-21 14:37:01.105 9 INFO neutron.wsgi [None req-893dddc5-4f10-44fa-98a9-123bc8fd038b b8f889b4aa7147dba422ccb93deea90b 8ecce7bf580c48eeb7061400b4b5bc79 - - default default] 10.0.0.21 "POST /v2.0/qos/policies HTTP/1.1" status: 201 len: 558 time: 0.0411336
2026-07-21 14:37:01.116 10 INFO neutron.db.ovn_revision_numbers_db [None req-afbd1551-b70e-4fee-8dc7-3c6887509bb3 8b2607a616084614b51874c34221d16b 76e9d9488f924b0e8a08808ceb1805f9 - - default default] Successfully bumped revision number for resource d0a3c941-100d-45e8-91cc-2d9586bf8e71 (type: security_group_rules) to 0
2026-07-21 14:37:01.146 10 INFO neutron.wsgi [None req-afbd1551-b70e-4fee-8dc7-3c6887509bb3 8b2607a616084614b51874c34221d16b 76e9d9488f924b0e8a08808ceb1805f9 - - default default] 10.0.0.21 "POST /v2.0/security-group-rules HTTP/1.1" status: 201 len: 796 time: 0.1999767
2026-07-21 14:37:01.153 9 INFO neutron.wsgi [None req-c63f4663-5301-4273-b229-fe9b6b20cf39 b8f889b4aa7147dba422ccb93deea90b 8ecce7bf580c48eeb7061400b4b5bc79 - - default default] 10.0.0.21 "POST /v2.0/qos/policies HTTP/1.1" status: 201 len: 558 time: 0.0423791
2026-07-21 14:37:01.155 10 WARNING neutron_lib.context [None req-e251642b-e7de-4481-aae2-f3d2d717f841 8b2607a616084614b51874c34221d16b 76e9d9488f924b0e8a08808ceb1805f9 - - default default] Method 'is_advsvc' is deprecated since 2023.2 release (neutron-lib 3.8.0) and will be removed once support for the old RBAC API policies will be removed from Neutron. Please use method 'is_service_role' instead.
2026-07-21 14:37:01.205 10 INFO neutron.wsgi [None req-3aa0550b-93bc-423d-b495-d059941286e3 b8f889b4aa7147dba422ccb93deea90b 8ecce7bf580c48eeb7061400b4b5bc79 - - default default] 10.0.0.21 "PUT /v2.0/policies/b5e91efc-bd6a-4aa8-9104-566806fd46f8/tags HTTP/1.1" status: 200 len: 210 time: 0.0482621
2026-07-21 14:37:01.242 9 INFO neutron.wsgi [None req-7fc36fb0-a0b6-4b87-bfe0-489f4dcb1397 b8f889b4aa7147dba422ccb93deea90b 8ecce7bf580c48eeb7061400b4b5bc79 - - default default] 10.0.0.21 "PUT /v2.0/policies/ab2d75df-1aef-45fa-9bf2-9625ddcc280c/tags HTTP/1.1" status: 200 len: 218 time: 0.0322533
2026-07-21 14:37:01.284 9 INFO neutron.wsgi [None req-e238dd02-c040-4824-bcda-910e4ee0aea8 b8f889b4aa7147dba422ccb93deea90b 8ecce7bf580c48eeb7061400b4b5bc79 - - default default] 10.0.0.21 "PUT /v2.0/policies/1e389fa8-fa1d-47cb-99af-1f1870682a51/tags HTTP/1.1" status: 200 len: 227 time: 0.0368721
2026-07-21 14:37:01.314 9 INFO neutron.wsgi [None req-77997a62-e895-4cf5-b646-3f2823e4850d b8f889b4aa7147dba422ccb93deea90b 8ecce7bf580c48eeb7061400b4b5bc79 - - default default] 10.0.0.21 "PUT /v2.0/policies/3032dd65-c997-4bdd-8fbd-e00f3eb4718e/tags HTTP/1.1" status: 200 len: 212 time: 0.0267930
2026-07-21 14:37:01.352 10 INFO neutron.db.ovn_revision_numbers_db [None req-e251642b-e7de-4481-aae2-f3d2d717f841 8b2607a616084614b51874c34221d16b 76e9d9488f924b0e8a08808ceb1805f9 - - default default] Successfully bumped revision number for resource fd547252-ea57-4a36-88c8-039138ba1fcb (type: security_group_rules) to 0
2026-07-21 14:37:01.377 10 INFO neutron.wsgi [None req-e251642b-e7de-4481-aae2-f3d2d717f841 8b2607a616084614b51874c34221d16b 76e9d9488f924b0e8a08808ceb1805f9 - - default default] 10.0.0.21 "POST /v2.0/security-group-rules HTTP/1.1" status: 201 len: 796 time: 0.2263186
2026-07-21 14:37:01.389 10 WARNING neutron_lib.context [None req-7e04b213-adfa-4752-ae50-699334712033 8b2607a616084614b51874c34221d16b 76e9d9488f924b0e8a08808ceb1805f9 - - default default] Method 'is_advsvc' is deprecated since 2023.2 release (neutron-lib 3.8.0) and will be removed once support for the old RBAC API policies will be removed from Neutron. Please use method 'is_service_role' instead.
2026-07-21 14:37:01.547 10 INFO neutron.db.ovn_revision_numbers_db [None req-7e04b213-adfa-4752-ae50-699334712033 8b2607a616084614b51874c34221d16b 76e9d9488f924b0e8a08808ceb1805f9 - - default default] Successfully bumped revision number for resource ef728cc7-515f-487f-b3c6-335ebdb6f22e (type: security_group_rules) to 0
2026-07-21 14:37:01.572 10 INFO neutron.wsgi [None req-7e04b213-adfa-4752-ae50-699334712033 8b2607a616084614b51874c34221d16b 76e9d9488f924b0e8a08808ceb1805f9 - - default default] 10.0.0.21 "POST /v2.0/security-group-rules HTTP/1.1" status: 201 len: 796 time: 0.1877015
2026-07-21 14:37:01.581 10 WARNING neutron_lib.context [None req-e86973d4-9bdf-4c97-9d90-7549ba9e5b56 8b2607a616084614b51874c34221d16b 76e9d9488f924b0e8a08808ceb1805f9 - - default default] Method 'is_advsvc' is deprecated since 2023.2 release (neutron-lib 3.8.0) and will be removed once support for the old RBAC API policies will be removed from Neutron. Please use method 'is_service_role' instead.
2026-07-21 14:37:01.616 9 WARNING neutron.plugins.ml2.drivers.ovn.mech_driver.ovsdb.ovn_client [None req-aa3eab6f-aab2-4c33-95ac-658aadf91c44 - - - - - -] No hosting information found for port 246e1e9e-01e6-4714-ba6f-86031594b57e: RuntimeError: No hosting information found for port 246e1e9e-01e6-4714-ba6f-86031594b57e
2026-07-21 14:37:01.617 9 INFO neutron.plugins.ml2.drivers.ovn.mech_driver.mech_driver [None req-aa3eab6f-aab2-4c33-95ac-658aadf91c44 - - - - - -] OVN reports status up for port: 5d69e62e-f50e-489b-9ad3-775761e82044
2026-07-21 14:37:01.626 9 INFO neutron.plugins.ml2.plugin [None req-aa3eab6f-aab2-4c33-95ac-658aadf91c44 - - - - - -] Attempt 1 to provision port 5d69e62e-f50e-489b-9ad3-775761e82044
2026-07-21 14:37:01.742 10 INFO neutron.db.ovn_revision_numbers_db [None req-e86973d4-9bdf-4c97-9d90-7549ba9e5b56 8b2607a616084614b51874c34221d16b 76e9d9488f924b0e8a08808ceb1805f9 - - default default] Successfully bumped revision number for resource 6ec9a4c6-bef9-4fc7-b50b-b3438ddcc5a3 (type: security_group_rules) to 0
2026-07-21 14:37:01.770 10 INFO neutron.wsgi [None req-e86973d4-9bdf-4c97-9d90-7549ba9e5b56 8b2607a616084614b51874c34221d16b 76e9d9488f924b0e8a08808ceb1805f9 - - default default] 10.0.0.21 "POST /v2.0/security-group-rules HTTP/1.1" status: 201 len: 798 time: 0.1931016
2026-07-21 14:37:01.780 10 WARNING neutron_lib.context [None req-37afb130-d9ee-4407-8613-a6411390c0f4 8b2607a616084614b51874c34221d16b 76e9d9488f924b0e8a08808ceb1805f9 - - default default] Method 'is_advsvc' is deprecated since 2023.2 release (neutron-lib 3.8.0) and will be removed once support for the old RBAC API policies will be removed from Neutron. Please use method 'is_service_role' instead.
2026-07-21 14:37:01.958 10 INFO neutron.db.ovn_revision_numbers_db [None req-37afb130-d9ee-4407-8613-a6411390c0f4 8b2607a616084614b51874c34221d16b 76e9d9488f924b0e8a08808ceb1805f9 - - default default] Successfully bumped revision number for resource 0df5de07-a083-469d-87c8-fcacbc920940 (type: security_group_rules) to 0
2026-07-21 14:37:01.986 10 INFO neutron.wsgi [None req-37afb130-d9ee-4407-8613-a6411390c0f4 8b2607a616084614b51874c34221d16b 76e9d9488f924b0e8a08808ceb1805f9 - - default default] 10.0.0.21 "POST /v2.0/security-group-rules HTTP/1.1" status: 201 len: 800 time: 0.2113016
2026-07-21 14:37:01.997 10 WARNING neutron_lib.context [None req-810a5de5-575f-49b0-8116-7e99d2fb6f96 8b2607a616084614b51874c34221d16b 76e9d9488f924b0e8a08808ceb1805f9 - - default default] Method 'is_advsvc' is deprecated since 2023.2 release (neutron-lib 3.8.0) and will be removed once support for the old RBAC API policies will be removed from Neutron. Please use method 'is_service_role' instead.
2026-07-21 14:37:02.056 9 INFO neutron.wsgi [None req-b713c76b-da2e-4ebf-8d38-41b6db2a160c f8d9a2ede5cc4461b8de6e2c47eb2abc b5a56248e5e64ba58ec35d3aecc345d6 - - default default] 10.0.0.21 "GET /v2.0/qos/policies?tags=red HTTP/1.1" status: 200 len: 1296 time: 0.3652749
2026-07-21 14:37:02.106 9 INFO neutron.db.ovn_revision_numbers_db [None req-aa3eab6f-aab2-4c33-95ac-658aadf91c44 - - - - - -] Successfully bumped revision number for resource 5d69e62e-f50e-489b-9ad3-775761e82044 (type: ports) to 2
2026-07-21 14:37:02.166 9 INFO neutron.wsgi [None req-04a1e48d-4a2d-4dab-9f0d-d4b131fbbfe2 f8d9a2ede5cc4461b8de6e2c47eb2abc b5a56248e5e64ba58ec35d3aecc345d6 - - default default] 10.0.0.21 "GET /v2.0/qos/policies?tags=red%2Cblue HTTP/1.1" status: 200 len: 941 time: 0.1066406
2026-07-21 14:37:02.197 10 INFO neutron.db.ovn_revision_numbers_db [None req-810a5de5-575f-49b0-8116-7e99d2fb6f96 8b2607a616084614b51874c34221d16b 76e9d9488f924b0e8a08808ceb1805f9 - - default default] Successfully bumped revision number for resource b1b2103b-ca77-4f3c-ae77-9f11ac3d0918 (type: security_group_rules) to 0
2026-07-21 14:37:02.233 10 INFO neutron.wsgi [None req-810a5de5-575f-49b0-8116-7e99d2fb6f96 8b2607a616084614b51874c34221d16b 76e9d9488f924b0e8a08808ceb1805f9 - - default default] 10.0.0.21 "POST /v2.0/security-group-rules HTTP/1.1" status: 201 len: 796 time: 0.2415264
2026-07-21 14:37:02.266 10 INFO neutron.wsgi [None req-ef223c91-c5c1-43dd-8fdc-d80cf9884a9e f8d9a2ede5cc4461b8de6e2c47eb2abc b5a56248e5e64ba58ec35d3aecc345d6 - - default default] 10.0.0.21 "GET /v2.0/qos/policies?tags-any=blue HTTP/1.1" status: 200 len: 941 time: 0.0935740
2026-07-21 14:37:02.287 9 INFO neutron.db.ovn_revision_numbers_db [None req-aa3eab6f-aab2-4c33-95ac-658aadf91c44 - - - - - -] Successfully bumped revision number for resource 5d69e62e-f50e-489b-9ad3-775761e82044 (type: router_ports) to 2
2026-07-21 14:37:02.362 10 INFO neutron.wsgi [None req-270fd43a-1090-45aa-b364-793332b5b220 f8d9a2ede5cc4461b8de6e2c47eb2abc b5a56248e5e64ba58ec35d3aecc345d6 - - default default] 10.0.0.21 "GET /v2.0/qos/policies?tags-any=red%2Cblue HTTP/1.1" status: 200 len: 1296 time: 0.0882761
2026-07-21 14:37:02.444 10 INFO neutron.wsgi [None req-d1e8a3e9-1ff6-4f7e-ba85-24c1951f4b59 f8d9a2ede5cc4461b8de6e2c47eb2abc b5a56248e5e64ba58ec35d3aecc345d6 - - default default] 10.0.0.21 "GET /v2.0/qos/policies?not-tags=red HTTP/1.1" status: 200 len: 913 time: 0.0750680
2026-07-21 14:37:02.519 10 INFO neutron.wsgi [None req-b4640186-e18b-4ca6-b3ed-bb9f8602c343 f8d9a2ede5cc4461b8de6e2c47eb2abc b5a56248e5e64ba58ec35d3aecc345d6 - - default default] 10.0.0.21 "GET /v2.0/qos/policies?not-tags=red%2Cblue HTTP/1.1" status: 200 len: 1268 time: 0.0707827
2026-07-21 14:37:02.615 10 INFO neutron.wsgi [None req-1973a2c7-c677-4726-857c-48d023130638 f8d9a2ede5cc4461b8de6e2c47eb2abc b5a56248e5e64ba58ec35d3aecc345d6 - - default default] 10.0.0.21 "GET /v2.0/qos/policies?not-tags-any=blue HTTP/1.1" status: 200 len: 1268 time: 0.0900033
2026-07-21 14:37:02.641 9 INFO neutron.wsgi [req-1d6e91d6-ce7c-4b36-8aca-e415b093bb3b req-d711e80c-f688-4fe1-b3d3-cc3ff65673e4 8b2607a616084614b51874c34221d16b 76e9d9488f924b0e8a08808ceb1805f9 - - default default] 10.0.0.39 "GET /v2.0/security-groups?name=tempest-lb_member_SG-1343899178&fields=id&tenant_id=76e9d9488f924b0e8a08808ceb1805f9 HTTP/1.1" status: 200 len: 267 time: 0.0478587
2026-07-21 14:37:02.667 10 INFO neutron.wsgi [None req-a1c7b727-f6d9-4354-98e4-2c9908dcbd24 f8d9a2ede5cc4461b8de6e2c47eb2abc b5a56248e5e64ba58ec35d3aecc345d6 - - default default] 10.0.0.21 "GET /v2.0/qos/policies?not-tags-any=red%2Cblue HTTP/1.1" status: 200 len: 913 time: 0.0471926
2026-07-21 14:37:02.739 10 INFO neutron.wsgi [None req-53cca58e-2f08-4ed2-b4df-400e7160fa2b b8f889b4aa7147dba422ccb93deea90b 8ecce7bf580c48eeb7061400b4b5bc79 - - default default] 10.0.0.21 "DELETE /v2.0/qos/policies/b5e91efc-bd6a-4aa8-9104-566806fd46f8 HTTP/1.1" status: 204 len: 168 time: 0.0674334
2026-07-21 14:37:02.746 9 INFO neutron.wsgi [req-1d6e91d6-ce7c-4b36-8aca-e415b093bb3b req-85b17b45-9f45-4945-8c36-c7a2941b5665 8b2607a616084614b51874c34221d16b 76e9d9488f924b0e8a08808ceb1805f9 - - default default] 10.0.0.39 "GET /v2.0/networks?id=b8863118-60f5-49a0-b866-ec9444c5822a HTTP/1.1" status: 200 len: 904 time: 0.0996325
2026-07-21 14:37:02.765 9 INFO neutron.wsgi [req-1d6e91d6-ce7c-4b36-8aca-e415b093bb3b req-d7eedced-c7c6-47a6-8214-392587b9ca3c 8b2607a616084614b51874c34221d16b 76e9d9488f924b0e8a08808ceb1805f9 - - default default] 10.0.0.39 "GET /v2.0/quotas/76e9d9488f924b0e8a08808ceb1805f9 HTTP/1.1" status: 200 len: 491 time: 0.0111401
2026-07-21 14:37:02.804 10 INFO neutron.wsgi [None req-804289de-10a4-433d-b175-aef327616c04 b8f889b4aa7147dba422ccb93deea90b 8ecce7bf580c48eeb7061400b4b5bc79 - - default default] 10.0.0.21 "DELETE /v2.0/qos/policies/ab2d75df-1aef-45fa-9bf2-9625ddcc280c HTTP/1.1" status: 204 len: 168 time: 0.0596795
2026-07-21 14:37:02.864 10 INFO neutron.wsgi [None req-e9792901-05a7-419b-bfb8-542ae6f00a74 b8f889b4aa7147dba422ccb93deea90b 8ecce7bf580c48eeb7061400b4b5bc79 - - default default] 10.0.0.21 "DELETE /v2.0/qos/policies/1e389fa8-fa1d-47cb-99af-1f1870682a51 HTTP/1.1" status: 204 len: 168 time: 0.0538445
2026-07-21 14:37:02.940 10 INFO neutron.wsgi [None req-31721fc7-2af7-4522-b9a2-b1987ed2c964 b8f889b4aa7147dba422ccb93deea90b 8ecce7bf580c48eeb7061400b4b5bc79 - - default default] 10.0.0.21 "DELETE /v2.0/qos/policies/3032dd65-c997-4bdd-8fbd-e00f3eb4718e HTTP/1.1" status: 204 len: 168 time: 0.0716832
2026-07-21 14:37:03.011 9 INFO neutron.wsgi [req-1d6e91d6-ce7c-4b36-8aca-e415b093bb3b req-3eb2b9d1-517b-4f4b-815d-21605cdf9c70 8b2607a616084614b51874c34221d16b 76e9d9488f924b0e8a08808ceb1805f9 - - default default] 10.0.0.39 "GET /v2.0/ports?tenant_id=76e9d9488f924b0e8a08808ceb1805f9&fields=id HTTP/1.1" status: 200 len: 486 time: 0.2382438
2026-07-21 14:37:03.042 9 INFO neutron.wsgi [None req-2f35a67a-6185-4387-85d4-46ec5eedf92a b8f889b4aa7147dba422ccb93deea90b 8ecce7bf580c48eeb7061400b4b5bc79 - - default default] 10.0.0.21 "DELETE /v2.0/qos/policies/55cf854a-f4f4-4062-9d7f-722eccf84cd9 HTTP/1.1" status: 204 len: 168 time: 0.0944293
2026-07-21 14:37:03.094 9 INFO neutron.wsgi [req-1d6e91d6-ce7c-4b36-8aca-e415b093bb3b req-dea43963-32e9-489e-a0cf-6a3b4da7a381 3a68918bc1234747809bbcab9a8c748a cf209440a3674ffbbee6cfc755d67e31 - - 54de7a9fafb84e02afc76315b903ca50 54de7a9fafb84e02afc76315b903ca50] 10.0.0.39 "GET /v2.0/networks/b8863118-60f5-49a0-b866-ec9444c5822a?fields=segments HTTP/1.1" status: 200 len: 212 time: 0.0655484
2026-07-21 14:37:03.164 9 INFO neutron.wsgi [req-1d6e91d6-ce7c-4b36-8aca-e415b093bb3b req-98a9f299-9c3e-4c0b-89ea-5d5c25458ba1 3a68918bc1234747809bbcab9a8c748a cf209440a3674ffbbee6cfc755d67e31 - - 54de7a9fafb84e02afc76315b903ca50 54de7a9fafb84e02afc76315b903ca50] 10.0.0.39 "GET /v2.0/networks/b8863118-60f5-49a0-b866-ec9444c5822a?fields=provider%3Aphysical_network&fields=provider%3Anetwork_type HTTP/1.1" status: 200 len: 277 time: 0.0617278
2026-07-21 14:37:03.301 9 INFO neutron.wsgi [req-7f2c02e1-20a7-41b3-8fb3-ed1569b5c4dc req-32bf0089-6a59-46f8-8679-428098ac790e 8b2607a616084614b51874c34221d16b 76e9d9488f924b0e8a08808ceb1805f9 - - default default] 10.0.0.39 "GET /v2.0/ports?device_id=c3fb188b-7a50-40a3-8682-f75adaf79db1 HTTP/1.1" status: 200 len: 210 time: 0.0250888
2026-07-21 14:37:03.929 9 INFO neutron.db.ovn_revision_numbers_db [None req-671ac28d-448b-4576-8083-7d884a8d0059 07d642697d024bc1bf5abad306d2c057 a13241ae2741428c83edd5e6aac20da2 - - default default] Successfully bumped revision number for resource 96ac7899-c2ec-4db2-b562-12e7c71654e7 (type: security_groups) to 1
2026-07-21 14:37:03.961 9 INFO neutron.db.ovn_revision_numbers_db [None req-671ac28d-448b-4576-8083-7d884a8d0059 07d642697d024bc1bf5abad306d2c057 a13241ae2741428c83edd5e6aac20da2 - - default default] Successfully bumped revision number for resource 23fdd0d0-ff82-460f-ad70-fae8ee316739 (type: security_group_rules) to 0
2026-07-21 14:37:03.982 9 INFO neutron.db.ovn_revision_numbers_db [None req-671ac28d-448b-4576-8083-7d884a8d0059 07d642697d024bc1bf5abad306d2c057 a13241ae2741428c83edd5e6aac20da2 - - default default] Successfully bumped revision number for resource 48255496-683e-4a2d-ae63-a8bd8b538777 (type: security_group_rules) to 0
2026-07-21 14:37:04.002 9 INFO neutron.db.ovn_revision_numbers_db [None req-671ac28d-448b-4576-8083-7d884a8d0059 07d642697d024bc1bf5abad306d2c057 a13241ae2741428c83edd5e6aac20da2 - - default default] Successfully bumped revision number for resource 7a8b8c74-0797-4252-9ef6-7a46746a19ac (type: security_group_rules) to 0
2026-07-21 14:37:04.042 9 INFO neutron.db.ovn_revision_numbers_db [None req-671ac28d-448b-4576-8083-7d884a8d0059 07d642697d024bc1bf5abad306d2c057 a13241ae2741428c83edd5e6aac20da2 - - default default] Successfully bumped revision number for resource a1e5527a-e1d2-4ed5-927a-0350d4720cfb (type: security_group_rules) to 0
2026-07-21 14:37:04.106 9 INFO neutron.wsgi [req-1d6e91d6-ce7c-4b36-8aca-e415b093bb3b req-b1d98771-7ddc-474d-bad0-135fa2d9ce49 8b2607a616084614b51874c34221d16b 76e9d9488f924b0e8a08808ceb1805f9 - - default default] 199.204.45.129 "GET /v2.0/networks?id=b8863118-60f5-49a0-b866-ec9444c5822a HTTP/1.1" status: 200 len: 904 time: 0.0933864
2026-07-21 14:37:04.119 9 INFO neutron.db.segments_db [None req-671ac28d-448b-4576-8083-7d884a8d0059 07d642697d024bc1bf5abad306d2c057 a13241ae2741428c83edd5e6aac20da2 - - default default] Added segment 63878c64-0c53-40e6-89b9-7957a80d8dc7 of type geneve for network 30e65627-77d8-46eb-a805-6d514a2d2ae6
2026-07-21 14:37:04.226 9 INFO neutron.wsgi [req-1d6e91d6-ce7c-4b36-8aca-e415b093bb3b req-d7f31904-8d1d-4a5c-87a6-ac1b51825985 8b2607a616084614b51874c34221d16b 76e9d9488f924b0e8a08808ceb1805f9 - - default default] 199.204.45.129 "GET /v2.0/security-groups?fields=id&fields=name&tenant_id=76e9d9488f924b0e8a08808ceb1805f9 HTTP/1.1" status: 200 len: 378 time: 0.1152809
2026-07-21 14:37:04.245 9 WARNING neutron_lib.context [req-1d6e91d6-ce7c-4b36-8aca-e415b093bb3b req-b62c075c-22e5-4cc3-a85d-bd33375607cc 8b2607a616084614b51874c34221d16b 76e9d9488f924b0e8a08808ceb1805f9 - - default default] Method 'is_advsvc' is deprecated since 2023.2 release (neutron-lib 3.8.0) and will be removed once support for the old RBAC API policies will be removed from Neutron. Please use method 'is_service_role' instead.
2026-07-21 14:37:04.365 9 INFO neutron.db.ovn_revision_numbers_db [None req-671ac28d-448b-4576-8083-7d884a8d0059 07d642697d024bc1bf5abad306d2c057 a13241ae2741428c83edd5e6aac20da2 - - default default] Successfully bumped revision number for resource 30e65627-77d8-46eb-a805-6d514a2d2ae6 (type: networks) to 1
2026-07-21 14:37:04.379 9 INFO neutron.db.ovn_revision_numbers_db [None req-b578b3d8-6189-4c2c-a92e-1274daf5c28a aaf09a7d266440efab2f57dbd6c53e17 ff887c7d10544a709fad9c928a959a91 - - default default] Successfully bumped revision number for resource c202d5ea-0511-4246-85c9-c55574e71f19 (type: security_groups) to 1
2026-07-21 14:37:04.405 9 INFO neutron.db.ovn_revision_numbers_db [None req-b578b3d8-6189-4c2c-a92e-1274daf5c28a aaf09a7d266440efab2f57dbd6c53e17 ff887c7d10544a709fad9c928a959a91 - - default default] Successfully bumped revision number for resource 2737394b-f957-4c30-94a9-61d795d88767 (type: security_group_rules) to 0
2026-07-21 14:37:04.430 9 INFO neutron.db.ovn_revision_numbers_db [None req-b578b3d8-6189-4c2c-a92e-1274daf5c28a aaf09a7d266440efab2f57dbd6c53e17 ff887c7d10544a709fad9c928a959a91 - - default default] Successfully bumped revision number for resource 3873ec27-0a74-401b-89e3-a8f9c3d4249d (type: security_group_rules) to 0
2026-07-21 14:37:04.464 9 INFO neutron.db.ovn_revision_numbers_db [None req-b578b3d8-6189-4c2c-a92e-1274daf5c28a aaf09a7d266440efab2f57dbd6c53e17 ff887c7d10544a709fad9c928a959a91 - - default default] Successfully bumped revision number for resource 823d697e-e040-42db-9ca8-6353f50a1248 (type: security_group_rules) to 0
2026-07-21 14:37:04.507 9 INFO neutron.db.ovn_revision_numbers_db [None req-b578b3d8-6189-4c2c-a92e-1274daf5c28a aaf09a7d266440efab2f57dbd6c53e17 ff887c7d10544a709fad9c928a959a91 - - default default] Successfully bumped revision number for resource a7bb8499-985f-4b31-a490-3c6fe19e1170 (type: security_group_rules) to 0
2026-07-21 14:37:04.546 9 INFO neutron.wsgi [None req-b578b3d8-6189-4c2c-a92e-1274daf5c28a aaf09a7d266440efab2f57dbd6c53e17 ff887c7d10544a709fad9c928a959a91 - - default default] 10.0.0.21 "GET /v2.0/security-groups?tenant_id=b5a56248e5e64ba58ec35d3aecc345d6&name=default HTTP/1.1" status: 200 len: 3124 time: 0.6209960
2026-07-21 14:37:04.644 9 WARNING neutron.scheduler.dhcp_agent_scheduler [None req-671ac28d-448b-4576-8083-7d884a8d0059 07d642697d024bc1bf5abad306d2c057 a13241ae2741428c83edd5e6aac20da2 - - default default] No more DHCP agents
2026-07-21 14:37:04.650 9 WARNING neutron.api.rpc.agentnotifiers.dhcp_rpc_agent_api [None req-671ac28d-448b-4576-8083-7d884a8d0059 07d642697d024bc1bf5abad306d2c057 a13241ae2741428c83edd5e6aac20da2 - - default default] Unable to schedule network 30e65627-77d8-46eb-a805-6d514a2d2ae6: no agents available; will retry on subsequent port and subnet creation events.
2026-07-21 14:37:04.781 9 INFO neutron.db.ovn_revision_numbers_db [None req-671ac28d-448b-4576-8083-7d884a8d0059 07d642697d024bc1bf5abad306d2c057 a13241ae2741428c83edd5e6aac20da2 - - default default] Successfully bumped revision number for resource 96c1a1ca-f6fd-4e5c-9dcf-8f39e38e6074 (type: ports) to 1
2026-07-21 14:37:04.784 10 INFO neutron.wsgi [None req-cf206114-6c92-4b75-a46c-783c25b8b9d8 aaf09a7d266440efab2f57dbd6c53e17 ff887c7d10544a709fad9c928a959a91 - - default default] 10.0.0.21 "DELETE /v2.0/security-groups/c202d5ea-0511-4246-85c9-c55574e71f19 HTTP/1.1" status: 204 len: 168 time: 0.2282538
2026-07-21 14:37:04.810 9 INFO neutron.wsgi [None req-671ac28d-448b-4576-8083-7d884a8d0059 07d642697d024bc1bf5abad306d2c057 a13241ae2741428c83edd5e6aac20da2 - - default default] 10.0.0.21 "POST /v2.0/networks HTTP/1.1" status: 201 len: 927 time: 1.2888632 /var/lib/openstack/lib/python3.10/site-packages/pycadf/identifier.py:71: UserWarning: Invalid uuid: neutron. To ensure interoperability, identifiers should be a valid uuid. warnings.warn(('Invalid uuid: %s. To ensure interoperability, '
2026-07-21 14:37:04.855 9 WARNING neutron.scheduler.dhcp_agent_scheduler [req-1d6e91d6-ce7c-4b36-8aca-e415b093bb3b req-b62c075c-22e5-4cc3-a85d-bd33375607cc 8b2607a616084614b51874c34221d16b 76e9d9488f924b0e8a08808ceb1805f9 - - default default] No more DHCP agents
2026-07-21 14:37:04.861 9 WARNING neutron.api.rpc.agentnotifiers.dhcp_rpc_agent_api [req-1d6e91d6-ce7c-4b36-8aca-e415b093bb3b req-b62c075c-22e5-4cc3-a85d-bd33375607cc 8b2607a616084614b51874c34221d16b 76e9d9488f924b0e8a08808ceb1805f9 - - default default] Unable to schedule network b8863118-60f5-49a0-b866-ec9444c5822a: no agents available; will retry on subsequent port and subnet creation events.
2026-07-21 14:37:05.057 10 INFO neutron.db.ovn_revision_numbers_db [None req-19c98fd1-d440-45b3-8d5c-042b354f4ce2 aaf09a7d266440efab2f57dbd6c53e17 ff887c7d10544a709fad9c928a959a91 - - default default] Successfully bumped revision number for resource 23e0920f-887f-4af4-b878-32cdc967c237 (type: security_groups) to 1
2026-07-21 14:37:05.070 9 WARNING neutron.scheduler.dhcp_agent_scheduler [None req-d7f36434-82cf-48ee-8eba-00de3d55a968 07d642697d024bc1bf5abad306d2c057 a13241ae2741428c83edd5e6aac20da2 - - default default] No more DHCP agents
2026-07-21 14:37:05.072 10 INFO neutron.db.ovn_revision_numbers_db [None req-19c98fd1-d440-45b3-8d5c-042b354f4ce2 aaf09a7d266440efab2f57dbd6c53e17 ff887c7d10544a709fad9c928a959a91 - - default default] Successfully bumped revision number for resource 097f88f7-985e-4d26-aab0-be0cb2563b3f (type: security_group_rules) to 0
2026-07-21 14:37:05.073 9 WARNING neutron.api.rpc.agentnotifiers.dhcp_rpc_agent_api [None req-d7f36434-82cf-48ee-8eba-00de3d55a968 07d642697d024bc1bf5abad306d2c057 a13241ae2741428c83edd5e6aac20da2 - - default default] Unable to schedule network 30e65627-77d8-46eb-a805-6d514a2d2ae6: no agents available; will retry on subsequent port and subnet creation events.
2026-07-21 14:37:05.102 10 INFO neutron.db.ovn_revision_numbers_db [None req-19c98fd1-d440-45b3-8d5c-042b354f4ce2 aaf09a7d266440efab2f57dbd6c53e17 ff887c7d10544a709fad9c928a959a91 - - default default] Successfully bumped revision number for resource 549d2c4d-5656-4214-9cbe-605f23db15b8 (type: security_group_rules) to 0
2026-07-21 14:37:05.118 10 INFO neutron.db.ovn_revision_numbers_db [None req-19c98fd1-d440-45b3-8d5c-042b354f4ce2 aaf09a7d266440efab2f57dbd6c53e17 ff887c7d10544a709fad9c928a959a91 - - default default] Successfully bumped revision number for resource 67733795-bbb2-4677-84c8-f72f123c87fa (type: security_group_rules) to 0
2026-07-21 14:37:05.139 10 INFO neutron.db.ovn_revision_numbers_db [None req-19c98fd1-d440-45b3-8d5c-042b354f4ce2 aaf09a7d266440efab2f57dbd6c53e17 ff887c7d10544a709fad9c928a959a91 - - default default] Successfully bumped revision number for resource b03f1b5a-342b-46f7-9a28-d401dc4f43b0 (type: security_group_rules) to 0
2026-07-21 14:37:05.145 9 INFO neutron.db.ovn_revision_numbers_db [req-1d6e91d6-ce7c-4b36-8aca-e415b093bb3b req-b62c075c-22e5-4cc3-a85d-bd33375607cc 8b2607a616084614b51874c34221d16b 76e9d9488f924b0e8a08808ceb1805f9 - - default default] Successfully bumped revision number for resource b2706b19-acb1-4aae-9f6f-063ff226f2f2 (type: ports) to 1
2026-07-21 14:37:05.173 10 INFO neutron.wsgi [None req-19c98fd1-d440-45b3-8d5c-042b354f4ce2 aaf09a7d266440efab2f57dbd6c53e17 ff887c7d10544a709fad9c928a959a91 - - default default] 10.0.0.21 "GET /v2.0/security-groups?tenant_id=9f9365a29d884d83af0195aede96c3c6&name=default HTTP/1.1" status: 200 len: 3124 time: 0.2859290
2026-07-21 14:37:05.173 9 INFO neutron.wsgi [req-1d6e91d6-ce7c-4b36-8aca-e415b093bb3b req-b62c075c-22e5-4cc3-a85d-bd33375607cc 8b2607a616084614b51874c34221d16b 76e9d9488f924b0e8a08808ceb1805f9 - - default default] 199.204.45.129 "POST /v2.0/ports HTTP/1.1" status: 201 len: 1384 time: 0.9346404 /var/lib/openstack/lib/python3.10/site-packages/pycadf/identifier.py:71: UserWarning: Invalid uuid: neutron. To ensure interoperability, identifiers should be a valid uuid. warnings.warn(('Invalid uuid: %s. To ensure interoperability, '
2026-07-21 14:37:05.398 10 INFO neutron.wsgi [None req-288f5475-b32e-49c2-b5a6-d299a2dcf476 aaf09a7d266440efab2f57dbd6c53e17 ff887c7d10544a709fad9c928a959a91 - - default default] 10.0.0.21 "DELETE /v2.0/security-groups/23e0920f-887f-4af4-b878-32cdc967c237 HTTP/1.1" status: 204 len: 168 time: 0.2201128
2026-07-21 14:37:05.543 10 INFO neutron.wsgi [-] 10.0.0.250 "GET / HTTP/1.1" status: 200 len: 247 time: 0.0022461
2026-07-21 14:37:05.546 10 INFO neutron.wsgi [-] 10.0.0.250 "GET / HTTP/1.1" status: 200 len: 247 time: 0.0015440
2026-07-21 14:37:05.703 10 INFO neutron.db.ovn_revision_numbers_db [None req-df2ca949-5fe6-4220-a3a5-91098324e223 aaf09a7d266440efab2f57dbd6c53e17 ff887c7d10544a709fad9c928a959a91 - - default default] Successfully bumped revision number for resource 685952fd-fba5-4f4c-a4f3-44974b0e94d3 (type: security_groups) to 1
2026-07-21 14:37:05.721 10 INFO neutron.db.ovn_revision_numbers_db [None req-df2ca949-5fe6-4220-a3a5-91098324e223 aaf09a7d266440efab2f57dbd6c53e17 ff887c7d10544a709fad9c928a959a91 - - default default] Successfully bumped revision number for resource 83367400-cdbd-40ab-9430-d1563da6d5e1 (type: security_group_rules) to 0
2026-07-21 14:37:05.735 10 INFO neutron.db.ovn_revision_numbers_db [None req-df2ca949-5fe6-4220-a3a5-91098324e223 aaf09a7d266440efab2f57dbd6c53e17 ff887c7d10544a709fad9c928a959a91 - - default default] Successfully bumped revision number for resource a0b5dc43-25d3-4ed3-9273-97b8d93aaf99 (type: security_group_rules) to 0
2026-07-21 14:37:05.740 9 INFO neutron.db.ovn_revision_numbers_db [req-1d6e91d6-ce7c-4b36-8aca-e415b093bb3b req-97443011-c8f9-4912-84d2-d74ffcb684fd 3a68918bc1234747809bbcab9a8c748a cf209440a3674ffbbee6cfc755d67e31 - - 54de7a9fafb84e02afc76315b903ca50 54de7a9fafb84e02afc76315b903ca50] Successfully bumped revision number for resource b2706b19-acb1-4aae-9f6f-063ff226f2f2 (type: ports) to 2
2026-07-21 14:37:05.750 9 INFO neutron.db.ovn_revision_numbers_db [None req-d7f36434-82cf-48ee-8eba-00de3d55a968 07d642697d024bc1bf5abad306d2c057 a13241ae2741428c83edd5e6aac20da2 - - default default] Successfully bumped revision number for resource 96c1a1ca-f6fd-4e5c-9dcf-8f39e38e6074 (type: ports) to 2
2026-07-21 14:37:05.751 10 INFO neutron.db.ovn_revision_numbers_db [None req-df2ca949-5fe6-4220-a3a5-91098324e223 aaf09a7d266440efab2f57dbd6c53e17 ff887c7d10544a709fad9c928a959a91 - - default default] Successfully bumped revision number for resource cd62f363-d9ec-45f6-bb46-dff0a6a64da6 (type: security_group_rules) to 0
2026-07-21 14:37:05.766 10 INFO neutron.db.ovn_revision_numbers_db [None req-df2ca949-5fe6-4220-a3a5-91098324e223 aaf09a7d266440efab2f57dbd6c53e17 ff887c7d10544a709fad9c928a959a91 - - default default] Successfully bumped revision number for resource d4668845-f409-4c40-9651-378275836bcb (type: security_group_rules) to 0
2026-07-21 14:37:05.787 10 INFO neutron.wsgi [None req-df2ca949-5fe6-4220-a3a5-91098324e223 aaf09a7d266440efab2f57dbd6c53e17 ff887c7d10544a709fad9c928a959a91 - - default default] 10.0.0.21 "GET /v2.0/security-groups?tenant_id=8ecce7bf580c48eeb7061400b4b5bc79&name=default HTTP/1.1" status: 200 len: 3124 time: 0.2356882
2026-07-21 14:37:05.798 9 INFO neutron.db.ovn_revision_numbers_db [None req-d7f36434-82cf-48ee-8eba-00de3d55a968 07d642697d024bc1bf5abad306d2c057 a13241ae2741428c83edd5e6aac20da2 - - default default] Successfully bumped revision number for resource da650b0f-0fce-4056-884a-b99c219672fd (type: subnets) to 0
2026-07-21 14:37:05.816 9 INFO neutron.wsgi [None req-d7f36434-82cf-48ee-8eba-00de3d55a968 07d642697d024bc1bf5abad306d2c057 a13241ae2741428c83edd5e6aac20da2 - - default default] 10.0.0.21 "POST /v2.0/subnets HTTP/1.1" status: 201 len: 819 time: 1.0010111 /var/lib/openstack/lib/python3.10/site-packages/pycadf/identifier.py:71: UserWarning: Invalid uuid: neutron. To ensure interoperability, identifiers should be a valid uuid. warnings.warn(('Invalid uuid: %s. To ensure interoperability, '
2026-07-21 14:37:05.826 9 WARNING neutron.api.v2.base [None req-c2506de4-d95f-48fa-a621-0cf00fa4675d 07d642697d024bc1bf5abad306d2c057 a13241ae2741428c83edd5e6aac20da2 - - default default] An exception happened while processing the request body. The exception message is [Invalid input for target_tenant. Reason: 'None' is not a valid string.].: webob.exc.HTTPBadRequest: Invalid input for target_tenant. Reason: 'None' is not a valid string.
2026-07-21 14:37:05.826 9 INFO neutron.api.v2.resource [None req-c2506de4-d95f-48fa-a621-0cf00fa4675d 07d642697d024bc1bf5abad306d2c057 a13241ae2741428c83edd5e6aac20da2 - - default default] create failed (client error): Invalid input for target_tenant. Reason: 'None' is not a valid string.
2026-07-21 14:37:05.827 9 INFO neutron.wsgi [None req-c2506de4-d95f-48fa-a621-0cf00fa4675d 07d642697d024bc1bf5abad306d2c057 a13241ae2741428c83edd5e6aac20da2 - - default default] 10.0.0.21 "POST /v2.0/rbac-policies HTTP/1.1" status: 400 len: 346 time: 0.0064187
2026-07-21 14:37:06.034 10 INFO neutron.wsgi [None req-14e5b03d-433d-4db2-962a-da6290350f82 aaf09a7d266440efab2f57dbd6c53e17 ff887c7d10544a709fad9c928a959a91 - - default default] 10.0.0.21 "DELETE /v2.0/security-groups/685952fd-fba5-4f4c-a4f3-44974b0e94d3 HTTP/1.1" status: 204 len: 168 time: 0.2392120
2026-07-21 14:37:06.305 9 INFO neutron.db.ovn_revision_numbers_db [req-1d6e91d6-ce7c-4b36-8aca-e415b093bb3b req-97443011-c8f9-4912-84d2-d74ffcb684fd 3a68918bc1234747809bbcab9a8c748a cf209440a3674ffbbee6cfc755d67e31 - - 54de7a9fafb84e02afc76315b903ca50 54de7a9fafb84e02afc76315b903ca50] Successfully bumped revision number for resource b2706b19-acb1-4aae-9f6f-063ff226f2f2 (type: ports) to 2
2026-07-21 14:37:06.333 9 INFO neutron.wsgi [req-1d6e91d6-ce7c-4b36-8aca-e415b093bb3b req-97443011-c8f9-4912-84d2-d74ffcb684fd 3a68918bc1234747809bbcab9a8c748a cf209440a3674ffbbee6cfc755d67e31 - - 54de7a9fafb84e02afc76315b903ca50 54de7a9fafb84e02afc76315b903ca50] 199.204.45.129 "PUT /v2.0/ports/b2706b19-acb1-4aae-9f6f-063ff226f2f2 HTTP/1.1" status: 200 len: 1601 time: 1.1528120
2026-07-21 14:37:06.393 9 INFO neutron.notifiers.nova [-] Nova event matching ['req-a798fd1c-8fd9-4009-b861-30b9087aa1a7'] response: {'name': 'network-changed', 'server_uuid': 'c3fb188b-7a50-40a3-8682-f75adaf79db1', 'tag': 'b2706b19-acb1-4aae-9f6f-063ff226f2f2', 'status': 'completed', 'code': 200} /var/lib/openstack/lib/python3.10/site-packages/pycadf/identifier.py:71: UserWarning: Invalid uuid: neutron. To ensure interoperability, identifiers should be a valid uuid. warnings.warn(('Invalid uuid: %s. To ensure interoperability, '
2026-07-21 14:37:06.452 9 INFO neutron.wsgi [req-1d6e91d6-ce7c-4b36-8aca-e415b093bb3b req-1fda42b3-1f34-4aee-b0a2-7cdac21b8099 3a68918bc1234747809bbcab9a8c748a cf209440a3674ffbbee6cfc755d67e31 - - 54de7a9fafb84e02afc76315b903ca50 54de7a9fafb84e02afc76315b903ca50] 199.204.45.129 "GET /v2.0/ports?tenant_id=76e9d9488f924b0e8a08808ceb1805f9&device_id=c3fb188b-7a50-40a3-8682-f75adaf79db1 HTTP/1.1" status: 200 len: 1632 time: 0.0669160
2026-07-21 14:37:06.496 9 INFO neutron.wsgi [req-1d6e91d6-ce7c-4b36-8aca-e415b093bb3b req-e7faf3ba-1dab-4cdd-974c-6d36c427a098 3a68918bc1234747809bbcab9a8c748a cf209440a3674ffbbee6cfc755d67e31 - - 54de7a9fafb84e02afc76315b903ca50 54de7a9fafb84e02afc76315b903ca50] 199.204.45.129 "GET /v2.0/floatingips?fixed_ip_address=10.2.1.220&port_id=b2706b19-acb1-4aae-9f6f-063ff226f2f2 HTTP/1.1" status: 200 len: 217 time: 0.0319915
2026-07-21 14:37:06.529 9 INFO neutron.wsgi [req-1d6e91d6-ce7c-4b36-8aca-e415b093bb3b req-78eb5a5b-adac-4556-944a-f7169e157795 3a68918bc1234747809bbcab9a8c748a cf209440a3674ffbbee6cfc755d67e31 - - 54de7a9fafb84e02afc76315b903ca50 54de7a9fafb84e02afc76315b903ca50] 199.204.45.129 "GET /v2.0/floatingips?fixed_ip_address=fd7b%3Af9f7%3Afff%3A4eca%3A%3A4a&port_id=b2706b19-acb1-4aae-9f6f-063ff226f2f2 HTTP/1.1" status: 200 len: 217 time: 0.0241077
2026-07-21 14:37:06.589 9 INFO neutron.wsgi [req-1d6e91d6-ce7c-4b36-8aca-e415b093bb3b req-a35b8aa2-2e99-485e-99d3-41978b423525 3a68918bc1234747809bbcab9a8c748a cf209440a3674ffbbee6cfc755d67e31 - - 54de7a9fafb84e02afc76315b903ca50 54de7a9fafb84e02afc76315b903ca50] 199.204.45.129 "GET /v2.0/subnets?id=d3f07714-899a-4158-806a-7f20899af9bf&id=a510366f-5bee-4305-9bc7-9206107df48b HTTP/1.1" status: 200 len: 1563 time: 0.0470488
2026-07-21 14:37:06.626 9 INFO neutron.wsgi [req-1d6e91d6-ce7c-4b36-8aca-e415b093bb3b req-6d3bd345-fe1f-4dcc-a406-2a55005f939e 3a68918bc1234747809bbcab9a8c748a cf209440a3674ffbbee6cfc755d67e31 - - 54de7a9fafb84e02afc76315b903ca50 54de7a9fafb84e02afc76315b903ca50] 199.204.45.129 "GET /v2.0/ports?network_id=b8863118-60f5-49a0-b866-ec9444c5822a&device_owner=network%3Adhcp HTTP/1.1" status: 200 len: 210 time: 0.0281851
2026-07-21 14:37:06.661 9 INFO neutron.wsgi [req-1d6e91d6-ce7c-4b36-8aca-e415b093bb3b req-508f544a-fc82-484b-a8de-edbd2607fb8b 3a68918bc1234747809bbcab9a8c748a cf209440a3674ffbbee6cfc755d67e31 - - 54de7a9fafb84e02afc76315b903ca50 54de7a9fafb84e02afc76315b903ca50] 199.204.45.129 "GET /v2.0/ports?network_id=b8863118-60f5-49a0-b866-ec9444c5822a&device_owner=network%3Adhcp HTTP/1.1" status: 200 len: 210 time: 0.0275886
2026-07-21 14:37:06.737 9 INFO neutron.wsgi [req-1d6e91d6-ce7c-4b36-8aca-e415b093bb3b req-e6d66d86-86de-4a39-a12d-c07916dee6f3 3a68918bc1234747809bbcab9a8c748a cf209440a3674ffbbee6cfc755d67e31 - - 54de7a9fafb84e02afc76315b903ca50 54de7a9fafb84e02afc76315b903ca50] 199.204.45.129 "GET /v2.0/networks/b8863118-60f5-49a0-b866-ec9444c5822a?fields=segments HTTP/1.1" status: 200 len: 212 time: 0.0671737
2026-07-21 14:37:06.803 9 INFO neutron.wsgi [req-1d6e91d6-ce7c-4b36-8aca-e415b093bb3b req-2827f7f8-034e-45b9-9c19-4c8876b0434f 3a68918bc1234747809bbcab9a8c748a cf209440a3674ffbbee6cfc755d67e31 - - 54de7a9fafb84e02afc76315b903ca50 54de7a9fafb84e02afc76315b903ca50] 199.204.45.129 "GET /v2.0/networks/b8863118-60f5-49a0-b866-ec9444c5822a?fields=provider%3Aphysical_network&fields=provider%3Anetwork_type HTTP/1.1" status: 200 len: 277 time: 0.0580695
2026-07-21 14:37:06.888 9 INFO neutron.wsgi [req-05d2a783-2220-4847-95e6-2a4bd27734dc req-b841953d-c402-4316-9dd2-d37fb871b443 3a68918bc1234747809bbcab9a8c748a cf209440a3674ffbbee6cfc755d67e31 - - 54de7a9fafb84e02afc76315b903ca50 54de7a9fafb84e02afc76315b903ca50] 199.204.45.129 "GET /v2.0/ports?tenant_id=76e9d9488f924b0e8a08808ceb1805f9&device_id=c3fb188b-7a50-40a3-8682-f75adaf79db1 HTTP/1.1" status: 200 len: 1632 time: 0.0490904
2026-07-21 14:37:06.959 9 INFO neutron.services.segments.plugin [-] Segment 63878c64-0c53-40e6-89b9-7957a80d8dc7 resource provider aggregate not found
2026-07-21 14:37:06.980 9 INFO neutron.services.segments.plugin [-] Segment 63878c64-0c53-40e6-89b9-7957a80d8dc7 resource provider aggregate not found
2026-07-21 14:37:06.988 9 INFO neutron.services.segments.plugin [-] Segment 63878c64-0c53-40e6-89b9-7957a80d8dc7 resource provider not found; error: Placement Client Error (4xx): {"errors": [{"status": 404, "title": "Not Found", "detail": "The resource could not be found.\n\n No resource provider with uuid 63878c64-0c53-40e6-89b9-7957a80d8dc7 found for delete ", "request_id": "req-f32461f0-36e2-47a7-bd0c-5739b5e7fce2"}]}
2026-07-21 14:37:07.003 9 INFO neutron.services.segments.plugin [-] Segment 63878c64-0c53-40e6-89b9-7957a80d8dc7 resource provider not found; error: Placement Client Error (4xx): {"errors": [{"status": 404, "title": "Not Found", "detail": "The resource could not be found.\n\n No resource provider with uuid 63878c64-0c53-40e6-89b9-7957a80d8dc7 found for delete ", "request_id": "req-4f145211-a871-4610-8329-1fac912ec4d1"}]}
2026-07-21 14:37:07.020 9 INFO neutron.wsgi [req-05d2a783-2220-4847-95e6-2a4bd27734dc req-1c193537-2dcc-49dc-b0e6-5f28de3f3ae6 3a68918bc1234747809bbcab9a8c748a cf209440a3674ffbbee6cfc755d67e31 - - 54de7a9fafb84e02afc76315b903ca50 54de7a9fafb84e02afc76315b903ca50] 199.204.45.129 "GET /v2.0/networks?id=b8863118-60f5-49a0-b866-ec9444c5822a HTTP/1.1" status: 200 len: 1002 time: 0.1257787
2026-07-21 14:37:07.026 9 INFO neutron.wsgi [None req-c958ee84-82b8-45ad-9747-d7ac9695bc4f 07d642697d024bc1bf5abad306d2c057 a13241ae2741428c83edd5e6aac20da2 - - default default] 10.0.0.21 "DELETE /v2.0/networks/30e65627-77d8-46eb-a805-6d514a2d2ae6 HTTP/1.1" status: 204 len: 168 time: 1.1936252
2026-07-21 14:37:07.060 9 INFO neutron.wsgi [req-05d2a783-2220-4847-95e6-2a4bd27734dc req-b6d6a204-7550-42fa-ae38-a4f45681d9af 3a68918bc1234747809bbcab9a8c748a cf209440a3674ffbbee6cfc755d67e31 - - 54de7a9fafb84e02afc76315b903ca50 54de7a9fafb84e02afc76315b903ca50] 199.204.45.129 "GET /v2.0/floatingips?fixed_ip_address=10.2.1.220&port_id=b2706b19-acb1-4aae-9f6f-063ff226f2f2 HTTP/1.1" status: 200 len: 217 time: 0.0328555
2026-07-21 14:37:07.105 9 INFO neutron.wsgi [req-05d2a783-2220-4847-95e6-2a4bd27734dc req-8fa1c5ef-3571-4c22-8933-0c5eb62934f1 3a68918bc1234747809bbcab9a8c748a cf209440a3674ffbbee6cfc755d67e31 - - 54de7a9fafb84e02afc76315b903ca50 54de7a9fafb84e02afc76315b903ca50] 199.204.45.129 "GET /v2.0/floatingips?fixed_ip_address=fd7b%3Af9f7%3Afff%3A4eca%3A%3A4a&port_id=b2706b19-acb1-4aae-9f6f-063ff226f2f2 HTTP/1.1" status: 200 len: 217 time: 0.0380402
2026-07-21 14:37:07.153 9 INFO neutron.wsgi [req-05d2a783-2220-4847-95e6-2a4bd27734dc req-5f9375fb-40f3-4272-b321-8a0ed87a57b9 3a68918bc1234747809bbcab9a8c748a cf209440a3674ffbbee6cfc755d67e31 - - 54de7a9fafb84e02afc76315b903ca50 54de7a9fafb84e02afc76315b903ca50] 199.204.45.129 "GET /v2.0/subnets?id=d3f07714-899a-4158-806a-7f20899af9bf&id=a510366f-5bee-4305-9bc7-9206107df48b HTTP/1.1" status: 200 len: 1563 time: 0.0422795
2026-07-21 14:37:07.186 9 INFO neutron.db.segments_db [None req-e85ce9c5-f907-47d5-99da-9a860fcbec40 07d642697d024bc1bf5abad306d2c057 a13241ae2741428c83edd5e6aac20da2 - - default default] Added segment c16b3e3b-2737-47bd-920e-14dc0654c0be of type geneve for network 95332f8e-00e0-4b06-8429-bcc1eba29415
2026-07-21 14:37:07.199 9 INFO neutron.wsgi [req-05d2a783-2220-4847-95e6-2a4bd27734dc req-6d54bab1-eade-4bad-a5a4-bf9336aa278e 3a68918bc1234747809bbcab9a8c748a cf209440a3674ffbbee6cfc755d67e31 - - 54de7a9fafb84e02afc76315b903ca50 54de7a9fafb84e02afc76315b903ca50] 199.204.45.129 "GET /v2.0/ports?network_id=b8863118-60f5-49a0-b866-ec9444c5822a&device_owner=network%3Adhcp HTTP/1.1" status: 200 len: 210 time: 0.0379164
2026-07-21 14:37:07.248 9 INFO neutron.wsgi [req-05d2a783-2220-4847-95e6-2a4bd27734dc req-d0a2411f-4db9-431d-8a22-a10aa3296c90 3a68918bc1234747809bbcab9a8c748a cf209440a3674ffbbee6cfc755d67e31 - - 54de7a9fafb84e02afc76315b903ca50 54de7a9fafb84e02afc76315b903ca50] 199.204.45.129 "GET /v2.0/ports?network_id=b8863118-60f5-49a0-b866-ec9444c5822a&device_owner=network%3Adhcp HTTP/1.1" status: 200 len: 210 time: 0.0403280
2026-07-21 14:37:07.366 9 INFO neutron.wsgi [req-05d2a783-2220-4847-95e6-2a4bd27734dc req-94092717-ca48-41f8-b989-e7f5de8cbff3 3a68918bc1234747809bbcab9a8c748a cf209440a3674ffbbee6cfc755d67e31 - - 54de7a9fafb84e02afc76315b903ca50 54de7a9fafb84e02afc76315b903ca50] 199.204.45.129 "GET /v2.0/networks/b8863118-60f5-49a0-b866-ec9444c5822a?fields=segments HTTP/1.1" status: 200 len: 212 time: 0.1105881
2026-07-21 14:37:07.422 9 INFO neutron.db.ovn_revision_numbers_db [None req-e85ce9c5-f907-47d5-99da-9a860fcbec40 07d642697d024bc1bf5abad306d2c057 a13241ae2741428c83edd5e6aac20da2 - - default default] Successfully bumped revision number for resource 95332f8e-00e0-4b06-8429-bcc1eba29415 (type: networks) to 1
2026-07-21 14:37:07.461 9 INFO neutron.wsgi [req-05d2a783-2220-4847-95e6-2a4bd27734dc req-fcd292bd-fe9e-42af-8e0d-81a61125fc90 3a68918bc1234747809bbcab9a8c748a cf209440a3674ffbbee6cfc755d67e31 - - 54de7a9fafb84e02afc76315b903ca50 54de7a9fafb84e02afc76315b903ca50] 199.204.45.129 "GET /v2.0/networks/b8863118-60f5-49a0-b866-ec9444c5822a?fields=provider%3Aphysical_network&fields=provider%3Anetwork_type HTTP/1.1" status: 200 len: 277 time: 0.0902019
2026-07-21 14:37:07.607 9 WARNING neutron.plugins.ml2.drivers.ovn.mech_driver.ovsdb.ovn_client [None req-aa3eab6f-aab2-4c33-95ac-658aadf91c44 - - - - - -] No hosting information found for port 5d69e62e-f50e-489b-9ad3-775761e82044: RuntimeError: No hosting information found for port 5d69e62e-f50e-489b-9ad3-775761e82044
2026-07-21 14:37:07.608 9 INFO neutron.plugins.ml2.drivers.ovn.mech_driver.mech_driver [None req-aa3eab6f-aab2-4c33-95ac-658aadf91c44 - - - - - -] OVN reports status up for port: b2706b19-acb1-4aae-9f6f-063ff226f2f2
2026-07-21 14:37:07.628 9 INFO neutron.plugins.ml2.plugin [None req-aa3eab6f-aab2-4c33-95ac-658aadf91c44 - - - - - -] Attempt 1 to provision port b2706b19-acb1-4aae-9f6f-063ff226f2f2
2026-07-21 14:37:07.633 9 WARNING neutron.scheduler.dhcp_agent_scheduler [None req-e85ce9c5-f907-47d5-99da-9a860fcbec40 07d642697d024bc1bf5abad306d2c057 a13241ae2741428c83edd5e6aac20da2 - - default default] No more DHCP agents
2026-07-21 14:37:07.644 9 WARNING neutron.api.rpc.agentnotifiers.dhcp_rpc_agent_api [None req-e85ce9c5-f907-47d5-99da-9a860fcbec40 07d642697d024bc1bf5abad306d2c057 a13241ae2741428c83edd5e6aac20da2 - - default default] Unable to schedule network 95332f8e-00e0-4b06-8429-bcc1eba29415: no agents available; will retry on subsequent port and subnet creation events.
2026-07-21 14:37:07.753 9 INFO neutron.db.ovn_revision_numbers_db [None req-e85ce9c5-f907-47d5-99da-9a860fcbec40 07d642697d024bc1bf5abad306d2c057 a13241ae2741428c83edd5e6aac20da2 - - default default] Successfully bumped revision number for resource d69a23d5-bc34-4db7-9b32-e1e5962008ef (type: ports) to 1
2026-07-21 14:37:07.782 9 INFO neutron.wsgi [None req-e85ce9c5-f907-47d5-99da-9a860fcbec40 07d642697d024bc1bf5abad306d2c057 a13241ae2741428c83edd5e6aac20da2 - - default default] 10.0.0.21 "POST /v2.0/networks HTTP/1.1" status: 201 len: 929 time: 0.7487566
2026-07-21 14:37:07.952 9 INFO neutron.db.ovn_revision_numbers_db [None req-aa3eab6f-aab2-4c33-95ac-658aadf91c44 - - - - - -] Successfully bumped revision number for resource b2706b19-acb1-4aae-9f6f-063ff226f2f2 (type: ports) to 4
2026-07-21 14:37:07.982 10 WARNING neutron.scheduler.dhcp_agent_scheduler [None req-2076f665-8a4b-4f8c-a1cb-6ba1ba971d05 07d642697d024bc1bf5abad306d2c057 a13241ae2741428c83edd5e6aac20da2 - - default default] No more DHCP agents
