2026-07-21 14:34:47.803 10 INFO neutron.wsgi [None req-27773540-fcd4-4044-a1f8-cb26a3283303 f39061cb4d91450bab1873ab34fec0b4 84670b3bae3148588e5458beb89d428b - - default default] 10.0.0.21 "DELETE /v2.0/routers/c6defbd7-e545-4489-bf2d-4ccf08dc7c35 HTTP/1.1" status: 204 len: 168 time: 1.6642733
2026-07-21 14:34:47.877 10 INFO neutron.db.ovn_revision_numbers_db [None req-fe8da8e1-bf6e-4d02-b9d7-8bfb27b0a407 - - - - - -] Successfully bumped revision number for resource ad6bc9e2-509a-42f0-9c42-c73a3922711e (type: ports) to 4
2026-07-21 14:34:47.932 10 INFO neutron.db.l3_db [req-9589588b-6c67-4e66-95a8-6136ba2d8f50 req-f01f497b-3113-4c62-8413-9c22d34ccf2c e94a6d54344743c98bf3206e796320d9 af92c017f6c34aa8a49aefcd2563743a - - default default] Floating IP e84c1c31-3b3c-4b41-89e2-b010ca6a1454 disassociated. External IP: 10.96.250.206, port: 149fc9d2-d843-43bc-9edb-67ef6aa3ac5e.
2026-07-21 14:34:48.033 9 INFO neutron.wsgi [req-42fb1f2b-d138-48fc-9702-03795c6a73ef req-a6aed927-84bd-49b3-8b9a-469b5b4d12c3 e94a6d54344743c98bf3206e796320d9 af92c017f6c34aa8a49aefcd2563743a - - default default] 10.0.0.39 "GET /v2.0/ports?device_id=9d4cc4d0-5744-4803-a020-f9406a7bd946 HTTP/1.1" status: 200 len: 1172 time: 0.0623081
2026-07-21 14:34:48.093 9 INFO neutron.wsgi [None req-1d5a4ceb-5f28-4fe7-b742-79b13744accf f39061cb4d91450bab1873ab34fec0b4 84670b3bae3148588e5458beb89d428b - - default default] 10.0.0.21 "DELETE /v2.0/subnets/ef3a75cf-8414-4ce0-9fe2-487309415c22 HTTP/1.1" status: 204 len: 168 time: 0.2843034 /var/lib/openstack/lib/python3.10/site-packages/pycadf/identifier.py:71: UserWarning: Invalid uuid: neutron. To ensure interoperability, identifiers should be a valid uuid. warnings.warn(('Invalid uuid: %s. To ensure interoperability, '
2026-07-21 14:34:48.112 10 INFO neutron.wsgi [req-9589588b-6c67-4e66-95a8-6136ba2d8f50 req-f01f497b-3113-4c62-8413-9c22d34ccf2c e94a6d54344743c98bf3206e796320d9 af92c017f6c34aa8a49aefcd2563743a - - default default] 199.204.45.129 "DELETE /v2.0/ports/149fc9d2-d843-43bc-9edb-67ef6aa3ac5e HTTP/1.1" status: 204 len: 173 time: 1.1983993
2026-07-21 14:34:48.118 9 INFO neutron.wsgi [req-62050893-9798-482f-ad7c-4ff50560d72e req-6702d145-b0f4-47f4-86fc-1d22d61d486e 987896c44a28442eb522d29be144da4a 0600b9deeab343bb8cfe51fc0d35599a - - default default] 10.0.0.39 "GET /v2.0/ports?device_id=1863df9a-d472-4792-83b2-577b0fe20b79 HTTP/1.1" status: 200 len: 1170 time: 0.1784618
2026-07-21 14:34:48.121 9 INFO neutron.wsgi [req-42fb1f2b-d138-48fc-9702-03795c6a73ef req-0ee67f59-c924-471b-b056-5ee8187f699f e94a6d54344743c98bf3206e796320d9 af92c017f6c34aa8a49aefcd2563743a - - default default] 10.0.0.39 "GET /v2.0/security-groups?id=1ad439e2-b7cb-489b-a559-2f7535ed2d7f&fields=id&fields=name HTTP/1.1" status: 200 len: 313 time: 0.0814023
2026-07-21 14:34:48.170 9 INFO neutron.wsgi [req-62050893-9798-482f-ad7c-4ff50560d72e req-f96056be-952d-43fd-9928-03ebb626ed6f 987896c44a28442eb522d29be144da4a 0600b9deeab343bb8cfe51fc0d35599a - - default default] 10.0.0.39 "GET /v2.0/security-groups?id=a6c0c365-40c3-48f8-84fd-68a7f193ab29&fields=id&fields=name HTTP/1.1" status: 200 len: 286 time: 0.0462394
2026-07-21 14:34:48.422 10 WARNING neutron_lib.context [None req-c6fb9efd-1e0c-4514-8e09-4caa18b1c090 5eabe5dfffcf4100b4ef1ccb799cc7c4 49f9468612314a0f9cf2475cbb948359 - - default default] Method 'is_advsvc' is deprecated since 2023.2 release (neutron-lib 3.8.0) and will be removed once support for the old RBAC API policies will be removed from Neutron. Please use method 'is_service_role' instead.
2026-07-21 14:34:48.623 10 INFO neutron.services.segments.plugin [-] Segment bd515611-da22-4785-90bd-f29d4a68ab5c resource provider aggregate not found
2026-07-21 14:34:48.627 10 INFO neutron.services.segments.plugin [-] Segment bd515611-da22-4785-90bd-f29d4a68ab5c resource provider aggregate not found
2026-07-21 14:34:48.645 10 INFO neutron.services.segments.plugin [-] Segment bd515611-da22-4785-90bd-f29d4a68ab5c resource provider not found; error: Placement Client Error (4xx): {"errors": [{"status": 404, "title": "Not Found", "detail": "The resource could not be found.\n\n No resource provider with uuid bd515611-da22-4785-90bd-f29d4a68ab5c found for delete ", "request_id": "req-80647269-4dd1-4d7a-a443-14afc07a25cc"}]}
2026-07-21 14:34:48.648 10 INFO neutron.services.segments.plugin [-] Segment bd515611-da22-4785-90bd-f29d4a68ab5c resource provider not found; error: Placement Client Error (4xx): {"errors": [{"status": 404, "title": "Not Found", "detail": "The resource could not be found.\n\n No resource provider with uuid bd515611-da22-4785-90bd-f29d4a68ab5c found for delete ", "request_id": "req-03770551-a0d3-48b1-b862-a8e24467b788"}]}
2026-07-21 14:34:48.650 10 INFO neutron.notifiers.nova [-] Nova event matching ['req-fa0c7a58-bf34-450d-9a83-cd60f7af7742'] response: {'server_uuid': '9d4cc4d0-5744-4803-a020-f9406a7bd946', 'name': 'network-vif-unplugged', 'status': 'completed', 'tag': '149fc9d2-d843-43bc-9edb-67ef6aa3ac5e', 'code': 200}
2026-07-21 14:34:48.650 10 INFO neutron.notifiers.nova [-] Nova event matching ['req-fa0c7a58-bf34-450d-9a83-cd60f7af7742'] response: {'server_uuid': '1863df9a-d472-4792-83b2-577b0fe20b79', 'name': 'network-vif-plugged', 'status': 'completed', 'tag': 'ad6bc9e2-509a-42f0-9c42-c73a3922711e', 'code': 200}
2026-07-21 14:34:48.650 10 INFO neutron.notifiers.nova [-] Nova event matching ['req-fa0c7a58-bf34-450d-9a83-cd60f7af7742'] response: {'server_uuid': '1863df9a-d472-4792-83b2-577b0fe20b79', 'name': 'network-vif-plugged', 'status': 'completed', 'tag': 'ad6bc9e2-509a-42f0-9c42-c73a3922711e', 'code': 200}
2026-07-21 14:34:48.650 10 INFO neutron.notifiers.nova [-] Nova event matching ['req-fa0c7a58-bf34-450d-9a83-cd60f7af7742'] response: {'server_uuid': '9d4cc4d0-5744-4803-a020-f9406a7bd946', 'name': 'network-vif-deleted', 'tag': '149fc9d2-d843-43bc-9edb-67ef6aa3ac5e', 'status': 'completed', 'code': 200}
2026-07-21 14:34:48.664 10 INFO neutron.wsgi [None req-27d708a5-6080-413f-897d-631be974cee5 f39061cb4d91450bab1873ab34fec0b4 84670b3bae3148588e5458beb89d428b - - default default] 10.0.0.21 "DELETE /v2.0/networks/e6703ac3-2b23-4e45-919e-488839cabe7c HTTP/1.1" status: 204 len: 168 time: 0.5663481
2026-07-21 14:34:48.672 10 INFO neutron.db.ovn_revision_numbers_db [None req-c6fb9efd-1e0c-4514-8e09-4caa18b1c090 5eabe5dfffcf4100b4ef1ccb799cc7c4 49f9468612314a0f9cf2475cbb948359 - - default default] Successfully bumped revision number for resource ee0dfc25-d683-4055-b252-cbc221d532ed (type: security_groups) to 1
2026-07-21 14:34:48.685 10 INFO neutron.db.ovn_revision_numbers_db [None req-c6fb9efd-1e0c-4514-8e09-4caa18b1c090 5eabe5dfffcf4100b4ef1ccb799cc7c4 49f9468612314a0f9cf2475cbb948359 - - default default] Successfully bumped revision number for resource 2b2b5b00-eeec-44c4-a917-d82b0586af7a (type: security_group_rules) to 0
2026-07-21 14:34:48.700 10 INFO neutron.db.ovn_revision_numbers_db [None req-c6fb9efd-1e0c-4514-8e09-4caa18b1c090 5eabe5dfffcf4100b4ef1ccb799cc7c4 49f9468612314a0f9cf2475cbb948359 - - default default] Successfully bumped revision number for resource 51109abc-aeb7-48fe-bbfe-72ad0e985f4e (type: security_group_rules) to 0
2026-07-21 14:34:48.719 10 INFO neutron.db.ovn_revision_numbers_db [None req-c6fb9efd-1e0c-4514-8e09-4caa18b1c090 5eabe5dfffcf4100b4ef1ccb799cc7c4 49f9468612314a0f9cf2475cbb948359 - - default default] Successfully bumped revision number for resource 556c2d66-4c5a-40c7-84e1-3863591a5e5d (type: security_group_rules) to 0
2026-07-21 14:34:48.732 10 INFO neutron.db.ovn_revision_numbers_db [None req-c6fb9efd-1e0c-4514-8e09-4caa18b1c090 5eabe5dfffcf4100b4ef1ccb799cc7c4 49f9468612314a0f9cf2475cbb948359 - - default default] Successfully bumped revision number for resource 7f19688c-8747-418b-a230-7b5144bb3e20 (type: security_group_rules) to 0
2026-07-21 14:34:48.792 10 INFO neutron.db.segments_db [None req-c6fb9efd-1e0c-4514-8e09-4caa18b1c090 5eabe5dfffcf4100b4ef1ccb799cc7c4 49f9468612314a0f9cf2475cbb948359 - - default default] Added segment 4af0dcb4-8e25-4e82-8313-a0f2c5919a4c of type geneve for network ff4b98b3-573e-4e41-9f41-ca25a3cf1f79
2026-07-21 14:34:48.974 10 INFO neutron.db.ovn_revision_numbers_db [None req-c6fb9efd-1e0c-4514-8e09-4caa18b1c090 5eabe5dfffcf4100b4ef1ccb799cc7c4 49f9468612314a0f9cf2475cbb948359 - - default default] Successfully bumped revision number for resource ff4b98b3-573e-4e41-9f41-ca25a3cf1f79 (type: networks) to 1
2026-07-21 14:34:49.178 10 WARNING neutron.scheduler.dhcp_agent_scheduler [None req-c6fb9efd-1e0c-4514-8e09-4caa18b1c090 5eabe5dfffcf4100b4ef1ccb799cc7c4 49f9468612314a0f9cf2475cbb948359 - - default default] No more DHCP agents
2026-07-21 14:34:49.181 10 WARNING neutron.api.rpc.agentnotifiers.dhcp_rpc_agent_api [None req-c6fb9efd-1e0c-4514-8e09-4caa18b1c090 5eabe5dfffcf4100b4ef1ccb799cc7c4 49f9468612314a0f9cf2475cbb948359 - - default default] Unable to schedule network ff4b98b3-573e-4e41-9f41-ca25a3cf1f79: no agents available; will retry on subsequent port and subnet creation events.
2026-07-21 14:34:49.284 9 INFO neutron.wsgi [req-f191dd62-7dae-4be6-b795-bf0108dc7089 req-900e294c-d718-402f-b825-aadde32ca446 987896c44a28442eb522d29be144da4a 0600b9deeab343bb8cfe51fc0d35599a - - default default] 10.0.0.39 "GET /v2.0/ports?device_id=1863df9a-d472-4792-83b2-577b0fe20b79 HTTP/1.1" status: 200 len: 1170 time: 0.0557747
2026-07-21 14:34:49.300 10 INFO neutron.db.ovn_revision_numbers_db [None req-c6fb9efd-1e0c-4514-8e09-4caa18b1c090 5eabe5dfffcf4100b4ef1ccb799cc7c4 49f9468612314a0f9cf2475cbb948359 - - default default] Successfully bumped revision number for resource 8bed5b9e-6729-405b-88f1-3f748ad2be73 (type: ports) to 1
2026-07-21 14:34:49.341 10 INFO neutron.wsgi [None req-c6fb9efd-1e0c-4514-8e09-4caa18b1c090 5eabe5dfffcf4100b4ef1ccb799cc7c4 49f9468612314a0f9cf2475cbb948359 - - default default] 10.0.0.21 "POST /v2.0/networks HTTP/1.1" status: 201 len: 831 time: 1.1081522
2026-07-21 14:34:49.354 10 WARNING neutron_lib.context [None req-d323c37b-92ca-4e10-9e12-c7fe34396e3a 5eabe5dfffcf4100b4ef1ccb799cc7c4 49f9468612314a0f9cf2475cbb948359 - - default default] Method 'is_advsvc' is deprecated since 2023.2 release (neutron-lib 3.8.0) and will be removed once support for the old RBAC API policies will be removed from Neutron. Please use method 'is_service_role' instead.
2026-07-21 14:34:49.366 9 INFO neutron.wsgi [req-f191dd62-7dae-4be6-b795-bf0108dc7089 req-dbfda4b3-c9b9-4c01-8b19-a376b63776ce 987896c44a28442eb522d29be144da4a 0600b9deeab343bb8cfe51fc0d35599a - - default default] 10.0.0.39 "GET /v2.0/security-groups?id=a6c0c365-40c3-48f8-84fd-68a7f193ab29&fields=id&fields=name HTTP/1.1" status: 200 len: 286 time: 0.0740852
2026-07-21 14:34:49.431 10 INFO neutron.wsgi [None req-5cd7ebbe-bed7-415d-b980-640b8cbe65d5 e94a6d54344743c98bf3206e796320d9 af92c017f6c34aa8a49aefcd2563743a - - default default] 10.0.0.21 "DELETE /v2.0/security-groups/1ad439e2-b7cb-489b-a559-2f7535ed2d7f HTTP/1.1" status: 204 len: 168 time: 0.2321429
2026-07-21 14:34:49.465 10 INFO neutron.db.segments_db [None req-d323c37b-92ca-4e10-9e12-c7fe34396e3a 5eabe5dfffcf4100b4ef1ccb799cc7c4 49f9468612314a0f9cf2475cbb948359 - - default default] Added segment f9592273-74a4-4942-9cc2-9932870e9cae of type geneve for network e3567f93-bb23-4b00-8d2e-c92fd5253fd9
2026-07-21 14:34:49.565 9 INFO neutron.wsgi [None req-6730743a-0d54-4190-9202-078ded769763 aaf09a7d266440efab2f57dbd6c53e17 ff887c7d10544a709fad9c928a959a91 - - default default] 10.0.0.21 "GET /v2.0/security-groups?tenant_id=84670b3bae3148588e5458beb89d428b&name=default HTTP/1.1" status: 200 len: 3120 time: 0.2414551
2026-07-21 14:34:49.649 10 INFO neutron.db.ovn_revision_numbers_db [None req-d323c37b-92ca-4e10-9e12-c7fe34396e3a 5eabe5dfffcf4100b4ef1ccb799cc7c4 49f9468612314a0f9cf2475cbb948359 - - default default] Successfully bumped revision number for resource e3567f93-bb23-4b00-8d2e-c92fd5253fd9 (type: networks) to 1
2026-07-21 14:34:49.869 10 WARNING neutron.scheduler.dhcp_agent_scheduler [None req-d323c37b-92ca-4e10-9e12-c7fe34396e3a 5eabe5dfffcf4100b4ef1ccb799cc7c4 49f9468612314a0f9cf2475cbb948359 - - default default] No more DHCP agents
2026-07-21 14:34:49.870 10 WARNING neutron.api.rpc.agentnotifiers.dhcp_rpc_agent_api [None req-d323c37b-92ca-4e10-9e12-c7fe34396e3a 5eabe5dfffcf4100b4ef1ccb799cc7c4 49f9468612314a0f9cf2475cbb948359 - - default default] Unable to schedule network e3567f93-bb23-4b00-8d2e-c92fd5253fd9: no agents available; will retry on subsequent port and subnet creation events.
2026-07-21 14:34:49.954 9 INFO neutron.wsgi [req-aa784143-e681-434b-856d-9cbe2092b666 req-003e2e27-2672-440b-bc2f-a62e6c6c16c0 987896c44a28442eb522d29be144da4a 0600b9deeab343bb8cfe51fc0d35599a - - default default] 10.0.0.39 "GET /v2.0/ports?device_id=1863df9a-d472-4792-83b2-577b0fe20b79 HTTP/1.1" status: 200 len: 1170 time: 0.0654292
2026-07-21 14:34:49.962 10 INFO neutron.plugins.ml2.drivers.ovn.mech_driver.mech_driver [None req-fe8da8e1-bf6e-4d02-b9d7-8bfb27b0a407 - - - - - -] OVN reports status down for port: ad6bc9e2-509a-42f0-9c42-c73a3922711e
2026-07-21 14:34:50.011 10 INFO neutron.db.ovn_revision_numbers_db [None req-d323c37b-92ca-4e10-9e12-c7fe34396e3a 5eabe5dfffcf4100b4ef1ccb799cc7c4 49f9468612314a0f9cf2475cbb948359 - - default default] Successfully bumped revision number for resource a81eb943-d15a-4c08-bba9-30d3763c78c7 (type: ports) to 1
2026-07-21 14:34:50.028 9 INFO neutron.wsgi [req-aa784143-e681-434b-856d-9cbe2092b666 req-dad41a84-a86b-452c-ae79-877c3d1337f1 987896c44a28442eb522d29be144da4a 0600b9deeab343bb8cfe51fc0d35599a - - default default] 10.0.0.39 "GET /v2.0/security-groups?id=a6c0c365-40c3-48f8-84fd-68a7f193ab29&fields=id&fields=name HTTP/1.1" status: 200 len: 286 time: 0.0624390
2026-07-21 14:34:50.031 9 INFO neutron.wsgi [None req-66b454e2-2f34-44d2-978e-12b8c4f4c89c e94a6d54344743c98bf3206e796320d9 af92c017f6c34aa8a49aefcd2563743a - - default default] 10.0.0.21 "DELETE /v2.0/floatingips/e84c1c31-3b3c-4b41-89e2-b010ca6a1454 HTTP/1.1" status: 204 len: 168 time: 0.5658021
2026-07-21 14:34:50.047 9 INFO neutron.wsgi [None req-ffa92d44-5a08-477e-874c-14b6a6fff8f4 aaf09a7d266440efab2f57dbd6c53e17 ff887c7d10544a709fad9c928a959a91 - - default default] 10.0.0.21 "DELETE /v2.0/security-groups/2e7fc445-a99e-4739-9cf9-2da6bfbbc00a HTTP/1.1" status: 204 len: 168 time: 0.4766264
2026-07-21 14:34:50.052 10 INFO neutron.wsgi [None req-d323c37b-92ca-4e10-9e12-c7fe34396e3a 5eabe5dfffcf4100b4ef1ccb799cc7c4 49f9468612314a0f9cf2475cbb948359 - - default default] 10.0.0.21 "POST /v2.0/networks HTTP/1.1" status: 201 len: 831 time: 0.7049670
2026-07-21 14:34:50.128 9 INFO neutron.wsgi [None req-131dfaaa-44a4-49ea-8cbe-64fffe329180 5eabe5dfffcf4100b4ef1ccb799cc7c4 49f9468612314a0f9cf2475cbb948359 - - default default] 10.0.0.21 "PUT /v2.0/networks/ff4b98b3-573e-4e41-9f41-ca25a3cf1f79/tags HTTP/1.1" status: 200 len: 218 time: 0.0685720
2026-07-21 14:34:50.184 9 INFO neutron.wsgi [None req-1ba17f22-be1e-4ad6-9a5e-e90d76c33ba8 5eabe5dfffcf4100b4ef1ccb799cc7c4 49f9468612314a0f9cf2475cbb948359 - - default default] 10.0.0.21 "GET /v2.0/networks/ff4b98b3-573e-4e41-9f41-ca25a3cf1f79/tags HTTP/1.1" status: 200 len: 218 time: 0.0491011
2026-07-21 14:34:50.247 9 INFO neutron.wsgi [None req-5d6ec65f-4db5-416b-bfc7-c3c25170b631 5eabe5dfffcf4100b4ef1ccb799cc7c4 49f9468612314a0f9cf2475cbb948359 - - default default] 10.0.0.21 "PUT /v2.0/networks/e3567f93-bb23-4b00-8d2e-c92fd5253fd9/tags HTTP/1.1" status: 200 len: 210 time: 0.0587740
2026-07-21 14:34:50.276 9 INFO neutron.plugins.ml2.drivers.ovn.mech_driver.mech_driver [None req-aa3eab6f-aab2-4c33-95ac-658aadf91c44 - - - - - -] OVN reports status down for port: 707a1731-4d38-4aa0-8193-8ffdae68a145
2026-07-21 14:34:50.355 9 INFO neutron.wsgi [None req-a9e5a2c7-b690-4292-9f6b-5d9a4cbc009a 5eabe5dfffcf4100b4ef1ccb799cc7c4 49f9468612314a0f9cf2475cbb948359 - - default default] 10.0.0.21 "GET /v2.0/networks/e3567f93-bb23-4b00-8d2e-c92fd5253fd9/tags HTTP/1.1" status: 200 len: 210 time: 0.1038837
2026-07-21 14:34:50.375 10 INFO neutron.wsgi [req-3a271931-887b-48e3-aa64-de011aeeabd0 req-32741322-0458-4329-b9ce-52b6ebe3bffe 987896c44a28442eb522d29be144da4a 0600b9deeab343bb8cfe51fc0d35599a - - default default] 199.204.45.129 "GET /v2.0/ports?device_id=1863df9a-d472-4792-83b2-577b0fe20b79 HTTP/1.1" status: 200 len: 1168 time: 0.1683068
2026-07-21 14:34:50.421 10 INFO neutron.db.ovn_revision_numbers_db [None req-fe8da8e1-bf6e-4d02-b9d7-8bfb27b0a407 - - - - - -] Successfully bumped revision number for resource ad6bc9e2-509a-42f0-9c42-c73a3922711e (type: ports) to 5
2026-07-21 14:34:50.454 9 INFO neutron.wsgi [None req-b37b3738-94df-4793-aab3-a97740c20b68 5eabe5dfffcf4100b4ef1ccb799cc7c4 49f9468612314a0f9cf2475cbb948359 - - default default] 10.0.0.21 "PUT /v2.0/networks/e3567f93-bb23-4b00-8d2e-c92fd5253fd9/tags HTTP/1.1" status: 200 len: 205 time: 0.0911524
2026-07-21 14:34:50.460 9 INFO neutron.wsgi [req-bdc8add3-f945-4929-8bef-3ff7150e7f61 req-0372f6ef-ea5a-4e63-98c4-58c202ade22b e94a6d54344743c98bf3206e796320d9 af92c017f6c34aa8a49aefcd2563743a - - default default] 10.0.0.39 "GET /v2.0/ports?device_id=331a0f21-5a30-45ff-bf6b-693fb4a86a2c HTTP/1.1" status: 200 len: 1170 time: 0.0601821
2026-07-21 14:34:50.558 9 INFO neutron.wsgi [-] 10.0.0.250 "GET / HTTP/1.1" status: 200 len: 247 time: 0.0011499
2026-07-21 14:34:50.560 9 INFO neutron.wsgi [-] 10.0.0.250 "GET / HTTP/1.1" status: 200 len: 247 time: 0.0012183
2026-07-21 14:34:50.626 9 INFO neutron.wsgi [None req-aab89664-ee86-402d-acb8-adcc89714c35 5eabe5dfffcf4100b4ef1ccb799cc7c4 49f9468612314a0f9cf2475cbb948359 - - default default] 10.0.0.21 "GET /v2.0/networks/e3567f93-bb23-4b00-8d2e-c92fd5253fd9/tags HTTP/1.1" status: 200 len: 205 time: 0.1634765
2026-07-21 14:34:50.657 9 INFO neutron.wsgi [req-70bc3189-b8da-40c4-9c83-5c8476561782 req-c0facc69-939a-4b71-baf1-8455b7e51b75 e94a6d54344743c98bf3206e796320d9 af92c017f6c34aa8a49aefcd2563743a - - default default] 199.204.45.129 "GET /v2.0/ports?device_id=331a0f21-5a30-45ff-bf6b-693fb4a86a2c HTTP/1.1" status: 200 len: 1170 time: 0.0591171
2026-07-21 14:34:50.661 9 INFO neutron.wsgi [req-bdc8add3-f945-4929-8bef-3ff7150e7f61 req-8cd821ba-e69b-43ff-b07e-3dd10f695682 e94a6d54344743c98bf3206e796320d9 af92c017f6c34aa8a49aefcd2563743a - - default default] 10.0.0.39 "GET /v2.0/security-groups?id=5fcab31a-f256-4973-bea3-68dd2b099e05&fields=id&fields=name HTTP/1.1" status: 200 len: 312 time: 0.1937690
2026-07-21 14:34:50.671 9 INFO neutron.notifiers.nova [-] Nova event matching ['req-8f11d683-08a3-4a4d-b623-1fb8b9edb12c'] response: {'server_uuid': '331a0f21-5a30-45ff-bf6b-693fb4a86a2c', 'name': 'network-vif-unplugged', 'status': 'completed', 'tag': '707a1731-4d38-4aa0-8193-8ffdae68a145', 'code': 200}
2026-07-21 14:34:50.718 9 INFO neutron.wsgi [None req-3a80b931-fa31-4f48-bf45-2c6dd895d1b1 5eabe5dfffcf4100b4ef1ccb799cc7c4 49f9468612314a0f9cf2475cbb948359 - - default default] 10.0.0.21 "GET /v2.0/networks/ff4b98b3-573e-4e41-9f41-ca25a3cf1f79/tags HTTP/1.1" status: 200 len: 218 time: 0.0806720
2026-07-21 14:34:50.829 10 INFO neutron.notifiers.nova [-] Nova event matching ['req-fea7c4d1-8678-418e-bfcf-01ca6aa54058'] response: {'server_uuid': '1863df9a-d472-4792-83b2-577b0fe20b79', 'name': 'network-vif-unplugged', 'status': 'completed', 'tag': 'ad6bc9e2-509a-42f0-9c42-c73a3922711e', 'code': 200}
2026-07-21 14:34:50.829 10 INFO neutron.notifiers.nova [-] Nova event matching ['req-fea7c4d1-8678-418e-bfcf-01ca6aa54058'] response: {'server_uuid': '1863df9a-d472-4792-83b2-577b0fe20b79', 'name': 'network-vif-unplugged', 'status': 'completed', 'tag': 'ad6bc9e2-509a-42f0-9c42-c73a3922711e', 'code': 200}
2026-07-21 14:34:51.035 9 INFO neutron.db.ovn_revision_numbers_db [None req-aa3eab6f-aab2-4c33-95ac-658aadf91c44 - - - - - -] Successfully bumped revision number for resource 707a1731-4d38-4aa0-8193-8ffdae68a145 (type: ports) to 5
2026-07-21 14:34:51.091 10 INFO neutron.wsgi [req-3a271931-887b-48e3-aa64-de011aeeabd0 req-ea1d60f0-8c95-42e1-a583-65df0d35f3f5 987896c44a28442eb522d29be144da4a 0600b9deeab343bb8cfe51fc0d35599a - - default default] 199.204.45.129 "DELETE /v2.0/ports/ad6bc9e2-509a-42f0-9c42-c73a3922711e HTTP/1.1" status: 204 len: 173 time: 0.7091649
2026-07-21 14:34:51.140 9 INFO neutron.wsgi [req-b13078db-8168-4a41-8f53-c4d45fd9001c req-b107cc11-7fba-4266-a598-ae5baa480355 987896c44a28442eb522d29be144da4a 0600b9deeab343bb8cfe51fc0d35599a - - default default] 10.0.0.39 "GET /v2.0/ports?device_id=1863df9a-d472-4792-83b2-577b0fe20b79 HTTP/1.1" status: 200 len: 210 time: 0.0343790
2026-07-21 14:34:51.166 9 INFO neutron.wsgi [req-70bc3189-b8da-40c4-9c83-5c8476561782 req-5e74bf58-727e-4656-a907-a339289ab084 e94a6d54344743c98bf3206e796320d9 af92c017f6c34aa8a49aefcd2563743a - - default default] 199.204.45.129 "DELETE /v2.0/ports/707a1731-4d38-4aa0-8193-8ffdae68a145 HTTP/1.1" status: 204 len: 173 time: 0.5018861
2026-07-21 14:34:51.342 9 INFO neutron.services.segments.plugin [-] Segment 4af0dcb4-8e25-4e82-8313-a0f2c5919a4c resource provider aggregate not found
2026-07-21 14:34:51.348 9 INFO neutron.services.segments.plugin [-] Segment 4af0dcb4-8e25-4e82-8313-a0f2c5919a4c resource provider aggregate not found
2026-07-21 14:34:51.375 9 INFO neutron.services.segments.plugin [-] Segment 4af0dcb4-8e25-4e82-8313-a0f2c5919a4c resource provider not found; error: Placement Client Error (4xx): {"errors": [{"status": 404, "title": "Not Found", "detail": "The resource could not be found.\n\n No resource provider with uuid 4af0dcb4-8e25-4e82-8313-a0f2c5919a4c found for delete ", "request_id": "req-cc29b266-5a3c-4434-a374-cd73e9dafad0"}]}
2026-07-21 14:34:51.378 9 INFO neutron.services.segments.plugin [-] Segment 4af0dcb4-8e25-4e82-8313-a0f2c5919a4c resource provider not found; error: Placement Client Error (4xx): {"errors": [{"status": 404, "title": "Not Found", "detail": "The resource could not be found.\n\n No resource provider with uuid 4af0dcb4-8e25-4e82-8313-a0f2c5919a4c found for delete ", "request_id": "req-64ddb148-0d49-4538-91f1-1d53b6a2174c"}]}
2026-07-21 14:34:51.390 9 INFO neutron.wsgi [None req-55fafe3e-a76c-4100-b2b4-6e313d97325f 5eabe5dfffcf4100b4ef1ccb799cc7c4 49f9468612314a0f9cf2475cbb948359 - - default default] 10.0.0.21 "DELETE /v2.0/networks/ff4b98b3-573e-4e41-9f41-ca25a3cf1f79 HTTP/1.1" status: 204 len: 168 time: 0.6617804 /var/lib/openstack/lib/python3.10/site-packages/pycadf/identifier.py:71: UserWarning: Invalid uuid: neutron. To ensure interoperability, identifiers should be a valid uuid. warnings.warn(('Invalid uuid: %s. To ensure interoperability, ' /var/lib/openstack/lib/python3.10/site-packages/pycadf/identifier.py:71: UserWarning: Invalid uuid: neutron. To ensure interoperability, identifiers should be a valid uuid. warnings.warn(('Invalid uuid: %s. To ensure interoperability, '
2026-07-21 14:34:51.794 10 INFO neutron.services.segments.plugin [-] Segment f9592273-74a4-4942-9cc2-9932870e9cae resource provider aggregate not found
2026-07-21 14:34:51.798 10 INFO neutron.services.segments.plugin [-] Segment f9592273-74a4-4942-9cc2-9932870e9cae resource provider aggregate not found
2026-07-21 14:34:51.811 10 INFO neutron.services.segments.plugin [-] Segment f9592273-74a4-4942-9cc2-9932870e9cae resource provider not found; error: Placement Client Error (4xx): {"errors": [{"status": 404, "title": "Not Found", "detail": "The resource could not be found.\n\n No resource provider with uuid f9592273-74a4-4942-9cc2-9932870e9cae found for delete ", "request_id": "req-e7372ff5-407c-44ea-ae95-bb667e29593e"}]}
2026-07-21 14:34:51.818 10 INFO neutron.services.segments.plugin [-] Segment f9592273-74a4-4942-9cc2-9932870e9cae resource provider not found; error: Placement Client Error (4xx): {"errors": [{"status": 404, "title": "Not Found", "detail": "The resource could not be found.\n\n No resource provider with uuid f9592273-74a4-4942-9cc2-9932870e9cae found for delete ", "request_id": "req-98d17e69-d447-4b33-b685-e032eb537df4"}]}
2026-07-21 14:34:51.833 10 INFO neutron.wsgi [None req-e206a50d-7c14-4e36-af16-f3f3b0e46fd5 5eabe5dfffcf4100b4ef1ccb799cc7c4 49f9468612314a0f9cf2475cbb948359 - - default default] 10.0.0.21 "DELETE /v2.0/networks/e3567f93-bb23-4b00-8d2e-c92fd5253fd9 HTTP/1.1" status: 204 len: 168 time: 0.4384964
2026-07-21 14:34:51.923 9 INFO neutron.wsgi [None req-d92e40df-6af9-4b89-8d5f-ae0b941eb499 e94a6d54344743c98bf3206e796320d9 af92c017f6c34aa8a49aefcd2563743a - - default default] 10.0.0.21 "DELETE /v2.0/security-groups/5fcab31a-f256-4973-bea3-68dd2b099e05 HTTP/1.1" status: 204 len: 168 time: 0.1968045
2026-07-21 14:34:52.215 10 WARNING neutron_lib.context [None req-81b62786-6b3d-4462-b67f-b049aab92630 fffc8ce4f8b84839b23aa2ce5c019901 cda1a3443cdd4e7dae94161690723b0e - - default default] Method 'is_advsvc' is deprecated since 2023.2 release (neutron-lib 3.8.0) and will be removed once support for the old RBAC API policies will be removed from Neutron. Please use method 'is_service_role' instead.
2026-07-21 14:34:52.216 10 WARNING neutron_lib.context [None req-81b62786-6b3d-4462-b67f-b049aab92630 fffc8ce4f8b84839b23aa2ce5c019901 cda1a3443cdd4e7dae94161690723b0e - - default default] Method 'is_advsvc' is deprecated since 2023.2 release (neutron-lib 3.8.0) and will be removed once support for the old RBAC API policies will be removed from Neutron. Please use method 'is_service_role' instead.
2026-07-21 14:34:52.385 10 INFO neutron.db.ovn_revision_numbers_db [None req-81b62786-6b3d-4462-b67f-b049aab92630 fffc8ce4f8b84839b23aa2ce5c019901 cda1a3443cdd4e7dae94161690723b0e - - default default] Successfully bumped revision number for resource cfb30967-068f-4167-9634-fa9ef764bd52 (type: security_groups) to 1
2026-07-21 14:34:52.400 10 INFO neutron.db.ovn_revision_numbers_db [None req-81b62786-6b3d-4462-b67f-b049aab92630 fffc8ce4f8b84839b23aa2ce5c019901 cda1a3443cdd4e7dae94161690723b0e - - default default] Successfully bumped revision number for resource 0e7fe40f-bd5f-4a31-9436-0b43da25f6ae (type: security_group_rules) to 0
2026-07-21 14:34:52.420 10 INFO neutron.db.ovn_revision_numbers_db [None req-81b62786-6b3d-4462-b67f-b049aab92630 fffc8ce4f8b84839b23aa2ce5c019901 cda1a3443cdd4e7dae94161690723b0e - - default default] Successfully bumped revision number for resource 5edb96f6-0e9f-46ec-8c90-5ea6f18ed400 (type: security_group_rules) to 0
2026-07-21 14:34:52.440 10 INFO neutron.db.ovn_revision_numbers_db [None req-81b62786-6b3d-4462-b67f-b049aab92630 fffc8ce4f8b84839b23aa2ce5c019901 cda1a3443cdd4e7dae94161690723b0e - - default default] Successfully bumped revision number for resource 7b0a2856-a2dd-4d02-bdf8-5c78f30a4e5f (type: security_group_rules) to 0
2026-07-21 14:34:52.459 10 INFO neutron.db.ovn_revision_numbers_db [None req-81b62786-6b3d-4462-b67f-b049aab92630 fffc8ce4f8b84839b23aa2ce5c019901 cda1a3443cdd4e7dae94161690723b0e - - default default] Successfully bumped revision number for resource cd268969-68d8-478c-992f-03d336b0bdaa (type: security_group_rules) to 0
2026-07-21 14:34:52.534 10 INFO neutron.db.segments_db [None req-81b62786-6b3d-4462-b67f-b049aab92630 fffc8ce4f8b84839b23aa2ce5c019901 cda1a3443cdd4e7dae94161690723b0e - - default default] Added segment c7240d86-e1d2-4ea0-92ca-b5259f41510f of type geneve for network bb7f78f9-0fa3-4325-9458-285de10062bd
2026-07-21 14:34:52.647 10 INFO neutron.db.segments_db [None req-81b62786-6b3d-4462-b67f-b049aab92630 fffc8ce4f8b84839b23aa2ce5c019901 cda1a3443cdd4e7dae94161690723b0e - - default default] Added segment 5628cfeb-bc4d-42cf-88dd-dbef1c085064 of type geneve for network 7bd2411d-dcf2-4853-b06c-5105b9213784
2026-07-21 14:34:52.747 10 INFO neutron.wsgi [None req-f91ee648-323a-42bc-a332-cfe96f48bfc4 aaf09a7d266440efab2f57dbd6c53e17 ff887c7d10544a709fad9c928a959a91 - - default default] 10.0.0.21 "GET /v2.0/security-groups?tenant_id=49f9468612314a0f9cf2475cbb948359&name=default HTTP/1.1" status: 200 len: 3120 time: 0.1676233
2026-07-21 14:34:52.783 9 INFO neutron.notifiers.nova [-] Nova event matching ['req-30f9b390-ec31-451f-af8b-a209b10b758e'] response: {'server_uuid': '331a0f21-5a30-45ff-bf6b-693fb4a86a2c', 'name': 'network-vif-unplugged', 'status': 'completed', 'tag': '707a1731-4d38-4aa0-8193-8ffdae68a145', 'code': 200}
2026-07-21 14:34:52.783 9 INFO neutron.notifiers.nova [-] Nova event matching ['req-30f9b390-ec31-451f-af8b-a209b10b758e'] response: {'server_uuid': '331a0f21-5a30-45ff-bf6b-693fb4a86a2c', 'name': 'network-vif-deleted', 'tag': '707a1731-4d38-4aa0-8193-8ffdae68a145', 'status': 'completed', 'code': 200}
2026-07-21 14:34:52.810 10 INFO neutron.db.ovn_revision_numbers_db [None req-81b62786-6b3d-4462-b67f-b049aab92630 fffc8ce4f8b84839b23aa2ce5c019901 cda1a3443cdd4e7dae94161690723b0e - - default default] Successfully bumped revision number for resource bb7f78f9-0fa3-4325-9458-285de10062bd (type: networks) to 1
2026-07-21 14:34:52.884 10 INFO neutron.notifiers.nova [-] Nova event matching ['req-121aa431-0ff1-43d5-b360-d44d7f83dcd8'] response: {'server_uuid': '1863df9a-d472-4792-83b2-577b0fe20b79', 'name': 'network-vif-deleted', 'tag': 'ad6bc9e2-509a-42f0-9c42-c73a3922711e', 'status': 'completed', 'code': 200}
2026-07-21 14:34:53.028 10 WARNING neutron.scheduler.dhcp_agent_scheduler [None req-81b62786-6b3d-4462-b67f-b049aab92630 fffc8ce4f8b84839b23aa2ce5c019901 cda1a3443cdd4e7dae94161690723b0e - - default default] No more DHCP agents
2026-07-21 14:34:53.031 10 WARNING neutron.api.rpc.agentnotifiers.dhcp_rpc_agent_api [None req-81b62786-6b3d-4462-b67f-b049aab92630 fffc8ce4f8b84839b23aa2ce5c019901 cda1a3443cdd4e7dae94161690723b0e - - default default] Unable to schedule network bb7f78f9-0fa3-4325-9458-285de10062bd: no agents available; will retry on subsequent port and subnet creation events.
2026-07-21 14:34:53.115 9 INFO neutron.wsgi [None req-4c8fe0f5-dea2-40f1-93d8-68869fe653da aaf09a7d266440efab2f57dbd6c53e17 ff887c7d10544a709fad9c928a959a91 - - default default] 10.0.0.21 "DELETE /v2.0/security-groups/ee0dfc25-d683-4055-b252-cbc221d532ed HTTP/1.1" status: 204 len: 168 time: 0.3626163
2026-07-21 14:34:53.121 10 INFO neutron.db.ovn_revision_numbers_db [None req-81b62786-6b3d-4462-b67f-b049aab92630 fffc8ce4f8b84839b23aa2ce5c019901 cda1a3443cdd4e7dae94161690723b0e - - default default] Successfully bumped revision number for resource 9117bb10-bc3c-4929-a7c5-d0ac733850bb (type: ports) to 1
2026-07-21 14:34:53.194 10 INFO neutron.db.ovn_revision_numbers_db [None req-81b62786-6b3d-4462-b67f-b049aab92630 fffc8ce4f8b84839b23aa2ce5c019901 cda1a3443cdd4e7dae94161690723b0e - - default default] Successfully bumped revision number for resource 7bd2411d-dcf2-4853-b06c-5105b9213784 (type: networks) to 1
2026-07-21 14:34:53.398 9 INFO neutron.wsgi [None req-46e2ba90-0d2a-4061-8299-a29e8cbfe66f e94a6d54344743c98bf3206e796320d9 af92c017f6c34aa8a49aefcd2563743a - - default default] 10.0.0.21 "PUT /v2.0/routers/1e833992-3ed4-4bc9-8932-226b4dab7303/remove_router_interface HTTP/1.1" status: 200 len: 503 time: 1.4350424 /var/lib/openstack/lib/python3.10/site-packages/pycadf/identifier.py:71: UserWarning: Invalid uuid: neutron. To ensure interoperability, identifiers should be a valid uuid. warnings.warn(('Invalid uuid: %s. To ensure interoperability, '
2026-07-21 14:34:53.423 10 WARNING neutron.scheduler.dhcp_agent_scheduler [None req-81b62786-6b3d-4462-b67f-b049aab92630 fffc8ce4f8b84839b23aa2ce5c019901 cda1a3443cdd4e7dae94161690723b0e - - default default] No more DHCP agents
2026-07-21 14:34:53.430 10 WARNING neutron.api.rpc.agentnotifiers.dhcp_rpc_agent_api [None req-81b62786-6b3d-4462-b67f-b049aab92630 fffc8ce4f8b84839b23aa2ce5c019901 cda1a3443cdd4e7dae94161690723b0e - - default default] Unable to schedule network 7bd2411d-dcf2-4853-b06c-5105b9213784: no agents available; will retry on subsequent port and subnet creation events.
2026-07-21 14:34:53.437 9 INFO neutron.db.ovn_revision_numbers_db [None req-9b705a5a-1c3c-4085-9572-8d393e870a72 aaf09a7d266440efab2f57dbd6c53e17 ff887c7d10544a709fad9c928a959a91 - - default default] Successfully bumped revision number for resource bfac4562-18da-48d6-b951-728a995e09c4 (type: security_groups) to 1
2026-07-21 14:34:53.470 9 INFO neutron.db.ovn_revision_numbers_db [None req-9b705a5a-1c3c-4085-9572-8d393e870a72 aaf09a7d266440efab2f57dbd6c53e17 ff887c7d10544a709fad9c928a959a91 - - default default] Successfully bumped revision number for resource 67d7f8e4-2c0f-462c-9d27-5cb8ecf51e20 (type: security_group_rules) to 0
2026-07-21 14:34:53.507 9 INFO neutron.db.ovn_revision_numbers_db [None req-9b705a5a-1c3c-4085-9572-8d393e870a72 aaf09a7d266440efab2f57dbd6c53e17 ff887c7d10544a709fad9c928a959a91 - - default default] Successfully bumped revision number for resource 9c77e73a-2b91-4583-bbc6-41a2382da5d3 (type: security_group_rules) to 0
2026-07-21 14:34:53.527 9 INFO neutron.db.ovn_revision_numbers_db [None req-9b705a5a-1c3c-4085-9572-8d393e870a72 aaf09a7d266440efab2f57dbd6c53e17 ff887c7d10544a709fad9c928a959a91 - - default default] Successfully bumped revision number for resource dff92e79-7bf4-4e7c-96f9-0b7f1021051c (type: security_group_rules) to 0
2026-07-21 14:34:53.551 10 INFO neutron.db.ovn_revision_numbers_db [None req-81b62786-6b3d-4462-b67f-b049aab92630 fffc8ce4f8b84839b23aa2ce5c019901 cda1a3443cdd4e7dae94161690723b0e - - default default] Successfully bumped revision number for resource 6de56659-e841-4313-85ab-00f4eba30d01 (type: ports) to 1
2026-07-21 14:34:53.575 10 INFO neutron.wsgi [None req-81b62786-6b3d-4462-b67f-b049aab92630 fffc8ce4f8b84839b23aa2ce5c019901 cda1a3443cdd4e7dae94161690723b0e - - default default] 10.0.0.21 "POST /v2.0/networks HTTP/1.1" status: 201 len: 1444 time: 1.6096582
2026-07-21 14:34:53.587 9 INFO neutron.db.ovn_revision_numbers_db [None req-9b705a5a-1c3c-4085-9572-8d393e870a72 aaf09a7d266440efab2f57dbd6c53e17 ff887c7d10544a709fad9c928a959a91 - - default default] Successfully bumped revision number for resource f2ba53d8-edf0-4752-8981-fdf2c0664cb9 (type: security_group_rules) to 0
2026-07-21 14:34:53.616 9 INFO neutron.wsgi [None req-9b705a5a-1c3c-4085-9572-8d393e870a72 aaf09a7d266440efab2f57dbd6c53e17 ff887c7d10544a709fad9c928a959a91 - - default default] 10.0.0.21 "GET /v2.0/security-groups?tenant_id=5a50a4f1cec04be0b813add4adea1168&name=default HTTP/1.1" status: 200 len: 3120 time: 0.4038053
2026-07-21 14:34:53.662 9 INFO neutron.wsgi [None req-9f1f40d6-7614-4735-aebe-3ced8ae50366 e94a6d54344743c98bf3206e796320d9 af92c017f6c34aa8a49aefcd2563743a - - default default] 10.0.0.21 "DELETE /v2.0/subnets/e5a1d326-a598-49e3-871c-2f332d9b2320 HTTP/1.1" status: 204 len: 168 time: 0.2580307
2026-07-21 14:34:53.682 10 INFO neutron.wsgi [None req-0c6cd095-2ceb-47bd-a6de-fa5495b65d6a fffc8ce4f8b84839b23aa2ce5c019901 cda1a3443cdd4e7dae94161690723b0e - - default default] 10.0.0.21 "GET /v2.0/networks HTTP/1.1" status: 200 len: 2050 time: 0.0997620
2026-07-21 14:34:54.063 10 INFO neutron.wsgi [None req-6a7a8a74-0c73-431c-a80b-ec4a2b6434d8 aaf09a7d266440efab2f57dbd6c53e17 ff887c7d10544a709fad9c928a959a91 - - default default] 10.0.0.21 "DELETE /v2.0/security-groups/bfac4562-18da-48d6-b951-728a995e09c4 HTTP/1.1" status: 204 len: 168 time: 0.4415979
2026-07-21 14:34:54.256 10 INFO neutron.services.segments.plugin [-] Segment c7240d86-e1d2-4ea0-92ca-b5259f41510f resource provider aggregate not found
2026-07-21 14:34:54.260 10 INFO neutron.services.segments.plugin [-] Segment c7240d86-e1d2-4ea0-92ca-b5259f41510f resource provider aggregate not found
2026-07-21 14:34:54.303 10 INFO neutron.services.segments.plugin [-] Segment c7240d86-e1d2-4ea0-92ca-b5259f41510f resource provider not found; error: Placement Client Error (4xx): {"errors": [{"status": 404, "title": "Not Found", "detail": "The resource could not be found.\n\n No resource provider with uuid c7240d86-e1d2-4ea0-92ca-b5259f41510f found for delete ", "request_id": "req-7c374849-beda-4157-a943-fa5d57f10c69"}]}
2026-07-21 14:34:54.304 10 INFO neutron.services.segments.plugin [-] Segment c7240d86-e1d2-4ea0-92ca-b5259f41510f resource provider not found; error: Placement Client Error (4xx): {"errors": [{"status": 404, "title": "Not Found", "detail": "The resource could not be found.\n\n No resource provider with uuid c7240d86-e1d2-4ea0-92ca-b5259f41510f found for delete ", "request_id": "req-d772d9f5-fa20-4170-be02-89e29e046bcd"}]}
2026-07-21 14:34:54.341 10 INFO neutron.wsgi [None req-12a80b8c-9a15-473b-9519-eaec037e1c9e fffc8ce4f8b84839b23aa2ce5c019901 cda1a3443cdd4e7dae94161690723b0e - - default default] 10.0.0.21 "DELETE /v2.0/networks/bb7f78f9-0fa3-4325-9458-285de10062bd HTTP/1.1" status: 204 len: 168 time: 0.6534605
2026-07-21 14:34:54.675 9 INFO neutron.wsgi [None req-28bf2489-ce3b-429a-96f4-169cb928dc91 e94a6d54344743c98bf3206e796320d9 af92c017f6c34aa8a49aefcd2563743a - - default default] 10.0.0.21 "DELETE /v2.0/routers/1e833992-3ed4-4bc9-8932-226b4dab7303 HTTP/1.1" status: 204 len: 168 time: 1.0075908
2026-07-21 14:34:54.877 10 INFO neutron.wsgi [None req-31e935b3-e4c2-496a-9dbd-f574064e9432 aaf09a7d266440efab2f57dbd6c53e17 ff887c7d10544a709fad9c928a959a91 - - default default] 10.0.0.21 "PUT /v2.0/routers/06896d8c-8c9d-4e1a-97f3-56f682d28f9b/remove_router_interface HTTP/1.1" status: 200 len: 503 time: 1.4984996
2026-07-21 14:34:54.902 9 INFO neutron.services.segments.plugin [-] Segment 5628cfeb-bc4d-42cf-88dd-dbef1c085064 resource provider aggregate not found
2026-07-21 14:34:54.908 9 INFO neutron.services.segments.plugin [-] Segment 5628cfeb-bc4d-42cf-88dd-dbef1c085064 resource provider aggregate not found
2026-07-21 14:34:54.937 9 INFO neutron.services.segments.plugin [-] Segment 5628cfeb-bc4d-42cf-88dd-dbef1c085064 resource provider not found; error: Placement Client Error (4xx): {"errors": [{"status": 404, "title": "Not Found", "detail": "The resource could not be found.\n\n No resource provider with uuid 5628cfeb-bc4d-42cf-88dd-dbef1c085064 found for delete ", "request_id": "req-51cdcb37-05aa-40cd-9a06-4f595d3d8ea5"}]}
2026-07-21 14:34:54.952 9 INFO neutron.services.segments.plugin [-] Segment 5628cfeb-bc4d-42cf-88dd-dbef1c085064 resource provider not found; error: Placement Client Error (4xx): {"errors": [{"status": 404, "title": "Not Found", "detail": "The resource could not be found.\n\n No resource provider with uuid 5628cfeb-bc4d-42cf-88dd-dbef1c085064 found for delete ", "request_id": "req-107088ad-cbf9-4794-9b69-5be23e02af87"}]}
2026-07-21 14:34:54.995 9 INFO neutron.wsgi [None req-19395278-08f6-45f2-8b07-d87bfe9f96ac fffc8ce4f8b84839b23aa2ce5c019901 cda1a3443cdd4e7dae94161690723b0e - - default default] 10.0.0.21 "DELETE /v2.0/networks/7bd2411d-dcf2-4853-b06c-5105b9213784 HTTP/1.1" status: 204 len: 168 time: 0.6479096 /var/lib/openstack/lib/python3.10/site-packages/pycadf/identifier.py:71: UserWarning: Invalid uuid: neutron. To ensure interoperability, identifiers should be a valid uuid. warnings.warn(('Invalid uuid: %s. To ensure interoperability, '
2026-07-21 14:34:55.093 10 INFO neutron.wsgi [None req-16ed1e27-84d0-4571-b6f8-2dd4283fd47e fffc8ce4f8b84839b23aa2ce5c019901 cda1a3443cdd4e7dae94161690723b0e - - default default] 10.0.0.21 "GET /v2.0/networks HTTP/1.1" status: 200 len: 845 time: 0.0922635
2026-07-21 14:34:55.107 10 WARNING neutron_lib.context [None req-3ccf9cdd-91e1-47fd-857b-6b731ba5e384 fffc8ce4f8b84839b23aa2ce5c019901 cda1a3443cdd4e7dae94161690723b0e - - default default] Method 'is_advsvc' is deprecated since 2023.2 release (neutron-lib 3.8.0) and will be removed once support for the old RBAC API policies will be removed from Neutron. Please use method 'is_service_role' instead.
2026-07-21 14:34:55.226 10 INFO neutron.db.segments_db [None req-3ccf9cdd-91e1-47fd-857b-6b731ba5e384 fffc8ce4f8b84839b23aa2ce5c019901 cda1a3443cdd4e7dae94161690723b0e - - default default] Added segment 4639bbec-029a-47a8-85bd-2053e84f3819 of type geneve for network 3209e210-b07b-4fda-bd00-cb9489bf5842
2026-07-21 14:34:55.267 10 INFO neutron.wsgi [None req-08d7ccfa-daee-412e-b7ef-495a4f1e280c e94a6d54344743c98bf3206e796320d9 af92c017f6c34aa8a49aefcd2563743a - - default default] 10.0.0.21 "DELETE /v2.0/networks/98272ef2-5222-4a90-849a-c6635b642ba7 HTTP/1.1" status: 204 len: 168 time: 0.5825515
2026-07-21 14:34:55.394 10 INFO neutron.db.ovn_revision_numbers_db [None req-3ccf9cdd-91e1-47fd-857b-6b731ba5e384 fffc8ce4f8b84839b23aa2ce5c019901 cda1a3443cdd4e7dae94161690723b0e - - default default] Successfully bumped revision number for resource 3209e210-b07b-4fda-bd00-cb9489bf5842 (type: networks) to 1
2026-07-21 14:34:55.596 10 WARNING neutron.scheduler.dhcp_agent_scheduler [None req-3ccf9cdd-91e1-47fd-857b-6b731ba5e384 fffc8ce4f8b84839b23aa2ce5c019901 cda1a3443cdd4e7dae94161690723b0e - - default default] No more DHCP agents
2026-07-21 14:34:55.599 10 WARNING neutron.api.rpc.agentnotifiers.dhcp_rpc_agent_api [None req-3ccf9cdd-91e1-47fd-857b-6b731ba5e384 fffc8ce4f8b84839b23aa2ce5c019901 cda1a3443cdd4e7dae94161690723b0e - - default default] Unable to schedule network 3209e210-b07b-4fda-bd00-cb9489bf5842: no agents available; will retry on subsequent port and subnet creation events.
2026-07-21 14:34:55.737 10 INFO neutron.db.ovn_revision_numbers_db [None req-3ccf9cdd-91e1-47fd-857b-6b731ba5e384 fffc8ce4f8b84839b23aa2ce5c019901 cda1a3443cdd4e7dae94161690723b0e - - default default] Successfully bumped revision number for resource f0df5a6e-397e-4ee3-b673-c213b77081d8 (type: ports) to 1
2026-07-21 14:34:55.760 10 INFO neutron.wsgi [None req-3ccf9cdd-91e1-47fd-857b-6b731ba5e384 fffc8ce4f8b84839b23aa2ce5c019901 cda1a3443cdd4e7dae94161690723b0e - - default default] 10.0.0.21 "POST /v2.0/networks HTTP/1.1" status: 201 len: 853 time: 0.6610744
2026-07-21 14:34:55.776 10 WARNING neutron_lib.context [None req-fe62bdef-a63a-474d-82d1-1e7f31e32008 fffc8ce4f8b84839b23aa2ce5c019901 cda1a3443cdd4e7dae94161690723b0e - - default default] Method 'is_advsvc' is deprecated since 2023.2 release (neutron-lib 3.8.0) and will be removed once support for the old RBAC API policies will be removed from Neutron. Please use method 'is_service_role' instead.
2026-07-21 14:34:55.870 10 INFO neutron.db.segments_db [None req-fe62bdef-a63a-474d-82d1-1e7f31e32008 fffc8ce4f8b84839b23aa2ce5c019901 cda1a3443cdd4e7dae94161690723b0e - - default default] Added segment 3978829f-97e2-4898-a73a-a77f1c4e1d01 of type geneve for network 2b38c235-9c76-4d11-b8e0-5e69660a98d8
2026-07-21 14:34:56.026 9 INFO neutron.wsgi [None req-715dca95-fd32-4b56-abda-1e574aef565e aaf09a7d266440efab2f57dbd6c53e17 ff887c7d10544a709fad9c928a959a91 - - default default] 10.0.0.21 "DELETE /v2.0/routers/06896d8c-8c9d-4e1a-97f3-56f682d28f9b HTTP/1.1" status: 204 len: 168 time: 1.1416903
2026-07-21 14:34:56.062 10 INFO neutron.db.ovn_revision_numbers_db [None req-fe62bdef-a63a-474d-82d1-1e7f31e32008 fffc8ce4f8b84839b23aa2ce5c019901 cda1a3443cdd4e7dae94161690723b0e - - default default] Successfully bumped revision number for resource 2b38c235-9c76-4d11-b8e0-5e69660a98d8 (type: networks) to 1
2026-07-21 14:34:56.165 9 INFO neutron.wsgi [None req-36413320-7129-4ad6-8477-170adb391ec4 aaf09a7d266440efab2f57dbd6c53e17 ff887c7d10544a709fad9c928a959a91 - - default default] 10.0.0.21 "GET /v2.0/security-groups?tenant_id=af92c017f6c34aa8a49aefcd2563743a&name=default HTTP/1.1" status: 200 len: 3120 time: 0.2329898
2026-07-21 14:34:56.285 9 INFO neutron.wsgi [None req-14c50103-bc05-4351-95c7-5514a1920363 aaf09a7d266440efab2f57dbd6c53e17 ff887c7d10544a709fad9c928a959a91 - - default default] 10.0.0.21 "DELETE /v2.0/subnets/7dd436b0-1206-46ad-8231-8774312e9adf HTTP/1.1" status: 204 len: 168 time: 0.2520800
2026-07-21 14:34:56.286 10 WARNING neutron.scheduler.dhcp_agent_scheduler [None req-fe62bdef-a63a-474d-82d1-1e7f31e32008 fffc8ce4f8b84839b23aa2ce5c019901 cda1a3443cdd4e7dae94161690723b0e - - default default] No more DHCP agents
2026-07-21 14:34:56.290 10 WARNING neutron.api.rpc.agentnotifiers.dhcp_rpc_agent_api [None req-fe62bdef-a63a-474d-82d1-1e7f31e32008 fffc8ce4f8b84839b23aa2ce5c019901 cda1a3443cdd4e7dae94161690723b0e - - default default] Unable to schedule network 2b38c235-9c76-4d11-b8e0-5e69660a98d8: no agents available; will retry on subsequent port and subnet creation events.
2026-07-21 14:34:56.328 10 INFO neutron.services.segments.plugin [-] Segment 3efba9b0-8f3c-4242-915a-bb3bc8d9101e resource provider aggregate not found
2026-07-21 14:34:56.333 10 INFO neutron.services.segments.plugin [-] Segment 3efba9b0-8f3c-4242-915a-bb3bc8d9101e resource provider aggregate not found
2026-07-21 14:34:56.343 10 INFO neutron.services.segments.plugin [-] Segment 3efba9b0-8f3c-4242-915a-bb3bc8d9101e resource provider not found; error: Placement Client Error (4xx): {"errors": [{"status": 404, "title": "Not Found", "detail": "The resource could not be found.\n\n No resource provider with uuid 3efba9b0-8f3c-4242-915a-bb3bc8d9101e found for delete ", "request_id": "req-064796fa-b181-4ac0-a9fa-9b80406bee9f"}]}
2026-07-21 14:34:56.353 10 INFO neutron.services.segments.plugin [-] Segment 3efba9b0-8f3c-4242-915a-bb3bc8d9101e resource provider not found; error: Placement Client Error (4xx): {"errors": [{"status": 404, "title": "Not Found", "detail": "The resource could not be found.\n\n No resource provider with uuid 3efba9b0-8f3c-4242-915a-bb3bc8d9101e found for delete ", "request_id": "req-b207a920-f624-4183-96b8-3004d8109301"}]}
2026-07-21 14:34:56.407 10 INFO neutron.db.ovn_revision_numbers_db [None req-fe62bdef-a63a-474d-82d1-1e7f31e32008 fffc8ce4f8b84839b23aa2ce5c019901 cda1a3443cdd4e7dae94161690723b0e - - default default] Successfully bumped revision number for resource 8acb8000-91af-4689-bddb-018a857504a3 (type: ports) to 1
2026-07-21 14:34:56.430 10 INFO neutron.wsgi [None req-fe62bdef-a63a-474d-82d1-1e7f31e32008 fffc8ce4f8b84839b23aa2ce5c019901 cda1a3443cdd4e7dae94161690723b0e - - default default] 10.0.0.21 "POST /v2.0/networks HTTP/1.1" status: 201 len: 852 time: 0.6624477
2026-07-21 14:34:56.441 10 WARNING neutron_lib.context [None req-103a9cf9-82c8-4b45-9682-0b04864b8394 fffc8ce4f8b84839b23aa2ce5c019901 cda1a3443cdd4e7dae94161690723b0e - - default default] Method 'is_advsvc' is deprecated since 2023.2 release (neutron-lib 3.8.0) and will be removed once support for the old RBAC API policies will be removed from Neutron. Please use method 'is_service_role' instead.
2026-07-21 14:34:56.483 10 WARNING neutron_lib.context [None req-103a9cf9-82c8-4b45-9682-0b04864b8394 fffc8ce4f8b84839b23aa2ce5c019901 cda1a3443cdd4e7dae94161690723b0e - - default default] Method 'is_advsvc' is deprecated since 2023.2 release (neutron-lib 3.8.0) and will be removed once support for the old RBAC API policies will be removed from Neutron. Please use method 'is_service_role' instead.
2026-07-21 14:34:56.531 9 INFO neutron.wsgi [None req-a5744e86-455c-4bc8-9b9a-1800d2ebba65 aaf09a7d266440efab2f57dbd6c53e17 ff887c7d10544a709fad9c928a959a91 - - default default] 10.0.0.21 "DELETE /v2.0/security-groups/41cc17b3-a9cc-4b1c-9f17-b3a086f65cee HTTP/1.1" status: 204 len: 168 time: 0.3611128
2026-07-21 14:34:56.751 9 INFO neutron.wsgi [None req-4b063315-cfde-4aa0-b723-6a334495849a aaf09a7d266440efab2f57dbd6c53e17 ff887c7d10544a709fad9c928a959a91 - - default default] 10.0.0.21 "DELETE /v2.0/networks/5a057641-114c-4c3a-b597-883f99917db4 HTTP/1.1" status: 204 len: 168 time: 0.4590580
2026-07-21 14:34:56.798 9 INFO neutron.db.ovn_revision_numbers_db [None req-d9b8c9e0-5a4f-45f6-b718-68bde1093875 aaf09a7d266440efab2f57dbd6c53e17 ff887c7d10544a709fad9c928a959a91 - - default default] Successfully bumped revision number for resource 6e74e94d-8c75-4975-a01c-4493085b6f7f (type: security_groups) to 1
2026-07-21 14:34:56.824 9 INFO neutron.db.ovn_revision_numbers_db [None req-d9b8c9e0-5a4f-45f6-b718-68bde1093875 aaf09a7d266440efab2f57dbd6c53e17 ff887c7d10544a709fad9c928a959a91 - - default default] Successfully bumped revision number for resource 3c1a449b-ca7b-41fa-bb0f-7060e2faba23 (type: security_group_rules) to 0
2026-07-21 14:34:56.844 9 INFO neutron.db.ovn_revision_numbers_db [None req-d9b8c9e0-5a4f-45f6-b718-68bde1093875 aaf09a7d266440efab2f57dbd6c53e17 ff887c7d10544a709fad9c928a959a91 - - default default] Successfully bumped revision number for resource 4e0a1ea8-aa78-448b-9ce1-1ab87decc80d (type: security_group_rules) to 0
2026-07-21 14:34:56.860 9 INFO neutron.db.ovn_revision_numbers_db [None req-d9b8c9e0-5a4f-45f6-b718-68bde1093875 aaf09a7d266440efab2f57dbd6c53e17 ff887c7d10544a709fad9c928a959a91 - - default default] Successfully bumped revision number for resource 5ed4e6c4-e417-4f21-9b42-8539887826c8 (type: security_group_rules) to 0
2026-07-21 14:34:56.878 9 INFO neutron.db.ovn_revision_numbers_db [None req-d9b8c9e0-5a4f-45f6-b718-68bde1093875 aaf09a7d266440efab2f57dbd6c53e17 ff887c7d10544a709fad9c928a959a91 - - default default] Successfully bumped revision number for resource 9871f516-3915-4a99-93d6-f60f5fe93140 (type: security_group_rules) to 0
2026-07-21 14:34:56.902 9 INFO neutron.wsgi [None req-d9b8c9e0-5a4f-45f6-b718-68bde1093875 aaf09a7d266440efab2f57dbd6c53e17 ff887c7d10544a709fad9c928a959a91 - - default default] 10.0.0.21 "GET /v2.0/security-groups?tenant_id=d75b542aacf04e7893e19f13883641b7&name=default HTTP/1.1" status: 200 len: 3120 time: 0.2671556
2026-07-21 14:34:56.963 9 INFO neutron.services.segments.plugin [-] Segment 4f419b55-01ab-49a9-9aac-40442759f068 resource provider aggregate not found
2026-07-21 14:34:56.974 9 INFO neutron.services.segments.plugin [-] Segment 4f419b55-01ab-49a9-9aac-40442759f068 resource provider aggregate not found
2026-07-21 14:34:56.988 9 INFO neutron.services.segments.plugin [-] Segment 4f419b55-01ab-49a9-9aac-40442759f068 resource provider not found; error: Placement Client Error (4xx): {"errors": [{"status": 404, "title": "Not Found", "detail": "The resource could not be found.\n\n No resource provider with uuid 4f419b55-01ab-49a9-9aac-40442759f068 found for delete ", "request_id": "req-1e84b40e-874c-461e-bc93-594fede55a71"}]}
