2026-07-21 14:34:31.651 10 ERROR ovsdbapp.backend.ovs_idl.command
File "/var/lib/openstack/lib/python3.10/site-packages/ovsdbapp/backend/ovs_idl/command.py", line 47, in execute
2026-07-21 14:34:31.651 10 ERROR ovsdbapp.backend.ovs_idl.command self.run_idl(None)
2026-07-21 14:34:31.651 10 ERROR ovsdbapp.backend.ovs_idl.command
File "/var/lib/openstack/lib/python3.10/site-packages/ovsdbapp/backend/ovs_idl/command.py", line 235, in run_idl
2026-07-21 14:34:31.651 10 ERROR ovsdbapp.backend.ovs_idl.command record = self.api.lookup(self.table, self.record)
2026-07-21 14:34:31.651 10 ERROR ovsdbapp.backend.ovs_idl.command
File "/var/lib/openstack/lib/python3.10/site-packages/ovsdbapp/backend/ovs_idl/__init__.py", line 184, in lookup
2026-07-21 14:34:31.651 10 ERROR ovsdbapp.backend.ovs_idl.command return self._lookup(table, record)
2026-07-21 14:34:31.651 10 ERROR ovsdbapp.backend.ovs_idl.command
File "/var/lib/openstack/lib/python3.10/site-packages/ovsdbapp/backend/ovs_idl/__init__.py", line 235, in _lookup
2026-07-21 14:34:31.651 10 ERROR ovsdbapp.backend.ovs_idl.command row = idlutils.row_by_value(self, rl.table, rl.column, record)
2026-07-21 14:34:31.651 10 ERROR ovsdbapp.backend.ovs_idl.command
File "/var/lib/openstack/lib/python3.10/site-packages/ovsdbapp/backend/ovs_idl/idlutils.py", line 114, in row_by_value
2026-07-21 14:34:31.651 10 ERROR ovsdbapp.backend.ovs_idl.command raise RowNotFound(table=table, col=column, match=match)
2026-07-21 14:34:31.651 10 ERROR ovsdbapp.backend.ovs_idl.command ovsdbapp.backend.ovs_idl.idlutils.RowNotFound: Cannot find Logical_Router_Port with name=lrp-c16b1cce-dab5-4a43-b4bc-29e2e2fffb34
2026-07-21 14:34:31.651 10 ERROR ovsdbapp.backend.ovs_idl.command 
2026-07-21 14:34:31.652 10 ERROR neutron_lib.callbacks.manager [None req-63ebe7fc-c218-4773-8b21-8ba1ac15aa31 f39061cb4d91450bab1873ab34fec0b4 84670b3bae3148588e5458beb89d428b - - default default] Error during notification for neutron.services.ovn_l3.plugin.OVNL3RouterPlugin._port_update-8792740320998 port, after_update: ovsdbapp.backend.ovs_idl.idlutils.RowNotFound: Cannot find Logical_Router_Port with name=lrp-c16b1cce-dab5-4a43-b4bc-29e2e2fffb34
2026-07-21 14:34:31.652 10 ERROR neutron_lib.callbacks.manager
Traceback (most recent call last):
2026-07-21 14:34:31.652 10 ERROR neutron_lib.callbacks.manager
File "/var/lib/openstack/lib/python3.10/site-packages/neutron_lib/callbacks/manager.py", line 189, in _notify_loop
2026-07-21 14:34:31.652 10 ERROR neutron_lib.callbacks.manager callback.method(resource, event, trigger, payload=payload)
2026-07-21 14:34:31.652 10 ERROR neutron_lib.callbacks.manager
File "/var/lib/openstack/lib/python3.10/site-packages/neutron/services/ovn_l3/plugin.py", line 391, in _port_update
2026-07-21 14:34:31.652 10 ERROR neutron_lib.callbacks.manager l3plugin._ovn_client.update_router_port(context,
2026-07-21 14:34:31.652 10 ERROR neutron_lib.callbacks.manager
File "/var/lib/openstack/lib/python3.10/site-packages/neutron/plugins/ml2/drivers/ovn/mech_driver/ovsdb/ovn_client.py", line 1878, in update_router_port
2026-07-21 14:34:31.652 10 ERROR neutron_lib.callbacks.manager self._update_lrouter_port(context, port, if_exists=if_exists,
2026-07-21 14:34:31.652 10 ERROR neutron_lib.callbacks.manager
File "/var/lib/openstack/lib/python3.10/site-packages/neutron/plugins/ml2/drivers/ovn/mech_driver/ovsdb/ovn_client.py", line 1855, in _update_lrouter_port
2026-07-21 14:34:31.652 10 ERROR neutron_lib.callbacks.manager external_ids = self._nb_idl.db_get(
2026-07-21 14:34:31.652 10 ERROR neutron_lib.callbacks.manager
File "/var/lib/openstack/lib/python3.10/site-packages/ovsdbapp/backend/ovs_idl/command.py", line 47, in execute
2026-07-21 14:34:31.652 10 ERROR neutron_lib.callbacks.manager self.run_idl(None)
2026-07-21 14:34:31.652 10 ERROR neutron_lib.callbacks.manager
File "/var/lib/openstack/lib/python3.10/site-packages/ovsdbapp/backend/ovs_idl/command.py", line 235, in run_idl
2026-07-21 14:34:31.652 10 ERROR neutron_lib.callbacks.manager record = self.api.lookup(self.table, self.record)
2026-07-21 14:34:31.652 10 ERROR neutron_lib.callbacks.manager
File "/var/lib/openstack/lib/python3.10/site-packages/ovsdbapp/backend/ovs_idl/__init__.py", line 184, in lookup
2026-07-21 14:34:31.652 10 ERROR neutron_lib.callbacks.manager return self._lookup(table, record)
2026-07-21 14:34:31.652 10 ERROR neutron_lib.callbacks.manager
File "/var/lib/openstack/lib/python3.10/site-packages/ovsdbapp/backend/ovs_idl/__init__.py", line 235, in _lookup
2026-07-21 14:34:31.652 10 ERROR neutron_lib.callbacks.manager row = idlutils.row_by_value(self, rl.table, rl.column, record)
2026-07-21 14:34:31.652 10 ERROR neutron_lib.callbacks.manager
File "/var/lib/openstack/lib/python3.10/site-packages/ovsdbapp/backend/ovs_idl/idlutils.py", line 114, in row_by_value
2026-07-21 14:34:31.652 10 ERROR neutron_lib.callbacks.manager raise RowNotFound(table=table, col=column, match=match)
2026-07-21 14:34:31.652 10 ERROR neutron_lib.callbacks.manager ovsdbapp.backend.ovs_idl.idlutils.RowNotFound: Cannot find Logical_Router_Port with name=lrp-c16b1cce-dab5-4a43-b4bc-29e2e2fffb34
2026-07-21 14:34:31.652 10 ERROR neutron_lib.callbacks.manager 
2026-07-21 14:34:31.844 9 INFO neutron.plugins.ml2.drivers.ovn.mech_driver.mech_driver [None req-aa3eab6f-aab2-4c33-95ac-658aadf91c44 - - - - - -] OVN reports status up for port: c16b1cce-dab5-4a43-b4bc-29e2e2fffb34
2026-07-21 14:34:31.864 9 INFO neutron.plugins.ml2.plugin [None req-aa3eab6f-aab2-4c33-95ac-658aadf91c44 - - - - - -] Attempt 1 to provision port c16b1cce-dab5-4a43-b4bc-29e2e2fffb34
2026-07-21 14:34:31.874 10 INFO neutron.db.ovn_revision_numbers_db [None req-63ebe7fc-c218-4773-8b21-8ba1ac15aa31 f39061cb4d91450bab1873ab34fec0b4 84670b3bae3148588e5458beb89d428b - - default default] Successfully bumped revision number for resource c16b1cce-dab5-4a43-b4bc-29e2e2fffb34 (type: ports) to 1
2026-07-21 14:34:31.946 10 WARNING neutron.scheduler.dhcp_agent_scheduler [None req-63ebe7fc-c218-4773-8b21-8ba1ac15aa31 f39061cb4d91450bab1873ab34fec0b4 84670b3bae3148588e5458beb89d428b - - default default] No more DHCP agents
2026-07-21 14:34:31.949 10 WARNING neutron.api.rpc.agentnotifiers.dhcp_rpc_agent_api [None req-63ebe7fc-c218-4773-8b21-8ba1ac15aa31 f39061cb4d91450bab1873ab34fec0b4 84670b3bae3148588e5458beb89d428b - - default default] Unable to schedule network e6703ac3-2b23-4e45-919e-488839cabe7c: no agents available; will retry on subsequent port and subnet creation events. /var/lib/openstack/lib/python3.10/site-packages/pycadf/identifier.py:71: UserWarning: Invalid uuid: neutron. To ensure interoperability, identifiers should be a valid uuid. warnings.warn(('Invalid uuid: %s. To ensure interoperability, '
2026-07-21 14:34:32.031 9 INFO neutron.db.ovn_revision_numbers_db [None req-eede5d14-5a6e-49df-9f3e-cf206db655bd aaf09a7d266440efab2f57dbd6c53e17 ff887c7d10544a709fad9c928a959a91 - - default default] Successfully bumped revision number for resource 1722dfa2-8cd0-43ff-ad93-674ebf388f23 (type: ports) to 2
2026-07-21 14:34:32.047 9 INFO neutron.wsgi [req-cf434bb5-671d-41f2-af09-80ba818569fe req-dd4c954d-1d80-4d93-8363-84b8f678a25f e94a6d54344743c98bf3206e796320d9 af92c017f6c34aa8a49aefcd2563743a - - default default] 10.0.0.39 "GET /v2.0/ports?device_id=9d4cc4d0-5744-4803-a020-f9406a7bd946 HTTP/1.1" status: 200 len: 1172 time: 0.0579104
2026-07-21 14:34:32.095 9 INFO neutron.db.ovn_revision_numbers_db [req-5273d2de-3706-430c-823f-3de28f5044a7 req-e4cfbb0e-2240-47e2-b171-66ff4e438057 3a68918bc1234747809bbcab9a8c748a cf209440a3674ffbbee6cfc755d67e31 - - 54de7a9fafb84e02afc76315b903ca50 54de7a9fafb84e02afc76315b903ca50] Successfully bumped revision number for resource 149fc9d2-d843-43bc-9edb-67ef6aa3ac5e (type: ports) to 2
2026-07-21 14:34:32.115 10 WARNING neutron_lib.context [None req-b1a9792a-4a52-4cd3-9ca6-2c9d3aac03d5 7f0c7d5e605844ac8d7db9ddeb35b1ea 9f048d81ef4f42a7a6ab955abe3cc063 - - default default] Method 'is_advsvc' is deprecated since 2023.2 release (neutron-lib 3.8.0) and will be removed once support for the old RBAC API policies will be removed from Neutron. Please use method 'is_service_role' instead.
2026-07-21 14:34:32.124 9 INFO neutron.db.ovn_revision_numbers_db [None req-eede5d14-5a6e-49df-9f3e-cf206db655bd aaf09a7d266440efab2f57dbd6c53e17 ff887c7d10544a709fad9c928a959a91 - - default default] Successfully bumped revision number for resource 7dd436b0-1206-46ad-8231-8774312e9adf (type: subnets) to 0
2026-07-21 14:34:32.162 9 INFO neutron.wsgi [None req-eede5d14-5a6e-49df-9f3e-cf206db655bd aaf09a7d266440efab2f57dbd6c53e17 ff887c7d10544a709fad9c928a959a91 - - default default] 10.0.0.21 "POST /v2.0/subnets HTTP/1.1" status: 201 len: 862 time: 1.1794167
2026-07-21 14:34:32.192 9 INFO neutron.wsgi [req-cf434bb5-671d-41f2-af09-80ba818569fe req-043d8c6e-a18e-4219-b1cc-fc7362e8f603 e94a6d54344743c98bf3206e796320d9 af92c017f6c34aa8a49aefcd2563743a - - default default] 10.0.0.39 "GET /v2.0/security-groups?id=1ad439e2-b7cb-489b-a559-2f7535ed2d7f&fields=id&fields=name HTTP/1.1" status: 200 len: 313 time: 0.1365349
2026-07-21 14:34:32.291 10 INFO neutron.db.ovn_revision_numbers_db [None req-b1a9792a-4a52-4cd3-9ca6-2c9d3aac03d5 7f0c7d5e605844ac8d7db9ddeb35b1ea 9f048d81ef4f42a7a6ab955abe3cc063 - - default default] Successfully bumped revision number for resource 814e9a31-6495-431f-99b6-ef1b4a6023f5 (type: routers) to 1
2026-07-21 14:34:32.309 10 INFO neutron.wsgi [None req-b1a9792a-4a52-4cd3-9ca6-2c9d3aac03d5 7f0c7d5e605844ac8d7db9ddeb35b1ea 9f048d81ef4f42a7a6ab955abe3cc063 - - default default] 10.0.0.21 "POST /v2.0/routers HTTP/1.1" status: 201 len: 769 time: 0.3742542
2026-07-21 14:34:32.392 10 INFO neutron.wsgi [None req-4e08c44d-c828-4235-8a0c-6b869b885463 7f0c7d5e605844ac8d7db9ddeb35b1ea 9f048d81ef4f42a7a6ab955abe3cc063 - - default default] 10.0.0.21 "PUT /v2.0/routers/814e9a31-6495-431f-99b6-ef1b4a6023f5/tags HTTP/1.1" status: 200 len: 218 time: 0.0754478
2026-07-21 14:34:32.459 10 INFO neutron.wsgi [None req-0c8f6ed1-3264-4b9a-8863-3668db63e1a0 7f0c7d5e605844ac8d7db9ddeb35b1ea 9f048d81ef4f42a7a6ab955abe3cc063 - - default default] 10.0.0.21 "GET /v2.0/routers/814e9a31-6495-431f-99b6-ef1b4a6023f5/tags HTTP/1.1" status: 200 len: 218 time: 0.0624957
2026-07-21 14:34:32.478 10 INFO neutron.db.ovn_revision_numbers_db [None req-63ebe7fc-c218-4773-8b21-8ba1ac15aa31 f39061cb4d91450bab1873ab34fec0b4 84670b3bae3148588e5458beb89d428b - - default default] Successfully bumped revision number for resource c16b1cce-dab5-4a43-b4bc-29e2e2fffb34 (type: router_ports) to 1
2026-07-21 14:34:32.483 10 INFO neutron.wsgi [None req-63ebe7fc-c218-4773-8b21-8ba1ac15aa31 f39061cb4d91450bab1873ab34fec0b4 84670b3bae3148588e5458beb89d428b - - default default] 10.0.0.21 "PUT /v2.0/routers/c6defbd7-e545-4489-bf2d-4ccf08dc7c35/add_router_interface HTTP/1.1" status: 200 len: 503 time: 3.1093063
2026-07-21 14:34:32.503 9 WARNING neutron_lib.context [None req-b4826125-139c-4ed9-9e92-84ecff1605e3 f39061cb4d91450bab1873ab34fec0b4 84670b3bae3148588e5458beb89d428b - - default default] Method 'is_advsvc' is deprecated since 2023.2 release (neutron-lib 3.8.0) and will be removed once support for the old RBAC API policies will be removed from Neutron. Please use method 'is_service_role' instead.
2026-07-21 14:34:32.533 10 INFO neutron.wsgi [None req-42076ed3-c59e-4424-be5b-9c32c3726fae 7f0c7d5e605844ac8d7db9ddeb35b1ea 9f048d81ef4f42a7a6ab955abe3cc063 - - default default] 10.0.0.21 "PUT /v2.0/routers/814e9a31-6495-431f-99b6-ef1b4a6023f5/tags/green HTTP/1.1" status: 201 len: 201 time: 0.0652740
2026-07-21 14:34:32.597 10 INFO neutron.wsgi [None req-5c2332eb-c9ba-44b8-8091-332fca9c9b97 7f0c7d5e605844ac8d7db9ddeb35b1ea 9f048d81ef4f42a7a6ab955abe3cc063 - - default default] 10.0.0.21 "GET /v2.0/routers/814e9a31-6495-431f-99b6-ef1b4a6023f5/tags HTTP/1.1" status: 200 len: 227 time: 0.0545483
2026-07-21 14:34:32.667 10 INFO neutron.wsgi [None req-662b8f18-e96e-409c-b882-7548208bc3df 7f0c7d5e605844ac8d7db9ddeb35b1ea 9f048d81ef4f42a7a6ab955abe3cc063 - - default default] 10.0.0.21 "PUT /v2.0/routers/814e9a31-6495-431f-99b6-ef1b4a6023f5/tags/red HTTP/1.1" status: 201 len: 201 time: 0.0639784
2026-07-21 14:34:32.733 10 INFO neutron.wsgi [None req-f7c10184-d10d-4464-ba41-a4292da426fa 7f0c7d5e605844ac8d7db9ddeb35b1ea 9f048d81ef4f42a7a6ab955abe3cc063 - - default default] 10.0.0.21 "GET /v2.0/routers/814e9a31-6495-431f-99b6-ef1b4a6023f5/tags HTTP/1.1" status: 200 len: 227 time: 0.0607986
2026-07-21 14:34:32.802 10 INFO neutron.wsgi [None req-5bd248ef-2f6c-4dde-ad5e-6f5918b1beb9 7f0c7d5e605844ac8d7db9ddeb35b1ea 9f048d81ef4f42a7a6ab955abe3cc063 - - default default] 10.0.0.21 "PUT /v2.0/routers/814e9a31-6495-431f-99b6-ef1b4a6023f5/tags/black.or.white HTTP/1.1" status: 201 len: 201 time: 0.0631926
2026-07-21 14:34:32.860 10 INFO neutron.wsgi [None req-23e7dbc5-f334-4b1f-a4d1-8269c161c10b 7f0c7d5e605844ac8d7db9ddeb35b1ea 9f048d81ef4f42a7a6ab955abe3cc063 - - default default] 10.0.0.21 "GET /v2.0/routers/814e9a31-6495-431f-99b6-ef1b4a6023f5/tags HTTP/1.1" status: 200 len: 245 time: 0.0534523
2026-07-21 14:34:32.961 10 INFO neutron.wsgi [None req-a729106d-4a6a-4237-9a9c-8987a4338ee4 7f0c7d5e605844ac8d7db9ddeb35b1ea 9f048d81ef4f42a7a6ab955abe3cc063 - - default default] 10.0.0.21 "PUT /v2.0/routers/814e9a31-6495-431f-99b6-ef1b4a6023f5/tags HTTP/1.1" status: 200 len: 230 time: 0.0958147
2026-07-21 14:34:33.002 9 INFO neutron.db.ovn_revision_numbers_db [req-5273d2de-3706-430c-823f-3de28f5044a7 req-e4cfbb0e-2240-47e2-b171-66ff4e438057 3a68918bc1234747809bbcab9a8c748a cf209440a3674ffbbee6cfc755d67e31 - - 54de7a9fafb84e02afc76315b903ca50 54de7a9fafb84e02afc76315b903ca50] Successfully bumped revision number for resource 149fc9d2-d843-43bc-9edb-67ef6aa3ac5e (type: ports) to 2
2026-07-21 14:34:33.025 10 INFO neutron.wsgi [None req-6749de49-7b2f-40b2-86d0-9f3b83889637 7f0c7d5e605844ac8d7db9ddeb35b1ea 9f048d81ef4f42a7a6ab955abe3cc063 - - default default] 10.0.0.21 "GET /v2.0/routers/814e9a31-6495-431f-99b6-ef1b4a6023f5/tags HTTP/1.1" status: 200 len: 230 time: 0.0591624
2026-07-21 14:34:33.058 9 INFO neutron.wsgi [req-5273d2de-3706-430c-823f-3de28f5044a7 req-e4cfbb0e-2240-47e2-b171-66ff4e438057 3a68918bc1234747809bbcab9a8c748a cf209440a3674ffbbee6cfc755d67e31 - - 54de7a9fafb84e02afc76315b903ca50 54de7a9fafb84e02afc76315b903ca50] 199.204.45.129 "PUT /v2.0/ports/149fc9d2-d843-43bc-9edb-67ef6aa3ac5e HTTP/1.1" status: 200 len: 1380 time: 1.5991774
2026-07-21 14:34:33.087 10 INFO neutron.wsgi [None req-57af17a3-bbff-48df-ba5d-4fee8627c16a 7f0c7d5e605844ac8d7db9ddeb35b1ea 9f048d81ef4f42a7a6ab955abe3cc063 - - default default] 10.0.0.21 "GET /v2.0/routers/814e9a31-6495-431f-99b6-ef1b4a6023f5/tags/red HTTP/1.1" status: 204 len: 168 time: 0.0570209 /var/lib/openstack/lib/python3.10/site-packages/pycadf/identifier.py:71: UserWarning: Invalid uuid: neutron. To ensure interoperability, identifiers should be a valid uuid. warnings.warn(('Invalid uuid: %s. To ensure interoperability, '
2026-07-21 14:34:33.120 9 INFO neutron.notifiers.nova [-] Nova event matching ['req-69cde9f3-b147-4698-904a-210f400b0765'] response: {'name': 'network-changed', 'server_uuid': '9d4cc4d0-5744-4803-a020-f9406a7bd946', 'tag': '149fc9d2-d843-43bc-9edb-67ef6aa3ac5e', 'status': 'completed', 'code': 200}
2026-07-21 14:34:33.149 10 INFO neutron.api.v2.resource [None req-cf49aaac-382f-4a6e-802c-59198e99abf9 7f0c7d5e605844ac8d7db9ddeb35b1ea 9f048d81ef4f42a7a6ab955abe3cc063 - - default default] show failed (client error): The resource could not be found.
2026-07-21 14:34:33.151 10 INFO neutron.wsgi [None req-cf49aaac-382f-4a6e-802c-59198e99abf9 7f0c7d5e605844ac8d7db9ddeb35b1ea 9f048d81ef4f42a7a6ab955abe3cc063 - - default default] 10.0.0.21 "GET /v2.0/routers/814e9a31-6495-431f-99b6-ef1b4a6023f5/tags/green HTTP/1.1" status: 404 len: 299 time: 0.0580146
2026-07-21 14:34:33.179 9 INFO neutron.wsgi [req-5273d2de-3706-430c-823f-3de28f5044a7 req-0cb5375a-3bde-4ccc-90b5-971f1fdbaa7f 3a68918bc1234747809bbcab9a8c748a cf209440a3674ffbbee6cfc755d67e31 - - 54de7a9fafb84e02afc76315b903ca50 54de7a9fafb84e02afc76315b903ca50] 199.204.45.129 "GET /v2.0/ports?tenant_id=af92c017f6c34aa8a49aefcd2563743a&device_id=9d4cc4d0-5744-4803-a020-f9406a7bd946 HTTP/1.1" status: 200 len: 1411 time: 0.0786839
2026-07-21 14:34:33.181 9 INFO neutron.db.ovn_revision_numbers_db [None req-aa3eab6f-aab2-4c33-95ac-658aadf91c44 - - - - - -] Successfully bumped revision number for resource c16b1cce-dab5-4a43-b4bc-29e2e2fffb34 (type: ports) to 2
2026-07-21 14:34:33.233 10 INFO neutron.wsgi [None req-2d363daf-059c-4c21-8775-4adff79e76ee 7f0c7d5e605844ac8d7db9ddeb35b1ea 9f048d81ef4f42a7a6ab955abe3cc063 - - default default] 10.0.0.21 "DELETE /v2.0/routers/814e9a31-6495-431f-99b6-ef1b4a6023f5/tags/red HTTP/1.1" status: 204 len: 168 time: 0.0755978
2026-07-21 14:34:33.251 9 INFO neutron.wsgi [req-5273d2de-3706-430c-823f-3de28f5044a7 req-946a9062-5645-4f0b-ac7f-46b91c61c24d 3a68918bc1234747809bbcab9a8c748a cf209440a3674ffbbee6cfc755d67e31 - - 54de7a9fafb84e02afc76315b903ca50 54de7a9fafb84e02afc76315b903ca50] 199.204.45.129 "GET /v2.0/floatingips?fixed_ip_address=10.100.0.12&port_id=149fc9d2-d843-43bc-9edb-67ef6aa3ac5e HTTP/1.1" status: 200 len: 217 time: 0.0635333
2026-07-21 14:34:33.302 10 INFO neutron.wsgi [None req-4c37f63b-9395-42f0-bc79-53bf98b53d82 7f0c7d5e605844ac8d7db9ddeb35b1ea 9f048d81ef4f42a7a6ab955abe3cc063 - - default default] 10.0.0.21 "GET /v2.0/routers/814e9a31-6495-431f-99b6-ef1b4a6023f5/tags HTTP/1.1" status: 200 len: 223 time: 0.0618942
2026-07-21 14:34:33.390 10 INFO neutron.api.v2.resource [None req-5c05f041-a90c-4a62-a9d0-b9eb7b603121 7f0c7d5e605844ac8d7db9ddeb35b1ea 9f048d81ef4f42a7a6ab955abe3cc063 - - default default] delete failed (client error): The resource could not be found.
2026-07-21 14:34:33.391 9 INFO neutron.wsgi [req-5273d2de-3706-430c-823f-3de28f5044a7 req-b0fa61c2-0ba8-4f0b-8d33-1604ec6a6bc5 3a68918bc1234747809bbcab9a8c748a cf209440a3674ffbbee6cfc755d67e31 - - 54de7a9fafb84e02afc76315b903ca50 54de7a9fafb84e02afc76315b903ca50] 199.204.45.129 "GET /v2.0/subnets?id=e5a1d326-a598-49e3-871c-2f332d9b2320 HTTP/1.1" status: 200 len: 852 time: 0.1266267
2026-07-21 14:34:33.392 10 INFO neutron.wsgi [None req-5c05f041-a90c-4a62-a9d0-b9eb7b603121 7f0c7d5e605844ac8d7db9ddeb35b1ea 9f048d81ef4f42a7a6ab955abe3cc063 - - default default] 10.0.0.21 "DELETE /v2.0/routers/814e9a31-6495-431f-99b6-ef1b4a6023f5/tags/green HTTP/1.1" status: 404 len: 299 time: 0.0831816 /var/lib/openstack/lib/python3.10/site-packages/pycadf/identifier.py:71: UserWarning: Invalid uuid: neutron. To ensure interoperability, identifiers should be a valid uuid. warnings.warn(('Invalid uuid: %s. To ensure interoperability, '
2026-07-21 14:34:33.444 9 INFO neutron.wsgi [req-5273d2de-3706-430c-823f-3de28f5044a7 req-1daab80f-0f21-4d0c-91cd-635f0b3b770c 3a68918bc1234747809bbcab9a8c748a cf209440a3674ffbbee6cfc755d67e31 - - 54de7a9fafb84e02afc76315b903ca50 54de7a9fafb84e02afc76315b903ca50] 199.204.45.129 "GET /v2.0/ports?network_id=98272ef2-5222-4a90-849a-c6635b642ba7&device_owner=network%3Adhcp HTTP/1.1" status: 200 len: 210 time: 0.0440350
2026-07-21 14:34:33.454 9 INFO neutron.wsgi [req-fb865ccd-37b1-4c24-9885-28e0fab59c35 req-91ce5637-d05e-4941-a797-9bf1293b1f0d e94a6d54344743c98bf3206e796320d9 af92c017f6c34aa8a49aefcd2563743a - - default default] 10.0.0.39 "GET /v2.0/ports?device_id=9d4cc4d0-5744-4803-a020-f9406a7bd946 HTTP/1.1" status: 200 len: 1172 time: 0.1857638
2026-07-21 14:34:33.458 10 INFO neutron.wsgi [None req-1e655aa6-5815-4aa0-b790-e7a9f7b12e6d 7f0c7d5e605844ac8d7db9ddeb35b1ea 9f048d81ef4f42a7a6ab955abe3cc063 - - default default] 10.0.0.21 "DELETE /v2.0/routers/814e9a31-6495-431f-99b6-ef1b4a6023f5/tags HTTP/1.1" status: 204 len: 168 time: 0.0616660
2026-07-21 14:34:33.465 9 WARNING neutron.scheduler.dhcp_agent_scheduler [None req-b4826125-139c-4ed9-9e92-84ecff1605e3 f39061cb4d91450bab1873ab34fec0b4 84670b3bae3148588e5458beb89d428b - - default default] No more DHCP agents
2026-07-21 14:34:33.480 9 WARNING neutron.api.rpc.agentnotifiers.dhcp_rpc_agent_api [None req-b4826125-139c-4ed9-9e92-84ecff1605e3 f39061cb4d91450bab1873ab34fec0b4 84670b3bae3148588e5458beb89d428b - - default default] Unable to schedule network e6703ac3-2b23-4e45-919e-488839cabe7c: no agents available; will retry on subsequent port and subnet creation events.
2026-07-21 14:34:33.510 10 INFO neutron.wsgi [None req-6d32a667-5d44-43de-9b77-e9db55ce6f46 7f0c7d5e605844ac8d7db9ddeb35b1ea 9f048d81ef4f42a7a6ab955abe3cc063 - - default default] 10.0.0.21 "GET /v2.0/routers/814e9a31-6495-431f-99b6-ef1b4a6023f5/tags HTTP/1.1" status: 200 len: 205 time: 0.0464592
2026-07-21 14:34:33.568 10 INFO neutron.wsgi [None req-e46aa20e-6870-4cdb-90da-e724545ce1f2 7f0c7d5e605844ac8d7db9ddeb35b1ea 9f048d81ef4f42a7a6ab955abe3cc063 - - default default] 10.0.0.21 "GET /v2.0/routers/814e9a31-6495-431f-99b6-ef1b4a6023f5 HTTP/1.1" status: 200 len: 770 time: 0.0498195
2026-07-21 14:34:33.813 9 INFO neutron.wsgi [req-fb865ccd-37b1-4c24-9885-28e0fab59c35 req-12f1ad54-ad40-444f-bf5a-9a72df8e6a29 e94a6d54344743c98bf3206e796320d9 af92c017f6c34aa8a49aefcd2563743a - - default default] 10.0.0.39 "GET /v2.0/security-groups?id=1ad439e2-b7cb-489b-a559-2f7535ed2d7f&fields=id&fields=name HTTP/1.1" status: 200 len: 313 time: 0.3470523
2026-07-21 14:34:33.844 9 INFO neutron.wsgi [req-5273d2de-3706-430c-823f-3de28f5044a7 req-b1a35540-d58f-4d20-bf35-77f8bb3e1a84 3a68918bc1234747809bbcab9a8c748a cf209440a3674ffbbee6cfc755d67e31 - - 54de7a9fafb84e02afc76315b903ca50 54de7a9fafb84e02afc76315b903ca50] 199.204.45.129 "GET /v2.0/networks/98272ef2-5222-4a90-849a-c6635b642ba7?fields=segments HTTP/1.1" status: 200 len: 212 time: 0.3875175 /var/lib/openstack/lib/python3.10/site-packages/pycadf/identifier.py:71: UserWarning: Invalid uuid: neutron. To ensure interoperability, identifiers should be a valid uuid. warnings.warn(('Invalid uuid: %s. To ensure interoperability, '
2026-07-21 14:34:33.885 9 INFO neutron.db.ovn_revision_numbers_db [None req-aa3eab6f-aab2-4c33-95ac-658aadf91c44 - - - - - -] Successfully bumped revision number for resource c16b1cce-dab5-4a43-b4bc-29e2e2fffb34 (type: router_ports) to 2
2026-07-21 14:34:33.899 9 WARNING neutron.scheduler.dhcp_agent_scheduler [None req-d8b3ff7b-4b1b-481c-aa43-b79564360a11 aaf09a7d266440efab2f57dbd6c53e17 ff887c7d10544a709fad9c928a959a91 - - default default] No more DHCP agents
2026-07-21 14:34:33.909 9 WARNING neutron.api.rpc.agentnotifiers.dhcp_rpc_agent_api [None req-d8b3ff7b-4b1b-481c-aa43-b79564360a11 aaf09a7d266440efab2f57dbd6c53e17 ff887c7d10544a709fad9c928a959a91 - - default default] Unable to schedule network 4b3149dc-3d64-47b9-87b8-94a2e620dd09: no agents available; will retry on subsequent port and subnet creation events.
2026-07-21 14:34:33.996 9 INFO neutron.wsgi [req-5273d2de-3706-430c-823f-3de28f5044a7 req-630a96ab-354e-48cd-aa5f-c54e08ae1677 3a68918bc1234747809bbcab9a8c748a cf209440a3674ffbbee6cfc755d67e31 - - 54de7a9fafb84e02afc76315b903ca50 54de7a9fafb84e02afc76315b903ca50] 199.204.45.129 "GET /v2.0/networks/98272ef2-5222-4a90-849a-c6635b642ba7?fields=provider%3Aphysical_network&fields=provider%3Anetwork_type HTTP/1.1" status: 200 len: 277 time: 0.1386404
2026-07-21 14:34:34.107 10 WARNING neutron.plugins.ml2.drivers.ovn.mech_driver.ovsdb.ovn_client [None req-fe8da8e1-bf6e-4d02-b9d7-8bfb27b0a407 - - - - - -] No hosting information found for port 0039a9b0-93c1-411b-bd89-2e288436aaf0: RuntimeError: No hosting information found for port 0039a9b0-93c1-411b-bd89-2e288436aaf0
2026-07-21 14:34:34.113 9 INFO neutron.wsgi [req-acb7d818-537b-4c7b-bc10-5e5cdf4a1eb5 req-6cf911ac-ea05-4f2c-a173-b946e646748e 3a68918bc1234747809bbcab9a8c748a cf209440a3674ffbbee6cfc755d67e31 - - 54de7a9fafb84e02afc76315b903ca50 54de7a9fafb84e02afc76315b903ca50] 199.204.45.129 "GET /v2.0/ports?tenant_id=af92c017f6c34aa8a49aefcd2563743a&device_id=9d4cc4d0-5744-4803-a020-f9406a7bd946 HTTP/1.1" status: 200 len: 1411 time: 0.0712683
2026-07-21 14:34:34.139 9 INFO neutron.db.ovn_revision_numbers_db [None req-b4826125-139c-4ed9-9e92-84ecff1605e3 f39061cb4d91450bab1873ab34fec0b4 84670b3bae3148588e5458beb89d428b - - default default] Successfully bumped revision number for resource 5b13f6c5-f8b8-4aa2-a3d0-f1b07ce26de3 (type: ports) to 1
2026-07-21 14:34:34.192 9 INFO neutron.wsgi [None req-b4826125-139c-4ed9-9e92-84ecff1605e3 f39061cb4d91450bab1873ab34fec0b4 84670b3bae3148588e5458beb89d428b - - default default] 10.0.0.21 "POST /v2.0/ports HTTP/1.1" status: 201 len: 1153 time: 1.6952398
2026-07-21 14:34:34.203 9 WARNING neutron_lib.context [None req-b87262e6-43e1-461b-b343-33ef10fb169b f39061cb4d91450bab1873ab34fec0b4 84670b3bae3148588e5458beb89d428b - - default default] Method 'is_advsvc' is deprecated since 2023.2 release (neutron-lib 3.8.0) and will be removed once support for the old RBAC API policies will be removed from Neutron. Please use method 'is_service_role' instead.
2026-07-21 14:34:34.218 10 INFO neutron.plugins.ml2.drivers.ovn.mech_driver.mech_driver [None req-fe8da8e1-bf6e-4d02-b9d7-8bfb27b0a407 - - - - - -] OVN reports status up for port: 149fc9d2-d843-43bc-9edb-67ef6aa3ac5e
2026-07-21 14:34:34.249 9 INFO neutron.wsgi [req-acb7d818-537b-4c7b-bc10-5e5cdf4a1eb5 req-b5de9c23-0085-4e46-b833-3fce6ed66ba9 3a68918bc1234747809bbcab9a8c748a cf209440a3674ffbbee6cfc755d67e31 - - 54de7a9fafb84e02afc76315b903ca50 54de7a9fafb84e02afc76315b903ca50] 199.204.45.129 "GET /v2.0/networks?id=98272ef2-5222-4a90-849a-c6635b642ba7 HTTP/1.1" status: 200 len: 958 time: 0.1215341
2026-07-21 14:34:34.255 10 INFO neutron.plugins.ml2.plugin [None req-fe8da8e1-bf6e-4d02-b9d7-8bfb27b0a407 - - - - - -] Attempt 1 to provision port 149fc9d2-d843-43bc-9edb-67ef6aa3ac5e
2026-07-21 14:34:34.284 9 INFO neutron.db.ovn_revision_numbers_db [None req-d8b3ff7b-4b1b-481c-aa43-b79564360a11 aaf09a7d266440efab2f57dbd6c53e17 ff887c7d10544a709fad9c928a959a91 - - default default] Successfully bumped revision number for resource 2f402eb8-f7a5-4824-b900-96d9ff950691 (type: ports) to 1
2026-07-21 14:34:34.288 9 INFO neutron.wsgi [req-acb7d818-537b-4c7b-bc10-5e5cdf4a1eb5 req-2b05e5c4-f5ff-4e44-bfbb-cfe4e5c03390 3a68918bc1234747809bbcab9a8c748a cf209440a3674ffbbee6cfc755d67e31 - - 54de7a9fafb84e02afc76315b903ca50 54de7a9fafb84e02afc76315b903ca50] 199.204.45.129 "GET /v2.0/floatingips?fixed_ip_address=10.100.0.12&port_id=149fc9d2-d843-43bc-9edb-67ef6aa3ac5e HTTP/1.1" status: 200 len: 217 time: 0.0319226
2026-07-21 14:34:34.331 10 INFO neutron.db.ovn_revision_numbers_db [None req-6dbdcc9d-bd62-474e-bb06-0ff91fffa162 7f0c7d5e605844ac8d7db9ddeb35b1ea 9f048d81ef4f42a7a6ab955abe3cc063 - - default default] Successfully bumped revision number for resource 814e9a31-6495-431f-99b6-ef1b4a6023f5 (type: routers) to 7
2026-07-21 14:34:34.341 10 INFO neutron.wsgi [None req-6dbdcc9d-bd62-474e-bb06-0ff91fffa162 7f0c7d5e605844ac8d7db9ddeb35b1ea 9f048d81ef4f42a7a6ab955abe3cc063 - - default default] 10.0.0.21 "PUT /v2.0/routers/814e9a31-6495-431f-99b6-ef1b4a6023f5 HTTP/1.1" status: 200 len: 770 time: 0.7681510
2026-07-21 14:34:34.383 9 INFO neutron.wsgi [req-acb7d818-537b-4c7b-bc10-5e5cdf4a1eb5 req-89b6089a-3140-475f-a856-60680ef36234 3a68918bc1234747809bbcab9a8c748a cf209440a3674ffbbee6cfc755d67e31 - - 54de7a9fafb84e02afc76315b903ca50 54de7a9fafb84e02afc76315b903ca50] 199.204.45.129 "GET /v2.0/subnets?id=e5a1d326-a598-49e3-871c-2f332d9b2320 HTTP/1.1" status: 200 len: 852 time: 0.0867152
2026-07-21 14:34:34.388 9 INFO neutron.wsgi [None req-e4e7d789-0def-4268-87ca-3b2019ce8f3e 7f0c7d5e605844ac8d7db9ddeb35b1ea 9f048d81ef4f42a7a6ab955abe3cc063 - - default default] 10.0.0.21 "GET /v2.0/ports?device_id=814e9a31-6495-431f-99b6-ef1b4a6023f5 HTTP/1.1" status: 200 len: 205 time: 0.0356677
2026-07-21 14:34:34.426 9 INFO neutron.wsgi [req-acb7d818-537b-4c7b-bc10-5e5cdf4a1eb5 req-33f828e5-5e9e-4ef7-ad2e-2f779544c2d9 3a68918bc1234747809bbcab9a8c748a cf209440a3674ffbbee6cfc755d67e31 - - 54de7a9fafb84e02afc76315b903ca50 54de7a9fafb84e02afc76315b903ca50] 199.204.45.129 "GET /v2.0/ports?network_id=98272ef2-5222-4a90-849a-c6635b642ba7&device_owner=network%3Adhcp HTTP/1.1" status: 200 len: 210 time: 0.0344486
2026-07-21 14:34:34.492 10 INFO neutron.notifiers.nova [-] Nova event matching ['req-7a1cbcf7-19d3-49bf-9b8f-27f81b3e903b'] response: {'server_uuid': '9d4cc4d0-5744-4803-a020-f9406a7bd946', 'name': 'network-vif-plugged', 'status': 'completed', 'tag': '149fc9d2-d843-43bc-9edb-67ef6aa3ac5e', 'code': 200}
2026-07-21 14:34:34.552 9 INFO neutron.wsgi [req-acb7d818-537b-4c7b-bc10-5e5cdf4a1eb5 req-90535978-46a6-4295-8bd3-a1560b397d57 3a68918bc1234747809bbcab9a8c748a cf209440a3674ffbbee6cfc755d67e31 - - 54de7a9fafb84e02afc76315b903ca50 54de7a9fafb84e02afc76315b903ca50] 199.204.45.129 "GET /v2.0/networks/98272ef2-5222-4a90-849a-c6635b642ba7?fields=segments HTTP/1.1" status: 200 len: 212 time: 0.1154807
2026-07-21 14:34:34.672 9 INFO neutron.wsgi [req-acb7d818-537b-4c7b-bc10-5e5cdf4a1eb5 req-c9db8211-ac50-4e00-864d-5561699e5e61 3a68918bc1234747809bbcab9a8c748a cf209440a3674ffbbee6cfc755d67e31 - - 54de7a9fafb84e02afc76315b903ca50 54de7a9fafb84e02afc76315b903ca50] 199.204.45.129 "GET /v2.0/networks/98272ef2-5222-4a90-849a-c6635b642ba7?fields=provider%3Aphysical_network&fields=provider%3Anetwork_type HTTP/1.1" status: 200 len: 277 time: 0.1101627
2026-07-21 14:34:34.744 10 INFO neutron.wsgi [None req-e4b7aab3-50a7-4bbc-bf3b-cac9f5ec66f1 7f0c7d5e605844ac8d7db9ddeb35b1ea 9f048d81ef4f42a7a6ab955abe3cc063 - - default default] 10.0.0.21 "DELETE /v2.0/routers/814e9a31-6495-431f-99b6-ef1b4a6023f5 HTTP/1.1" status: 204 len: 168 time: 0.3498979
2026-07-21 14:34:34.800 10 INFO neutron.db.ovn_revision_numbers_db [None req-fe8da8e1-bf6e-4d02-b9d7-8bfb27b0a407 - - - - - -] Successfully bumped revision number for resource 149fc9d2-d843-43bc-9edb-67ef6aa3ac5e (type: ports) to 4
2026-07-21 14:34:34.845 9 WARNING neutron.scheduler.dhcp_agent_scheduler [None req-b87262e6-43e1-461b-b343-33ef10fb169b f39061cb4d91450bab1873ab34fec0b4 84670b3bae3148588e5458beb89d428b - - default default] No more DHCP agents
2026-07-21 14:34:34.851 9 WARNING neutron.api.rpc.agentnotifiers.dhcp_rpc_agent_api [None req-b87262e6-43e1-461b-b343-33ef10fb169b f39061cb4d91450bab1873ab34fec0b4 84670b3bae3148588e5458beb89d428b - - default default] Unable to schedule network e6703ac3-2b23-4e45-919e-488839cabe7c: no agents available; will retry on subsequent port and subnet creation events. /var/lib/openstack/lib/python3.10/site-packages/pycadf/identifier.py:71: UserWarning: Invalid uuid: neutron. To ensure interoperability, identifiers should be a valid uuid. warnings.warn(('Invalid uuid: %s. To ensure interoperability, '
2026-07-21 14:34:35.054 9 INFO neutron.wsgi [req-f90b9c58-d294-4d1b-b94d-292eea804d44 req-83b69db2-e37e-4c10-bc24-4cf4a4485b8d e94a6d54344743c98bf3206e796320d9 af92c017f6c34aa8a49aefcd2563743a - - default default] 10.0.0.39 "GET /v2.0/ports?device_id=9d4cc4d0-5744-4803-a020-f9406a7bd946 HTTP/1.1" status: 200 len: 1174 time: 0.1673584
2026-07-21 14:34:35.375 9 INFO neutron.wsgi [req-f90b9c58-d294-4d1b-b94d-292eea804d44 req-32e864fa-97ce-462f-b5ce-5c578996d461 e94a6d54344743c98bf3206e796320d9 af92c017f6c34aa8a49aefcd2563743a - - default default] 10.0.0.39 "GET /v2.0/security-groups?id=1ad439e2-b7cb-489b-a559-2f7535ed2d7f&fields=id&fields=name HTTP/1.1" status: 200 len: 313 time: 0.3084543
2026-07-21 14:34:35.402 9 INFO neutron.db.ovn_revision_numbers_db [None req-b87262e6-43e1-461b-b343-33ef10fb169b f39061cb4d91450bab1873ab34fec0b4 84670b3bae3148588e5458beb89d428b - - default default] Successfully bumped revision number for resource 971c36cc-96b8-4c97-9e17-b93892189e72 (type: ports) to 1
2026-07-21 14:34:35.433 9 INFO neutron.wsgi [None req-b87262e6-43e1-461b-b343-33ef10fb169b f39061cb4d91450bab1873ab34fec0b4 84670b3bae3148588e5458beb89d428b - - default default] 10.0.0.21 "POST /v2.0/ports HTTP/1.1" status: 201 len: 1154 time: 1.2364426 /var/lib/openstack/lib/python3.10/site-packages/pycadf/identifier.py:71: UserWarning: Invalid uuid: neutron. To ensure interoperability, identifiers should be a valid uuid. warnings.warn(('Invalid uuid: %s. To ensure interoperability, '
2026-07-21 14:34:35.447 10 WARNING neutron_lib.context [None req-f966a764-796a-444f-8651-ca29abef04a5 f39061cb4d91450bab1873ab34fec0b4 84670b3bae3148588e5458beb89d428b - - default default] Method 'is_advsvc' is deprecated since 2023.2 release (neutron-lib 3.8.0) and will be removed once support for the old RBAC API policies will be removed from Neutron. Please use method 'is_service_role' instead.
2026-07-21 14:34:35.518 9 INFO neutron.wsgi [req-099267b1-4cc7-4cee-b0d9-c59058e288a7 req-4843e32a-0573-4b10-aead-6ba75dc22164 e94a6d54344743c98bf3206e796320d9 af92c017f6c34aa8a49aefcd2563743a - - default default] 10.0.0.39 "GET /v2.0/ports?device_id=9d4cc4d0-5744-4803-a020-f9406a7bd946 HTTP/1.1" status: 200 len: 1174 time: 0.0684717
2026-07-21 14:34:35.546 10 INFO neutron.wsgi [-] 10.0.0.250 "GET / HTTP/1.1" status: 200 len: 247 time: 0.0021698
2026-07-21 14:34:35.548 10 INFO neutron.wsgi [-] 10.0.0.250 "GET / HTTP/1.1" status: 200 len: 247 time: 0.0015938
2026-07-21 14:34:35.603 9 INFO neutron.wsgi [req-099267b1-4cc7-4cee-b0d9-c59058e288a7 req-f525d0ef-aae6-4498-aed2-4a37a991d9a4 e94a6d54344743c98bf3206e796320d9 af92c017f6c34aa8a49aefcd2563743a - - default default] 10.0.0.39 "GET /v2.0/security-groups?id=1ad439e2-b7cb-489b-a559-2f7535ed2d7f&fields=id&fields=name HTTP/1.1" status: 200 len: 313 time: 0.0779283
2026-07-21 14:34:35.654 9 INFO neutron.plugins.ml2.drivers.ovn.mech_driver.ovsdb.commands [None req-e15b6d3f-5235-4fca-aea0-2cbb5e37e8fc - - - - - -] Schedule LRP lrp-2f402eb8-f7a5-4824-b900-96d9ff950691 on gateway 1b28d1c7-1940-4de0-af00-52481c014bf1 with priority 1
2026-07-21 14:34:35.666 10 INFO neutron.plugins.ml2.drivers.ovn.mech_driver.mech_driver [None req-fe8da8e1-bf6e-4d02-b9d7-8bfb27b0a407 - - - - - -] OVN reports status up for port: 2f402eb8-f7a5-4824-b900-96d9ff950691
2026-07-21 14:34:35.687 9 INFO neutron.plugins.ml2.drivers.ovn.mech_driver.ovsdb.ovsdb_monitor [None req-e1851033-d904-4e32-a57f-b3793a021fe6 - - - - - -] Router 06896d8c-8c9d-4e1a-97f3-56f682d28f9b is bound to host instance
2026-07-21 14:34:35.687 10 INFO neutron.plugins.ml2.plugin [None req-fe8da8e1-bf6e-4d02-b9d7-8bfb27b0a407 - - - - - -] Attempt 1 to provision port 2f402eb8-f7a5-4824-b900-96d9ff950691
2026-07-21 14:34:35.705 9 INFO neutron.wsgi [None req-8b4c8adf-c58b-433b-8c6d-19487391ab98 0ec2793e1c00477a86c94679f7202abe d75b542aacf04e7893e19f13883641b7 - - default default] 10.0.0.21 "GET /v2.0/ports?device_id=9d4cc4d0-5744-4803-a020-f9406a7bd946 HTTP/1.1" status: 200 len: 1408 time: 0.0752146
2026-07-21 14:34:35.726 9 INFO neutron.db.ovn_revision_numbers_db [None req-d8b3ff7b-4b1b-481c-aa43-b79564360a11 aaf09a7d266440efab2f57dbd6c53e17 ff887c7d10544a709fad9c928a959a91 - - default default] Successfully bumped revision number for resource 2f402eb8-f7a5-4824-b900-96d9ff950691 (type: router_ports) to 1
2026-07-21 14:34:35.834 9 INFO neutron.db.ovn_revision_numbers_db [None req-d8b3ff7b-4b1b-481c-aa43-b79564360a11 aaf09a7d266440efab2f57dbd6c53e17 ff887c7d10544a709fad9c928a959a91 - - default default] Successfully bumped revision number for resource 06896d8c-8c9d-4e1a-97f3-56f682d28f9b (type: routers) to 2
2026-07-21 14:34:35.865 9 INFO neutron.wsgi [None req-d8b3ff7b-4b1b-481c-aa43-b79564360a11 aaf09a7d266440efab2f57dbd6c53e17 ff887c7d10544a709fad9c928a959a91 - - default default] 10.0.0.21 "POST /v2.0/routers HTTP/1.1" status: 201 len: 1164 time: 3.6949515
2026-07-21 14:34:36.040 10 WARNING neutron.scheduler.dhcp_agent_scheduler [None req-f966a764-796a-444f-8651-ca29abef04a5 f39061cb4d91450bab1873ab34fec0b4 84670b3bae3148588e5458beb89d428b - - default default] No more DHCP agents
2026-07-21 14:34:36.052 10 WARNING neutron.api.rpc.agentnotifiers.dhcp_rpc_agent_api [None req-f966a764-796a-444f-8651-ca29abef04a5 f39061cb4d91450bab1873ab34fec0b4 84670b3bae3148588e5458beb89d428b - - default default] Unable to schedule network 4b3149dc-3d64-47b9-87b8-94a2e620dd09: no agents available; will retry on subsequent port and subnet creation events.
2026-07-21 14:34:36.478 9 INFO neutron.db.ovn_revision_numbers_db [None req-e1851033-d904-4e32-a57f-b3793a021fe6 - - - - - -] Successfully bumped revision number for resource 2f402eb8-f7a5-4824-b900-96d9ff950691 (type: ports) to 1
2026-07-21 14:34:36.554 10 INFO neutron.notifiers.nova [-] Nova event matching ['req-781dcc65-94b6-4745-9026-a915a884c1b8'] response: {'server_uuid': '9d4cc4d0-5744-4803-a020-f9406a7bd946', 'name': 'network-vif-plugged', 'status': 'completed', 'tag': '149fc9d2-d843-43bc-9edb-67ef6aa3ac5e', 'code': 200}
2026-07-21 14:34:36.585 10 INFO neutron.db.ovn_revision_numbers_db [None req-06fc2323-5700-4009-bb4a-bce0c99d4d4d aaf09a7d266440efab2f57dbd6c53e17 ff887c7d10544a709fad9c928a959a91 - - default default] Successfully bumped revision number for resource c2ae1513-7e7c-474f-b1e4-1d5502da6b37 (type: security_groups) to 1
2026-07-21 14:34:36.633 10 INFO neutron.db.ovn_revision_numbers_db [None req-06fc2323-5700-4009-bb4a-bce0c99d4d4d aaf09a7d266440efab2f57dbd6c53e17 ff887c7d10544a709fad9c928a959a91 - - default default] Successfully bumped revision number for resource 20497861-de39-4e31-bd0b-b3b3eee7224f (type: security_group_rules) to 0
2026-07-21 14:34:36.696 10 INFO neutron.db.ovn_revision_numbers_db [None req-06fc2323-5700-4009-bb4a-bce0c99d4d4d aaf09a7d266440efab2f57dbd6c53e17 ff887c7d10544a709fad9c928a959a91 - - default default] Successfully bumped revision number for resource 8eedd4a0-7b3c-4659-ba57-613b883c156e (type: security_group_rules) to 0
2026-07-21 14:34:36.751 10 INFO neutron.db.ovn_revision_numbers_db [None req-06fc2323-5700-4009-bb4a-bce0c99d4d4d aaf09a7d266440efab2f57dbd6c53e17 ff887c7d10544a709fad9c928a959a91 - - default default] Successfully bumped revision number for resource bf4b0a98-e58b-4ead-9319-0660a59876de (type: security_group_rules) to 0
2026-07-21 14:34:36.792 10 INFO neutron.db.ovn_revision_numbers_db [None req-06fc2323-5700-4009-bb4a-bce0c99d4d4d aaf09a7d266440efab2f57dbd6c53e17 ff887c7d10544a709fad9c928a959a91 - - default default] Successfully bumped revision number for resource e89f2749-50ed-41e7-9359-89f8db54c613 (type: security_group_rules) to 0
2026-07-21 14:34:36.848 9 INFO neutron.db.ovn_revision_numbers_db [None req-e1851033-d904-4e32-a57f-b3793a021fe6 - - - - - -] Successfully bumped revision number for resource 2f402eb8-f7a5-4824-b900-96d9ff950691 (type: router_ports) to 3
2026-07-21 14:34:36.876 10 INFO neutron.wsgi [None req-06fc2323-5700-4009-bb4a-bce0c99d4d4d aaf09a7d266440efab2f57dbd6c53e17 ff887c7d10544a709fad9c928a959a91 - - default default] 10.0.0.21 "GET /v2.0/security-groups?tenant_id=9f048d81ef4f42a7a6ab955abe3cc063&name=default HTTP/1.1" status: 200 len: 3120 time: 1.2745264
2026-07-21 14:34:37.143 9 INFO neutron.db.ovn_revision_numbers_db [None req-e1851033-d904-4e32-a57f-b3793a021fe6 - - - - - -] Successfully bumped revision number for resource 2f402eb8-f7a5-4824-b900-96d9ff950691 (type: ports) to 2
2026-07-21 14:34:37.179 9 INFO neutron.wsgi [None req-7d8851a0-3d4e-411e-9911-ae8478552e6f aaf09a7d266440efab2f57dbd6c53e17 ff887c7d10544a709fad9c928a959a91 - - default default] 10.0.0.21 "DELETE /v2.0/security-groups/c2ae1513-7e7c-474f-b1e4-1d5502da6b37 HTTP/1.1" status: 204 len: 168 time: 0.2964563
2026-07-21 14:34:37.470 10 INFO neutron.db.ovn_revision_numbers_db [None req-26041851-bf09-4f92-a3d4-adebbd17ed0d e94a6d54344743c98bf3206e796320d9 af92c017f6c34aa8a49aefcd2563743a - - default default] Successfully bumped revision number for resource e84c1c31-3b3c-4b41-89e2-b010ca6a1454 (type: floatingips) to 4
2026-07-21 14:34:37.478 9 INFO neutron.db.ovn_revision_numbers_db [None req-ac3af4b8-5a90-4b3e-87ba-a32ded77425d aaf09a7d266440efab2f57dbd6c53e17 ff887c7d10544a709fad9c928a959a91 - - default default] Successfully bumped revision number for resource 20646fba-0460-41ba-a5bb-e2a1aa5e865b (type: security_groups) to 1
2026-07-21 14:34:37.504 9 INFO neutron.db.ovn_revision_numbers_db [None req-ac3af4b8-5a90-4b3e-87ba-a32ded77425d aaf09a7d266440efab2f57dbd6c53e17 ff887c7d10544a709fad9c928a959a91 - - default default] Successfully bumped revision number for resource 29729864-2558-4da6-aca2-6e89f4fd9630 (type: security_group_rules) to 0
2026-07-21 14:34:37.519 9 INFO neutron.db.ovn_revision_numbers_db [None req-ac3af4b8-5a90-4b3e-87ba-a32ded77425d aaf09a7d266440efab2f57dbd6c53e17 ff887c7d10544a709fad9c928a959a91 - - default default] Successfully bumped revision number for resource 41393d91-5800-4c5e-8c17-a23ee9dbd583 (type: security_group_rules) to 0
2026-07-21 14:34:37.535 9 INFO neutron.db.ovn_revision_numbers_db [None req-ac3af4b8-5a90-4b3e-87ba-a32ded77425d aaf09a7d266440efab2f57dbd6c53e17 ff887c7d10544a709fad9c928a959a91 - - default default] Successfully bumped revision number for resource 7aa7b93d-8e86-47e1-9443-e8ad5523aa19 (type: security_group_rules) to 0
2026-07-21 14:34:37.555 9 INFO neutron.db.ovn_revision_numbers_db [None req-ac3af4b8-5a90-4b3e-87ba-a32ded77425d aaf09a7d266440efab2f57dbd6c53e17 ff887c7d10544a709fad9c928a959a91 - - default default] Successfully bumped revision number for resource a652b5be-0eeb-4a69-bef0-aa619c389031 (type: security_group_rules) to 0
2026-07-21 14:34:37.589 9 INFO neutron.wsgi [None req-ac3af4b8-5a90-4b3e-87ba-a32ded77425d aaf09a7d266440efab2f57dbd6c53e17 ff887c7d10544a709fad9c928a959a91 - - default default] 10.0.0.21 "GET /v2.0/security-groups?tenant_id=116bb7245d4045e1ba2d5054661a567f&name=default HTTP/1.1" status: 200 len: 3120 time: 0.2895951
2026-07-21 14:34:37.601 9 INFO neutron.db.ovn_revision_numbers_db [None req-e1851033-d904-4e32-a57f-b3793a021fe6 - - - - - -] Successfully bumped revision number for resource 2f402eb8-f7a5-4824-b900-96d9ff950691 (type: ports) to 4
2026-07-21 14:34:37.771 10 WARNING neutron.scheduler.dhcp_agent_scheduler [None req-118c1d5f-ad3d-43a3-a8a2-da1834f7fe41 aaf09a7d266440efab2f57dbd6c53e17 ff887c7d10544a709fad9c928a959a91 - - default default] No more DHCP agents
2026-07-21 14:34:37.776 10 WARNING neutron.api.rpc.agentnotifiers.dhcp_rpc_agent_api [None req-118c1d5f-ad3d-43a3-a8a2-da1834f7fe41 aaf09a7d266440efab2f57dbd6c53e17 ff887c7d10544a709fad9c928a959a91 - - default default] Unable to schedule network 5a057641-114c-4c3a-b597-883f99917db4: no agents available; will retry on subsequent port and subnet creation events.
2026-07-21 14:34:37.776 10 INFO neutron.db.ovn_revision_numbers_db [None req-26041851-bf09-4f92-a3d4-adebbd17ed0d e94a6d54344743c98bf3206e796320d9 af92c017f6c34aa8a49aefcd2563743a - - default default] Successfully bumped revision number for resource e84c1c31-3b3c-4b41-89e2-b010ca6a1454 (type: floatingips) to 5
2026-07-21 14:34:37.777 10 INFO neutron.db.l3_db [None req-26041851-bf09-4f92-a3d4-adebbd17ed0d e94a6d54344743c98bf3206e796320d9 af92c017f6c34aa8a49aefcd2563743a - - default default] Floating IP e84c1c31-3b3c-4b41-89e2-b010ca6a1454 associated. External IP: 10.96.250.206, port: 149fc9d2-d843-43bc-9edb-67ef6aa3ac5e.
2026-07-21 14:34:37.837 10 INFO neutron.wsgi [None req-26041851-bf09-4f92-a3d4-adebbd17ed0d e94a6d54344743c98bf3206e796320d9 af92c017f6c34aa8a49aefcd2563743a - - default default] 10.0.0.21 "PUT /v2.0/floatingips/e84c1c31-3b3c-4b41-89e2-b010ca6a1454 HTTP/1.1" status: 200 len: 1050 time: 2.1267550
2026-07-21 14:34:37.869 9 INFO neutron.db.ovn_revision_numbers_db [None req-e1851033-d904-4e32-a57f-b3793a021fe6 - - - - - -] Successfully bumped revision number for resource 2f402eb8-f7a5-4824-b900-96d9ff950691 (type: router_ports) to 4
2026-07-21 14:34:37.926 10 INFO neutron.wsgi [None req-edad0957-615a-43ac-9803-b331dc48cd3a e94a6d54344743c98bf3206e796320d9 af92c017f6c34aa8a49aefcd2563743a - - default default] 10.0.0.21 "GET /v2.0/floatingips/e84c1c31-3b3c-4b41-89e2-b010ca6a1454 HTTP/1.1" status: 200 len: 1052 time: 0.0798514
2026-07-21 14:34:37.935 9 INFO neutron.wsgi [None req-f83303cc-d365-4603-ade9-a3843385e4a0 aaf09a7d266440efab2f57dbd6c53e17 ff887c7d10544a709fad9c928a959a91 - - default default] 10.0.0.21 "DELETE /v2.0/security-groups/20646fba-0460-41ba-a5bb-e2a1aa5e865b HTTP/1.1" status: 204 len: 168 time: 0.3388355
2026-07-21 14:34:38.074 10 INFO neutron.db.ovn_revision_numbers_db [None req-118c1d5f-ad3d-43a3-a8a2-da1834f7fe41 aaf09a7d266440efab2f57dbd6c53e17 ff887c7d10544a709fad9c928a959a91 - - default default] Successfully bumped revision number for resource b5452f37-8b73-4666-b01e-7730eb19432f (type: ports) to 1
2026-07-21 14:34:38.172 10 INFO neutron.db.ovn_revision_numbers_db [None req-f966a764-796a-444f-8651-ca29abef04a5 f39061cb4d91450bab1873ab34fec0b4 84670b3bae3148588e5458beb89d428b - - default default] Successfully bumped revision number for resource 46fa8e16-c322-4d44-aa2b-51bd6b78d2fd (type: floatingips) to -1
2026-07-21 14:34:38.610 10 INFO neutron.notifiers.nova [-] Nova event matching ['req-c50f49b3-1184-4917-8381-79c6a7626cd7'] response: {'name': 'network-changed', 'server_uuid': '9d4cc4d0-5744-4803-a020-f9406a7bd946', 'tag': '149fc9d2-d843-43bc-9edb-67ef6aa3ac5e', 'status': 'completed', 'code': 200}
2026-07-21 14:34:38.613 10 INFO neutron.db.ovn_revision_numbers_db [None req-f966a764-796a-444f-8651-ca29abef04a5 f39061cb4d91450bab1873ab34fec0b4 84670b3bae3148588e5458beb89d428b - - default default] Successfully bumped revision number for resource 46fa8e16-c322-4d44-aa2b-51bd6b78d2fd (type: floatingips) to 1
2026-07-21 14:34:38.614 10 INFO neutron.db.l3_db [None req-f966a764-796a-444f-8651-ca29abef04a5 f39061cb4d91450bab1873ab34fec0b4 84670b3bae3148588e5458beb89d428b - - default default] Floating IP 46fa8e16-c322-4d44-aa2b-51bd6b78d2fd associated. External IP: 10.96.250.210, port: 971c36cc-96b8-4c97-9e17-b93892189e72.
2026-07-21 14:34:38.671 10 INFO neutron.wsgi [None req-f966a764-796a-444f-8651-ca29abef04a5 f39061cb4d91450bab1873ab34fec0b4 84670b3bae3148588e5458beb89d428b - - default default] 10.0.0.21 "POST /v2.0/floatingips HTTP/1.1" status: 201 len: 1041 time: 3.2308161 /var/lib/openstack/lib/python3.10/site-packages/pycadf/identifier.py:71: UserWarning: Invalid uuid: neutron. To ensure interoperability, identifiers should be a valid uuid. warnings.warn(('Invalid uuid: %s. To ensure interoperability, '
2026-07-21 14:34:38.685 9 INFO neutron.wsgi [req-0ee1d5f7-f348-47a2-93a9-5c5fee0c90e6 req-b982ee59-8ebc-4a39-bf3b-96705abb1b45 3a68918bc1234747809bbcab9a8c748a cf209440a3674ffbbee6cfc755d67e31 - - 54de7a9fafb84e02afc76315b903ca50 54de7a9fafb84e02afc76315b903ca50] 199.204.45.129 "GET /v2.0/ports?tenant_id=af92c017f6c34aa8a49aefcd2563743a&device_id=9d4cc4d0-5744-4803-a020-f9406a7bd946 HTTP/1.1" status: 200 len: 1413 time: 0.0503559
2026-07-21 14:34:38.776 9 INFO neutron.wsgi [req-0ee1d5f7-f348-47a2-93a9-5c5fee0c90e6 req-3c990101-c0b2-4273-8216-3f545770d359 3a68918bc1234747809bbcab9a8c748a cf209440a3674ffbbee6cfc755d67e31 - - 54de7a9fafb84e02afc76315b903ca50 54de7a9fafb84e02afc76315b903ca50] 199.204.45.129 "GET /v2.0/networks?id=98272ef2-5222-4a90-849a-c6635b642ba7 HTTP/1.1" status: 200 len: 958 time: 0.0862081
2026-07-21 14:34:38.842 9 INFO neutron.wsgi [req-0ee1d5f7-f348-47a2-93a9-5c5fee0c90e6 req-38c53cf9-5217-4ddd-91bb-133e5c85ed06 3a68918bc1234747809bbcab9a8c748a cf209440a3674ffbbee6cfc755d67e31 - - 54de7a9fafb84e02afc76315b903ca50 54de7a9fafb84e02afc76315b903ca50] 199.204.45.129 "GET /v2.0/floatingips?fixed_ip_address=10.100.0.12&port_id=149fc9d2-d843-43bc-9edb-67ef6aa3ac5e HTTP/1.1" status: 200 len: 1060 time: 0.0606449
2026-07-21 14:34:38.883 9 INFO neutron.wsgi [req-0ee1d5f7-f348-47a2-93a9-5c5fee0c90e6 req-cdb03fb7-b747-4134-9dc7-7e5cb1ec4fa8 3a68918bc1234747809bbcab9a8c748a cf209440a3674ffbbee6cfc755d67e31 - - 54de7a9fafb84e02afc76315b903ca50 54de7a9fafb84e02afc76315b903ca50] 199.204.45.129 "GET /v2.0/subnets?id=e5a1d326-a598-49e3-871c-2f332d9b2320 HTTP/1.1" status: 200 len: 852 time: 0.0357332
2026-07-21 14:34:38.913 9 INFO neutron.wsgi [req-0ee1d5f7-f348-47a2-93a9-5c5fee0c90e6 req-6ae72237-1400-4e20-b79b-3611aef1a908 3a68918bc1234747809bbcab9a8c748a cf209440a3674ffbbee6cfc755d67e31 - - 54de7a9fafb84e02afc76315b903ca50 54de7a9fafb84e02afc76315b903ca50] 199.204.45.129 "GET /v2.0/ports?network_id=98272ef2-5222-4a90-849a-c6635b642ba7&device_owner=network%3Adhcp HTTP/1.1" status: 200 len: 210 time: 0.0240691
2026-07-21 14:34:38.966 10 INFO neutron.db.ovn_revision_numbers_db [None req-a33ec6d7-95ea-479c-bd52-7d10aec04360 f39061cb4d91450bab1873ab34fec0b4 84670b3bae3148588e5458beb89d428b - - default default] Successfully bumped revision number for resource 46fa8e16-c322-4d44-aa2b-51bd6b78d2fd (type: floatingips) to 2
2026-07-21 14:34:38.994 9 INFO neutron.wsgi [req-0ee1d5f7-f348-47a2-93a9-5c5fee0c90e6 req-cbda0e63-16c9-440a-b4d4-6201813b0c25 3a68918bc1234747809bbcab9a8c748a cf209440a3674ffbbee6cfc755d67e31 - - 54de7a9fafb84e02afc76315b903ca50 54de7a9fafb84e02afc76315b903ca50] 199.204.45.129 "GET /v2.0/networks/98272ef2-5222-4a90-849a-c6635b642ba7?fields=segments HTTP/1.1" status: 200 len: 212 time: 0.0732484
2026-07-21 14:34:39.045 10 INFO neutron.db.l3_db [None req-a33ec6d7-95ea-479c-bd52-7d10aec04360 f39061cb4d91450bab1873ab34fec0b4 84670b3bae3148588e5458beb89d428b - - default default] Floating IP 46fa8e16-c322-4d44-aa2b-51bd6b78d2fd disassociated. External IP: 10.96.250.210, port: 971c36cc-96b8-4c97-9e17-b93892189e72.
2026-07-21 14:34:39.066 9 INFO neutron.wsgi [req-0ee1d5f7-f348-47a2-93a9-5c5fee0c90e6 req-e2d86c23-9965-41e0-bfcc-43fbbb49de3d 3a68918bc1234747809bbcab9a8c748a cf209440a3674ffbbee6cfc755d67e31 - - 54de7a9fafb84e02afc76315b903ca50 54de7a9fafb84e02afc76315b903ca50] 199.204.45.129 "GET /v2.0/networks/98272ef2-5222-4a90-849a-c6635b642ba7?fields=provider%3Aphysical_network&fields=provider%3Anetwork_type HTTP/1.1" status: 200 len: 277 time: 0.0658731
