2026-07-21 14:33:10.572 10 INFO neutron.wsgi [None req-d34dc85e-98f9-4d80-9c02-e937a76428b4 9a1ee849e3274bc5bf4aab3a8486cfd5 282dbcc8e510400ab3ebf7d90b4d6c3c - - default default] 10.0.0.21 "GET /v2.0/extensions/trunk HTTP/1.1" status: 200 len: 358 time: 0.0052385
2026-07-21 14:33:10.584 10 INFO neutron.db.ovn_revision_numbers_db [None req-dce1dff9-19db-4234-875d-57ec29219792 aaf09a7d266440efab2f57dbd6c53e17 ff887c7d10544a709fad9c928a959a91 - - default default] Successfully bumped revision number for resource 502ffcec-6759-43c3-abfa-77b2d5d1ce66 (type: router_ports) to 1
2026-07-21 14:33:10.587 9 INFO neutron.wsgi [None req-ceaa41e9-9e69-4101-b03f-60d304e7f4f0 9a1ee849e3274bc5bf4aab3a8486cfd5 282dbcc8e510400ab3ebf7d90b4d6c3c - - default default] 10.0.0.21 "GET /v2.0/extensions/trunk-details HTTP/1.1" status: 200 len: 362 time: 0.0106988
2026-07-21 14:33:10.592 10 INFO neutron.wsgi [None req-dce1dff9-19db-4234-875d-57ec29219792 aaf09a7d266440efab2f57dbd6c53e17 ff887c7d10544a709fad9c928a959a91 - - default default] 10.0.0.21 "PUT /v2.0/routers/86e5d441-9c17-4eb4-92c0-6dc9f7ee4a9f/add_router_interface HTTP/1.1" status: 200 len: 503 time: 3.9711535
2026-07-21 14:33:10.596 9 INFO neutron.wsgi [None req-430c8ccb-93f9-4d85-b910-6de27d2a79ca 9a1ee849e3274bc5bf4aab3a8486cfd5 282dbcc8e510400ab3ebf7d90b4d6c3c - - default default] 10.0.0.21 "GET /v2.0/extensions/vpn-agent-scheduler HTTP/1.1" status: 200 len: 393 time: 0.0045145
2026-07-21 14:33:10.604 9 INFO neutron.wsgi [None req-bffb19a4-4a99-4b4a-8de7-4b68eff4220c 9a1ee849e3274bc5bf4aab3a8486cfd5 282dbcc8e510400ab3ebf7d90b4d6c3c - - default default] 10.0.0.21 "GET /v2.0/extensions/vpn-endpoint-groups HTTP/1.1" status: 200 len: 371 time: 0.0043976
2026-07-21 14:33:10.616 10 INFO neutron.wsgi [None req-8369b34e-b347-452f-ad80-bbf7f8942480 9a1ee849e3274bc5bf4aab3a8486cfd5 282dbcc8e510400ab3ebf7d90b4d6c3c - - default default] 10.0.0.21 "GET /v2.0/extensions/vpn-flavors HTTP/1.1" status: 200 len: 376 time: 0.0065100
2026-07-21 14:33:10.628 10 INFO neutron.wsgi [None req-a49e323e-6268-4dd8-a6d9-b43dbd0703af 9a1ee849e3274bc5bf4aab3a8486cfd5 282dbcc8e510400ab3ebf7d90b4d6c3c - - default default] 10.0.0.21 "GET /v2.0/extensions/vpnaas HTTP/1.1" status: 200 len: 348 time: 0.0062814
2026-07-21 14:33:10.781 9 WARNING neutron_lib.context [None req-50bec0eb-ca18-4bba-9afe-b21056d62912 f3f14e13526b43008e1980b75816f45a 6eb55c0fe5f64a50bd4019411864736d - - default default] Method 'is_advsvc' is deprecated since 2023.2 release (neutron-lib 3.8.0) and will be removed once support for the old RBAC API policies will be removed from Neutron. Please use method 'is_service_role' instead.
2026-07-21 14:33:10.926 9 INFO neutron.db.ovn_revision_numbers_db [None req-50bec0eb-ca18-4bba-9afe-b21056d62912 f3f14e13526b43008e1980b75816f45a 6eb55c0fe5f64a50bd4019411864736d - - default default] Successfully bumped revision number for resource df6a0939-122d-4099-8e59-d2bf09c53381 (type: security_groups) to 1
2026-07-21 14:33:10.943 9 INFO neutron.db.ovn_revision_numbers_db [None req-50bec0eb-ca18-4bba-9afe-b21056d62912 f3f14e13526b43008e1980b75816f45a 6eb55c0fe5f64a50bd4019411864736d - - default default] Successfully bumped revision number for resource 1c182743-fdc1-49af-a9e7-7283ad510ad7 (type: security_group_rules) to 0
2026-07-21 14:33:10.957 9 INFO neutron.db.ovn_revision_numbers_db [None req-50bec0eb-ca18-4bba-9afe-b21056d62912 f3f14e13526b43008e1980b75816f45a 6eb55c0fe5f64a50bd4019411864736d - - default default] Successfully bumped revision number for resource 8da7b651-2305-44de-836e-fd2ae87b6aad (type: security_group_rules) to 0
2026-07-21 14:33:10.975 9 INFO neutron.db.ovn_revision_numbers_db [None req-50bec0eb-ca18-4bba-9afe-b21056d62912 f3f14e13526b43008e1980b75816f45a 6eb55c0fe5f64a50bd4019411864736d - - default default] Successfully bumped revision number for resource deaa5c09-1375-4b63-ab2e-76bb206259b1 (type: security_group_rules) to 0
2026-07-21 14:33:10.989 9 INFO neutron.db.ovn_revision_numbers_db [None req-50bec0eb-ca18-4bba-9afe-b21056d62912 f3f14e13526b43008e1980b75816f45a 6eb55c0fe5f64a50bd4019411864736d - - default default] Successfully bumped revision number for resource fe78ed4b-8c6b-4c4a-9449-c9d106237f7b (type: security_group_rules) to 0
2026-07-21 14:33:11.084 9 INFO neutron.db.ovn_revision_numbers_db [None req-50bec0eb-ca18-4bba-9afe-b21056d62912 f3f14e13526b43008e1980b75816f45a 6eb55c0fe5f64a50bd4019411864736d - - default default] Successfully bumped revision number for resource 059acb55-09e0-40a0-aeaa-ab2a560a53e4 (type: security_groups) to 1
2026-07-21 14:33:11.095 9 INFO neutron.db.ovn_revision_numbers_db [None req-50bec0eb-ca18-4bba-9afe-b21056d62912 f3f14e13526b43008e1980b75816f45a 6eb55c0fe5f64a50bd4019411864736d - - default default] Successfully bumped revision number for resource 93da5b52-45cd-4cc3-9abe-cc42c8ca961e (type: security_group_rules) to 0
2026-07-21 14:33:11.112 9 INFO neutron.db.ovn_revision_numbers_db [None req-50bec0eb-ca18-4bba-9afe-b21056d62912 f3f14e13526b43008e1980b75816f45a 6eb55c0fe5f64a50bd4019411864736d - - default default] Successfully bumped revision number for resource c597852b-fa0e-4a58-ba90-b8631e125987 (type: security_group_rules) to 0
2026-07-21 14:33:11.134 9 INFO neutron.wsgi [None req-50bec0eb-ca18-4bba-9afe-b21056d62912 f3f14e13526b43008e1980b75816f45a 6eb55c0fe5f64a50bd4019411864736d - - default default] 10.0.0.21 "POST /v2.0/security-groups HTTP/1.1" status: 201 len: 1824 time: 0.5268502
2026-07-21 14:33:11.197 10 INFO neutron.wsgi [None req-cacf6a18-98c2-4a6a-8919-cf025144a425 f3f14e13526b43008e1980b75816f45a 6eb55c0fe5f64a50bd4019411864736d - - default default] 10.0.0.21 "GET /v2.0/security-groups HTTP/1.1" status: 200 len: 4724 time: 0.0554142
2026-07-21 14:33:11.281 10 INFO neutron.db.ovn_revision_numbers_db [None req-01140ef0-4ab3-4bf3-b65b-d798dc3d84e7 f3f14e13526b43008e1980b75816f45a 6eb55c0fe5f64a50bd4019411864736d - - default default] Successfully bumped revision number for resource 059acb55-09e0-40a0-aeaa-ab2a560a53e4 (type: security_groups) to 2
2026-07-21 14:33:11.285 10 INFO neutron.wsgi [None req-01140ef0-4ab3-4bf3-b65b-d798dc3d84e7 f3f14e13526b43008e1980b75816f45a 6eb55c0fe5f64a50bd4019411864736d - - default default] 10.0.0.21 "PUT /v2.0/security-groups/059acb55-09e0-40a0-aeaa-ab2a560a53e4 HTTP/1.1" status: 200 len: 1858 time: 0.0843184
2026-07-21 14:33:11.293 10 WARNING neutron_lib.context [None req-5d59749f-6972-44de-8b00-b5a8143bdc77 26c8041311e3417ebb5bf0e454265b92 fef6e08ae06346158b58621bd1cb1334 - - default default] Method 'is_advsvc' is deprecated since 2023.2 release (neutron-lib 3.8.0) and will be removed once support for the old RBAC API policies will be removed from Neutron. Please use method 'is_service_role' instead.
2026-07-21 14:33:11.325 9 INFO neutron.wsgi [None req-f26c10aa-d88a-4d7c-ac20-de8e7654dd34 f3f14e13526b43008e1980b75816f45a 6eb55c0fe5f64a50bd4019411864736d - - default default] 10.0.0.21 "GET /v2.0/security-groups/059acb55-09e0-40a0-aeaa-ab2a560a53e4 HTTP/1.1" status: 200 len: 1858 time: 0.0335073
2026-07-21 14:33:11.416 10 INFO neutron.db.ovn_revision_numbers_db [None req-5d59749f-6972-44de-8b00-b5a8143bdc77 26c8041311e3417ebb5bf0e454265b92 fef6e08ae06346158b58621bd1cb1334 - - default default] Successfully bumped revision number for resource 3b4b7cd7-d4f3-4de3-b3df-2d6a836c3151 (type: security_groups) to 1
2026-07-21 14:33:11.433 10 INFO neutron.db.ovn_revision_numbers_db [None req-5d59749f-6972-44de-8b00-b5a8143bdc77 26c8041311e3417ebb5bf0e454265b92 fef6e08ae06346158b58621bd1cb1334 - - default default] Successfully bumped revision number for resource 1728f0d1-c52d-4673-9e04-3d81798d01cc (type: security_group_rules) to 0
2026-07-21 14:33:11.446 9 INFO neutron.db.ovn_revision_numbers_db [None req-9543ff81-080f-4de3-b04d-3a3ce00e3257 aaf09a7d266440efab2f57dbd6c53e17 ff887c7d10544a709fad9c928a959a91 - - default default] Successfully bumped revision number for resource 90ac222b-c31a-4638-a45e-8341e9cc9521 (type: security_groups) to 1
2026-07-21 14:33:11.450 10 INFO neutron.db.ovn_revision_numbers_db [None req-5d59749f-6972-44de-8b00-b5a8143bdc77 26c8041311e3417ebb5bf0e454265b92 fef6e08ae06346158b58621bd1cb1334 - - default default] Successfully bumped revision number for resource e921e177-cd89-4d3f-9153-6cf88b4b946f (type: security_group_rules) to 0
2026-07-21 14:33:11.467 9 INFO neutron.wsgi [None req-94af22f6-50c4-438d-87ea-d06cd299dea6 f3f14e13526b43008e1980b75816f45a 6eb55c0fe5f64a50bd4019411864736d - - default default] 10.0.0.21 "DELETE /v2.0/security-groups/059acb55-09e0-40a0-aeaa-ab2a560a53e4 HTTP/1.1" status: 204 len: 168 time: 0.1365113
2026-07-21 14:33:11.469 9 INFO neutron.db.ovn_revision_numbers_db [None req-9543ff81-080f-4de3-b04d-3a3ce00e3257 aaf09a7d266440efab2f57dbd6c53e17 ff887c7d10544a709fad9c928a959a91 - - default default] Successfully bumped revision number for resource 1bf15430-61ca-4fa1-b85c-07e3a5fd7c05 (type: security_group_rules) to 0
2026-07-21 14:33:11.476 10 INFO neutron.wsgi [None req-5d59749f-6972-44de-8b00-b5a8143bdc77 26c8041311e3417ebb5bf0e454265b92 fef6e08ae06346158b58621bd1cb1334 - - default default] 10.0.0.21 "POST /v2.0/security-groups HTTP/1.1" status: 201 len: 1860 time: 0.1875412
2026-07-21 14:33:11.489 9 WARNING neutron_lib.context [None req-6f096962-893f-4bcd-8a94-90979caca319 26c8041311e3417ebb5bf0e454265b92 fef6e08ae06346158b58621bd1cb1334 - - default default] Method 'is_advsvc' is deprecated since 2023.2 release (neutron-lib 3.8.0) and will be removed once support for the old RBAC API policies will be removed from Neutron. Please use method 'is_service_role' instead.
2026-07-21 14:33:11.501 9 INFO neutron.db.ovn_revision_numbers_db [None req-9543ff81-080f-4de3-b04d-3a3ce00e3257 aaf09a7d266440efab2f57dbd6c53e17 ff887c7d10544a709fad9c928a959a91 - - default default] Successfully bumped revision number for resource 4f6916e4-b2ff-4d29-afce-9da4c6e6e4e9 (type: security_group_rules) to 0
2026-07-21 14:33:11.536 9 INFO neutron.db.ovn_revision_numbers_db [None req-9543ff81-080f-4de3-b04d-3a3ce00e3257 aaf09a7d266440efab2f57dbd6c53e17 ff887c7d10544a709fad9c928a959a91 - - default default] Successfully bumped revision number for resource aaa6706d-e1db-49a2-9d7e-7f0eae4271a4 (type: security_group_rules) to 0
2026-07-21 14:33:11.547 9 INFO neutron.wsgi [None req-d4450aa2-734d-425d-be7c-4136ec604e50 f3f14e13526b43008e1980b75816f45a 6eb55c0fe5f64a50bd4019411864736d - - default default] 10.0.0.21 "GET /v2.0/security-groups HTTP/1.1" status: 200 len: 3120 time: 0.0750253
2026-07-21 14:33:11.558 9 INFO neutron.db.ovn_revision_numbers_db [None req-9543ff81-080f-4de3-b04d-3a3ce00e3257 aaf09a7d266440efab2f57dbd6c53e17 ff887c7d10544a709fad9c928a959a91 - - default default] Successfully bumped revision number for resource c21f78b3-58b5-4a9a-83bc-f94ba40b3cff (type: security_group_rules) to 0
2026-07-21 14:33:11.570 10 INFO neutron.api.v2.resource [None req-f35e625e-fb57-40f1-925c-743386833927 f3f14e13526b43008e1980b75816f45a 6eb55c0fe5f64a50bd4019411864736d - - default default] delete failed (client error): The resource could not be found.
2026-07-21 14:33:11.571 10 INFO neutron.wsgi [None req-f35e625e-fb57-40f1-925c-743386833927 f3f14e13526b43008e1980b75816f45a 6eb55c0fe5f64a50bd4019411864736d - - default default] 10.0.0.21 "DELETE /v2.0/security-groups/059acb55-09e0-40a0-aeaa-ab2a560a53e4 HTTP/1.1" status: 404 len: 347 time: 0.0183597
2026-07-21 14:33:11.580 9 INFO neutron.wsgi [None req-9543ff81-080f-4de3-b04d-3a3ce00e3257 aaf09a7d266440efab2f57dbd6c53e17 ff887c7d10544a709fad9c928a959a91 - - default default] 10.0.0.21 "GET /v2.0/security-groups?tenant_id=282dbcc8e510400ab3ebf7d90b4d6c3c&name=default HTTP/1.1" status: 200 len: 3120 time: 0.3904576
2026-07-21 14:33:11.586 10 WARNING neutron_lib.context [None req-3e7038c9-765a-4125-b6dd-07b791d2c71d f3f14e13526b43008e1980b75816f45a 6eb55c0fe5f64a50bd4019411864736d - - default default] Method 'is_advsvc' is deprecated since 2023.2 release (neutron-lib 3.8.0) and will be removed once support for the old RBAC API policies will be removed from Neutron. Please use method 'is_service_role' instead.
2026-07-21 14:33:11.697 10 INFO neutron.wsgi [None req-2e3ced58-59ce-4adb-9baa-8bcd8672431e f2be2dd122f84fabaa173c349cf6da5a 12ef06a3d8c94b438814047fe578700f - - default default] 10.0.0.21 "DELETE /v2.0/security-groups/c2c2d318-0f05-40a8-93f5-d479b60efb7b HTTP/1.1" status: 204 len: 168 time: 0.1757956
2026-07-21 14:33:11.708 9 INFO neutron.db.ovn_revision_numbers_db [None req-6f096962-893f-4bcd-8a94-90979caca319 26c8041311e3417ebb5bf0e454265b92 fef6e08ae06346158b58621bd1cb1334 - - default default] Successfully bumped revision number for resource c1d84ac7-1755-4278-a6b3-1b6be75f3762 (type: security_group_rules) to 0
2026-07-21 14:33:11.713 10 INFO neutron.api.v2.resource [None req-05572a49-9301-43ac-a16e-53109348aab7 f2be2dd122f84fabaa173c349cf6da5a 12ef06a3d8c94b438814047fe578700f - - default default] show failed (client error): The resource could not be found.
2026-07-21 14:33:11.714 10 INFO neutron.wsgi [None req-05572a49-9301-43ac-a16e-53109348aab7 f2be2dd122f84fabaa173c349cf6da5a 12ef06a3d8c94b438814047fe578700f - - default default] 10.0.0.21 "GET /v2.0/security-groups/c2c2d318-0f05-40a8-93f5-d479b60efb7b HTTP/1.1" status: 404 len: 347 time: 0.0111964
2026-07-21 14:33:11.744 9 INFO neutron.wsgi [None req-6f096962-893f-4bcd-8a94-90979caca319 26c8041311e3417ebb5bf0e454265b92 fef6e08ae06346158b58621bd1cb1334 - - default default] 10.0.0.21 "POST /v2.0/security-group-rules HTTP/1.1" status: 201 len: 796 time: 0.2627990
2026-07-21 14:33:11.753 9 WARNING neutron_lib.context [None req-f821e2d2-7582-4bd8-8cec-71de893fe2b5 26c8041311e3417ebb5bf0e454265b92 fef6e08ae06346158b58621bd1cb1334 - - default default] Method 'is_advsvc' is deprecated since 2023.2 release (neutron-lib 3.8.0) and will be removed once support for the old RBAC API policies will be removed from Neutron. Please use method 'is_service_role' instead.
2026-07-21 14:33:11.759 10 INFO neutron.db.ovn_revision_numbers_db [None req-3e7038c9-765a-4125-b6dd-07b791d2c71d f3f14e13526b43008e1980b75816f45a 6eb55c0fe5f64a50bd4019411864736d - - default default] Successfully bumped revision number for resource d2f5cf47-32fa-4cea-96f9-5f9660713422 (type: security_groups) to 1
2026-07-21 14:33:11.787 10 INFO neutron.db.ovn_revision_numbers_db [None req-3e7038c9-765a-4125-b6dd-07b791d2c71d f3f14e13526b43008e1980b75816f45a 6eb55c0fe5f64a50bd4019411864736d - - default default] Successfully bumped revision number for resource 62675f50-90d2-49ae-a1f0-33ba3127614c (type: security_group_rules) to 0
2026-07-21 14:33:11.811 10 INFO neutron.db.ovn_revision_numbers_db [None req-3e7038c9-765a-4125-b6dd-07b791d2c71d f3f14e13526b43008e1980b75816f45a 6eb55c0fe5f64a50bd4019411864736d - - default default] Successfully bumped revision number for resource 750afb67-bbfd-4593-a1b7-16a4d135a0aa (type: security_group_rules) to 0
2026-07-21 14:33:11.835 10 INFO neutron.wsgi [None req-3e7038c9-765a-4125-b6dd-07b791d2c71d f3f14e13526b43008e1980b75816f45a 6eb55c0fe5f64a50bd4019411864736d - - default default] 10.0.0.21 "POST /v2.0/security-groups HTTP/1.1" status: 201 len: 1824 time: 0.2555444
2026-07-21 14:33:11.845 10 WARNING neutron_lib.context [None req-5ae25707-927e-41c3-a0c7-df5b1180b8e7 f3f14e13526b43008e1980b75816f45a 6eb55c0fe5f64a50bd4019411864736d - - default default] Method 'is_advsvc' is deprecated since 2023.2 release (neutron-lib 3.8.0) and will be removed once support for the old RBAC API policies will be removed from Neutron. Please use method 'is_service_role' instead.
2026-07-21 14:33:11.864 9 INFO neutron.wsgi [None req-d0351234-22a5-4470-8099-1737406fc858 aaf09a7d266440efab2f57dbd6c53e17 ff887c7d10544a709fad9c928a959a91 - - default default] 10.0.0.21 "DELETE /v2.0/security-groups/90ac222b-c31a-4638-a45e-8341e9cc9521 HTTP/1.1" status: 204 len: 168 time: 0.2782750
2026-07-21 14:33:11.905 9 INFO neutron.db.ovn_revision_numbers_db [None req-f821e2d2-7582-4bd8-8cec-71de893fe2b5 26c8041311e3417ebb5bf0e454265b92 fef6e08ae06346158b58621bd1cb1334 - - default default] Successfully bumped revision number for resource e269d42d-31af-4f06-8dd7-7919dcbf2a88 (type: security_group_rules) to 0
2026-07-21 14:33:11.943 9 INFO neutron.wsgi [None req-f821e2d2-7582-4bd8-8cec-71de893fe2b5 26c8041311e3417ebb5bf0e454265b92 fef6e08ae06346158b58621bd1cb1334 - - default default] 10.0.0.21 "POST /v2.0/security-group-rules HTTP/1.1" status: 201 len: 801 time: 0.1954970
2026-07-21 14:33:11.957 9 WARNING neutron_lib.context [None req-5ec4084b-d798-473b-9b7d-be3e93d9d00f 26c8041311e3417ebb5bf0e454265b92 fef6e08ae06346158b58621bd1cb1334 - - default default] Method 'is_advsvc' is deprecated since 2023.2 release (neutron-lib 3.8.0) and will be removed once support for the old RBAC API policies will be removed from Neutron. Please use method 'is_service_role' instead.
2026-07-21 14:33:12.082 10 INFO neutron.db.ovn_revision_numbers_db [None req-5ae25707-927e-41c3-a0c7-df5b1180b8e7 f3f14e13526b43008e1980b75816f45a 6eb55c0fe5f64a50bd4019411864736d - - default default] Successfully bumped revision number for resource 4670615a-d61a-443f-bb51-0fdad87601e3 (type: security_group_rules) to 0
2026-07-21 14:33:12.124 10 INFO neutron.wsgi [None req-5ae25707-927e-41c3-a0c7-df5b1180b8e7 f3f14e13526b43008e1980b75816f45a 6eb55c0fe5f64a50bd4019411864736d - - default default] 10.0.0.21 "POST /v2.0/security-group-rules HTTP/1.1" status: 201 len: 800 time: 0.2832205
2026-07-21 14:33:12.153 10 INFO neutron.wsgi [None req-c0fcbecc-76a3-413d-a8e4-c7aea134ed62 f3f14e13526b43008e1980b75816f45a 6eb55c0fe5f64a50bd4019411864736d - - default default] 10.0.0.21 "GET /v2.0/security-group-rules/4670615a-d61a-443f-bb51-0fdad87601e3 HTTP/1.1" status: 200 len: 795 time: 0.0189981
2026-07-21 14:33:12.190 10 INFO neutron.wsgi [None req-f9530421-5874-47b4-a5d4-ab7a56cc4046 f2be2dd122f84fabaa173c349cf6da5a 12ef06a3d8c94b438814047fe578700f - - default default] 10.0.0.21 "DELETE /v2.0/floatingips/6d71d3fa-5ec4-4353-8b4f-948d154167f3 HTTP/1.1" status: 204 len: 168 time: 0.4693806
2026-07-21 14:33:12.278 9 INFO neutron.wsgi [None req-4898272d-e9c0-40ba-887b-ec3b1c75e7d7 f3f14e13526b43008e1980b75816f45a 6eb55c0fe5f64a50bd4019411864736d - - default default] 10.0.0.21 "GET /v2.0/security-group-rules HTTP/1.1" status: 200 len: 4333 time: 0.1187742
2026-07-21 14:33:12.286 9 WARNING neutron.scheduler.dhcp_agent_scheduler [None req-5ec4084b-d798-473b-9b7d-be3e93d9d00f 26c8041311e3417ebb5bf0e454265b92 fef6e08ae06346158b58621bd1cb1334 - - default default] No more DHCP agents
2026-07-21 14:33:12.288 9 WARNING neutron.api.rpc.agentnotifiers.dhcp_rpc_agent_api [None req-5ec4084b-d798-473b-9b7d-be3e93d9d00f 26c8041311e3417ebb5bf0e454265b92 fef6e08ae06346158b58621bd1cb1334 - - default default] Unable to schedule network 4b3149dc-3d64-47b9-87b8-94a2e620dd09: no agents available; will retry on subsequent port and subnet creation events.
2026-07-21 14:33:12.455 10 INFO neutron.wsgi [None req-cca1aff4-0cf9-435e-9151-d03ab899627d f3f14e13526b43008e1980b75816f45a 6eb55c0fe5f64a50bd4019411864736d - - default default] 10.0.0.21 "DELETE /v2.0/security-group-rules/4670615a-d61a-443f-bb51-0fdad87601e3 HTTP/1.1" status: 204 len: 168 time: 0.1708438
2026-07-21 14:33:12.553 10 INFO neutron.wsgi [None req-1d39e661-a595-45a8-bce4-c450211b1d3b f3f14e13526b43008e1980b75816f45a 6eb55c0fe5f64a50bd4019411864736d - - default default] 10.0.0.21 "GET /v2.0/security-group-rules HTTP/1.1" status: 200 len: 3755 time: 0.0923221
2026-07-21 14:33:12.565 9 WARNING neutron_lib.context [None req-58e33788-74e7-4f0c-b84c-504046671574 f3f14e13526b43008e1980b75816f45a 6eb55c0fe5f64a50bd4019411864736d - - default default] Method 'is_advsvc' is deprecated since 2023.2 release (neutron-lib 3.8.0) and will be removed once support for the old RBAC API policies will be removed from Neutron. Please use method 'is_service_role' instead.
2026-07-21 14:33:12.639 9 INFO neutron.wsgi [None req-5ec4084b-d798-473b-9b7d-be3e93d9d00f 26c8041311e3417ebb5bf0e454265b92 fef6e08ae06346158b58621bd1cb1334 - - default default] 10.0.0.21 "POST /v2.0/floatingips HTTP/1.1" status: 201 len: 751 time: 0.6888857
2026-07-21 14:33:12.716 9 INFO neutron.db.ovn_revision_numbers_db [None req-58e33788-74e7-4f0c-b84c-504046671574 f3f14e13526b43008e1980b75816f45a 6eb55c0fe5f64a50bd4019411864736d - - default default] Successfully bumped revision number for resource b8e86def-63e6-4bc3-b169-194fb597290c (type: security_group_rules) to 0
2026-07-21 14:33:12.744 9 INFO neutron.wsgi [None req-58e33788-74e7-4f0c-b84c-504046671574 f3f14e13526b43008e1980b75816f45a 6eb55c0fe5f64a50bd4019411864736d - - default default] 10.0.0.21 "POST /v2.0/security-group-rules HTTP/1.1" status: 201 len: 800 time: 0.1841440
2026-07-21 14:33:12.767 10 INFO neutron.wsgi [None req-51b3547c-6c2e-4021-9323-92bbf139a607 f3f14e13526b43008e1980b75816f45a 6eb55c0fe5f64a50bd4019411864736d - - default default] 10.0.0.21 "GET /v2.0/security-group-rules/b8e86def-63e6-4bc3-b169-194fb597290c HTTP/1.1" status: 200 len: 795 time: 0.0191183
2026-07-21 14:33:12.901 10 INFO neutron.wsgi [None req-420fab29-370e-46ab-a9ac-2a3afef4ba3a f3f14e13526b43008e1980b75816f45a 6eb55c0fe5f64a50bd4019411864736d - - default default] 10.0.0.21 "GET /v2.0/security-group-rules HTTP/1.1" status: 200 len: 4333 time: 0.1293209
2026-07-21 14:33:13.065 9 INFO neutron.wsgi [None req-59b257e1-34b8-4a53-bb46-c6431d0ca3eb f3f14e13526b43008e1980b75816f45a 6eb55c0fe5f64a50bd4019411864736d - - default default] 10.0.0.21 "DELETE /v2.0/security-group-rules/b8e86def-63e6-4bc3-b169-194fb597290c HTTP/1.1" status: 204 len: 168 time: 0.1590021
2026-07-21 14:33:13.183 10 INFO neutron.wsgi [None req-601e9c94-deaa-41db-b6d8-edff0f30c4a1 f3f14e13526b43008e1980b75816f45a 6eb55c0fe5f64a50bd4019411864736d - - default default] 10.0.0.21 "GET /v2.0/security-group-rules HTTP/1.1" status: 200 len: 3755 time: 0.1099920
2026-07-21 14:33:13.197 10 WARNING neutron_lib.context [None req-fd1977b9-fe93-4817-9bdc-c601103faf1d f3f14e13526b43008e1980b75816f45a 6eb55c0fe5f64a50bd4019411864736d - - default default] Method 'is_advsvc' is deprecated since 2023.2 release (neutron-lib 3.8.0) and will be removed once support for the old RBAC API policies will be removed from Neutron. Please use method 'is_service_role' instead.
2026-07-21 14:33:13.250 10 INFO neutron.db.securitygroups_db [None req-fd1977b9-fe93-4817-9bdc-c601103faf1d f3f14e13526b43008e1980b75816f45a 6eb55c0fe5f64a50bd4019411864736d - - default default] Project 6eb55c0fe5f64a50bd4019411864736d added a security group rule with legacy IPv6 ICMP protocol name icmp, ipv6-icmp should be used instead. It was automatically converted.
2026-07-21 14:33:13.654 10 INFO neutron.db.ovn_revision_numbers_db [None req-fd1977b9-fe93-4817-9bdc-c601103faf1d f3f14e13526b43008e1980b75816f45a 6eb55c0fe5f64a50bd4019411864736d - - default default] Successfully bumped revision number for resource 3a50f937-887a-4974-bba5-c6f4aff578bb (type: security_group_rules) to 0
2026-07-21 14:33:13.691 10 INFO neutron.wsgi [None req-fd1977b9-fe93-4817-9bdc-c601103faf1d f3f14e13526b43008e1980b75816f45a 6eb55c0fe5f64a50bd4019411864736d - - default default] 10.0.0.21 "POST /v2.0/security-group-rules HTTP/1.1" status: 201 len: 806 time: 0.5018671
2026-07-21 14:33:13.741 9 INFO neutron.wsgi [None req-a2e92232-4fd1-4803-8146-d6d5b4055a0b f3f14e13526b43008e1980b75816f45a 6eb55c0fe5f64a50bd4019411864736d - - default default] 10.0.0.21 "GET /v2.0/security-group-rules/3a50f937-887a-4974-bba5-c6f4aff578bb HTTP/1.1" status: 200 len: 801 time: 0.0414984
2026-07-21 14:33:13.881 9 WARNING neutron_lib.context [None req-e77b68a2-c778-4315-a438-b4628a3883cf 22b8d03ca755478fbe635c7b9fead981 21cc0c8670db47b69b5a41f202a32078 - - default default] Method 'is_advsvc' is deprecated since 2023.2 release (neutron-lib 3.8.0) and will be removed once support for the old RBAC API policies will be removed from Neutron. Please use method 'is_service_role' instead.
2026-07-21 14:33:13.882 9 WARNING neutron_lib.context [None req-e77b68a2-c778-4315-a438-b4628a3883cf 22b8d03ca755478fbe635c7b9fead981 21cc0c8670db47b69b5a41f202a32078 - - default default] Method 'is_advsvc' is deprecated since 2023.2 release (neutron-lib 3.8.0) and will be removed once support for the old RBAC API policies will be removed from Neutron. Please use method 'is_service_role' instead.
2026-07-21 14:33:13.883 10 INFO neutron.wsgi [None req-c5449c8d-528c-4532-ae97-198c00bbb532 aaf09a7d266440efab2f57dbd6c53e17 ff887c7d10544a709fad9c928a959a91 - - default default] 10.0.0.21 "PUT /v2.0/routers/5fcf1084-3c34-40bc-8fbe-8dfcf4451128/remove_router_interface HTTP/1.1" status: 200 len: 503 time: 1.6880233
2026-07-21 14:33:13.913 10 INFO neutron.wsgi [None req-597a0ffa-0ed8-475a-8711-7d18e53d02f3 f3f14e13526b43008e1980b75816f45a 6eb55c0fe5f64a50bd4019411864736d - - default default] 10.0.0.21 "GET /v2.0/security-group-rules HTTP/1.1" status: 200 len: 4339 time: 0.1597803 /var/lib/openstack/lib/python3.10/site-packages/pycadf/identifier.py:71: UserWarning: Invalid uuid: neutron. To ensure interoperability, identifiers should be a valid uuid. warnings.warn(('Invalid uuid: %s. To ensure interoperability, '
2026-07-21 14:33:14.065 10 INFO neutron.wsgi [None req-7104051b-f74c-46df-a4cb-64c7aa0c823e f3f14e13526b43008e1980b75816f45a 6eb55c0fe5f64a50bd4019411864736d - - default default] 10.0.0.21 "DELETE /v2.0/security-group-rules/3a50f937-887a-4974-bba5-c6f4aff578bb HTTP/1.1" status: 204 len: 168 time: 0.1457028
2026-07-21 14:33:14.152 10 INFO neutron.wsgi [None req-04044bbd-540e-466f-9fc4-3cba9f2c7668 f3f14e13526b43008e1980b75816f45a 6eb55c0fe5f64a50bd4019411864736d - - default default] 10.0.0.21 "GET /v2.0/security-group-rules HTTP/1.1" status: 200 len: 3755 time: 0.0821073
2026-07-21 14:33:14.185 9 INFO neutron.db.ovn_revision_numbers_db [None req-e77b68a2-c778-4315-a438-b4628a3883cf 22b8d03ca755478fbe635c7b9fead981 21cc0c8670db47b69b5a41f202a32078 - - default default] Successfully bumped revision number for resource 2bd69503-6aae-475d-9eb0-a89957658fce (type: security_groups) to 1
2026-07-21 14:33:14.211 9 INFO neutron.db.ovn_revision_numbers_db [None req-e77b68a2-c778-4315-a438-b4628a3883cf 22b8d03ca755478fbe635c7b9fead981 21cc0c8670db47b69b5a41f202a32078 - - default default] Successfully bumped revision number for resource 5bc5fb88-efef-47b5-a110-230a8926f54e (type: security_group_rules) to 0
2026-07-21 14:33:14.230 9 INFO neutron.db.ovn_revision_numbers_db [None req-e77b68a2-c778-4315-a438-b4628a3883cf 22b8d03ca755478fbe635c7b9fead981 21cc0c8670db47b69b5a41f202a32078 - - default default] Successfully bumped revision number for resource 962b088e-bd0f-465f-b53c-199d841117fb (type: security_group_rules) to 0
2026-07-21 14:33:14.254 9 INFO neutron.db.ovn_revision_numbers_db [None req-e77b68a2-c778-4315-a438-b4628a3883cf 22b8d03ca755478fbe635c7b9fead981 21cc0c8670db47b69b5a41f202a32078 - - default default] Successfully bumped revision number for resource bf66ac0d-7d2c-4b32-bf95-cf65eb57a523 (type: security_group_rules) to 0
2026-07-21 14:33:14.269 9 INFO neutron.db.ovn_revision_numbers_db [None req-e77b68a2-c778-4315-a438-b4628a3883cf 22b8d03ca755478fbe635c7b9fead981 21cc0c8670db47b69b5a41f202a32078 - - default default] Successfully bumped revision number for resource f2800cf0-83b9-449b-a0c6-86f2b3c9f420 (type: security_group_rules) to 0
2026-07-21 14:33:14.306 10 INFO neutron.wsgi [None req-7d8464bc-1683-4422-945c-13228a8e233a f3f14e13526b43008e1980b75816f45a 6eb55c0fe5f64a50bd4019411864736d - - default default] 10.0.0.21 "DELETE /v2.0/security-groups/d2f5cf47-32fa-4cea-96f9-5f9660713422 HTTP/1.1" status: 204 len: 168 time: 0.1438830
2026-07-21 14:33:14.367 10 INFO neutron.wsgi [None req-d60a07f6-a809-4e33-bc78-a18385dd9489 f3f14e13526b43008e1980b75816f45a 6eb55c0fe5f64a50bd4019411864736d - - default default] 10.0.0.21 "GET /v2.0/security-groups HTTP/1.1" status: 200 len: 3120 time: 0.0559690
2026-07-21 14:33:14.392 9 INFO neutron.db.segments_db [None req-e77b68a2-c778-4315-a438-b4628a3883cf 22b8d03ca755478fbe635c7b9fead981 21cc0c8670db47b69b5a41f202a32078 - - default default] Added segment 2a8fea8c-f5cf-4e44-bd5d-544f73f5c2fc of type geneve for network e4321ccd-d01f-4ad9-9bed-694a5f6a5790
2026-07-21 14:33:14.420 10 INFO neutron.wsgi [None req-dc25a774-2de0-44f2-a676-004c4cd87051 f3f14e13526b43008e1980b75816f45a 6eb55c0fe5f64a50bd4019411864736d - - default default] 10.0.0.21 "GET /v2.0/security-groups HTTP/1.1" status: 200 len: 3120 time: 0.0445569
2026-07-21 14:33:14.555 9 INFO neutron.db.segments_db [None req-e77b68a2-c778-4315-a438-b4628a3883cf 22b8d03ca755478fbe635c7b9fead981 21cc0c8670db47b69b5a41f202a32078 - - default default] Added segment ea777838-15a7-4b86-9143-87ca18a27e56 of type geneve for network eb3e2a45-2997-44ac-858b-6daa8784b2bc
2026-07-21 14:33:14.778 9 INFO neutron.db.ovn_revision_numbers_db [None req-e77b68a2-c778-4315-a438-b4628a3883cf 22b8d03ca755478fbe635c7b9fead981 21cc0c8670db47b69b5a41f202a32078 - - default default] Successfully bumped revision number for resource e4321ccd-d01f-4ad9-9bed-694a5f6a5790 (type: networks) to 1
2026-07-21 14:33:15.179 10 INFO neutron.wsgi [None req-427f337b-b0d3-4a1e-8804-406140401d95 aaf09a7d266440efab2f57dbd6c53e17 ff887c7d10544a709fad9c928a959a91 - - default default] 10.0.0.21 "GET /v2.0/security-groups?tenant_id=6eb55c0fe5f64a50bd4019411864736d&name=default HTTP/1.1" status: 200 len: 3120 time: 0.1728935
2026-07-21 14:33:15.356 9 INFO neutron.wsgi [None req-7a0acc07-2a97-4b4a-9475-bc1a0174cdaf aaf09a7d266440efab2f57dbd6c53e17 ff887c7d10544a709fad9c928a959a91 - - default default] 10.0.0.21 "DELETE /v2.0/routers/5fcf1084-3c34-40bc-8fbe-8dfcf4451128 HTTP/1.1" status: 204 len: 168 time: 1.4648099
2026-07-21 14:33:15.358 9 WARNING neutron.scheduler.dhcp_agent_scheduler [None req-e77b68a2-c778-4315-a438-b4628a3883cf 22b8d03ca755478fbe635c7b9fead981 21cc0c8670db47b69b5a41f202a32078 - - default default] No more DHCP agents
2026-07-21 14:33:15.379 9 WARNING neutron.api.rpc.agentnotifiers.dhcp_rpc_agent_api [None req-e77b68a2-c778-4315-a438-b4628a3883cf 22b8d03ca755478fbe635c7b9fead981 21cc0c8670db47b69b5a41f202a32078 - - default default] Unable to schedule network e4321ccd-d01f-4ad9-9bed-694a5f6a5790: no agents available; will retry on subsequent port and subnet creation events.
2026-07-21 14:33:15.446 10 INFO neutron.wsgi [None req-c2a5f65b-696b-4cbe-95a7-c7e373df89fb aaf09a7d266440efab2f57dbd6c53e17 ff887c7d10544a709fad9c928a959a91 - - default default] 10.0.0.21 "DELETE /v2.0/security-groups/df6a0939-122d-4099-8e59-d2bf09c53381 HTTP/1.1" status: 204 len: 168 time: 0.2602050
2026-07-21 14:33:15.519 9 INFO neutron.db.ovn_revision_numbers_db [None req-e77b68a2-c778-4315-a438-b4628a3883cf 22b8d03ca755478fbe635c7b9fead981 21cc0c8670db47b69b5a41f202a32078 - - default default] Successfully bumped revision number for resource 4030bc67-cb9e-4717-ac62-bde3f543d13a (type: ports) to 1
2026-07-21 14:33:15.596 10 WARNING neutron.plugins.ml2.drivers.ovn.mech_driver.ovsdb.ovn_client [None req-fe8da8e1-bf6e-4d02-b9d7-8bfb27b0a407 - - - - - -] No hosting information found for port 502ffcec-6759-43c3-abfa-77b2d5d1ce66: RuntimeError: No hosting information found for port 502ffcec-6759-43c3-abfa-77b2d5d1ce66
2026-07-21 14:33:15.596 10 INFO neutron.plugins.ml2.drivers.ovn.mech_driver.mech_driver [None req-fe8da8e1-bf6e-4d02-b9d7-8bfb27b0a407 - - - - - -] OVN reports status down for port: 65764649-2972-4ca8-befe-f1b0db1358fa
2026-07-21 14:33:15.635 9 INFO neutron.db.ovn_revision_numbers_db [None req-e77b68a2-c778-4315-a438-b4628a3883cf 22b8d03ca755478fbe635c7b9fead981 21cc0c8670db47b69b5a41f202a32078 - - default default] Successfully bumped revision number for resource eb3e2a45-2997-44ac-858b-6daa8784b2bc (type: networks) to 1
2026-07-21 14:33:15.723 9 INFO neutron.wsgi [None req-bd9080f2-c89f-4b77-90c6-63f29e3d9ee3 aaf09a7d266440efab2f57dbd6c53e17 ff887c7d10544a709fad9c928a959a91 - - default default] 10.0.0.21 "DELETE /v2.0/subnets/bb3681be-d3d5-44e9-bbdf-b5148b3a1ff5 HTTP/1.1" status: 204 len: 168 time: 0.3603578
2026-07-21 14:33:15.864 9 WARNING neutron.scheduler.dhcp_agent_scheduler [None req-e77b68a2-c778-4315-a438-b4628a3883cf 22b8d03ca755478fbe635c7b9fead981 21cc0c8670db47b69b5a41f202a32078 - - default default] No more DHCP agents
2026-07-21 14:33:15.868 9 WARNING neutron.api.rpc.agentnotifiers.dhcp_rpc_agent_api [None req-e77b68a2-c778-4315-a438-b4628a3883cf 22b8d03ca755478fbe635c7b9fead981 21cc0c8670db47b69b5a41f202a32078 - - default default] Unable to schedule network eb3e2a45-2997-44ac-858b-6daa8784b2bc: no agents available; will retry on subsequent port and subnet creation events.
2026-07-21 14:33:16.022 9 INFO neutron.db.ovn_revision_numbers_db [None req-e77b68a2-c778-4315-a438-b4628a3883cf 22b8d03ca755478fbe635c7b9fead981 21cc0c8670db47b69b5a41f202a32078 - - default default] Successfully bumped revision number for resource 45678dff-942a-426a-9aad-d71ae850d16f (type: ports) to 1
2026-07-21 14:33:16.050 9 INFO neutron.wsgi [None req-e77b68a2-c778-4315-a438-b4628a3883cf 22b8d03ca755478fbe635c7b9fead981 21cc0c8670db47b69b5a41f202a32078 - - default default] 10.0.0.21 "POST /v2.0/networks HTTP/1.1" status: 201 len: 1444 time: 2.3828948
2026-07-21 14:33:16.167 10 INFO neutron.wsgi [None req-a0ab15e0-0618-4815-a141-74a5453b44c5 22b8d03ca755478fbe635c7b9fead981 21cc0c8670db47b69b5a41f202a32078 - - default default] 10.0.0.21 "GET /v2.0/networks HTTP/1.1" status: 200 len: 2050 time: 0.1097100
2026-07-21 14:33:16.216 9 INFO neutron.services.segments.plugin [-] Segment a4dc2378-30bb-476e-8d97-cb408f7c9248 resource provider aggregate not found
2026-07-21 14:33:16.229 9 INFO neutron.services.segments.plugin [-] Segment a4dc2378-30bb-476e-8d97-cb408f7c9248 resource provider aggregate not found
2026-07-21 14:33:16.234 9 INFO neutron.services.segments.plugin [-] Segment a4dc2378-30bb-476e-8d97-cb408f7c9248 resource provider not found; error: Placement Client Error (4xx): {"errors": [{"status": 404, "title": "Not Found", "detail": "The resource could not be found.\n\n No resource provider with uuid a4dc2378-30bb-476e-8d97-cb408f7c9248 found for delete ", "request_id": "req-0abd5e04-60ab-4848-ac11-a8b2872d4f02"}]}
2026-07-21 14:33:16.243 9 INFO neutron.services.segments.plugin [-] Segment a4dc2378-30bb-476e-8d97-cb408f7c9248 resource provider not found; error: Placement Client Error (4xx): {"errors": [{"status": 404, "title": "Not Found", "detail": "The resource could not be found.\n\n No resource provider with uuid a4dc2378-30bb-476e-8d97-cb408f7c9248 found for delete ", "request_id": "req-e07ec841-834c-486f-84c8-ee463d4a12be"}]}
2026-07-21 14:33:16.272 9 INFO neutron.wsgi [None req-dd254321-fa99-488d-8bdb-c3e332f05bde aaf09a7d266440efab2f57dbd6c53e17 ff887c7d10544a709fad9c928a959a91 - - default default] 10.0.0.21 "DELETE /v2.0/networks/501cf02b-4f0b-4258-8876-8c378bc1a225 HTTP/1.1" status: 204 len: 168 time: 0.5430961
2026-07-21 14:33:16.415 9 INFO neutron.wsgi [None req-1740b550-93e2-43b8-b8b8-dc563459f4ce aaf09a7d266440efab2f57dbd6c53e17 ff887c7d10544a709fad9c928a959a91 - - default default] 10.0.0.21 "GET /v2.0/security-groups?tenant_id=12ef06a3d8c94b438814047fe578700f&name=default HTTP/1.1" status: 200 len: 3116 time: 0.0404692
2026-07-21 14:33:16.548 10 INFO neutron.services.segments.plugin [-] Segment 2a8fea8c-f5cf-4e44-bd5d-544f73f5c2fc resource provider aggregate not found
2026-07-21 14:33:16.559 10 INFO neutron.services.segments.plugin [-] Segment 2a8fea8c-f5cf-4e44-bd5d-544f73f5c2fc resource provider aggregate not found
2026-07-21 14:33:16.578 10 INFO neutron.services.segments.plugin [-] Segment 2a8fea8c-f5cf-4e44-bd5d-544f73f5c2fc resource provider not found; error: Placement Client Error (4xx): {"errors": [{"status": 404, "title": "Not Found", "detail": "The resource could not be found.\n\n No resource provider with uuid 2a8fea8c-f5cf-4e44-bd5d-544f73f5c2fc found for delete ", "request_id": "req-074412ba-5725-41bd-90ec-e83ebae29df8"}]}
2026-07-21 14:33:16.591 10 INFO neutron.services.segments.plugin [-] Segment 2a8fea8c-f5cf-4e44-bd5d-544f73f5c2fc resource provider not found; error: Placement Client Error (4xx): {"errors": [{"status": 404, "title": "Not Found", "detail": "The resource could not be found.\n\n No resource provider with uuid 2a8fea8c-f5cf-4e44-bd5d-544f73f5c2fc found for delete ", "request_id": "req-342421ed-6613-49b0-9522-8e1dc477384a"}]}
2026-07-21 14:33:16.599 10 INFO neutron.wsgi [None req-c4d1ccd5-a201-41f9-9166-9980d8c0bc25 22b8d03ca755478fbe635c7b9fead981 21cc0c8670db47b69b5a41f202a32078 - - default default] 10.0.0.21 "DELETE /v2.0/networks/e4321ccd-d01f-4ad9-9bed-694a5f6a5790 HTTP/1.1" status: 204 len: 168 time: 0.4267335
2026-07-21 14:33:16.704 9 INFO neutron.wsgi [None req-ca3ddfa4-7df7-4187-8257-948ca1fdeaa0 aaf09a7d266440efab2f57dbd6c53e17 ff887c7d10544a709fad9c928a959a91 - - default default] 10.0.0.21 "DELETE /v2.0/security-groups/05d3cc76-83cf-4374-996b-54456c42a875 HTTP/1.1" status: 204 len: 168 time: 0.2814701
2026-07-21 14:33:17.083 9 INFO neutron.wsgi [None req-94e53585-5e3e-4c96-90ec-a378b418cd8a 22b8d03ca755478fbe635c7b9fead981 21cc0c8670db47b69b5a41f202a32078 - - default default] 10.0.0.21 "DELETE /v2.0/networks/eb3e2a45-2997-44ac-858b-6daa8784b2bc HTTP/1.1" status: 204 len: 168 time: 0.4784834
2026-07-21 14:33:17.169 9 INFO neutron.wsgi [None req-ae91fca2-f779-4e44-8525-df6cfc289cb8 22b8d03ca755478fbe635c7b9fead981 21cc0c8670db47b69b5a41f202a32078 - - default default] 10.0.0.21 "GET /v2.0/networks HTTP/1.1" status: 200 len: 845 time: 0.0785577
2026-07-21 14:33:17.188 9 WARNING neutron_lib.context [None req-fcde3c1b-a0ea-442e-a7cb-53cdff577eea 22b8d03ca755478fbe635c7b9fead981 21cc0c8670db47b69b5a41f202a32078 - - default default] Method 'is_advsvc' is deprecated since 2023.2 release (neutron-lib 3.8.0) and will be removed once support for the old RBAC API policies will be removed from Neutron. Please use method 'is_service_role' instead.
2026-07-21 14:33:17.290 9 INFO neutron.db.segments_db [None req-fcde3c1b-a0ea-442e-a7cb-53cdff577eea 22b8d03ca755478fbe635c7b9fead981 21cc0c8670db47b69b5a41f202a32078 - - default default] Added segment 0ff74109-5cbb-4166-baf7-973abd77c3b0 of type geneve for network 7e739396-ae85-4a95-a48d-d120f9c9f709
2026-07-21 14:33:17.440 9 INFO neutron.db.ovn_revision_numbers_db [None req-fcde3c1b-a0ea-442e-a7cb-53cdff577eea 22b8d03ca755478fbe635c7b9fead981 21cc0c8670db47b69b5a41f202a32078 - - default default] Successfully bumped revision number for resource 7e739396-ae85-4a95-a48d-d120f9c9f709 (type: networks) to 1
2026-07-21 14:33:17.499 10 WARNING neutron_lib.context [None req-a2729d6b-f563-40fa-b4fe-e4a1eba34b46 863af0818c9547f8a7f636a612bc162c 91ce2bcc92c44cdb98a7d382262242d9 - - default default] Method 'is_advsvc' is deprecated since 2023.2 release (neutron-lib 3.8.0) and will be removed once support for the old RBAC API policies will be removed from Neutron. Please use method 'is_service_role' instead.
2026-07-21 14:33:17.630 10 INFO neutron.db.ovn_revision_numbers_db [None req-a2729d6b-f563-40fa-b4fe-e4a1eba34b46 863af0818c9547f8a7f636a612bc162c 91ce2bcc92c44cdb98a7d382262242d9 - - default default] Successfully bumped revision number for resource 9ec39b0a-4ed0-422e-b8ea-0e0a80b48723 (type: security_groups) to 1
2026-07-21 14:33:17.647 9 WARNING neutron.scheduler.dhcp_agent_scheduler [None req-fcde3c1b-a0ea-442e-a7cb-53cdff577eea 22b8d03ca755478fbe635c7b9fead981 21cc0c8670db47b69b5a41f202a32078 - - default default] No more DHCP agents
2026-07-21 14:33:17.650 10 INFO neutron.db.ovn_revision_numbers_db [None req-a2729d6b-f563-40fa-b4fe-e4a1eba34b46 863af0818c9547f8a7f636a612bc162c 91ce2bcc92c44cdb98a7d382262242d9 - - default default] Successfully bumped revision number for resource 044e8951-b191-49f4-b45c-685590ec5927 (type: security_group_rules) to 0
2026-07-21 14:33:17.652 9 WARNING neutron.api.rpc.agentnotifiers.dhcp_rpc_agent_api [None req-fcde3c1b-a0ea-442e-a7cb-53cdff577eea 22b8d03ca755478fbe635c7b9fead981 21cc0c8670db47b69b5a41f202a32078 - - default default] Unable to schedule network 7e739396-ae85-4a95-a48d-d120f9c9f709: no agents available; will retry on subsequent port and subnet creation events.
2026-07-21 14:33:17.667 10 INFO neutron.db.ovn_revision_numbers_db [None req-a2729d6b-f563-40fa-b4fe-e4a1eba34b46 863af0818c9547f8a7f636a612bc162c 91ce2bcc92c44cdb98a7d382262242d9 - - default default] Successfully bumped revision number for resource 302e6f6a-c199-4472-ad86-f41d912553d5 (type: security_group_rules) to 0
2026-07-21 14:33:17.683 10 INFO neutron.db.ovn_revision_numbers_db [None req-a2729d6b-f563-40fa-b4fe-e4a1eba34b46 863af0818c9547f8a7f636a612bc162c 91ce2bcc92c44cdb98a7d382262242d9 - - default default] Successfully bumped revision number for resource 7a021045-41c3-4b29-9787-c443685fe721 (type: security_group_rules) to 0
2026-07-21 14:33:17.697 10 INFO neutron.db.ovn_revision_numbers_db [None req-a2729d6b-f563-40fa-b4fe-e4a1eba34b46 863af0818c9547f8a7f636a612bc162c 91ce2bcc92c44cdb98a7d382262242d9 - - default default] Successfully bumped revision number for resource 8b140b44-cd69-48ff-b05a-8f5bd0692259 (type: security_group_rules) to 0
2026-07-21 14:33:17.736 9 INFO neutron.db.ovn_revision_numbers_db [None req-fcde3c1b-a0ea-442e-a7cb-53cdff577eea 22b8d03ca755478fbe635c7b9fead981 21cc0c8670db47b69b5a41f202a32078 - - default default] Successfully bumped revision number for resource 58c1febd-02ea-47e0-825d-9b1f6e4cb859 (type: ports) to 1
2026-07-21 14:33:17.768 9 INFO neutron.wsgi [None req-fcde3c1b-a0ea-442e-a7cb-53cdff577eea 22b8d03ca755478fbe635c7b9fead981 21cc0c8670db47b69b5a41f202a32078 - - default default] 10.0.0.21 "POST /v2.0/networks HTTP/1.1" status: 201 len: 849 time: 0.5861642
2026-07-21 14:33:17.780 9 WARNING neutron_lib.context [None req-6b651ee2-6434-46fe-b0ad-a51b28c8e83c 22b8d03ca755478fbe635c7b9fead981 21cc0c8670db47b69b5a41f202a32078 - - default default] Method 'is_advsvc' is deprecated since 2023.2 release (neutron-lib 3.8.0) and will be removed once support for the old RBAC API policies will be removed from Neutron. Please use method 'is_service_role' instead.
2026-07-21 14:33:17.798 9 INFO neutron.wsgi [req-f96882b8-201a-4411-acfc-5b14a39efb0b req-d3e18291-d62d-4d72-a498-322d13987b49 26c8041311e3417ebb5bf0e454265b92 fef6e08ae06346158b58621bd1cb1334 - - default default] 10.0.0.39 "GET /v2.0/security-groups?name=tempest-securitygroup--1203894503&fields=id&tenant_id=fef6e08ae06346158b58621bd1cb1334 HTTP/1.1" status: 200 len: 267 time: 0.0489640
2026-07-21 14:33:17.805 10 INFO neutron.db.ovn_revision_numbers_db [None req-a2729d6b-f563-40fa-b4fe-e4a1eba34b46 863af0818c9547f8a7f636a612bc162c 91ce2bcc92c44cdb98a7d382262242d9 - - default default] Successfully bumped revision number for resource c2dcf58b-731d-4a2f-bc2c-fa19b78f2806 (type: security_groups) to 1
2026-07-21 14:33:17.818 10 INFO neutron.db.ovn_revision_numbers_db [None req-a2729d6b-f563-40fa-b4fe-e4a1eba34b46 863af0818c9547f8a7f636a612bc162c 91ce2bcc92c44cdb98a7d382262242d9 - - default default] Successfully bumped revision number for resource 7fa2b617-abc2-44fc-ba6f-1a1e9f92b824 (type: security_group_rules) to 0
2026-07-21 14:33:17.835 10 INFO neutron.db.ovn_revision_numbers_db [None req-a2729d6b-f563-40fa-b4fe-e4a1eba34b46 863af0818c9547f8a7f636a612bc162c 91ce2bcc92c44cdb98a7d382262242d9 - - default default] Successfully bumped revision number for resource c2a950b6-6ede-4f10-948b-58d79e15f117 (type: security_group_rules) to 0
2026-07-21 14:33:17.868 10 INFO neutron.wsgi [None req-a2729d6b-f563-40fa-b4fe-e4a1eba34b46 863af0818c9547f8a7f636a612bc162c 91ce2bcc92c44cdb98a7d382262242d9 - - default default] 10.0.0.21 "POST /v2.0/security-groups HTTP/1.1" status: 201 len: 1825 time: 0.5597587
2026-07-21 14:33:17.892 9 INFO neutron.wsgi [req-f96882b8-201a-4411-acfc-5b14a39efb0b req-cea4b27a-5243-408b-8639-46824f6eb983 26c8041311e3417ebb5bf0e454265b92 fef6e08ae06346158b58621bd1cb1334 - - default default] 10.0.0.39 "GET /v2.0/networks?id=2ab74df5-3216-426e-accd-b4829fcfd09c HTTP/1.1" status: 200 len: 878 time: 0.0844991
2026-07-21 14:33:17.916 9 INFO neutron.wsgi [req-f96882b8-201a-4411-acfc-5b14a39efb0b req-9c12cea3-7b08-4e1a-bd60-2ad0b4529bcf 26c8041311e3417ebb5bf0e454265b92 fef6e08ae06346158b58621bd1cb1334 - - default default] 10.0.0.39 "GET /v2.0/quotas/fef6e08ae06346158b58621bd1cb1334 HTTP/1.1" status: 200 len: 491 time: 0.0169449
2026-07-21 14:33:17.922 9 INFO neutron.db.segments_db [None req-6b651ee2-6434-46fe-b0ad-a51b28c8e83c 22b8d03ca755478fbe635c7b9fead981 21cc0c8670db47b69b5a41f202a32078 - - default default] Added segment ef6b61fe-7b97-4e88-bfca-83321ab9348f of type geneve for network c5c9f7d0-9c77-4700-846a-20c3c4ade780
2026-07-21 14:33:17.942 9 INFO neutron.wsgi [None req-8fd030e1-a9d1-426d-9956-3dfe2724e9b6 863af0818c9547f8a7f636a612bc162c 91ce2bcc92c44cdb98a7d382262242d9 - - default default] 10.0.0.21 "GET /v2.0/security-groups HTTP/1.1" status: 200 len: 4725 time: 0.0694005
2026-07-21 14:33:18.047 10 INFO neutron.db.ovn_revision_numbers_db [None req-e0ba6a41-8069-46f8-95aa-9612d3e0e233 863af0818c9547f8a7f636a612bc162c 91ce2bcc92c44cdb98a7d382262242d9 - - default default] Successfully bumped revision number for resource c2dcf58b-731d-4a2f-bc2c-fa19b78f2806 (type: security_groups) to 2
2026-07-21 14:33:18.052 10 INFO neutron.wsgi [None req-e0ba6a41-8069-46f8-95aa-9612d3e0e233 863af0818c9547f8a7f636a612bc162c 91ce2bcc92c44cdb98a7d382262242d9 - - default default] 10.0.0.21 "PUT /v2.0/security-groups/c2dcf58b-731d-4a2f-bc2c-fa19b78f2806 HTTP/1.1" status: 200 len: 1858 time: 0.1028345
2026-07-21 14:33:18.059 9 INFO neutron.wsgi [req-f96882b8-201a-4411-acfc-5b14a39efb0b req-da1895f6-c09e-4900-b76d-259d354c8309 26c8041311e3417ebb5bf0e454265b92 fef6e08ae06346158b58621bd1cb1334 - - default default] 10.0.0.39 "GET /v2.0/ports?tenant_id=fef6e08ae06346158b58621bd1cb1334&fields=id HTTP/1.1" status: 200 len: 302 time: 0.1369393
2026-07-21 14:33:18.091 10 INFO neutron.wsgi [None req-5d2f8b2e-ffe9-46b6-b1e3-71e5592e6820 863af0818c9547f8a7f636a612bc162c 91ce2bcc92c44cdb98a7d382262242d9 - - default default] 10.0.0.21 "GET /v2.0/security-groups/c2dcf58b-731d-4a2f-bc2c-fa19b78f2806 HTTP/1.1" status: 200 len: 1858 time: 0.0301101
2026-07-21 14:33:18.146 9 INFO neutron.db.ovn_revision_numbers_db [None req-6b651ee2-6434-46fe-b0ad-a51b28c8e83c 22b8d03ca755478fbe635c7b9fead981 21cc0c8670db47b69b5a41f202a32078 - - default default] Successfully bumped revision number for resource c5c9f7d0-9c77-4700-846a-20c3c4ade780 (type: networks) to 1
2026-07-21 14:33:18.174 9 INFO neutron.wsgi [req-f96882b8-201a-4411-acfc-5b14a39efb0b req-85e84ba6-c005-4cff-8ce5-3e2a901b2290 3a68918bc1234747809bbcab9a8c748a cf209440a3674ffbbee6cfc755d67e31 - - 54de7a9fafb84e02afc76315b903ca50 54de7a9fafb84e02afc76315b903ca50] 10.0.0.39 "GET /v2.0/networks/2ab74df5-3216-426e-accd-b4829fcfd09c?fields=segments HTTP/1.1" status: 200 len: 212 time: 0.0977035
2026-07-21 14:33:18.228 10 INFO neutron.wsgi [None req-6feb6858-5e1a-4cfc-a494-911800fa99db 863af0818c9547f8a7f636a612bc162c 91ce2bcc92c44cdb98a7d382262242d9 - - default default] 10.0.0.21 "DELETE /v2.0/security-groups/c2dcf58b-731d-4a2f-bc2c-fa19b78f2806 HTTP/1.1" status: 204 len: 168 time: 0.1301665
2026-07-21 14:33:18.262 9 INFO neutron.services.segments.plugin [-] Segment ea777838-15a7-4b86-9143-87ca18a27e56 resource provider aggregate not found
2026-07-21 14:33:18.268 9 INFO neutron.services.segments.plugin [-] Segment ea777838-15a7-4b86-9143-87ca18a27e56 resource provider aggregate not found
2026-07-21 14:33:18.278 10 INFO neutron.wsgi [None req-ed2a3f81-3874-4e24-8cb0-31292b63a847 863af0818c9547f8a7f636a612bc162c 91ce2bcc92c44cdb98a7d382262242d9 - - default default] 10.0.0.21 "GET /v2.0/security-groups HTTP/1.1" status: 200 len: 3120 time: 0.0448408
2026-07-21 14:33:18.284 9 INFO neutron.services.segments.plugin [-] Segment ea777838-15a7-4b86-9143-87ca18a27e56 resource provider not found; error: Placement Client Error (4xx): {"errors": [{"status": 404, "title": "Not Found", "detail": "The resource could not be found.\n\n No resource provider with uuid ea777838-15a7-4b86-9143-87ca18a27e56 found for delete ", "request_id": "req-b84fe8ef-7d07-4c23-b80c-8ce4b84c6322"}]}
2026-07-21 14:33:18.289 9 INFO neutron.wsgi [req-f96882b8-201a-4411-acfc-5b14a39efb0b req-a4d5eb51-3e7d-4794-913c-532987db91c0 3a68918bc1234747809bbcab9a8c748a cf209440a3674ffbbee6cfc755d67e31 - - 54de7a9fafb84e02afc76315b903ca50 54de7a9fafb84e02afc76315b903ca50] 10.0.0.39 "GET /v2.0/networks/2ab74df5-3216-426e-accd-b4829fcfd09c?fields=provider%3Aphysical_network&fields=provider%3Anetwork_type HTTP/1.1" status: 200 len: 277 time: 0.1089463
2026-07-21 14:33:18.297 9 INFO neutron.services.segments.plugin [-] Segment ea777838-15a7-4b86-9143-87ca18a27e56 resource provider not found; error: Placement Client Error (4xx): {"errors": [{"status": 404, "title": "Not Found", "detail": "The resource could not be found.\n\n No resource provider with uuid ea777838-15a7-4b86-9143-87ca18a27e56 found for delete ", "request_id": "req-fec79eb3-6e3c-46f1-921a-bc3870ff98ad"}]}
2026-07-21 14:33:18.300 10 INFO neutron.api.v2.resource [None req-c83fb314-b307-487b-aca1-88b9bc7af36f 863af0818c9547f8a7f636a612bc162c 91ce2bcc92c44cdb98a7d382262242d9 - - default default] delete failed (client error): The resource could not be found.
2026-07-21 14:33:18.301 10 INFO neutron.wsgi [None req-c83fb314-b307-487b-aca1-88b9bc7af36f 863af0818c9547f8a7f636a612bc162c 91ce2bcc92c44cdb98a7d382262242d9 - - default default] 10.0.0.21 "DELETE /v2.0/security-groups/c2dcf58b-731d-4a2f-bc2c-fa19b78f2806 HTTP/1.1" status: 404 len: 347 time: 0.0175076
2026-07-21 14:33:18.316 9 WARNING neutron_lib.context [None req-e9404191-9af1-4f5b-a32b-a97a03bd57af 863af0818c9547f8a7f636a612bc162c 91ce2bcc92c44cdb98a7d382262242d9 - - default default] Method 'is_advsvc' is deprecated since 2023.2 release (neutron-lib 3.8.0) and will be removed once support for the old RBAC API policies will be removed from Neutron. Please use method 'is_service_role' instead.
