2026-07-21 14:35:05.543 10 INFO neutron.wsgi [-] 10.0.0.250 "GET / HTTP/1.1" status: 200 len: 247 time: 0.0009325
2026-07-21 14:35:05.569 10 INFO neutron.db.ovn_revision_numbers_db [None req-fe8da8e1-bf6e-4d02-b9d7-8bfb27b0a407 - - - - - -] Successfully bumped revision number for resource 85d6c8f9-1387-4e2f-9547-f6761c29df54 (type: router_ports) to 2
2026-07-21 14:35:05.698 10 INFO neutron.wsgi [None req-08b68e4d-3d76-41b5-b3ee-e2413546d2e1 aaf09a7d266440efab2f57dbd6c53e17 ff887c7d10544a709fad9c928a959a91 - - default default] 10.0.0.21 "DELETE /v2.0/security-groups/610593fc-dfac-4c98-a95a-fe9be6083442 HTTP/1.1" status: 204 len: 168 time: 0.3366113
2026-07-21 14:35:05.980 10 INFO neutron.db.ovn_revision_numbers_db [None req-7ddec97c-c307-4dfe-89ff-61562e7725fd aaf09a7d266440efab2f57dbd6c53e17 ff887c7d10544a709fad9c928a959a91 - - default default] Successfully bumped revision number for resource f1ebe205-b18f-4b4c-83b3-676967e14a28 (type: security_groups) to 1
2026-07-21 14:35:06.012 10 INFO neutron.db.ovn_revision_numbers_db [None req-7ddec97c-c307-4dfe-89ff-61562e7725fd aaf09a7d266440efab2f57dbd6c53e17 ff887c7d10544a709fad9c928a959a91 - - default default] Successfully bumped revision number for resource 2d815b3c-7a08-495a-97c4-ca4ada5d4ffa (type: security_group_rules) to 0
2026-07-21 14:35:06.035 10 INFO neutron.db.ovn_revision_numbers_db [None req-7ddec97c-c307-4dfe-89ff-61562e7725fd aaf09a7d266440efab2f57dbd6c53e17 ff887c7d10544a709fad9c928a959a91 - - default default] Successfully bumped revision number for resource 31f7d4c2-8859-4395-a3f3-425011c8ec05 (type: security_group_rules) to 0
2026-07-21 14:35:06.057 9 INFO neutron.wsgi [None req-5276eb49-d44d-4d95-8d2c-7d16be4fea1b aaf09a7d266440efab2f57dbd6c53e17 ff887c7d10544a709fad9c928a959a91 - - default default] 10.0.0.21 "DELETE /v2.0/security-groups/cfb30967-068f-4167-9634-fa9ef764bd52 HTTP/1.1" status: 204 len: 168 time: 0.6598971
2026-07-21 14:35:06.063 10 INFO neutron.db.ovn_revision_numbers_db [None req-7ddec97c-c307-4dfe-89ff-61562e7725fd aaf09a7d266440efab2f57dbd6c53e17 ff887c7d10544a709fad9c928a959a91 - - default default] Successfully bumped revision number for resource 964d7560-2cfa-4326-9f03-fc0818837441 (type: security_group_rules) to 0
2026-07-21 14:35:06.093 10 INFO neutron.db.ovn_revision_numbers_db [None req-7ddec97c-c307-4dfe-89ff-61562e7725fd aaf09a7d266440efab2f57dbd6c53e17 ff887c7d10544a709fad9c928a959a91 - - default default] Successfully bumped revision number for resource afd51a42-c1b4-4272-b029-b47b18ca2a23 (type: security_group_rules) to 0
2026-07-21 14:35:06.116 10 INFO neutron.wsgi [None req-7ddec97c-c307-4dfe-89ff-61562e7725fd aaf09a7d266440efab2f57dbd6c53e17 ff887c7d10544a709fad9c928a959a91 - - default default] 10.0.0.21 "GET /v2.0/security-groups?tenant_id=19e154bc435c46efb5b38fcaa2317fd6&name=default HTTP/1.1" status: 200 len: 3120 time: 0.3038948
2026-07-21 14:35:06.228 9 WARNING neutron.scheduler.dhcp_agent_scheduler [None req-0403cfe3-7c8b-4732-873f-2c3e654d979c 265803d83b524622ad499cbffdb4b944 04fe89ad13f64e0a970477188ea4bbed - - default default] No more DHCP agents
2026-07-21 14:35:06.230 9 WARNING neutron.api.rpc.agentnotifiers.dhcp_rpc_agent_api [None req-0403cfe3-7c8b-4732-873f-2c3e654d979c 265803d83b524622ad499cbffdb4b944 04fe89ad13f64e0a970477188ea4bbed - - default default] Unable to schedule network 4b3149dc-3d64-47b9-87b8-94a2e620dd09: no agents available; will retry on subsequent port and subnet creation events.
2026-07-21 14:35:06.398 10 INFO neutron.wsgi [None req-d3493a68-af92-4df5-82eb-f376b5a4dd14 aaf09a7d266440efab2f57dbd6c53e17 ff887c7d10544a709fad9c928a959a91 - - default default] 10.0.0.21 "DELETE /v2.0/security-groups/f1ebe205-b18f-4b4c-83b3-676967e14a28 HTTP/1.1" status: 204 len: 168 time: 0.2737055
2026-07-21 14:35:06.411 9 INFO neutron.db.ovn_revision_numbers_db [None req-0403cfe3-7c8b-4732-873f-2c3e654d979c 265803d83b524622ad499cbffdb4b944 04fe89ad13f64e0a970477188ea4bbed - - default default] Successfully bumped revision number for resource a8612870-e73a-4d0b-93bf-aba91195963f (type: ports) to 1
2026-07-21 14:35:06.530 9 WARNING neutron.plugins.ml2.drivers.ovn.mech_driver.ovsdb.ovn_client [None req-aa3eab6f-aab2-4c33-95ac-658aadf91c44 - - - - - -] No hosting information found for port 205a54ae-d43b-4193-8740-6e3bcaaab2e7: RuntimeError: No hosting information found for port 205a54ae-d43b-4193-8740-6e3bcaaab2e7
2026-07-21 14:35:06.679 9 INFO neutron.db.ovn_revision_numbers_db [None req-0403cfe3-7c8b-4732-873f-2c3e654d979c 265803d83b524622ad499cbffdb4b944 04fe89ad13f64e0a970477188ea4bbed - - default default] Successfully bumped revision number for resource a8612870-e73a-4d0b-93bf-aba91195963f (type: ports) to 1
2026-07-21 14:35:06.740 9 INFO neutron.db.segments_db [None req-0403cfe3-7c8b-4732-873f-2c3e654d979c 265803d83b524622ad499cbffdb4b944 04fe89ad13f64e0a970477188ea4bbed - - default default] Added segment 53508fb6-d2f5-4000-9fde-9700f8e90a28 of type geneve for network eedfe22f-db78-4cba-b6ce-f4668fd5da91
2026-07-21 14:35:06.883 9 INFO neutron.db.ovn_revision_numbers_db [None req-0403cfe3-7c8b-4732-873f-2c3e654d979c 265803d83b524622ad499cbffdb4b944 04fe89ad13f64e0a970477188ea4bbed - - default default] Successfully bumped revision number for resource eedfe22f-db78-4cba-b6ce-f4668fd5da91 (type: networks) to 1
2026-07-21 14:35:07.069 9 WARNING neutron.scheduler.dhcp_agent_scheduler [None req-0403cfe3-7c8b-4732-873f-2c3e654d979c 265803d83b524622ad499cbffdb4b944 04fe89ad13f64e0a970477188ea4bbed - - default default] No more DHCP agents
2026-07-21 14:35:07.071 9 WARNING neutron.api.rpc.agentnotifiers.dhcp_rpc_agent_api [None req-0403cfe3-7c8b-4732-873f-2c3e654d979c 265803d83b524622ad499cbffdb4b944 04fe89ad13f64e0a970477188ea4bbed - - default default] Unable to schedule network eedfe22f-db78-4cba-b6ce-f4668fd5da91: no agents available; will retry on subsequent port and subnet creation events.
2026-07-21 14:35:07.148 9 INFO neutron.db.ovn_revision_numbers_db [None req-0403cfe3-7c8b-4732-873f-2c3e654d979c 265803d83b524622ad499cbffdb4b944 04fe89ad13f64e0a970477188ea4bbed - - default default] Successfully bumped revision number for resource a80f3676-1040-41c8-9b0e-ca01793ffe53 (type: ports) to 1
2026-07-21 14:35:07.295 9 WARNING neutron.scheduler.dhcp_agent_scheduler [None req-0403cfe3-7c8b-4732-873f-2c3e654d979c 265803d83b524622ad499cbffdb4b944 04fe89ad13f64e0a970477188ea4bbed - - default default] No more DHCP agents
2026-07-21 14:35:07.296 9 WARNING neutron.api.rpc.agentnotifiers.dhcp_rpc_agent_api [None req-0403cfe3-7c8b-4732-873f-2c3e654d979c 265803d83b524622ad499cbffdb4b944 04fe89ad13f64e0a970477188ea4bbed - - default default] Unable to schedule network eedfe22f-db78-4cba-b6ce-f4668fd5da91: no agents available; will retry on subsequent port and subnet creation events.
2026-07-21 14:35:07.331 9 INFO neutron.db.ovn_revision_numbers_db [None req-0403cfe3-7c8b-4732-873f-2c3e654d979c 265803d83b524622ad499cbffdb4b944 04fe89ad13f64e0a970477188ea4bbed - - default default] Successfully bumped revision number for resource 614bdb02-a99e-4b8f-9c84-77a6b43bc42e (type: subnets) to 0
2026-07-21 14:35:07.840 9 WARNING neutron.scheduler.dhcp_agent_scheduler [None req-0403cfe3-7c8b-4732-873f-2c3e654d979c 265803d83b524622ad499cbffdb4b944 04fe89ad13f64e0a970477188ea4bbed - - default default] No more DHCP agents
2026-07-21 14:35:07.841 9 WARNING neutron.api.rpc.agentnotifiers.dhcp_rpc_agent_api [None req-0403cfe3-7c8b-4732-873f-2c3e654d979c 265803d83b524622ad499cbffdb4b944 04fe89ad13f64e0a970477188ea4bbed - - default default] Unable to schedule network eedfe22f-db78-4cba-b6ce-f4668fd5da91: no agents available; will retry on subsequent port and subnet creation events.
2026-07-21 14:35:08.006 9 INFO neutron.db.ovn_revision_numbers_db [None req-0403cfe3-7c8b-4732-873f-2c3e654d979c 265803d83b524622ad499cbffdb4b944 04fe89ad13f64e0a970477188ea4bbed - - default default] Successfully bumped revision number for resource eeff1db9-5919-42de-9cdd-83b339995240 (type: ports) to 1
2026-07-21 14:35:08.093 10 WARNING neutron_lib.context [None req-c93fecd1-d404-4a6e-ad5d-e53d43d43299 7a05a5a514ee4babb5034bf7b67c4651 2701bc5594db48d095dad57b87f543ca - - default default] Method 'is_advsvc' is deprecated since 2023.2 release (neutron-lib 3.8.0) and will be removed once support for the old RBAC API policies will be removed from Neutron. Please use method 'is_service_role' instead.
2026-07-21 14:35:08.240 10 INFO neutron.db.ovn_revision_numbers_db [None req-c93fecd1-d404-4a6e-ad5d-e53d43d43299 7a05a5a514ee4babb5034bf7b67c4651 2701bc5594db48d095dad57b87f543ca - - default default] Successfully bumped revision number for resource 90bc2384-a8fc-4b8a-9adc-290711777322 (type: security_groups) to 1
2026-07-21 14:35:08.257 10 INFO neutron.db.ovn_revision_numbers_db [None req-c93fecd1-d404-4a6e-ad5d-e53d43d43299 7a05a5a514ee4babb5034bf7b67c4651 2701bc5594db48d095dad57b87f543ca - - default default] Successfully bumped revision number for resource 478e34a3-6b82-47f2-9485-e5ebeab6080f (type: security_group_rules) to 0
2026-07-21 14:35:08.287 10 INFO neutron.db.ovn_revision_numbers_db [None req-c93fecd1-d404-4a6e-ad5d-e53d43d43299 7a05a5a514ee4babb5034bf7b67c4651 2701bc5594db48d095dad57b87f543ca - - default default] Successfully bumped revision number for resource 49ddd4d2-da18-4aa3-aae5-e59350e42e52 (type: security_group_rules) to 0
2026-07-21 14:35:08.311 10 INFO neutron.db.ovn_revision_numbers_db [None req-c93fecd1-d404-4a6e-ad5d-e53d43d43299 7a05a5a514ee4babb5034bf7b67c4651 2701bc5594db48d095dad57b87f543ca - - default default] Successfully bumped revision number for resource af246d0f-7c65-493f-bb47-1139d89c8262 (type: security_group_rules) to 0
2026-07-21 14:35:08.334 10 INFO neutron.db.ovn_revision_numbers_db [None req-c93fecd1-d404-4a6e-ad5d-e53d43d43299 7a05a5a514ee4babb5034bf7b67c4651 2701bc5594db48d095dad57b87f543ca - - default default] Successfully bumped revision number for resource fd32ac68-0293-4a5a-873b-b22e4fbacfe1 (type: security_group_rules) to 0
2026-07-21 14:35:08.348 9 INFO neutron.db.ovn_revision_numbers_db [None req-1afa78b3-4ca2-4ee0-91c8-4756784ede8e aaf09a7d266440efab2f57dbd6c53e17 ff887c7d10544a709fad9c928a959a91 - - default default] Successfully bumped revision number for resource af05dece-47b1-4957-9f81-3a634650ebd6 (type: security_groups) to 1
2026-07-21 14:35:08.387 9 INFO neutron.db.ovn_revision_numbers_db [None req-1afa78b3-4ca2-4ee0-91c8-4756784ede8e aaf09a7d266440efab2f57dbd6c53e17 ff887c7d10544a709fad9c928a959a91 - - default default] Successfully bumped revision number for resource 2bc30dc4-1e28-453c-856a-a040d3ef717b (type: security_group_rules) to 0
2026-07-21 14:35:08.404 10 INFO neutron.db.segments_db [None req-c93fecd1-d404-4a6e-ad5d-e53d43d43299 7a05a5a514ee4babb5034bf7b67c4651 2701bc5594db48d095dad57b87f543ca - - default default] Added segment 5f346e1c-d4f5-418c-afe1-c209260a422f of type geneve for network 406163fc-aa32-4771-8e1b-a205f09bc984
2026-07-21 14:35:08.417 9 INFO neutron.db.ovn_revision_numbers_db [None req-1afa78b3-4ca2-4ee0-91c8-4756784ede8e aaf09a7d266440efab2f57dbd6c53e17 ff887c7d10544a709fad9c928a959a91 - - default default] Successfully bumped revision number for resource 2f6b2164-2c54-474b-9344-9c7c92a37f86 (type: security_group_rules) to 0
2026-07-21 14:35:08.434 9 INFO neutron.db.ovn_revision_numbers_db [None req-1afa78b3-4ca2-4ee0-91c8-4756784ede8e aaf09a7d266440efab2f57dbd6c53e17 ff887c7d10544a709fad9c928a959a91 - - default default] Successfully bumped revision number for resource a89dbe7d-4c19-479b-8a8d-d3634adfc3c7 (type: security_group_rules) to 0
2026-07-21 14:35:08.455 9 INFO neutron.db.ovn_revision_numbers_db [None req-1afa78b3-4ca2-4ee0-91c8-4756784ede8e aaf09a7d266440efab2f57dbd6c53e17 ff887c7d10544a709fad9c928a959a91 - - default default] Successfully bumped revision number for resource c90eaca7-5c2e-40e6-81a0-1d778d2088fb (type: security_group_rules) to 0
2026-07-21 14:35:08.492 9 INFO neutron.wsgi [None req-1afa78b3-4ca2-4ee0-91c8-4756784ede8e aaf09a7d266440efab2f57dbd6c53e17 ff887c7d10544a709fad9c928a959a91 - - default default] 10.0.0.21 "GET /v2.0/security-groups?tenant_id=3e29b93d157e4363ac49aa45e7723336&name=default HTTP/1.1" status: 200 len: 3120 time: 0.7507548
2026-07-21 14:35:08.612 10 INFO neutron.db.ovn_revision_numbers_db [None req-c93fecd1-d404-4a6e-ad5d-e53d43d43299 7a05a5a514ee4babb5034bf7b67c4651 2701bc5594db48d095dad57b87f543ca - - default default] Successfully bumped revision number for resource 406163fc-aa32-4771-8e1b-a205f09bc984 (type: networks) to 1
2026-07-21 14:35:08.915 10 INFO neutron.wsgi [None req-a4eebfd2-edad-4aaf-99c5-36e8932a2654 aaf09a7d266440efab2f57dbd6c53e17 ff887c7d10544a709fad9c928a959a91 - - default default] 10.0.0.21 "DELETE /v2.0/security-groups/af05dece-47b1-4957-9f81-3a634650ebd6 HTTP/1.1" status: 204 len: 168 time: 0.4177563
2026-07-21 14:35:08.917 10 WARNING neutron.scheduler.dhcp_agent_scheduler [None req-c93fecd1-d404-4a6e-ad5d-e53d43d43299 7a05a5a514ee4babb5034bf7b67c4651 2701bc5594db48d095dad57b87f543ca - - default default] No more DHCP agents
2026-07-21 14:35:08.920 10 WARNING neutron.api.rpc.agentnotifiers.dhcp_rpc_agent_api [None req-c93fecd1-d404-4a6e-ad5d-e53d43d43299 7a05a5a514ee4babb5034bf7b67c4651 2701bc5594db48d095dad57b87f543ca - - default default] Unable to schedule network 406163fc-aa32-4771-8e1b-a205f09bc984: no agents available; will retry on subsequent port and subnet creation events.
2026-07-21 14:35:08.954 9 ERROR ovsdbapp.backend.ovs_idl.command [None req-0403cfe3-7c8b-4732-873f-2c3e654d979c 265803d83b524622ad499cbffdb4b944 04fe89ad13f64e0a970477188ea4bbed - - default default] Error executing command (DbGetCommand): ovsdbapp.backend.ovs_idl.idlutils.RowNotFound: Cannot find Logical_Router_Port with name=lrp-eeff1db9-5919-42de-9cdd-83b339995240
2026-07-21 14:35:08.954 9 ERROR ovsdbapp.backend.ovs_idl.command
Traceback (most recent call last):
2026-07-21 14:35:08.954 9 ERROR ovsdbapp.backend.ovs_idl.command
File "/var/lib/openstack/lib/python3.10/site-packages/ovsdbapp/backend/ovs_idl/command.py", line 47, in execute
2026-07-21 14:35:08.954 9 ERROR ovsdbapp.backend.ovs_idl.command self.run_idl(None)
2026-07-21 14:35:08.954 9 ERROR ovsdbapp.backend.ovs_idl.command
File "/var/lib/openstack/lib/python3.10/site-packages/ovsdbapp/backend/ovs_idl/command.py", line 235, in run_idl
2026-07-21 14:35:08.954 9 ERROR ovsdbapp.backend.ovs_idl.command record = self.api.lookup(self.table, self.record)
2026-07-21 14:35:08.954 9 ERROR ovsdbapp.backend.ovs_idl.command
File "/var/lib/openstack/lib/python3.10/site-packages/ovsdbapp/backend/ovs_idl/__init__.py", line 184, in lookup
2026-07-21 14:35:08.954 9 ERROR ovsdbapp.backend.ovs_idl.command return self._lookup(table, record)
2026-07-21 14:35:08.954 9 ERROR ovsdbapp.backend.ovs_idl.command
File "/var/lib/openstack/lib/python3.10/site-packages/ovsdbapp/backend/ovs_idl/__init__.py", line 235, in _lookup
2026-07-21 14:35:08.954 9 ERROR ovsdbapp.backend.ovs_idl.command row = idlutils.row_by_value(self, rl.table, rl.column, record)
2026-07-21 14:35:08.954 9 ERROR ovsdbapp.backend.ovs_idl.command
File "/var/lib/openstack/lib/python3.10/site-packages/ovsdbapp/backend/ovs_idl/idlutils.py", line 114, in row_by_value
2026-07-21 14:35:08.954 9 ERROR ovsdbapp.backend.ovs_idl.command raise RowNotFound(table=table, col=column, match=match)
2026-07-21 14:35:08.954 9 ERROR ovsdbapp.backend.ovs_idl.command ovsdbapp.backend.ovs_idl.idlutils.RowNotFound: Cannot find Logical_Router_Port with name=lrp-eeff1db9-5919-42de-9cdd-83b339995240
2026-07-21 14:35:08.954 9 ERROR ovsdbapp.backend.ovs_idl.command 
2026-07-21 14:35:08.955 9 ERROR neutron_lib.callbacks.manager [None req-0403cfe3-7c8b-4732-873f-2c3e654d979c 265803d83b524622ad499cbffdb4b944 04fe89ad13f64e0a970477188ea4bbed - - default default] Error during notification for neutron.services.ovn_l3.plugin.OVNL3RouterPlugin._port_update-8792740320998 port, after_update: ovsdbapp.backend.ovs_idl.idlutils.RowNotFound: Cannot find Logical_Router_Port with name=lrp-eeff1db9-5919-42de-9cdd-83b339995240
2026-07-21 14:35:08.955 9 ERROR neutron_lib.callbacks.manager
Traceback (most recent call last):
2026-07-21 14:35:08.955 9 ERROR neutron_lib.callbacks.manager
File "/var/lib/openstack/lib/python3.10/site-packages/neutron_lib/callbacks/manager.py", line 189, in _notify_loop
2026-07-21 14:35:08.955 9 ERROR neutron_lib.callbacks.manager callback.method(resource, event, trigger, payload=payload)
2026-07-21 14:35:08.955 9 ERROR neutron_lib.callbacks.manager
File "/var/lib/openstack/lib/python3.10/site-packages/neutron/services/ovn_l3/plugin.py", line 391, in _port_update
2026-07-21 14:35:08.955 9 ERROR neutron_lib.callbacks.manager l3plugin._ovn_client.update_router_port(context,
2026-07-21 14:35:08.955 9 ERROR neutron_lib.callbacks.manager
File "/var/lib/openstack/lib/python3.10/site-packages/neutron/plugins/ml2/drivers/ovn/mech_driver/ovsdb/ovn_client.py", line 1878, in update_router_port
2026-07-21 14:35:08.955 9 ERROR neutron_lib.callbacks.manager self._update_lrouter_port(context, port, if_exists=if_exists,
2026-07-21 14:35:08.955 9 ERROR neutron_lib.callbacks.manager
File "/var/lib/openstack/lib/python3.10/site-packages/neutron/plugins/ml2/drivers/ovn/mech_driver/ovsdb/ovn_client.py", line 1855, in _update_lrouter_port
2026-07-21 14:35:08.955 9 ERROR neutron_lib.callbacks.manager external_ids = self._nb_idl.db_get(
2026-07-21 14:35:08.955 9 ERROR neutron_lib.callbacks.manager
File "/var/lib/openstack/lib/python3.10/site-packages/ovsdbapp/backend/ovs_idl/command.py", line 47, in execute
2026-07-21 14:35:08.955 9 ERROR neutron_lib.callbacks.manager self.run_idl(None)
2026-07-21 14:35:08.955 9 ERROR neutron_lib.callbacks.manager
File "/var/lib/openstack/lib/python3.10/site-packages/ovsdbapp/backend/ovs_idl/command.py", line 235, in run_idl
2026-07-21 14:35:08.955 9 ERROR neutron_lib.callbacks.manager record = self.api.lookup(self.table, self.record)
2026-07-21 14:35:08.955 9 ERROR neutron_lib.callbacks.manager
File "/var/lib/openstack/lib/python3.10/site-packages/ovsdbapp/backend/ovs_idl/__init__.py", line 184, in lookup
2026-07-21 14:35:08.955 9 ERROR neutron_lib.callbacks.manager return self._lookup(table, record)
2026-07-21 14:35:08.955 9 ERROR neutron_lib.callbacks.manager
File "/var/lib/openstack/lib/python3.10/site-packages/ovsdbapp/backend/ovs_idl/__init__.py", line 235, in _lookup
2026-07-21 14:35:08.955 9 ERROR neutron_lib.callbacks.manager row = idlutils.row_by_value(self, rl.table, rl.column, record)
2026-07-21 14:35:08.955 9 ERROR neutron_lib.callbacks.manager
File "/var/lib/openstack/lib/python3.10/site-packages/ovsdbapp/backend/ovs_idl/idlutils.py", line 114, in row_by_value
2026-07-21 14:35:08.955 9 ERROR neutron_lib.callbacks.manager raise RowNotFound(table=table, col=column, match=match)
2026-07-21 14:35:08.955 9 ERROR neutron_lib.callbacks.manager ovsdbapp.backend.ovs_idl.idlutils.RowNotFound: Cannot find Logical_Router_Port with name=lrp-eeff1db9-5919-42de-9cdd-83b339995240
2026-07-21 14:35:08.955 9 ERROR neutron_lib.callbacks.manager 
2026-07-21 14:35:09.235 10 INFO neutron.db.ovn_revision_numbers_db [None req-c93fecd1-d404-4a6e-ad5d-e53d43d43299 7a05a5a514ee4babb5034bf7b67c4651 2701bc5594db48d095dad57b87f543ca - - default default] Successfully bumped revision number for resource d507c3bb-f124-4e60-ac55-d044b4f24003 (type: ports) to 1
2026-07-21 14:35:09.240 9 INFO neutron.db.ovn_revision_numbers_db [None req-0403cfe3-7c8b-4732-873f-2c3e654d979c 265803d83b524622ad499cbffdb4b944 04fe89ad13f64e0a970477188ea4bbed - - default default] Successfully bumped revision number for resource eeff1db9-5919-42de-9cdd-83b339995240 (type: ports) to 1
2026-07-21 14:35:09.262 10 INFO neutron.wsgi [None req-c93fecd1-d404-4a6e-ad5d-e53d43d43299 7a05a5a514ee4babb5034bf7b67c4651 2701bc5594db48d095dad57b87f543ca - - default default] 10.0.0.21 "POST /v2.0/networks HTTP/1.1" status: 201 len: 844 time: 1.2230399
2026-07-21 14:35:09.271 10 WARNING neutron_lib.context [None req-e339ae3c-6821-47c8-b182-6d17cdbcedd6 7a05a5a514ee4babb5034bf7b67c4651 2701bc5594db48d095dad57b87f543ca - - default default] Method 'is_advsvc' is deprecated since 2023.2 release (neutron-lib 3.8.0) and will be removed once support for the old RBAC API policies will be removed from Neutron. Please use method 'is_service_role' instead.
2026-07-21 14:35:09.325 9 WARNING neutron.scheduler.dhcp_agent_scheduler [None req-0403cfe3-7c8b-4732-873f-2c3e654d979c 265803d83b524622ad499cbffdb4b944 04fe89ad13f64e0a970477188ea4bbed - - default default] No more DHCP agents
2026-07-21 14:35:09.326 9 WARNING neutron.api.rpc.agentnotifiers.dhcp_rpc_agent_api [None req-0403cfe3-7c8b-4732-873f-2c3e654d979c 265803d83b524622ad499cbffdb4b944 04fe89ad13f64e0a970477188ea4bbed - - default default] Unable to schedule network eedfe22f-db78-4cba-b6ce-f4668fd5da91: no agents available; will retry on subsequent port and subnet creation events.
2026-07-21 14:35:09.567 10 WARNING neutron.scheduler.dhcp_agent_scheduler [None req-e339ae3c-6821-47c8-b182-6d17cdbcedd6 7a05a5a514ee4babb5034bf7b67c4651 2701bc5594db48d095dad57b87f543ca - - default default] No more DHCP agents
2026-07-21 14:35:09.579 10 WARNING neutron.api.rpc.agentnotifiers.dhcp_rpc_agent_api [None req-e339ae3c-6821-47c8-b182-6d17cdbcedd6 7a05a5a514ee4babb5034bf7b67c4651 2701bc5594db48d095dad57b87f543ca - - default default] Unable to schedule network 406163fc-aa32-4771-8e1b-a205f09bc984: no agents available; will retry on subsequent port and subnet creation events.
2026-07-21 14:35:09.669 10 INFO neutron.db.ovn_revision_numbers_db [None req-e339ae3c-6821-47c8-b182-6d17cdbcedd6 7a05a5a514ee4babb5034bf7b67c4651 2701bc5594db48d095dad57b87f543ca - - default default] Successfully bumped revision number for resource 9894933e-5245-473a-991e-df4b9b72ee39 (type: ports) to 1
2026-07-21 14:35:09.701 10 INFO neutron.wsgi [None req-e339ae3c-6821-47c8-b182-6d17cdbcedd6 7a05a5a514ee4babb5034bf7b67c4651 2701bc5594db48d095dad57b87f543ca - - default default] 10.0.0.21 "POST /v2.0/ports HTTP/1.1" status: 201 len: 973 time: 0.4345298
2026-07-21 14:35:09.716 9 WARNING neutron_lib.context [None req-9c22316c-1ec8-4682-a474-d6c83ced762d 7a05a5a514ee4babb5034bf7b67c4651 2701bc5594db48d095dad57b87f543ca - - default default] Method 'is_advsvc' is deprecated since 2023.2 release (neutron-lib 3.8.0) and will be removed once support for the old RBAC API policies will be removed from Neutron. Please use method 'is_service_role' instead.
2026-07-21 14:35:09.830 9 INFO neutron.db.segments_db [None req-9c22316c-1ec8-4682-a474-d6c83ced762d 7a05a5a514ee4babb5034bf7b67c4651 2701bc5594db48d095dad57b87f543ca - - default default] Added segment 37c0c15f-e291-4e74-935c-2ef0efd14728 of type geneve for network b23b0e0f-7e73-46bf-a49a-16ddb344e98d
2026-07-21 14:35:09.931 9 INFO neutron.db.ovn_revision_numbers_db [None req-0403cfe3-7c8b-4732-873f-2c3e654d979c 265803d83b524622ad499cbffdb4b944 04fe89ad13f64e0a970477188ea4bbed - - default default] Successfully bumped revision number for resource eeff1db9-5919-42de-9cdd-83b339995240 (type: router_ports) to 1
2026-07-21 14:35:10.044 9 INFO neutron.db.ovn_revision_numbers_db [None req-9c22316c-1ec8-4682-a474-d6c83ced762d 7a05a5a514ee4babb5034bf7b67c4651 2701bc5594db48d095dad57b87f543ca - - default default] Successfully bumped revision number for resource b23b0e0f-7e73-46bf-a49a-16ddb344e98d (type: networks) to 1 /var/lib/openstack/lib/python3.10/site-packages/pycadf/identifier.py:71: UserWarning: Invalid uuid: neutron. To ensure interoperability, identifiers should be a valid uuid. warnings.warn(('Invalid uuid: %s. To ensure interoperability, '
2026-07-21 14:35:10.117 10 WARNING neutron_lib.context [None req-27e79228-986f-4b23-86eb-9171911270ab b83abfee3d884e26b3f99adccf592d14 4d79e4a1d44a4a9ba95e6abf99ae0d81 - - default default] Method 'is_advsvc' is deprecated since 2023.2 release (neutron-lib 3.8.0) and will be removed once support for the old RBAC API policies will be removed from Neutron. Please use method 'is_service_role' instead.
2026-07-21 14:35:10.149 10 WARNING neutron.plugins.ml2.drivers.ovn.mech_driver.ovsdb.ovn_client [None req-fe8da8e1-bf6e-4d02-b9d7-8bfb27b0a407 - - - - - -] No hosting information found for port 85d6c8f9-1387-4e2f-9547-f6761c29df54: RuntimeError: No hosting information found for port 85d6c8f9-1387-4e2f-9547-f6761c29df54
2026-07-21 14:35:10.149 10 INFO neutron.plugins.ml2.drivers.ovn.mech_driver.mech_driver [None req-fe8da8e1-bf6e-4d02-b9d7-8bfb27b0a407 - - - - - -] OVN reports status up for port: eeff1db9-5919-42de-9cdd-83b339995240
2026-07-21 14:35:10.163 10 INFO neutron.plugins.ml2.plugin [None req-fe8da8e1-bf6e-4d02-b9d7-8bfb27b0a407 - - - - - -] Attempt 1 to provision port eeff1db9-5919-42de-9cdd-83b339995240
2026-07-21 14:35:10.283 9 WARNING neutron.scheduler.dhcp_agent_scheduler [None req-9c22316c-1ec8-4682-a474-d6c83ced762d 7a05a5a514ee4babb5034bf7b67c4651 2701bc5594db48d095dad57b87f543ca - - default default] No more DHCP agents
2026-07-21 14:35:10.288 9 WARNING neutron.api.rpc.agentnotifiers.dhcp_rpc_agent_api [None req-9c22316c-1ec8-4682-a474-d6c83ced762d 7a05a5a514ee4babb5034bf7b67c4651 2701bc5594db48d095dad57b87f543ca - - default default] Unable to schedule network b23b0e0f-7e73-46bf-a49a-16ddb344e98d: no agents available; will retry on subsequent port and subnet creation events.
2026-07-21 14:35:10.306 9 WARNING neutron.scheduler.dhcp_agent_scheduler [None req-362d04ca-9d5b-4377-a171-a1480f85ce5f - - - - - -] No more DHCP agents
2026-07-21 14:35:10.315 9 WARNING neutron.api.rpc.agentnotifiers.dhcp_rpc_agent_api [None req-362d04ca-9d5b-4377-a171-a1480f85ce5f - - - - - -] Unable to schedule network eedfe22f-db78-4cba-b6ce-f4668fd5da91: no agents available; will retry on subsequent port and subnet creation events.
2026-07-21 14:35:10.330 10 INFO neutron.db.ovn_revision_numbers_db [None req-27e79228-986f-4b23-86eb-9171911270ab b83abfee3d884e26b3f99adccf592d14 4d79e4a1d44a4a9ba95e6abf99ae0d81 - - default default] Successfully bumped revision number for resource d9bee4d7-863a-4d9f-af65-35ed28190dd8 (type: security_groups) to 1
2026-07-21 14:35:10.358 10 INFO neutron.db.ovn_revision_numbers_db [None req-27e79228-986f-4b23-86eb-9171911270ab b83abfee3d884e26b3f99adccf592d14 4d79e4a1d44a4a9ba95e6abf99ae0d81 - - default default] Successfully bumped revision number for resource 016f575e-b9e9-4c1d-8017-0e8005c65137 (type: security_group_rules) to 0
2026-07-21 14:35:10.389 10 INFO neutron.db.ovn_revision_numbers_db [None req-27e79228-986f-4b23-86eb-9171911270ab b83abfee3d884e26b3f99adccf592d14 4d79e4a1d44a4a9ba95e6abf99ae0d81 - - default default] Successfully bumped revision number for resource 23ef389f-de76-471f-85a4-69f30b019292 (type: security_group_rules) to 0
2026-07-21 14:35:10.403 10 INFO neutron.db.ovn_revision_numbers_db [None req-27e79228-986f-4b23-86eb-9171911270ab b83abfee3d884e26b3f99adccf592d14 4d79e4a1d44a4a9ba95e6abf99ae0d81 - - default default] Successfully bumped revision number for resource 718705c5-1a4b-4d29-b527-2f278f285f28 (type: security_group_rules) to 0
2026-07-21 14:35:10.411 9 INFO neutron.db.ovn_revision_numbers_db [None req-9c22316c-1ec8-4682-a474-d6c83ced762d 7a05a5a514ee4babb5034bf7b67c4651 2701bc5594db48d095dad57b87f543ca - - default default] Successfully bumped revision number for resource 73979939-71c3-4efe-849b-cca50aa8cff0 (type: ports) to 1
2026-07-21 14:35:10.431 10 INFO neutron.db.ovn_revision_numbers_db [None req-27e79228-986f-4b23-86eb-9171911270ab b83abfee3d884e26b3f99adccf592d14 4d79e4a1d44a4a9ba95e6abf99ae0d81 - - default default] Successfully bumped revision number for resource f8fba9e4-6f50-47bb-afa8-e5b9ec789f5f (type: security_group_rules) to 0
2026-07-21 14:35:10.463 9 INFO neutron.wsgi [None req-9c22316c-1ec8-4682-a474-d6c83ced762d 7a05a5a514ee4babb5034bf7b67c4651 2701bc5594db48d095dad57b87f543ca - - default default] 10.0.0.21 "POST /v2.0/networks HTTP/1.1" status: 201 len: 830 time: 0.7559056
2026-07-21 14:35:10.475 9 WARNING neutron_lib.context [None req-2a69826e-0ac3-42e6-90a9-9151e0267580 7a05a5a514ee4babb5034bf7b67c4651 2701bc5594db48d095dad57b87f543ca - - default default] Method 'is_advsvc' is deprecated since 2023.2 release (neutron-lib 3.8.0) and will be removed once support for the old RBAC API policies will be removed from Neutron. Please use method 'is_service_role' instead.
2026-07-21 14:35:10.549 9 INFO neutron.db.ovn_revision_numbers_db [None req-362d04ca-9d5b-4377-a171-a1480f85ce5f - - - - - -] Successfully bumped revision number for resource a1f1b7e7-1464-4d23-9b79-224398db3f6d (type: ports) to 1
2026-07-21 14:35:10.564 10 INFO neutron.db.ovn_revision_numbers_db [None req-27e79228-986f-4b23-86eb-9171911270ab b83abfee3d884e26b3f99adccf592d14 4d79e4a1d44a4a9ba95e6abf99ae0d81 - - default default] Successfully bumped revision number for resource 0dae0d6d-d0d5-4e62-acf9-034491fe536d (type: security_groups) to 1
2026-07-21 14:35:10.583 10 INFO neutron.db.ovn_revision_numbers_db [None req-27e79228-986f-4b23-86eb-9171911270ab b83abfee3d884e26b3f99adccf592d14 4d79e4a1d44a4a9ba95e6abf99ae0d81 - - default default] Successfully bumped revision number for resource 3c8b8ccc-c710-4254-a2bd-b944e5efd087 (type: security_group_rules) to 0
2026-07-21 14:35:10.612 10 INFO neutron.db.ovn_revision_numbers_db [None req-27e79228-986f-4b23-86eb-9171911270ab b83abfee3d884e26b3f99adccf592d14 4d79e4a1d44a4a9ba95e6abf99ae0d81 - - default default] Successfully bumped revision number for resource 8f1ae321-14ce-44c2-90e5-2c1d44edd816 (type: security_group_rules) to 0
2026-07-21 14:35:10.639 10 INFO neutron.wsgi [None req-27e79228-986f-4b23-86eb-9171911270ab b83abfee3d884e26b3f99adccf592d14 4d79e4a1d44a4a9ba95e6abf99ae0d81 - - default default] 10.0.0.21 "POST /v2.0/security-groups HTTP/1.1" status: 201 len: 1801 time: 0.7670507
2026-07-21 14:35:10.716 10 INFO neutron.db.ovn_revision_numbers_db [None req-fe8da8e1-bf6e-4d02-b9d7-8bfb27b0a407 - - - - - -] Successfully bumped revision number for resource eeff1db9-5919-42de-9cdd-83b339995240 (type: ports) to 2
2026-07-21 14:35:10.721 9 INFO neutron.wsgi [None req-aaacc11c-a4a2-468b-896e-819b3779a59d b83abfee3d884e26b3f99adccf592d14 4d79e4a1d44a4a9ba95e6abf99ae0d81 - - default default] 10.0.0.21 "PUT /v2.0/security-groups/0dae0d6d-d0d5-4e62-acf9-034491fe536d/tags HTTP/1.1" status: 200 len: 218 time: 0.0738888
2026-07-21 14:35:10.780 10 INFO neutron.wsgi [None req-fea2d3e2-7ce0-4f45-9955-c304bdcd9bc7 b83abfee3d884e26b3f99adccf592d14 4d79e4a1d44a4a9ba95e6abf99ae0d81 - - default default] 10.0.0.21 "GET /v2.0/security-groups/0dae0d6d-d0d5-4e62-acf9-034491fe536d/tags HTTP/1.1" status: 200 len: 218 time: 0.0537870
2026-07-21 14:35:10.828 9 WARNING neutron.scheduler.dhcp_agent_scheduler [None req-2a69826e-0ac3-42e6-90a9-9151e0267580 7a05a5a514ee4babb5034bf7b67c4651 2701bc5594db48d095dad57b87f543ca - - default default] No more DHCP agents
2026-07-21 14:35:10.833 9 WARNING neutron.api.rpc.agentnotifiers.dhcp_rpc_agent_api [None req-2a69826e-0ac3-42e6-90a9-9151e0267580 7a05a5a514ee4babb5034bf7b67c4651 2701bc5594db48d095dad57b87f543ca - - default default] Unable to schedule network b23b0e0f-7e73-46bf-a49a-16ddb344e98d: no agents available; will retry on subsequent port and subnet creation events.
2026-07-21 14:35:10.869 10 INFO neutron.db.ovn_revision_numbers_db [None req-fe8da8e1-bf6e-4d02-b9d7-8bfb27b0a407 - - - - - -] Successfully bumped revision number for resource eeff1db9-5919-42de-9cdd-83b339995240 (type: router_ports) to 2
2026-07-21 14:35:10.873 9 INFO neutron.wsgi [None req-d204602d-2ace-4301-9258-4665040e77c5 b83abfee3d884e26b3f99adccf592d14 4d79e4a1d44a4a9ba95e6abf99ae0d81 - - default default] 10.0.0.21 "PUT /v2.0/security-groups/0dae0d6d-d0d5-4e62-acf9-034491fe536d/tags/green HTTP/1.1" status: 201 len: 201 time: 0.0862131
2026-07-21 14:35:10.951 9 INFO neutron.wsgi [None req-3c35483b-90ad-4f45-85ab-5ae67bca2a9c b83abfee3d884e26b3f99adccf592d14 4d79e4a1d44a4a9ba95e6abf99ae0d81 - - default default] 10.0.0.21 "GET /v2.0/security-groups/0dae0d6d-d0d5-4e62-acf9-034491fe536d/tags HTTP/1.1" status: 200 len: 227 time: 0.0702932
2026-07-21 14:35:10.985 10 INFO neutron.wsgi [None req-99bf4e20-c82a-4675-8d8f-d520c0b475e2 b83abfee3d884e26b3f99adccf592d14 4d79e4a1d44a4a9ba95e6abf99ae0d81 - - default default] 10.0.0.21 "PUT /v2.0/security-groups/0dae0d6d-d0d5-4e62-acf9-034491fe536d/tags/red HTTP/1.1" status: 201 len: 201 time: 0.0295205
2026-07-21 14:35:11.013 9 INFO neutron.db.ovn_revision_numbers_db [None req-362d04ca-9d5b-4377-a171-a1480f85ce5f - - - - - -] Successfully bumped revision number for resource a1f1b7e7-1464-4d23-9b79-224398db3f6d (type: ports) to 1
2026-07-21 14:35:11.016 10 INFO neutron.wsgi [None req-1df1a57b-b218-448b-ad3d-51fa0594cb58 b83abfee3d884e26b3f99adccf592d14 4d79e4a1d44a4a9ba95e6abf99ae0d81 - - default default] 10.0.0.21 "GET /v2.0/security-groups/0dae0d6d-d0d5-4e62-acf9-034491fe536d/tags HTTP/1.1" status: 200 len: 227 time: 0.0269310
2026-07-21 14:35:11.059 10 INFO neutron.wsgi [None req-0fe41383-ef73-41de-8296-44cec59bf368 b83abfee3d884e26b3f99adccf592d14 4d79e4a1d44a4a9ba95e6abf99ae0d81 - - default default] 10.0.0.21 "PUT /v2.0/security-groups/0dae0d6d-d0d5-4e62-acf9-034491fe536d/tags/black.or.white HTTP/1.1" status: 201 len: 201 time: 0.0381286
2026-07-21 14:35:11.088 10 INFO neutron.wsgi [None req-31b0e178-64d5-47f8-b4a1-c604a619182d b83abfee3d884e26b3f99adccf592d14 4d79e4a1d44a4a9ba95e6abf99ae0d81 - - default default] 10.0.0.21 "GET /v2.0/security-groups/0dae0d6d-d0d5-4e62-acf9-034491fe536d/tags HTTP/1.1" status: 200 len: 245 time: 0.0249488
2026-07-21 14:35:11.139 10 INFO neutron.wsgi [None req-d579865c-8af8-45b8-875f-9e00df58837b b83abfee3d884e26b3f99adccf592d14 4d79e4a1d44a4a9ba95e6abf99ae0d81 - - default default] 10.0.0.21 "PUT /v2.0/security-groups/0dae0d6d-d0d5-4e62-acf9-034491fe536d/tags HTTP/1.1" status: 200 len: 230 time: 0.0460272
2026-07-21 14:35:11.168 10 INFO neutron.wsgi [None req-7052b3ea-7f75-4135-824e-9d1cda035b78 b83abfee3d884e26b3f99adccf592d14 4d79e4a1d44a4a9ba95e6abf99ae0d81 - - default default] 10.0.0.21 "GET /v2.0/security-groups/0dae0d6d-d0d5-4e62-acf9-034491fe536d/tags HTTP/1.1" status: 200 len: 230 time: 0.0238945
2026-07-21 14:35:11.195 10 INFO neutron.wsgi [None req-65815cdc-d03a-4d9a-85e8-dcf180418eb3 b83abfee3d884e26b3f99adccf592d14 4d79e4a1d44a4a9ba95e6abf99ae0d81 - - default default] 10.0.0.21 "GET /v2.0/security-groups/0dae0d6d-d0d5-4e62-acf9-034491fe536d/tags/red HTTP/1.1" status: 204 len: 168 time: 0.0216770
2026-07-21 14:35:11.218 10 INFO neutron.api.v2.resource [None req-a8997d8c-a0b4-4926-bd18-ca7226e94fa0 b83abfee3d884e26b3f99adccf592d14 4d79e4a1d44a4a9ba95e6abf99ae0d81 - - default default] show failed (client error): The resource could not be found.
2026-07-21 14:35:11.219 10 INFO neutron.wsgi [None req-a8997d8c-a0b4-4926-bd18-ca7226e94fa0 b83abfee3d884e26b3f99adccf592d14 4d79e4a1d44a4a9ba95e6abf99ae0d81 - - default default] 10.0.0.21 "GET /v2.0/security-groups/0dae0d6d-d0d5-4e62-acf9-034491fe536d/tags/green HTTP/1.1" status: 404 len: 299 time: 0.0208080
2026-07-21 14:35:11.261 10 INFO neutron.wsgi [None req-1b64c1ce-6212-41d9-a9f9-35375827054e b83abfee3d884e26b3f99adccf592d14 4d79e4a1d44a4a9ba95e6abf99ae0d81 - - default default] 10.0.0.21 "DELETE /v2.0/security-groups/0dae0d6d-d0d5-4e62-acf9-034491fe536d/tags/red HTTP/1.1" status: 204 len: 168 time: 0.0367346
2026-07-21 14:35:11.292 10 INFO neutron.wsgi [None req-e0ca8dd8-42c3-4638-b3f2-cb5522e0288c b83abfee3d884e26b3f99adccf592d14 4d79e4a1d44a4a9ba95e6abf99ae0d81 - - default default] 10.0.0.21 "GET /v2.0/security-groups/0dae0d6d-d0d5-4e62-acf9-034491fe536d/tags HTTP/1.1" status: 200 len: 223 time: 0.0219316
2026-07-21 14:35:11.321 10 INFO neutron.api.v2.resource [None req-909254da-f5da-4738-8700-543856e0a2fb b83abfee3d884e26b3f99adccf592d14 4d79e4a1d44a4a9ba95e6abf99ae0d81 - - default default] delete failed (client error): The resource could not be found.
2026-07-21 14:35:11.323 10 INFO neutron.wsgi [None req-909254da-f5da-4738-8700-543856e0a2fb b83abfee3d884e26b3f99adccf592d14 4d79e4a1d44a4a9ba95e6abf99ae0d81 - - default default] 10.0.0.21 "DELETE /v2.0/security-groups/0dae0d6d-d0d5-4e62-acf9-034491fe536d/tags/green HTTP/1.1" status: 404 len: 299 time: 0.0261750
2026-07-21 14:35:11.367 10 INFO neutron.wsgi [None req-334c4469-2569-4d0f-9340-98896ee01315 b83abfee3d884e26b3f99adccf592d14 4d79e4a1d44a4a9ba95e6abf99ae0d81 - - default default] 10.0.0.21 "DELETE /v2.0/security-groups/0dae0d6d-d0d5-4e62-acf9-034491fe536d/tags HTTP/1.1" status: 204 len: 168 time: 0.0384815
2026-07-21 14:35:11.395 10 INFO neutron.wsgi [None req-bb6b6f3a-026b-4cc1-97e0-04f3aba345e4 b83abfee3d884e26b3f99adccf592d14 4d79e4a1d44a4a9ba95e6abf99ae0d81 - - default default] 10.0.0.21 "GET /v2.0/security-groups/0dae0d6d-d0d5-4e62-acf9-034491fe536d/tags HTTP/1.1" status: 200 len: 205 time: 0.0228322
2026-07-21 14:35:11.512 10 INFO neutron.wsgi [None req-f4d8a33b-647d-45a9-915b-ec4077637127 b83abfee3d884e26b3f99adccf592d14 4d79e4a1d44a4a9ba95e6abf99ae0d81 - - default default] 10.0.0.21 "DELETE /v2.0/security-groups/0dae0d6d-d0d5-4e62-acf9-034491fe536d HTTP/1.1" status: 204 len: 168 time: 0.1110294
2026-07-21 14:35:11.711 9 INFO neutron.db.ovn_revision_numbers_db [None req-4bf891e9-3fc9-41d6-9eb5-dbd8fc7e8eac aaf09a7d266440efab2f57dbd6c53e17 ff887c7d10544a709fad9c928a959a91 - - default default] Successfully bumped revision number for resource 046675cf-87e9-44ec-97f1-a05cfed0026f (type: security_groups) to 1
2026-07-21 14:35:11.759 9 INFO neutron.db.ovn_revision_numbers_db [None req-4bf891e9-3fc9-41d6-9eb5-dbd8fc7e8eac aaf09a7d266440efab2f57dbd6c53e17 ff887c7d10544a709fad9c928a959a91 - - default default] Successfully bumped revision number for resource 42ae247a-07d8-4bd2-96e3-1a33e59e5da3 (type: security_group_rules) to 0
2026-07-21 14:35:11.809 9 INFO neutron.db.ovn_revision_numbers_db [None req-4bf891e9-3fc9-41d6-9eb5-dbd8fc7e8eac aaf09a7d266440efab2f57dbd6c53e17 ff887c7d10544a709fad9c928a959a91 - - default default] Successfully bumped revision number for resource 96bfd4f3-5641-493c-81b9-e90c32be0e0c (type: security_group_rules) to 0
2026-07-21 14:35:11.832 9 INFO neutron.db.ovn_revision_numbers_db [None req-4bf891e9-3fc9-41d6-9eb5-dbd8fc7e8eac aaf09a7d266440efab2f57dbd6c53e17 ff887c7d10544a709fad9c928a959a91 - - default default] Successfully bumped revision number for resource bebbe111-016a-465d-98e2-3df4e134cf3a (type: security_group_rules) to 0
2026-07-21 14:35:11.847 9 INFO neutron.wsgi [None req-0403cfe3-7c8b-4732-873f-2c3e654d979c 265803d83b524622ad499cbffdb4b944 04fe89ad13f64e0a970477188ea4bbed - - default default] 10.0.0.21 "POST /v2.0/vpn/vpnservices HTTP/1.1" status: 201 len: 656 time: 6.6324098
2026-07-21 14:35:11.860 9 WARNING neutron_lib.context [None req-9ccac3af-4418-45c0-8050-628b6d859d3d 265803d83b524622ad499cbffdb4b944 04fe89ad13f64e0a970477188ea4bbed - - default default] Method 'is_advsvc' is deprecated since 2023.2 release (neutron-lib 3.8.0) and will be removed once support for the old RBAC API policies will be removed from Neutron. Please use method 'is_service_role' instead.
2026-07-21 14:35:11.865 9 INFO neutron.db.ovn_revision_numbers_db [None req-4bf891e9-3fc9-41d6-9eb5-dbd8fc7e8eac aaf09a7d266440efab2f57dbd6c53e17 ff887c7d10544a709fad9c928a959a91 - - default default] Successfully bumped revision number for resource df8e0eeb-cba1-4115-acaa-5db4270dfa7f (type: security_group_rules) to 0
2026-07-21 14:35:11.967 9 INFO neutron.db.segments_db [None req-4bf891e9-3fc9-41d6-9eb5-dbd8fc7e8eac aaf09a7d266440efab2f57dbd6c53e17 ff887c7d10544a709fad9c928a959a91 - - default default] Added segment 4fc3a64d-bcb3-4e99-8628-b5e9619b833b of type geneve for network 9d47e2b6-559c-4f57-ae67-bbe241015ed8
2026-07-21 14:35:12.255 9 INFO neutron.db.ovn_revision_numbers_db [None req-4bf891e9-3fc9-41d6-9eb5-dbd8fc7e8eac aaf09a7d266440efab2f57dbd6c53e17 ff887c7d10544a709fad9c928a959a91 - - default default] Successfully bumped revision number for resource 9d47e2b6-559c-4f57-ae67-bbe241015ed8 (type: networks) to 1
2026-07-21 14:35:12.320 10 INFO neutron.wsgi [None req-434d24ef-771d-4486-995f-997c60095d41 aaf09a7d266440efab2f57dbd6c53e17 ff887c7d10544a709fad9c928a959a91 - - default default] 10.0.0.21 "GET /v2.0/security-groups?tenant_id=4d79e4a1d44a4a9ba95e6abf99ae0d81&name=default HTTP/1.1" status: 200 len: 3120 time: 0.1591902
2026-07-21 14:35:12.455 9 INFO neutron.db.ovn_revision_numbers_db [None req-2a69826e-0ac3-42e6-90a9-9151e0267580 7a05a5a514ee4babb5034bf7b67c4651 2701bc5594db48d095dad57b87f543ca - - default default] Successfully bumped revision number for resource 73979939-71c3-4efe-849b-cca50aa8cff0 (type: ports) to 2
2026-07-21 14:35:12.529 9 INFO neutron.db.ovn_revision_numbers_db [None req-2a69826e-0ac3-42e6-90a9-9151e0267580 7a05a5a514ee4babb5034bf7b67c4651 2701bc5594db48d095dad57b87f543ca - - default default] Successfully bumped revision number for resource a8cfd67d-3f76-4b5b-b974-02cd5d660867 (type: subnets) to 0
2026-07-21 14:35:12.535 10 INFO neutron.wsgi [None req-4ead0d45-f0de-41c3-9f07-1e9136725745 aaf09a7d266440efab2f57dbd6c53e17 ff887c7d10544a709fad9c928a959a91 - - default default] 10.0.0.21 "DELETE /v2.0/security-groups/d9bee4d7-863a-4d9f-af65-35ed28190dd8 HTTP/1.1" status: 204 len: 168 time: 0.2096443
2026-07-21 14:35:12.556 9 INFO neutron.wsgi [None req-2a69826e-0ac3-42e6-90a9-9151e0267580 7a05a5a514ee4babb5034bf7b67c4651 2701bc5594db48d095dad57b87f543ca - - default default] 10.0.0.21 "POST /v2.0/subnets HTTP/1.1" status: 201 len: 801 time: 2.0854726
2026-07-21 14:35:12.567 9 WARNING neutron_lib.context [None req-7168a7ac-e373-4691-b66d-cdcf74e49c91 7a05a5a514ee4babb5034bf7b67c4651 2701bc5594db48d095dad57b87f543ca - - default default] Method 'is_advsvc' is deprecated since 2023.2 release (neutron-lib 3.8.0) and will be removed once support for the old RBAC API policies will be removed from Neutron. Please use method 'is_service_role' instead.
2026-07-21 14:35:12.594 9 WARNING neutron.scheduler.dhcp_agent_scheduler [None req-4bf891e9-3fc9-41d6-9eb5-dbd8fc7e8eac aaf09a7d266440efab2f57dbd6c53e17 ff887c7d10544a709fad9c928a959a91 - - default default] No more DHCP agents
2026-07-21 14:35:12.597 9 WARNING neutron.api.rpc.agentnotifiers.dhcp_rpc_agent_api [None req-4bf891e9-3fc9-41d6-9eb5-dbd8fc7e8eac aaf09a7d266440efab2f57dbd6c53e17 ff887c7d10544a709fad9c928a959a91 - - default default] Unable to schedule network 9d47e2b6-559c-4f57-ae67-bbe241015ed8: no agents available; will retry on subsequent port and subnet creation events.
2026-07-21 14:35:12.612 9 INFO neutron.wsgi [None req-9ccac3af-4418-45c0-8050-628b6d859d3d 265803d83b524622ad499cbffdb4b944 04fe89ad13f64e0a970477188ea4bbed - - default default] 10.0.0.21 "POST /v2.0/vpn/vpnservices HTTP/1.1" status: 201 len: 623 time: 0.7589965
2026-07-21 14:35:12.626 10 WARNING neutron_lib.context [None req-298b2667-46fc-45ec-8f96-f24432f4b3e5 265803d83b524622ad499cbffdb4b944 04fe89ad13f64e0a970477188ea4bbed - - default default] Method 'is_advsvc' is deprecated since 2023.2 release (neutron-lib 3.8.0) and will be removed once support for the old RBAC API policies will be removed from Neutron. Please use method 'is_service_role' instead.
2026-07-21 14:35:12.677 10 INFO neutron.wsgi [None req-298b2667-46fc-45ec-8f96-f24432f4b3e5 265803d83b524622ad499cbffdb4b944 04fe89ad13f64e0a970477188ea4bbed - - default default] 10.0.0.21 "POST /v2.0/vpn/ikepolicies HTTP/1.1" status: 201 len: 602 time: 0.0591490
2026-07-21 14:35:12.686 10 WARNING neutron_lib.context [None req-7d1cd097-e012-432b-8647-a1ffc1faadea 265803d83b524622ad499cbffdb4b944 04fe89ad13f64e0a970477188ea4bbed - - default default] Method 'is_advsvc' is deprecated since 2023.2 release (neutron-lib 3.8.0) and will be removed once support for the old RBAC API policies will be removed from Neutron. Please use method 'is_service_role' instead.
2026-07-21 14:35:12.720 9 INFO neutron.db.ovn_revision_numbers_db [None req-4bf891e9-3fc9-41d6-9eb5-dbd8fc7e8eac aaf09a7d266440efab2f57dbd6c53e17 ff887c7d10544a709fad9c928a959a91 - - default default] Successfully bumped revision number for resource cf94e80f-6a53-4381-8b26-cf5030fc2719 (type: ports) to 1
2026-07-21 14:35:12.727 10 INFO neutron.wsgi [None req-7d1cd097-e012-432b-8647-a1ffc1faadea 265803d83b524622ad499cbffdb4b944 04fe89ad13f64e0a970477188ea4bbed - - default default] 10.0.0.21 "POST /v2.0/vpn/ipsecpolicies HTTP/1.1" status: 201 len: 612 time: 0.0448525
2026-07-21 14:35:12.737 10 WARNING neutron_lib.context [None req-2a7d0295-8a1d-4575-b8a5-db705edf05e5 265803d83b524622ad499cbffdb4b944 04fe89ad13f64e0a970477188ea4bbed - - default default] Method 'is_advsvc' is deprecated since 2023.2 release (neutron-lib 3.8.0) and will be removed once support for the old RBAC API policies will be removed from Neutron. Please use method 'is_service_role' instead.
2026-07-21 14:35:12.758 9 INFO neutron.wsgi [None req-4bf891e9-3fc9-41d6-9eb5-dbd8fc7e8eac aaf09a7d266440efab2f57dbd6c53e17 ff887c7d10544a709fad9c928a959a91 - - default default] 10.0.0.21 "POST /v2.0/networks HTTP/1.1" status: 201 len: 943 time: 2.0038116
2026-07-21 14:35:12.797 10 INFO neutron.db.ovn_revision_numbers_db [None req-488dde11-fc0c-498c-a74c-3f814dfcc52f aaf09a7d266440efab2f57dbd6c53e17 ff887c7d10544a709fad9c928a959a91 - - default default] Successfully bumped revision number for resource eabe3d33-83b1-40d8-bfe2-6fe6344f8818 (type: security_groups) to 1
2026-07-21 14:35:12.810 10 INFO neutron.wsgi [None req-2a7d0295-8a1d-4575-b8a5-db705edf05e5 265803d83b524622ad499cbffdb4b944 04fe89ad13f64e0a970477188ea4bbed - - default default] 10.0.0.21 "POST /v2.0/vpn/endpoint-groups HTTP/1.1" status: 201 len: 528 time: 0.0779378
2026-07-21 14:35:12.820 10 WARNING neutron_lib.context [None req-b45d70e3-aee9-4f85-8f6c-1ca8763a1447 265803d83b524622ad499cbffdb4b944 04fe89ad13f64e0a970477188ea4bbed - - default default] Method 'is_advsvc' is deprecated since 2023.2 release (neutron-lib 3.8.0) and will be removed once support for the old RBAC API policies will be removed from Neutron. Please use method 'is_service_role' instead.
2026-07-21 14:35:12.824 10 INFO neutron.db.ovn_revision_numbers_db [None req-488dde11-fc0c-498c-a74c-3f814dfcc52f aaf09a7d266440efab2f57dbd6c53e17 ff887c7d10544a709fad9c928a959a91 - - default default] Successfully bumped revision number for resource 0f7058b9-c825-4781-b850-99d2b1b488d7 (type: security_group_rules) to 0
2026-07-21 14:35:12.838 10 INFO neutron.db.ovn_revision_numbers_db [None req-488dde11-fc0c-498c-a74c-3f814dfcc52f aaf09a7d266440efab2f57dbd6c53e17 ff887c7d10544a709fad9c928a959a91 - - default default] Successfully bumped revision number for resource 9b437b2f-3acc-4801-85c4-30c4345b71ee (type: security_group_rules) to 0
2026-07-21 14:35:12.850 10 INFO neutron.db.ovn_revision_numbers_db [None req-488dde11-fc0c-498c-a74c-3f814dfcc52f aaf09a7d266440efab2f57dbd6c53e17 ff887c7d10544a709fad9c928a959a91 - - default default] Successfully bumped revision number for resource e1d90ee2-dc2e-46d2-9c42-d064e433d8a7 (type: security_group_rules) to 0
2026-07-21 14:35:12.860 10 INFO neutron.wsgi [None req-b45d70e3-aee9-4f85-8f6c-1ca8763a1447 265803d83b524622ad499cbffdb4b944 04fe89ad13f64e0a970477188ea4bbed - - default default] 10.0.0.21 "POST /v2.0/vpn/endpoint-groups HTTP/1.1" status: 201 len: 518 time: 0.0446289
2026-07-21 14:35:12.869 10 WARNING neutron_lib.context [None req-d7e06675-3bfa-4550-a57c-77d0f96bef6f 265803d83b524622ad499cbffdb4b944 04fe89ad13f64e0a970477188ea4bbed - - default default] Method 'is_advsvc' is deprecated since 2023.2 release (neutron-lib 3.8.0) and will be removed once support for the old RBAC API policies will be removed from Neutron. Please use method 'is_service_role' instead.
2026-07-21 14:35:12.874 10 INFO neutron.db.ovn_revision_numbers_db [None req-488dde11-fc0c-498c-a74c-3f814dfcc52f aaf09a7d266440efab2f57dbd6c53e17 ff887c7d10544a709fad9c928a959a91 - - default default] Successfully bumped revision number for resource ecc4a6a5-7059-48bc-a82d-8e0f7ee40154 (type: security_group_rules) to 0
2026-07-21 14:35:12.899 10 INFO neutron.wsgi [None req-488dde11-fc0c-498c-a74c-3f814dfcc52f aaf09a7d266440efab2f57dbd6c53e17 ff887c7d10544a709fad9c928a959a91 - - default default] 10.0.0.21 "GET /v2.0/security-groups?tenant_id=5d5662e798b94e31907004286059c444&name=default HTTP/1.1" status: 200 len: 3120 time: 0.2607429
2026-07-21 14:35:13.205 9 WARNING neutron.scheduler.dhcp_agent_scheduler [None req-ef4b4c35-3de9-4f84-96b0-0ed02973c09b aaf09a7d266440efab2f57dbd6c53e17 ff887c7d10544a709fad9c928a959a91 - - default default] No more DHCP agents
2026-07-21 14:35:13.210 9 WARNING neutron.api.rpc.agentnotifiers.dhcp_rpc_agent_api [None req-ef4b4c35-3de9-4f84-96b0-0ed02973c09b aaf09a7d266440efab2f57dbd6c53e17 ff887c7d10544a709fad9c928a959a91 - - default default] Unable to schedule network 9d47e2b6-559c-4f57-ae67-bbe241015ed8: no agents available; will retry on subsequent port and subnet creation events.
2026-07-21 14:35:13.269 9 WARNING neutron.scheduler.dhcp_agent_scheduler [None req-7168a7ac-e373-4691-b66d-cdcf74e49c91 7a05a5a514ee4babb5034bf7b67c4651 2701bc5594db48d095dad57b87f543ca - - default default] No more DHCP agents
2026-07-21 14:35:13.273 9 WARNING neutron.api.rpc.agentnotifiers.dhcp_rpc_agent_api [None req-7168a7ac-e373-4691-b66d-cdcf74e49c91 7a05a5a514ee4babb5034bf7b67c4651 2701bc5594db48d095dad57b87f543ca - - default default] Unable to schedule network b23b0e0f-7e73-46bf-a49a-16ddb344e98d: no agents available; will retry on subsequent port and subnet creation events.
2026-07-21 14:35:13.535 9 INFO neutron.db.ovn_revision_numbers_db [None req-7168a7ac-e373-4691-b66d-cdcf74e49c91 7a05a5a514ee4babb5034bf7b67c4651 2701bc5594db48d095dad57b87f543ca - - default default] Successfully bumped revision number for resource b6f35a59-2ebc-499e-869f-43ee22048097 (type: ports) to 1
