2026-07-21 14:36:42.213 10 INFO neutron.db.ovn_revision_numbers_db [None req-752aefaa-94de-4e76-8b17-ae2ca0edf8a7 8b2607a616084614b51874c34221d16b 76e9d9488f924b0e8a08808ceb1805f9 - - default default] Successfully bumped revision number for resource 413e1fb7-d867-42ed-804f-c4c59b966564 (type: ports) to 1
2026-07-21 14:36:42.252 10 INFO neutron.wsgi [None req-752aefaa-94de-4e76-8b17-ae2ca0edf8a7 8b2607a616084614b51874c34221d16b 76e9d9488f924b0e8a08808ceb1805f9 - - default default] 10.0.0.21 "POST /v2.0/networks HTTP/1.1" status: 201 len: 838 time: 1.0070355
2026-07-21 14:36:42.268 10 WARNING neutron_lib.context [None req-3d692a49-2077-498d-988f-a5e310a098cf 8b2607a616084614b51874c34221d16b 76e9d9488f924b0e8a08808ceb1805f9 - - default default] Method 'is_advsvc' is deprecated since 2023.2 release (neutron-lib 3.8.0) and will be removed once support for the old RBAC API policies will be removed from Neutron. Please use method 'is_service_role' instead.
2026-07-21 14:36:42.358 9 INFO neutron.db.ovn_revision_numbers_db [None req-c21547ec-51a6-480d-8304-d1b67c166046 610cd95c7700423186672e660d364fe7 18b4d7df76b64976a8014851b675a316 - - default default] Successfully bumped revision number for resource b0342718-738d-4b82-8325-179214f0a307 (type: networks) to 1
2026-07-21 14:36:42.543 9 WARNING neutron.scheduler.dhcp_agent_scheduler [None req-c21547ec-51a6-480d-8304-d1b67c166046 610cd95c7700423186672e660d364fe7 18b4d7df76b64976a8014851b675a316 - - default default] No more DHCP agents
2026-07-21 14:36:42.544 9 WARNING neutron.api.rpc.agentnotifiers.dhcp_rpc_agent_api [None req-c21547ec-51a6-480d-8304-d1b67c166046 610cd95c7700423186672e660d364fe7 18b4d7df76b64976a8014851b675a316 - - default default] Unable to schedule network b0342718-738d-4b82-8325-179214f0a307: no agents available; will retry on subsequent port and subnet creation events.
2026-07-21 14:36:42.621 10 WARNING neutron.scheduler.dhcp_agent_scheduler [None req-3d692a49-2077-498d-988f-a5e310a098cf 8b2607a616084614b51874c34221d16b 76e9d9488f924b0e8a08808ceb1805f9 - - default default] No more DHCP agents
2026-07-21 14:36:42.626 10 WARNING neutron.api.rpc.agentnotifiers.dhcp_rpc_agent_api [None req-3d692a49-2077-498d-988f-a5e310a098cf 8b2607a616084614b51874c34221d16b 76e9d9488f924b0e8a08808ceb1805f9 - - default default] Unable to schedule network b4abcf39-9cf4-4bba-9fb5-c59f25ba56f0: no agents available; will retry on subsequent port and subnet creation events.
2026-07-21 14:36:42.653 9 INFO neutron.db.ovn_revision_numbers_db [None req-c21547ec-51a6-480d-8304-d1b67c166046 610cd95c7700423186672e660d364fe7 18b4d7df76b64976a8014851b675a316 - - default default] Successfully bumped revision number for resource 2b3afd44-3695-4438-bf43-4e7e666a7273 (type: ports) to 1
2026-07-21 14:36:42.670 10 WARNING neutron.plugins.ml2.drivers.ovn.mech_driver.ovsdb.ovn_client [None req-fe8da8e1-bf6e-4d02-b9d7-8bfb27b0a407 - - - - - -] No port found with ID 830402e8-5b98-45d9-9aad-3e5a680948e2: RuntimeError: No port found with ID 830402e8-5b98-45d9-9aad-3e5a680948e2
2026-07-21 14:36:42.678 9 INFO neutron.wsgi [None req-c21547ec-51a6-480d-8304-d1b67c166046 610cd95c7700423186672e660d364fe7 18b4d7df76b64976a8014851b675a316 - - default default] 10.0.0.21 "POST /v2.0/networks HTTP/1.1" status: 201 len: 831 time: 0.9547260
2026-07-21 14:36:42.687 9 WARNING neutron_lib.context [None req-1725bb9b-3bf3-477b-b505-726dede32b51 610cd95c7700423186672e660d364fe7 18b4d7df76b64976a8014851b675a316 - - default default] Method 'is_advsvc' is deprecated since 2023.2 release (neutron-lib 3.8.0) and will be removed once support for the old RBAC API policies will be removed from Neutron. Please use method 'is_service_role' instead.
2026-07-21 14:36:42.952 9 WARNING neutron.scheduler.dhcp_agent_scheduler [None req-1725bb9b-3bf3-477b-b505-726dede32b51 610cd95c7700423186672e660d364fe7 18b4d7df76b64976a8014851b675a316 - - default default] No more DHCP agents
2026-07-21 14:36:42.955 9 WARNING neutron.api.rpc.agentnotifiers.dhcp_rpc_agent_api [None req-1725bb9b-3bf3-477b-b505-726dede32b51 610cd95c7700423186672e660d364fe7 18b4d7df76b64976a8014851b675a316 - - default default] Unable to schedule network b0342718-738d-4b82-8325-179214f0a307: no agents available; will retry on subsequent port and subnet creation events.
2026-07-21 14:36:43.052 9 INFO neutron.db.ovn_revision_numbers_db [None req-1725bb9b-3bf3-477b-b505-726dede32b51 610cd95c7700423186672e660d364fe7 18b4d7df76b64976a8014851b675a316 - - default default] Successfully bumped revision number for resource 137acc65-951d-4bf0-9cd6-4cfd0cacfebf (type: ports) to 1
2026-07-21 14:36:43.072 9 INFO neutron.wsgi [None req-1725bb9b-3bf3-477b-b505-726dede32b51 610cd95c7700423186672e660d364fe7 18b4d7df76b64976a8014851b675a316 - - default default] 10.0.0.21 "POST /v2.0/ports HTTP/1.1" status: 201 len: 942 time: 0.3890395 /var/lib/openstack/lib/python3.10/site-packages/pycadf/identifier.py:71: UserWarning: Invalid uuid: neutron. To ensure interoperability, identifiers should be a valid uuid. warnings.warn(('Invalid uuid: %s. To ensure interoperability, '
2026-07-21 14:36:43.080 9 WARNING neutron_lib.context [None req-45ae61ac-c190-4e70-8830-db9f87a6b025 610cd95c7700423186672e660d364fe7 18b4d7df76b64976a8014851b675a316 - - default default] Method 'is_advsvc' is deprecated since 2023.2 release (neutron-lib 3.8.0) and will be removed once support for the old RBAC API policies will be removed from Neutron. Please use method 'is_service_role' instead.
2026-07-21 14:36:43.144 9 INFO neutron.db.segments_db [None req-45ae61ac-c190-4e70-8830-db9f87a6b025 610cd95c7700423186672e660d364fe7 18b4d7df76b64976a8014851b675a316 - - default default] Added segment 0313133a-6c07-4013-91f3-b24bafdc3c1b of type geneve for network 502e5f49-0f52-4558-a437-035b0e946671
2026-07-21 14:36:43.272 9 INFO neutron.db.ovn_revision_numbers_db [None req-45ae61ac-c190-4e70-8830-db9f87a6b025 610cd95c7700423186672e660d364fe7 18b4d7df76b64976a8014851b675a316 - - default default] Successfully bumped revision number for resource 502e5f49-0f52-4558-a437-035b0e946671 (type: networks) to 1
2026-07-21 14:36:43.479 9 WARNING neutron.scheduler.dhcp_agent_scheduler [None req-45ae61ac-c190-4e70-8830-db9f87a6b025 610cd95c7700423186672e660d364fe7 18b4d7df76b64976a8014851b675a316 - - default default] No more DHCP agents
2026-07-21 14:36:43.486 9 WARNING neutron.api.rpc.agentnotifiers.dhcp_rpc_agent_api [None req-45ae61ac-c190-4e70-8830-db9f87a6b025 610cd95c7700423186672e660d364fe7 18b4d7df76b64976a8014851b675a316 - - default default] Unable to schedule network 502e5f49-0f52-4558-a437-035b0e946671: no agents available; will retry on subsequent port and subnet creation events.
2026-07-21 14:36:43.593 10 INFO neutron.wsgi [None req-80e4267c-df49-40d4-aa78-5d3fb7284c83 930cc18879fb4cae9aa6238cad912339 cbceaf84ea464063bb92be4b46576f41 - - default default] 10.0.0.21 "DELETE /v2.0/routers/24949583-7f72-4f62-89a5-0a9efb935682 HTTP/1.1" status: 204 len: 168 time: 1.4148324
2026-07-21 14:36:43.622 9 INFO neutron.db.ovn_revision_numbers_db [None req-45ae61ac-c190-4e70-8830-db9f87a6b025 610cd95c7700423186672e660d364fe7 18b4d7df76b64976a8014851b675a316 - - default default] Successfully bumped revision number for resource 0a507002-039f-4130-a1bd-0e00601dce09 (type: ports) to 1
2026-07-21 14:36:43.636 9 INFO neutron.wsgi [None req-5273c17c-17aa-498d-8c28-4eae018da6c3 930cc18879fb4cae9aa6238cad912339 cbceaf84ea464063bb92be4b46576f41 - - default default] 10.0.0.21 "GET /v2.0/ports?device_id=24949583-7f72-4f62-89a5-0a9efb935682 HTTP/1.1" status: 200 len: 205 time: 0.0315564
2026-07-21 14:36:43.668 10 INFO neutron.api.v2.resource [None req-395c5dcb-eeb3-4312-8900-0213ff1888ec 930cc18879fb4cae9aa6238cad912339 cbceaf84ea464063bb92be4b46576f41 - - default default] delete failed (client error): The resource could not be found.
2026-07-21 14:36:43.670 10 INFO neutron.wsgi [None req-395c5dcb-eeb3-4312-8900-0213ff1888ec 930cc18879fb4cae9aa6238cad912339 cbceaf84ea464063bb92be4b46576f41 - - default default] 10.0.0.21 "DELETE /v2.0/routers/24949583-7f72-4f62-89a5-0a9efb935682 HTTP/1.1" status: 404 len: 336 time: 0.0270181
2026-07-21 14:36:43.672 9 INFO neutron.wsgi [None req-45ae61ac-c190-4e70-8830-db9f87a6b025 610cd95c7700423186672e660d364fe7 18b4d7df76b64976a8014851b675a316 - - default default] 10.0.0.21 "POST /v2.0/networks HTTP/1.1" status: 201 len: 830 time: 0.5956533
2026-07-21 14:36:43.690 10 WARNING neutron_lib.context [None req-44c93da7-0733-4238-a102-2b02eef525dc 610cd95c7700423186672e660d364fe7 18b4d7df76b64976a8014851b675a316 - - default default] Method 'is_advsvc' is deprecated since 2023.2 release (neutron-lib 3.8.0) and will be removed once support for the old RBAC API policies will be removed from Neutron. Please use method 'is_service_role' instead.
2026-07-21 14:36:43.708 10 INFO neutron.wsgi [None req-55fd5a8d-da40-4d6d-8fb9-4fb54dbbb9bf 930cc18879fb4cae9aa6238cad912339 cbceaf84ea464063bb92be4b46576f41 - - default default] 10.0.0.21 "GET /v2.0/ports?device_id=f9b483a7-9a47-44b5-a8a8-e4761b295884 HTTP/1.1" status: 200 len: 205 time: 0.0324781
2026-07-21 14:36:43.739 9 INFO neutron.api.v2.resource [None req-b3877a1f-8bfc-4120-a19f-20803c2a1cdb 930cc18879fb4cae9aa6238cad912339 cbceaf84ea464063bb92be4b46576f41 - - default default] delete failed (client error): The resource could not be found.
2026-07-21 14:36:43.740 9 INFO neutron.wsgi [None req-b3877a1f-8bfc-4120-a19f-20803c2a1cdb 930cc18879fb4cae9aa6238cad912339 cbceaf84ea464063bb92be4b46576f41 - - default default] 10.0.0.21 "DELETE /v2.0/routers/f9b483a7-9a47-44b5-a8a8-e4761b295884 HTTP/1.1" status: 404 len: 336 time: 0.0262535
2026-07-21 14:36:43.754 10 INFO neutron.db.ovn_revision_numbers_db [None req-3d692a49-2077-498d-988f-a5e310a098cf 8b2607a616084614b51874c34221d16b 76e9d9488f924b0e8a08808ceb1805f9 - - default default] Successfully bumped revision number for resource 413e1fb7-d867-42ed-804f-c4c59b966564 (type: ports) to 2
2026-07-21 14:36:43.770 9 INFO neutron.pecan_wsgi.hooks.translation [None req-0d2b3e54-86ab-4104-a519-7c8706714a25 930cc18879fb4cae9aa6238cad912339 cbceaf84ea464063bb92be4b46576f41 - - default default] DELETE failed (client error): The resource could not be found.
2026-07-21 14:36:43.772 9 INFO neutron.wsgi [None req-0d2b3e54-86ab-4104-a519-7c8706714a25 930cc18879fb4cae9aa6238cad912339 cbceaf84ea464063bb92be4b46576f41 - - default default] 10.0.0.21 "DELETE /v2.0/subnets/50d4e71b-7bd5-49a1-9732-7aa4682500c7 HTTP/1.1" status: 404 len: 337 time: 0.0184975
2026-07-21 14:36:43.802 10 INFO neutron.db.ovn_revision_numbers_db [None req-3d692a49-2077-498d-988f-a5e310a098cf 8b2607a616084614b51874c34221d16b 76e9d9488f924b0e8a08808ceb1805f9 - - default default] Successfully bumped revision number for resource 80cf4834-b9d0-49fa-887f-f5bccf3b60e6 (type: subnets) to 0
2026-07-21 14:36:43.812 9 INFO neutron.wsgi [None req-bbb1a5ed-d9f8-4af7-ba90-7fea1e124479 930cc18879fb4cae9aa6238cad912339 cbceaf84ea464063bb92be4b46576f41 - - default default] 10.0.0.21 "GET /v2.0/ports?device_id=a537305f-088f-4755-8b5e-3cf7786f607d HTTP/1.1" status: 200 len: 205 time: 0.0336189
2026-07-21 14:36:43.833 10 INFO neutron.wsgi [None req-3d692a49-2077-498d-988f-a5e310a098cf 8b2607a616084614b51874c34221d16b 76e9d9488f924b0e8a08808ceb1805f9 - - default default] 10.0.0.21 "POST /v2.0/subnets HTTP/1.1" status: 201 len: 833 time: 1.5748556
2026-07-21 14:36:43.849 9 INFO neutron.api.v2.resource [None req-f9db8bef-adc9-40d3-bb10-edb29bb23469 930cc18879fb4cae9aa6238cad912339 cbceaf84ea464063bb92be4b46576f41 - - default default] delete failed (client error): The resource could not be found.
2026-07-21 14:36:43.850 9 INFO neutron.wsgi [None req-f9db8bef-adc9-40d3-bb10-edb29bb23469 930cc18879fb4cae9aa6238cad912339 cbceaf84ea464063bb92be4b46576f41 - - default default] 10.0.0.21 "DELETE /v2.0/routers/a537305f-088f-4755-8b5e-3cf7786f607d HTTP/1.1" status: 404 len: 336 time: 0.0322649
2026-07-21 14:36:43.880 10 INFO neutron.pecan_wsgi.hooks.translation [None req-d161d78b-482c-4d25-ad36-21db7e5e0382 930cc18879fb4cae9aa6238cad912339 cbceaf84ea464063bb92be4b46576f41 - - default default] DELETE failed (client error): The resource could not be found.
2026-07-21 14:36:43.882 10 INFO neutron.wsgi [None req-d161d78b-482c-4d25-ad36-21db7e5e0382 930cc18879fb4cae9aa6238cad912339 cbceaf84ea464063bb92be4b46576f41 - - default default] 10.0.0.21 "DELETE /v2.0/subnets/8cb91569-fafd-4db5-92ac-021336664fc9 HTTP/1.1" status: 404 len: 337 time: 0.0266776
2026-07-21 14:36:43.890 10 INFO neutron.wsgi [None req-c3a15e63-a799-4012-9698-e0867946dea0 7a19065205f34edcbcd58b7d466ed3c2 3ce4f116e28148dab72174a333dea70e - - default default] 10.0.0.21 "GET /v2.0/subnetpools?name=shared-default-subnetpool-v6 HTTP/1.1" status: 200 len: 212 time: 0.0520544
2026-07-21 14:36:43.901 9 WARNING neutron_lib.context [None req-6177ddbf-188f-43a6-9fcc-d82e4a93d0b6 8b2607a616084614b51874c34221d16b 76e9d9488f924b0e8a08808ceb1805f9 - - default default] Method 'is_advsvc' is deprecated since 2023.2 release (neutron-lib 3.8.0) and will be removed once support for the old RBAC API policies will be removed from Neutron. Please use method 'is_service_role' instead.
2026-07-21 14:36:43.920 9 INFO neutron.wsgi [None req-0da91853-4e85-40e6-adc8-9242fdc75943 930cc18879fb4cae9aa6238cad912339 cbceaf84ea464063bb92be4b46576f41 - - default default] 10.0.0.21 "GET /v2.0/ports?device_id=320248f7-0ccf-42d0-b02d-969d513d3c06 HTTP/1.1" status: 200 len: 205 time: 0.0319648
2026-07-21 14:36:43.961 10 INFO neutron.api.v2.resource [None req-8e0e8d75-4455-4342-99bd-3480b8c78abe 930cc18879fb4cae9aa6238cad912339 cbceaf84ea464063bb92be4b46576f41 - - default default] delete failed (client error): The resource could not be found.
2026-07-21 14:36:43.963 10 INFO neutron.wsgi [None req-8e0e8d75-4455-4342-99bd-3480b8c78abe 930cc18879fb4cae9aa6238cad912339 cbceaf84ea464063bb92be4b46576f41 - - default default] 10.0.0.21 "DELETE /v2.0/routers/320248f7-0ccf-42d0-b02d-969d513d3c06 HTTP/1.1" status: 404 len: 336 time: 0.0324547
2026-07-21 14:36:43.991 9 INFO neutron.pecan_wsgi.hooks.translation [None req-6e0102cb-2253-4ffb-8eda-708635d61ca0 930cc18879fb4cae9aa6238cad912339 cbceaf84ea464063bb92be4b46576f41 - - default default] DELETE failed (client error): The resource could not be found.
2026-07-21 14:36:43.994 9 INFO neutron.wsgi [None req-6e0102cb-2253-4ffb-8eda-708635d61ca0 930cc18879fb4cae9aa6238cad912339 cbceaf84ea464063bb92be4b46576f41 - - default default] 10.0.0.21 "DELETE /v2.0/subnets/e8fc7425-d73c-4032-9c50-1e35da4560ef HTTP/1.1" status: 404 len: 337 time: 0.0242913
2026-07-21 14:36:44.028 9 INFO neutron.pecan_wsgi.hooks.translation [None req-9fb3d616-dadf-4925-a57f-66a161bbe97a 930cc18879fb4cae9aa6238cad912339 cbceaf84ea464063bb92be4b46576f41 - - default default] DELETE failed (client error): The resource could not be found.
2026-07-21 14:36:44.030 9 INFO neutron.wsgi [None req-9fb3d616-dadf-4925-a57f-66a161bbe97a 930cc18879fb4cae9aa6238cad912339 cbceaf84ea464063bb92be4b46576f41 - - default default] 10.0.0.21 "DELETE /v2.0/subnets/b4e56053-4956-4fef-80e8-c23c55d5d046 HTTP/1.1" status: 404 len: 337 time: 0.0303063
2026-07-21 14:36:44.039 10 WARNING neutron.scheduler.dhcp_agent_scheduler [None req-44c93da7-0733-4238-a102-2b02eef525dc 610cd95c7700423186672e660d364fe7 18b4d7df76b64976a8014851b675a316 - - default default] No more DHCP agents
2026-07-21 14:36:44.042 10 WARNING neutron.api.rpc.agentnotifiers.dhcp_rpc_agent_api [None req-44c93da7-0733-4238-a102-2b02eef525dc 610cd95c7700423186672e660d364fe7 18b4d7df76b64976a8014851b675a316 - - default default] Unable to schedule network 502e5f49-0f52-4558-a437-035b0e946671: no agents available; will retry on subsequent port and subnet creation events.
2026-07-21 14:36:44.138 10 INFO neutron.db.ovn_revision_numbers_db [None req-44c93da7-0733-4238-a102-2b02eef525dc 610cd95c7700423186672e660d364fe7 18b4d7df76b64976a8014851b675a316 - - default default] Successfully bumped revision number for resource fa077e11-5567-4060-a6f4-1efaf3070ffb (type: ports) to 1
2026-07-21 14:36:44.166 10 INFO neutron.wsgi [None req-44c93da7-0733-4238-a102-2b02eef525dc 610cd95c7700423186672e660d364fe7 18b4d7df76b64976a8014851b675a316 - - default default] 10.0.0.21 "POST /v2.0/ports HTTP/1.1" status: 201 len: 942 time: 0.4887011 /var/lib/openstack/lib/python3.10/site-packages/pycadf/identifier.py:71: UserWarning: Invalid uuid: neutron. To ensure interoperability, identifiers should be a valid uuid. warnings.warn(('Invalid uuid: %s. To ensure interoperability, '
2026-07-21 14:36:44.175 10 WARNING neutron_lib.context [None req-a9c16779-03f3-4264-aeb4-4083123c8d16 610cd95c7700423186672e660d364fe7 18b4d7df76b64976a8014851b675a316 - - default default] Method 'is_advsvc' is deprecated since 2023.2 release (neutron-lib 3.8.0) and will be removed once support for the old RBAC API policies will be removed from Neutron. Please use method 'is_service_role' instead.
2026-07-21 14:36:44.259 9 WARNING neutron.scheduler.dhcp_agent_scheduler [None req-6177ddbf-188f-43a6-9fcc-d82e4a93d0b6 8b2607a616084614b51874c34221d16b 76e9d9488f924b0e8a08808ceb1805f9 - - default default] No more DHCP agents
2026-07-21 14:36:44.261 9 WARNING neutron.api.rpc.agentnotifiers.dhcp_rpc_agent_api [None req-6177ddbf-188f-43a6-9fcc-d82e4a93d0b6 8b2607a616084614b51874c34221d16b 76e9d9488f924b0e8a08808ceb1805f9 - - default default] Unable to schedule network b4abcf39-9cf4-4bba-9fb5-c59f25ba56f0: no agents available; will retry on subsequent port and subnet creation events.
2026-07-21 14:36:44.263 10 INFO neutron.db.segments_db [None req-a9c16779-03f3-4264-aeb4-4083123c8d16 610cd95c7700423186672e660d364fe7 18b4d7df76b64976a8014851b675a316 - - default default] Added segment 1f19e9c1-8506-4952-97ee-2cbc7903d0b0 of type geneve for network 01f5e5d3-ea0c-4ba1-b823-083fd9a108c1
2026-07-21 14:36:44.291 9 INFO neutron.db.ovn_revision_numbers_db [None req-6177ddbf-188f-43a6-9fcc-d82e4a93d0b6 8b2607a616084614b51874c34221d16b 76e9d9488f924b0e8a08808ceb1805f9 - - default default] Successfully bumped revision number for resource 38b86b1d-3b73-4b1d-8b9b-08f5385864d1 (type: subnets) to 0
2026-07-21 14:36:44.309 9 INFO neutron.wsgi [None req-6177ddbf-188f-43a6-9fcc-d82e4a93d0b6 8b2607a616084614b51874c34221d16b 76e9d9488f924b0e8a08808ceb1805f9 - - default default] 10.0.0.21 "POST /v2.0/subnets HTTP/1.1" status: 201 len: 906 time: 0.4121997
2026-07-21 14:36:44.324 9 WARNING neutron_lib.context [None req-9549f9ee-f0c1-4553-9a85-b450257aa37b 8b2607a616084614b51874c34221d16b 76e9d9488f924b0e8a08808ceb1805f9 - - default default] Method 'is_advsvc' is deprecated since 2023.2 release (neutron-lib 3.8.0) and will be removed once support for the old RBAC API policies will be removed from Neutron. Please use method 'is_service_role' instead.
2026-07-21 14:36:44.408 9 INFO neutron.db.segments_db [None req-9549f9ee-f0c1-4553-9a85-b450257aa37b 8b2607a616084614b51874c34221d16b 76e9d9488f924b0e8a08808ceb1805f9 - - default default] Added segment 07a8efd4-a67a-4864-8c55-6752aa3942fa of type geneve for network b8863118-60f5-49a0-b866-ec9444c5822a
2026-07-21 14:36:44.432 10 INFO neutron.db.ovn_revision_numbers_db [None req-a9c16779-03f3-4264-aeb4-4083123c8d16 610cd95c7700423186672e660d364fe7 18b4d7df76b64976a8014851b675a316 - - default default] Successfully bumped revision number for resource 01f5e5d3-ea0c-4ba1-b823-083fd9a108c1 (type: networks) to 1
2026-07-21 14:36:44.537 9 INFO neutron.db.ovn_revision_numbers_db [None req-9549f9ee-f0c1-4553-9a85-b450257aa37b 8b2607a616084614b51874c34221d16b 76e9d9488f924b0e8a08808ceb1805f9 - - default default] Successfully bumped revision number for resource b8863118-60f5-49a0-b866-ec9444c5822a (type: networks) to 1
2026-07-21 14:36:44.614 10 WARNING neutron.scheduler.dhcp_agent_scheduler [None req-a9c16779-03f3-4264-aeb4-4083123c8d16 610cd95c7700423186672e660d364fe7 18b4d7df76b64976a8014851b675a316 - - default default] No more DHCP agents
2026-07-21 14:36:44.617 10 WARNING neutron.api.rpc.agentnotifiers.dhcp_rpc_agent_api [None req-a9c16779-03f3-4264-aeb4-4083123c8d16 610cd95c7700423186672e660d364fe7 18b4d7df76b64976a8014851b675a316 - - default default] Unable to schedule network 01f5e5d3-ea0c-4ba1-b823-083fd9a108c1: no agents available; will retry on subsequent port and subnet creation events.
2026-07-21 14:36:44.712 9 INFO neutron.wsgi [None req-af622c38-3092-4514-90b1-f8cc4a2e6d35 aaf09a7d266440efab2f57dbd6c53e17 ff887c7d10544a709fad9c928a959a91 - - default default] 10.0.0.21 "GET /v2.0/security-groups?tenant_id=cbceaf84ea464063bb92be4b46576f41&name=default HTTP/1.1" status: 200 len: 3120 time: 0.1593204
2026-07-21 14:36:44.712 10 INFO neutron.db.ovn_revision_numbers_db [None req-a9c16779-03f3-4264-aeb4-4083123c8d16 610cd95c7700423186672e660d364fe7 18b4d7df76b64976a8014851b675a316 - - default default] Successfully bumped revision number for resource 659e6c28-56d4-441b-b53f-33bf3c818332 (type: ports) to 1
2026-07-21 14:36:44.742 10 INFO neutron.wsgi [None req-a9c16779-03f3-4264-aeb4-4083123c8d16 610cd95c7700423186672e660d364fe7 18b4d7df76b64976a8014851b675a316 - - default default] 10.0.0.21 "POST /v2.0/networks HTTP/1.1" status: 201 len: 830 time: 0.5712309
2026-07-21 14:36:44.752 10 WARNING neutron_lib.context [None req-b8222dd9-99f3-4a9a-a0ba-9f1e5b30a945 610cd95c7700423186672e660d364fe7 18b4d7df76b64976a8014851b675a316 - - default default] Method 'is_advsvc' is deprecated since 2023.2 release (neutron-lib 3.8.0) and will be removed once support for the old RBAC API policies will be removed from Neutron. Please use method 'is_service_role' instead.
2026-07-21 14:36:44.770 9 WARNING neutron.scheduler.dhcp_agent_scheduler [None req-9549f9ee-f0c1-4553-9a85-b450257aa37b 8b2607a616084614b51874c34221d16b 76e9d9488f924b0e8a08808ceb1805f9 - - default default] No more DHCP agents
2026-07-21 14:36:44.775 9 WARNING neutron.api.rpc.agentnotifiers.dhcp_rpc_agent_api [None req-9549f9ee-f0c1-4553-9a85-b450257aa37b 8b2607a616084614b51874c34221d16b 76e9d9488f924b0e8a08808ceb1805f9 - - default default] Unable to schedule network b8863118-60f5-49a0-b866-ec9444c5822a: no agents available; will retry on subsequent port and subnet creation events.
2026-07-21 14:36:44.899 9 INFO neutron.db.ovn_revision_numbers_db [None req-9549f9ee-f0c1-4553-9a85-b450257aa37b 8b2607a616084614b51874c34221d16b 76e9d9488f924b0e8a08808ceb1805f9 - - default default] Successfully bumped revision number for resource 20717c29-e356-4445-98ab-d66a16898f0c (type: ports) to 1
2026-07-21 14:36:44.946 9 INFO neutron.wsgi [None req-9549f9ee-f0c1-4553-9a85-b450257aa37b 8b2607a616084614b51874c34221d16b 76e9d9488f924b0e8a08808ceb1805f9 - - default default] 10.0.0.21 "POST /v2.0/networks HTTP/1.1" status: 201 len: 837 time: 0.6281600
2026-07-21 14:36:44.965 9 WARNING neutron_lib.context [None req-3c11a493-2d24-47c2-8c00-feffc8910dfb 8b2607a616084614b51874c34221d16b 76e9d9488f924b0e8a08808ceb1805f9 - - default default] Method 'is_advsvc' is deprecated since 2023.2 release (neutron-lib 3.8.0) and will be removed once support for the old RBAC API policies will be removed from Neutron. Please use method 'is_service_role' instead.
2026-07-21 14:36:45.049 10 WARNING neutron.scheduler.dhcp_agent_scheduler [None req-b8222dd9-99f3-4a9a-a0ba-9f1e5b30a945 610cd95c7700423186672e660d364fe7 18b4d7df76b64976a8014851b675a316 - - default default] No more DHCP agents
2026-07-21 14:36:45.051 10 WARNING neutron.api.rpc.agentnotifiers.dhcp_rpc_agent_api [None req-b8222dd9-99f3-4a9a-a0ba-9f1e5b30a945 610cd95c7700423186672e660d364fe7 18b4d7df76b64976a8014851b675a316 - - default default] Unable to schedule network 01f5e5d3-ea0c-4ba1-b823-083fd9a108c1: no agents available; will retry on subsequent port and subnet creation events.
2026-07-21 14:36:45.070 9 INFO neutron.wsgi [None req-0c8f36b5-681d-4497-aa7a-7e7daa29b4a0 aaf09a7d266440efab2f57dbd6c53e17 ff887c7d10544a709fad9c928a959a91 - - default default] 10.0.0.21 "DELETE /v2.0/security-groups/30d14f1a-25be-47bf-912a-4ec4cc933581 HTTP/1.1" status: 204 len: 168 time: 0.3539093
2026-07-21 14:36:45.146 10 INFO neutron.db.ovn_revision_numbers_db [None req-b8222dd9-99f3-4a9a-a0ba-9f1e5b30a945 610cd95c7700423186672e660d364fe7 18b4d7df76b64976a8014851b675a316 - - default default] Successfully bumped revision number for resource ed5a1c9b-20ba-4484-bee4-78f0b48f52f8 (type: ports) to 1
2026-07-21 14:36:45.176 10 INFO neutron.wsgi [None req-b8222dd9-99f3-4a9a-a0ba-9f1e5b30a945 610cd95c7700423186672e660d364fe7 18b4d7df76b64976a8014851b675a316 - - default default] 10.0.0.21 "POST /v2.0/ports HTTP/1.1" status: 201 len: 942 time: 0.4286697 /var/lib/openstack/lib/python3.10/site-packages/pycadf/identifier.py:71: UserWarning: Invalid uuid: neutron. To ensure interoperability, identifiers should be a valid uuid. warnings.warn(('Invalid uuid: %s. To ensure interoperability, '
2026-07-21 14:36:45.186 10 WARNING neutron_lib.context [None req-2259259f-56a5-445d-ba53-ac4bfede6f44 610cd95c7700423186672e660d364fe7 18b4d7df76b64976a8014851b675a316 - - default default] Method 'is_advsvc' is deprecated since 2023.2 release (neutron-lib 3.8.0) and will be removed once support for the old RBAC API policies will be removed from Neutron. Please use method 'is_service_role' instead.
2026-07-21 14:36:45.232 9 WARNING neutron.scheduler.dhcp_agent_scheduler [None req-3c11a493-2d24-47c2-8c00-feffc8910dfb 8b2607a616084614b51874c34221d16b 76e9d9488f924b0e8a08808ceb1805f9 - - default default] No more DHCP agents
2026-07-21 14:36:45.234 9 WARNING neutron.api.rpc.agentnotifiers.dhcp_rpc_agent_api [None req-3c11a493-2d24-47c2-8c00-feffc8910dfb 8b2607a616084614b51874c34221d16b 76e9d9488f924b0e8a08808ceb1805f9 - - default default] Unable to schedule network b8863118-60f5-49a0-b866-ec9444c5822a: no agents available; will retry on subsequent port and subnet creation events.
2026-07-21 14:36:45.271 10 INFO neutron.db.segments_db [None req-2259259f-56a5-445d-ba53-ac4bfede6f44 610cd95c7700423186672e660d364fe7 18b4d7df76b64976a8014851b675a316 - - default default] Added segment 7a35b3e8-e3b8-4721-81a4-b5313b89036d of type geneve for network 13ad5cbb-4921-4224-a77d-d00a0f1d4b2d
2026-07-21 14:36:45.413 10 INFO neutron.db.ovn_revision_numbers_db [None req-2259259f-56a5-445d-ba53-ac4bfede6f44 610cd95c7700423186672e660d364fe7 18b4d7df76b64976a8014851b675a316 - - default default] Successfully bumped revision number for resource 13ad5cbb-4921-4224-a77d-d00a0f1d4b2d (type: networks) to 1
2026-07-21 14:36:45.627 10 WARNING neutron.scheduler.dhcp_agent_scheduler [None req-2259259f-56a5-445d-ba53-ac4bfede6f44 610cd95c7700423186672e660d364fe7 18b4d7df76b64976a8014851b675a316 - - default default] No more DHCP agents
2026-07-21 14:36:45.628 10 WARNING neutron.api.rpc.agentnotifiers.dhcp_rpc_agent_api [None req-2259259f-56a5-445d-ba53-ac4bfede6f44 610cd95c7700423186672e660d364fe7 18b4d7df76b64976a8014851b675a316 - - default default] Unable to schedule network 13ad5cbb-4921-4224-a77d-d00a0f1d4b2d: no agents available; will retry on subsequent port and subnet creation events.
2026-07-21 14:36:45.676 9 WARNING neutron.plugins.ml2.drivers.ovn.mech_driver.ovsdb.ovn_client [None req-aa3eab6f-aab2-4c33-95ac-658aadf91c44 - - - - - -] No port found with ID b2b91c14-1e06-414a-8eac-13555cc91cda: RuntimeError: No port found with ID b2b91c14-1e06-414a-8eac-13555cc91cda
2026-07-21 14:36:45.716 10 INFO neutron.db.ovn_revision_numbers_db [None req-2259259f-56a5-445d-ba53-ac4bfede6f44 610cd95c7700423186672e660d364fe7 18b4d7df76b64976a8014851b675a316 - - default default] Successfully bumped revision number for resource 3f56b572-19d1-4f9b-9601-5d2bb0af0396 (type: ports) to 1
2026-07-21 14:36:45.739 10 INFO neutron.wsgi [None req-2259259f-56a5-445d-ba53-ac4bfede6f44 610cd95c7700423186672e660d364fe7 18b4d7df76b64976a8014851b675a316 - - default default] 10.0.0.21 "POST /v2.0/networks HTTP/1.1" status: 201 len: 830 time: 0.5585411
2026-07-21 14:36:45.749 10 WARNING neutron_lib.context [None req-3df4d56d-3e82-43d1-9fb6-5d0a78765e32 610cd95c7700423186672e660d364fe7 18b4d7df76b64976a8014851b675a316 - - default default] Method 'is_advsvc' is deprecated since 2023.2 release (neutron-lib 3.8.0) and will be removed once support for the old RBAC API policies will be removed from Neutron. Please use method 'is_service_role' instead.
2026-07-21 14:36:45.798 9 INFO neutron.db.ovn_revision_numbers_db [None req-3c11a493-2d24-47c2-8c00-feffc8910dfb 8b2607a616084614b51874c34221d16b 76e9d9488f924b0e8a08808ceb1805f9 - - default default] Successfully bumped revision number for resource 20717c29-e356-4445-98ab-d66a16898f0c (type: ports) to 2
2026-07-21 14:36:45.836 9 INFO neutron.db.ovn_revision_numbers_db [None req-3c11a493-2d24-47c2-8c00-feffc8910dfb 8b2607a616084614b51874c34221d16b 76e9d9488f924b0e8a08808ceb1805f9 - - default default] Successfully bumped revision number for resource d3f07714-899a-4158-806a-7f20899af9bf (type: subnets) to 0
2026-07-21 14:36:45.859 9 INFO neutron.wsgi [None req-3c11a493-2d24-47c2-8c00-feffc8910dfb 8b2607a616084614b51874c34221d16b 76e9d9488f924b0e8a08808ceb1805f9 - - default default] 10.0.0.21 "POST /v2.0/subnets HTTP/1.1" status: 201 len: 831 time: 0.9008889
2026-07-21 14:36:45.869 10 WARNING neutron_lib.context [None req-aab08823-264b-456e-bbdc-6fbce2de105f 8b2607a616084614b51874c34221d16b 76e9d9488f924b0e8a08808ceb1805f9 - - default default] Method 'is_advsvc' is deprecated since 2023.2 release (neutron-lib 3.8.0) and will be removed once support for the old RBAC API policies will be removed from Neutron. Please use method 'is_service_role' instead.
2026-07-21 14:36:46.035 10 WARNING neutron.scheduler.dhcp_agent_scheduler [None req-3df4d56d-3e82-43d1-9fb6-5d0a78765e32 610cd95c7700423186672e660d364fe7 18b4d7df76b64976a8014851b675a316 - - default default] No more DHCP agents
2026-07-21 14:36:46.039 10 WARNING neutron.api.rpc.agentnotifiers.dhcp_rpc_agent_api [None req-3df4d56d-3e82-43d1-9fb6-5d0a78765e32 610cd95c7700423186672e660d364fe7 18b4d7df76b64976a8014851b675a316 - - default default] Unable to schedule network 13ad5cbb-4921-4224-a77d-d00a0f1d4b2d: no agents available; will retry on subsequent port and subnet creation events.
2026-07-21 14:36:46.150 10 INFO neutron.db.ovn_revision_numbers_db [None req-3df4d56d-3e82-43d1-9fb6-5d0a78765e32 610cd95c7700423186672e660d364fe7 18b4d7df76b64976a8014851b675a316 - - default default] Successfully bumped revision number for resource c22c287e-a99c-4872-b09b-41d35b6c845d (type: ports) to 1
2026-07-21 14:36:46.192 10 INFO neutron.wsgi [None req-3df4d56d-3e82-43d1-9fb6-5d0a78765e32 610cd95c7700423186672e660d364fe7 18b4d7df76b64976a8014851b675a316 - - default default] 10.0.0.21 "POST /v2.0/ports HTTP/1.1" status: 201 len: 942 time: 0.4478321
2026-07-21 14:36:46.206 9 WARNING neutron_lib.context [None req-955ad2e7-aec1-4a81-9f2e-7cf6783ec59e 610cd95c7700423186672e660d364fe7 18b4d7df76b64976a8014851b675a316 - - default default] Method 'is_advsvc' is deprecated since 2023.2 release (neutron-lib 3.8.0) and will be removed once support for the old RBAC API policies will be removed from Neutron. Please use method 'is_service_role' instead.
2026-07-21 14:36:46.294 9 INFO neutron.db.segments_db [None req-955ad2e7-aec1-4a81-9f2e-7cf6783ec59e 610cd95c7700423186672e660d364fe7 18b4d7df76b64976a8014851b675a316 - - default default] Added segment f7cec534-3b7c-4f8d-a6d1-239917557924 of type geneve for network 0306d855-f83e-483a-bf07-3c4a25e8ae99
2026-07-21 14:36:46.295 10 WARNING neutron.scheduler.dhcp_agent_scheduler [None req-aab08823-264b-456e-bbdc-6fbce2de105f 8b2607a616084614b51874c34221d16b 76e9d9488f924b0e8a08808ceb1805f9 - - default default] No more DHCP agents
2026-07-21 14:36:46.296 10 WARNING neutron.api.rpc.agentnotifiers.dhcp_rpc_agent_api [None req-aab08823-264b-456e-bbdc-6fbce2de105f 8b2607a616084614b51874c34221d16b 76e9d9488f924b0e8a08808ceb1805f9 - - default default] Unable to schedule network b8863118-60f5-49a0-b866-ec9444c5822a: no agents available; will retry on subsequent port and subnet creation events.
2026-07-21 14:36:46.337 10 INFO neutron.db.ovn_revision_numbers_db [None req-aab08823-264b-456e-bbdc-6fbce2de105f 8b2607a616084614b51874c34221d16b 76e9d9488f924b0e8a08808ceb1805f9 - - default default] Successfully bumped revision number for resource a510366f-5bee-4305-9bc7-9206107df48b (type: subnets) to 0
2026-07-21 14:36:46.356 10 INFO neutron.wsgi [None req-aab08823-264b-456e-bbdc-6fbce2de105f 8b2607a616084614b51874c34221d16b 76e9d9488f924b0e8a08808ceb1805f9 - - default default] 10.0.0.21 "POST /v2.0/subnets HTTP/1.1" status: 201 len: 901 time: 0.4917581
2026-07-21 14:36:46.577 9 WARNING neutron_lib.context [None req-e1b42dd0-73a5-49d8-be29-ab9fcdeee1a4 8b2607a616084614b51874c34221d16b 76e9d9488f924b0e8a08808ceb1805f9 - - default default] Method 'is_advsvc' is deprecated since 2023.2 release (neutron-lib 3.8.0) and will be removed once support for the old RBAC API policies will be removed from Neutron. Please use method 'is_service_role' instead.
2026-07-21 14:36:46.670 9 INFO neutron.db.ovn_revision_numbers_db [None req-955ad2e7-aec1-4a81-9f2e-7cf6783ec59e 610cd95c7700423186672e660d364fe7 18b4d7df76b64976a8014851b675a316 - - default default] Successfully bumped revision number for resource 0306d855-f83e-483a-bf07-3c4a25e8ae99 (type: networks) to 1
2026-07-21 14:36:46.709 9 INFO neutron.db.segments_db [None req-e1b42dd0-73a5-49d8-be29-ab9fcdeee1a4 8b2607a616084614b51874c34221d16b 76e9d9488f924b0e8a08808ceb1805f9 - - default default] Added segment 90bce0a7-66f3-4323-a91a-44e70622a357 of type geneve for network 2847bd2a-e395-4ca9-9718-b8c93924c20c
2026-07-21 14:36:46.918 9 INFO neutron.db.ovn_revision_numbers_db [None req-e1b42dd0-73a5-49d8-be29-ab9fcdeee1a4 8b2607a616084614b51874c34221d16b 76e9d9488f924b0e8a08808ceb1805f9 - - default default] Successfully bumped revision number for resource 2847bd2a-e395-4ca9-9718-b8c93924c20c (type: networks) to 1
2026-07-21 14:36:46.956 9 WARNING neutron.scheduler.dhcp_agent_scheduler [None req-955ad2e7-aec1-4a81-9f2e-7cf6783ec59e 610cd95c7700423186672e660d364fe7 18b4d7df76b64976a8014851b675a316 - - default default] No more DHCP agents
2026-07-21 14:36:46.963 9 WARNING neutron.api.rpc.agentnotifiers.dhcp_rpc_agent_api [None req-955ad2e7-aec1-4a81-9f2e-7cf6783ec59e 610cd95c7700423186672e660d364fe7 18b4d7df76b64976a8014851b675a316 - - default default] Unable to schedule network 0306d855-f83e-483a-bf07-3c4a25e8ae99: no agents available; will retry on subsequent port and subnet creation events.
2026-07-21 14:36:46.970 9 WARNING neutron_lib.context [None req-ba671356-736d-4971-ae67-dab6115bd83f e718d16a0d54471382ed8ad31f10946c dd29dca62d7e41eba1b58d09d9cb4996 - - default default] Method 'is_advsvc' is deprecated since 2023.2 release (neutron-lib 3.8.0) and will be removed once support for the old RBAC API policies will be removed from Neutron. Please use method 'is_service_role' instead.
2026-07-21 14:36:47.097 9 INFO neutron.wsgi [None req-ba671356-736d-4971-ae67-dab6115bd83f e718d16a0d54471382ed8ad31f10946c dd29dca62d7e41eba1b58d09d9cb4996 - - default default] 10.0.0.21 "POST /v2.0/subnetpools HTTP/1.1" status: 201 len: 747 time: 0.3250637 /var/lib/openstack/lib/python3.10/site-packages/pycadf/identifier.py:71: UserWarning: Invalid uuid: neutron. To ensure interoperability, identifiers should be a valid uuid. warnings.warn(('Invalid uuid: %s. To ensure interoperability, '
2026-07-21 14:36:47.129 9 INFO neutron.db.ovn_revision_numbers_db [None req-955ad2e7-aec1-4a81-9f2e-7cf6783ec59e 610cd95c7700423186672e660d364fe7 18b4d7df76b64976a8014851b675a316 - - default default] Successfully bumped revision number for resource aa5e8390-c78a-48b2-898b-760ef9cf20cd (type: ports) to 1
2026-07-21 14:36:47.152 10 INFO neutron.wsgi [None req-aa447345-eb17-4b85-8136-34420cce5690 e718d16a0d54471382ed8ad31f10946c dd29dca62d7e41eba1b58d09d9cb4996 - - default default] 10.0.0.21 "GET /v2.0/subnetpools/8ef55a7e-e1c7-4385-a492-67e06cf820c3 HTTP/1.1" status: 200 len: 742 time: 0.0403101
2026-07-21 14:36:47.190 9 INFO neutron.wsgi [None req-955ad2e7-aec1-4a81-9f2e-7cf6783ec59e 610cd95c7700423186672e660d364fe7 18b4d7df76b64976a8014851b675a316 - - default default] 10.0.0.21 "POST /v2.0/networks HTTP/1.1" status: 201 len: 830 time: 0.9890723
2026-07-21 14:36:47.199 9 WARNING neutron_lib.context [None req-915190f0-6e07-4467-9bc2-2c8a5e8e8174 610cd95c7700423186672e660d364fe7 18b4d7df76b64976a8014851b675a316 - - default default] Method 'is_advsvc' is deprecated since 2023.2 release (neutron-lib 3.8.0) and will be removed once support for the old RBAC API policies will be removed from Neutron. Please use method 'is_service_role' instead.
2026-07-21 14:36:47.241 10 INFO neutron.wsgi [None req-c62293a4-0314-4f54-9f12-ff2071561c12 e718d16a0d54471382ed8ad31f10946c dd29dca62d7e41eba1b58d09d9cb4996 - - default default] 10.0.0.21 "PUT /v2.0/subnetpools/8ef55a7e-e1c7-4385-a492-67e06cf820c3 HTTP/1.1" status: 200 len: 695 time: 0.0816667
2026-07-21 14:36:47.242 9 WARNING neutron.scheduler.dhcp_agent_scheduler [None req-e1b42dd0-73a5-49d8-be29-ab9fcdeee1a4 8b2607a616084614b51874c34221d16b 76e9d9488f924b0e8a08808ceb1805f9 - - default default] No more DHCP agents
2026-07-21 14:36:47.244 9 WARNING neutron.api.rpc.agentnotifiers.dhcp_rpc_agent_api [None req-e1b42dd0-73a5-49d8-be29-ab9fcdeee1a4 8b2607a616084614b51874c34221d16b 76e9d9488f924b0e8a08808ceb1805f9 - - default default] Unable to schedule network 2847bd2a-e395-4ca9-9718-b8c93924c20c: no agents available; will retry on subsequent port and subnet creation events.
2026-07-21 14:36:47.316 10 INFO neutron.wsgi [None req-5c005a12-cf69-4129-8308-5e4ed7b6a7a6 e718d16a0d54471382ed8ad31f10946c dd29dca62d7e41eba1b58d09d9cb4996 - - default default] 10.0.0.21 "DELETE /v2.0/subnetpools/8ef55a7e-e1c7-4385-a492-67e06cf820c3 HTTP/1.1" status: 204 len: 168 time: 0.0600266
2026-07-21 14:36:47.337 10 INFO neutron.api.v2.resource [None req-5803f1c3-37bd-4a78-a809-93cfa9c68b3f e718d16a0d54471382ed8ad31f10946c dd29dca62d7e41eba1b58d09d9cb4996 - - default default] show failed (client error): The resource could not be found.
2026-07-21 14:36:47.338 10 INFO neutron.wsgi [None req-5803f1c3-37bd-4a78-a809-93cfa9c68b3f e718d16a0d54471382ed8ad31f10946c dd29dca62d7e41eba1b58d09d9cb4996 - - default default] 10.0.0.21 "GET /v2.0/subnetpools/8ef55a7e-e1c7-4385-a492-67e06cf820c3 HTTP/1.1" status: 404 len: 346 time: 0.0116179
2026-07-21 14:36:47.367 9 INFO neutron.api.v2.resource [None req-ebb0892c-6767-4d80-8583-91dfb5c9e152 e718d16a0d54471382ed8ad31f10946c dd29dca62d7e41eba1b58d09d9cb4996 - - default default] delete failed (client error): The resource could not be found.
2026-07-21 14:36:47.368 9 INFO neutron.wsgi [None req-ebb0892c-6767-4d80-8583-91dfb5c9e152 e718d16a0d54471382ed8ad31f10946c dd29dca62d7e41eba1b58d09d9cb4996 - - default default] 10.0.0.21 "DELETE /v2.0/subnetpools/8ef55a7e-e1c7-4385-a492-67e06cf820c3 HTTP/1.1" status: 404 len: 346 time: 0.0221977
2026-07-21 14:36:47.370 9 INFO neutron.db.ovn_revision_numbers_db [None req-e1b42dd0-73a5-49d8-be29-ab9fcdeee1a4 8b2607a616084614b51874c34221d16b 76e9d9488f924b0e8a08808ceb1805f9 - - default default] Successfully bumped revision number for resource 3a9faf26-9b4a-4340-8852-d076069c43e6 (type: ports) to 1
2026-07-21 14:36:47.395 9 INFO neutron.wsgi [None req-e1b42dd0-73a5-49d8-be29-ab9fcdeee1a4 8b2607a616084614b51874c34221d16b 76e9d9488f924b0e8a08808ceb1805f9 - - default default] 10.0.0.21 "POST /v2.0/networks HTTP/1.1" status: 201 len: 836 time: 1.0354545
2026-07-21 14:36:47.407 10 WARNING neutron_lib.context [None req-092b17f3-e137-4787-af32-12e78066afe6 8b2607a616084614b51874c34221d16b 76e9d9488f924b0e8a08808ceb1805f9 - - default default] Method 'is_advsvc' is deprecated since 2023.2 release (neutron-lib 3.8.0) and will be removed once support for the old RBAC API policies will be removed from Neutron. Please use method 'is_service_role' instead.
2026-07-21 14:36:47.512 9 WARNING neutron.scheduler.dhcp_agent_scheduler [None req-915190f0-6e07-4467-9bc2-2c8a5e8e8174 610cd95c7700423186672e660d364fe7 18b4d7df76b64976a8014851b675a316 - - default default] No more DHCP agents
2026-07-21 14:36:47.515 9 WARNING neutron.api.rpc.agentnotifiers.dhcp_rpc_agent_api [None req-915190f0-6e07-4467-9bc2-2c8a5e8e8174 610cd95c7700423186672e660d364fe7 18b4d7df76b64976a8014851b675a316 - - default default] Unable to schedule network 0306d855-f83e-483a-bf07-3c4a25e8ae99: no agents available; will retry on subsequent port and subnet creation events.
2026-07-21 14:36:47.601 9 INFO neutron.db.ovn_revision_numbers_db [None req-915190f0-6e07-4467-9bc2-2c8a5e8e8174 610cd95c7700423186672e660d364fe7 18b4d7df76b64976a8014851b675a316 - - default default] Successfully bumped revision number for resource fe0c29cb-4c22-4090-83bc-31adcffe7cd7 (type: ports) to 1
2026-07-21 14:36:47.625 9 INFO neutron.wsgi [None req-915190f0-6e07-4467-9bc2-2c8a5e8e8174 610cd95c7700423186672e660d364fe7 18b4d7df76b64976a8014851b675a316 - - default default] 10.0.0.21 "POST /v2.0/ports HTTP/1.1" status: 201 len: 942 time: 0.4310515
2026-07-21 14:36:47.676 10 WARNING neutron.scheduler.dhcp_agent_scheduler [None req-092b17f3-e137-4787-af32-12e78066afe6 8b2607a616084614b51874c34221d16b 76e9d9488f924b0e8a08808ceb1805f9 - - default default] No more DHCP agents
2026-07-21 14:36:47.681 10 WARNING neutron.api.rpc.agentnotifiers.dhcp_rpc_agent_api [None req-092b17f3-e137-4787-af32-12e78066afe6 8b2607a616084614b51874c34221d16b 76e9d9488f924b0e8a08808ceb1805f9 - - default default] Unable to schedule network 2847bd2a-e395-4ca9-9718-b8c93924c20c: no agents available; will retry on subsequent port and subnet creation events.
2026-07-21 14:36:47.694 10 INFO neutron.wsgi [None req-303e725d-f974-4538-9091-f9453e00ba49 610cd95c7700423186672e660d364fe7 18b4d7df76b64976a8014851b675a316 - - default default] 10.0.0.21 "PUT /v2.0/ports/137acc65-951d-4bf0-9cd6-4cfd0cacfebf/tags HTTP/1.1" status: 200 len: 210 time: 0.0641716 /var/lib/openstack/lib/python3.10/site-packages/pycadf/identifier.py:71: UserWarning: Invalid uuid: neutron. To ensure interoperability, identifiers should be a valid uuid. warnings.warn(('Invalid uuid: %s. To ensure interoperability, '
2026-07-21 14:36:47.748 9 INFO neutron.wsgi [None req-350db5d9-4f6d-43a2-aaf7-f3b08d06f524 610cd95c7700423186672e660d364fe7 18b4d7df76b64976a8014851b675a316 - - default default] 10.0.0.21 "PUT /v2.0/ports/fa077e11-5567-4060-a6f4-1efaf3070ffb/tags HTTP/1.1" status: 200 len: 218 time: 0.0481682
2026-07-21 14:36:47.799 9 INFO neutron.wsgi [None req-6827b26b-41eb-4c32-8f05-50e70a3d91fd 610cd95c7700423186672e660d364fe7 18b4d7df76b64976a8014851b675a316 - - default default] 10.0.0.21 "PUT /v2.0/ports/ed5a1c9b-20ba-4484-bee4-78f0b48f52f8/tags HTTP/1.1" status: 200 len: 227 time: 0.0460730
2026-07-21 14:36:47.871 10 INFO neutron.wsgi [None req-75f2c574-fb2c-4566-8073-77d4ed38b14a 610cd95c7700423186672e660d364fe7 18b4d7df76b64976a8014851b675a316 - - default default] 10.0.0.21 "PUT /v2.0/ports/c22c287e-a99c-4872-b09b-41d35b6c845d/tags HTTP/1.1" status: 200 len: 212 time: 0.0668242
2026-07-21 14:36:48.122 9 INFO neutron.wsgi [None req-84c7e61c-430a-4070-a105-e9e99d944183 610cd95c7700423186672e660d364fe7 18b4d7df76b64976a8014851b675a316 - - default default] 10.0.0.21 "GET /v2.0/ports?tags=red HTTP/1.1" status: 200 len: 2448 time: 0.2467310
2026-07-21 14:36:48.201 9 INFO neutron.wsgi [None req-1c8b25a3-10cf-4678-a1eb-e62afa4de0fa 610cd95c7700423186672e660d364fe7 18b4d7df76b64976a8014851b675a316 - - default default] 10.0.0.21 "GET /v2.0/ports?tags=red%2Cblue HTTP/1.1" status: 200 len: 1708 time: 0.0727527
2026-07-21 14:36:48.267 9 INFO neutron.wsgi [None req-42c66252-bc71-43ed-8efd-b31b9513dcee 610cd95c7700423186672e660d364fe7 18b4d7df76b64976a8014851b675a316 - - default default] 10.0.0.21 "GET /v2.0/ports?tags-any=blue HTTP/1.1" status: 200 len: 1708 time: 0.0617170
2026-07-21 14:36:48.268 9 INFO neutron.db.ovn_revision_numbers_db [None req-d02cd0a1-e107-42bb-903e-d6044ba2c243 aaf09a7d266440efab2f57dbd6c53e17 ff887c7d10544a709fad9c928a959a91 - - default default] Successfully bumped revision number for resource eb146e22-069c-426e-98a2-367884af831d (type: security_groups) to 1
2026-07-21 14:36:48.292 9 INFO neutron.db.ovn_revision_numbers_db [None req-d02cd0a1-e107-42bb-903e-d6044ba2c243 aaf09a7d266440efab2f57dbd6c53e17 ff887c7d10544a709fad9c928a959a91 - - default default] Successfully bumped revision number for resource 24a92d4e-76a5-452b-9ff9-90738b5f303b (type: security_group_rules) to 0
2026-07-21 14:36:48.316 9 INFO neutron.wsgi [None req-13177e3c-b0bc-426d-b208-8cfca2fb5c4c 610cd95c7700423186672e660d364fe7 18b4d7df76b64976a8014851b675a316 - - default default] 10.0.0.21 "GET /v2.0/ports?tags-any=red%2Cblue HTTP/1.1" status: 200 len: 2448 time: 0.0446205
2026-07-21 14:36:48.317 9 INFO neutron.db.ovn_revision_numbers_db [None req-d02cd0a1-e107-42bb-903e-d6044ba2c243 aaf09a7d266440efab2f57dbd6c53e17 ff887c7d10544a709fad9c928a959a91 - - default default] Successfully bumped revision number for resource 46bb63d2-00c4-45e5-9456-4c5cbc93d7bf (type: security_group_rules) to 0
2026-07-21 14:36:48.369 9 INFO neutron.db.ovn_revision_numbers_db [None req-d02cd0a1-e107-42bb-903e-d6044ba2c243 aaf09a7d266440efab2f57dbd6c53e17 ff887c7d10544a709fad9c928a959a91 - - default default] Successfully bumped revision number for resource 617a3c5e-8b88-4f15-805a-9ae7ba3ccf47 (type: security_group_rules) to 0
2026-07-21 14:36:48.410 10 INFO neutron.db.ovn_revision_numbers_db [None req-092b17f3-e137-4787-af32-12e78066afe6 8b2607a616084614b51874c34221d16b 76e9d9488f924b0e8a08808ceb1805f9 - - default default] Successfully bumped revision number for resource 3a9faf26-9b4a-4340-8852-d076069c43e6 (type: ports) to 2
2026-07-21 14:36:48.418 9 INFO neutron.db.ovn_revision_numbers_db [None req-d02cd0a1-e107-42bb-903e-d6044ba2c243 aaf09a7d266440efab2f57dbd6c53e17 ff887c7d10544a709fad9c928a959a91 - - default default] Successfully bumped revision number for resource cb31fe82-47d6-47a7-889a-3c8b2dff0f09 (type: security_group_rules) to 0
2026-07-21 14:36:48.444 9 INFO neutron.wsgi [None req-d02cd0a1-e107-42bb-903e-d6044ba2c243 aaf09a7d266440efab2f57dbd6c53e17 ff887c7d10544a709fad9c928a959a91 - - default default] 10.0.0.21 "GET /v2.0/security-groups?tenant_id=dd29dca62d7e41eba1b58d09d9cb4996&name=default HTTP/1.1" status: 200 len: 3124 time: 0.5788090
2026-07-21 14:36:48.448 10 INFO neutron.db.ovn_revision_numbers_db [None req-092b17f3-e137-4787-af32-12e78066afe6 8b2607a616084614b51874c34221d16b 76e9d9488f924b0e8a08808ceb1805f9 - - default default] Successfully bumped revision number for resource 5f2a8b8e-2542-4aee-b8b4-4f63dc295269 (type: subnets) to 0
2026-07-21 14:36:48.469 10 INFO neutron.wsgi [None req-092b17f3-e137-4787-af32-12e78066afe6 8b2607a616084614b51874c34221d16b 76e9d9488f924b0e8a08808ceb1805f9 - - default default] 10.0.0.21 "POST /v2.0/subnets HTTP/1.1" status: 201 len: 831 time: 1.0684531
2026-07-21 14:36:48.482 10 WARNING neutron_lib.context [None req-8b93fa7b-65ea-4853-8b9e-2484bb980fd7 8b2607a616084614b51874c34221d16b 76e9d9488f924b0e8a08808ceb1805f9 - - default default] Method 'is_advsvc' is deprecated since 2023.2 release (neutron-lib 3.8.0) and will be removed once support for the old RBAC API policies will be removed from Neutron. Please use method 'is_service_role' instead.
2026-07-21 14:36:48.520 9 INFO neutron.wsgi [None req-a93629e9-e678-43e8-883b-166aadf528e6 610cd95c7700423186672e660d364fe7 18b4d7df76b64976a8014851b675a316 - - default default] 10.0.0.21 "GET /v2.0/ports?not-tags=red HTTP/1.1" status: 200 len: 5463 time: 0.1918519
2026-07-21 14:36:48.614 9 INFO neutron.wsgi [None req-2e8f0933-aca0-4a40-a559-bd54a4eec590 610cd95c7700423186672e660d364fe7 18b4d7df76b64976a8014851b675a316 - - default default] 10.0.0.21 "GET /v2.0/ports?not-tags=red%2Cblue HTTP/1.1" status: 200 len: 6203 time: 0.0863678
2026-07-21 14:36:48.707 9 INFO neutron.wsgi [None req-6d10b7b4-d2e0-4c92-b44f-ed0b5daac095 610cd95c7700423186672e660d364fe7 18b4d7df76b64976a8014851b675a316 - - default default] 10.0.0.21 "GET /v2.0/ports?not-tags-any=blue HTTP/1.1" status: 200 len: 6203 time: 0.0874436
2026-07-21 14:36:48.773 9 INFO neutron.wsgi [None req-0d472e8f-a170-442d-82ae-c2f7bdc64050 610cd95c7700423186672e660d364fe7 18b4d7df76b64976a8014851b675a316 - - default default] 10.0.0.21 "GET /v2.0/ports?not-tags-any=red%2Cblue HTTP/1.1" status: 200 len: 5463 time: 0.0618346
2026-07-21 14:36:48.822 10 WARNING neutron.scheduler.dhcp_agent_scheduler [None req-8b93fa7b-65ea-4853-8b9e-2484bb980fd7 8b2607a616084614b51874c34221d16b 76e9d9488f924b0e8a08808ceb1805f9 - - default default] No more DHCP agents
2026-07-21 14:36:48.827 10 WARNING neutron.api.rpc.agentnotifiers.dhcp_rpc_agent_api [None req-8b93fa7b-65ea-4853-8b9e-2484bb980fd7 8b2607a616084614b51874c34221d16b 76e9d9488f924b0e8a08808ceb1805f9 - - default default] Unable to schedule network 2847bd2a-e395-4ca9-9718-b8c93924c20c: no agents available; will retry on subsequent port and subnet creation events.
2026-07-21 14:36:48.871 10 INFO neutron.db.ovn_revision_numbers_db [None req-8b93fa7b-65ea-4853-8b9e-2484bb980fd7 8b2607a616084614b51874c34221d16b 76e9d9488f924b0e8a08808ceb1805f9 - - default default] Successfully bumped revision number for resource 2974094a-3642-4a64-8801-1e9ca70e18f6 (type: subnets) to 0
2026-07-21 14:36:48.889 10 INFO neutron.wsgi [None req-8b93fa7b-65ea-4853-8b9e-2484bb980fd7 8b2607a616084614b51874c34221d16b 76e9d9488f924b0e8a08808ceb1805f9 - - default default] 10.0.0.21 "POST /v2.0/subnets HTTP/1.1" status: 201 len: 904 time: 0.4134245
2026-07-21 14:36:48.904 10 WARNING neutron_lib.context [None req-b962592b-a17f-4372-a6da-3d545964ed83 8b2607a616084614b51874c34221d16b 76e9d9488f924b0e8a08808ceb1805f9 - - default default] Method 'is_advsvc' is deprecated since 2023.2 release (neutron-lib 3.8.0) and will be removed once support for the old RBAC API policies will be removed from Neutron. Please use method 'is_service_role' instead.
