2026-07-21 14:37:07.986 10 WARNING neutron.api.rpc.agentnotifiers.dhcp_rpc_agent_api [None req-2076f665-8a4b-4f8c-a1cb-6ba1ba971d05 07d642697d024bc1bf5abad306d2c057 a13241ae2741428c83edd5e6aac20da2 - - default default] Unable to schedule network 95332f8e-00e0-4b06-8429-bcc1eba29415: no agents available; will retry on subsequent port and subnet creation events. /var/lib/openstack/lib/python3.10/site-packages/pycadf/identifier.py:71: UserWarning: Invalid uuid: neutron. To ensure interoperability, identifiers should be a valid uuid. warnings.warn(('Invalid uuid: %s. To ensure interoperability, '
2026-07-21 14:37:08.475 9 INFO neutron.notifiers.nova [-] Nova event matching ['req-c3aa11bc-80ed-476e-811f-b01e68d73bce'] response: {'server_uuid': 'c3fb188b-7a50-40a3-8682-f75adaf79db1', 'name': 'network-vif-plugged', 'status': 'completed', 'tag': 'b2706b19-acb1-4aae-9f6f-063ff226f2f2', 'code': 200}
2026-07-21 14:37:08.476 9 INFO neutron.notifiers.nova [-] Nova event matching ['req-c3aa11bc-80ed-476e-811f-b01e68d73bce'] response: {'server_uuid': 'c3fb188b-7a50-40a3-8682-f75adaf79db1', 'name': 'network-vif-plugged', 'status': 'completed', 'tag': 'b2706b19-acb1-4aae-9f6f-063ff226f2f2', 'code': 200}
2026-07-21 14:37:08.547 9 INFO neutron.wsgi [req-cf6bd39d-6767-4bb3-b2f7-634d72c79313 req-0ec24aae-26ba-4859-ba5b-178ba7b25317 8b2607a616084614b51874c34221d16b 76e9d9488f924b0e8a08808ceb1805f9 - - default default] 10.0.0.39 "GET /v2.0/ports?device_id=c3fb188b-7a50-40a3-8682-f75adaf79db1 HTTP/1.1" status: 200 len: 1396 time: 0.1580853
2026-07-21 14:37:08.647 9 INFO neutron.wsgi [req-cf6bd39d-6767-4bb3-b2f7-634d72c79313 req-d0b24c5b-bb6c-4efb-b2f3-0d855f6aba41 8b2607a616084614b51874c34221d16b 76e9d9488f924b0e8a08808ceb1805f9 - - default default] 10.0.0.39 "GET /v2.0/security-groups?id=1e9d52b8-9ca1-43dc-85a4-cbf20770b5b0&fields=id&fields=name HTTP/1.1" status: 200 len: 311 time: 0.0893717
2026-07-21 14:37:08.655 10 INFO neutron.db.ovn_revision_numbers_db [None req-2076f665-8a4b-4f8c-a1cb-6ba1ba971d05 07d642697d024bc1bf5abad306d2c057 a13241ae2741428c83edd5e6aac20da2 - - default default] Successfully bumped revision number for resource d69a23d5-bc34-4db7-9b32-e1e5962008ef (type: ports) to 2
2026-07-21 14:37:08.709 10 INFO neutron.db.ovn_revision_numbers_db [None req-2076f665-8a4b-4f8c-a1cb-6ba1ba971d05 07d642697d024bc1bf5abad306d2c057 a13241ae2741428c83edd5e6aac20da2 - - default default] Successfully bumped revision number for resource f345c46d-e8f1-43d7-9ee1-7864a1c7075d (type: subnets) to 0
2026-07-21 14:37:08.729 10 INFO neutron.wsgi [None req-2076f665-8a4b-4f8c-a1cb-6ba1ba971d05 07d642697d024bc1bf5abad306d2c057 a13241ae2741428c83edd5e6aac20da2 - - default default] 10.0.0.21 "POST /v2.0/subnets HTTP/1.1" status: 201 len: 822 time: 0.9410803
2026-07-21 14:37:08.740 10 WARNING neutron.api.v2.base [None req-2d93f3b7-1ee7-40fb-b70b-6c55ecf954df 07d642697d024bc1bf5abad306d2c057 a13241ae2741428c83edd5e6aac20da2 - - default default] An exception happened while processing the request body. The exception message is [Invalid input for target_tenant. Reason: '1234123412341234123412341234123412341234123412341234123412341234123412341234123412341234123412341234123412341234123412341234123412341234123412341234123412341234123412341234123412341234123412341234123412341234123412341234123412341234123412341234123412341234123412341234123412341234123412341234123412341234123412341234123412341234123412341234123412341234123412341234123412341234123412341234123412341234' exceeds maximum length of 255.].: webob.exc.HTTPBadRequest: Invalid input for target_tenant. Reason: '1234123412341234123412341234123412341234123412341234123412341234123412341234123412341234123412341234123412341234123412341234123412341234123412341234123412341234123412341234123412341234123412341234123412341234123412341234123412341234123412341234123412341234123412341234123412341234123412341234123412341234123412341234123412341234123412341234123412341234123412341234123412341234123412341234123412341234' exceeds maximum length of 255.
2026-07-21 14:37:08.740 10 INFO neutron.api.v2.resource [None req-2d93f3b7-1ee7-40fb-b70b-6c55ecf954df 07d642697d024bc1bf5abad306d2c057 a13241ae2741428c83edd5e6aac20da2 - - default default] create failed (client error): Invalid input for target_tenant. Reason: '1234123412341234123412341234123412341234123412341234123412341234123412341234123412341234123412341234123412341234123412341234123412341234123412341234123412341234123412341234123412341234123412341234123412341234123412341234123412341234123412341234123412341234123412341234123412341234123412341234123412341234123412341234123412341234123412341234123412341234123412341234123412341234123412341234123412341234' exceeds maximum length of 255.
2026-07-21 14:37:08.742 10 INFO neutron.wsgi [None req-2d93f3b7-1ee7-40fb-b70b-6c55ecf954df 07d642697d024bc1bf5abad306d2c057 a13241ae2741428c83edd5e6aac20da2 - - default default] 10.0.0.21 "POST /v2.0/rbac-policies HTTP/1.1" status: 400 len: 750 time: 0.0076835
2026-07-21 14:37:09.485 10 INFO neutron.services.segments.plugin [-] Segment c16b3e3b-2737-47bd-920e-14dc0654c0be resource provider aggregate not found
2026-07-21 14:37:09.494 10 INFO neutron.services.segments.plugin [-] Segment c16b3e3b-2737-47bd-920e-14dc0654c0be resource provider aggregate not found
2026-07-21 14:37:09.511 10 INFO neutron.services.segments.plugin [-] Segment c16b3e3b-2737-47bd-920e-14dc0654c0be resource provider not found; error: Placement Client Error (4xx): {"errors": [{"status": 404, "title": "Not Found", "detail": "The resource could not be found.\n\n No resource provider with uuid c16b3e3b-2737-47bd-920e-14dc0654c0be found for delete ", "request_id": "req-70fbdee0-21d2-4634-8bfd-ab73a2f24a7c"}]}
2026-07-21 14:37:09.520 10 INFO neutron.services.segments.plugin [-] Segment c16b3e3b-2737-47bd-920e-14dc0654c0be resource provider not found; error: Placement Client Error (4xx): {"errors": [{"status": 404, "title": "Not Found", "detail": "The resource could not be found.\n\n No resource provider with uuid c16b3e3b-2737-47bd-920e-14dc0654c0be found for delete ", "request_id": "req-b6197562-9390-4fdb-ae68-55c3bb30e7f9"}]}
2026-07-21 14:37:09.526 10 INFO neutron.wsgi [None req-8c1a2d94-13bc-4164-b54a-b3914dd0b1e8 07d642697d024bc1bf5abad306d2c057 a13241ae2741428c83edd5e6aac20da2 - - default default] 10.0.0.21 "DELETE /v2.0/networks/95332f8e-00e0-4b06-8429-bcc1eba29415 HTTP/1.1" status: 204 len: 168 time: 0.7799990
2026-07-21 14:37:09.643 10 INFO neutron.db.segments_db [None req-68eb47a5-5d00-43ab-b6a4-c2f8908568f0 07d642697d024bc1bf5abad306d2c057 a13241ae2741428c83edd5e6aac20da2 - - default default] Added segment 0bddcf93-2f1b-463a-ab20-b4cb95c8248e of type geneve for network 6a133e72-9cce-41d8-be7b-2ddc61a86aae
2026-07-21 14:37:09.825 10 INFO neutron.db.ovn_revision_numbers_db [None req-68eb47a5-5d00-43ab-b6a4-c2f8908568f0 07d642697d024bc1bf5abad306d2c057 a13241ae2741428c83edd5e6aac20da2 - - default default] Successfully bumped revision number for resource 6a133e72-9cce-41d8-be7b-2ddc61a86aae (type: networks) to 1
2026-07-21 14:37:10.041 10 WARNING neutron.scheduler.dhcp_agent_scheduler [None req-68eb47a5-5d00-43ab-b6a4-c2f8908568f0 07d642697d024bc1bf5abad306d2c057 a13241ae2741428c83edd5e6aac20da2 - - default default] No more DHCP agents
2026-07-21 14:37:10.043 10 WARNING neutron.api.rpc.agentnotifiers.dhcp_rpc_agent_api [None req-68eb47a5-5d00-43ab-b6a4-c2f8908568f0 07d642697d024bc1bf5abad306d2c057 a13241ae2741428c83edd5e6aac20da2 - - default default] Unable to schedule network 6a133e72-9cce-41d8-be7b-2ddc61a86aae: no agents available; will retry on subsequent port and subnet creation events.
2026-07-21 14:37:10.138 10 INFO neutron.db.ovn_revision_numbers_db [None req-68eb47a5-5d00-43ab-b6a4-c2f8908568f0 07d642697d024bc1bf5abad306d2c057 a13241ae2741428c83edd5e6aac20da2 - - default default] Successfully bumped revision number for resource 21b5d273-4e4b-4a9a-b405-dbc1d74f31b9 (type: ports) to 1
2026-07-21 14:37:10.180 10 INFO neutron.wsgi [None req-68eb47a5-5d00-43ab-b6a4-c2f8908568f0 07d642697d024bc1bf5abad306d2c057 a13241ae2741428c83edd5e6aac20da2 - - default default] 10.0.0.21 "POST /v2.0/networks HTTP/1.1" status: 201 len: 928 time: 0.6467996
2026-07-21 14:37:10.345 10 WARNING neutron.scheduler.dhcp_agent_scheduler [None req-454cc149-343e-4b04-90fe-f96cee809151 07d642697d024bc1bf5abad306d2c057 a13241ae2741428c83edd5e6aac20da2 - - default default] No more DHCP agents
2026-07-21 14:37:10.348 10 WARNING neutron.api.rpc.agentnotifiers.dhcp_rpc_agent_api [None req-454cc149-343e-4b04-90fe-f96cee809151 07d642697d024bc1bf5abad306d2c057 a13241ae2741428c83edd5e6aac20da2 - - default default] Unable to schedule network 6a133e72-9cce-41d8-be7b-2ddc61a86aae: no agents available; will retry on subsequent port and subnet creation events.
2026-07-21 14:37:10.838 10 INFO neutron.db.ovn_revision_numbers_db [None req-454cc149-343e-4b04-90fe-f96cee809151 07d642697d024bc1bf5abad306d2c057 a13241ae2741428c83edd5e6aac20da2 - - default default] Successfully bumped revision number for resource 21b5d273-4e4b-4a9a-b405-dbc1d74f31b9 (type: ports) to 2
2026-07-21 14:37:10.869 10 INFO neutron.db.ovn_revision_numbers_db [None req-454cc149-343e-4b04-90fe-f96cee809151 07d642697d024bc1bf5abad306d2c057 a13241ae2741428c83edd5e6aac20da2 - - default default] Successfully bumped revision number for resource 4afc49bb-6482-46e9-b1ae-9bfe181eae51 (type: subnets) to 0
2026-07-21 14:37:10.890 10 INFO neutron.wsgi [None req-454cc149-343e-4b04-90fe-f96cee809151 07d642697d024bc1bf5abad306d2c057 a13241ae2741428c83edd5e6aac20da2 - - default default] 10.0.0.21 "POST /v2.0/subnets HTTP/1.1" status: 201 len: 822 time: 0.7026594
2026-07-21 14:37:10.959 9 WARNING neutron_lib.context [None req-f7fdca79-7ea3-4993-99ed-51f7338074e8 30ea805a09c0442c86f7268f35f0d690 c934576a42ff45f499e8e4bc947ec4c8 - - default default] Method 'is_advsvc' is deprecated since 2023.2 release (neutron-lib 3.8.0) and will be removed once support for the old RBAC API policies will be removed from Neutron. Please use method 'is_service_role' instead.
2026-07-21 14:37:11.073 9 INFO neutron.db.ovn_revision_numbers_db [None req-f7fdca79-7ea3-4993-99ed-51f7338074e8 30ea805a09c0442c86f7268f35f0d690 c934576a42ff45f499e8e4bc947ec4c8 - - default default] Successfully bumped revision number for resource df9d5985-bc27-4f1b-bfe9-865c6291dd49 (type: routers) to 1
2026-07-21 14:37:11.090 9 INFO neutron.wsgi [None req-f7fdca79-7ea3-4993-99ed-51f7338074e8 30ea805a09c0442c86f7268f35f0d690 c934576a42ff45f499e8e4bc947ec4c8 - - default default] 10.0.0.21 "POST /v2.0/routers HTTP/1.1" status: 201 len: 769 time: 0.3249719
2026-07-21 14:37:11.116 9 WARNING neutron_lib.context [None req-70b1e651-c2bb-4085-a091-901f31591350 30ea805a09c0442c86f7268f35f0d690 c934576a42ff45f499e8e4bc947ec4c8 - - default default] Method 'is_advsvc' is deprecated since 2023.2 release (neutron-lib 3.8.0) and will be removed once support for the old RBAC API policies will be removed from Neutron. Please use method 'is_service_role' instead.
2026-07-21 14:37:11.261 9 INFO neutron.db.ovn_revision_numbers_db [None req-70b1e651-c2bb-4085-a091-901f31591350 30ea805a09c0442c86f7268f35f0d690 c934576a42ff45f499e8e4bc947ec4c8 - - default default] Successfully bumped revision number for resource bfc17aaf-35c4-4219-b02b-ff3f22ad2b29 (type: routers) to 1
2026-07-21 14:37:11.290 9 INFO neutron.wsgi [None req-70b1e651-c2bb-4085-a091-901f31591350 30ea805a09c0442c86f7268f35f0d690 c934576a42ff45f499e8e4bc947ec4c8 - - default default] 10.0.0.21 "POST /v2.0/routers HTTP/1.1" status: 201 len: 769 time: 0.1806753
2026-07-21 14:37:11.300 9 WARNING neutron_lib.context [None req-d139dfa6-60ce-493d-9340-be5d0e8d8314 30ea805a09c0442c86f7268f35f0d690 c934576a42ff45f499e8e4bc947ec4c8 - - default default] Method 'is_advsvc' is deprecated since 2023.2 release (neutron-lib 3.8.0) and will be removed once support for the old RBAC API policies will be removed from Neutron. Please use method 'is_service_role' instead.
2026-07-21 14:37:11.425 9 INFO neutron.db.ovn_revision_numbers_db [None req-d139dfa6-60ce-493d-9340-be5d0e8d8314 30ea805a09c0442c86f7268f35f0d690 c934576a42ff45f499e8e4bc947ec4c8 - - default default] Successfully bumped revision number for resource 87f768d9-00e4-4b83-b357-e8d4581d7363 (type: routers) to 1
2026-07-21 14:37:11.439 9 INFO neutron.wsgi [None req-d139dfa6-60ce-493d-9340-be5d0e8d8314 30ea805a09c0442c86f7268f35f0d690 c934576a42ff45f499e8e4bc947ec4c8 - - default default] 10.0.0.21 "POST /v2.0/routers HTTP/1.1" status: 201 len: 769 time: 0.1433735
2026-07-21 14:37:11.452 9 WARNING neutron_lib.context [None req-b2bdb918-d6d5-4c76-b0a2-2ba34a603073 30ea805a09c0442c86f7268f35f0d690 c934576a42ff45f499e8e4bc947ec4c8 - - default default] Method 'is_advsvc' is deprecated since 2023.2 release (neutron-lib 3.8.0) and will be removed once support for the old RBAC API policies will be removed from Neutron. Please use method 'is_service_role' instead.
2026-07-21 14:37:11.572 9 INFO neutron.db.ovn_revision_numbers_db [None req-b2bdb918-d6d5-4c76-b0a2-2ba34a603073 30ea805a09c0442c86f7268f35f0d690 c934576a42ff45f499e8e4bc947ec4c8 - - default default] Successfully bumped revision number for resource 80283b60-bf3a-416b-a72d-0f10b652eba1 (type: routers) to 1
2026-07-21 14:37:11.590 9 INFO neutron.wsgi [None req-b2bdb918-d6d5-4c76-b0a2-2ba34a603073 30ea805a09c0442c86f7268f35f0d690 c934576a42ff45f499e8e4bc947ec4c8 - - default default] 10.0.0.21 "POST /v2.0/routers HTTP/1.1" status: 201 len: 769 time: 0.1431935
2026-07-21 14:37:11.599 9 WARNING neutron_lib.context [None req-9e82db69-e3d9-4f67-8c4d-4ec1de3372e3 30ea805a09c0442c86f7268f35f0d690 c934576a42ff45f499e8e4bc947ec4c8 - - default default] Method 'is_advsvc' is deprecated since 2023.2 release (neutron-lib 3.8.0) and will be removed once support for the old RBAC API policies will be removed from Neutron. Please use method 'is_service_role' instead.
2026-07-21 14:37:11.722 9 INFO neutron.db.ovn_revision_numbers_db [None req-9e82db69-e3d9-4f67-8c4d-4ec1de3372e3 30ea805a09c0442c86f7268f35f0d690 c934576a42ff45f499e8e4bc947ec4c8 - - default default] Successfully bumped revision number for resource d599cb1b-0486-4edf-8ff1-29cf0cf579ad (type: routers) to 1
2026-07-21 14:37:11.740 9 INFO neutron.wsgi [None req-9e82db69-e3d9-4f67-8c4d-4ec1de3372e3 30ea805a09c0442c86f7268f35f0d690 c934576a42ff45f499e8e4bc947ec4c8 - - default default] 10.0.0.21 "POST /v2.0/routers HTTP/1.1" status: 201 len: 769 time: 0.1448891
2026-07-21 14:37:11.813 9 INFO neutron.wsgi [None req-1db6444a-aa9d-45da-bf90-f2314e7c5183 30ea805a09c0442c86f7268f35f0d690 c934576a42ff45f499e8e4bc947ec4c8 - - default default] 10.0.0.21 "PUT /v2.0/routers/df9d5985-bc27-4f1b-bfe9-865c6291dd49/tags HTTP/1.1" status: 200 len: 210 time: 0.0661213
2026-07-21 14:37:11.819 10 INFO neutron.wsgi [None req-104c0e32-2fbf-4612-a4b2-72569321dfb3 07d642697d024bc1bf5abad306d2c057 a13241ae2741428c83edd5e6aac20da2 - - default default] 10.0.0.21 "POST /v2.0/rbac-policies HTTP/1.1" status: 201 len: 523 time: 0.9204395
2026-07-21 14:37:11.884 9 INFO neutron.wsgi [None req-03c22840-331a-415e-95a8-18c56321af40 30ea805a09c0442c86f7268f35f0d690 c934576a42ff45f499e8e4bc947ec4c8 - - default default] 10.0.0.21 "PUT /v2.0/routers/bfc17aaf-35c4-4219-b02b-ff3f22ad2b29/tags HTTP/1.1" status: 200 len: 218 time: 0.0650373
2026-07-21 14:37:11.958 10 INFO neutron.wsgi [None req-843f1b83-5b51-49d7-ab9d-3479dbdc4002 30ea805a09c0442c86f7268f35f0d690 c934576a42ff45f499e8e4bc947ec4c8 - - default default] 10.0.0.21 "PUT /v2.0/routers/87f768d9-00e4-4b83-b357-e8d4581d7363/tags HTTP/1.1" status: 200 len: 227 time: 0.0642483
2026-07-21 14:37:12.047 10 INFO neutron.wsgi [None req-ab50fbc1-72a7-4b3c-99e3-e6fec456e897 30ea805a09c0442c86f7268f35f0d690 c934576a42ff45f499e8e4bc947ec4c8 - - default default] 10.0.0.21 "PUT /v2.0/routers/80283b60-bf3a-416b-a72d-0f10b652eba1/tags HTTP/1.1" status: 200 len: 212 time: 0.0790765
2026-07-21 14:37:12.134 10 INFO neutron.wsgi [None req-264ea955-dab7-427d-b120-42c1020feab9 30ea805a09c0442c86f7268f35f0d690 c934576a42ff45f499e8e4bc947ec4c8 - - default default] 10.0.0.21 "GET /v2.0/routers?tags=red HTTP/1.1" status: 200 len: 1946 time: 0.0821142
2026-07-21 14:37:12.219 10 INFO neutron.wsgi [None req-37622a4a-0418-44c6-908f-b4ff5de018a7 30ea805a09c0442c86f7268f35f0d690 c934576a42ff45f499e8e4bc947ec4c8 - - default default] 10.0.0.21 "GET /v2.0/routers?tags=red%2Cblue HTTP/1.1" status: 200 len: 1375 time: 0.0786350
2026-07-21 14:37:12.587 9 INFO neutron.wsgi [None req-a618d32d-5d55-4daa-ac2c-a704f19b42ba 30ea805a09c0442c86f7268f35f0d690 c934576a42ff45f499e8e4bc947ec4c8 - - default default] 10.0.0.21 "GET /v2.0/routers?tags-any=blue HTTP/1.1" status: 200 len: 1375 time: 0.3628266
2026-07-21 14:37:12.652 9 INFO neutron.wsgi [None req-0a69ac14-9058-4bf9-9fcd-ec7c53dc3bcf 30ea805a09c0442c86f7268f35f0d690 c934576a42ff45f499e8e4bc947ec4c8 - - default default] 10.0.0.21 "GET /v2.0/routers?tags-any=red%2Cblue HTTP/1.1" status: 200 len: 1946 time: 0.0599666
2026-07-21 14:37:12.660 9 INFO neutron.wsgi [None req-a073ef13-31cd-4fb4-93bf-9a002621e551 7102f2afa2e44613a1d5c72d8d93dbc8 d7e06d01e252439db033e4487028ff53 - - default default] 10.0.0.21 "GET /v2.0/networks/6a133e72-9cce-41d8-be7b-2ddc61a86aae HTTP/1.1" status: 200 len: 849 time: 0.4496582
2026-07-21 14:37:12.753 10 INFO neutron.wsgi [None req-1c3ebd2e-60f2-4abd-97d7-6817cf0046de 30ea805a09c0442c86f7268f35f0d690 c934576a42ff45f499e8e4bc947ec4c8 - - default default] 10.0.0.21 "GET /v2.0/routers?not-tags=red HTTP/1.1" status: 200 len: 1347 time: 0.0958803
2026-07-21 14:37:12.848 10 INFO neutron.wsgi [None req-8a4fb9cf-ee7c-4f92-a483-e131b91fbf7f 30ea805a09c0442c86f7268f35f0d690 c934576a42ff45f499e8e4bc947ec4c8 - - default default] 10.0.0.21 "GET /v2.0/routers?not-tags=red%2Cblue HTTP/1.1" status: 200 len: 1918 time: 0.0898292
2026-07-21 14:37:12.946 10 INFO neutron.wsgi [None req-788616aa-718d-4b60-87ef-4583a799ae47 30ea805a09c0442c86f7268f35f0d690 c934576a42ff45f499e8e4bc947ec4c8 - - default default] 10.0.0.21 "GET /v2.0/routers?not-tags-any=blue HTTP/1.1" status: 200 len: 1918 time: 0.0936208
2026-07-21 14:37:13.018 10 INFO neutron.wsgi [None req-11164efa-965f-48d9-b2af-7f9f34e2becb 30ea805a09c0442c86f7268f35f0d690 c934576a42ff45f499e8e4bc947ec4c8 - - default default] 10.0.0.21 "GET /v2.0/routers?not-tags-any=red%2Cblue HTTP/1.1" status: 200 len: 1347 time: 0.0666087
2026-07-21 14:37:13.081 10 INFO neutron.wsgi [None req-4e2b5bd3-ddf7-483b-a4b7-1328747d60ac 30ea805a09c0442c86f7268f35f0d690 c934576a42ff45f499e8e4bc947ec4c8 - - default default] 10.0.0.21 "GET /v2.0/routers/df9d5985-bc27-4f1b-bfe9-865c6291dd49 HTTP/1.1" status: 200 len: 775 time: 0.0575073
2026-07-21 14:37:13.140 10 INFO neutron.pecan_wsgi.hooks.translation [None req-345d06e8-1b06-4980-a70c-a9c250d44f25 e3fa8c7073954084a8ea0d81330ec3ac 830d173edbfd4693a4285fecd0ca0431 - - default default] GET failed (client error): The resource could not be found.
2026-07-21 14:37:13.142 10 INFO neutron.wsgi [None req-345d06e8-1b06-4980-a70c-a9c250d44f25 e3fa8c7073954084a8ea0d81330ec3ac 830d173edbfd4693a4285fecd0ca0431 - - default default] 10.0.0.21 "GET /v2.0/networks/6a133e72-9cce-41d8-be7b-2ddc61a86aae HTTP/1.1" status: 404 len: 339 time: 0.0894611
2026-07-21 14:37:13.718 10 INFO neutron.db.ovn_revision_numbers_db [None req-1af99dd2-91c8-4652-a876-d4ce4b90953d 30ea805a09c0442c86f7268f35f0d690 c934576a42ff45f499e8e4bc947ec4c8 - - default default] Successfully bumped revision number for resource df9d5985-bc27-4f1b-bfe9-865c6291dd49 (type: routers) to 2
2026-07-21 14:37:13.725 10 INFO neutron.wsgi [None req-1af99dd2-91c8-4652-a876-d4ce4b90953d 30ea805a09c0442c86f7268f35f0d690 c934576a42ff45f499e8e4bc947ec4c8 - - default default] 10.0.0.21 "PUT /v2.0/routers/df9d5985-bc27-4f1b-bfe9-865c6291dd49 HTTP/1.1" status: 200 len: 775 time: 0.6390953
2026-07-21 14:37:13.765 10 INFO neutron.wsgi [None req-897fe5a2-48cf-4dc7-8f5c-b7e5ab027e70 30ea805a09c0442c86f7268f35f0d690 c934576a42ff45f499e8e4bc947ec4c8 - - default default] 10.0.0.21 "GET /v2.0/ports?device_id=df9d5985-bc27-4f1b-bfe9-865c6291dd49 HTTP/1.1" status: 200 len: 205 time: 0.0342164
2026-07-21 14:37:13.781 9 INFO neutron.services.segments.plugin [-] Segment 0bddcf93-2f1b-463a-ab20-b4cb95c8248e resource provider aggregate not found
2026-07-21 14:37:13.788 9 INFO neutron.services.segments.plugin [-] Segment 0bddcf93-2f1b-463a-ab20-b4cb95c8248e resource provider aggregate not found
2026-07-21 14:37:13.797 9 INFO neutron.services.segments.plugin [-] Segment 0bddcf93-2f1b-463a-ab20-b4cb95c8248e resource provider not found; error: Placement Client Error (4xx): {"errors": [{"status": 404, "title": "Not Found", "detail": "The resource could not be found.\n\n No resource provider with uuid 0bddcf93-2f1b-463a-ab20-b4cb95c8248e found for delete ", "request_id": "req-ce96532a-9b71-492e-9e07-8a58aa8672c1"}]}
2026-07-21 14:37:13.815 9 INFO neutron.services.segments.plugin [-] Segment 0bddcf93-2f1b-463a-ab20-b4cb95c8248e resource provider not found; error: Placement Client Error (4xx): {"errors": [{"status": 404, "title": "Not Found", "detail": "The resource could not be found.\n\n No resource provider with uuid 0bddcf93-2f1b-463a-ab20-b4cb95c8248e found for delete ", "request_id": "req-cc6e3012-74cb-4cff-a694-949bce602c45"}]}
2026-07-21 14:37:13.821 9 INFO neutron.wsgi [None req-89fdd890-5877-4768-9198-6afc819c9d7a 07d642697d024bc1bf5abad306d2c057 a13241ae2741428c83edd5e6aac20da2 - - default default] 10.0.0.21 "DELETE /v2.0/networks/6a133e72-9cce-41d8-be7b-2ddc61a86aae HTTP/1.1" status: 204 len: 168 time: 0.6710532
2026-07-21 14:37:13.843 9 INFO neutron.pecan_wsgi.hooks.translation [None req-6373afc9-3610-4683-bbfe-515fa03a214d 07d642697d024bc1bf5abad306d2c057 a13241ae2741428c83edd5e6aac20da2 - - default default] DELETE failed (client error): The resource could not be found.
2026-07-21 14:37:13.846 9 INFO neutron.wsgi [None req-6373afc9-3610-4683-bbfe-515fa03a214d 07d642697d024bc1bf5abad306d2c057 a13241ae2741428c83edd5e6aac20da2 - - default default] 10.0.0.21 "DELETE /v2.0/subnets/da650b0f-0fce-4056-884a-b99c219672fd HTTP/1.1" status: 404 len: 337 time: 0.0190852
2026-07-21 14:37:13.873 9 INFO neutron.wsgi [req-46b8fc8f-8bce-42ae-8d87-5a00db11ef3a req-0eedd2d0-63f1-444f-84e1-0cc8a06e3427 8b2607a616084614b51874c34221d16b 76e9d9488f924b0e8a08808ceb1805f9 - - default default] 10.0.0.39 "GET /v2.0/ports?device_id=c3fb188b-7a50-40a3-8682-f75adaf79db1 HTTP/1.1" status: 200 len: 1396 time: 0.1495986
2026-07-21 14:37:13.877 10 INFO neutron.pecan_wsgi.hooks.translation [None req-f28768b6-e172-4aa8-8be3-f8bb72fdc1a4 07d642697d024bc1bf5abad306d2c057 a13241ae2741428c83edd5e6aac20da2 - - default default] DELETE failed (client error): The resource could not be found.
2026-07-21 14:37:13.879 10 INFO neutron.wsgi [None req-f28768b6-e172-4aa8-8be3-f8bb72fdc1a4 07d642697d024bc1bf5abad306d2c057 a13241ae2741428c83edd5e6aac20da2 - - default default] 10.0.0.21 "DELETE /v2.0/subnets/f345c46d-e8f1-43d7-9ee1-7864a1c7075d HTTP/1.1" status: 404 len: 337 time: 0.0256689
2026-07-21 14:37:13.924 10 INFO neutron.pecan_wsgi.hooks.translation [None req-e5987723-ebba-4e78-a947-bbd28bfd98c3 07d642697d024bc1bf5abad306d2c057 a13241ae2741428c83edd5e6aac20da2 - - default default] DELETE failed (client error): The resource could not be found.
2026-07-21 14:37:13.928 10 INFO neutron.wsgi [None req-e5987723-ebba-4e78-a947-bbd28bfd98c3 07d642697d024bc1bf5abad306d2c057 a13241ae2741428c83edd5e6aac20da2 - - default default] 10.0.0.21 "DELETE /v2.0/subnets/4afc49bb-6482-46e9-b1ae-9bfe181eae51 HTTP/1.1" status: 404 len: 337 time: 0.0441632
2026-07-21 14:37:13.945 9 INFO neutron.wsgi [req-46b8fc8f-8bce-42ae-8d87-5a00db11ef3a req-6d2cd071-a578-417f-919d-7f4d89c44feb 8b2607a616084614b51874c34221d16b 76e9d9488f924b0e8a08808ceb1805f9 - - default default] 10.0.0.39 "GET /v2.0/security-groups?id=1e9d52b8-9ca1-43dc-85a4-cbf20770b5b0&fields=id&fields=name HTTP/1.1" status: 200 len: 311 time: 0.0651810
2026-07-21 14:37:14.040 9 INFO neutron.wsgi [None req-1c3b6c8b-f8ff-4deb-b7f9-59fcbc6f7733 8b2607a616084614b51874c34221d16b 76e9d9488f924b0e8a08808ceb1805f9 - - default default] 10.0.0.21 "GET /v2.0/ports?network_id=b8863118-60f5-49a0-b866-ec9444c5822a&mac_address=fa%3A16%3A3e%3A8b%3Acf%3Af0 HTTP/1.1" status: 200 len: 1391 time: 0.0708611
2026-07-21 14:37:14.054 9 WARNING neutron_lib.context [None req-563a5b59-2345-4b1a-8903-0f8a8bab29a5 8b2607a616084614b51874c34221d16b 76e9d9488f924b0e8a08808ceb1805f9 - - default default] Method 'is_advsvc' is deprecated since 2023.2 release (neutron-lib 3.8.0) and will be removed once support for the old RBAC API policies will be removed from Neutron. Please use method 'is_service_role' instead.
2026-07-21 14:37:14.108 10 INFO neutron.wsgi [None req-44560774-6f13-4b1b-9df2-f935a992afe3 30ea805a09c0442c86f7268f35f0d690 c934576a42ff45f499e8e4bc947ec4c8 - - default default] 10.0.0.21 "DELETE /v2.0/routers/df9d5985-bc27-4f1b-bfe9-865c6291dd49 HTTP/1.1" status: 204 len: 168 time: 0.3333268
2026-07-21 14:37:14.174 10 INFO neutron.wsgi [None req-07305bd5-6c9b-40a9-a00a-8454143742d9 30ea805a09c0442c86f7268f35f0d690 c934576a42ff45f499e8e4bc947ec4c8 - - default default] 10.0.0.21 "GET /v2.0/routers/bfc17aaf-35c4-4219-b02b-ff3f22ad2b29 HTTP/1.1" status: 200 len: 783 time: 0.0603101
2026-07-21 14:37:14.506 9 WARNING neutron.scheduler.dhcp_agent_scheduler [None req-563a5b59-2345-4b1a-8903-0f8a8bab29a5 8b2607a616084614b51874c34221d16b 76e9d9488f924b0e8a08808ceb1805f9 - - default default] No more DHCP agents
2026-07-21 14:37:14.511 9 WARNING neutron.api.rpc.agentnotifiers.dhcp_rpc_agent_api [None req-563a5b59-2345-4b1a-8903-0f8a8bab29a5 8b2607a616084614b51874c34221d16b 76e9d9488f924b0e8a08808ceb1805f9 - - default default] Unable to schedule network 4b3149dc-3d64-47b9-87b8-94a2e620dd09: no agents available; will retry on subsequent port and subnet creation events.
2026-07-21 14:37:14.675 9 INFO neutron.db.ovn_revision_numbers_db [None req-20dfd7f4-e6b3-414d-ae92-542175a04f3e 30ea805a09c0442c86f7268f35f0d690 c934576a42ff45f499e8e4bc947ec4c8 - - default default] Successfully bumped revision number for resource bfc17aaf-35c4-4219-b02b-ff3f22ad2b29 (type: routers) to 2
2026-07-21 14:37:14.685 9 INFO neutron.wsgi [None req-20dfd7f4-e6b3-414d-ae92-542175a04f3e 30ea805a09c0442c86f7268f35f0d690 c934576a42ff45f499e8e4bc947ec4c8 - - default default] 10.0.0.21 "PUT /v2.0/routers/bfc17aaf-35c4-4219-b02b-ff3f22ad2b29 HTTP/1.1" status: 200 len: 783 time: 0.5050838
2026-07-21 14:37:14.715 10 INFO neutron.wsgi [None req-3b9fa5eb-8e6b-48a7-8d84-6b88bb667bb9 30ea805a09c0442c86f7268f35f0d690 c934576a42ff45f499e8e4bc947ec4c8 - - default default] 10.0.0.21 "GET /v2.0/ports?device_id=bfc17aaf-35c4-4219-b02b-ff3f22ad2b29 HTTP/1.1" status: 200 len: 205 time: 0.0228193
2026-07-21 14:37:15.015 10 INFO neutron.wsgi [None req-09f59376-0b10-4007-8d86-4c14a051f8f7 30ea805a09c0442c86f7268f35f0d690 c934576a42ff45f499e8e4bc947ec4c8 - - default default] 10.0.0.21 "DELETE /v2.0/routers/bfc17aaf-35c4-4219-b02b-ff3f22ad2b29 HTTP/1.1" status: 204 len: 168 time: 0.2950134
2026-07-21 14:37:15.066 10 INFO neutron.wsgi [None req-b79a1a58-b057-4190-9910-a67a1ee6a0be 30ea805a09c0442c86f7268f35f0d690 c934576a42ff45f499e8e4bc947ec4c8 - - default default] 10.0.0.21 "GET /v2.0/routers/87f768d9-00e4-4b83-b357-e8d4581d7363 HTTP/1.1" status: 200 len: 792 time: 0.0464318
2026-07-21 14:37:15.374 10 INFO neutron.db.ovn_revision_numbers_db [None req-07632118-2d87-4a57-be86-e41433875f08 aaf09a7d266440efab2f57dbd6c53e17 ff887c7d10544a709fad9c928a959a91 - - default default] Successfully bumped revision number for resource b279504f-3fcd-4045-8592-c5c4d5fc028e (type: security_groups) to 1
2026-07-21 14:37:15.416 10 INFO neutron.db.ovn_revision_numbers_db [None req-07632118-2d87-4a57-be86-e41433875f08 aaf09a7d266440efab2f57dbd6c53e17 ff887c7d10544a709fad9c928a959a91 - - default default] Successfully bumped revision number for resource 62d0ac12-4dce-4900-8b01-bf86d023ccc0 (type: security_group_rules) to 0
2026-07-21 14:37:15.443 10 INFO neutron.db.ovn_revision_numbers_db [None req-07632118-2d87-4a57-be86-e41433875f08 aaf09a7d266440efab2f57dbd6c53e17 ff887c7d10544a709fad9c928a959a91 - - default default] Successfully bumped revision number for resource 9c52c81d-4456-4cc3-bdc4-8b382d3941b0 (type: security_group_rules) to 0
2026-07-21 14:37:15.691 10 INFO neutron.db.ovn_revision_numbers_db [None req-07632118-2d87-4a57-be86-e41433875f08 aaf09a7d266440efab2f57dbd6c53e17 ff887c7d10544a709fad9c928a959a91 - - default default] Successfully bumped revision number for resource b11d5793-8aea-4f67-a131-4a1358cb4c80 (type: security_group_rules) to 0
2026-07-21 14:37:15.703 10 INFO neutron.db.ovn_revision_numbers_db [None req-be26dc09-2273-4ba0-a2a9-7e3e5e859abb 30ea805a09c0442c86f7268f35f0d690 c934576a42ff45f499e8e4bc947ec4c8 - - default default] Successfully bumped revision number for resource 87f768d9-00e4-4b83-b357-e8d4581d7363 (type: routers) to 2
2026-07-21 14:37:15.707 10 INFO neutron.wsgi [None req-be26dc09-2273-4ba0-a2a9-7e3e5e859abb 30ea805a09c0442c86f7268f35f0d690 c934576a42ff45f499e8e4bc947ec4c8 - - default default] 10.0.0.21 "PUT /v2.0/routers/87f768d9-00e4-4b83-b357-e8d4581d7363 HTTP/1.1" status: 200 len: 792 time: 0.6358953
2026-07-21 14:37:15.708 10 INFO neutron.db.ovn_revision_numbers_db [None req-07632118-2d87-4a57-be86-e41433875f08 aaf09a7d266440efab2f57dbd6c53e17 ff887c7d10544a709fad9c928a959a91 - - default default] Successfully bumped revision number for resource dcd7e670-bed6-4103-9ff5-0504d34ccec6 (type: security_group_rules) to 0
2026-07-21 14:37:15.736 10 INFO neutron.wsgi [None req-58e2a6d7-5f59-4930-9f43-93edca6fd1fa 30ea805a09c0442c86f7268f35f0d690 c934576a42ff45f499e8e4bc947ec4c8 - - default default] 10.0.0.21 "GET /v2.0/ports?device_id=87f768d9-00e4-4b83-b357-e8d4581d7363 HTTP/1.1" status: 200 len: 205 time: 0.0247059
2026-07-21 14:37:15.741 10 INFO neutron.wsgi [None req-07632118-2d87-4a57-be86-e41433875f08 aaf09a7d266440efab2f57dbd6c53e17 ff887c7d10544a709fad9c928a959a91 - - default default] 10.0.0.21 "GET /v2.0/security-groups?tenant_id=d7e06d01e252439db033e4487028ff53&name=default HTTP/1.1" status: 200 len: 3124 time: 0.8649466
2026-07-21 14:37:15.943 9 INFO neutron.db.ovn_revision_numbers_db [None req-563a5b59-2345-4b1a-8903-0f8a8bab29a5 8b2607a616084614b51874c34221d16b 76e9d9488f924b0e8a08808ceb1805f9 - - default default] Successfully bumped revision number for resource 1ba15ff8-0940-43ae-a248-60618cd877b3 (type: floatingips) to -1
2026-07-21 14:37:15.980 10 INFO neutron.wsgi [None req-b39ea1f7-b085-4096-9319-7d9e2055d92f aaf09a7d266440efab2f57dbd6c53e17 ff887c7d10544a709fad9c928a959a91 - - default default] 10.0.0.21 "DELETE /v2.0/security-groups/b279504f-3fcd-4045-8592-c5c4d5fc028e HTTP/1.1" status: 204 len: 168 time: 0.2345212
2026-07-21 14:37:16.135 10 INFO neutron.wsgi [None req-dd817539-513c-40a5-bd60-be803dd6bf18 aaf09a7d266440efab2f57dbd6c53e17 ff887c7d10544a709fad9c928a959a91 - - default default] 10.0.0.21 "GET /v2.0/security-groups?tenant_id=a13241ae2741428c83edd5e6aac20da2&name=default HTTP/1.1" status: 200 len: 3124 time: 0.0396316 /var/lib/openstack/lib/python3.10/site-packages/pycadf/identifier.py:71: UserWarning: Invalid uuid: neutron. To ensure interoperability, identifiers should be a valid uuid. warnings.warn(('Invalid uuid: %s. To ensure interoperability, '
2026-07-21 14:37:16.163 9 INFO neutron.wsgi [None req-767574fc-b336-4a12-ba57-8729ceaeb390 30ea805a09c0442c86f7268f35f0d690 c934576a42ff45f499e8e4bc947ec4c8 - - default default] 10.0.0.21 "DELETE /v2.0/routers/87f768d9-00e4-4b83-b357-e8d4581d7363 HTTP/1.1" status: 204 len: 168 time: 0.4175348
2026-07-21 14:37:16.254 9 INFO neutron.wsgi [None req-1fb09f98-2081-48a8-8f2f-161c6ccc8be1 30ea805a09c0442c86f7268f35f0d690 c934576a42ff45f499e8e4bc947ec4c8 - - default default] 10.0.0.21 "GET /v2.0/routers/80283b60-bf3a-416b-a72d-0f10b652eba1 HTTP/1.1" status: 200 len: 777 time: 0.0856214
2026-07-21 14:37:16.274 9 INFO neutron.db.ovn_revision_numbers_db [None req-563a5b59-2345-4b1a-8903-0f8a8bab29a5 8b2607a616084614b51874c34221d16b 76e9d9488f924b0e8a08808ceb1805f9 - - default default] Successfully bumped revision number for resource 1ba15ff8-0940-43ae-a248-60618cd877b3 (type: floatingips) to 1
2026-07-21 14:37:16.275 9 INFO neutron.db.l3_db [None req-563a5b59-2345-4b1a-8903-0f8a8bab29a5 8b2607a616084614b51874c34221d16b 76e9d9488f924b0e8a08808ceb1805f9 - - default default] Floating IP 1ba15ff8-0940-43ae-a248-60618cd877b3 associated. External IP: 10.96.250.207, port: b2706b19-acb1-4aae-9f6f-063ff226f2f2.
2026-07-21 14:37:16.328 9 INFO neutron.wsgi [None req-563a5b59-2345-4b1a-8903-0f8a8bab29a5 8b2607a616084614b51874c34221d16b 76e9d9488f924b0e8a08808ceb1805f9 - - default default] 10.0.0.21 "POST /v2.0/floatingips HTTP/1.1" status: 201 len: 1054 time: 2.2821426
2026-07-21 14:37:16.363 9 INFO neutron.notifiers.nova [-] Nova event matching ['req-1d485d2b-9e88-4e80-8a53-bb32c9fe88e0'] response: {'name': 'network-changed', 'server_uuid': 'c3fb188b-7a50-40a3-8682-f75adaf79db1', 'tag': 'b2706b19-acb1-4aae-9f6f-063ff226f2f2', 'status': 'completed', 'code': 200}
2026-07-21 14:37:16.463 9 INFO neutron.wsgi [req-0f5163b8-9e80-4acc-917a-c07a8a42e0aa req-fc0cd1ac-eded-4b8d-afb1-c0235da98d34 3a68918bc1234747809bbcab9a8c748a cf209440a3674ffbbee6cfc755d67e31 - - 54de7a9fafb84e02afc76315b903ca50 54de7a9fafb84e02afc76315b903ca50] 199.204.45.129 "GET /v2.0/ports?tenant_id=76e9d9488f924b0e8a08808ceb1805f9&device_id=c3fb188b-7a50-40a3-8682-f75adaf79db1 HTTP/1.1" status: 200 len: 1634 time: 0.0797076
2026-07-21 14:37:16.517 9 INFO neutron.wsgi [req-59fa2248-48f5-4fca-8616-04f3a3e1b325 req-f0d98a52-335c-4447-a9e4-3c9bfb81d5ed 8b2607a616084614b51874c34221d16b 76e9d9488f924b0e8a08808ceb1805f9 - - default default] 10.0.0.39 "GET /v2.0/security-groups?name=tempest-lb_member_SG-1343899178&fields=id&tenant_id=76e9d9488f924b0e8a08808ceb1805f9 HTTP/1.1" status: 200 len: 267 time: 0.1076350
2026-07-21 14:37:16.550 9 INFO neutron.wsgi [req-0f5163b8-9e80-4acc-917a-c07a8a42e0aa req-e16d339b-d883-44ad-8f29-749ce3ce3f62 3a68918bc1234747809bbcab9a8c748a cf209440a3674ffbbee6cfc755d67e31 - - 54de7a9fafb84e02afc76315b903ca50 54de7a9fafb84e02afc76315b903ca50] 199.204.45.129 "GET /v2.0/networks?id=b8863118-60f5-49a0-b866-ec9444c5822a HTTP/1.1" status: 200 len: 1002 time: 0.0801055
2026-07-21 14:37:16.632 9 INFO neutron.wsgi [req-0f5163b8-9e80-4acc-917a-c07a8a42e0aa req-03911c25-4565-4b33-b969-f5c419c489d4 3a68918bc1234747809bbcab9a8c748a cf209440a3674ffbbee6cfc755d67e31 - - 54de7a9fafb84e02afc76315b903ca50 54de7a9fafb84e02afc76315b903ca50] 199.204.45.129 "GET /v2.0/floatingips?fixed_ip_address=10.2.1.220&port_id=b2706b19-acb1-4aae-9f6f-063ff226f2f2 HTTP/1.1" status: 200 len: 1059 time: 0.0759475
2026-07-21 14:37:16.635 9 INFO neutron.wsgi [None req-b6e226d2-6931-4bc4-9f5b-053c5de39b87 aaf09a7d266440efab2f57dbd6c53e17 ff887c7d10544a709fad9c928a959a91 - - default default] 10.0.0.21 "DELETE /v2.0/security-groups/96ac7899-c2ec-4db2-b562-12e7c71654e7 HTTP/1.1" status: 204 len: 168 time: 0.4916539
2026-07-21 14:37:16.665 9 INFO neutron.wsgi [req-0f5163b8-9e80-4acc-917a-c07a8a42e0aa req-4b8b1147-843f-402f-9c73-7df6f76e2c4f 3a68918bc1234747809bbcab9a8c748a cf209440a3674ffbbee6cfc755d67e31 - - 54de7a9fafb84e02afc76315b903ca50 54de7a9fafb84e02afc76315b903ca50] 199.204.45.129 "GET /v2.0/floatingips?fixed_ip_address=fd7b%3Af9f7%3Afff%3A4eca%3A%3A4a&port_id=b2706b19-acb1-4aae-9f6f-063ff226f2f2 HTTP/1.1" status: 200 len: 217 time: 0.0278215
2026-07-21 14:37:16.712 9 INFO neutron.wsgi [req-0f5163b8-9e80-4acc-917a-c07a8a42e0aa req-c1038d19-86b4-4a74-ac37-9367ff23977d 3a68918bc1234747809bbcab9a8c748a cf209440a3674ffbbee6cfc755d67e31 - - 54de7a9fafb84e02afc76315b903ca50 54de7a9fafb84e02afc76315b903ca50] 199.204.45.129 "GET /v2.0/subnets?id=d3f07714-899a-4158-806a-7f20899af9bf&id=a510366f-5bee-4305-9bc7-9206107df48b HTTP/1.1" status: 200 len: 1563 time: 0.0399420
2026-07-21 14:37:16.724 10 INFO neutron.db.ovn_revision_numbers_db [None req-b41aac39-746f-4569-aeda-a01ec6b74f65 30ea805a09c0442c86f7268f35f0d690 c934576a42ff45f499e8e4bc947ec4c8 - - default default] Successfully bumped revision number for resource 80283b60-bf3a-416b-a72d-0f10b652eba1 (type: routers) to 2
2026-07-21 14:37:16.730 10 INFO neutron.wsgi [None req-b41aac39-746f-4569-aeda-a01ec6b74f65 30ea805a09c0442c86f7268f35f0d690 c934576a42ff45f499e8e4bc947ec4c8 - - default default] 10.0.0.21 "PUT /v2.0/routers/80283b60-bf3a-416b-a72d-0f10b652eba1 HTTP/1.1" status: 200 len: 777 time: 0.4702842
2026-07-21 14:37:16.753 9 INFO neutron.wsgi [req-0f5163b8-9e80-4acc-917a-c07a8a42e0aa req-116727d8-0a64-4c68-ab5d-c3ee1ee3e8fa 3a68918bc1234747809bbcab9a8c748a cf209440a3674ffbbee6cfc755d67e31 - - 54de7a9fafb84e02afc76315b903ca50 54de7a9fafb84e02afc76315b903ca50] 199.204.45.129 "GET /v2.0/ports?network_id=b8863118-60f5-49a0-b866-ec9444c5822a&device_owner=network%3Adhcp HTTP/1.1" status: 200 len: 210 time: 0.0326698
2026-07-21 14:37:16.760 10 INFO neutron.wsgi [None req-b72e9737-9a92-4d56-b759-798871afe4cc 30ea805a09c0442c86f7268f35f0d690 c934576a42ff45f499e8e4bc947ec4c8 - - default default] 10.0.0.21 "GET /v2.0/ports?device_id=80283b60-bf3a-416b-a72d-0f10b652eba1 HTTP/1.1" status: 200 len: 205 time: 0.0248494
2026-07-21 14:37:16.783 9 INFO neutron.wsgi [req-0f5163b8-9e80-4acc-917a-c07a8a42e0aa req-33a68a39-0daa-473f-95aa-2691353063c7 3a68918bc1234747809bbcab9a8c748a cf209440a3674ffbbee6cfc755d67e31 - - 54de7a9fafb84e02afc76315b903ca50 54de7a9fafb84e02afc76315b903ca50] 199.204.45.129 "GET /v2.0/ports?network_id=b8863118-60f5-49a0-b866-ec9444c5822a&device_owner=network%3Adhcp HTTP/1.1" status: 200 len: 210 time: 0.0216243
2026-07-21 14:37:16.820 9 INFO neutron.wsgi [req-59fa2248-48f5-4fca-8616-04f3a3e1b325 req-9ee07a94-caa7-4c5b-ab90-811e6d901108 8b2607a616084614b51874c34221d16b 76e9d9488f924b0e8a08808ceb1805f9 - - default default] 10.0.0.39 "GET /v2.0/networks?id=2847bd2a-e395-4ca9-9718-b8c93924c20c HTTP/1.1" status: 200 len: 903 time: 0.2963920
2026-07-21 14:37:16.850 9 INFO neutron.wsgi [req-59fa2248-48f5-4fca-8616-04f3a3e1b325 req-f02150be-7bd7-4a9b-b235-d1244882070c 8b2607a616084614b51874c34221d16b 76e9d9488f924b0e8a08808ceb1805f9 - - default default] 10.0.0.39 "GET /v2.0/quotas/76e9d9488f924b0e8a08808ceb1805f9 HTTP/1.1" status: 200 len: 491 time: 0.0235302
2026-07-21 14:37:17.057 10 INFO neutron.wsgi [None req-b0dc81db-c2c9-4f04-909b-3330fe757352 30ea805a09c0442c86f7268f35f0d690 c934576a42ff45f499e8e4bc947ec4c8 - - default default] 10.0.0.21 "DELETE /v2.0/routers/80283b60-bf3a-416b-a72d-0f10b652eba1 HTTP/1.1" status: 204 len: 168 time: 0.2940366
2026-07-21 14:37:17.090 9 INFO neutron.wsgi [req-0f5163b8-9e80-4acc-917a-c07a8a42e0aa req-1ff6db60-03b6-4cfe-93df-59dbc164d970 3a68918bc1234747809bbcab9a8c748a cf209440a3674ffbbee6cfc755d67e31 - - 54de7a9fafb84e02afc76315b903ca50 54de7a9fafb84e02afc76315b903ca50] 199.204.45.129 "GET /v2.0/networks/b8863118-60f5-49a0-b866-ec9444c5822a?fields=segments HTTP/1.1" status: 200 len: 212 time: 0.3010197
2026-07-21 14:37:17.138 10 INFO neutron.wsgi [None req-891c3682-f2d7-4b0c-90cc-ead08eb85031 30ea805a09c0442c86f7268f35f0d690 c934576a42ff45f499e8e4bc947ec4c8 - - default default] 10.0.0.21 "GET /v2.0/routers/d599cb1b-0486-4edf-8ff1-29cf0cf579ad HTTP/1.1" status: 200 len: 770 time: 0.0560486
2026-07-21 14:37:17.143 10 INFO neutron.db.ovn_revision_numbers_db [None req-42e1ad9a-094d-4c7c-8ab5-fd6f5790c0aa aaf09a7d266440efab2f57dbd6c53e17 ff887c7d10544a709fad9c928a959a91 - - default default] Successfully bumped revision number for resource 823658bf-b090-4603-b6f2-1ffcdf23e136 (type: security_groups) to 1
2026-07-21 14:37:17.164 10 INFO neutron.db.ovn_revision_numbers_db [None req-42e1ad9a-094d-4c7c-8ab5-fd6f5790c0aa aaf09a7d266440efab2f57dbd6c53e17 ff887c7d10544a709fad9c928a959a91 - - default default] Successfully bumped revision number for resource 27051cc9-394e-4a38-88a1-82bfee019338 (type: security_group_rules) to 0
2026-07-21 14:37:17.200 10 INFO neutron.db.ovn_revision_numbers_db [None req-42e1ad9a-094d-4c7c-8ab5-fd6f5790c0aa aaf09a7d266440efab2f57dbd6c53e17 ff887c7d10544a709fad9c928a959a91 - - default default] Successfully bumped revision number for resource 2e7c7b8b-c564-4460-8be9-27284b6c7a93 (type: security_group_rules) to 0
2026-07-21 14:37:17.234 10 INFO neutron.db.ovn_revision_numbers_db [None req-42e1ad9a-094d-4c7c-8ab5-fd6f5790c0aa aaf09a7d266440efab2f57dbd6c53e17 ff887c7d10544a709fad9c928a959a91 - - default default] Successfully bumped revision number for resource 9e765f5f-0342-4b48-b795-2097f67dfcee (type: security_group_rules) to 0
2026-07-21 14:37:17.254 9 INFO neutron.wsgi [req-0f5163b8-9e80-4acc-917a-c07a8a42e0aa req-c37131e8-bbe4-425d-8c5a-66af5e7708a1 3a68918bc1234747809bbcab9a8c748a cf209440a3674ffbbee6cfc755d67e31 - - 54de7a9fafb84e02afc76315b903ca50 54de7a9fafb84e02afc76315b903ca50] 199.204.45.129 "GET /v2.0/networks/b8863118-60f5-49a0-b866-ec9444c5822a?fields=provider%3Aphysical_network&fields=provider%3Anetwork_type HTTP/1.1" status: 200 len: 277 time: 0.1543558
2026-07-21 14:37:17.264 10 INFO neutron.db.ovn_revision_numbers_db [None req-42e1ad9a-094d-4c7c-8ab5-fd6f5790c0aa aaf09a7d266440efab2f57dbd6c53e17 ff887c7d10544a709fad9c928a959a91 - - default default] Successfully bumped revision number for resource bbc7b849-467e-4191-a089-4e77733a8cfe (type: security_group_rules) to 0
2026-07-21 14:37:17.302 10 INFO neutron.wsgi [None req-42e1ad9a-094d-4c7c-8ab5-fd6f5790c0aa aaf09a7d266440efab2f57dbd6c53e17 ff887c7d10544a709fad9c928a959a91 - - default default] 10.0.0.21 "GET /v2.0/security-groups?tenant_id=830d173edbfd4693a4285fecd0ca0431&name=default HTTP/1.1" status: 200 len: 3124 time: 0.4867256
2026-07-21 14:37:17.398 9 INFO neutron.wsgi [req-59fa2248-48f5-4fca-8616-04f3a3e1b325 req-a7be3006-2765-4319-8b1b-4ada7c5be685 8b2607a616084614b51874c34221d16b 76e9d9488f924b0e8a08808ceb1805f9 - - default default] 10.0.0.39 "GET /v2.0/ports?tenant_id=76e9d9488f924b0e8a08808ceb1805f9&fields=id HTTP/1.1" status: 200 len: 532 time: 0.5420318
2026-07-21 14:37:17.535 10 INFO neutron.wsgi [None req-f4dcd40e-a2ff-424a-b527-4d8de4e4c96a aaf09a7d266440efab2f57dbd6c53e17 ff887c7d10544a709fad9c928a959a91 - - default default] 10.0.0.21 "DELETE /v2.0/security-groups/823658bf-b090-4603-b6f2-1ffcdf23e136 HTTP/1.1" status: 204 len: 168 time: 0.2278087
2026-07-21 14:37:17.556 9 INFO neutron.wsgi [req-59fa2248-48f5-4fca-8616-04f3a3e1b325 req-6fe06db3-084a-404e-b1bb-2c71f23d37b9 3a68918bc1234747809bbcab9a8c748a cf209440a3674ffbbee6cfc755d67e31 - - 54de7a9fafb84e02afc76315b903ca50 54de7a9fafb84e02afc76315b903ca50] 10.0.0.39 "GET /v2.0/networks/2847bd2a-e395-4ca9-9718-b8c93924c20c?fields=segments HTTP/1.1" status: 200 len: 212 time: 0.1454132
2026-07-21 14:37:17.624 9 INFO neutron.wsgi [None req-dfd73cb7-031d-47a1-9262-742a96f720d8 30ea805a09c0442c86f7268f35f0d690 c934576a42ff45f499e8e4bc947ec4c8 - - default default] 10.0.0.21 "PUT /v2.0/routers/d599cb1b-0486-4edf-8ff1-29cf0cf579ad HTTP/1.1" status: 200 len: 770 time: 0.4806795
2026-07-21 14:37:17.650 9 INFO neutron.wsgi [req-59fa2248-48f5-4fca-8616-04f3a3e1b325 req-a58a6550-8749-4aa2-b007-85463739a1d4 3a68918bc1234747809bbcab9a8c748a cf209440a3674ffbbee6cfc755d67e31 - - 54de7a9fafb84e02afc76315b903ca50 54de7a9fafb84e02afc76315b903ca50] 10.0.0.39 "GET /v2.0/networks/2847bd2a-e395-4ca9-9718-b8c93924c20c?fields=provider%3Aphysical_network&fields=provider%3Anetwork_type HTTP/1.1" status: 200 len: 277 time: 0.0798304
2026-07-21 14:37:17.651 10 INFO neutron.wsgi [None req-aa9f2e25-9e97-4601-bba4-f85868b62325 30ea805a09c0442c86f7268f35f0d690 c934576a42ff45f499e8e4bc947ec4c8 - - default default] 10.0.0.21 "GET /v2.0/ports?device_id=d599cb1b-0486-4edf-8ff1-29cf0cf579ad HTTP/1.1" status: 200 len: 205 time: 0.0212388
2026-07-21 14:37:17.938 10 INFO neutron.wsgi [None req-85359807-2dec-4850-a81e-02506967a1b2 30ea805a09c0442c86f7268f35f0d690 c934576a42ff45f499e8e4bc947ec4c8 - - default default] 10.0.0.21 "DELETE /v2.0/routers/d599cb1b-0486-4edf-8ff1-29cf0cf579ad HTTP/1.1" status: 204 len: 168 time: 0.2832232
2026-07-21 14:37:18.017 9 INFO neutron.wsgi [req-a9b1bc04-ffb4-4e46-b05a-5daf81b4844c req-9efa7776-9f12-4b51-bcf0-e7ffc009915c 8b2607a616084614b51874c34221d16b 76e9d9488f924b0e8a08808ceb1805f9 - - default default] 10.0.0.39 "GET /v2.0/ports?device_id=7f2c88d9-4771-43a0-9322-98160448b5cb HTTP/1.1" status: 200 len: 210 time: 0.2483881
2026-07-21 14:37:18.590 9 INFO neutron.wsgi [req-59fa2248-48f5-4fca-8616-04f3a3e1b325 req-9b568700-f8e9-447f-a0ca-357f830fbe21 8b2607a616084614b51874c34221d16b 76e9d9488f924b0e8a08808ceb1805f9 - - default default] 199.204.45.129 "GET /v2.0/networks?id=2847bd2a-e395-4ca9-9718-b8c93924c20c HTTP/1.1" status: 200 len: 903 time: 0.0814395
2026-07-21 14:37:18.671 9 INFO neutron.wsgi [req-59fa2248-48f5-4fca-8616-04f3a3e1b325 req-f96581a7-eb4d-4d5f-8d03-48b1a9dfb8dd 8b2607a616084614b51874c34221d16b 76e9d9488f924b0e8a08808ceb1805f9 - - default default] 199.204.45.129 "GET /v2.0/security-groups?fields=id&fields=name&tenant_id=76e9d9488f924b0e8a08808ceb1805f9 HTTP/1.1" status: 200 len: 378 time: 0.0717416
2026-07-21 14:37:18.703 9 WARNING neutron_lib.context [req-59fa2248-48f5-4fca-8616-04f3a3e1b325 req-f1b3fc13-5892-4ea2-989a-ba464be214fa 8b2607a616084614b51874c34221d16b 76e9d9488f924b0e8a08808ceb1805f9 - - default default] Method 'is_advsvc' is deprecated since 2023.2 release (neutron-lib 3.8.0) and will be removed once support for the old RBAC API policies will be removed from Neutron. Please use method 'is_service_role' instead.
2026-07-21 14:37:19.246 9 WARNING neutron.scheduler.dhcp_agent_scheduler [req-59fa2248-48f5-4fca-8616-04f3a3e1b325 req-f1b3fc13-5892-4ea2-989a-ba464be214fa 8b2607a616084614b51874c34221d16b 76e9d9488f924b0e8a08808ceb1805f9 - - default default] No more DHCP agents
2026-07-21 14:37:19.250 9 WARNING neutron.api.rpc.agentnotifiers.dhcp_rpc_agent_api [req-59fa2248-48f5-4fca-8616-04f3a3e1b325 req-f1b3fc13-5892-4ea2-989a-ba464be214fa 8b2607a616084614b51874c34221d16b 76e9d9488f924b0e8a08808ceb1805f9 - - default default] Unable to schedule network 2847bd2a-e395-4ca9-9718-b8c93924c20c: no agents available; will retry on subsequent port and subnet creation events.
2026-07-21 14:37:19.319 9 INFO neutron.db.ovn_revision_numbers_db [None req-e13a103f-521c-4d5e-bdc6-b657bc073eea aaf09a7d266440efab2f57dbd6c53e17 ff887c7d10544a709fad9c928a959a91 - - default default] Successfully bumped revision number for resource aa6116cf-71bc-4cea-90fa-dbfa41aa2781 (type: security_groups) to 1
2026-07-21 14:37:19.340 9 INFO neutron.db.ovn_revision_numbers_db [None req-e13a103f-521c-4d5e-bdc6-b657bc073eea aaf09a7d266440efab2f57dbd6c53e17 ff887c7d10544a709fad9c928a959a91 - - default default] Successfully bumped revision number for resource 014fdc11-2f0c-4f38-b116-4fe134773874 (type: security_group_rules) to 0
2026-07-21 14:37:19.369 9 INFO neutron.db.ovn_revision_numbers_db [None req-e13a103f-521c-4d5e-bdc6-b657bc073eea aaf09a7d266440efab2f57dbd6c53e17 ff887c7d10544a709fad9c928a959a91 - - default default] Successfully bumped revision number for resource 327f6e2c-e28b-4628-9776-ea5b1152d9cf (type: security_group_rules) to 0
2026-07-21 14:37:19.393 9 INFO neutron.db.ovn_revision_numbers_db [None req-e13a103f-521c-4d5e-bdc6-b657bc073eea aaf09a7d266440efab2f57dbd6c53e17 ff887c7d10544a709fad9c928a959a91 - - default default] Successfully bumped revision number for resource c8d9df68-bb06-4bbd-8a9f-42e046abad93 (type: security_group_rules) to 0
2026-07-21 14:37:19.416 9 INFO neutron.db.ovn_revision_numbers_db [None req-e13a103f-521c-4d5e-bdc6-b657bc073eea aaf09a7d266440efab2f57dbd6c53e17 ff887c7d10544a709fad9c928a959a91 - - default default] Successfully bumped revision number for resource f1b7b55b-eb61-48a6-b8c7-cf233bf92227 (type: security_group_rules) to 0
2026-07-21 14:37:19.449 9 INFO neutron.wsgi [None req-e13a103f-521c-4d5e-bdc6-b657bc073eea aaf09a7d266440efab2f57dbd6c53e17 ff887c7d10544a709fad9c928a959a91 - - default default] 10.0.0.21 "GET /v2.0/security-groups?tenant_id=733e534a3fa54258a918960721b8f6ba&name=default HTTP/1.1" status: 200 len: 3124 time: 0.6225202 /var/lib/openstack/lib/python3.10/site-packages/pycadf/identifier.py:71: UserWarning: Invalid uuid: neutron. To ensure interoperability, identifiers should be a valid uuid. warnings.warn(('Invalid uuid: %s. To ensure interoperability, '
2026-07-21 14:37:19.486 9 INFO neutron.db.ovn_revision_numbers_db [req-59fa2248-48f5-4fca-8616-04f3a3e1b325 req-f1b3fc13-5892-4ea2-989a-ba464be214fa 8b2607a616084614b51874c34221d16b 76e9d9488f924b0e8a08808ceb1805f9 - - default default] Successfully bumped revision number for resource c2420982-0756-45a0-a395-95dbfb1abd80 (type: ports) to 1
2026-07-21 14:37:19.519 9 INFO neutron.wsgi [req-59fa2248-48f5-4fca-8616-04f3a3e1b325 req-f1b3fc13-5892-4ea2-989a-ba464be214fa 8b2607a616084614b51874c34221d16b 76e9d9488f924b0e8a08808ceb1805f9 - - default default] 199.204.45.129 "POST /v2.0/ports HTTP/1.1" status: 201 len: 1388 time: 0.8221734
2026-07-21 14:37:20.057 9 INFO neutron.wsgi [None req-85219bbd-aba2-4b37-96d5-51a8a0bf40ae aaf09a7d266440efab2f57dbd6c53e17 ff887c7d10544a709fad9c928a959a91 - - default default] 10.0.0.21 "DELETE /v2.0/security-groups/aa6116cf-71bc-4cea-90fa-dbfa41aa2781 HTTP/1.1" status: 204 len: 168 time: 0.6023512
2026-07-21 14:37:20.278 9 INFO neutron.db.ovn_revision_numbers_db [req-59fa2248-48f5-4fca-8616-04f3a3e1b325 req-5f7e35e0-a16b-4014-a75c-b8f1aae904c5 3a68918bc1234747809bbcab9a8c748a cf209440a3674ffbbee6cfc755d67e31 - - 54de7a9fafb84e02afc76315b903ca50 54de7a9fafb84e02afc76315b903ca50] Successfully bumped revision number for resource c2420982-0756-45a0-a395-95dbfb1abd80 (type: ports) to 2
2026-07-21 14:37:20.292 10 INFO neutron.db.ovn_revision_numbers_db [None req-9c540d60-636f-4be0-a232-f5a5d08deac1 aaf09a7d266440efab2f57dbd6c53e17 ff887c7d10544a709fad9c928a959a91 - - default default] Successfully bumped revision number for resource dbebd5a4-0316-45a2-9506-e191424f6ffe (type: security_groups) to 1
