2026-07-21 14:33:46.988 9 WARNING neutron.api.rpc.agentnotifiers.dhcp_rpc_agent_api [req-f54b615f-fbb0-40d7-8cc8-f9786ace457a req-b4d63175-03d1-4e68-8275-68767953be50 5ce09708bc304ed99264e48e92b6f756 a1f68f42c03c4aa293ff56bae0b25ee6 - - default default] Unable to schedule network 5baf08df-7580-434e-af1d-3085eaa5ae8d: no agents available; will retry on subsequent port and subnet creation events.
2026-07-21 14:33:47.226 9 INFO neutron.db.ovn_revision_numbers_db [req-f54b615f-fbb0-40d7-8cc8-f9786ace457a req-b4d63175-03d1-4e68-8275-68767953be50 5ce09708bc304ed99264e48e92b6f756 a1f68f42c03c4aa293ff56bae0b25ee6 - - default default] Successfully bumped revision number for resource 3c0b431a-4460-4aef-a252-d3811a2cda5b (type: ports) to 1
2026-07-21 14:33:47.257 9 INFO neutron.wsgi [req-f54b615f-fbb0-40d7-8cc8-f9786ace457a req-b4d63175-03d1-4e68-8275-68767953be50 5ce09708bc304ed99264e48e92b6f756 a1f68f42c03c4aa293ff56bae0b25ee6 - - default default] 199.204.45.129 "POST /v2.0/ports HTTP/1.1" status: 201 len: 1162 time: 0.6877534 /var/lib/openstack/lib/python3.10/site-packages/pycadf/identifier.py:71: UserWarning: Invalid uuid: neutron. To ensure interoperability, identifiers should be a valid uuid. warnings.warn(('Invalid uuid: %s. To ensure interoperability, '
2026-07-21 14:33:47.405 10 INFO neutron.db.ovn_revision_numbers_db [None req-01e85e5b-bb39-40e6-a98e-7cbc38143cc3 aaf09a7d266440efab2f57dbd6c53e17 ff887c7d10544a709fad9c928a959a91 - - default default] Successfully bumped revision number for resource 81e42610-9945-49f8-8876-cec2ea329471 (type: security_groups) to 1
2026-07-21 14:33:47.419 10 INFO neutron.db.ovn_revision_numbers_db [None req-01e85e5b-bb39-40e6-a98e-7cbc38143cc3 aaf09a7d266440efab2f57dbd6c53e17 ff887c7d10544a709fad9c928a959a91 - - default default] Successfully bumped revision number for resource 1e26f988-5229-425f-9dd8-24870be6298c (type: security_group_rules) to 0
2026-07-21 14:33:47.447 10 INFO neutron.db.ovn_revision_numbers_db [None req-01e85e5b-bb39-40e6-a98e-7cbc38143cc3 aaf09a7d266440efab2f57dbd6c53e17 ff887c7d10544a709fad9c928a959a91 - - default default] Successfully bumped revision number for resource 8b0bd792-1f52-4659-9d5f-dc5a642d81e9 (type: security_group_rules) to 0
2026-07-21 14:33:47.463 10 INFO neutron.db.ovn_revision_numbers_db [None req-01e85e5b-bb39-40e6-a98e-7cbc38143cc3 aaf09a7d266440efab2f57dbd6c53e17 ff887c7d10544a709fad9c928a959a91 - - default default] Successfully bumped revision number for resource a9fc010e-e209-4297-b3fd-01799c1e6096 (type: security_group_rules) to 0
2026-07-21 14:33:47.476 10 INFO neutron.db.ovn_revision_numbers_db [None req-01e85e5b-bb39-40e6-a98e-7cbc38143cc3 aaf09a7d266440efab2f57dbd6c53e17 ff887c7d10544a709fad9c928a959a91 - - default default] Successfully bumped revision number for resource b57ec172-abb9-407d-b0a0-f149f88ddefe (type: security_group_rules) to 0
2026-07-21 14:33:47.496 10 INFO neutron.wsgi [None req-01e85e5b-bb39-40e6-a98e-7cbc38143cc3 aaf09a7d266440efab2f57dbd6c53e17 ff887c7d10544a709fad9c928a959a91 - - default default] 10.0.0.21 "GET /v2.0/security-groups?tenant_id=54f359e0c59942c88b27266477016b81&name=default HTTP/1.1" status: 200 len: 3120 time: 0.4680417
2026-07-21 14:33:47.733 9 INFO neutron.db.ovn_revision_numbers_db [req-f54b615f-fbb0-40d7-8cc8-f9786ace457a req-1f80ebdd-3134-4bdf-8b71-9af46f7da72e 3a68918bc1234747809bbcab9a8c748a cf209440a3674ffbbee6cfc755d67e31 - - 54de7a9fafb84e02afc76315b903ca50 54de7a9fafb84e02afc76315b903ca50] Successfully bumped revision number for resource 3c0b431a-4460-4aef-a252-d3811a2cda5b (type: ports) to 2
2026-07-21 14:33:47.802 9 INFO neutron.wsgi [None req-f0412ddd-f567-421c-87c0-4a3eb4ff2851 aaf09a7d266440efab2f57dbd6c53e17 ff887c7d10544a709fad9c928a959a91 - - default default] 10.0.0.21 "DELETE /v2.0/security-groups/81e42610-9945-49f8-8876-cec2ea329471 HTTP/1.1" status: 204 len: 168 time: 0.3012416 /var/lib/openstack/lib/python3.10/site-packages/pycadf/identifier.py:71: UserWarning: Invalid uuid: neutron. To ensure interoperability, identifiers should be a valid uuid. warnings.warn(('Invalid uuid: %s. To ensure interoperability, '
2026-07-21 14:33:47.987 9 INFO neutron.wsgi [req-24f2aafa-5afb-494b-a231-7ab31206a3db req-b334da7e-2bf5-41db-af13-20d2c795661c 5ce09708bc304ed99264e48e92b6f756 a1f68f42c03c4aa293ff56bae0b25ee6 - - default default] 10.0.0.39 "GET /v2.0/ports?device_id=8db5e9e7-0722-4f2f-b03c-53df58c5aa2b HTTP/1.1" status: 200 len: 1172 time: 0.0631986
2026-07-21 14:33:48.008 9 INFO neutron.db.ovn_revision_numbers_db [req-f54b615f-fbb0-40d7-8cc8-f9786ace457a req-1f80ebdd-3134-4bdf-8b71-9af46f7da72e 3a68918bc1234747809bbcab9a8c748a cf209440a3674ffbbee6cfc755d67e31 - - 54de7a9fafb84e02afc76315b903ca50 54de7a9fafb84e02afc76315b903ca50] Successfully bumped revision number for resource 3c0b431a-4460-4aef-a252-d3811a2cda5b (type: ports) to 2
2026-07-21 14:33:48.040 9 INFO neutron.wsgi [req-f54b615f-fbb0-40d7-8cc8-f9786ace457a req-1f80ebdd-3134-4bdf-8b71-9af46f7da72e 3a68918bc1234747809bbcab9a8c748a cf209440a3674ffbbee6cfc755d67e31 - - 54de7a9fafb84e02afc76315b903ca50 54de7a9fafb84e02afc76315b903ca50] 199.204.45.129 "PUT /v2.0/ports/3c0b431a-4460-4aef-a252-d3811a2cda5b HTTP/1.1" status: 200 len: 1380 time: 0.7746687
2026-07-21 14:33:48.071 9 INFO neutron.wsgi [req-24f2aafa-5afb-494b-a231-7ab31206a3db req-8ffd17da-4d91-415b-9272-812389e30022 5ce09708bc304ed99264e48e92b6f756 a1f68f42c03c4aa293ff56bae0b25ee6 - - default default] 10.0.0.39 "GET /v2.0/security-groups?id=85fd3170-b2ac-4c71-a453-1ff051557aaf&fields=id&fields=name HTTP/1.1" status: 200 len: 313 time: 0.0732055
2026-07-21 14:33:48.075 9 INFO neutron.notifiers.nova [-] Nova event matching ['req-909f8b7c-1cd3-4aeb-83b7-35d9f2716781'] response: {'name': 'network-changed', 'server_uuid': '8db5e9e7-0722-4f2f-b03c-53df58c5aa2b', 'tag': '3c0b431a-4460-4aef-a252-d3811a2cda5b', 'status': 'completed', 'code': 200}
2026-07-21 14:33:48.129 9 INFO neutron.wsgi [req-f54b615f-fbb0-40d7-8cc8-f9786ace457a req-907a1044-c124-45f2-baa0-4fda8b5aa2d3 3a68918bc1234747809bbcab9a8c748a cf209440a3674ffbbee6cfc755d67e31 - - 54de7a9fafb84e02afc76315b903ca50 54de7a9fafb84e02afc76315b903ca50] 199.204.45.129 "GET /v2.0/ports?tenant_id=a1f68f42c03c4aa293ff56bae0b25ee6&device_id=8db5e9e7-0722-4f2f-b03c-53df58c5aa2b HTTP/1.1" status: 200 len: 1411 time: 0.0471518
2026-07-21 14:33:48.166 9 INFO neutron.wsgi [req-f54b615f-fbb0-40d7-8cc8-f9786ace457a req-667c640e-3973-4099-b10f-01d29f05ad25 3a68918bc1234747809bbcab9a8c748a cf209440a3674ffbbee6cfc755d67e31 - - 54de7a9fafb84e02afc76315b903ca50 54de7a9fafb84e02afc76315b903ca50] 199.204.45.129 "GET /v2.0/floatingips?fixed_ip_address=10.100.0.13&port_id=3c0b431a-4460-4aef-a252-d3811a2cda5b HTTP/1.1" status: 200 len: 217 time: 0.0289278
2026-07-21 14:33:48.207 10 INFO neutron.db.ovn_revision_numbers_db [None req-d5a7cc55-1daf-4a29-ab49-3e7664c5479f aaf09a7d266440efab2f57dbd6c53e17 ff887c7d10544a709fad9c928a959a91 - - default default] Successfully bumped revision number for resource d0f9dd29-2eb1-4f38-a197-4258e7d6adad (type: security_groups) to 1
2026-07-21 14:33:48.218 9 INFO neutron.wsgi [req-f54b615f-fbb0-40d7-8cc8-f9786ace457a req-dba89452-493d-4e2a-8cad-0e059fe6dc6c 3a68918bc1234747809bbcab9a8c748a cf209440a3674ffbbee6cfc755d67e31 - - 54de7a9fafb84e02afc76315b903ca50 54de7a9fafb84e02afc76315b903ca50] 199.204.45.129 "GET /v2.0/subnets?id=a2340ab7-cff1-45bd-bad5-3559fda6885b HTTP/1.1" status: 200 len: 869 time: 0.0435965
2026-07-21 14:33:48.221 10 INFO neutron.db.ovn_revision_numbers_db [None req-d5a7cc55-1daf-4a29-ab49-3e7664c5479f aaf09a7d266440efab2f57dbd6c53e17 ff887c7d10544a709fad9c928a959a91 - - default default] Successfully bumped revision number for resource 5055b01b-2c9d-48fc-95b5-b62f48f94809 (type: security_group_rules) to 0
2026-07-21 14:33:48.235 10 INFO neutron.db.ovn_revision_numbers_db [None req-d5a7cc55-1daf-4a29-ab49-3e7664c5479f aaf09a7d266440efab2f57dbd6c53e17 ff887c7d10544a709fad9c928a959a91 - - default default] Successfully bumped revision number for resource 64b7b898-3fa7-43a3-a95d-1ba2ddbe076d (type: security_group_rules) to 0
2026-07-21 14:33:48.252 9 INFO neutron.wsgi [req-f54b615f-fbb0-40d7-8cc8-f9786ace457a req-c6388f04-ea51-45f2-a4a0-ac7d01a558d0 3a68918bc1234747809bbcab9a8c748a cf209440a3674ffbbee6cfc755d67e31 - - 54de7a9fafb84e02afc76315b903ca50 54de7a9fafb84e02afc76315b903ca50] 199.204.45.129 "GET /v2.0/ports?network_id=5baf08df-7580-434e-af1d-3085eaa5ae8d&device_owner=network%3Adhcp HTTP/1.1" status: 200 len: 210 time: 0.0295866
2026-07-21 14:33:48.270 10 INFO neutron.db.ovn_revision_numbers_db [None req-d5a7cc55-1daf-4a29-ab49-3e7664c5479f aaf09a7d266440efab2f57dbd6c53e17 ff887c7d10544a709fad9c928a959a91 - - default default] Successfully bumped revision number for resource 898670d1-111c-4028-b778-875f29b481cf (type: security_group_rules) to 0
2026-07-21 14:33:48.287 10 INFO neutron.db.ovn_revision_numbers_db [None req-d5a7cc55-1daf-4a29-ab49-3e7664c5479f aaf09a7d266440efab2f57dbd6c53e17 ff887c7d10544a709fad9c928a959a91 - - default default] Successfully bumped revision number for resource fe495c79-ddfb-4338-86ec-033f55a975db (type: security_group_rules) to 0
2026-07-21 14:33:48.311 10 INFO neutron.wsgi [None req-d5a7cc55-1daf-4a29-ab49-3e7664c5479f aaf09a7d266440efab2f57dbd6c53e17 ff887c7d10544a709fad9c928a959a91 - - default default] 10.0.0.21 "GET /v2.0/security-groups?tenant_id=483666e19da64acfb3fb19c6ec31f6d1&name=default HTTP/1.1" status: 200 len: 3120 time: 0.2309561
2026-07-21 14:33:48.357 9 INFO neutron.wsgi [req-f54b615f-fbb0-40d7-8cc8-f9786ace457a req-bf1644e8-52ff-427d-96f2-eecade531114 3a68918bc1234747809bbcab9a8c748a cf209440a3674ffbbee6cfc755d67e31 - - 54de7a9fafb84e02afc76315b903ca50 54de7a9fafb84e02afc76315b903ca50] 199.204.45.129 "GET /v2.0/networks/5baf08df-7580-434e-af1d-3085eaa5ae8d?fields=segments HTTP/1.1" status: 200 len: 212 time: 0.0961378
2026-07-21 14:33:48.453 9 INFO neutron.wsgi [req-f54b615f-fbb0-40d7-8cc8-f9786ace457a req-44a6a800-df5a-49a5-a741-dc9882f3c270 3a68918bc1234747809bbcab9a8c748a cf209440a3674ffbbee6cfc755d67e31 - - 54de7a9fafb84e02afc76315b903ca50 54de7a9fafb84e02afc76315b903ca50] 199.204.45.129 "GET /v2.0/networks/5baf08df-7580-434e-af1d-3085eaa5ae8d?fields=provider%3Aphysical_network&fields=provider%3Anetwork_type HTTP/1.1" status: 200 len: 277 time: 0.0890005
2026-07-21 14:33:48.459 9 INFO neutron.db.ovn_revision_numbers_db [None req-8a615b14-26a5-44f5-adc9-540c428a2f36 aaf09a7d266440efab2f57dbd6c53e17 ff887c7d10544a709fad9c928a959a91 - - default default] Successfully bumped revision number for resource 459ddf46-fcc9-409f-8a5f-f874f1728a0f (type: security_groups) to 1
2026-07-21 14:33:48.477 9 INFO neutron.db.ovn_revision_numbers_db [None req-8a615b14-26a5-44f5-adc9-540c428a2f36 aaf09a7d266440efab2f57dbd6c53e17 ff887c7d10544a709fad9c928a959a91 - - default default] Successfully bumped revision number for resource 3e650d31-ed69-4df2-bce7-8addda0a1d49 (type: security_group_rules) to 0
2026-07-21 14:33:48.491 9 INFO neutron.db.ovn_revision_numbers_db [None req-8a615b14-26a5-44f5-adc9-540c428a2f36 aaf09a7d266440efab2f57dbd6c53e17 ff887c7d10544a709fad9c928a959a91 - - default default] Successfully bumped revision number for resource 47af759b-012d-44c5-96f4-e2962e674a83 (type: security_group_rules) to 0
2026-07-21 14:33:48.524 9 INFO neutron.db.ovn_revision_numbers_db [None req-8a615b14-26a5-44f5-adc9-540c428a2f36 aaf09a7d266440efab2f57dbd6c53e17 ff887c7d10544a709fad9c928a959a91 - - default default] Successfully bumped revision number for resource c8bc44ec-fe84-4772-9492-a0aa583e82e2 (type: security_group_rules) to 0
2026-07-21 14:33:48.541 9 INFO neutron.wsgi [req-04be35ef-8d75-49e5-849e-7ed75cd84c87 req-826ee952-9fdd-429b-ae76-95e13ac4a9a5 3a68918bc1234747809bbcab9a8c748a cf209440a3674ffbbee6cfc755d67e31 - - 54de7a9fafb84e02afc76315b903ca50 54de7a9fafb84e02afc76315b903ca50] 199.204.45.129 "GET /v2.0/ports?tenant_id=a1f68f42c03c4aa293ff56bae0b25ee6&device_id=8db5e9e7-0722-4f2f-b03c-53df58c5aa2b HTTP/1.1" status: 200 len: 1411 time: 0.0441039
2026-07-21 14:33:48.546 9 INFO neutron.db.ovn_revision_numbers_db [None req-8a615b14-26a5-44f5-adc9-540c428a2f36 aaf09a7d266440efab2f57dbd6c53e17 ff887c7d10544a709fad9c928a959a91 - - default default] Successfully bumped revision number for resource e286c7d7-1b8e-47b6-87cd-2534ea25718a (type: security_group_rules) to 0
2026-07-21 14:33:48.554 10 WARNING neutron_lib.context [None req-7ac17f45-4f08-4fe4-a4f9-bebe0acd977b 22df81a9b4e043099b5b6138b79e9021 b8611d63dca240de8227245676d2d0ad - - default default] Method 'is_advsvc' is deprecated since 2023.2 release (neutron-lib 3.8.0) and will be removed once support for the old RBAC API policies will be removed from Neutron. Please use method 'is_service_role' instead.
2026-07-21 14:33:48.591 10 INFO neutron.wsgi [None req-9dc3ab25-042b-4838-9bb4-e3160c98b6bc aaf09a7d266440efab2f57dbd6c53e17 ff887c7d10544a709fad9c928a959a91 - - default default] 10.0.0.21 "DELETE /v2.0/security-groups/d0f9dd29-2eb1-4f38-a197-4258e7d6adad HTTP/1.1" status: 204 len: 168 time: 0.2747192
2026-07-21 14:33:48.595 9 INFO neutron.wsgi [None req-8a615b14-26a5-44f5-adc9-540c428a2f36 aaf09a7d266440efab2f57dbd6c53e17 ff887c7d10544a709fad9c928a959a91 - - default default] 10.0.0.21 "GET /v2.0/security-groups?tenant_id=f9ec083c019b4ea99f2a53e6c82647cb&name=default HTTP/1.1" status: 200 len: 3120 time: 0.4352622
2026-07-21 14:33:48.637 9 INFO neutron.wsgi [req-04be35ef-8d75-49e5-849e-7ed75cd84c87 req-13aec9e2-d6d4-43b5-ba32-e894e3b34f28 3a68918bc1234747809bbcab9a8c748a cf209440a3674ffbbee6cfc755d67e31 - - 54de7a9fafb84e02afc76315b903ca50 54de7a9fafb84e02afc76315b903ca50] 199.204.45.129 "GET /v2.0/networks?id=5baf08df-7580-434e-af1d-3085eaa5ae8d HTTP/1.1" status: 200 len: 974 time: 0.0858135
2026-07-21 14:33:48.694 9 INFO neutron.wsgi [req-04be35ef-8d75-49e5-849e-7ed75cd84c87 req-0944ecc7-73c1-4700-ad42-a5c5f4007a1e 3a68918bc1234747809bbcab9a8c748a cf209440a3674ffbbee6cfc755d67e31 - - 54de7a9fafb84e02afc76315b903ca50 54de7a9fafb84e02afc76315b903ca50] 199.204.45.129 "GET /v2.0/floatingips?fixed_ip_address=10.100.0.13&port_id=3c0b431a-4460-4aef-a252-d3811a2cda5b HTTP/1.1" status: 200 len: 217 time: 0.0354822
2026-07-21 14:33:48.728 9 INFO neutron.wsgi [req-04be35ef-8d75-49e5-849e-7ed75cd84c87 req-3bf263da-b355-46d5-a1af-310a41de8529 3a68918bc1234747809bbcab9a8c748a cf209440a3674ffbbee6cfc755d67e31 - - 54de7a9fafb84e02afc76315b903ca50 54de7a9fafb84e02afc76315b903ca50] 199.204.45.129 "GET /v2.0/subnets?id=a2340ab7-cff1-45bd-bad5-3559fda6885b HTTP/1.1" status: 200 len: 869 time: 0.0305078
2026-07-21 14:33:48.743 10 INFO neutron.db.ovn_revision_numbers_db [None req-7ac17f45-4f08-4fe4-a4f9-bebe0acd977b 22df81a9b4e043099b5b6138b79e9021 b8611d63dca240de8227245676d2d0ad - - default default] Successfully bumped revision number for resource 4ce05b62-9c3b-4d38-ba03-70d6c980e274 (type: security_groups) to 1
2026-07-21 14:33:48.757 9 INFO neutron.wsgi [req-04be35ef-8d75-49e5-849e-7ed75cd84c87 req-09e856cc-0c52-43c7-a1b2-3b77499fbcf2 3a68918bc1234747809bbcab9a8c748a cf209440a3674ffbbee6cfc755d67e31 - - 54de7a9fafb84e02afc76315b903ca50 54de7a9fafb84e02afc76315b903ca50] 199.204.45.129 "GET /v2.0/ports?network_id=5baf08df-7580-434e-af1d-3085eaa5ae8d&device_owner=network%3Adhcp HTTP/1.1" status: 200 len: 210 time: 0.0241110
2026-07-21 14:33:48.761 10 INFO neutron.db.ovn_revision_numbers_db [None req-7ac17f45-4f08-4fe4-a4f9-bebe0acd977b 22df81a9b4e043099b5b6138b79e9021 b8611d63dca240de8227245676d2d0ad - - default default] Successfully bumped revision number for resource 2b450e04-c5b4-425e-b314-32c328a90664 (type: security_group_rules) to 0
2026-07-21 14:33:48.779 10 INFO neutron.db.ovn_revision_numbers_db [None req-7ac17f45-4f08-4fe4-a4f9-bebe0acd977b 22df81a9b4e043099b5b6138b79e9021 b8611d63dca240de8227245676d2d0ad - - default default] Successfully bumped revision number for resource 8013ea07-e540-4def-914a-763ad4c26817 (type: security_group_rules) to 0
2026-07-21 14:33:48.797 10 INFO neutron.db.ovn_revision_numbers_db [None req-7ac17f45-4f08-4fe4-a4f9-bebe0acd977b 22df81a9b4e043099b5b6138b79e9021 b8611d63dca240de8227245676d2d0ad - - default default] Successfully bumped revision number for resource b6662b8e-04dd-4466-b58e-eef38e04594e (type: security_group_rules) to 0
2026-07-21 14:33:48.829 10 INFO neutron.db.ovn_revision_numbers_db [None req-7ac17f45-4f08-4fe4-a4f9-bebe0acd977b 22df81a9b4e043099b5b6138b79e9021 b8611d63dca240de8227245676d2d0ad - - default default] Successfully bumped revision number for resource e35b7ebf-c650-4791-9340-852088eb8cdf (type: security_group_rules) to 0
2026-07-21 14:33:48.857 9 INFO neutron.wsgi [req-04be35ef-8d75-49e5-849e-7ed75cd84c87 req-2c696ac6-a5ed-4c08-a3d0-89abd42ef5fd 3a68918bc1234747809bbcab9a8c748a cf209440a3674ffbbee6cfc755d67e31 - - 54de7a9fafb84e02afc76315b903ca50 54de7a9fafb84e02afc76315b903ca50] 199.204.45.129 "GET /v2.0/networks/5baf08df-7580-434e-af1d-3085eaa5ae8d?fields=segments HTTP/1.1" status: 200 len: 212 time: 0.0904553
2026-07-21 14:33:48.858 9 WARNING neutron.plugins.ml2.drivers.ovn.mech_driver.ovsdb.ovn_client [None req-aa3eab6f-aab2-4c33-95ac-658aadf91c44 - - - - - -] No hosting information found for port 82c977b7-7497-497d-bf6b-d8df2ecaee88: RuntimeError: No hosting information found for port 82c977b7-7497-497d-bf6b-d8df2ecaee88
2026-07-21 14:33:48.859 9 INFO neutron.plugins.ml2.drivers.ovn.mech_driver.mech_driver [None req-aa3eab6f-aab2-4c33-95ac-658aadf91c44 - - - - - -] OVN reports status up for port: 3c0b431a-4460-4aef-a252-d3811a2cda5b
2026-07-21 14:33:48.883 9 INFO neutron.plugins.ml2.plugin [None req-aa3eab6f-aab2-4c33-95ac-658aadf91c44 - - - - - -] Attempt 1 to provision port 3c0b431a-4460-4aef-a252-d3811a2cda5b
2026-07-21 14:33:48.896 10 INFO neutron.db.segments_db [None req-7ac17f45-4f08-4fe4-a4f9-bebe0acd977b 22df81a9b4e043099b5b6138b79e9021 b8611d63dca240de8227245676d2d0ad - - default default] Added segment c4721a83-d603-4329-8f3b-f526c43a1951 of type geneve for network b2ac41fa-d12d-49ee-8229-5834467db36a
2026-07-21 14:33:48.950 10 INFO neutron.wsgi [None req-c34bd441-64b5-4d1e-aeed-2b0ff9006ce0 aaf09a7d266440efab2f57dbd6c53e17 ff887c7d10544a709fad9c928a959a91 - - default default] 10.0.0.21 "DELETE /v2.0/security-groups/459ddf46-fcc9-409f-8a5f-f874f1728a0f HTTP/1.1" status: 204 len: 168 time: 0.3469226
2026-07-21 14:33:48.968 9 INFO neutron.wsgi [req-04be35ef-8d75-49e5-849e-7ed75cd84c87 req-588e863a-4704-4338-9a04-b2ffe2b534b6 3a68918bc1234747809bbcab9a8c748a cf209440a3674ffbbee6cfc755d67e31 - - 54de7a9fafb84e02afc76315b903ca50 54de7a9fafb84e02afc76315b903ca50] 199.204.45.129 "GET /v2.0/networks/5baf08df-7580-434e-af1d-3085eaa5ae8d?fields=provider%3Aphysical_network&fields=provider%3Anetwork_type HTTP/1.1" status: 200 len: 277 time: 0.1045732
2026-07-21 14:33:49.072 10 INFO neutron.db.ovn_revision_numbers_db [None req-7ac17f45-4f08-4fe4-a4f9-bebe0acd977b 22df81a9b4e043099b5b6138b79e9021 b8611d63dca240de8227245676d2d0ad - - default default] Successfully bumped revision number for resource b2ac41fa-d12d-49ee-8229-5834467db36a (type: networks) to 1
2026-07-21 14:33:49.206 9 INFO neutron.wsgi [req-3c20c0bb-806d-4c87-be08-92824b5e7473 req-0665aaa6-3a24-4eb2-b7d1-ed1f74a42371 5ce09708bc304ed99264e48e92b6f756 a1f68f42c03c4aa293ff56bae0b25ee6 - - default default] 10.0.0.39 "GET /v2.0/ports?device_id=8db5e9e7-0722-4f2f-b03c-53df58c5aa2b HTTP/1.1" status: 200 len: 1174 time: 0.0579062
2026-07-21 14:33:49.258 9 INFO neutron.wsgi [req-3c20c0bb-806d-4c87-be08-92824b5e7473 req-2e8530bc-f68f-4f97-b0e8-93ce68e4c3bf 5ce09708bc304ed99264e48e92b6f756 a1f68f42c03c4aa293ff56bae0b25ee6 - - default default] 10.0.0.39 "GET /v2.0/security-groups?id=85fd3170-b2ac-4c71-a453-1ff051557aaf&fields=id&fields=name HTTP/1.1" status: 200 len: 313 time: 0.0428350
2026-07-21 14:33:49.263 9 INFO neutron.db.ovn_revision_numbers_db [None req-aa3eab6f-aab2-4c33-95ac-658aadf91c44 - - - - - -] Successfully bumped revision number for resource 3c0b431a-4460-4aef-a252-d3811a2cda5b (type: ports) to 4
2026-07-21 14:33:49.268 10 WARNING neutron.scheduler.dhcp_agent_scheduler [None req-7ac17f45-4f08-4fe4-a4f9-bebe0acd977b 22df81a9b4e043099b5b6138b79e9021 b8611d63dca240de8227245676d2d0ad - - default default] No more DHCP agents
2026-07-21 14:33:49.272 10 WARNING neutron.api.rpc.agentnotifiers.dhcp_rpc_agent_api [None req-7ac17f45-4f08-4fe4-a4f9-bebe0acd977b 22df81a9b4e043099b5b6138b79e9021 b8611d63dca240de8227245676d2d0ad - - default default] Unable to schedule network b2ac41fa-d12d-49ee-8229-5834467db36a: no agents available; will retry on subsequent port and subnet creation events.
2026-07-21 14:33:49.376 10 INFO neutron.db.ovn_revision_numbers_db [None req-7ac17f45-4f08-4fe4-a4f9-bebe0acd977b 22df81a9b4e043099b5b6138b79e9021 b8611d63dca240de8227245676d2d0ad - - default default] Successfully bumped revision number for resource 617a9036-ac92-41c4-95bb-5b5c3c2a5e1e (type: ports) to 1
2026-07-21 14:33:49.415 10 INFO neutron.wsgi [None req-7ac17f45-4f08-4fe4-a4f9-bebe0acd977b 22df81a9b4e043099b5b6138b79e9021 b8611d63dca240de8227245676d2d0ad - - default default] 10.0.0.21 "POST /v2.0/networks HTTP/1.1" status: 201 len: 831 time: 0.9163857
2026-07-21 14:33:49.425 10 WARNING neutron_lib.context [None req-b2a7eb69-7b6b-4b58-a5b6-86f15135ae17 22df81a9b4e043099b5b6138b79e9021 b8611d63dca240de8227245676d2d0ad - - default default] Method 'is_advsvc' is deprecated since 2023.2 release (neutron-lib 3.8.0) and will be removed once support for the old RBAC API policies will be removed from Neutron. Please use method 'is_service_role' instead.
2026-07-21 14:33:49.509 10 INFO neutron.db.segments_db [None req-b2a7eb69-7b6b-4b58-a5b6-86f15135ae17 22df81a9b4e043099b5b6138b79e9021 b8611d63dca240de8227245676d2d0ad - - default default] Added segment 5ee785cb-16a3-488c-b0f7-15167ce5092a of type geneve for network cce1f39b-9a90-44de-a609-15cb38683329
2026-07-21 14:33:49.658 10 INFO neutron.db.ovn_revision_numbers_db [None req-b2a7eb69-7b6b-4b58-a5b6-86f15135ae17 22df81a9b4e043099b5b6138b79e9021 b8611d63dca240de8227245676d2d0ad - - default default] Successfully bumped revision number for resource cce1f39b-9a90-44de-a609-15cb38683329 (type: networks) to 1
2026-07-21 14:33:49.852 10 WARNING neutron.scheduler.dhcp_agent_scheduler [None req-b2a7eb69-7b6b-4b58-a5b6-86f15135ae17 22df81a9b4e043099b5b6138b79e9021 b8611d63dca240de8227245676d2d0ad - - default default] No more DHCP agents
2026-07-21 14:33:49.854 10 WARNING neutron.api.rpc.agentnotifiers.dhcp_rpc_agent_api [None req-b2a7eb69-7b6b-4b58-a5b6-86f15135ae17 22df81a9b4e043099b5b6138b79e9021 b8611d63dca240de8227245676d2d0ad - - default default] Unable to schedule network cce1f39b-9a90-44de-a609-15cb38683329: no agents available; will retry on subsequent port and subnet creation events.
2026-07-21 14:33:49.951 10 INFO neutron.db.ovn_revision_numbers_db [None req-b2a7eb69-7b6b-4b58-a5b6-86f15135ae17 22df81a9b4e043099b5b6138b79e9021 b8611d63dca240de8227245676d2d0ad - - default default] Successfully bumped revision number for resource e13f0754-1f15-4706-a7e2-8131bd21ed89 (type: ports) to 1
2026-07-21 14:33:49.977 10 INFO neutron.wsgi [None req-b2a7eb69-7b6b-4b58-a5b6-86f15135ae17 22df81a9b4e043099b5b6138b79e9021 b8611d63dca240de8227245676d2d0ad - - default default] 10.0.0.21 "POST /v2.0/networks HTTP/1.1" status: 201 len: 831 time: 0.5566652
2026-07-21 14:33:49.989 10 WARNING neutron_lib.context [None req-036991f9-4e52-411e-a735-3fb127ce36ca 22df81a9b4e043099b5b6138b79e9021 b8611d63dca240de8227245676d2d0ad - - default default] Method 'is_advsvc' is deprecated since 2023.2 release (neutron-lib 3.8.0) and will be removed once support for the old RBAC API policies will be removed from Neutron. Please use method 'is_service_role' instead.
2026-07-21 14:33:50.079 10 INFO neutron.db.segments_db [None req-036991f9-4e52-411e-a735-3fb127ce36ca 22df81a9b4e043099b5b6138b79e9021 b8611d63dca240de8227245676d2d0ad - - default default] Added segment 992006d3-7797-49f6-8b2d-10c7c615027e of type geneve for network 2b1d1631-55a8-4d48-89dd-66a218d8ea76
2026-07-21 14:33:50.119 9 INFO neutron.notifiers.nova [-] Nova event matching ['req-7fc6e30a-ff96-49e9-8072-0a6aa8b3ff5b'] response: {'server_uuid': '8db5e9e7-0722-4f2f-b03c-53df58c5aa2b', 'name': 'network-vif-plugged', 'status': 'completed', 'tag': '3c0b431a-4460-4aef-a252-d3811a2cda5b', 'code': 200}
2026-07-21 14:33:50.120 9 INFO neutron.notifiers.nova [-] Nova event matching ['req-7fc6e30a-ff96-49e9-8072-0a6aa8b3ff5b'] response: {'server_uuid': '8db5e9e7-0722-4f2f-b03c-53df58c5aa2b', 'name': 'network-vif-plugged', 'status': 'completed', 'tag': '3c0b431a-4460-4aef-a252-d3811a2cda5b', 'code': 200}
2026-07-21 14:33:50.222 10 INFO neutron.db.ovn_revision_numbers_db [None req-036991f9-4e52-411e-a735-3fb127ce36ca 22df81a9b4e043099b5b6138b79e9021 b8611d63dca240de8227245676d2d0ad - - default default] Successfully bumped revision number for resource 2b1d1631-55a8-4d48-89dd-66a218d8ea76 (type: networks) to 1 /var/lib/openstack/lib/python3.10/site-packages/pycadf/identifier.py:71: UserWarning: Invalid uuid: neutron. To ensure interoperability, identifiers should be a valid uuid. warnings.warn(('Invalid uuid: %s. To ensure interoperability, '
2026-07-21 14:33:50.380 9 INFO neutron.wsgi [req-21f0af66-334e-4b8b-8a52-10825fb3bf54 req-8824039d-163f-4e66-a793-1d3c8554f384 5ce09708bc304ed99264e48e92b6f756 a1f68f42c03c4aa293ff56bae0b25ee6 - - default default] 10.0.0.39 "GET /v2.0/ports?device_id=8db5e9e7-0722-4f2f-b03c-53df58c5aa2b HTTP/1.1" status: 200 len: 1174 time: 0.0442181
2026-07-21 14:33:50.434 10 WARNING neutron.scheduler.dhcp_agent_scheduler [None req-036991f9-4e52-411e-a735-3fb127ce36ca 22df81a9b4e043099b5b6138b79e9021 b8611d63dca240de8227245676d2d0ad - - default default] No more DHCP agents
2026-07-21 14:33:50.436 10 WARNING neutron.api.rpc.agentnotifiers.dhcp_rpc_agent_api [None req-036991f9-4e52-411e-a735-3fb127ce36ca 22df81a9b4e043099b5b6138b79e9021 b8611d63dca240de8227245676d2d0ad - - default default] Unable to schedule network 2b1d1631-55a8-4d48-89dd-66a218d8ea76: no agents available; will retry on subsequent port and subnet creation events.
2026-07-21 14:33:50.446 9 INFO neutron.wsgi [req-21f0af66-334e-4b8b-8a52-10825fb3bf54 req-818a8f31-37ef-45ac-aa40-eb3c6453bbf7 5ce09708bc304ed99264e48e92b6f756 a1f68f42c03c4aa293ff56bae0b25ee6 - - default default] 10.0.0.39 "GET /v2.0/security-groups?id=85fd3170-b2ac-4c71-a453-1ff051557aaf&fields=id&fields=name HTTP/1.1" status: 200 len: 313 time: 0.0590394
2026-07-21 14:33:50.541 9 INFO neutron.wsgi [-] 10.0.0.250 "GET / HTTP/1.1" status: 200 len: 247 time: 0.0012088
2026-07-21 14:33:50.543 9 INFO neutron.wsgi [-] 10.0.0.250 "GET / HTTP/1.1" status: 200 len: 247 time: 0.0010653
2026-07-21 14:33:50.555 10 INFO neutron.db.ovn_revision_numbers_db [None req-036991f9-4e52-411e-a735-3fb127ce36ca 22df81a9b4e043099b5b6138b79e9021 b8611d63dca240de8227245676d2d0ad - - default default] Successfully bumped revision number for resource 0323a16f-4e3d-490c-9bac-a668c97520c5 (type: ports) to 1
2026-07-21 14:33:50.586 10 INFO neutron.wsgi [None req-036991f9-4e52-411e-a735-3fb127ce36ca 22df81a9b4e043099b5b6138b79e9021 b8611d63dca240de8227245676d2d0ad - - default default] 10.0.0.21 "POST /v2.0/networks HTTP/1.1" status: 201 len: 831 time: 0.6016500
2026-07-21 14:33:50.596 9 WARNING neutron_lib.context [None req-b623b546-bb5d-4855-a078-1f4d0acb8afc 22df81a9b4e043099b5b6138b79e9021 b8611d63dca240de8227245676d2d0ad - - default default] Method 'is_advsvc' is deprecated since 2023.2 release (neutron-lib 3.8.0) and will be removed once support for the old RBAC API policies will be removed from Neutron. Please use method 'is_service_role' instead.
2026-07-21 14:33:50.631 9 INFO neutron.wsgi [req-a9dc2973-1947-4258-8078-29e440d993c0 req-b227f340-f24c-45b9-9710-c3fee1d0d807 5ce09708bc304ed99264e48e92b6f756 a1f68f42c03c4aa293ff56bae0b25ee6 - - default default] 10.0.0.39 "GET /v2.0/ports?device_id=8db5e9e7-0722-4f2f-b03c-53df58c5aa2b HTTP/1.1" status: 200 len: 1174 time: 0.1047311
2026-07-21 14:33:50.710 9 INFO neutron.db.segments_db [None req-b623b546-bb5d-4855-a078-1f4d0acb8afc 22df81a9b4e043099b5b6138b79e9021 b8611d63dca240de8227245676d2d0ad - - default default] Added segment 9c2b6e6e-3e81-402d-9e23-a8ffe03a4d8b of type geneve for network 225cf4b3-142a-4589-aef5-689bc82ee3b9
2026-07-21 14:33:50.866 9 INFO neutron.db.ovn_revision_numbers_db [None req-b623b546-bb5d-4855-a078-1f4d0acb8afc 22df81a9b4e043099b5b6138b79e9021 b8611d63dca240de8227245676d2d0ad - - default default] Successfully bumped revision number for resource 225cf4b3-142a-4589-aef5-689bc82ee3b9 (type: networks) to 1
2026-07-21 14:33:51.096 9 WARNING neutron.scheduler.dhcp_agent_scheduler [None req-b623b546-bb5d-4855-a078-1f4d0acb8afc 22df81a9b4e043099b5b6138b79e9021 b8611d63dca240de8227245676d2d0ad - - default default] No more DHCP agents
2026-07-21 14:33:51.097 9 WARNING neutron.api.rpc.agentnotifiers.dhcp_rpc_agent_api [None req-b623b546-bb5d-4855-a078-1f4d0acb8afc 22df81a9b4e043099b5b6138b79e9021 b8611d63dca240de8227245676d2d0ad - - default default] Unable to schedule network 225cf4b3-142a-4589-aef5-689bc82ee3b9: no agents available; will retry on subsequent port and subnet creation events.
2026-07-21 14:33:51.175 9 INFO neutron.db.ovn_revision_numbers_db [None req-b623b546-bb5d-4855-a078-1f4d0acb8afc 22df81a9b4e043099b5b6138b79e9021 b8611d63dca240de8227245676d2d0ad - - default default] Successfully bumped revision number for resource d9a0c0ce-dc0f-4eee-9cbe-5efcf4881a9d (type: ports) to 1
2026-07-21 14:33:51.200 9 INFO neutron.wsgi [None req-b623b546-bb5d-4855-a078-1f4d0acb8afc 22df81a9b4e043099b5b6138b79e9021 b8611d63dca240de8227245676d2d0ad - - default default] 10.0.0.21 "POST /v2.0/networks HTTP/1.1" status: 201 len: 831 time: 0.6099746
2026-07-21 14:33:51.209 9 WARNING neutron_lib.context [None req-fe925645-229b-40ea-a298-ae48d99a6230 22df81a9b4e043099b5b6138b79e9021 b8611d63dca240de8227245676d2d0ad - - default default] Method 'is_advsvc' is deprecated since 2023.2 release (neutron-lib 3.8.0) and will be removed once support for the old RBAC API policies will be removed from Neutron. Please use method 'is_service_role' instead.
2026-07-21 14:33:51.311 9 INFO neutron.db.segments_db [None req-fe925645-229b-40ea-a298-ae48d99a6230 22df81a9b4e043099b5b6138b79e9021 b8611d63dca240de8227245676d2d0ad - - default default] Added segment fa8d33ca-5174-4af1-9c60-a41b8165c3ad of type geneve for network fc0d9147-c0e3-4e8a-8336-e91b97811ff2
2026-07-21 14:33:51.487 9 INFO neutron.db.ovn_revision_numbers_db [None req-fe925645-229b-40ea-a298-ae48d99a6230 22df81a9b4e043099b5b6138b79e9021 b8611d63dca240de8227245676d2d0ad - - default default] Successfully bumped revision number for resource fc0d9147-c0e3-4e8a-8336-e91b97811ff2 (type: networks) to 1
2026-07-21 14:33:51.645 10 INFO neutron.db.ovn_revision_numbers_db [None req-48cad933-548c-47af-b2b8-e2e982fabc22 5ce09708bc304ed99264e48e92b6f756 a1f68f42c03c4aa293ff56bae0b25ee6 - - default default] Successfully bumped revision number for resource d1659da1-f189-4e89-9dc7-b218fe0352b4 (type: floatingips) to 1
2026-07-21 14:33:51.733 9 WARNING neutron.scheduler.dhcp_agent_scheduler [None req-fe925645-229b-40ea-a298-ae48d99a6230 22df81a9b4e043099b5b6138b79e9021 b8611d63dca240de8227245676d2d0ad - - default default] No more DHCP agents
2026-07-21 14:33:51.740 9 WARNING neutron.api.rpc.agentnotifiers.dhcp_rpc_agent_api [None req-fe925645-229b-40ea-a298-ae48d99a6230 22df81a9b4e043099b5b6138b79e9021 b8611d63dca240de8227245676d2d0ad - - default default] Unable to schedule network fc0d9147-c0e3-4e8a-8336-e91b97811ff2: no agents available; will retry on subsequent port and subnet creation events.
2026-07-21 14:33:51.798 10 INFO neutron.db.ovn_revision_numbers_db [None req-48cad933-548c-47af-b2b8-e2e982fabc22 5ce09708bc304ed99264e48e92b6f756 a1f68f42c03c4aa293ff56bae0b25ee6 - - default default] Successfully bumped revision number for resource d1659da1-f189-4e89-9dc7-b218fe0352b4 (type: floatingips) to 2
2026-07-21 14:33:51.799 10 INFO neutron.db.l3_db [None req-48cad933-548c-47af-b2b8-e2e982fabc22 5ce09708bc304ed99264e48e92b6f756 a1f68f42c03c4aa293ff56bae0b25ee6 - - default default] Floating IP d1659da1-f189-4e89-9dc7-b218fe0352b4 associated. External IP: 10.96.250.205, port: 3c0b431a-4460-4aef-a252-d3811a2cda5b.
2026-07-21 14:33:51.834 10 INFO neutron.wsgi [None req-48cad933-548c-47af-b2b8-e2e982fabc22 5ce09708bc304ed99264e48e92b6f756 a1f68f42c03c4aa293ff56bae0b25ee6 - - default default] 10.0.0.21 "PUT /v2.0/floatingips/d1659da1-f189-4e89-9dc7-b218fe0352b4 HTTP/1.1" status: 200 len: 1050 time: 1.1933105
2026-07-21 14:33:51.879 10 INFO neutron.notifiers.nova [-] Nova event matching ['req-6bbe76c0-6e53-4879-8a5a-7419c61a1e74'] response: {'name': 'network-changed', 'server_uuid': '8db5e9e7-0722-4f2f-b03c-53df58c5aa2b', 'tag': '3c0b431a-4460-4aef-a252-d3811a2cda5b', 'status': 'completed', 'code': 200}
2026-07-21 14:33:51.880 9 INFO neutron.db.ovn_revision_numbers_db [None req-fe925645-229b-40ea-a298-ae48d99a6230 22df81a9b4e043099b5b6138b79e9021 b8611d63dca240de8227245676d2d0ad - - default default] Successfully bumped revision number for resource 2cf0debe-20f1-4ac4-9d34-93d4599cdd0c (type: ports) to 1 /var/lib/openstack/lib/python3.10/site-packages/pycadf/identifier.py:71: UserWarning: Invalid uuid: neutron. To ensure interoperability, identifiers should be a valid uuid. warnings.warn(('Invalid uuid: %s. To ensure interoperability, '
2026-07-21 14:33:51.947 9 INFO neutron.wsgi [None req-fe925645-229b-40ea-a298-ae48d99a6230 22df81a9b4e043099b5b6138b79e9021 b8611d63dca240de8227245676d2d0ad - - default default] 10.0.0.21 "POST /v2.0/networks HTTP/1.1" status: 201 len: 831 time: 0.7435639
2026-07-21 14:33:51.961 9 INFO neutron.wsgi [req-03099837-b5ee-4f99-b380-c011e89ea522 req-0285893b-f49a-4b6f-acd7-a5cb1c054c48 5ce09708bc304ed99264e48e92b6f756 a1f68f42c03c4aa293ff56bae0b25ee6 - - default default] 10.0.0.39 "GET /v2.0/ports?device_id=8db5e9e7-0722-4f2f-b03c-53df58c5aa2b HTTP/1.1" status: 200 len: 1174 time: 0.0768030
2026-07-21 14:33:51.977 9 INFO neutron.wsgi [req-67c7c12b-777f-4dfe-bc38-bf053633ace4 req-cd146297-0601-409d-a846-7515eb661eb9 3a68918bc1234747809bbcab9a8c748a cf209440a3674ffbbee6cfc755d67e31 - - 54de7a9fafb84e02afc76315b903ca50 54de7a9fafb84e02afc76315b903ca50] 199.204.45.129 "GET /v2.0/ports?tenant_id=a1f68f42c03c4aa293ff56bae0b25ee6&device_id=8db5e9e7-0722-4f2f-b03c-53df58c5aa2b HTTP/1.1" status: 200 len: 1413 time: 0.0667934
2026-07-21 14:33:52.020 10 INFO neutron.wsgi [None req-4f0917b1-19de-490a-8bd2-b5a6981c630f 22df81a9b4e043099b5b6138b79e9021 b8611d63dca240de8227245676d2d0ad - - default default] 10.0.0.21 "PUT /v2.0/networks/b2ac41fa-d12d-49ee-8229-5834467db36a/tags HTTP/1.1" status: 200 len: 210 time: 0.0646029
2026-07-21 14:33:52.051 9 INFO neutron.wsgi [req-03099837-b5ee-4f99-b380-c011e89ea522 req-5178f0e0-381b-4754-b7cb-790820cf094b 5ce09708bc304ed99264e48e92b6f756 a1f68f42c03c4aa293ff56bae0b25ee6 - - default default] 10.0.0.39 "GET /v2.0/security-groups?id=85fd3170-b2ac-4c71-a453-1ff051557aaf&fields=id&fields=name HTTP/1.1" status: 200 len: 313 time: 0.0822263
2026-07-21 14:33:52.077 9 INFO neutron.wsgi [req-67c7c12b-777f-4dfe-bc38-bf053633ace4 req-7b5fd6bb-612c-4800-8079-50238ca32778 3a68918bc1234747809bbcab9a8c748a cf209440a3674ffbbee6cfc755d67e31 - - 54de7a9fafb84e02afc76315b903ca50 54de7a9fafb84e02afc76315b903ca50] 199.204.45.129 "GET /v2.0/networks?id=5baf08df-7580-434e-af1d-3085eaa5ae8d HTTP/1.1" status: 200 len: 974 time: 0.0903220
2026-07-21 14:33:52.088 10 INFO neutron.wsgi [None req-f939ef98-b91d-4651-a4e7-645adbbead93 22df81a9b4e043099b5b6138b79e9021 b8611d63dca240de8227245676d2d0ad - - default default] 10.0.0.21 "PUT /v2.0/networks/cce1f39b-9a90-44de-a609-15cb38683329/tags HTTP/1.1" status: 200 len: 218 time: 0.0613661
2026-07-21 14:33:52.129 9 INFO neutron.wsgi [req-67c7c12b-777f-4dfe-bc38-bf053633ace4 req-e83a86b4-0ba4-40b9-906d-65db17bc8346 3a68918bc1234747809bbcab9a8c748a cf209440a3674ffbbee6cfc755d67e31 - - 54de7a9fafb84e02afc76315b903ca50 54de7a9fafb84e02afc76315b903ca50] 199.204.45.129 "GET /v2.0/floatingips?fixed_ip_address=10.100.0.13&port_id=3c0b431a-4460-4aef-a252-d3811a2cda5b HTTP/1.1" status: 200 len: 1060 time: 0.0473137
2026-07-21 14:33:52.146 10 INFO neutron.wsgi [None req-19de515b-7c0f-4c9f-a0d1-28e55af77219 22df81a9b4e043099b5b6138b79e9021 b8611d63dca240de8227245676d2d0ad - - default default] 10.0.0.21 "PUT /v2.0/networks/2b1d1631-55a8-4d48-89dd-66a218d8ea76/tags HTTP/1.1" status: 200 len: 227 time: 0.0534048
2026-07-21 14:33:52.176 9 INFO neutron.wsgi [req-67c7c12b-777f-4dfe-bc38-bf053633ace4 req-e4073825-e315-4eb3-810c-18f3f7b90d4c 3a68918bc1234747809bbcab9a8c748a cf209440a3674ffbbee6cfc755d67e31 - - 54de7a9fafb84e02afc76315b903ca50 54de7a9fafb84e02afc76315b903ca50] 199.204.45.129 "GET /v2.0/subnets?id=a2340ab7-cff1-45bd-bad5-3559fda6885b HTTP/1.1" status: 200 len: 869 time: 0.0410447
2026-07-21 14:33:52.205 9 INFO neutron.wsgi [req-67c7c12b-777f-4dfe-bc38-bf053633ace4 req-40c8a44e-9e3e-4ff1-84f0-79d5a4b632c0 3a68918bc1234747809bbcab9a8c748a cf209440a3674ffbbee6cfc755d67e31 - - 54de7a9fafb84e02afc76315b903ca50 54de7a9fafb84e02afc76315b903ca50] 199.204.45.129 "GET /v2.0/ports?network_id=5baf08df-7580-434e-af1d-3085eaa5ae8d&device_owner=network%3Adhcp HTTP/1.1" status: 200 len: 210 time: 0.0232539
2026-07-21 14:33:52.213 10 INFO neutron.wsgi [None req-365a6b96-8682-443d-8fbd-b8cd0ed240aa 22df81a9b4e043099b5b6138b79e9021 b8611d63dca240de8227245676d2d0ad - - default default] 10.0.0.21 "PUT /v2.0/networks/225cf4b3-142a-4589-aef5-689bc82ee3b9/tags HTTP/1.1" status: 200 len: 212 time: 0.0579522
2026-07-21 14:33:52.273 10 WARNING neutron_lib.context [None req-e79559d6-14a6-49a9-9a34-1160d17394bc e94a6d54344743c98bf3206e796320d9 af92c017f6c34aa8a49aefcd2563743a - - default default] Method 'is_advsvc' is deprecated since 2023.2 release (neutron-lib 3.8.0) and will be removed once support for the old RBAC API policies will be removed from Neutron. Please use method 'is_service_role' instead.
2026-07-21 14:33:52.278 9 INFO neutron.wsgi [req-67c7c12b-777f-4dfe-bc38-bf053633ace4 req-d1bea984-b15f-4c84-8dc4-7158b0554112 3a68918bc1234747809bbcab9a8c748a cf209440a3674ffbbee6cfc755d67e31 - - 54de7a9fafb84e02afc76315b903ca50 54de7a9fafb84e02afc76315b903ca50] 199.204.45.129 "GET /v2.0/networks/5baf08df-7580-434e-af1d-3085eaa5ae8d?fields=segments HTTP/1.1" status: 200 len: 212 time: 0.0680149
2026-07-21 14:33:52.311 10 INFO neutron.wsgi [None req-f7818d9d-39e3-4f56-8b42-848eb42ae3cc 22df81a9b4e043099b5b6138b79e9021 b8611d63dca240de8227245676d2d0ad - - default default] 10.0.0.21 "GET /v2.0/networks?tags=red HTTP/1.1" status: 200 len: 2070 time: 0.0884080
2026-07-21 14:33:52.382 9 INFO neutron.plugins.ml2.drivers.ovn.mech_driver.mech_driver [None req-aa3eab6f-aab2-4c33-95ac-658aadf91c44 - - - - - -] OVN reports status down for port: 3c0b431a-4460-4aef-a252-d3811a2cda5b
2026-07-21 14:33:52.401 10 INFO neutron.wsgi [None req-1eb26298-af7b-469a-aa11-99b8e4367d2c 22df81a9b4e043099b5b6138b79e9021 b8611d63dca240de8227245676d2d0ad - - default default] 10.0.0.21 "GET /v2.0/networks?tags=red%2Cblue HTTP/1.1" status: 200 len: 1457 time: 0.0806234
2026-07-21 14:33:52.403 9 INFO neutron.wsgi [req-67c7c12b-777f-4dfe-bc38-bf053633ace4 req-e9efbbce-c18f-4ac1-8c41-ef2002405556 3a68918bc1234747809bbcab9a8c748a cf209440a3674ffbbee6cfc755d67e31 - - 54de7a9fafb84e02afc76315b903ca50 54de7a9fafb84e02afc76315b903ca50] 199.204.45.129 "GET /v2.0/networks/5baf08df-7580-434e-af1d-3085eaa5ae8d?fields=provider%3Aphysical_network&fields=provider%3Anetwork_type HTTP/1.1" status: 200 len: 277 time: 0.1134040
2026-07-21 14:33:52.414 9 INFO neutron.wsgi [req-5ba1219d-a3f5-423b-a613-74b89eb0e9c9 req-d99ddc04-ac35-49b0-9f82-0c60097751a3 5ce09708bc304ed99264e48e92b6f756 a1f68f42c03c4aa293ff56bae0b25ee6 - - default default] 10.0.0.39 "GET /v2.0/ports?device_id=8db5e9e7-0722-4f2f-b03c-53df58c5aa2b HTTP/1.1" status: 200 len: 1174 time: 0.0724864
2026-07-21 14:33:52.483 10 INFO neutron.db.ovn_revision_numbers_db [None req-e79559d6-14a6-49a9-9a34-1160d17394bc e94a6d54344743c98bf3206e796320d9 af92c017f6c34aa8a49aefcd2563743a - - default default] Successfully bumped revision number for resource 41cc17b3-a9cc-4b1c-9f17-b3a086f65cee (type: security_groups) to 1
2026-07-21 14:33:52.497 10 INFO neutron.db.ovn_revision_numbers_db [None req-e79559d6-14a6-49a9-9a34-1160d17394bc e94a6d54344743c98bf3206e796320d9 af92c017f6c34aa8a49aefcd2563743a - - default default] Successfully bumped revision number for resource 5b63d4a3-5e82-4793-a87c-23637de3e404 (type: security_group_rules) to 0
2026-07-21 14:33:52.508 10 INFO neutron.db.ovn_revision_numbers_db [None req-e79559d6-14a6-49a9-9a34-1160d17394bc e94a6d54344743c98bf3206e796320d9 af92c017f6c34aa8a49aefcd2563743a - - default default] Successfully bumped revision number for resource 88c2847f-4287-442f-9a1e-c61103aac512 (type: security_group_rules) to 0
2026-07-21 14:33:52.523 9 INFO neutron.wsgi [None req-b7138a43-437f-49d2-8f21-51bcd6a2761a 22df81a9b4e043099b5b6138b79e9021 b8611d63dca240de8227245676d2d0ad - - default default] 10.0.0.21 "GET /v2.0/networks?tags-any=blue HTTP/1.1" status: 200 len: 1457 time: 0.1153197
2026-07-21 14:33:52.529 10 INFO neutron.db.ovn_revision_numbers_db [None req-e79559d6-14a6-49a9-9a34-1160d17394bc e94a6d54344743c98bf3206e796320d9 af92c017f6c34aa8a49aefcd2563743a - - default default] Successfully bumped revision number for resource 96db2f8e-5041-4c1b-96c1-1133f093fa02 (type: security_group_rules) to 0
2026-07-21 14:33:52.548 10 INFO neutron.db.ovn_revision_numbers_db [None req-e79559d6-14a6-49a9-9a34-1160d17394bc e94a6d54344743c98bf3206e796320d9 af92c017f6c34aa8a49aefcd2563743a - - default default] Successfully bumped revision number for resource c77299f8-a3cf-4c68-ba1c-4a24fa01557f (type: security_group_rules) to 0
2026-07-21 14:33:52.556 9 INFO neutron.wsgi [req-5ba1219d-a3f5-423b-a613-74b89eb0e9c9 req-4f616a82-4b75-4f92-a51a-12f7d939f240 5ce09708bc304ed99264e48e92b6f756 a1f68f42c03c4aa293ff56bae0b25ee6 - - default default] 10.0.0.39 "GET /v2.0/security-groups?id=85fd3170-b2ac-4c71-a453-1ff051557aaf&fields=id&fields=name HTTP/1.1" status: 200 len: 313 time: 0.1327214
2026-07-21 14:33:52.606 10 INFO neutron.db.segments_db [None req-e79559d6-14a6-49a9-9a34-1160d17394bc e94a6d54344743c98bf3206e796320d9 af92c017f6c34aa8a49aefcd2563743a - - default default] Added segment 3efba9b0-8f3c-4242-915a-bb3bc8d9101e of type geneve for network 98272ef2-5222-4a90-849a-c6635b642ba7
2026-07-21 14:33:52.607 9 INFO neutron.wsgi [None req-30fd9b3f-bbe7-4e3f-9aec-3c3c761d67bd 22df81a9b4e043099b5b6138b79e9021 b8611d63dca240de8227245676d2d0ad - - default default] 10.0.0.21 "GET /v2.0/networks?tags-any=red%2Cblue HTTP/1.1" status: 200 len: 2070 time: 0.0799966
2026-07-21 14:33:52.673 9 INFO neutron.notifiers.nova [-] Nova event matching ['req-61d1b0e6-cd8d-4abb-8a40-715e8dc678cd'] response: {'server_uuid': '8db5e9e7-0722-4f2f-b03c-53df58c5aa2b', 'name': 'network-vif-unplugged', 'status': 'completed', 'tag': '3c0b431a-4460-4aef-a252-d3811a2cda5b', 'code': 200}
2026-07-21 14:33:52.732 10 INFO neutron.wsgi [None req-3d5a570a-ee96-43e5-aacb-17d95905629d 22df81a9b4e043099b5b6138b79e9021 b8611d63dca240de8227245676d2d0ad - - default default] 10.0.0.21 "GET /v2.0/networks?not-tags=red HTTP/1.1" status: 200 len: 2069 time: 0.1211715
2026-07-21 14:33:53.007 9 INFO neutron.wsgi [req-176a471b-94ef-43de-bbb1-9d4c86e72459 req-944bdb24-4b32-4c72-909d-f65d83c139fb 5ce09708bc304ed99264e48e92b6f756 a1f68f42c03c4aa293ff56bae0b25ee6 - - default default] 199.204.45.129 "GET /v2.0/ports?device_id=8db5e9e7-0722-4f2f-b03c-53df58c5aa2b HTTP/1.1" status: 200 len: 1172 time: 0.3253226
2026-07-21 14:33:53.080 10 INFO neutron.db.ovn_revision_numbers_db [None req-e79559d6-14a6-49a9-9a34-1160d17394bc e94a6d54344743c98bf3206e796320d9 af92c017f6c34aa8a49aefcd2563743a - - default default] Successfully bumped revision number for resource 98272ef2-5222-4a90-849a-c6635b642ba7 (type: networks) to 1
2026-07-21 14:33:53.110 10 INFO neutron.wsgi [None req-b36b6d61-e267-41c7-a333-375528c5504a 22df81a9b4e043099b5b6138b79e9021 b8611d63dca240de8227245676d2d0ad - - default default] 10.0.0.21 "GET /v2.0/networks?not-tags=red%2Cblue HTTP/1.1" status: 200 len: 2682 time: 0.3733599
2026-07-21 14:33:53.270 9 INFO neutron.wsgi [None req-f94675ad-63ac-4338-863f-23992cd05759 22df81a9b4e043099b5b6138b79e9021 b8611d63dca240de8227245676d2d0ad - - default default] 10.0.0.21 "GET /v2.0/networks?not-tags-any=blue HTTP/1.1" status: 200 len: 2682 time: 0.1544647
2026-07-21 14:33:53.346 10 WARNING neutron.scheduler.dhcp_agent_scheduler [None req-e79559d6-14a6-49a9-9a34-1160d17394bc e94a6d54344743c98bf3206e796320d9 af92c017f6c34aa8a49aefcd2563743a - - default default] No more DHCP agents
2026-07-21 14:33:53.355 9 INFO neutron.db.ovn_revision_numbers_db [None req-aa3eab6f-aab2-4c33-95ac-658aadf91c44 - - - - - -] Successfully bumped revision number for resource 3c0b431a-4460-4aef-a252-d3811a2cda5b (type: ports) to 5
2026-07-21 14:33:53.357 10 WARNING neutron.api.rpc.agentnotifiers.dhcp_rpc_agent_api [None req-e79559d6-14a6-49a9-9a34-1160d17394bc e94a6d54344743c98bf3206e796320d9 af92c017f6c34aa8a49aefcd2563743a - - default default] Unable to schedule network 98272ef2-5222-4a90-849a-c6635b642ba7: no agents available; will retry on subsequent port and subnet creation events.
2026-07-21 14:33:53.405 10 INFO neutron.wsgi [None req-9d26cef8-70b7-4bb1-9e9a-b40f7274bbee 22df81a9b4e043099b5b6138b79e9021 b8611d63dca240de8227245676d2d0ad - - default default] 10.0.0.21 "GET /v2.0/networks?not-tags-any=red%2Cblue HTTP/1.1" status: 200 len: 2069 time: 0.1302197
2026-07-21 14:33:53.468 10 INFO neutron.db.ovn_revision_numbers_db [None req-e79559d6-14a6-49a9-9a34-1160d17394bc e94a6d54344743c98bf3206e796320d9 af92c017f6c34aa8a49aefcd2563743a - - default default] Successfully bumped revision number for resource f44f89b9-61fc-454e-83e1-c4ffa760165b (type: ports) to 1
2026-07-21 14:33:53.491 10 INFO neutron.wsgi [None req-e79559d6-14a6-49a9-9a34-1160d17394bc e94a6d54344743c98bf3206e796320d9 af92c017f6c34aa8a49aefcd2563743a - - default default] 10.0.0.21 "POST /v2.0/networks HTTP/1.1" status: 201 len: 831 time: 1.4558840
2026-07-21 14:33:53.501 10 WARNING neutron_lib.context [None req-0e5e0167-426a-4eff-ba2e-6f3b83970b02 e94a6d54344743c98bf3206e796320d9 af92c017f6c34aa8a49aefcd2563743a - - default default] Method 'is_advsvc' is deprecated since 2023.2 release (neutron-lib 3.8.0) and will be removed once support for the old RBAC API policies will be removed from Neutron. Please use method 'is_service_role' instead.
2026-07-21 14:33:53.504 9 INFO neutron.db.ovn_revision_numbers_db [None req-d67c4fc1-a1cd-4839-8cfa-82c99f2882f0 aaf09a7d266440efab2f57dbd6c53e17 ff887c7d10544a709fad9c928a959a91 - - default default] Successfully bumped revision number for resource da8f89bc-a367-4030-bc6a-07f429d5dd9b (type: security_groups) to 1
2026-07-21 14:33:53.550 9 INFO neutron.db.ovn_revision_numbers_db [None req-d67c4fc1-a1cd-4839-8cfa-82c99f2882f0 aaf09a7d266440efab2f57dbd6c53e17 ff887c7d10544a709fad9c928a959a91 - - default default] Successfully bumped revision number for resource 433c2310-6a9a-441c-a0cf-662de3583d8d (type: security_group_rules) to 0
2026-07-21 14:33:53.611 9 INFO neutron.db.ovn_revision_numbers_db [None req-d67c4fc1-a1cd-4839-8cfa-82c99f2882f0 aaf09a7d266440efab2f57dbd6c53e17 ff887c7d10544a709fad9c928a959a91 - - default default] Successfully bumped revision number for resource 61d46dab-728c-412b-a2fa-f0ec078dc322 (type: security_group_rules) to 0 /var/lib/openstack/lib/python3.10/site-packages/pycadf/identifier.py:71: UserWarning: Invalid uuid: neutron. To ensure interoperability, identifiers should be a valid uuid. warnings.warn(('Invalid uuid: %s. To ensure interoperability, '
2026-07-21 14:33:53.683 9 INFO neutron.db.ovn_revision_numbers_db [None req-d67c4fc1-a1cd-4839-8cfa-82c99f2882f0 aaf09a7d266440efab2f57dbd6c53e17 ff887c7d10544a709fad9c928a959a91 - - default default] Successfully bumped revision number for resource 7a738b9b-479f-4395-9f12-cf0c5723a9d5 (type: security_group_rules) to 0
2026-07-21 14:33:53.746 9 INFO neutron.db.ovn_revision_numbers_db [None req-d67c4fc1-a1cd-4839-8cfa-82c99f2882f0 aaf09a7d266440efab2f57dbd6c53e17 ff887c7d10544a709fad9c928a959a91 - - default default] Successfully bumped revision number for resource 8fef16d5-6acc-4dd8-8d02-2552759ab2c3 (type: security_group_rules) to 0
2026-07-21 14:33:53.758 9 INFO neutron.wsgi [req-f37c4564-e6a5-4417-9951-9f97e0745882 req-879bebca-6e95-4a62-ad5b-9abdf79bbed2 5ce09708bc304ed99264e48e92b6f756 a1f68f42c03c4aa293ff56bae0b25ee6 - - default default] 10.0.0.39 "GET /v2.0/ports?device_id=8db5e9e7-0722-4f2f-b03c-53df58c5aa2b HTTP/1.1" status: 200 len: 1172 time: 0.1306915 /var/lib/openstack/lib/python3.10/site-packages/pycadf/identifier.py:71: UserWarning: Invalid uuid: neutron. To ensure interoperability, identifiers should be a valid uuid. warnings.warn(('Invalid uuid: %s. To ensure interoperability, '
2026-07-21 14:33:53.789 9 INFO neutron.db.l3_db [req-176a471b-94ef-43de-bbb1-9d4c86e72459 req-87f18dd7-aa28-4b36-b4e3-d0ba259d8c58 5ce09708bc304ed99264e48e92b6f756 a1f68f42c03c4aa293ff56bae0b25ee6 - - default default] Floating IP d1659da1-f189-4e89-9dc7-b218fe0352b4 disassociated. External IP: 10.96.250.205, port: 3c0b431a-4460-4aef-a252-d3811a2cda5b.
2026-07-21 14:33:53.805 9 INFO neutron.wsgi [None req-d67c4fc1-a1cd-4839-8cfa-82c99f2882f0 aaf09a7d266440efab2f57dbd6c53e17 ff887c7d10544a709fad9c928a959a91 - - default default] 10.0.0.21 "GET /v2.0/security-groups?tenant_id=39cd0b09e8a5469fbc6f5abe9e0133df&name=default HTTP/1.1" status: 200 len: 3120 time: 0.8102965
