2026-07-21 14:35:22.535 9 INFO neutron.wsgi [None req-ce4c1f9c-223e-4fcf-b38f-01c38b7d6cbf 559719f450bb46a0a919da3a77c5990f c227abba3e51491384ca7f51622ec1a3 - - default default] 10.0.0.21 "GET /v2.0/subnets/fb59bc52-9a58-4001-9971-bec199483adb/tags HTTP/1.1" status: 200 len: 245 time: 0.0584679
2026-07-21 14:35:22.629 9 INFO neutron.wsgi [None req-3734f4c1-73a8-4fc5-9638-56a2072de217 559719f450bb46a0a919da3a77c5990f c227abba3e51491384ca7f51622ec1a3 - - default default] 10.0.0.21 "PUT /v2.0/subnets/fb59bc52-9a58-4001-9971-bec199483adb/tags HTTP/1.1" status: 200 len: 230 time: 0.0874445
2026-07-21 14:35:22.687 9 INFO neutron.wsgi [None req-7ef3d3d9-4bc6-4eaf-a334-c100d24bea70 559719f450bb46a0a919da3a77c5990f c227abba3e51491384ca7f51622ec1a3 - - default default] 10.0.0.21 "GET /v2.0/subnets/fb59bc52-9a58-4001-9971-bec199483adb/tags HTTP/1.1" status: 200 len: 230 time: 0.0530000
2026-07-21 14:35:22.752 9 INFO neutron.wsgi [None req-3b224772-7f25-4370-93e6-ca976e5809f5 559719f450bb46a0a919da3a77c5990f c227abba3e51491384ca7f51622ec1a3 - - default default] 10.0.0.21 "GET /v2.0/subnets/fb59bc52-9a58-4001-9971-bec199483adb/tags/red HTTP/1.1" status: 204 len: 168 time: 0.0593615
2026-07-21 14:35:22.808 9 INFO neutron.api.v2.resource [None req-73665302-3643-424d-bac5-751bde935555 559719f450bb46a0a919da3a77c5990f c227abba3e51491384ca7f51622ec1a3 - - default default] show failed (client error): The resource could not be found.
2026-07-21 14:35:22.810 9 INFO neutron.wsgi [None req-73665302-3643-424d-bac5-751bde935555 559719f450bb46a0a919da3a77c5990f c227abba3e51491384ca7f51622ec1a3 - - default default] 10.0.0.21 "GET /v2.0/subnets/fb59bc52-9a58-4001-9971-bec199483adb/tags/green HTTP/1.1" status: 404 len: 299 time: 0.0508211
2026-07-21 14:35:22.874 10 INFO neutron.db.ovn_revision_numbers_db [None req-fe52fb80-6e6d-4809-a79e-f010b24b7839 7a05a5a514ee4babb5034bf7b67c4651 2701bc5594db48d095dad57b87f543ca - - default default] Successfully bumped revision number for resource d44a1a58-2f68-4b39-a504-3a8332a3f554 (type: ports) to 1
2026-07-21 14:35:22.892 10 WARNING neutron.scheduler.dhcp_agent_scheduler [None req-ceea157e-e86a-4721-b840-718594efc922 aaf09a7d266440efab2f57dbd6c53e17 ff887c7d10544a709fad9c928a959a91 - - default default] No more DHCP agents
2026-07-21 14:35:22.895 10 WARNING neutron.api.rpc.agentnotifiers.dhcp_rpc_agent_api [None req-ceea157e-e86a-4721-b840-718594efc922 aaf09a7d266440efab2f57dbd6c53e17 ff887c7d10544a709fad9c928a959a91 - - default default] Unable to schedule network e09c8664-59ff-4459-be7b-5f85b16baf1f: no agents available; will retry on subsequent port and subnet creation events.
2026-07-21 14:35:22.898 9 INFO neutron.wsgi [None req-7fe54912-645c-437a-8ee8-59a5d312f93a 559719f450bb46a0a919da3a77c5990f c227abba3e51491384ca7f51622ec1a3 - - default default] 10.0.0.21 "DELETE /v2.0/subnets/fb59bc52-9a58-4001-9971-bec199483adb/tags/red HTTP/1.1" status: 204 len: 168 time: 0.0836542
2026-07-21 14:35:22.908 10 INFO neutron.wsgi [None req-fe52fb80-6e6d-4809-a79e-f010b24b7839 7a05a5a514ee4babb5034bf7b67c4651 2701bc5594db48d095dad57b87f543ca - - default default] 10.0.0.21 "POST /v2.0/ports HTTP/1.1" status: 201 len: 973 time: 0.7438362
2026-07-21 14:35:22.970 9 WARNING neutron.scheduler.dhcp_agent_scheduler [None req-bcb87310-288a-49cb-89ff-fe76e51baadc 265803d83b524622ad499cbffdb4b944 04fe89ad13f64e0a970477188ea4bbed - - default default] No more DHCP agents
2026-07-21 14:35:22.976 9 WARNING neutron.api.rpc.agentnotifiers.dhcp_rpc_agent_api [None req-bcb87310-288a-49cb-89ff-fe76e51baadc 265803d83b524622ad499cbffdb4b944 04fe89ad13f64e0a970477188ea4bbed - - default default] Unable to schedule network af6a9744-715e-4985-a3ae-ff541194b2fd: no agents available; will retry on subsequent port and subnet creation events.
2026-07-21 14:35:23.007 9 INFO neutron.wsgi [None req-a35bce97-16b6-4211-9f5a-48da4848e39f 559719f450bb46a0a919da3a77c5990f c227abba3e51491384ca7f51622ec1a3 - - default default] 10.0.0.21 "GET /v2.0/subnets/fb59bc52-9a58-4001-9971-bec199483adb/tags HTTP/1.1" status: 200 len: 223 time: 0.1033304
2026-07-21 14:35:23.086 9 INFO neutron.api.v2.resource [None req-493fce24-2ce8-4f86-ba5a-bb94836519df 559719f450bb46a0a919da3a77c5990f c227abba3e51491384ca7f51622ec1a3 - - default default] delete failed (client error): The resource could not be found.
2026-07-21 14:35:23.088 9 INFO neutron.wsgi [None req-493fce24-2ce8-4f86-ba5a-bb94836519df 559719f450bb46a0a919da3a77c5990f c227abba3e51491384ca7f51622ec1a3 - - default default] 10.0.0.21 "DELETE /v2.0/subnets/fb59bc52-9a58-4001-9971-bec199483adb/tags/green HTTP/1.1" status: 404 len: 299 time: 0.0758939 /var/lib/openstack/lib/python3.10/site-packages/pycadf/identifier.py:71: UserWarning: Invalid uuid: neutron. To ensure interoperability, identifiers should be a valid uuid. warnings.warn(('Invalid uuid: %s. To ensure interoperability, '
2026-07-21 14:35:23.167 10 INFO neutron.wsgi [None req-df434366-c20d-4bae-b828-455c4c7c580c 559719f450bb46a0a919da3a77c5990f c227abba3e51491384ca7f51622ec1a3 - - default default] 10.0.0.21 "DELETE /v2.0/subnets/fb59bc52-9a58-4001-9971-bec199483adb/tags HTTP/1.1" status: 204 len: 168 time: 0.0735545
2026-07-21 14:35:23.233 10 INFO neutron.wsgi [None req-d6b63df8-89a8-4df9-b478-12069470e335 559719f450bb46a0a919da3a77c5990f c227abba3e51491384ca7f51622ec1a3 - - default default] 10.0.0.21 "GET /v2.0/subnets/fb59bc52-9a58-4001-9971-bec199483adb/tags HTTP/1.1" status: 200 len: 205 time: 0.0604374
2026-07-21 14:35:23.236 9 INFO neutron.db.ovn_revision_numbers_db [None req-bcb87310-288a-49cb-89ff-fe76e51baadc 265803d83b524622ad499cbffdb4b944 04fe89ad13f64e0a970477188ea4bbed - - default default] Successfully bumped revision number for resource 3572b8ed-4b21-49fa-a9b0-244e017e85b4 (type: ports) to 1
2026-07-21 14:35:23.325 9 INFO neutron.db.ovn_revision_numbers_db [None req-d2b8d6f4-2194-4f24-aa93-8fdd2ca9476c 7a05a5a514ee4babb5034bf7b67c4651 2701bc5594db48d095dad57b87f543ca - - default default] Successfully bumped revision number for resource d44a1a58-2f68-4b39-a504-3a8332a3f554 (type: ports) to 2
2026-07-21 14:35:23.338 9 INFO neutron.wsgi [None req-d2b8d6f4-2194-4f24-aa93-8fdd2ca9476c 7a05a5a514ee4babb5034bf7b67c4651 2701bc5594db48d095dad57b87f543ca - - default default] 10.0.0.21 "PUT /v2.0/ports/d44a1a58-2f68-4b39-a504-3a8332a3f554 HTTP/1.1" status: 200 len: 946 time: 0.4192603
2026-07-21 14:35:23.596 10 INFO neutron.db.ovn_revision_numbers_db [None req-ceea157e-e86a-4721-b840-718594efc922 aaf09a7d266440efab2f57dbd6c53e17 ff887c7d10544a709fad9c928a959a91 - - default default] Successfully bumped revision number for resource 69001744-cde3-4f43-8842-bc2d566a061b (type: ports) to 2
2026-07-21 14:35:23.610 10 INFO neutron.wsgi [None req-18822e78-b88d-44b7-8941-580190f3c7bc 559719f450bb46a0a919da3a77c5990f c227abba3e51491384ca7f51622ec1a3 - - default default] 10.0.0.21 "DELETE /v2.0/subnets/fb59bc52-9a58-4001-9971-bec199483adb HTTP/1.1" status: 204 len: 168 time: 0.3704174
2026-07-21 14:35:23.690 10 INFO neutron.db.ovn_revision_numbers_db [None req-ceea157e-e86a-4721-b840-718594efc922 aaf09a7d266440efab2f57dbd6c53e17 ff887c7d10544a709fad9c928a959a91 - - default default] Successfully bumped revision number for resource 33874101-3312-4b89-9c84-21ff3760211f (type: subnets) to 0
2026-07-21 14:35:23.722 10 INFO neutron.wsgi [None req-ceea157e-e86a-4721-b840-718594efc922 aaf09a7d266440efab2f57dbd6c53e17 ff887c7d10544a709fad9c928a959a91 - - default default] 10.0.0.21 "POST /v2.0/subnets HTTP/1.1" status: 201 len: 862 time: 1.2875903
2026-07-21 14:35:23.867 10 INFO neutron.wsgi [None req-671f0dbb-e356-4b1f-8d4a-01cb856354e2 7a05a5a514ee4babb5034bf7b67c4651 2701bc5594db48d095dad57b87f543ca - - default default] 10.0.0.21 "DELETE /v2.0/ports/d44a1a58-2f68-4b39-a504-3a8332a3f554 HTTP/1.1" status: 204 len: 168 time: 0.5218158 /var/lib/openstack/lib/python3.10/site-packages/pycadf/identifier.py:71: UserWarning: Invalid uuid: neutron. To ensure interoperability, identifiers should be a valid uuid. warnings.warn(('Invalid uuid: %s. To ensure interoperability, '
2026-07-21 14:35:24.055 9 INFO neutron.wsgi [None req-88328e93-f2bc-43ec-91d5-a2e296f12f32 7a05a5a514ee4babb5034bf7b67c4651 2701bc5594db48d095dad57b87f543ca - - default default] 10.0.0.21 "GET /v2.0/ports HTTP/1.1" status: 200 len: 1728 time: 0.1801138
2026-07-21 14:35:24.083 9 INFO neutron.pecan_wsgi.hooks.translation [None req-a2293f1b-e59a-45d6-814e-41757b4e260e 7a05a5a514ee4babb5034bf7b67c4651 2701bc5594db48d095dad57b87f543ca - - default default] GET failed (client error): The resource could not be found.
2026-07-21 14:35:24.085 9 INFO neutron.wsgi [None req-a2293f1b-e59a-45d6-814e-41757b4e260e 7a05a5a514ee4babb5034bf7b67c4651 2701bc5594db48d095dad57b87f543ca - - default default] 10.0.0.21 "GET /v2.0/ports/d44a1a58-2f68-4b39-a504-3a8332a3f554 HTTP/1.1" status: 404 len: 333 time: 0.0196905
2026-07-21 14:35:24.177 10 INFO neutron.wsgi [None req-5ac7f023-3203-4b5d-be03-77b56616fe07 7a05a5a514ee4babb5034bf7b67c4651 2701bc5594db48d095dad57b87f543ca - - default default] 10.0.0.21 "GET /v2.0/ports HTTP/1.1" status: 200 len: 1728 time: 0.0720961
2026-07-21 14:35:24.248 10 INFO neutron.wsgi [None req-191b5987-90c4-49c9-ab7f-94945e21f2e7 7a05a5a514ee4babb5034bf7b67c4651 2701bc5594db48d095dad57b87f543ca - - default default] 10.0.0.21 "GET /v2.0/ports/9894933e-5245-473a-991e-df4b9b72ee39 HTTP/1.1" status: 200 len: 968 time: 0.0653725
2026-07-21 14:35:24.277 9 INFO neutron.pecan_wsgi.hooks.translation [None req-4d83bca7-33bd-4634-9448-a26cd7e923d4 7a05a5a514ee4babb5034bf7b67c4651 2701bc5594db48d095dad57b87f543ca - - default default] DELETE failed (client error): The resource could not be found.
2026-07-21 14:35:24.280 9 INFO neutron.wsgi [None req-4d83bca7-33bd-4634-9448-a26cd7e923d4 7a05a5a514ee4babb5034bf7b67c4651 2701bc5594db48d095dad57b87f543ca - - default default] 10.0.0.21 "DELETE /v2.0/ports/de34662e-2b72-435e-b1da-0d0492269bcd HTTP/1.1" status: 404 len: 333 time: 0.0233629
2026-07-21 14:35:24.283 9 ERROR ovsdbapp.backend.ovs_idl.command [None req-bcb87310-288a-49cb-89ff-fe76e51baadc 265803d83b524622ad499cbffdb4b944 04fe89ad13f64e0a970477188ea4bbed - - default default] Error executing command (DbGetCommand): ovsdbapp.backend.ovs_idl.idlutils.RowNotFound: Cannot find Logical_Router_Port with name=lrp-3572b8ed-4b21-49fa-a9b0-244e017e85b4
2026-07-21 14:35:24.283 9 ERROR ovsdbapp.backend.ovs_idl.command
Traceback (most recent call last):
2026-07-21 14:35:24.283 9 ERROR ovsdbapp.backend.ovs_idl.command
File "/var/lib/openstack/lib/python3.10/site-packages/ovsdbapp/backend/ovs_idl/command.py", line 47, in execute
2026-07-21 14:35:24.283 9 ERROR ovsdbapp.backend.ovs_idl.command self.run_idl(None)
2026-07-21 14:35:24.283 9 ERROR ovsdbapp.backend.ovs_idl.command
File "/var/lib/openstack/lib/python3.10/site-packages/ovsdbapp/backend/ovs_idl/command.py", line 235, in run_idl
2026-07-21 14:35:24.283 9 ERROR ovsdbapp.backend.ovs_idl.command record = self.api.lookup(self.table, self.record)
2026-07-21 14:35:24.283 9 ERROR ovsdbapp.backend.ovs_idl.command
File "/var/lib/openstack/lib/python3.10/site-packages/ovsdbapp/backend/ovs_idl/__init__.py", line 184, in lookup
2026-07-21 14:35:24.283 9 ERROR ovsdbapp.backend.ovs_idl.command return self._lookup(table, record)
2026-07-21 14:35:24.283 9 ERROR ovsdbapp.backend.ovs_idl.command
File "/var/lib/openstack/lib/python3.10/site-packages/ovsdbapp/backend/ovs_idl/__init__.py", line 235, in _lookup
2026-07-21 14:35:24.283 9 ERROR ovsdbapp.backend.ovs_idl.command row = idlutils.row_by_value(self, rl.table, rl.column, record)
2026-07-21 14:35:24.283 9 ERROR ovsdbapp.backend.ovs_idl.command
File "/var/lib/openstack/lib/python3.10/site-packages/ovsdbapp/backend/ovs_idl/idlutils.py", line 114, in row_by_value
2026-07-21 14:35:24.283 9 ERROR ovsdbapp.backend.ovs_idl.command raise RowNotFound(table=table, col=column, match=match)
2026-07-21 14:35:24.283 9 ERROR ovsdbapp.backend.ovs_idl.command ovsdbapp.backend.ovs_idl.idlutils.RowNotFound: Cannot find Logical_Router_Port with name=lrp-3572b8ed-4b21-49fa-a9b0-244e017e85b4
2026-07-21 14:35:24.283 9 ERROR ovsdbapp.backend.ovs_idl.command 
2026-07-21 14:35:24.283 9 ERROR neutron_lib.callbacks.manager [None req-bcb87310-288a-49cb-89ff-fe76e51baadc 265803d83b524622ad499cbffdb4b944 04fe89ad13f64e0a970477188ea4bbed - - default default] Error during notification for neutron.services.ovn_l3.plugin.OVNL3RouterPlugin._port_update-8792740320998 port, after_update: ovsdbapp.backend.ovs_idl.idlutils.RowNotFound: Cannot find Logical_Router_Port with name=lrp-3572b8ed-4b21-49fa-a9b0-244e017e85b4
2026-07-21 14:35:24.283 9 ERROR neutron_lib.callbacks.manager
Traceback (most recent call last):
2026-07-21 14:35:24.283 9 ERROR neutron_lib.callbacks.manager
File "/var/lib/openstack/lib/python3.10/site-packages/neutron_lib/callbacks/manager.py", line 189, in _notify_loop
2026-07-21 14:35:24.283 9 ERROR neutron_lib.callbacks.manager callback.method(resource, event, trigger, payload=payload)
2026-07-21 14:35:24.283 9 ERROR neutron_lib.callbacks.manager
File "/var/lib/openstack/lib/python3.10/site-packages/neutron/services/ovn_l3/plugin.py", line 391, in _port_update
2026-07-21 14:35:24.283 9 ERROR neutron_lib.callbacks.manager l3plugin._ovn_client.update_router_port(context,
2026-07-21 14:35:24.283 9 ERROR neutron_lib.callbacks.manager
File "/var/lib/openstack/lib/python3.10/site-packages/neutron/plugins/ml2/drivers/ovn/mech_driver/ovsdb/ovn_client.py", line 1878, in update_router_port
2026-07-21 14:35:24.283 9 ERROR neutron_lib.callbacks.manager self._update_lrouter_port(context, port, if_exists=if_exists,
2026-07-21 14:35:24.283 9 ERROR neutron_lib.callbacks.manager
File "/var/lib/openstack/lib/python3.10/site-packages/neutron/plugins/ml2/drivers/ovn/mech_driver/ovsdb/ovn_client.py", line 1855, in _update_lrouter_port
2026-07-21 14:35:24.283 9 ERROR neutron_lib.callbacks.manager external_ids = self._nb_idl.db_get(
2026-07-21 14:35:24.283 9 ERROR neutron_lib.callbacks.manager
File "/var/lib/openstack/lib/python3.10/site-packages/ovsdbapp/backend/ovs_idl/command.py", line 47, in execute
2026-07-21 14:35:24.283 9 ERROR neutron_lib.callbacks.manager self.run_idl(None)
2026-07-21 14:35:24.283 9 ERROR neutron_lib.callbacks.manager
File "/var/lib/openstack/lib/python3.10/site-packages/ovsdbapp/backend/ovs_idl/command.py", line 235, in run_idl
2026-07-21 14:35:24.283 9 ERROR neutron_lib.callbacks.manager record = self.api.lookup(self.table, self.record)
2026-07-21 14:35:24.283 9 ERROR neutron_lib.callbacks.manager
File "/var/lib/openstack/lib/python3.10/site-packages/ovsdbapp/backend/ovs_idl/__init__.py", line 184, in lookup
2026-07-21 14:35:24.283 9 ERROR neutron_lib.callbacks.manager return self._lookup(table, record)
2026-07-21 14:35:24.283 9 ERROR neutron_lib.callbacks.manager
File "/var/lib/openstack/lib/python3.10/site-packages/ovsdbapp/backend/ovs_idl/__init__.py", line 235, in _lookup
2026-07-21 14:35:24.283 9 ERROR neutron_lib.callbacks.manager row = idlutils.row_by_value(self, rl.table, rl.column, record)
2026-07-21 14:35:24.283 9 ERROR neutron_lib.callbacks.manager
File "/var/lib/openstack/lib/python3.10/site-packages/ovsdbapp/backend/ovs_idl/idlutils.py", line 114, in row_by_value
2026-07-21 14:35:24.283 9 ERROR neutron_lib.callbacks.manager raise RowNotFound(table=table, col=column, match=match)
2026-07-21 14:35:24.283 9 ERROR neutron_lib.callbacks.manager ovsdbapp.backend.ovs_idl.idlutils.RowNotFound: Cannot find Logical_Router_Port with name=lrp-3572b8ed-4b21-49fa-a9b0-244e017e85b4
2026-07-21 14:35:24.283 9 ERROR neutron_lib.callbacks.manager 
2026-07-21 14:35:24.306 9 INFO neutron.pecan_wsgi.hooks.translation [None req-9a8936aa-84e4-40a8-a0ab-a4df2f929271 7a05a5a514ee4babb5034bf7b67c4651 2701bc5594db48d095dad57b87f543ca - - default default] DELETE failed (client error): The resource could not be found.
2026-07-21 14:35:24.306 10 INFO neutron.services.segments.plugin [-] Segment b85f1328-51f1-4efb-84b3-8e4e15ea6cc8 resource provider aggregate not found
2026-07-21 14:35:24.308 9 INFO neutron.wsgi [None req-9a8936aa-84e4-40a8-a0ab-a4df2f929271 7a05a5a514ee4babb5034bf7b67c4651 2701bc5594db48d095dad57b87f543ca - - default default] 10.0.0.21 "DELETE /v2.0/subnets/ab71ab69-101b-4a6a-ba64-a9a5847ee980 HTTP/1.1" status: 404 len: 337 time: 0.0230145
2026-07-21 14:35:24.310 10 INFO neutron.services.segments.plugin [-] Segment b85f1328-51f1-4efb-84b3-8e4e15ea6cc8 resource provider aggregate not found
2026-07-21 14:35:24.326 10 INFO neutron.services.segments.plugin [-] Segment b85f1328-51f1-4efb-84b3-8e4e15ea6cc8 resource provider not found; error: Placement Client Error (4xx): {"errors": [{"status": 404, "title": "Not Found", "detail": "The resource could not be found.\n\n No resource provider with uuid b85f1328-51f1-4efb-84b3-8e4e15ea6cc8 found for delete ", "request_id": "req-2f63db7b-c761-4269-9dab-38f496cc1e4c"}]}
2026-07-21 14:35:24.329 9 INFO neutron.pecan_wsgi.hooks.translation [None req-a5a03a84-dbd2-47ba-b6b3-f59d2d6babfc 7a05a5a514ee4babb5034bf7b67c4651 2701bc5594db48d095dad57b87f543ca - - default default] DELETE failed (client error): The resource could not be found.
2026-07-21 14:35:24.329 10 INFO neutron.services.segments.plugin [-] Segment b85f1328-51f1-4efb-84b3-8e4e15ea6cc8 resource provider not found; error: Placement Client Error (4xx): {"errors": [{"status": 404, "title": "Not Found", "detail": "The resource could not be found.\n\n No resource provider with uuid b85f1328-51f1-4efb-84b3-8e4e15ea6cc8 found for delete ", "request_id": "req-afb4effe-7f9d-4f2c-8b13-9e86b983b73b"}]}
2026-07-21 14:35:24.331 9 INFO neutron.wsgi [None req-a5a03a84-dbd2-47ba-b6b3-f59d2d6babfc 7a05a5a514ee4babb5034bf7b67c4651 2701bc5594db48d095dad57b87f543ca - - default default] 10.0.0.21 "DELETE /v2.0/subnets/a8cfd67d-3f76-4b5b-b974-02cd5d660867 HTTP/1.1" status: 404 len: 337 time: 0.0182173
2026-07-21 14:35:24.373 10 INFO neutron.wsgi [None req-91b68e28-4b9f-4557-b4c5-711d8bd30e3a 559719f450bb46a0a919da3a77c5990f c227abba3e51491384ca7f51622ec1a3 - - default default] 10.0.0.21 "DELETE /v2.0/networks/be6ade43-83c1-42c7-b290-54c8fa7109b2 HTTP/1.1" status: 204 len: 168 time: 0.7560699
2026-07-21 14:35:24.572 10 WARNING neutron.scheduler.dhcp_agent_scheduler [None req-0e8c4489-b733-4f74-9ef8-3c0402efc547 aaf09a7d266440efab2f57dbd6c53e17 ff887c7d10544a709fad9c928a959a91 - - default default] No more DHCP agents
2026-07-21 14:35:24.577 10 WARNING neutron.api.rpc.agentnotifiers.dhcp_rpc_agent_api [None req-0e8c4489-b733-4f74-9ef8-3c0402efc547 aaf09a7d266440efab2f57dbd6c53e17 ff887c7d10544a709fad9c928a959a91 - - default default] Unable to schedule network 4b3149dc-3d64-47b9-87b8-94a2e620dd09: no agents available; will retry on subsequent port and subnet creation events.
2026-07-21 14:35:24.592 9 INFO neutron.db.ovn_revision_numbers_db [None req-bcb87310-288a-49cb-89ff-fe76e51baadc 265803d83b524622ad499cbffdb4b944 04fe89ad13f64e0a970477188ea4bbed - - default default] Successfully bumped revision number for resource 3572b8ed-4b21-49fa-a9b0-244e017e85b4 (type: ports) to 1
2026-07-21 14:35:24.670 9 WARNING neutron.scheduler.dhcp_agent_scheduler [None req-bcb87310-288a-49cb-89ff-fe76e51baadc 265803d83b524622ad499cbffdb4b944 04fe89ad13f64e0a970477188ea4bbed - - default default] No more DHCP agents
2026-07-21 14:35:24.672 9 WARNING neutron.api.rpc.agentnotifiers.dhcp_rpc_agent_api [None req-bcb87310-288a-49cb-89ff-fe76e51baadc 265803d83b524622ad499cbffdb4b944 04fe89ad13f64e0a970477188ea4bbed - - default default] Unable to schedule network af6a9744-715e-4985-a3ae-ff541194b2fd: no agents available; will retry on subsequent port and subnet creation events.
2026-07-21 14:35:24.768 10 INFO neutron.wsgi [None req-62e6fa10-0df3-4575-a2ea-fbba651edc31 7a05a5a514ee4babb5034bf7b67c4651 2701bc5594db48d095dad57b87f543ca - - default default] 10.0.0.21 "DELETE /v2.0/ports/9894933e-5245-473a-991e-df4b9b72ee39 HTTP/1.1" status: 204 len: 168 time: 0.4306808
2026-07-21 14:35:24.855 10 INFO neutron.db.ovn_revision_numbers_db [None req-0e8c4489-b733-4f74-9ef8-3c0402efc547 aaf09a7d266440efab2f57dbd6c53e17 ff887c7d10544a709fad9c928a959a91 - - default default] Successfully bumped revision number for resource a0f2e7b9-a471-4bec-a92c-46dd17e5655d (type: ports) to 1
2026-07-21 14:35:25.058 9 INFO neutron.db.ovn_revision_numbers_db [None req-bcb87310-288a-49cb-89ff-fe76e51baadc 265803d83b524622ad499cbffdb4b944 04fe89ad13f64e0a970477188ea4bbed - - default default] Successfully bumped revision number for resource 3572b8ed-4b21-49fa-a9b0-244e017e85b4 (type: router_ports) to 1
2026-07-21 14:35:25.064 9 INFO neutron.wsgi [None req-bcb87310-288a-49cb-89ff-fe76e51baadc 265803d83b524622ad499cbffdb4b944 04fe89ad13f64e0a970477188ea4bbed - - default default] 10.0.0.21 "PUT /v2.0/routers/fc157478-48ba-4660-9aa2-d62636fd84a2/add_router_interface HTTP/1.1" status: 200 len: 503 time: 2.8522632
2026-07-21 14:35:25.458 10 INFO neutron.wsgi [None req-4d2424dc-13ac-4a64-91bb-4f92dd429138 aaf09a7d266440efab2f57dbd6c53e17 ff887c7d10544a709fad9c928a959a91 - - default default] 10.0.0.21 "GET /v2.0/security-groups?tenant_id=c227abba3e51491384ca7f51622ec1a3&name=default HTTP/1.1" status: 200 len: 3120 time: 0.3589449
2026-07-21 14:35:25.642 9 WARNING neutron.scheduler.dhcp_agent_scheduler [None req-f267a590-edee-4a0a-ac57-90e9b2a50b6d 0384643769fd4d2db9bb1653bd44d2eb 8ed187219c9b4d7295121df83da9cacb - - default default] No more DHCP agents
2026-07-21 14:35:25.644 9 WARNING neutron.api.rpc.agentnotifiers.dhcp_rpc_agent_api [None req-f267a590-edee-4a0a-ac57-90e9b2a50b6d 0384643769fd4d2db9bb1653bd44d2eb 8ed187219c9b4d7295121df83da9cacb - - default default] Unable to schedule network 4b3149dc-3d64-47b9-87b8-94a2e620dd09: no agents available; will retry on subsequent port and subnet creation events.
2026-07-21 14:35:25.755 10 INFO neutron.wsgi [None req-c4c1de70-b244-45df-96bf-e0cb3905f5ec 7a05a5a514ee4babb5034bf7b67c4651 2701bc5594db48d095dad57b87f543ca - - default default] 10.0.0.21 "DELETE /v2.0/networks/406163fc-aa32-4771-8e1b-a205f09bc984 HTTP/1.1" status: 204 len: 168 time: 0.9750657
2026-07-21 14:35:25.789 9 INFO neutron.db.ovn_revision_numbers_db [None req-f267a590-edee-4a0a-ac57-90e9b2a50b6d 0384643769fd4d2db9bb1653bd44d2eb 8ed187219c9b4d7295121df83da9cacb - - default default] Successfully bumped revision number for resource 26c160cb-66ea-439a-a19b-c98e198d30df (type: ports) to 1
2026-07-21 14:35:25.913 10 INFO neutron.wsgi [None req-d81a0064-589b-4345-a594-7a70ab5b2a2f aaf09a7d266440efab2f57dbd6c53e17 ff887c7d10544a709fad9c928a959a91 - - default default] 10.0.0.21 "DELETE /v2.0/security-groups/773bcfc7-7d52-4fcd-b4e6-89b08aa97e78 HTTP/1.1" status: 204 len: 168 time: 0.4496651
2026-07-21 14:35:26.069 9 INFO neutron.db.ovn_revision_numbers_db [None req-f267a590-edee-4a0a-ac57-90e9b2a50b6d 0384643769fd4d2db9bb1653bd44d2eb 8ed187219c9b4d7295121df83da9cacb - - default default] Successfully bumped revision number for resource 26c160cb-66ea-439a-a19b-c98e198d30df (type: ports) to 1
2026-07-21 14:35:26.099 10 INFO neutron.plugins.ml2.drivers.ovn.mech_driver.ovsdb.commands [None req-0e15086b-2671-4226-8e0e-22cf3baa819a - - - - - -] Schedule LRP lrp-a0f2e7b9-a471-4bec-a92c-46dd17e5655d on gateway 1b28d1c7-1940-4de0-af00-52481c014bf1 with priority 1
2026-07-21 14:35:26.124 10 INFO neutron.plugins.ml2.drivers.ovn.mech_driver.mech_driver [None req-fe8da8e1-bf6e-4d02-b9d7-8bfb27b0a407 - - - - - -] OVN reports status up for port: a0f2e7b9-a471-4bec-a92c-46dd17e5655d
2026-07-21 14:35:26.143 9 INFO neutron.plugins.ml2.drivers.ovn.mech_driver.ovsdb.ovsdb_monitor [None req-e1851033-d904-4e32-a57f-b3793a021fe6 - - - - - -] Router d933dc39-30df-481f-bd57-f84d610652c0 is bound to host instance
2026-07-21 14:35:26.146 10 INFO neutron.plugins.ml2.plugin [None req-fe8da8e1-bf6e-4d02-b9d7-8bfb27b0a407 - - - - - -] Attempt 1 to provision port a0f2e7b9-a471-4bec-a92c-46dd17e5655d
2026-07-21 14:35:26.168 10 INFO neutron.db.ovn_revision_numbers_db [None req-0e8c4489-b733-4f74-9ef8-3c0402efc547 aaf09a7d266440efab2f57dbd6c53e17 ff887c7d10544a709fad9c928a959a91 - - default default] Successfully bumped revision number for resource a0f2e7b9-a471-4bec-a92c-46dd17e5655d (type: router_ports) to 1
2026-07-21 14:35:26.178 9 INFO neutron.db.segments_db [None req-f267a590-edee-4a0a-ac57-90e9b2a50b6d 0384643769fd4d2db9bb1653bd44d2eb 8ed187219c9b4d7295121df83da9cacb - - default default] Added segment 0b80a231-2c01-4b58-bb88-7eb781cdec78 of type geneve for network 58d91e6a-1449-40dc-af49-b0059c54bc4b
2026-07-21 14:35:26.288 10 INFO neutron.db.ovn_revision_numbers_db [None req-0e8c4489-b733-4f74-9ef8-3c0402efc547 aaf09a7d266440efab2f57dbd6c53e17 ff887c7d10544a709fad9c928a959a91 - - default default] Successfully bumped revision number for resource d933dc39-30df-481f-bd57-f84d610652c0 (type: routers) to 2
2026-07-21 14:35:26.320 10 INFO neutron.wsgi [None req-0e8c4489-b733-4f74-9ef8-3c0402efc547 aaf09a7d266440efab2f57dbd6c53e17 ff887c7d10544a709fad9c928a959a91 - - default default] 10.0.0.21 "POST /v2.0/routers HTTP/1.1" status: 201 len: 1164 time: 2.5927522
2026-07-21 14:35:26.358 10 INFO neutron.services.segments.plugin [-] Segment 5f346e1c-d4f5-418c-afe1-c209260a422f resource provider aggregate not found
2026-07-21 14:35:26.366 10 INFO neutron.services.segments.plugin [-] Segment 5f346e1c-d4f5-418c-afe1-c209260a422f resource provider aggregate not found
2026-07-21 14:35:26.370 10 INFO neutron.db.ovn_revision_numbers_db [None req-d3668428-4c96-46e4-8fd5-a5197ca9742b aaf09a7d266440efab2f57dbd6c53e17 ff887c7d10544a709fad9c928a959a91 - - default default] Successfully bumped revision number for resource 6c3c97fb-bcff-4f43-91ab-55ba562ec621 (type: security_groups) to 1
2026-07-21 14:35:26.378 10 INFO neutron.services.segments.plugin [-] Segment 5f346e1c-d4f5-418c-afe1-c209260a422f resource provider not found; error: Placement Client Error (4xx): {"errors": [{"status": 404, "title": "Not Found", "detail": "The resource could not be found.\n\n No resource provider with uuid 5f346e1c-d4f5-418c-afe1-c209260a422f found for delete ", "request_id": "req-a47bf710-e2f3-4d64-a0f1-1c7aa2bef31c"}]}
2026-07-21 14:35:26.390 10 INFO neutron.services.segments.plugin [-] Segment 5f346e1c-d4f5-418c-afe1-c209260a422f resource provider not found; error: Placement Client Error (4xx): {"errors": [{"status": 404, "title": "Not Found", "detail": "The resource could not be found.\n\n No resource provider with uuid 5f346e1c-d4f5-418c-afe1-c209260a422f found for delete ", "request_id": "req-2fc83918-9ad5-450a-a62f-74b48e5ca5c9"}]}
2026-07-21 14:35:26.393 10 INFO neutron.db.ovn_revision_numbers_db [None req-d3668428-4c96-46e4-8fd5-a5197ca9742b aaf09a7d266440efab2f57dbd6c53e17 ff887c7d10544a709fad9c928a959a91 - - default default] Successfully bumped revision number for resource 02db526c-a91d-49e2-949f-fb27af82e957 (type: security_group_rules) to 0
2026-07-21 14:35:26.410 9 INFO neutron.db.ovn_revision_numbers_db [None req-f267a590-edee-4a0a-ac57-90e9b2a50b6d 0384643769fd4d2db9bb1653bd44d2eb 8ed187219c9b4d7295121df83da9cacb - - default default] Successfully bumped revision number for resource 58d91e6a-1449-40dc-af49-b0059c54bc4b (type: networks) to 1
2026-07-21 14:35:26.426 10 INFO neutron.db.ovn_revision_numbers_db [None req-d3668428-4c96-46e4-8fd5-a5197ca9742b aaf09a7d266440efab2f57dbd6c53e17 ff887c7d10544a709fad9c928a959a91 - - default default] Successfully bumped revision number for resource 7192787a-d4e6-45c1-9aef-b49143db247c (type: security_group_rules) to 0
2026-07-21 14:35:26.456 10 INFO neutron.db.ovn_revision_numbers_db [None req-d3668428-4c96-46e4-8fd5-a5197ca9742b aaf09a7d266440efab2f57dbd6c53e17 ff887c7d10544a709fad9c928a959a91 - - default default] Successfully bumped revision number for resource 7a19b564-2e95-4085-a8ff-333447640439 (type: security_group_rules) to 0
2026-07-21 14:35:26.495 10 INFO neutron.db.ovn_revision_numbers_db [None req-d3668428-4c96-46e4-8fd5-a5197ca9742b aaf09a7d266440efab2f57dbd6c53e17 ff887c7d10544a709fad9c928a959a91 - - default default] Successfully bumped revision number for resource e27b3b20-59f0-481c-a312-3d761ad797f9 (type: security_group_rules) to 0
2026-07-21 14:35:26.531 9 INFO neutron.wsgi [None req-7da47bf2-64dd-4287-9588-c1e53b714814 aaf09a7d266440efab2f57dbd6c53e17 ff887c7d10544a709fad9c928a959a91 - - default default] 10.0.0.21 "GET /v2.0/security-groups?tenant_id=2701bc5594db48d095dad57b87f543ca&name=default HTTP/1.1" status: 200 len: 3120 time: 0.2705781
2026-07-21 14:35:26.535 10 INFO neutron.wsgi [None req-d3668428-4c96-46e4-8fd5-a5197ca9742b aaf09a7d266440efab2f57dbd6c53e17 ff887c7d10544a709fad9c928a959a91 - - default default] 10.0.0.21 "GET /v2.0/security-groups?tenant_id=470135b585ef4f38abad0a279dfa9f2d&name=default HTTP/1.1" status: 200 len: 3120 time: 0.4430792
2026-07-21 14:35:26.729 9 WARNING neutron.scheduler.dhcp_agent_scheduler [None req-f267a590-edee-4a0a-ac57-90e9b2a50b6d 0384643769fd4d2db9bb1653bd44d2eb 8ed187219c9b4d7295121df83da9cacb - - default default] No more DHCP agents
2026-07-21 14:35:26.737 9 WARNING neutron.api.rpc.agentnotifiers.dhcp_rpc_agent_api [None req-f267a590-edee-4a0a-ac57-90e9b2a50b6d 0384643769fd4d2db9bb1653bd44d2eb 8ed187219c9b4d7295121df83da9cacb - - default default] Unable to schedule network 58d91e6a-1449-40dc-af49-b0059c54bc4b: no agents available; will retry on subsequent port and subnet creation events.
2026-07-21 14:35:26.821 10 INFO neutron.wsgi [None req-72bf31d8-9ae4-49e8-94ab-84d50333477d aaf09a7d266440efab2f57dbd6c53e17 ff887c7d10544a709fad9c928a959a91 - - default default] 10.0.0.96 "GET /v2.0/security-groups HTTP/1.1" status: 200 len: 32098 time: 0.1527214
2026-07-21 14:35:26.986 10 INFO neutron.wsgi [None req-3d562018-99f7-4bd5-bb34-6b6f000a8a8a aaf09a7d266440efab2f57dbd6c53e17 ff887c7d10544a709fad9c928a959a91 - - default default] 10.0.0.21 "DELETE /v2.0/security-groups/90bc2384-a8fc-4b8a-9adc-290711777322 HTTP/1.1" status: 204 len: 168 time: 0.4479749
2026-07-21 14:35:27.012 10 INFO neutron.wsgi [None req-df7f7a2d-5c1a-47ff-ac7c-21aec1af4c05 aaf09a7d266440efab2f57dbd6c53e17 ff887c7d10544a709fad9c928a959a91 - - default default] 10.0.0.96 "GET /v2.0/routers HTTP/1.1" status: 200 len: 4113 time: 0.1835887
2026-07-21 14:35:27.029 10 INFO neutron.wsgi [None req-911fe5ed-7b92-4111-9d52-42d5352d296d aaf09a7d266440efab2f57dbd6c53e17 ff887c7d10544a709fad9c928a959a91 - - default default] 10.0.0.96 "GET /v2.0/agents?binary=ovn-controller HTTP/1.1" status: 200 len: 591 time: 0.0156357
2026-07-21 14:35:27.073 10 INFO neutron.wsgi [None req-c1e46bf8-ea54-4770-9a97-71d88c89827e aaf09a7d266440efab2f57dbd6c53e17 ff887c7d10544a709fad9c928a959a91 - - default default] 10.0.0.96 "GET /v2.0/network-ip-availabilities HTTP/1.1" status: 200 len: 3705 time: 0.0417852
2026-07-21 14:35:27.101 9 WARNING neutron.plugins.ml2.drivers.ovn.mech_driver.ovsdb.ovn_client [None req-aa3eab6f-aab2-4c33-95ac-658aadf91c44 - - - - - -] No hosting information found for port 882d62d8-cb08-44e3-8cb1-8569446222b5: RuntimeError: No hosting information found for port 882d62d8-cb08-44e3-8cb1-8569446222b5
2026-07-21 14:35:27.102 9 INFO neutron.plugins.ml2.drivers.ovn.mech_driver.mech_driver [None req-aa3eab6f-aab2-4c33-95ac-658aadf91c44 - - - - - -] OVN reports status up for port: d14d3701-f2e2-4a82-bfbd-c0fe0c4ae2b2
2026-07-21 14:35:27.122 10 INFO neutron.wsgi [None req-1b424247-0c8d-4e42-912f-5c07a299026d aaf09a7d266440efab2f57dbd6c53e17 ff887c7d10544a709fad9c928a959a91 - - default default] 10.0.0.96 "GET /v2.0/floatingips HTTP/1.1" status: 200 len: 193 time: 0.0442884
2026-07-21 14:35:27.127 9 INFO neutron.plugins.ml2.plugin [None req-aa3eab6f-aab2-4c33-95ac-658aadf91c44 - - - - - -] Attempt 1 to provision port d14d3701-f2e2-4a82-bfbd-c0fe0c4ae2b2
2026-07-21 14:35:27.218 10 INFO neutron.wsgi [None req-499948e4-d5a2-466f-b9dd-a19ce6896ccf aaf09a7d266440efab2f57dbd6c53e17 ff887c7d10544a709fad9c928a959a91 - - default default] 10.0.0.96 "GET /v2.0/subnets HTTP/1.1" status: 200 len: 4637 time: 0.0957763
2026-07-21 14:35:27.232 9 INFO neutron.db.ovn_revision_numbers_db [None req-f267a590-edee-4a0a-ac57-90e9b2a50b6d 0384643769fd4d2db9bb1653bd44d2eb 8ed187219c9b4d7295121df83da9cacb - - default default] Successfully bumped revision number for resource 47dc9c05-4112-477b-97b6-10f77b129e47 (type: ports) to 1
2026-07-21 14:35:27.259 10 WARNING neutron.scheduler.dhcp_agent_scheduler [None req-b24ffe8e-c66c-4e8b-be54-9b6d6abda911 aaf09a7d266440efab2f57dbd6c53e17 ff887c7d10544a709fad9c928a959a91 - - default default] No more DHCP agents
2026-07-21 14:35:27.271 10 INFO neutron.wsgi [None req-4f21d026-a5ff-4a7b-a934-a2bb50f645a2 aaf09a7d266440efab2f57dbd6c53e17 ff887c7d10544a709fad9c928a959a91 - - default default] 10.0.0.96 "GET /v2.0/subnets HTTP/1.1" status: 200 len: 4637 time: 0.0505238
2026-07-21 14:35:27.272 10 WARNING neutron.api.rpc.agentnotifiers.dhcp_rpc_agent_api [None req-b24ffe8e-c66c-4e8b-be54-9b6d6abda911 aaf09a7d266440efab2f57dbd6c53e17 ff887c7d10544a709fad9c928a959a91 - - default default] Unable to schedule network e09c8664-59ff-4459-be7b-5f85b16baf1f: no agents available; will retry on subsequent port and subnet creation events.
2026-07-21 14:35:27.296 10 INFO neutron.wsgi [None req-1b5eff05-24aa-40f4-bed7-16e336bbf98d aaf09a7d266440efab2f57dbd6c53e17 ff887c7d10544a709fad9c928a959a91 - - default default] 10.0.0.96 "GET /v2.0/subnetpools HTTP/1.1" status: 200 len: 193 time: 0.0229576
2026-07-21 14:35:27.315 10 INFO neutron.wsgi [None req-c0abdcc7-e03c-47bd-b9cf-68cbf38b08d3 aaf09a7d266440efab2f57dbd6c53e17 ff887c7d10544a709fad9c928a959a91 - - default default] 10.0.0.96 "GET /v2.0/agents HTTP/1.1" status: 200 len: 1390 time: 0.0161967
2026-07-21 14:35:27.460 9 INFO neutron.wsgi [None req-f2696e2d-f22d-40b5-a645-0ae6d26b5323 aaf09a7d266440efab2f57dbd6c53e17 ff887c7d10544a709fad9c928a959a91 - - default default] 10.0.0.21 "DELETE /v2.0/security-groups/6c3c97fb-bcff-4f43-91ab-55ba562ec621 HTTP/1.1" status: 204 len: 168 time: 0.9175093
2026-07-21 14:35:27.472 9 WARNING neutron.scheduler.dhcp_agent_scheduler [None req-f267a590-edee-4a0a-ac57-90e9b2a50b6d 0384643769fd4d2db9bb1653bd44d2eb 8ed187219c9b4d7295121df83da9cacb - - default default] No more DHCP agents
2026-07-21 14:35:27.476 9 WARNING neutron.api.rpc.agentnotifiers.dhcp_rpc_agent_api [None req-f267a590-edee-4a0a-ac57-90e9b2a50b6d 0384643769fd4d2db9bb1653bd44d2eb 8ed187219c9b4d7295121df83da9cacb - - default default] Unable to schedule network 58d91e6a-1449-40dc-af49-b0059c54bc4b: no agents available; will retry on subsequent port and subnet creation events.
2026-07-21 14:35:27.517 9 INFO neutron.db.ovn_revision_numbers_db [None req-f267a590-edee-4a0a-ac57-90e9b2a50b6d 0384643769fd4d2db9bb1653bd44d2eb 8ed187219c9b4d7295121df83da9cacb - - default default] Successfully bumped revision number for resource 0b629f8f-63f5-4751-8591-dc2f260b2fe7 (type: subnets) to 0
2026-07-21 14:35:27.664 10 INFO neutron.wsgi [None req-853228d3-4d06-429c-b8ee-5eb85327142b aaf09a7d266440efab2f57dbd6c53e17 ff887c7d10544a709fad9c928a959a91 - - default default] 10.0.0.96 "GET /v2.0/networks HTTP/1.1" status: 200 len: 6720 time: 0.3473566
2026-07-21 14:35:27.700 9 INFO neutron.db.ovn_revision_numbers_db [None req-e1851033-d904-4e32-a57f-b3793a021fe6 - - - - - -] Successfully bumped revision number for resource a0f2e7b9-a471-4bec-a92c-46dd17e5655d (type: ports) to 1
2026-07-21 14:35:27.799 10 INFO neutron.wsgi [None req-21214332-3e1f-45ee-b8bc-4de254a62e31 aaf09a7d266440efab2f57dbd6c53e17 ff887c7d10544a709fad9c928a959a91 - - default default] 10.0.0.96 "GET /v2.0/ports HTTP/1.1" status: 200 len: 24070 time: 0.1282899
2026-07-21 14:35:27.861 10 INFO neutron.db.ovn_revision_numbers_db [None req-b24ffe8e-c66c-4e8b-be54-9b6d6abda911 aaf09a7d266440efab2f57dbd6c53e17 ff887c7d10544a709fad9c928a959a91 - - default default] Successfully bumped revision number for resource 4d257e2c-f16b-4bd3-b0f1-963991723474 (type: ports) to 1
2026-07-21 14:35:28.272 9 WARNING neutron.scheduler.dhcp_agent_scheduler [None req-f267a590-edee-4a0a-ac57-90e9b2a50b6d 0384643769fd4d2db9bb1653bd44d2eb 8ed187219c9b4d7295121df83da9cacb - - default default] No more DHCP agents
2026-07-21 14:35:28.276 9 WARNING neutron.api.rpc.agentnotifiers.dhcp_rpc_agent_api [None req-f267a590-edee-4a0a-ac57-90e9b2a50b6d 0384643769fd4d2db9bb1653bd44d2eb 8ed187219c9b4d7295121df83da9cacb - - default default] Unable to schedule network 58d91e6a-1449-40dc-af49-b0059c54bc4b: no agents available; will retry on subsequent port and subnet creation events.
2026-07-21 14:35:28.401 9 INFO neutron.db.ovn_revision_numbers_db [None req-e1851033-d904-4e32-a57f-b3793a021fe6 - - - - - -] Successfully bumped revision number for resource a0f2e7b9-a471-4bec-a92c-46dd17e5655d (type: router_ports) to 3
2026-07-21 14:35:28.536 9 INFO neutron.db.ovn_revision_numbers_db [None req-f267a590-edee-4a0a-ac57-90e9b2a50b6d 0384643769fd4d2db9bb1653bd44d2eb 8ed187219c9b4d7295121df83da9cacb - - default default] Successfully bumped revision number for resource 70a73595-f34c-4ea9-b5cd-9419aed7de71 (type: ports) to 1
2026-07-21 14:35:28.537 10 ERROR ovsdbapp.backend.ovs_idl.command [None req-b24ffe8e-c66c-4e8b-be54-9b6d6abda911 aaf09a7d266440efab2f57dbd6c53e17 ff887c7d10544a709fad9c928a959a91 - - default default] Error executing command (DbGetCommand): ovsdbapp.backend.ovs_idl.idlutils.RowNotFound: Cannot find Logical_Router_Port with name=lrp-4d257e2c-f16b-4bd3-b0f1-963991723474
2026-07-21 14:35:28.537 10 ERROR ovsdbapp.backend.ovs_idl.command
Traceback (most recent call last):
2026-07-21 14:35:28.537 10 ERROR ovsdbapp.backend.ovs_idl.command
File "/var/lib/openstack/lib/python3.10/site-packages/ovsdbapp/backend/ovs_idl/command.py", line 47, in execute
2026-07-21 14:35:28.537 10 ERROR ovsdbapp.backend.ovs_idl.command self.run_idl(None)
2026-07-21 14:35:28.537 10 ERROR ovsdbapp.backend.ovs_idl.command
File "/var/lib/openstack/lib/python3.10/site-packages/ovsdbapp/backend/ovs_idl/command.py", line 235, in run_idl
2026-07-21 14:35:28.537 10 ERROR ovsdbapp.backend.ovs_idl.command record = self.api.lookup(self.table, self.record)
2026-07-21 14:35:28.537 10 ERROR ovsdbapp.backend.ovs_idl.command
File "/var/lib/openstack/lib/python3.10/site-packages/ovsdbapp/backend/ovs_idl/__init__.py", line 184, in lookup
2026-07-21 14:35:28.537 10 ERROR ovsdbapp.backend.ovs_idl.command return self._lookup(table, record)
2026-07-21 14:35:28.537 10 ERROR ovsdbapp.backend.ovs_idl.command
File "/var/lib/openstack/lib/python3.10/site-packages/ovsdbapp/backend/ovs_idl/__init__.py", line 235, in _lookup
2026-07-21 14:35:28.537 10 ERROR ovsdbapp.backend.ovs_idl.command row = idlutils.row_by_value(self, rl.table, rl.column, record)
2026-07-21 14:35:28.537 10 ERROR ovsdbapp.backend.ovs_idl.command
File "/var/lib/openstack/lib/python3.10/site-packages/ovsdbapp/backend/ovs_idl/idlutils.py", line 114, in row_by_value
2026-07-21 14:35:28.537 10 ERROR ovsdbapp.backend.ovs_idl.command raise RowNotFound(table=table, col=column, match=match)
2026-07-21 14:35:28.537 10 ERROR ovsdbapp.backend.ovs_idl.command ovsdbapp.backend.ovs_idl.idlutils.RowNotFound: Cannot find Logical_Router_Port with name=lrp-4d257e2c-f16b-4bd3-b0f1-963991723474
2026-07-21 14:35:28.537 10 ERROR ovsdbapp.backend.ovs_idl.command 
2026-07-21 14:35:28.537 10 ERROR neutron_lib.callbacks.manager [None req-b24ffe8e-c66c-4e8b-be54-9b6d6abda911 aaf09a7d266440efab2f57dbd6c53e17 ff887c7d10544a709fad9c928a959a91 - - default default] Error during notification for neutron.services.ovn_l3.plugin.OVNL3RouterPlugin._port_update-8792740320998 port, after_update: ovsdbapp.backend.ovs_idl.idlutils.RowNotFound: Cannot find Logical_Router_Port with name=lrp-4d257e2c-f16b-4bd3-b0f1-963991723474
2026-07-21 14:35:28.537 10 ERROR neutron_lib.callbacks.manager
Traceback (most recent call last):
2026-07-21 14:35:28.537 10 ERROR neutron_lib.callbacks.manager
File "/var/lib/openstack/lib/python3.10/site-packages/neutron_lib/callbacks/manager.py", line 189, in _notify_loop
2026-07-21 14:35:28.537 10 ERROR neutron_lib.callbacks.manager callback.method(resource, event, trigger, payload=payload)
2026-07-21 14:35:28.537 10 ERROR neutron_lib.callbacks.manager
File "/var/lib/openstack/lib/python3.10/site-packages/neutron/services/ovn_l3/plugin.py", line 391, in _port_update
2026-07-21 14:35:28.537 10 ERROR neutron_lib.callbacks.manager l3plugin._ovn_client.update_router_port(context,
2026-07-21 14:35:28.537 10 ERROR neutron_lib.callbacks.manager
File "/var/lib/openstack/lib/python3.10/site-packages/neutron/plugins/ml2/drivers/ovn/mech_driver/ovsdb/ovn_client.py", line 1878, in update_router_port
2026-07-21 14:35:28.537 10 ERROR neutron_lib.callbacks.manager self._update_lrouter_port(context, port, if_exists=if_exists,
2026-07-21 14:35:28.537 10 ERROR neutron_lib.callbacks.manager
File "/var/lib/openstack/lib/python3.10/site-packages/neutron/plugins/ml2/drivers/ovn/mech_driver/ovsdb/ovn_client.py", line 1855, in _update_lrouter_port
2026-07-21 14:35:28.537 10 ERROR neutron_lib.callbacks.manager external_ids = self._nb_idl.db_get(
2026-07-21 14:35:28.537 10 ERROR neutron_lib.callbacks.manager
File "/var/lib/openstack/lib/python3.10/site-packages/ovsdbapp/backend/ovs_idl/command.py", line 47, in execute
2026-07-21 14:35:28.537 10 ERROR neutron_lib.callbacks.manager self.run_idl(None)
2026-07-21 14:35:28.537 10 ERROR neutron_lib.callbacks.manager
File "/var/lib/openstack/lib/python3.10/site-packages/ovsdbapp/backend/ovs_idl/command.py", line 235, in run_idl
2026-07-21 14:35:28.537 10 ERROR neutron_lib.callbacks.manager record = self.api.lookup(self.table, self.record)
2026-07-21 14:35:28.537 10 ERROR neutron_lib.callbacks.manager
File "/var/lib/openstack/lib/python3.10/site-packages/ovsdbapp/backend/ovs_idl/__init__.py", line 184, in lookup
2026-07-21 14:35:28.537 10 ERROR neutron_lib.callbacks.manager return self._lookup(table, record)
2026-07-21 14:35:28.537 10 ERROR neutron_lib.callbacks.manager
File "/var/lib/openstack/lib/python3.10/site-packages/ovsdbapp/backend/ovs_idl/__init__.py", line 235, in _lookup
2026-07-21 14:35:28.537 10 ERROR neutron_lib.callbacks.manager row = idlutils.row_by_value(self, rl.table, rl.column, record)
2026-07-21 14:35:28.537 10 ERROR neutron_lib.callbacks.manager
File "/var/lib/openstack/lib/python3.10/site-packages/ovsdbapp/backend/ovs_idl/idlutils.py", line 114, in row_by_value
2026-07-21 14:35:28.537 10 ERROR neutron_lib.callbacks.manager raise RowNotFound(table=table, col=column, match=match)
2026-07-21 14:35:28.537 10 ERROR neutron_lib.callbacks.manager ovsdbapp.backend.ovs_idl.idlutils.RowNotFound: Cannot find Logical_Router_Port with name=lrp-4d257e2c-f16b-4bd3-b0f1-963991723474
2026-07-21 14:35:28.537 10 ERROR neutron_lib.callbacks.manager 
2026-07-21 14:35:28.759 10 INFO neutron.db.ovn_revision_numbers_db [None req-b24ffe8e-c66c-4e8b-be54-9b6d6abda911 aaf09a7d266440efab2f57dbd6c53e17 ff887c7d10544a709fad9c928a959a91 - - default default] Successfully bumped revision number for resource 4d257e2c-f16b-4bd3-b0f1-963991723474 (type: ports) to 1
2026-07-21 14:35:28.770 9 INFO neutron.db.ovn_revision_numbers_db [None req-e1851033-d904-4e32-a57f-b3793a021fe6 - - - - - -] Successfully bumped revision number for resource a0f2e7b9-a471-4bec-a92c-46dd17e5655d (type: ports) to 2
2026-07-21 14:35:28.836 10 WARNING neutron.scheduler.dhcp_agent_scheduler [None req-b24ffe8e-c66c-4e8b-be54-9b6d6abda911 aaf09a7d266440efab2f57dbd6c53e17 ff887c7d10544a709fad9c928a959a91 - - default default] No more DHCP agents
2026-07-21 14:35:28.837 10 WARNING neutron.api.rpc.agentnotifiers.dhcp_rpc_agent_api [None req-b24ffe8e-c66c-4e8b-be54-9b6d6abda911 aaf09a7d266440efab2f57dbd6c53e17 ff887c7d10544a709fad9c928a959a91 - - default default] Unable to schedule network e09c8664-59ff-4459-be7b-5f85b16baf1f: no agents available; will retry on subsequent port and subnet creation events.
2026-07-21 14:35:29.209 10 WARNING neutron_lib.context [None req-12738230-8faa-4b06-b94b-4421aad4fcae ea993d6991754f9ca91749e722f3c7ee 2cb544e42a374506920418f9165429e9 - - default default] Method 'is_advsvc' is deprecated since 2023.2 release (neutron-lib 3.8.0) and will be removed once support for the old RBAC API policies will be removed from Neutron. Please use method 'is_service_role' instead.
2026-07-21 14:35:29.599 9 ERROR ovsdbapp.backend.ovs_idl.command [None req-f267a590-edee-4a0a-ac57-90e9b2a50b6d 0384643769fd4d2db9bb1653bd44d2eb 8ed187219c9b4d7295121df83da9cacb - - default default] Error executing command (DbGetCommand): ovsdbapp.backend.ovs_idl.idlutils.RowNotFound: Cannot find Logical_Router_Port with name=lrp-70a73595-f34c-4ea9-b5cd-9419aed7de71
2026-07-21 14:35:29.599 9 ERROR ovsdbapp.backend.ovs_idl.command
Traceback (most recent call last):
2026-07-21 14:35:29.599 9 ERROR ovsdbapp.backend.ovs_idl.command
File "/var/lib/openstack/lib/python3.10/site-packages/ovsdbapp/backend/ovs_idl/command.py", line 47, in execute
2026-07-21 14:35:29.599 9 ERROR ovsdbapp.backend.ovs_idl.command self.run_idl(None)
2026-07-21 14:35:29.599 9 ERROR ovsdbapp.backend.ovs_idl.command
File "/var/lib/openstack/lib/python3.10/site-packages/ovsdbapp/backend/ovs_idl/command.py", line 235, in run_idl
2026-07-21 14:35:29.599 9 ERROR ovsdbapp.backend.ovs_idl.command record = self.api.lookup(self.table, self.record)
2026-07-21 14:35:29.599 9 ERROR ovsdbapp.backend.ovs_idl.command
File "/var/lib/openstack/lib/python3.10/site-packages/ovsdbapp/backend/ovs_idl/__init__.py", line 184, in lookup
2026-07-21 14:35:29.599 9 ERROR ovsdbapp.backend.ovs_idl.command return self._lookup(table, record)
2026-07-21 14:35:29.599 9 ERROR ovsdbapp.backend.ovs_idl.command
File "/var/lib/openstack/lib/python3.10/site-packages/ovsdbapp/backend/ovs_idl/__init__.py", line 235, in _lookup
2026-07-21 14:35:29.599 9 ERROR ovsdbapp.backend.ovs_idl.command row = idlutils.row_by_value(self, rl.table, rl.column, record)
2026-07-21 14:35:29.599 9 ERROR ovsdbapp.backend.ovs_idl.command
File "/var/lib/openstack/lib/python3.10/site-packages/ovsdbapp/backend/ovs_idl/idlutils.py", line 114, in row_by_value
2026-07-21 14:35:29.599 9 ERROR ovsdbapp.backend.ovs_idl.command raise RowNotFound(table=table, col=column, match=match)
2026-07-21 14:35:29.599 9 ERROR ovsdbapp.backend.ovs_idl.command ovsdbapp.backend.ovs_idl.idlutils.RowNotFound: Cannot find Logical_Router_Port with name=lrp-70a73595-f34c-4ea9-b5cd-9419aed7de71
2026-07-21 14:35:29.599 9 ERROR ovsdbapp.backend.ovs_idl.command 
2026-07-21 14:35:29.599 9 ERROR neutron_lib.callbacks.manager [None req-f267a590-edee-4a0a-ac57-90e9b2a50b6d 0384643769fd4d2db9bb1653bd44d2eb 8ed187219c9b4d7295121df83da9cacb - - default default] Error during notification for neutron.services.ovn_l3.plugin.OVNL3RouterPlugin._port_update-8792740320998 port, after_update: ovsdbapp.backend.ovs_idl.idlutils.RowNotFound: Cannot find Logical_Router_Port with name=lrp-70a73595-f34c-4ea9-b5cd-9419aed7de71
2026-07-21 14:35:29.599 9 ERROR neutron_lib.callbacks.manager
Traceback (most recent call last):
2026-07-21 14:35:29.599 9 ERROR neutron_lib.callbacks.manager
File "/var/lib/openstack/lib/python3.10/site-packages/neutron_lib/callbacks/manager.py", line 189, in _notify_loop
2026-07-21 14:35:29.599 9 ERROR neutron_lib.callbacks.manager callback.method(resource, event, trigger, payload=payload)
2026-07-21 14:35:29.599 9 ERROR neutron_lib.callbacks.manager
File "/var/lib/openstack/lib/python3.10/site-packages/neutron/services/ovn_l3/plugin.py", line 391, in _port_update
2026-07-21 14:35:29.599 9 ERROR neutron_lib.callbacks.manager l3plugin._ovn_client.update_router_port(context,
2026-07-21 14:35:29.599 9 ERROR neutron_lib.callbacks.manager
File "/var/lib/openstack/lib/python3.10/site-packages/neutron/plugins/ml2/drivers/ovn/mech_driver/ovsdb/ovn_client.py", line 1878, in update_router_port
2026-07-21 14:35:29.599 9 ERROR neutron_lib.callbacks.manager self._update_lrouter_port(context, port, if_exists=if_exists,
2026-07-21 14:35:29.599 9 ERROR neutron_lib.callbacks.manager
File "/var/lib/openstack/lib/python3.10/site-packages/neutron/plugins/ml2/drivers/ovn/mech_driver/ovsdb/ovn_client.py", line 1855, in _update_lrouter_port
2026-07-21 14:35:29.599 9 ERROR neutron_lib.callbacks.manager external_ids = self._nb_idl.db_get(
2026-07-21 14:35:29.599 9 ERROR neutron_lib.callbacks.manager
File "/var/lib/openstack/lib/python3.10/site-packages/ovsdbapp/backend/ovs_idl/command.py", line 47, in execute
2026-07-21 14:35:29.599 9 ERROR neutron_lib.callbacks.manager self.run_idl(None)
2026-07-21 14:35:29.599 9 ERROR neutron_lib.callbacks.manager
File "/var/lib/openstack/lib/python3.10/site-packages/ovsdbapp/backend/ovs_idl/command.py", line 235, in run_idl
2026-07-21 14:35:29.599 9 ERROR neutron_lib.callbacks.manager record = self.api.lookup(self.table, self.record)
2026-07-21 14:35:29.599 9 ERROR neutron_lib.callbacks.manager
File "/var/lib/openstack/lib/python3.10/site-packages/ovsdbapp/backend/ovs_idl/__init__.py", line 184, in lookup
2026-07-21 14:35:29.599 9 ERROR neutron_lib.callbacks.manager return self._lookup(table, record)
2026-07-21 14:35:29.599 9 ERROR neutron_lib.callbacks.manager
File "/var/lib/openstack/lib/python3.10/site-packages/ovsdbapp/backend/ovs_idl/__init__.py", line 235, in _lookup
2026-07-21 14:35:29.599 9 ERROR neutron_lib.callbacks.manager row = idlutils.row_by_value(self, rl.table, rl.column, record)
2026-07-21 14:35:29.599 9 ERROR neutron_lib.callbacks.manager
File "/var/lib/openstack/lib/python3.10/site-packages/ovsdbapp/backend/ovs_idl/idlutils.py", line 114, in row_by_value
2026-07-21 14:35:29.599 9 ERROR neutron_lib.callbacks.manager raise RowNotFound(table=table, col=column, match=match)
2026-07-21 14:35:29.599 9 ERROR neutron_lib.callbacks.manager ovsdbapp.backend.ovs_idl.idlutils.RowNotFound: Cannot find Logical_Router_Port with name=lrp-70a73595-f34c-4ea9-b5cd-9419aed7de71
2026-07-21 14:35:29.599 9 ERROR neutron_lib.callbacks.manager 
