2026-07-21 14:35:41.360 9 INFO neutron.wsgi [None req-f9ed7d09-4561-4cea-9da5-b2d642d598ab 265803d83b524622ad499cbffdb4b944 04fe89ad13f64e0a970477188ea4bbed - - default default] 10.0.0.21 "GET /v2.0/vpn/endpoint-groups HTTP/1.1" status: 200 len: 1382 time: 0.0179911
2026-07-21 14:35:41.393 9 INFO neutron.wsgi [None req-056daf7d-2f9a-42f6-abcf-0e82c90ae2d6 265803d83b524622ad499cbffdb4b944 04fe89ad13f64e0a970477188ea4bbed - - default default] 10.0.0.21 "DELETE /v2.0/vpn/endpoint-groups/6dbfa544-dd06-429e-9ffa-a2f1b8a00bf3 HTTP/1.1" status: 204 len: 168 time: 0.0276020
2026-07-21 14:35:41.416 9 INFO neutron.wsgi [None req-e247520f-2051-4902-b5c2-881ba4b37da9 265803d83b524622ad499cbffdb4b944 04fe89ad13f64e0a970477188ea4bbed - - default default] 10.0.0.21 "GET /v2.0/vpn/endpoint-groups HTTP/1.1" status: 200 len: 1098 time: 0.0186431
2026-07-21 14:35:41.438 9 INFO neutron.wsgi [None req-390b202c-cec5-456e-88a5-547560de6464 265803d83b524622ad499cbffdb4b944 04fe89ad13f64e0a970477188ea4bbed - - default default] 10.0.0.21 "GET /v2.0/vpn/endpoint-groups HTTP/1.1" status: 200 len: 1098 time: 0.0147052
2026-07-21 14:35:41.483 9 INFO neutron.wsgi [None req-9451842f-7b48-4b04-b740-9494e542e89d 265803d83b524622ad499cbffdb4b944 04fe89ad13f64e0a970477188ea4bbed - - default default] 10.0.0.21 "DELETE /v2.0/vpn/endpoint-groups/18be1c7e-3ccb-4980-800e-686048749fd3 HTTP/1.1" status: 204 len: 168 time: 0.0387554
2026-07-21 14:35:41.499 9 INFO neutron.wsgi [None req-7c31262f-5df4-4532-88d8-b2a6d3396e3e 265803d83b524622ad499cbffdb4b944 04fe89ad13f64e0a970477188ea4bbed - - default default] 10.0.0.21 "GET /v2.0/vpn/endpoint-groups HTTP/1.1" status: 200 len: 827 time: 0.0117474
2026-07-21 14:35:41.509 9 WARNING neutron_lib.context [None req-0a576819-2516-45d6-8d8a-7f991855f2cb 265803d83b524622ad499cbffdb4b944 04fe89ad13f64e0a970477188ea4bbed - - default default] Method 'is_advsvc' is deprecated since 2023.2 release (neutron-lib 3.8.0) and will be removed once support for the old RBAC API policies will be removed from Neutron. Please use method 'is_service_role' instead.
2026-07-21 14:35:41.699 10 INFO neutron.db.ovn_revision_numbers_db [None req-fe8da8e1-bf6e-4d02-b9d7-8bfb27b0a407 - - - - - -] Successfully bumped revision number for resource 518f924e-19f1-435a-88df-4620b0e3a158 (type: ports) to 2
2026-07-21 14:35:41.852 10 INFO neutron.db.ovn_revision_numbers_db [None req-fe8da8e1-bf6e-4d02-b9d7-8bfb27b0a407 - - - - - -] Successfully bumped revision number for resource 518f924e-19f1-435a-88df-4620b0e3a158 (type: router_ports) to 2
2026-07-21 14:35:41.971 9 INFO neutron.wsgi [req-788e1118-00ec-4511-972f-93e07cabda41 req-5f63ce47-cc25-46c8-9f88-d674c3e5addf 4574527426db490cb9090e55c868eb5d f1eac2cac9564898a6324ba8f7c0dfc6 - - default default] 10.0.0.39 "GET /v2.0/ports?device_id=2e022573-b46d-4e10-8653-0087023b3f17 HTTP/1.1" status: 200 len: 1212 time: 0.1986189
2026-07-21 14:35:42.044 9 INFO neutron.wsgi [req-788e1118-00ec-4511-972f-93e07cabda41 req-97cd1f68-028a-4723-9655-7c38c12a929c 4574527426db490cb9090e55c868eb5d f1eac2cac9564898a6324ba8f7c0dfc6 - - default default] 10.0.0.39 "GET /v2.0/security-groups?id=0b613e24-ba13-4eb4-95f1-3d39115439bf&id=ee9a3acf-099a-4e65-b193-1905d99bd4fd&fields=id&fields=name HTTP/1.1" status: 200 len: 404 time: 0.0582383
2026-07-21 14:35:42.117 10 INFO neutron.wsgi [None req-5005d6e2-97bb-4ad9-824d-9ab99bc9acc3 ea993d6991754f9ca91749e722f3c7ee 2cb544e42a374506920418f9165429e9 - - default default] 10.0.0.21 "GET /v2.0/ports/518f924e-19f1-435a-88df-4620b0e3a158 HTTP/1.1" status: 200 len: 1149 time: 0.0467403
2026-07-21 14:35:42.759 9 INFO neutron.db.ovn_revision_numbers_db [None req-0a576819-2516-45d6-8d8a-7f991855f2cb 265803d83b524622ad499cbffdb4b944 04fe89ad13f64e0a970477188ea4bbed - - default default] Successfully bumped revision number for resource 2384d10c-f867-48eb-939d-774224f65542 (type: routers) to 8
2026-07-21 14:35:42.805 9 INFO neutron.wsgi [None req-0a576819-2516-45d6-8d8a-7f991855f2cb 265803d83b524622ad499cbffdb4b944 04fe89ad13f64e0a970477188ea4bbed - - default default] 10.0.0.21 "POST /v2.0/vpn/ipsec-site-connections HTTP/1.1" status: 201 len: 1004 time: 1.3010757
2026-07-21 14:35:43.033 10 INFO neutron.wsgi [None req-2a630d75-d61b-4efb-a7ea-24ffb75ae69a ea993d6991754f9ca91749e722f3c7ee 2cb544e42a374506920418f9165429e9 - - default default] 10.0.0.21 "PUT /v2.0/routers/1562e9e6-1ed5-46ef-9dcf-498961580cbf/remove_router_interface HTTP/1.1" status: 200 len: 503 time: 0.9107873 /var/lib/openstack/lib/python3.10/site-packages/pycadf/identifier.py:71: UserWarning: Invalid uuid: neutron. To ensure interoperability, identifiers should be a valid uuid. warnings.warn(('Invalid uuid: %s. To ensure interoperability, '
2026-07-21 14:35:43.163 9 INFO neutron.wsgi [req-9c8b1348-1407-4fce-9f46-a7949d0aa724 req-f2c8c719-7363-47d3-921d-e11b59e4337b 4574527426db490cb9090e55c868eb5d f1eac2cac9564898a6324ba8f7c0dfc6 - - default default] 10.0.0.39 "GET /v2.0/ports?device_id=2e022573-b46d-4e10-8653-0087023b3f17 HTTP/1.1" status: 200 len: 1212 time: 0.0467107
2026-07-21 14:35:43.219 9 INFO neutron.wsgi [req-9c8b1348-1407-4fce-9f46-a7949d0aa724 req-bdf06e42-5f2f-4ba4-989c-121706a9d99d 4574527426db490cb9090e55c868eb5d f1eac2cac9564898a6324ba8f7c0dfc6 - - default default] 10.0.0.39 "GET /v2.0/security-groups?id=0b613e24-ba13-4eb4-95f1-3d39115439bf&id=ee9a3acf-099a-4e65-b193-1905d99bd4fd&fields=id&fields=name HTTP/1.1" status: 200 len: 404 time: 0.0459301
2026-07-21 14:35:43.438 10 INFO neutron.wsgi [None req-abe8bf43-d69d-42c0-89f3-dea2319c36f7 ea993d6991754f9ca91749e722f3c7ee 2cb544e42a374506920418f9165429e9 - - default default] 10.0.0.21 "GET /v2.0/ports/9d93cad0-24f2-4f98-946c-91303a043b23 HTTP/1.1" status: 200 len: 1141 time: 0.4011571
2026-07-21 14:35:43.881 9 WARNING neutron.plugins.ml2.drivers.ovn.mech_driver.ovsdb.ovn_client [None req-aa3eab6f-aab2-4c33-95ac-658aadf91c44 - - - - - -] No hosting information found for port 4d257e2c-f16b-4bd3-b0f1-963991723474: RuntimeError: No hosting information found for port 4d257e2c-f16b-4bd3-b0f1-963991723474
2026-07-21 14:35:43.882 9 INFO neutron.plugins.ml2.drivers.ovn.mech_driver.mech_driver [None req-aa3eab6f-aab2-4c33-95ac-658aadf91c44 - - - - - -] OVN reports status up for port: 70a73595-f34c-4ea9-b5cd-9419aed7de71
2026-07-21 14:35:43.988 10 INFO neutron.db.ovn_revision_numbers_db [None req-c0917578-2689-41ea-9038-ccda5ad2d724 265803d83b524622ad499cbffdb4b944 04fe89ad13f64e0a970477188ea4bbed - - default default] Successfully bumped revision number for resource 2384d10c-f867-48eb-939d-774224f65542 (type: routers) to 9
2026-07-21 14:35:44.012 10 INFO neutron.wsgi [None req-c0917578-2689-41ea-9038-ccda5ad2d724 265803d83b524622ad499cbffdb4b944 04fe89ad13f64e0a970477188ea4bbed - - default default] 10.0.0.21 "DELETE /v2.0/vpn/ipsec-site-connections/d80a009f-bb20-4df9-8e43-831d2eeb8d44 HTTP/1.1" status: 204 len: 168 time: 1.1933975
2026-07-21 14:35:44.033 10 INFO neutron.wsgi [None req-a7025588-835f-4d10-8e75-cab88fd35eb6 265803d83b524622ad499cbffdb4b944 04fe89ad13f64e0a970477188ea4bbed - - default default] 10.0.0.21 "GET /v2.0/vpn/ipsec-site-connections HTTP/1.1" status: 200 len: 990 time: 0.0113125
2026-07-21 14:35:44.061 10 INFO neutron.api.v2.resource [None req-4c36f3ec-dfad-44e4-99be-7a824468a845 265803d83b524622ad499cbffdb4b944 04fe89ad13f64e0a970477188ea4bbed - - default default] delete failed (client error): The resource could not be found.
2026-07-21 14:35:44.063 10 INFO neutron.wsgi [None req-4c36f3ec-dfad-44e4-99be-7a824468a845 265803d83b524622ad499cbffdb4b944 04fe89ad13f64e0a970477188ea4bbed - - default default] 10.0.0.21 "DELETE /v2.0/vpn/ipsec-site-connections/d80a009f-bb20-4df9-8e43-831d2eeb8d44 HTTP/1.1" status: 404 len: 355 time: 0.0235038
2026-07-21 14:35:44.076 10 WARNING neutron_lib.context [None req-649c2b87-b344-4956-b517-4a26e29dd044 265803d83b524622ad499cbffdb4b944 04fe89ad13f64e0a970477188ea4bbed - - default default] Method 'is_advsvc' is deprecated since 2023.2 release (neutron-lib 3.8.0) and will be removed once support for the old RBAC API policies will be removed from Neutron. Please use method 'is_service_role' instead.
2026-07-21 14:35:44.120 10 INFO neutron.wsgi [None req-649c2b87-b344-4956-b517-4a26e29dd044 265803d83b524622ad499cbffdb4b944 04fe89ad13f64e0a970477188ea4bbed - - default default] 10.0.0.21 "POST /v2.0/vpn/endpoint-groups HTTP/1.1" status: 201 len: 488 time: 0.0510607
2026-07-21 14:35:44.148 10 INFO neutron.wsgi [None req-516c22d8-c7de-4d4c-ad54-6ddaf0e3a358 265803d83b524622ad499cbffdb4b944 04fe89ad13f64e0a970477188ea4bbed - - default default] 10.0.0.21 "PUT /v2.0/vpn/endpoint-groups/a799aa47-9927-43b4-b17d-eb65f62e8d2f HTTP/1.1" status: 200 len: 483 time: 0.0214593
2026-07-21 14:35:44.167 10 INFO neutron.wsgi [None req-ec4a7503-f667-440c-ad36-371da1f0458b 265803d83b524622ad499cbffdb4b944 04fe89ad13f64e0a970477188ea4bbed - - default default] 10.0.0.21 "GET /v2.0/vpn/endpoint-groups/a799aa47-9927-43b4-b17d-eb65f62e8d2f HTTP/1.1" status: 200 len: 483 time: 0.0123870
2026-07-21 14:35:44.197 10 INFO neutron.wsgi [None req-f01c6725-c43d-46fd-8b94-1a40f29014e6 265803d83b524622ad499cbffdb4b944 04fe89ad13f64e0a970477188ea4bbed - - default default] 10.0.0.21 "DELETE /v2.0/vpn/endpoint-groups/a799aa47-9927-43b4-b17d-eb65f62e8d2f HTTP/1.1" status: 204 len: 168 time: 0.0236678
2026-07-21 14:35:44.215 10 INFO neutron.wsgi [None req-726329ed-84cd-4baf-a395-222879857d78 265803d83b524622ad499cbffdb4b944 04fe89ad13f64e0a970477188ea4bbed - - default default] 10.0.0.21 "GET /v2.0/vpn/endpoint-groups HTTP/1.1" status: 200 len: 827 time: 0.0120203
2026-07-21 14:35:44.231 10 INFO neutron.wsgi [None req-663fd70f-c733-4a89-acd0-99ef4d075084 265803d83b524622ad499cbffdb4b944 04fe89ad13f64e0a970477188ea4bbed - - default default] 10.0.0.21 "GET /v2.0/vpn/endpoint-groups HTTP/1.1" status: 200 len: 827 time: 0.0097096
2026-07-21 14:35:44.244 10 WARNING neutron_lib.context [None req-118a66a8-ca3f-4f79-91ad-a9a91dd5607f 265803d83b524622ad499cbffdb4b944 04fe89ad13f64e0a970477188ea4bbed - - default default] Method 'is_advsvc' is deprecated since 2023.2 release (neutron-lib 3.8.0) and will be removed once support for the old RBAC API policies will be removed from Neutron. Please use method 'is_service_role' instead.
2026-07-21 14:35:44.258 9 INFO neutron.wsgi [None req-fbf8273a-fd20-4cf5-b0f6-fb925a096daf ea993d6991754f9ca91749e722f3c7ee 2cb544e42a374506920418f9165429e9 - - default default] 10.0.0.21 "PUT /v2.0/routers/1562e9e6-1ed5-46ef-9dcf-498961580cbf/remove_router_interface HTTP/1.1" status: 200 len: 503 time: 0.8132493 /var/lib/openstack/lib/python3.10/site-packages/pycadf/identifier.py:71: UserWarning: Invalid uuid: neutron. To ensure interoperability, identifiers should be a valid uuid. warnings.warn(('Invalid uuid: %s. To ensure interoperability, '
2026-07-21 14:35:44.283 9 INFO neutron.wsgi [None req-5b78798f-ee7c-498b-a05b-2c714086d776 ea993d6991754f9ca91749e722f3c7ee 2cb544e42a374506920418f9165429e9 - - default default] 10.0.0.21 "GET /v2.0/ports?device_id=1562e9e6-1ed5-46ef-9dcf-498961580cbf HTTP/1.1" status: 200 len: 205 time: 0.0211475
2026-07-21 14:35:44.325 10 INFO neutron.wsgi [None req-118a66a8-ca3f-4f79-91ad-a9a91dd5607f 265803d83b524622ad499cbffdb4b944 04fe89ad13f64e0a970477188ea4bbed - - default default] 10.0.0.21 "POST /v2.0/vpn/ikepolicies HTTP/1.1" status: 201 len: 601 time: 0.0869329
2026-07-21 14:35:44.327 9 INFO neutron.wsgi [req-f5b91faa-cf68-47bc-add8-876a8d684534 req-717f61f0-a745-4668-8d59-cae7fa09c2e6 4574527426db490cb9090e55c868eb5d f1eac2cac9564898a6324ba8f7c0dfc6 - - default default] 10.0.0.39 "GET /v2.0/ports?device_id=2e022573-b46d-4e10-8653-0087023b3f17 HTTP/1.1" status: 200 len: 1212 time: 0.0423203
2026-07-21 14:35:44.370 9 INFO neutron.wsgi [None req-352ee769-432c-4d50-bfe6-a06f9a4e481e 265803d83b524622ad499cbffdb4b944 04fe89ad13f64e0a970477188ea4bbed - - default default] 10.0.0.21 "PUT /v2.0/vpn/ikepolicies/b609b688-c447-41b4-bbe8-0c74a23fa4e8 HTTP/1.1" status: 200 len: 613 time: 0.0397785
2026-07-21 14:35:44.391 9 INFO neutron.wsgi [None req-e2fdc52a-07c5-45c3-ac29-a7005152aa2a 265803d83b524622ad499cbffdb4b944 04fe89ad13f64e0a970477188ea4bbed - - default default] 10.0.0.21 "GET /v2.0/vpn/ikepolicies/b609b688-c447-41b4-bbe8-0c74a23fa4e8 HTTP/1.1" status: 200 len: 613 time: 0.0140994
2026-07-21 14:35:44.396 9 INFO neutron.wsgi [req-f5b91faa-cf68-47bc-add8-876a8d684534 req-c83b3695-4993-477e-ac79-f2ea19146b89 4574527426db490cb9090e55c868eb5d f1eac2cac9564898a6324ba8f7c0dfc6 - - default default] 10.0.0.39 "GET /v2.0/security-groups?id=0b613e24-ba13-4eb4-95f1-3d39115439bf&id=ee9a3acf-099a-4e65-b193-1905d99bd4fd&fields=id&fields=name HTTP/1.1" status: 200 len: 404 time: 0.0580409
2026-07-21 14:35:44.465 10 INFO neutron.wsgi [None req-cd8da349-757e-48f6-a8c1-9c0f82b3ae22 265803d83b524622ad499cbffdb4b944 04fe89ad13f64e0a970477188ea4bbed - - default default] 10.0.0.21 "DELETE /v2.0/vpn/ikepolicies/b609b688-c447-41b4-bbe8-0c74a23fa4e8 HTTP/1.1" status: 204 len: 168 time: 0.0698497
2026-07-21 14:35:44.480 10 INFO neutron.wsgi [None req-f39357a3-69c3-4a22-a0ad-f46dd18ba061 265803d83b524622ad499cbffdb4b944 04fe89ad13f64e0a970477188ea4bbed - - default default] 10.0.0.21 "GET /v2.0/vpn/ikepolicies HTTP/1.1" status: 200 len: 601 time: 0.0102093
2026-07-21 14:35:44.497 9 INFO neutron.wsgi [None req-1d265c0b-3c32-4a95-a8f4-e820aab09d46 265803d83b524622ad499cbffdb4b944 04fe89ad13f64e0a970477188ea4bbed - - default default] 10.0.0.21 "GET /v2.0/vpn/ikepolicies HTTP/1.1" status: 200 len: 601 time: 0.0114377
2026-07-21 14:35:44.504 9 WARNING neutron_lib.context [None req-ab5b4464-7588-43ed-9a01-f3038063bf57 265803d83b524622ad499cbffdb4b944 04fe89ad13f64e0a970477188ea4bbed - - default default] Method 'is_advsvc' is deprecated since 2023.2 release (neutron-lib 3.8.0) and will be removed once support for the old RBAC API policies will be removed from Neutron. Please use method 'is_service_role' instead.
2026-07-21 14:35:44.541 9 INFO neutron.wsgi [None req-ab5b4464-7588-43ed-9a01-f3038063bf57 265803d83b524622ad499cbffdb4b944 04fe89ad13f64e0a970477188ea4bbed - - default default] 10.0.0.21 "POST /v2.0/vpn/ipsecpolicies HTTP/1.1" status: 201 len: 611 time: 0.0401907
2026-07-21 14:35:44.587 10 INFO neutron.wsgi [None req-aeceb404-480a-4615-a2bf-d9bc8b73f117 265803d83b524622ad499cbffdb4b944 04fe89ad13f64e0a970477188ea4bbed - - default default] 10.0.0.21 "PUT /v2.0/vpn/ipsecpolicies/eeb57f4d-eced-4998-b0d2-df0e4420d998 HTTP/1.1" status: 200 len: 624 time: 0.0414257
2026-07-21 14:35:44.605 10 INFO neutron.wsgi [None req-9cc0f460-e245-4f87-a29a-99d20023c020 ea993d6991754f9ca91749e722f3c7ee 2cb544e42a374506920418f9165429e9 - - default default] 10.0.0.21 "DELETE /v2.0/routers/1562e9e6-1ed5-46ef-9dcf-498961580cbf HTTP/1.1" status: 204 len: 168 time: 0.3148673
2026-07-21 14:35:44.630 10 INFO neutron.wsgi [None req-bb320ee2-3ff6-46b6-bc2d-76be6908a301 265803d83b524622ad499cbffdb4b944 04fe89ad13f64e0a970477188ea4bbed - - default default] 10.0.0.21 "DELETE /v2.0/vpn/ipsecpolicies/eeb57f4d-eced-4998-b0d2-df0e4420d998 HTTP/1.1" status: 204 len: 168 time: 0.0382986
2026-07-21 14:35:44.648 9 INFO neutron.api.v2.resource [None req-1bb3884c-fb44-4e35-83d2-a92fa7963ab4 265803d83b524622ad499cbffdb4b944 04fe89ad13f64e0a970477188ea4bbed - - default default] delete failed (client error): The resource could not be found.
2026-07-21 14:35:44.650 9 INFO neutron.wsgi [None req-1bb3884c-fb44-4e35-83d2-a92fa7963ab4 265803d83b524622ad499cbffdb4b944 04fe89ad13f64e0a970477188ea4bbed - - default default] 10.0.0.21 "DELETE /v2.0/vpn/ipsecpolicies/eeb57f4d-eced-4998-b0d2-df0e4420d998 HTTP/1.1" status: 404 len: 346 time: 0.0134284
2026-07-21 14:35:44.664 9 INFO neutron.api.v2.resource [None req-c79f4847-94a8-4ba2-950f-88e865f3955b 265803d83b524622ad499cbffdb4b944 04fe89ad13f64e0a970477188ea4bbed - - default default] delete failed (client error): The resource could not be found.
2026-07-21 14:35:44.665 9 INFO neutron.wsgi [None req-c79f4847-94a8-4ba2-950f-88e865f3955b 265803d83b524622ad499cbffdb4b944 04fe89ad13f64e0a970477188ea4bbed - - default default] 10.0.0.21 "DELETE /v2.0/vpn/ipsecpolicies/eeb57f4d-eced-4998-b0d2-df0e4420d998 HTTP/1.1" status: 404 len: 346 time: 0.0107129
2026-07-21 14:35:44.675 9 WARNING neutron_lib.context [None req-1afa17a4-87fe-40e0-b178-02678c437bcf 265803d83b524622ad499cbffdb4b944 04fe89ad13f64e0a970477188ea4bbed - - default default] Method 'is_advsvc' is deprecated since 2023.2 release (neutron-lib 3.8.0) and will be removed once support for the old RBAC API policies will be removed from Neutron. Please use method 'is_service_role' instead.
2026-07-21 14:35:44.764 9 INFO neutron.db.segments_db [None req-1afa17a4-87fe-40e0-b178-02678c437bcf 265803d83b524622ad499cbffdb4b944 04fe89ad13f64e0a970477188ea4bbed - - default default] Added segment 75e98241-b305-42b7-bb3b-21accda0c1d0 of type geneve for network b692f0ff-9f1a-48bb-89c3-a0aded244db8
2026-07-21 14:35:44.809 10 INFO neutron.wsgi [None req-046532ef-07b2-4171-8754-7dd0dca1e7df ea993d6991754f9ca91749e722f3c7ee 2cb544e42a374506920418f9165429e9 - - default default] 10.0.0.21 "DELETE /v2.0/subnets/edcf7da4-0ef3-4c08-a054-f0f55c924313 HTTP/1.1" status: 204 len: 168 time: 0.1980577
2026-07-21 14:35:44.927 9 INFO neutron.db.ovn_revision_numbers_db [None req-1afa17a4-87fe-40e0-b178-02678c437bcf 265803d83b524622ad499cbffdb4b944 04fe89ad13f64e0a970477188ea4bbed - - default default] Successfully bumped revision number for resource b692f0ff-9f1a-48bb-89c3-a0aded244db8 (type: networks) to 1
2026-07-21 14:35:45.022 10 INFO neutron.wsgi [None req-f98ccd68-5342-4089-be85-d8a7169f64f0 ea993d6991754f9ca91749e722f3c7ee 2cb544e42a374506920418f9165429e9 - - default default] 10.0.0.21 "DELETE /v2.0/subnets/09b164dd-bcb6-497f-9c60-280a9e0472dd HTTP/1.1" status: 204 len: 168 time: 0.2078986
2026-07-21 14:35:45.142 9 WARNING neutron.scheduler.dhcp_agent_scheduler [None req-1afa17a4-87fe-40e0-b178-02678c437bcf 265803d83b524622ad499cbffdb4b944 04fe89ad13f64e0a970477188ea4bbed - - default default] No more DHCP agents
2026-07-21 14:35:45.144 9 WARNING neutron.api.rpc.agentnotifiers.dhcp_rpc_agent_api [None req-1afa17a4-87fe-40e0-b178-02678c437bcf 265803d83b524622ad499cbffdb4b944 04fe89ad13f64e0a970477188ea4bbed - - default default] Unable to schedule network b692f0ff-9f1a-48bb-89c3-a0aded244db8: no agents available; will retry on subsequent port and subnet creation events.
2026-07-21 14:35:45.252 9 INFO neutron.db.ovn_revision_numbers_db [None req-1afa17a4-87fe-40e0-b178-02678c437bcf 265803d83b524622ad499cbffdb4b944 04fe89ad13f64e0a970477188ea4bbed - - default default] Successfully bumped revision number for resource ab7b4454-efa6-497d-bd37-fcc1cc18ecc1 (type: ports) to 1
2026-07-21 14:35:45.281 9 INFO neutron.wsgi [None req-1afa17a4-87fe-40e0-b178-02678c437bcf 265803d83b524622ad499cbffdb4b944 04fe89ad13f64e0a970477188ea4bbed - - default default] 10.0.0.21 "POST /v2.0/networks HTTP/1.1" status: 201 len: 831 time: 0.6101756
2026-07-21 14:35:45.292 9 WARNING neutron_lib.context [None req-e3338718-f250-4e9b-8fd4-fde5ce0caf21 265803d83b524622ad499cbffdb4b944 04fe89ad13f64e0a970477188ea4bbed - - default default] Method 'is_advsvc' is deprecated since 2023.2 release (neutron-lib 3.8.0) and will be removed once support for the old RBAC API policies will be removed from Neutron. Please use method 'is_service_role' instead.
2026-07-21 14:35:45.448 10 INFO neutron.services.segments.plugin [-] Segment bd4d98c5-b6b3-4096-ad27-431f754da725 resource provider aggregate not found
2026-07-21 14:35:45.454 10 INFO neutron.services.segments.plugin [-] Segment bd4d98c5-b6b3-4096-ad27-431f754da725 resource provider aggregate not found
2026-07-21 14:35:45.462 10 INFO neutron.services.segments.plugin [-] Segment bd4d98c5-b6b3-4096-ad27-431f754da725 resource provider not found; error: Placement Client Error (4xx): {"errors": [{"status": 404, "title": "Not Found", "detail": "The resource could not be found.\n\n No resource provider with uuid bd4d98c5-b6b3-4096-ad27-431f754da725 found for delete ", "request_id": "req-a3e8dc27-181d-4e49-87f1-0e95642507ac"}]}
2026-07-21 14:35:45.477 10 INFO neutron.services.segments.plugin [-] Segment bd4d98c5-b6b3-4096-ad27-431f754da725 resource provider not found; error: Placement Client Error (4xx): {"errors": [{"status": 404, "title": "Not Found", "detail": "The resource could not be found.\n\n No resource provider with uuid bd4d98c5-b6b3-4096-ad27-431f754da725 found for delete ", "request_id": "req-55eafd84-c50f-44bc-8009-45ea96b8e67d"}]}
2026-07-21 14:35:45.504 10 INFO neutron.wsgi [None req-cde7d6a3-d045-4d19-ac73-1294d99db6e3 ea993d6991754f9ca91749e722f3c7ee 2cb544e42a374506920418f9165429e9 - - default default] 10.0.0.21 "DELETE /v2.0/networks/08c8d5eb-28c0-4849-babd-700804c8c719 HTTP/1.1" status: 204 len: 168 time: 0.4760592
2026-07-21 14:35:45.532 9 INFO neutron.wsgi [req-484aaf81-7da1-4b34-bfca-d6463930ef00 req-61de0498-5554-4088-b7e6-4c96b5521a4a 4574527426db490cb9090e55c868eb5d f1eac2cac9564898a6324ba8f7c0dfc6 - - default default] 10.0.0.39 "GET /v2.0/ports?device_id=2e022573-b46d-4e10-8653-0087023b3f17 HTTP/1.1" status: 200 len: 1212 time: 0.0639789
2026-07-21 14:35:45.627 9 INFO neutron.wsgi [req-484aaf81-7da1-4b34-bfca-d6463930ef00 req-226959bb-ccad-4e2d-9ecb-1f728279c7f9 4574527426db490cb9090e55c868eb5d f1eac2cac9564898a6324ba8f7c0dfc6 - - default default] 10.0.0.39 "GET /v2.0/security-groups?id=0b613e24-ba13-4eb4-95f1-3d39115439bf&id=ee9a3acf-099a-4e65-b193-1905d99bd4fd&fields=id&fields=name HTTP/1.1" status: 200 len: 404 time: 0.0834706
2026-07-21 14:35:45.634 9 WARNING neutron.scheduler.dhcp_agent_scheduler [None req-e3338718-f250-4e9b-8fd4-fde5ce0caf21 265803d83b524622ad499cbffdb4b944 04fe89ad13f64e0a970477188ea4bbed - - default default] No more DHCP agents
2026-07-21 14:35:45.636 9 WARNING neutron.api.rpc.agentnotifiers.dhcp_rpc_agent_api [None req-e3338718-f250-4e9b-8fd4-fde5ce0caf21 265803d83b524622ad499cbffdb4b944 04fe89ad13f64e0a970477188ea4bbed - - default default] Unable to schedule network b692f0ff-9f1a-48bb-89c3-a0aded244db8: no agents available; will retry on subsequent port and subnet creation events.
2026-07-21 14:35:46.027 9 INFO neutron.services.segments.plugin [-] Segment 2fab8ebb-9429-4c48-8c49-806fba9d9109 resource provider aggregate not found
2026-07-21 14:35:46.032 9 INFO neutron.services.segments.plugin [-] Segment 2fab8ebb-9429-4c48-8c49-806fba9d9109 resource provider aggregate not found
2026-07-21 14:35:46.049 9 INFO neutron.services.segments.plugin [-] Segment 2fab8ebb-9429-4c48-8c49-806fba9d9109 resource provider not found; error: Placement Client Error (4xx): {"errors": [{"status": 404, "title": "Not Found", "detail": "The resource could not be found.\n\n No resource provider with uuid 2fab8ebb-9429-4c48-8c49-806fba9d9109 found for delete ", "request_id": "req-a5225171-1aca-4cbe-81e8-9e1a9a357cfa"}]}
2026-07-21 14:35:46.054 9 INFO neutron.services.segments.plugin [-] Segment 2fab8ebb-9429-4c48-8c49-806fba9d9109 resource provider not found; error: Placement Client Error (4xx): {"errors": [{"status": 404, "title": "Not Found", "detail": "The resource could not be found.\n\n No resource provider with uuid 2fab8ebb-9429-4c48-8c49-806fba9d9109 found for delete ", "request_id": "req-9c5c2e4a-1fd7-4d54-9aed-d7455dada125"}]}
2026-07-21 14:35:46.077 9 INFO neutron.wsgi [None req-39200e7d-b7a3-49bf-b039-09280e5c80f3 ea993d6991754f9ca91749e722f3c7ee 2cb544e42a374506920418f9165429e9 - - default default] 10.0.0.21 "DELETE /v2.0/networks/2bcf62cf-6c5e-4c2f-abc7-06c1da19329d HTTP/1.1" status: 204 len: 168 time: 0.5655978
2026-07-21 14:35:46.079 10 WARNING neutron.plugins.ml2.drivers.ovn.mech_driver.ovsdb.ovn_client [None req-fe8da8e1-bf6e-4d02-b9d7-8bfb27b0a407 - - - - - -] No port found with ID 518f924e-19f1-435a-88df-4620b0e3a158: RuntimeError: No port found with ID 518f924e-19f1-435a-88df-4620b0e3a158
2026-07-21 14:35:46.079 10 INFO neutron.plugins.ml2.drivers.ovn.mech_driver.mech_driver [None req-fe8da8e1-bf6e-4d02-b9d7-8bfb27b0a407 - - - - - -] OVN reports status up for port: e7ef767e-d54b-4cd3-bd8b-a7a32c9a0b55
2026-07-21 14:35:46.088 10 WARNING neutron_lib.context [None req-38c24586-ca7c-44a1-b30c-a96d40b3538b ea993d6991754f9ca91749e722f3c7ee 2cb544e42a374506920418f9165429e9 - - default default] Method 'is_advsvc' is deprecated since 2023.2 release (neutron-lib 3.8.0) and will be removed once support for the old RBAC API policies will be removed from Neutron. Please use method 'is_service_role' instead.
2026-07-21 14:35:46.101 10 INFO neutron.plugins.ml2.plugin [None req-fe8da8e1-bf6e-4d02-b9d7-8bfb27b0a407 - - - - - -] Attempt 1 to provision port e7ef767e-d54b-4cd3-bd8b-a7a32c9a0b55
2026-07-21 14:35:46.199 10 INFO neutron.db.segments_db [None req-38c24586-ca7c-44a1-b30c-a96d40b3538b ea993d6991754f9ca91749e722f3c7ee 2cb544e42a374506920418f9165429e9 - - default default] Added segment 0856218f-4c13-4c94-a365-f89c82167432 of type geneve for network ab05df35-e227-46cb-8b91-72e9e4260022
2026-07-21 14:35:46.289 10 INFO neutron.notifiers.nova [-] Nova event matching ['req-c72b43f2-7b26-490c-a542-2e7569f20eca'] response: {'server_uuid': '2e022573-b46d-4e10-8653-0087023b3f17', 'name': 'network-vif-plugged', 'status': 'completed', 'tag': 'e7ef767e-d54b-4cd3-bd8b-a7a32c9a0b55', 'code': 200}
2026-07-21 14:35:46.370 9 INFO neutron.db.ovn_revision_numbers_db [None req-e3338718-f250-4e9b-8fd4-fde5ce0caf21 265803d83b524622ad499cbffdb4b944 04fe89ad13f64e0a970477188ea4bbed - - default default] Successfully bumped revision number for resource ab7b4454-efa6-497d-bd37-fcc1cc18ecc1 (type: ports) to 2
2026-07-21 14:35:46.423 10 INFO neutron.db.ovn_revision_numbers_db [None req-38c24586-ca7c-44a1-b30c-a96d40b3538b ea993d6991754f9ca91749e722f3c7ee 2cb544e42a374506920418f9165429e9 - - default default] Successfully bumped revision number for resource ab05df35-e227-46cb-8b91-72e9e4260022 (type: networks) to 1
2026-07-21 14:35:46.427 9 INFO neutron.db.ovn_revision_numbers_db [None req-e3338718-f250-4e9b-8fd4-fde5ce0caf21 265803d83b524622ad499cbffdb4b944 04fe89ad13f64e0a970477188ea4bbed - - default default] Successfully bumped revision number for resource 0f598bb2-01a3-41c5-b45f-6f5701cdf8ab (type: subnets) to 0
2026-07-21 14:35:46.463 9 INFO neutron.wsgi [None req-e3338718-f250-4e9b-8fd4-fde5ce0caf21 265803d83b524622ad499cbffdb4b944 04fe89ad13f64e0a970477188ea4bbed - - default default] 10.0.0.21 "POST /v2.0/subnets HTTP/1.1" status: 201 len: 804 time: 1.1767659
2026-07-21 14:35:46.480 9 WARNING neutron_lib.context [None req-b7b26785-8137-4a90-9bfd-64d4b77135cf 265803d83b524622ad499cbffdb4b944 04fe89ad13f64e0a970477188ea4bbed - - default default] Method 'is_advsvc' is deprecated since 2023.2 release (neutron-lib 3.8.0) and will be removed once support for the old RBAC API policies will be removed from Neutron. Please use method 'is_service_role' instead.
2026-07-21 14:35:46.767 10 INFO neutron.db.ovn_revision_numbers_db [None req-fe8da8e1-bf6e-4d02-b9d7-8bfb27b0a407 - - - - - -] Successfully bumped revision number for resource e7ef767e-d54b-4cd3-bd8b-a7a32c9a0b55 (type: ports) to 4
2026-07-21 14:35:46.865 9 INFO neutron.wsgi [req-df90b0b1-7a9f-4450-bfa6-fbca18d2b532 req-558c3708-0525-4195-a922-dd1ba738dbe8 4574527426db490cb9090e55c868eb5d f1eac2cac9564898a6324ba8f7c0dfc6 - - default default] 10.0.0.39 "GET /v2.0/ports?device_id=2e022573-b46d-4e10-8653-0087023b3f17 HTTP/1.1" status: 200 len: 1214 time: 0.0748982
2026-07-21 14:35:46.928 10 WARNING neutron.scheduler.dhcp_agent_scheduler [None req-38c24586-ca7c-44a1-b30c-a96d40b3538b ea993d6991754f9ca91749e722f3c7ee 2cb544e42a374506920418f9165429e9 - - default default] No more DHCP agents
2026-07-21 14:35:46.932 10 WARNING neutron.api.rpc.agentnotifiers.dhcp_rpc_agent_api [None req-38c24586-ca7c-44a1-b30c-a96d40b3538b ea993d6991754f9ca91749e722f3c7ee 2cb544e42a374506920418f9165429e9 - - default default] Unable to schedule network ab05df35-e227-46cb-8b91-72e9e4260022: no agents available; will retry on subsequent port and subnet creation events.
2026-07-21 14:35:46.995 9 INFO neutron.wsgi [req-df90b0b1-7a9f-4450-bfa6-fbca18d2b532 req-be3e6af7-c542-4453-9a9a-1fa2fdf3c170 4574527426db490cb9090e55c868eb5d f1eac2cac9564898a6324ba8f7c0dfc6 - - default default] 10.0.0.39 "GET /v2.0/security-groups?id=0b613e24-ba13-4eb4-95f1-3d39115439bf&id=ee9a3acf-099a-4e65-b193-1905d99bd4fd&fields=id&fields=name HTTP/1.1" status: 200 len: 404 time: 0.1141245
2026-07-21 14:35:47.076 10 INFO neutron.db.ovn_revision_numbers_db [None req-38c24586-ca7c-44a1-b30c-a96d40b3538b ea993d6991754f9ca91749e722f3c7ee 2cb544e42a374506920418f9165429e9 - - default default] Successfully bumped revision number for resource 5152243d-e72b-41d3-8a2d-5bf15642ed12 (type: ports) to 1
2026-07-21 14:35:47.111 10 INFO neutron.wsgi [None req-38c24586-ca7c-44a1-b30c-a96d40b3538b ea993d6991754f9ca91749e722f3c7ee 2cb544e42a374506920418f9165429e9 - - default default] 10.0.0.21 "POST /v2.0/networks HTTP/1.1" status: 201 len: 831 time: 1.0275178 /var/lib/openstack/lib/python3.10/site-packages/pycadf/identifier.py:71: UserWarning: Invalid uuid: neutron. To ensure interoperability, identifiers should be a valid uuid. warnings.warn(('Invalid uuid: %s. To ensure interoperability, '
2026-07-21 14:35:47.124 10 WARNING neutron_lib.context [None req-8c0aec7c-80e0-467b-8061-4dee15c43c94 ea993d6991754f9ca91749e722f3c7ee 2cb544e42a374506920418f9165429e9 - - default default] Method 'is_advsvc' is deprecated since 2023.2 release (neutron-lib 3.8.0) and will be removed once support for the old RBAC API policies will be removed from Neutron. Please use method 'is_service_role' instead.
2026-07-21 14:35:47.296 9 INFO neutron.wsgi [req-bbc2d092-ded9-42a0-b4e6-4785132de54c req-0801a1c6-0491-4e5b-ad34-dcffc9f5f707 4574527426db490cb9090e55c868eb5d f1eac2cac9564898a6324ba8f7c0dfc6 - - default default] 10.0.0.39 "GET /v2.0/ports?device_id=2e022573-b46d-4e10-8653-0087023b3f17 HTTP/1.1" status: 200 len: 1214 time: 0.1854289
2026-07-21 14:35:47.482 10 WARNING neutron.scheduler.dhcp_agent_scheduler [None req-8c0aec7c-80e0-467b-8061-4dee15c43c94 ea993d6991754f9ca91749e722f3c7ee 2cb544e42a374506920418f9165429e9 - - default default] No more DHCP agents
2026-07-21 14:35:47.486 10 WARNING neutron.api.rpc.agentnotifiers.dhcp_rpc_agent_api [None req-8c0aec7c-80e0-467b-8061-4dee15c43c94 ea993d6991754f9ca91749e722f3c7ee 2cb544e42a374506920418f9165429e9 - - default default] Unable to schedule network ab05df35-e227-46cb-8b91-72e9e4260022: no agents available; will retry on subsequent port and subnet creation events.
2026-07-21 14:35:47.505 9 WARNING neutron.scheduler.dhcp_agent_scheduler [None req-b7b26785-8137-4a90-9bfd-64d4b77135cf 265803d83b524622ad499cbffdb4b944 04fe89ad13f64e0a970477188ea4bbed - - default default] No more DHCP agents
2026-07-21 14:35:47.507 9 WARNING neutron.api.rpc.agentnotifiers.dhcp_rpc_agent_api [None req-b7b26785-8137-4a90-9bfd-64d4b77135cf 265803d83b524622ad499cbffdb4b944 04fe89ad13f64e0a970477188ea4bbed - - default default] Unable to schedule network 4b3149dc-3d64-47b9-87b8-94a2e620dd09: no agents available; will retry on subsequent port and subnet creation events.
2026-07-21 14:35:47.573 10 INFO neutron.db.ovn_revision_numbers_db [None req-8c0aec7c-80e0-467b-8061-4dee15c43c94 ea993d6991754f9ca91749e722f3c7ee 2cb544e42a374506920418f9165429e9 - - default default] Successfully bumped revision number for resource 0ce6f0d6-9f53-4ba4-806e-6945898a7c7c (type: subnets) to 0
2026-07-21 14:35:47.612 10 INFO neutron.wsgi [None req-8c0aec7c-80e0-467b-8061-4dee15c43c94 ea993d6991754f9ca91749e722f3c7ee 2cb544e42a374506920418f9165429e9 - - default default] 10.0.0.21 "POST /v2.0/subnets HTTP/1.1" status: 201 len: 821 time: 0.4928701
2026-07-21 14:35:47.622 9 WARNING neutron_lib.context [None req-9fbb7695-80e1-4b56-8a35-372fcad9afc2 ea993d6991754f9ca91749e722f3c7ee 2cb544e42a374506920418f9165429e9 - - default default] Method 'is_advsvc' is deprecated since 2023.2 release (neutron-lib 3.8.0) and will be removed once support for the old RBAC API policies will be removed from Neutron. Please use method 'is_service_role' instead.
2026-07-21 14:35:47.729 9 INFO neutron.db.ovn_revision_numbers_db [None req-b7b26785-8137-4a90-9bfd-64d4b77135cf 265803d83b524622ad499cbffdb4b944 04fe89ad13f64e0a970477188ea4bbed - - default default] Successfully bumped revision number for resource 73045d41-57bf-4c6c-84b0-232db9a48be8 (type: ports) to 1
2026-07-21 14:35:47.787 9 INFO neutron.db.ovn_revision_numbers_db [None req-9fbb7695-80e1-4b56-8a35-372fcad9afc2 ea993d6991754f9ca91749e722f3c7ee 2cb544e42a374506920418f9165429e9 - - default default] Successfully bumped revision number for resource e94f8a79-0bfe-4292-8b64-8a8df60c03c3 (type: routers) to 1
2026-07-21 14:35:47.813 9 INFO neutron.wsgi [None req-9fbb7695-80e1-4b56-8a35-372fcad9afc2 ea993d6991754f9ca91749e722f3c7ee 2cb544e42a374506920418f9165429e9 - - default default] 10.0.0.21 "POST /v2.0/routers HTTP/1.1" status: 201 len: 806 time: 0.1957502
2026-07-21 14:35:47.828 9 WARNING neutron_lib.context [None req-25272f00-5111-47dc-9f78-6ec81d034da3 ea993d6991754f9ca91749e722f3c7ee 2cb544e42a374506920418f9165429e9 - - default default] Method 'is_advsvc' is deprecated since 2023.2 release (neutron-lib 3.8.0) and will be removed once support for the old RBAC API policies will be removed from Neutron. Please use method 'is_service_role' instead.
2026-07-21 14:35:48.091 10 INFO neutron.db.ovn_revision_numbers_db [None req-853338d8-4383-4f15-8776-482a180b403e 4574527426db490cb9090e55c868eb5d f1eac2cac9564898a6324ba8f7c0dfc6 - - default default] Successfully bumped revision number for resource cabe50e4-bcbd-4d43-94b6-3dbca9c0a5fc (type: floatingips) to 1
2026-07-21 14:35:48.420 9 WARNING neutron.scheduler.dhcp_agent_scheduler [None req-25272f00-5111-47dc-9f78-6ec81d034da3 ea993d6991754f9ca91749e722f3c7ee 2cb544e42a374506920418f9165429e9 - - default default] No more DHCP agents
2026-07-21 14:35:48.425 9 WARNING neutron.api.rpc.agentnotifiers.dhcp_rpc_agent_api [None req-25272f00-5111-47dc-9f78-6ec81d034da3 ea993d6991754f9ca91749e722f3c7ee 2cb544e42a374506920418f9165429e9 - - default default] Unable to schedule network ab05df35-e227-46cb-8b91-72e9e4260022: no agents available; will retry on subsequent port and subnet creation events.
2026-07-21 14:35:48.470 10 INFO neutron.notifiers.nova [-] Nova event matching ['req-1bb280f5-9a85-46b9-a15d-7a8c77edb442'] response: {'server_uuid': '2e022573-b46d-4e10-8653-0087023b3f17', 'name': 'network-vif-plugged', 'status': 'completed', 'tag': 'e7ef767e-d54b-4cd3-bd8b-a7a32c9a0b55', 'code': 200}
2026-07-21 14:35:48.475 10 INFO neutron.db.ovn_revision_numbers_db [None req-853338d8-4383-4f15-8776-482a180b403e 4574527426db490cb9090e55c868eb5d f1eac2cac9564898a6324ba8f7c0dfc6 - - default default] Successfully bumped revision number for resource cabe50e4-bcbd-4d43-94b6-3dbca9c0a5fc (type: floatingips) to 2
2026-07-21 14:35:48.475 10 INFO neutron.db.l3_db [None req-853338d8-4383-4f15-8776-482a180b403e 4574527426db490cb9090e55c868eb5d f1eac2cac9564898a6324ba8f7c0dfc6 - - default default] Floating IP cabe50e4-bcbd-4d43-94b6-3dbca9c0a5fc associated. External IP: 10.96.250.210, port: e7ef767e-d54b-4cd3-bd8b-a7a32c9a0b55.
2026-07-21 14:35:48.507 10 INFO neutron.wsgi [None req-853338d8-4383-4f15-8776-482a180b403e 4574527426db490cb9090e55c868eb5d f1eac2cac9564898a6324ba8f7c0dfc6 - - default default] 10.0.0.21 "PUT /v2.0/floatingips/cabe50e4-bcbd-4d43-94b6-3dbca9c0a5fc HTTP/1.1" status: 200 len: 1050 time: 1.1998746
2026-07-21 14:35:48.833 9 INFO neutron.db.ovn_revision_numbers_db [None req-25272f00-5111-47dc-9f78-6ec81d034da3 ea993d6991754f9ca91749e722f3c7ee 2cb544e42a374506920418f9165429e9 - - default default] Successfully bumped revision number for resource d55a21c8-70fd-4cc8-b0b4-7185ab19461c (type: ports) to 1
2026-07-21 14:35:48.859 9 INFO neutron.wsgi [None req-25272f00-5111-47dc-9f78-6ec81d034da3 ea993d6991754f9ca91749e722f3c7ee 2cb544e42a374506920418f9165429e9 - - default default] 10.0.0.21 "POST /v2.0/ports HTTP/1.1" status: 201 len: 1162 time: 1.0371492 /var/lib/openstack/lib/python3.10/site-packages/pycadf/identifier.py:71: UserWarning: Invalid uuid: neutron. To ensure interoperability, identifiers should be a valid uuid. warnings.warn(('Invalid uuid: %s. To ensure interoperability, '
2026-07-21 14:35:48.920 9 INFO neutron.plugins.ml2.drivers.ovn.mech_driver.ovsdb.commands [None req-e15b6d3f-5235-4fca-aea0-2cbb5e37e8fc - - - - - -] Schedule LRP lrp-73045d41-57bf-4c6c-84b0-232db9a48be8 on gateway 1b28d1c7-1940-4de0-af00-52481c014bf1 with priority 1
2026-07-21 14:35:48.931 9 INFO neutron.plugins.ml2.drivers.ovn.mech_driver.mech_driver [None req-aa3eab6f-aab2-4c33-95ac-658aadf91c44 - - - - - -] OVN reports status up for port: 73045d41-57bf-4c6c-84b0-232db9a48be8
2026-07-21 14:35:48.948 9 INFO neutron.plugins.ml2.plugin [None req-aa3eab6f-aab2-4c33-95ac-658aadf91c44 - - - - - -] Attempt 1 to provision port 73045d41-57bf-4c6c-84b0-232db9a48be8
2026-07-21 14:35:48.975 9 INFO neutron.db.ovn_revision_numbers_db [None req-b7b26785-8137-4a90-9bfd-64d4b77135cf 265803d83b524622ad499cbffdb4b944 04fe89ad13f64e0a970477188ea4bbed - - default default] Successfully bumped revision number for resource 73045d41-57bf-4c6c-84b0-232db9a48be8 (type: router_ports) to 1
2026-07-21 14:35:49.066 9 INFO neutron.db.ovn_revision_numbers_db [None req-b7b26785-8137-4a90-9bfd-64d4b77135cf 265803d83b524622ad499cbffdb4b944 04fe89ad13f64e0a970477188ea4bbed - - default default] Successfully bumped revision number for resource 5274ec35-161c-4fd4-942c-3a4c1e577ed4 (type: routers) to 2
2026-07-21 14:35:49.082 9 INFO neutron.wsgi [None req-b7b26785-8137-4a90-9bfd-64d4b77135cf 265803d83b524622ad499cbffdb4b944 04fe89ad13f64e0a970477188ea4bbed - - default default] 10.0.0.21 "POST /v2.0/routers HTTP/1.1" status: 201 len: 1136 time: 2.6115570 /var/lib/openstack/lib/python3.10/site-packages/pycadf/identifier.py:71: UserWarning: Invalid uuid: neutron. To ensure interoperability, identifiers should be a valid uuid. warnings.warn(('Invalid uuid: %s. To ensure interoperability, '
2026-07-21 14:35:49.403 10 ERROR ovsdbapp.backend.ovs_idl.command [None req-707bf945-061f-44cf-9dea-e849af876ac6 ea993d6991754f9ca91749e722f3c7ee 2cb544e42a374506920418f9165429e9 - - default default] Error executing command (DbGetCommand): ovsdbapp.backend.ovs_idl.idlutils.RowNotFound: Cannot find Logical_Router_Port with name=lrp-d55a21c8-70fd-4cc8-b0b4-7185ab19461c
2026-07-21 14:35:49.403 10 ERROR ovsdbapp.backend.ovs_idl.command
Traceback (most recent call last):
2026-07-21 14:35:49.403 10 ERROR ovsdbapp.backend.ovs_idl.command
File "/var/lib/openstack/lib/python3.10/site-packages/ovsdbapp/backend/ovs_idl/command.py", line 47, in execute
2026-07-21 14:35:49.403 10 ERROR ovsdbapp.backend.ovs_idl.command self.run_idl(None)
2026-07-21 14:35:49.403 10 ERROR ovsdbapp.backend.ovs_idl.command
File "/var/lib/openstack/lib/python3.10/site-packages/ovsdbapp/backend/ovs_idl/command.py", line 235, in run_idl
2026-07-21 14:35:49.403 10 ERROR ovsdbapp.backend.ovs_idl.command record = self.api.lookup(self.table, self.record)
2026-07-21 14:35:49.403 10 ERROR ovsdbapp.backend.ovs_idl.command
File "/var/lib/openstack/lib/python3.10/site-packages/ovsdbapp/backend/ovs_idl/__init__.py", line 184, in lookup
2026-07-21 14:35:49.403 10 ERROR ovsdbapp.backend.ovs_idl.command return self._lookup(table, record)
2026-07-21 14:35:49.403 10 ERROR ovsdbapp.backend.ovs_idl.command
File "/var/lib/openstack/lib/python3.10/site-packages/ovsdbapp/backend/ovs_idl/__init__.py", line 235, in _lookup
2026-07-21 14:35:49.403 10 ERROR ovsdbapp.backend.ovs_idl.command row = idlutils.row_by_value(self, rl.table, rl.column, record)
2026-07-21 14:35:49.403 10 ERROR ovsdbapp.backend.ovs_idl.command
File "/var/lib/openstack/lib/python3.10/site-packages/ovsdbapp/backend/ovs_idl/idlutils.py", line 114, in row_by_value
2026-07-21 14:35:49.403 10 ERROR ovsdbapp.backend.ovs_idl.command raise RowNotFound(table=table, col=column, match=match)
2026-07-21 14:35:49.403 10 ERROR ovsdbapp.backend.ovs_idl.command ovsdbapp.backend.ovs_idl.idlutils.RowNotFound: Cannot find Logical_Router_Port with name=lrp-d55a21c8-70fd-4cc8-b0b4-7185ab19461c
2026-07-21 14:35:49.403 10 ERROR ovsdbapp.backend.ovs_idl.command 
2026-07-21 14:35:49.404 10 ERROR neutron_lib.callbacks.manager [None req-707bf945-061f-44cf-9dea-e849af876ac6 ea993d6991754f9ca91749e722f3c7ee 2cb544e42a374506920418f9165429e9 - - default default] Error during notification for neutron.services.ovn_l3.plugin.OVNL3RouterPlugin._port_update-8792740320998 port, after_update: ovsdbapp.backend.ovs_idl.idlutils.RowNotFound: Cannot find Logical_Router_Port with name=lrp-d55a21c8-70fd-4cc8-b0b4-7185ab19461c
2026-07-21 14:35:49.404 10 ERROR neutron_lib.callbacks.manager
Traceback (most recent call last):
2026-07-21 14:35:49.404 10 ERROR neutron_lib.callbacks.manager
File "/var/lib/openstack/lib/python3.10/site-packages/neutron_lib/callbacks/manager.py", line 189, in _notify_loop
2026-07-21 14:35:49.404 10 ERROR neutron_lib.callbacks.manager callback.method(resource, event, trigger, payload=payload)
2026-07-21 14:35:49.404 10 ERROR neutron_lib.callbacks.manager
File "/var/lib/openstack/lib/python3.10/site-packages/neutron/services/ovn_l3/plugin.py", line 391, in _port_update
2026-07-21 14:35:49.404 10 ERROR neutron_lib.callbacks.manager l3plugin._ovn_client.update_router_port(context,
2026-07-21 14:35:49.404 10 ERROR neutron_lib.callbacks.manager
File "/var/lib/openstack/lib/python3.10/site-packages/neutron/plugins/ml2/drivers/ovn/mech_driver/ovsdb/ovn_client.py", line 1878, in update_router_port
2026-07-21 14:35:49.404 10 ERROR neutron_lib.callbacks.manager self._update_lrouter_port(context, port, if_exists=if_exists,
2026-07-21 14:35:49.404 10 ERROR neutron_lib.callbacks.manager
File "/var/lib/openstack/lib/python3.10/site-packages/neutron/plugins/ml2/drivers/ovn/mech_driver/ovsdb/ovn_client.py", line 1855, in _update_lrouter_port
2026-07-21 14:35:49.404 10 ERROR neutron_lib.callbacks.manager external_ids = self._nb_idl.db_get(
2026-07-21 14:35:49.404 10 ERROR neutron_lib.callbacks.manager
File "/var/lib/openstack/lib/python3.10/site-packages/ovsdbapp/backend/ovs_idl/command.py", line 47, in execute
2026-07-21 14:35:49.404 10 ERROR neutron_lib.callbacks.manager self.run_idl(None)
2026-07-21 14:35:49.404 10 ERROR neutron_lib.callbacks.manager
File "/var/lib/openstack/lib/python3.10/site-packages/ovsdbapp/backend/ovs_idl/command.py", line 235, in run_idl
2026-07-21 14:35:49.404 10 ERROR neutron_lib.callbacks.manager record = self.api.lookup(self.table, self.record)
2026-07-21 14:35:49.404 10 ERROR neutron_lib.callbacks.manager
File "/var/lib/openstack/lib/python3.10/site-packages/ovsdbapp/backend/ovs_idl/__init__.py", line 184, in lookup
2026-07-21 14:35:49.404 10 ERROR neutron_lib.callbacks.manager return self._lookup(table, record)
2026-07-21 14:35:49.404 10 ERROR neutron_lib.callbacks.manager
File "/var/lib/openstack/lib/python3.10/site-packages/ovsdbapp/backend/ovs_idl/__init__.py", line 235, in _lookup
2026-07-21 14:35:49.404 10 ERROR neutron_lib.callbacks.manager row = idlutils.row_by_value(self, rl.table, rl.column, record)
2026-07-21 14:35:49.404 10 ERROR neutron_lib.callbacks.manager
File "/var/lib/openstack/lib/python3.10/site-packages/ovsdbapp/backend/ovs_idl/idlutils.py", line 114, in row_by_value
2026-07-21 14:35:49.404 10 ERROR neutron_lib.callbacks.manager raise RowNotFound(table=table, col=column, match=match)
2026-07-21 14:35:49.404 10 ERROR neutron_lib.callbacks.manager ovsdbapp.backend.ovs_idl.idlutils.RowNotFound: Cannot find Logical_Router_Port with name=lrp-d55a21c8-70fd-4cc8-b0b4-7185ab19461c
2026-07-21 14:35:49.404 10 ERROR neutron_lib.callbacks.manager 
2026-07-21 14:35:49.556 10 INFO neutron.db.ovn_revision_numbers_db [None req-707bf945-061f-44cf-9dea-e849af876ac6 ea993d6991754f9ca91749e722f3c7ee 2cb544e42a374506920418f9165429e9 - - default default] Successfully bumped revision number for resource d55a21c8-70fd-4cc8-b0b4-7185ab19461c (type: ports) to 2
2026-07-21 14:35:49.762 9 WARNING neutron.scheduler.dhcp_agent_scheduler [None req-51ac8d92-eee7-4876-acbd-4ca7631e2972 265803d83b524622ad499cbffdb4b944 04fe89ad13f64e0a970477188ea4bbed - - default default] No more DHCP agents
2026-07-21 14:35:49.764 9 WARNING neutron.api.rpc.agentnotifiers.dhcp_rpc_agent_api [None req-51ac8d92-eee7-4876-acbd-4ca7631e2972 265803d83b524622ad499cbffdb4b944 04fe89ad13f64e0a970477188ea4bbed - - default default] Unable to schedule network b692f0ff-9f1a-48bb-89c3-a0aded244db8: no agents available; will retry on subsequent port and subnet creation events.
2026-07-21 14:35:49.971 9 INFO neutron.db.ovn_revision_numbers_db [None req-51ac8d92-eee7-4876-acbd-4ca7631e2972 265803d83b524622ad499cbffdb4b944 04fe89ad13f64e0a970477188ea4bbed - - default default] Successfully bumped revision number for resource e10cbc00-2ed9-4c46-917f-38a2ed56257c (type: ports) to 1
2026-07-21 14:35:50.096 10 ERROR ovsdbapp.backend.ovs_idl.command [None req-707bf945-061f-44cf-9dea-e849af876ac6 ea993d6991754f9ca91749e722f3c7ee 2cb544e42a374506920418f9165429e9 - - default default] Error executing command (DbGetCommand): ovsdbapp.backend.ovs_idl.idlutils.RowNotFound: Cannot find Logical_Router_Port with name=lrp-d55a21c8-70fd-4cc8-b0b4-7185ab19461c
2026-07-21 14:35:50.096 10 ERROR ovsdbapp.backend.ovs_idl.command
Traceback (most recent call last):
2026-07-21 14:35:50.096 10 ERROR ovsdbapp.backend.ovs_idl.command
File "/var/lib/openstack/lib/python3.10/site-packages/ovsdbapp/backend/ovs_idl/command.py", line 47, in execute
2026-07-21 14:35:50.096 10 ERROR ovsdbapp.backend.ovs_idl.command self.run_idl(None)
2026-07-21 14:35:50.096 10 ERROR ovsdbapp.backend.ovs_idl.command
File "/var/lib/openstack/lib/python3.10/site-packages/ovsdbapp/backend/ovs_idl/command.py", line 235, in run_idl
2026-07-21 14:35:50.096 10 ERROR ovsdbapp.backend.ovs_idl.command record = self.api.lookup(self.table, self.record)
2026-07-21 14:35:50.096 10 ERROR ovsdbapp.backend.ovs_idl.command
File "/var/lib/openstack/lib/python3.10/site-packages/ovsdbapp/backend/ovs_idl/__init__.py", line 184, in lookup
2026-07-21 14:35:50.096 10 ERROR ovsdbapp.backend.ovs_idl.command return self._lookup(table, record)
2026-07-21 14:35:50.096 10 ERROR ovsdbapp.backend.ovs_idl.command
File "/var/lib/openstack/lib/python3.10/site-packages/ovsdbapp/backend/ovs_idl/__init__.py", line 235, in _lookup
2026-07-21 14:35:50.096 10 ERROR ovsdbapp.backend.ovs_idl.command row = idlutils.row_by_value(self, rl.table, rl.column, record)
2026-07-21 14:35:50.096 10 ERROR ovsdbapp.backend.ovs_idl.command
File "/var/lib/openstack/lib/python3.10/site-packages/ovsdbapp/backend/ovs_idl/idlutils.py", line 114, in row_by_value
2026-07-21 14:35:50.096 10 ERROR ovsdbapp.backend.ovs_idl.command raise RowNotFound(table=table, col=column, match=match)
2026-07-21 14:35:50.096 10 ERROR ovsdbapp.backend.ovs_idl.command ovsdbapp.backend.ovs_idl.idlutils.RowNotFound: Cannot find Logical_Router_Port with name=lrp-d55a21c8-70fd-4cc8-b0b4-7185ab19461c
2026-07-21 14:35:50.096 10 ERROR ovsdbapp.backend.ovs_idl.command 
2026-07-21 14:35:50.097 10 ERROR neutron_lib.callbacks.manager [None req-707bf945-061f-44cf-9dea-e849af876ac6 ea993d6991754f9ca91749e722f3c7ee 2cb544e42a374506920418f9165429e9 - - default default] Error during notification for neutron.services.ovn_l3.plugin.OVNL3RouterPlugin._port_update-8792740320998 port, after_update: ovsdbapp.backend.ovs_idl.idlutils.RowNotFound: Cannot find Logical_Router_Port with name=lrp-d55a21c8-70fd-4cc8-b0b4-7185ab19461c
2026-07-21 14:35:50.097 10 ERROR neutron_lib.callbacks.manager
Traceback (most recent call last):
2026-07-21 14:35:50.097 10 ERROR neutron_lib.callbacks.manager
File "/var/lib/openstack/lib/python3.10/site-packages/neutron_lib/callbacks/manager.py", line 189, in _notify_loop
2026-07-21 14:35:50.097 10 ERROR neutron_lib.callbacks.manager callback.method(resource, event, trigger, payload=payload)
2026-07-21 14:35:50.097 10 ERROR neutron_lib.callbacks.manager
File "/var/lib/openstack/lib/python3.10/site-packages/neutron/services/ovn_l3/plugin.py", line 391, in _port_update
2026-07-21 14:35:50.097 10 ERROR neutron_lib.callbacks.manager l3plugin._ovn_client.update_router_port(context,
2026-07-21 14:35:50.097 10 ERROR neutron_lib.callbacks.manager
File "/var/lib/openstack/lib/python3.10/site-packages/neutron/plugins/ml2/drivers/ovn/mech_driver/ovsdb/ovn_client.py", line 1878, in update_router_port
2026-07-21 14:35:50.097 10 ERROR neutron_lib.callbacks.manager self._update_lrouter_port(context, port, if_exists=if_exists,
2026-07-21 14:35:50.097 10 ERROR neutron_lib.callbacks.manager
File "/var/lib/openstack/lib/python3.10/site-packages/neutron/plugins/ml2/drivers/ovn/mech_driver/ovsdb/ovn_client.py", line 1855, in _update_lrouter_port
2026-07-21 14:35:50.097 10 ERROR neutron_lib.callbacks.manager external_ids = self._nb_idl.db_get(
2026-07-21 14:35:50.097 10 ERROR neutron_lib.callbacks.manager
File "/var/lib/openstack/lib/python3.10/site-packages/ovsdbapp/backend/ovs_idl/command.py", line 47, in execute
2026-07-21 14:35:50.097 10 ERROR neutron_lib.callbacks.manager self.run_idl(None)
2026-07-21 14:35:50.097 10 ERROR neutron_lib.callbacks.manager
File "/var/lib/openstack/lib/python3.10/site-packages/ovsdbapp/backend/ovs_idl/command.py", line 235, in run_idl
2026-07-21 14:35:50.097 10 ERROR neutron_lib.callbacks.manager record = self.api.lookup(self.table, self.record)
2026-07-21 14:35:50.097 10 ERROR neutron_lib.callbacks.manager
File "/var/lib/openstack/lib/python3.10/site-packages/ovsdbapp/backend/ovs_idl/__init__.py", line 184, in lookup
2026-07-21 14:35:50.097 10 ERROR neutron_lib.callbacks.manager return self._lookup(table, record)
2026-07-21 14:35:50.097 10 ERROR neutron_lib.callbacks.manager
File "/var/lib/openstack/lib/python3.10/site-packages/ovsdbapp/backend/ovs_idl/__init__.py", line 235, in _lookup
