2026-07-21 14:32:36.616 9 ERROR neutron_lib.callbacks.manager ovsdbapp.backend.ovs_idl.idlutils.RowNotFound: Cannot find Logical_Router_Port with name=lrp-b8ee6221-a450-4571-a79e-c9b6532aa184
2026-07-21 14:32:36.616 9 ERROR neutron_lib.callbacks.manager 
2026-07-21 14:32:36.632 10 INFO neutron.wsgi [None req-4c178c01-a8d2-450c-b966-b61b04cfc611 aaf09a7d266440efab2f57dbd6c53e17 ff887c7d10544a709fad9c928a959a91 - - default default] 10.0.0.21 "DELETE /v2.0/security-groups/f502702a-9b14-4d27-8055-9d695c852269 HTTP/1.1" status: 204 len: 168 time: 0.2812018
2026-07-21 14:32:36.639 10 INFO neutron.db.ovn_revision_numbers_db [None req-fa850192-33ec-4d09-b6b5-1b64b891cb02 - - - - - -] Successfully bumped revision number for resource ac40bbc3-2590-4476-8078-cb68426f13d3 (type: ports) to 2
2026-07-21 14:32:37.093 9 INFO neutron.db.ovn_revision_numbers_db [None req-2092866c-929e-4ad3-8c4d-5da6063416f5 aaf09a7d266440efab2f57dbd6c53e17 ff887c7d10544a709fad9c928a959a91 - - default default] Successfully bumped revision number for resource b8ee6221-a450-4571-a79e-c9b6532aa184 (type: ports) to 1
2026-07-21 14:32:37.129 10 INFO neutron.plugins.ml2.drivers.ovn.mech_driver.mech_driver [None req-fe8da8e1-bf6e-4d02-b9d7-8bfb27b0a407 - - - - - -] OVN reports status up for port: b8ee6221-a450-4571-a79e-c9b6532aa184
2026-07-21 14:32:37.140 10 INFO neutron.plugins.ml2.plugin [None req-fe8da8e1-bf6e-4d02-b9d7-8bfb27b0a407 - - - - - -] Attempt 1 to provision port b8ee6221-a450-4571-a79e-c9b6532aa184
2026-07-21 14:32:37.159 9 WARNING neutron.scheduler.dhcp_agent_scheduler [None req-2092866c-929e-4ad3-8c4d-5da6063416f5 aaf09a7d266440efab2f57dbd6c53e17 ff887c7d10544a709fad9c928a959a91 - - default default] No more DHCP agents
2026-07-21 14:32:37.160 9 WARNING neutron.api.rpc.agentnotifiers.dhcp_rpc_agent_api [None req-2092866c-929e-4ad3-8c4d-5da6063416f5 aaf09a7d266440efab2f57dbd6c53e17 ff887c7d10544a709fad9c928a959a91 - - default default] Unable to schedule network bf66c57b-0e6a-47ba-829b-7bf3c1ff46db: no agents available; will retry on subsequent port and subnet creation events.
2026-07-21 14:32:37.324 10 INFO neutron.db.ovn_revision_numbers_db [None req-fa850192-33ec-4d09-b6b5-1b64b891cb02 - - - - - -] Successfully bumped revision number for resource ac40bbc3-2590-4476-8078-cb68426f13d3 (type: ports) to 4
2026-07-21 14:32:37.662 10 INFO neutron.db.ovn_revision_numbers_db [None req-fa850192-33ec-4d09-b6b5-1b64b891cb02 - - - - - -] Successfully bumped revision number for resource ac40bbc3-2590-4476-8078-cb68426f13d3 (type: router_ports) to 4
2026-07-21 14:32:37.707 10 INFO neutron.db.ovn_revision_numbers_db [None req-fe8da8e1-bf6e-4d02-b9d7-8bfb27b0a407 - - - - - -] Successfully bumped revision number for resource b8ee6221-a450-4571-a79e-c9b6532aa184 (type: ports) to 2
2026-07-21 14:32:37.815 10 ERROR ovsdbapp.backend.ovs_idl.command [None req-fe8da8e1-bf6e-4d02-b9d7-8bfb27b0a407 - - - - - -] Error executing command (DbGetCommand): ovsdbapp.backend.ovs_idl.idlutils.RowNotFound: Cannot find Logical_Router_Port with name=lrp-b8ee6221-a450-4571-a79e-c9b6532aa184
2026-07-21 14:32:37.815 10 ERROR ovsdbapp.backend.ovs_idl.command
Traceback (most recent call last):
2026-07-21 14:32:37.815 10 ERROR ovsdbapp.backend.ovs_idl.command
File "/var/lib/openstack/lib/python3.10/site-packages/ovsdbapp/backend/ovs_idl/command.py", line 47, in execute
2026-07-21 14:32:37.815 10 ERROR ovsdbapp.backend.ovs_idl.command self.run_idl(None)
2026-07-21 14:32:37.815 10 ERROR ovsdbapp.backend.ovs_idl.command
File "/var/lib/openstack/lib/python3.10/site-packages/ovsdbapp/backend/ovs_idl/command.py", line 235, in run_idl
2026-07-21 14:32:37.815 10 ERROR ovsdbapp.backend.ovs_idl.command record = self.api.lookup(self.table, self.record)
2026-07-21 14:32:37.815 10 ERROR ovsdbapp.backend.ovs_idl.command
File "/var/lib/openstack/lib/python3.10/site-packages/ovsdbapp/backend/ovs_idl/__init__.py", line 184, in lookup
2026-07-21 14:32:37.815 10 ERROR ovsdbapp.backend.ovs_idl.command return self._lookup(table, record)
2026-07-21 14:32:37.815 10 ERROR ovsdbapp.backend.ovs_idl.command
File "/var/lib/openstack/lib/python3.10/site-packages/ovsdbapp/backend/ovs_idl/__init__.py", line 235, in _lookup
2026-07-21 14:32:37.815 10 ERROR ovsdbapp.backend.ovs_idl.command row = idlutils.row_by_value(self, rl.table, rl.column, record)
2026-07-21 14:32:37.815 10 ERROR ovsdbapp.backend.ovs_idl.command
File "/var/lib/openstack/lib/python3.10/site-packages/ovsdbapp/backend/ovs_idl/idlutils.py", line 114, in row_by_value
2026-07-21 14:32:37.815 10 ERROR ovsdbapp.backend.ovs_idl.command raise RowNotFound(table=table, col=column, match=match)
2026-07-21 14:32:37.815 10 ERROR ovsdbapp.backend.ovs_idl.command ovsdbapp.backend.ovs_idl.idlutils.RowNotFound: Cannot find Logical_Router_Port with name=lrp-b8ee6221-a450-4571-a79e-c9b6532aa184
2026-07-21 14:32:37.815 10 ERROR ovsdbapp.backend.ovs_idl.command 
2026-07-21 14:32:37.816 10 ERROR neutron_lib.callbacks.manager [None req-fe8da8e1-bf6e-4d02-b9d7-8bfb27b0a407 - - - - - -] Error during notification for neutron.services.ovn_l3.plugin.OVNL3RouterPlugin._port_update-8792740320998 port, after_update: ovsdbapp.backend.ovs_idl.idlutils.RowNotFound: Cannot find Logical_Router_Port with name=lrp-b8ee6221-a450-4571-a79e-c9b6532aa184
2026-07-21 14:32:37.816 10 ERROR neutron_lib.callbacks.manager
Traceback (most recent call last):
2026-07-21 14:32:37.816 10 ERROR neutron_lib.callbacks.manager
File "/var/lib/openstack/lib/python3.10/site-packages/neutron_lib/callbacks/manager.py", line 189, in _notify_loop
2026-07-21 14:32:37.816 10 ERROR neutron_lib.callbacks.manager callback.method(resource, event, trigger, payload=payload)
2026-07-21 14:32:37.816 10 ERROR neutron_lib.callbacks.manager
File "/var/lib/openstack/lib/python3.10/site-packages/neutron/services/ovn_l3/plugin.py", line 391, in _port_update
2026-07-21 14:32:37.816 10 ERROR neutron_lib.callbacks.manager l3plugin._ovn_client.update_router_port(context,
2026-07-21 14:32:37.816 10 ERROR neutron_lib.callbacks.manager
File "/var/lib/openstack/lib/python3.10/site-packages/neutron/plugins/ml2/drivers/ovn/mech_driver/ovsdb/ovn_client.py", line 1878, in update_router_port
2026-07-21 14:32:37.816 10 ERROR neutron_lib.callbacks.manager self._update_lrouter_port(context, port, if_exists=if_exists,
2026-07-21 14:32:37.816 10 ERROR neutron_lib.callbacks.manager
File "/var/lib/openstack/lib/python3.10/site-packages/neutron/plugins/ml2/drivers/ovn/mech_driver/ovsdb/ovn_client.py", line 1855, in _update_lrouter_port
2026-07-21 14:32:37.816 10 ERROR neutron_lib.callbacks.manager external_ids = self._nb_idl.db_get(
2026-07-21 14:32:37.816 10 ERROR neutron_lib.callbacks.manager
File "/var/lib/openstack/lib/python3.10/site-packages/ovsdbapp/backend/ovs_idl/command.py", line 47, in execute
2026-07-21 14:32:37.816 10 ERROR neutron_lib.callbacks.manager self.run_idl(None)
2026-07-21 14:32:37.816 10 ERROR neutron_lib.callbacks.manager
File "/var/lib/openstack/lib/python3.10/site-packages/ovsdbapp/backend/ovs_idl/command.py", line 235, in run_idl
2026-07-21 14:32:37.816 10 ERROR neutron_lib.callbacks.manager record = self.api.lookup(self.table, self.record)
2026-07-21 14:32:37.816 10 ERROR neutron_lib.callbacks.manager
File "/var/lib/openstack/lib/python3.10/site-packages/ovsdbapp/backend/ovs_idl/__init__.py", line 184, in lookup
2026-07-21 14:32:37.816 10 ERROR neutron_lib.callbacks.manager return self._lookup(table, record)
2026-07-21 14:32:37.816 10 ERROR neutron_lib.callbacks.manager
File "/var/lib/openstack/lib/python3.10/site-packages/ovsdbapp/backend/ovs_idl/__init__.py", line 235, in _lookup
2026-07-21 14:32:37.816 10 ERROR neutron_lib.callbacks.manager row = idlutils.row_by_value(self, rl.table, rl.column, record)
2026-07-21 14:32:37.816 10 ERROR neutron_lib.callbacks.manager
File "/var/lib/openstack/lib/python3.10/site-packages/ovsdbapp/backend/ovs_idl/idlutils.py", line 114, in row_by_value
2026-07-21 14:32:37.816 10 ERROR neutron_lib.callbacks.manager raise RowNotFound(table=table, col=column, match=match)
2026-07-21 14:32:37.816 10 ERROR neutron_lib.callbacks.manager ovsdbapp.backend.ovs_idl.idlutils.RowNotFound: Cannot find Logical_Router_Port with name=lrp-b8ee6221-a450-4571-a79e-c9b6532aa184
2026-07-21 14:32:37.816 10 ERROR neutron_lib.callbacks.manager 
2026-07-21 14:32:37.896 9 INFO neutron.db.ovn_revision_numbers_db [None req-2092866c-929e-4ad3-8c4d-5da6063416f5 aaf09a7d266440efab2f57dbd6c53e17 ff887c7d10544a709fad9c928a959a91 - - default default] Successfully bumped revision number for resource b8ee6221-a450-4571-a79e-c9b6532aa184 (type: router_ports) to 1
2026-07-21 14:32:37.904 9 INFO neutron.wsgi [None req-2092866c-929e-4ad3-8c4d-5da6063416f5 aaf09a7d266440efab2f57dbd6c53e17 ff887c7d10544a709fad9c928a959a91 - - default default] 10.0.0.21 "PUT /v2.0/routers/b1028457-522f-4b8f-92e6-7d971453eb49/add_router_interface HTTP/1.1" status: 200 len: 503 time: 2.6633816
2026-07-21 14:32:38.523 10 WARNING neutron_lib.context [None req-1ad33e69-ec5d-45f5-81ff-21916cc5254b 24eda4e826314a848bfe3aede9272218 00b181eedce242a19c8d8d4453059c43 - - default default] Method 'is_advsvc' is deprecated since 2023.2 release (neutron-lib 3.8.0) and will be removed once support for the old RBAC API policies will be removed from Neutron. Please use method 'is_service_role' instead.
2026-07-21 14:32:38.653 10 INFO neutron.db.ovn_revision_numbers_db [None req-1ad33e69-ec5d-45f5-81ff-21916cc5254b 24eda4e826314a848bfe3aede9272218 00b181eedce242a19c8d8d4453059c43 - - default default] Successfully bumped revision number for resource 00b27309-80f0-49d4-baa4-ceda64e8ab38 (type: security_groups) to 1
2026-07-21 14:32:38.668 10 INFO neutron.db.ovn_revision_numbers_db [None req-1ad33e69-ec5d-45f5-81ff-21916cc5254b 24eda4e826314a848bfe3aede9272218 00b181eedce242a19c8d8d4453059c43 - - default default] Successfully bumped revision number for resource 266836b2-54a7-44ce-8647-f01e42908ac8 (type: security_group_rules) to 0
2026-07-21 14:32:38.683 10 INFO neutron.db.ovn_revision_numbers_db [None req-1ad33e69-ec5d-45f5-81ff-21916cc5254b 24eda4e826314a848bfe3aede9272218 00b181eedce242a19c8d8d4453059c43 - - default default] Successfully bumped revision number for resource b5303448-22df-4d6f-81d6-aab0c222549d (type: security_group_rules) to 0
2026-07-21 14:32:38.712 10 INFO neutron.wsgi [None req-1ad33e69-ec5d-45f5-81ff-21916cc5254b 24eda4e826314a848bfe3aede9272218 00b181eedce242a19c8d8d4453059c43 - - default default] 10.0.0.21 "POST /v2.0/security-groups HTTP/1.1" status: 201 len: 1860 time: 0.1960077
2026-07-21 14:32:38.722 9 WARNING neutron_lib.context [None req-cb605ffd-1ae1-4544-88e6-44790ebfbb04 24eda4e826314a848bfe3aede9272218 00b181eedce242a19c8d8d4453059c43 - - default default] Method 'is_advsvc' is deprecated since 2023.2 release (neutron-lib 3.8.0) and will be removed once support for the old RBAC API policies will be removed from Neutron. Please use method 'is_service_role' instead.
2026-07-21 14:32:38.849 9 INFO neutron.db.ovn_revision_numbers_db [None req-cb605ffd-1ae1-4544-88e6-44790ebfbb04 24eda4e826314a848bfe3aede9272218 00b181eedce242a19c8d8d4453059c43 - - default default] Successfully bumped revision number for resource b502b271-7d4a-4980-a763-1b1707ebc2fc (type: security_group_rules) to 0
2026-07-21 14:32:38.877 9 INFO neutron.wsgi [None req-cb605ffd-1ae1-4544-88e6-44790ebfbb04 24eda4e826314a848bfe3aede9272218 00b181eedce242a19c8d8d4453059c43 - - default default] 10.0.0.21 "POST /v2.0/security-group-rules HTTP/1.1" status: 201 len: 796 time: 0.1603720
2026-07-21 14:32:38.887 9 WARNING neutron_lib.context [None req-371dd057-c899-4bd1-9410-9041c306f4aa 24eda4e826314a848bfe3aede9272218 00b181eedce242a19c8d8d4453059c43 - - default default] Method 'is_advsvc' is deprecated since 2023.2 release (neutron-lib 3.8.0) and will be removed once support for the old RBAC API policies will be removed from Neutron. Please use method 'is_service_role' instead.
2026-07-21 14:32:39.040 9 INFO neutron.db.ovn_revision_numbers_db [None req-371dd057-c899-4bd1-9410-9041c306f4aa 24eda4e826314a848bfe3aede9272218 00b181eedce242a19c8d8d4453059c43 - - default default] Successfully bumped revision number for resource 4e5165f1-7950-4f71-8c82-893d3aab6b38 (type: security_group_rules) to 0
2026-07-21 14:32:39.072 9 INFO neutron.wsgi [None req-371dd057-c899-4bd1-9410-9041c306f4aa 24eda4e826314a848bfe3aede9272218 00b181eedce242a19c8d8d4453059c43 - - default default] 10.0.0.21 "POST /v2.0/security-group-rules HTTP/1.1" status: 201 len: 801 time: 0.1905422
2026-07-21 14:32:39.082 9 WARNING neutron_lib.context [None req-16711d99-1d1b-4aa5-90e8-ad76c9d384be 24eda4e826314a848bfe3aede9272218 00b181eedce242a19c8d8d4453059c43 - - default default] Method 'is_advsvc' is deprecated since 2023.2 release (neutron-lib 3.8.0) and will be removed once support for the old RBAC API policies will be removed from Neutron. Please use method 'is_service_role' instead.
2026-07-21 14:32:39.357 9 WARNING neutron.scheduler.dhcp_agent_scheduler [None req-16711d99-1d1b-4aa5-90e8-ad76c9d384be 24eda4e826314a848bfe3aede9272218 00b181eedce242a19c8d8d4453059c43 - - default default] No more DHCP agents
2026-07-21 14:32:39.360 9 WARNING neutron.api.rpc.agentnotifiers.dhcp_rpc_agent_api [None req-16711d99-1d1b-4aa5-90e8-ad76c9d384be 24eda4e826314a848bfe3aede9272218 00b181eedce242a19c8d8d4453059c43 - - default default] Unable to schedule network 4b3149dc-3d64-47b9-87b8-94a2e620dd09: no agents available; will retry on subsequent port and subnet creation events.
2026-07-21 14:32:39.671 9 INFO neutron.wsgi [None req-16711d99-1d1b-4aa5-90e8-ad76c9d384be 24eda4e826314a848bfe3aede9272218 00b181eedce242a19c8d8d4453059c43 - - default default] 10.0.0.21 "POST /v2.0/floatingips HTTP/1.1" status: 201 len: 751 time: 0.5934522
2026-07-21 14:32:40.175 9 INFO neutron.wsgi [req-adb3303b-0be4-4ee6-88a9-20833b161b52 req-16987080-1eaf-449d-a10d-8abbfc2df535 24eda4e826314a848bfe3aede9272218 00b181eedce242a19c8d8d4453059c43 - - default default] 10.0.0.39 "GET /v2.0/security-groups?name=tempest-securitygroup--441574861&fields=id&tenant_id=00b181eedce242a19c8d8d4453059c43 HTTP/1.1" status: 200 len: 267 time: 0.0507879
2026-07-21 14:32:40.268 9 INFO neutron.wsgi [req-adb3303b-0be4-4ee6-88a9-20833b161b52 req-9997d84a-dd17-4d8f-852c-ffe6b3cba6cd 24eda4e826314a848bfe3aede9272218 00b181eedce242a19c8d8d4453059c43 - - default default] 10.0.0.39 "GET /v2.0/networks?id=bf66c57b-0e6a-47ba-829b-7bf3c1ff46db HTTP/1.1" status: 200 len: 869 time: 0.0858274
2026-07-21 14:32:40.285 9 INFO neutron.wsgi [req-adb3303b-0be4-4ee6-88a9-20833b161b52 req-34eeb39a-44ed-47f1-a0d7-40aa4066ebb7 24eda4e826314a848bfe3aede9272218 00b181eedce242a19c8d8d4453059c43 - - default default] 10.0.0.39 "GET /v2.0/quotas/00b181eedce242a19c8d8d4453059c43 HTTP/1.1" status: 200 len: 491 time: 0.0110142
2026-07-21 14:32:40.391 9 INFO neutron.wsgi [req-adb3303b-0be4-4ee6-88a9-20833b161b52 req-57357d71-a30b-47a7-acfe-2ad0f1d925a8 24eda4e826314a848bfe3aede9272218 00b181eedce242a19c8d8d4453059c43 - - default default] 10.0.0.39 "GET /v2.0/ports?tenant_id=00b181eedce242a19c8d8d4453059c43&fields=id HTTP/1.1" status: 200 len: 302 time: 0.0999138
2026-07-21 14:32:40.459 9 INFO neutron.wsgi [req-adb3303b-0be4-4ee6-88a9-20833b161b52 req-651c75ab-074b-4e6c-ad62-73df08b97887 3a68918bc1234747809bbcab9a8c748a cf209440a3674ffbbee6cfc755d67e31 - - 54de7a9fafb84e02afc76315b903ca50 54de7a9fafb84e02afc76315b903ca50] 10.0.0.39 "GET /v2.0/networks/bf66c57b-0e6a-47ba-829b-7bf3c1ff46db?fields=segments HTTP/1.1" status: 200 len: 212 time: 0.0554917
2026-07-21 14:32:40.531 9 INFO neutron.wsgi [req-adb3303b-0be4-4ee6-88a9-20833b161b52 req-79320318-c81a-4f47-ac19-d4931aac3615 3a68918bc1234747809bbcab9a8c748a cf209440a3674ffbbee6cfc755d67e31 - - 54de7a9fafb84e02afc76315b903ca50 54de7a9fafb84e02afc76315b903ca50] 10.0.0.39 "GET /v2.0/networks/bf66c57b-0e6a-47ba-829b-7bf3c1ff46db?fields=provider%3Aphysical_network&fields=provider%3Anetwork_type HTTP/1.1" status: 200 len: 277 time: 0.0628476
2026-07-21 14:32:40.687 9 INFO neutron.wsgi [req-d9592206-fd6b-4a90-a7a3-5e04347023e5 req-cbf6a117-f9ff-4c88-8624-822fde9e02c8 24eda4e826314a848bfe3aede9272218 00b181eedce242a19c8d8d4453059c43 - - default default] 10.0.0.39 "GET /v2.0/ports?device_id=058fab29-b53b-428f-8db5-54ac25c613cd HTTP/1.1" status: 200 len: 210 time: 0.0216157
2026-07-21 14:32:41.506 10 INFO neutron.wsgi [req-adb3303b-0be4-4ee6-88a9-20833b161b52 req-92cfe7bb-8a75-478a-b9a7-5dd79d252382 24eda4e826314a848bfe3aede9272218 00b181eedce242a19c8d8d4453059c43 - - default default] 199.204.45.129 "GET /v2.0/networks?id=bf66c57b-0e6a-47ba-829b-7bf3c1ff46db HTTP/1.1" status: 200 len: 869 time: 0.1054051
2026-07-21 14:32:41.566 10 INFO neutron.wsgi [req-adb3303b-0be4-4ee6-88a9-20833b161b52 req-34521d38-8185-4a0f-b427-135e48c94d01 24eda4e826314a848bfe3aede9272218 00b181eedce242a19c8d8d4453059c43 - - default default] 199.204.45.129 "GET /v2.0/security-groups?fields=id&fields=name&tenant_id=00b181eedce242a19c8d8d4453059c43 HTTP/1.1" status: 200 len: 379 time: 0.0540051
2026-07-21 14:32:41.578 10 WARNING neutron_lib.context [req-adb3303b-0be4-4ee6-88a9-20833b161b52 req-94bb9a00-bc5c-4ad0-a449-b844d86c03fb 24eda4e826314a848bfe3aede9272218 00b181eedce242a19c8d8d4453059c43 - - default default] Method 'is_advsvc' is deprecated since 2023.2 release (neutron-lib 3.8.0) and will be removed once support for the old RBAC API policies will be removed from Neutron. Please use method 'is_service_role' instead.
2026-07-21 14:32:41.778 9 INFO neutron.wsgi [req-f0d96d51-3a1e-42d5-ae89-17b754f83044 req-acbd1e45-5d31-4270-9493-72629c8338fd 24eda4e826314a848bfe3aede9272218 00b181eedce242a19c8d8d4453059c43 - - default default] 10.0.0.39 "GET /v2.0/ports?device_id=058fab29-b53b-428f-8db5-54ac25c613cd HTTP/1.1" status: 200 len: 210 time: 0.0207236
2026-07-21 14:32:41.937 10 WARNING neutron.scheduler.dhcp_agent_scheduler [req-adb3303b-0be4-4ee6-88a9-20833b161b52 req-94bb9a00-bc5c-4ad0-a449-b844d86c03fb 24eda4e826314a848bfe3aede9272218 00b181eedce242a19c8d8d4453059c43 - - default default] No more DHCP agents
2026-07-21 14:32:41.942 10 WARNING neutron.api.rpc.agentnotifiers.dhcp_rpc_agent_api [req-adb3303b-0be4-4ee6-88a9-20833b161b52 req-94bb9a00-bc5c-4ad0-a449-b844d86c03fb 24eda4e826314a848bfe3aede9272218 00b181eedce242a19c8d8d4453059c43 - - default default] Unable to schedule network bf66c57b-0e6a-47ba-829b-7bf3c1ff46db: no agents available; will retry on subsequent port and subnet creation events.
2026-07-21 14:32:42.071 9 INFO neutron.wsgi [req-7caf055b-98ff-4e6e-976e-d684e7b3ccf8 req-a94f4c63-72da-48b8-b0af-b80145795aca 3a68918bc1234747809bbcab9a8c748a cf209440a3674ffbbee6cfc755d67e31 - - 54de7a9fafb84e02afc76315b903ca50 54de7a9fafb84e02afc76315b903ca50] 10.0.0.5 "GET /v2.0/ports?device_id=7577500c-37d4-4120-aa68-5df6b5307c34 HTTP/1.1" status: 200 len: 1413 time: 0.4195459
2026-07-21 14:32:42.149 10 INFO neutron.db.ovn_revision_numbers_db [req-adb3303b-0be4-4ee6-88a9-20833b161b52 req-94bb9a00-bc5c-4ad0-a449-b844d86c03fb 24eda4e826314a848bfe3aede9272218 00b181eedce242a19c8d8d4453059c43 - - default default] Successfully bumped revision number for resource 04d43d98-0409-4a8c-a666-fb7a806ca7e9 (type: ports) to 1
2026-07-21 14:32:42.157 9 INFO neutron.wsgi [req-7caf055b-98ff-4e6e-976e-d684e7b3ccf8 req-b1e7dcad-75d7-4c83-9ea0-fb69ff49ea6b 3a68918bc1234747809bbcab9a8c748a cf209440a3674ffbbee6cfc755d67e31 - - 54de7a9fafb84e02afc76315b903ca50 54de7a9fafb84e02afc76315b903ca50] 10.0.0.5 "GET /v2.0/security-groups?id=c2c2d318-0f05-40a8-93f5-d479b60efb7b&fields=id&fields=name HTTP/1.1" status: 200 len: 312 time: 0.0744510
2026-07-21 14:32:42.176 10 INFO neutron.wsgi [req-adb3303b-0be4-4ee6-88a9-20833b161b52 req-94bb9a00-bc5c-4ad0-a449-b844d86c03fb 24eda4e826314a848bfe3aede9272218 00b181eedce242a19c8d8d4453059c43 - - default default] 199.204.45.129 "POST /v2.0/ports HTTP/1.1" status: 201 len: 1158 time: 0.6034856 /var/lib/openstack/lib/python3.10/site-packages/pycadf/identifier.py:71: UserWarning: Invalid uuid: neutron. To ensure interoperability, identifiers should be a valid uuid. warnings.warn(('Invalid uuid: %s. To ensure interoperability, '
2026-07-21 14:32:42.590 10 INFO neutron.db.ovn_revision_numbers_db [req-adb3303b-0be4-4ee6-88a9-20833b161b52 req-a6dcb8da-fd22-4a9e-8c21-006ab2bf56c6 3a68918bc1234747809bbcab9a8c748a cf209440a3674ffbbee6cfc755d67e31 - - 54de7a9fafb84e02afc76315b903ca50 54de7a9fafb84e02afc76315b903ca50] Successfully bumped revision number for resource 04d43d98-0409-4a8c-a666-fb7a806ca7e9 (type: ports) to 2
2026-07-21 14:32:42.838 10 INFO neutron.db.ovn_revision_numbers_db [req-adb3303b-0be4-4ee6-88a9-20833b161b52 req-a6dcb8da-fd22-4a9e-8c21-006ab2bf56c6 3a68918bc1234747809bbcab9a8c748a cf209440a3674ffbbee6cfc755d67e31 - - 54de7a9fafb84e02afc76315b903ca50 54de7a9fafb84e02afc76315b903ca50] Successfully bumped revision number for resource 04d43d98-0409-4a8c-a666-fb7a806ca7e9 (type: ports) to 2
2026-07-21 14:32:42.867 10 INFO neutron.wsgi [req-adb3303b-0be4-4ee6-88a9-20833b161b52 req-a6dcb8da-fd22-4a9e-8c21-006ab2bf56c6 3a68918bc1234747809bbcab9a8c748a cf209440a3674ffbbee6cfc755d67e31 - - 54de7a9fafb84e02afc76315b903ca50 54de7a9fafb84e02afc76315b903ca50] 199.204.45.129 "PUT /v2.0/ports/04d43d98-0409-4a8c-a666-fb7a806ca7e9 HTTP/1.1" status: 200 len: 1376 time: 0.6802361
2026-07-21 14:32:42.894 9 INFO neutron.wsgi [req-6ae7073a-1ed1-4643-9df6-bfab557604df req-29e98e1a-a8a6-43ad-a7cc-7470855d35fa 3a68918bc1234747809bbcab9a8c748a cf209440a3674ffbbee6cfc755d67e31 - - 54de7a9fafb84e02afc76315b903ca50 54de7a9fafb84e02afc76315b903ca50] 10.0.0.5 "GET /v2.0/ports?device_id=1c8ec06b-0fe5-422c-bdce-fbc08480c284 HTTP/1.1" status: 200 len: 1413 time: 0.0497191 /var/lib/openstack/lib/python3.10/site-packages/pycadf/identifier.py:71: UserWarning: Invalid uuid: neutron. To ensure interoperability, identifiers should be a valid uuid. warnings.warn(('Invalid uuid: %s. To ensure interoperability, '
2026-07-21 14:32:42.913 9 INFO neutron.wsgi [req-8992a172-79f4-4438-8791-15c4b9ea0159 req-6ab97cc7-8d5e-4212-ac36-0901053647fe 24eda4e826314a848bfe3aede9272218 00b181eedce242a19c8d8d4453059c43 - - default default] 10.0.0.39 "GET /v2.0/ports?device_id=058fab29-b53b-428f-8db5-54ac25c613cd HTTP/1.1" status: 200 len: 1168 time: 0.0574856
2026-07-21 14:32:42.917 10 INFO neutron.notifiers.nova [-] Nova event matching ['req-e5f25fa1-9f3b-45bf-ae3c-587cf71bbe3d'] response: {'name': 'network-changed', 'server_uuid': '058fab29-b53b-428f-8db5-54ac25c613cd', 'tag': '04d43d98-0409-4a8c-a666-fb7a806ca7e9', 'status': 'completed', 'code': 200}
2026-07-21 14:32:42.949 10 INFO neutron.wsgi [req-adb3303b-0be4-4ee6-88a9-20833b161b52 req-0d4362f2-6304-4ef3-9a78-22c014f4e5af 3a68918bc1234747809bbcab9a8c748a cf209440a3674ffbbee6cfc755d67e31 - - 54de7a9fafb84e02afc76315b903ca50 54de7a9fafb84e02afc76315b903ca50] 199.204.45.129 "GET /v2.0/ports?tenant_id=00b181eedce242a19c8d8d4453059c43&device_id=058fab29-b53b-428f-8db5-54ac25c613cd HTTP/1.1" status: 200 len: 1407 time: 0.0427597
2026-07-21 14:32:42.962 9 INFO neutron.wsgi [req-6ae7073a-1ed1-4643-9df6-bfab557604df req-9a6e598d-753c-43a9-a769-ff499b38d877 3a68918bc1234747809bbcab9a8c748a cf209440a3674ffbbee6cfc755d67e31 - - 54de7a9fafb84e02afc76315b903ca50 54de7a9fafb84e02afc76315b903ca50] 10.0.0.5 "GET /v2.0/security-groups?id=27bc9087-7ad9-4da7-bbf1-b2bc678d998c&fields=id&fields=name HTTP/1.1" status: 200 len: 312 time: 0.0620761
2026-07-21 14:32:42.976 9 INFO neutron.wsgi [req-8992a172-79f4-4438-8791-15c4b9ea0159 req-1ee0ca33-c335-4173-bca1-a1a97770c771 24eda4e826314a848bfe3aede9272218 00b181eedce242a19c8d8d4453059c43 - - default default] 10.0.0.39 "GET /v2.0/security-groups?id=00b27309-80f0-49d4-baa4-ceda64e8ab38&fields=id&fields=name HTTP/1.1" status: 200 len: 312 time: 0.0514507
2026-07-21 14:32:42.984 10 INFO neutron.wsgi [req-adb3303b-0be4-4ee6-88a9-20833b161b52 req-119d1a45-dcc2-4a2d-b1d4-94199a5a3809 3a68918bc1234747809bbcab9a8c748a cf209440a3674ffbbee6cfc755d67e31 - - 54de7a9fafb84e02afc76315b903ca50 54de7a9fafb84e02afc76315b903ca50] 199.204.45.129 "GET /v2.0/floatingips?fixed_ip_address=10.100.0.9&port_id=04d43d98-0409-4a8c-a666-fb7a806ca7e9 HTTP/1.1" status: 200 len: 217 time: 0.0302653
2026-07-21 14:32:43.037 10 INFO neutron.wsgi [req-adb3303b-0be4-4ee6-88a9-20833b161b52 req-ae1b78ff-cddd-4a95-947a-bd94b036ca4c 3a68918bc1234747809bbcab9a8c748a cf209440a3674ffbbee6cfc755d67e31 - - 54de7a9fafb84e02afc76315b903ca50 54de7a9fafb84e02afc76315b903ca50] 199.204.45.129 "GET /v2.0/subnets?id=8dceaeed-c46b-4fbe-a351-df45e4c741d0 HTTP/1.1" status: 200 len: 863 time: 0.0463860
2026-07-21 14:32:43.064 10 INFO neutron.wsgi [req-adb3303b-0be4-4ee6-88a9-20833b161b52 req-0651334d-e43b-4d59-b2ae-faa5adb39ebb 3a68918bc1234747809bbcab9a8c748a cf209440a3674ffbbee6cfc755d67e31 - - 54de7a9fafb84e02afc76315b903ca50 54de7a9fafb84e02afc76315b903ca50] 199.204.45.129 "GET /v2.0/ports?network_id=bf66c57b-0e6a-47ba-829b-7bf3c1ff46db&device_owner=network%3Adhcp HTTP/1.1" status: 200 len: 210 time: 0.0180037
2026-07-21 14:32:43.132 10 INFO neutron.wsgi [req-adb3303b-0be4-4ee6-88a9-20833b161b52 req-18c5100f-f9bc-46c8-9a59-48c03a0c8df4 3a68918bc1234747809bbcab9a8c748a cf209440a3674ffbbee6cfc755d67e31 - - 54de7a9fafb84e02afc76315b903ca50 54de7a9fafb84e02afc76315b903ca50] 199.204.45.129 "GET /v2.0/networks/bf66c57b-0e6a-47ba-829b-7bf3c1ff46db?fields=segments HTTP/1.1" status: 200 len: 212 time: 0.0604579
2026-07-21 14:32:43.194 10 INFO neutron.db.ovn_revision_numbers_db [None req-27619e1c-7b67-45dc-b25c-09243107b8a8 aaf09a7d266440efab2f57dbd6c53e17 ff887c7d10544a709fad9c928a959a91 - - default default] Successfully bumped revision number for resource 1d8d8fda-203b-4dbd-85aa-17dad08999ed (type: security_groups) to 1
2026-07-21 14:32:43.196 10 WARNING neutron.plugins.ml2.drivers.ovn.mech_driver.ovsdb.ovn_client [None req-fe8da8e1-bf6e-4d02-b9d7-8bfb27b0a407 - - - - - -] No hosting information found for port b8ee6221-a450-4571-a79e-c9b6532aa184: RuntimeError: No hosting information found for port b8ee6221-a450-4571-a79e-c9b6532aa184
2026-07-21 14:32:43.213 10 INFO neutron.db.ovn_revision_numbers_db [None req-27619e1c-7b67-45dc-b25c-09243107b8a8 aaf09a7d266440efab2f57dbd6c53e17 ff887c7d10544a709fad9c928a959a91 - - default default] Successfully bumped revision number for resource 1e0dcad1-abfc-4581-8abb-0bb5506c5c26 (type: security_group_rules) to 0
2026-07-21 14:32:43.222 10 INFO neutron.wsgi [req-adb3303b-0be4-4ee6-88a9-20833b161b52 req-f8c0c625-64a2-4115-9f9f-f971486932c0 3a68918bc1234747809bbcab9a8c748a cf209440a3674ffbbee6cfc755d67e31 - - 54de7a9fafb84e02afc76315b903ca50 54de7a9fafb84e02afc76315b903ca50] 199.204.45.129 "GET /v2.0/networks/bf66c57b-0e6a-47ba-829b-7bf3c1ff46db?fields=provider%3Aphysical_network&fields=provider%3Anetwork_type HTTP/1.1" status: 200 len: 277 time: 0.0831418
2026-07-21 14:32:43.236 10 INFO neutron.db.ovn_revision_numbers_db [None req-27619e1c-7b67-45dc-b25c-09243107b8a8 aaf09a7d266440efab2f57dbd6c53e17 ff887c7d10544a709fad9c928a959a91 - - default default] Successfully bumped revision number for resource 6cad9b24-9ebd-4948-a7af-d5cc84e1f392 (type: security_group_rules) to 0
2026-07-21 14:32:43.255 10 INFO neutron.db.ovn_revision_numbers_db [None req-27619e1c-7b67-45dc-b25c-09243107b8a8 aaf09a7d266440efab2f57dbd6c53e17 ff887c7d10544a709fad9c928a959a91 - - default default] Successfully bumped revision number for resource 99ed6114-f6c6-4dc6-98d2-1019f544c23a (type: security_group_rules) to 0
2026-07-21 14:32:43.422 9 INFO neutron.plugins.ml2.drivers.ovn.mech_driver.mech_driver [None req-aa3eab6f-aab2-4c33-95ac-658aadf91c44 - - - - - -] OVN reports status up for port: 04d43d98-0409-4a8c-a666-fb7a806ca7e9
2026-07-21 14:32:43.449 9 INFO neutron.plugins.ml2.plugin [None req-aa3eab6f-aab2-4c33-95ac-658aadf91c44 - - - - - -] Attempt 1 to provision port 04d43d98-0409-4a8c-a666-fb7a806ca7e9
2026-07-21 14:32:43.476 10 INFO neutron.db.ovn_revision_numbers_db [None req-27619e1c-7b67-45dc-b25c-09243107b8a8 aaf09a7d266440efab2f57dbd6c53e17 ff887c7d10544a709fad9c928a959a91 - - default default] Successfully bumped revision number for resource d345f8df-c2d9-455d-a23f-eab9389d25f1 (type: security_group_rules) to 0
2026-07-21 14:32:43.508 10 INFO neutron.wsgi [None req-27619e1c-7b67-45dc-b25c-09243107b8a8 aaf09a7d266440efab2f57dbd6c53e17 ff887c7d10544a709fad9c928a959a91 - - default default] 10.0.0.21 "GET /v2.0/security-groups?tenant_id=08551351931b48f792998d38e553851f&name=default HTTP/1.1" status: 200 len: 3120 time: 0.6623185
2026-07-21 14:32:43.516 10 INFO neutron.wsgi [req-edde15c0-47f6-4e8d-ab8e-5d19bcdd09db req-f7d4bce3-06b6-48e4-9887-0c111df55f69 3a68918bc1234747809bbcab9a8c748a cf209440a3674ffbbee6cfc755d67e31 - - 54de7a9fafb84e02afc76315b903ca50 54de7a9fafb84e02afc76315b903ca50] 199.204.45.129 "GET /v2.0/ports?tenant_id=00b181eedce242a19c8d8d4453059c43&device_id=058fab29-b53b-428f-8db5-54ac25c613cd HTTP/1.1" status: 200 len: 1407 time: 0.2543025
2026-07-21 14:32:43.610 10 INFO neutron.wsgi [req-edde15c0-47f6-4e8d-ab8e-5d19bcdd09db req-c113a6db-3596-4f0e-b3d2-dc9cd4f0daf6 3a68918bc1234747809bbcab9a8c748a cf209440a3674ffbbee6cfc755d67e31 - - 54de7a9fafb84e02afc76315b903ca50 54de7a9fafb84e02afc76315b903ca50] 199.204.45.129 "GET /v2.0/networks?id=bf66c57b-0e6a-47ba-829b-7bf3c1ff46db HTTP/1.1" status: 200 len: 967 time: 0.0822597
2026-07-21 14:32:43.641 10 INFO neutron.wsgi [req-edde15c0-47f6-4e8d-ab8e-5d19bcdd09db req-18170678-565d-405f-bc8e-14f294868f54 3a68918bc1234747809bbcab9a8c748a cf209440a3674ffbbee6cfc755d67e31 - - 54de7a9fafb84e02afc76315b903ca50 54de7a9fafb84e02afc76315b903ca50] 199.204.45.129 "GET /v2.0/floatingips?fixed_ip_address=10.100.0.9&port_id=04d43d98-0409-4a8c-a666-fb7a806ca7e9 HTTP/1.1" status: 200 len: 217 time: 0.0259156
2026-07-21 14:32:43.645 9 INFO neutron.notifiers.nova [-] Nova event matching ['req-4ffdc1d8-f3b7-4066-9c2e-b40e70254a57'] response: {'server_uuid': '058fab29-b53b-428f-8db5-54ac25c613cd', 'name': 'network-vif-plugged', 'status': 'completed', 'tag': '04d43d98-0409-4a8c-a666-fb7a806ca7e9', 'code': 200}
2026-07-21 14:32:43.689 10 INFO neutron.wsgi [req-edde15c0-47f6-4e8d-ab8e-5d19bcdd09db req-3b71eca8-e75d-47f4-a0c6-825cc22ab37f 3a68918bc1234747809bbcab9a8c748a cf209440a3674ffbbee6cfc755d67e31 - - 54de7a9fafb84e02afc76315b903ca50 54de7a9fafb84e02afc76315b903ca50] 199.204.45.129 "GET /v2.0/subnets?id=8dceaeed-c46b-4fbe-a351-df45e4c741d0 HTTP/1.1" status: 200 len: 863 time: 0.0372770
2026-07-21 14:32:43.727 10 INFO neutron.wsgi [req-edde15c0-47f6-4e8d-ab8e-5d19bcdd09db req-a50c96e9-e22c-408d-af8e-e70fe3df70b0 3a68918bc1234747809bbcab9a8c748a cf209440a3674ffbbee6cfc755d67e31 - - 54de7a9fafb84e02afc76315b903ca50 54de7a9fafb84e02afc76315b903ca50] 199.204.45.129 "GET /v2.0/ports?network_id=bf66c57b-0e6a-47ba-829b-7bf3c1ff46db&device_owner=network%3Adhcp HTTP/1.1" status: 200 len: 210 time: 0.0298591
2026-07-21 14:32:43.837 9 INFO neutron.db.ovn_revision_numbers_db [None req-aa3eab6f-aab2-4c33-95ac-658aadf91c44 - - - - - -] Successfully bumped revision number for resource 04d43d98-0409-4a8c-a666-fb7a806ca7e9 (type: ports) to 4
2026-07-21 14:32:43.845 10 INFO neutron.wsgi [None req-9f7730d8-10d6-4568-8990-87bb6f8c85d9 aaf09a7d266440efab2f57dbd6c53e17 ff887c7d10544a709fad9c928a959a91 - - default default] 10.0.0.21 "DELETE /v2.0/security-groups/1d8d8fda-203b-4dbd-85aa-17dad08999ed HTTP/1.1" status: 204 len: 168 time: 0.3259351
2026-07-21 14:32:43.850 10 INFO neutron.wsgi [req-edde15c0-47f6-4e8d-ab8e-5d19bcdd09db req-186a4894-7f93-412b-94c2-4bc3c5ae38ee 3a68918bc1234747809bbcab9a8c748a cf209440a3674ffbbee6cfc755d67e31 - - 54de7a9fafb84e02afc76315b903ca50 54de7a9fafb84e02afc76315b903ca50] 199.204.45.129 "GET /v2.0/networks/bf66c57b-0e6a-47ba-829b-7bf3c1ff46db?fields=segments HTTP/1.1" status: 200 len: 212 time: 0.1174421
2026-07-21 14:32:43.939 10 INFO neutron.wsgi [req-edde15c0-47f6-4e8d-ab8e-5d19bcdd09db req-7d560f75-859b-477f-9b97-85bb0613760d 3a68918bc1234747809bbcab9a8c748a cf209440a3674ffbbee6cfc755d67e31 - - 54de7a9fafb84e02afc76315b903ca50 54de7a9fafb84e02afc76315b903ca50] 199.204.45.129 "GET /v2.0/networks/bf66c57b-0e6a-47ba-829b-7bf3c1ff46db?fields=provider%3Aphysical_network&fields=provider%3Anetwork_type HTTP/1.1" status: 200 len: 277 time: 0.0812297 /var/lib/openstack/lib/python3.10/site-packages/pycadf/identifier.py:71: UserWarning: Invalid uuid: neutron. To ensure interoperability, identifiers should be a valid uuid. warnings.warn(('Invalid uuid: %s. To ensure interoperability, '
2026-07-21 14:32:44.101 9 INFO neutron.wsgi [req-e8f1cf17-c24e-4b68-8048-1f89a382ebe7 req-2476f4d1-1001-42b8-9ea6-5e0e42b89c0f 24eda4e826314a848bfe3aede9272218 00b181eedce242a19c8d8d4453059c43 - - default default] 10.0.0.39 "GET /v2.0/ports?device_id=058fab29-b53b-428f-8db5-54ac25c613cd HTTP/1.1" status: 200 len: 1170 time: 0.0562236
2026-07-21 14:32:44.162 9 INFO neutron.wsgi [req-e8f1cf17-c24e-4b68-8048-1f89a382ebe7 req-23b88041-0af2-49bc-a71c-32199a7c430c 24eda4e826314a848bfe3aede9272218 00b181eedce242a19c8d8d4453059c43 - - default default] 10.0.0.39 "GET /v2.0/security-groups?id=00b27309-80f0-49d4-baa4-ceda64e8ab38&fields=id&fields=name HTTP/1.1" status: 200 len: 312 time: 0.0536406
2026-07-21 14:32:44.190 9 INFO neutron.db.ovn_revision_numbers_db [None req-13b41a5d-5533-4742-aaf5-22d597e6f3ab aaf09a7d266440efab2f57dbd6c53e17 ff887c7d10544a709fad9c928a959a91 - - default default] Successfully bumped revision number for resource 93e5cc14-a3a2-4237-8e33-07ffcacf5f4b (type: security_groups) to 1
2026-07-21 14:32:44.212 9 INFO neutron.db.ovn_revision_numbers_db [None req-13b41a5d-5533-4742-aaf5-22d597e6f3ab aaf09a7d266440efab2f57dbd6c53e17 ff887c7d10544a709fad9c928a959a91 - - default default] Successfully bumped revision number for resource b0e1e86b-5226-4984-b9c1-81d4124caabf (type: security_group_rules) to 0
2026-07-21 14:32:44.228 9 INFO neutron.db.ovn_revision_numbers_db [None req-13b41a5d-5533-4742-aaf5-22d597e6f3ab aaf09a7d266440efab2f57dbd6c53e17 ff887c7d10544a709fad9c928a959a91 - - default default] Successfully bumped revision number for resource bc9254bb-a67d-4f5c-83c5-1eda60a15ae3 (type: security_group_rules) to 0
2026-07-21 14:32:44.242 9 INFO neutron.db.ovn_revision_numbers_db [None req-13b41a5d-5533-4742-aaf5-22d597e6f3ab aaf09a7d266440efab2f57dbd6c53e17 ff887c7d10544a709fad9c928a959a91 - - default default] Successfully bumped revision number for resource d8841b1f-564b-4ade-84e3-7f2e73af81a1 (type: security_group_rules) to 0
2026-07-21 14:32:44.261 9 INFO neutron.db.ovn_revision_numbers_db [None req-13b41a5d-5533-4742-aaf5-22d597e6f3ab aaf09a7d266440efab2f57dbd6c53e17 ff887c7d10544a709fad9c928a959a91 - - default default] Successfully bumped revision number for resource f8913b51-b7a1-48ca-8de0-11046583fb07 (type: security_group_rules) to 0
2026-07-21 14:32:44.281 9 INFO neutron.wsgi [None req-13b41a5d-5533-4742-aaf5-22d597e6f3ab aaf09a7d266440efab2f57dbd6c53e17 ff887c7d10544a709fad9c928a959a91 - - default default] 10.0.0.21 "GET /v2.0/security-groups?tenant_id=6241a640b2744455b5359e75ae6b1d19&name=default HTTP/1.1" status: 200 len: 3120 time: 0.2731454
2026-07-21 14:32:44.513 10 INFO neutron.wsgi [None req-9e98c9ac-fa7c-4bec-9606-f91e0f32452f aaf09a7d266440efab2f57dbd6c53e17 ff887c7d10544a709fad9c928a959a91 - - default default] 10.0.0.21 "DELETE /v2.0/security-groups/93e5cc14-a3a2-4237-8e33-07ffcacf5f4b HTTP/1.1" status: 204 len: 168 time: 0.2268000
2026-07-21 14:32:45.261 9 INFO neutron.wsgi [req-47907b9f-17d3-4986-91f5-b64c68768007 req-5dd33bae-0125-4719-a22c-ae0b2f987222 24eda4e826314a848bfe3aede9272218 00b181eedce242a19c8d8d4453059c43 - - default default] 10.0.0.39 "GET /v2.0/ports?device_id=058fab29-b53b-428f-8db5-54ac25c613cd HTTP/1.1" status: 200 len: 1170 time: 0.0403812
2026-07-21 14:32:45.315 9 INFO neutron.wsgi [req-47907b9f-17d3-4986-91f5-b64c68768007 req-4b4a3807-dee1-43dd-8e33-0e8acc790c0a 24eda4e826314a848bfe3aede9272218 00b181eedce242a19c8d8d4453059c43 - - default default] 10.0.0.39 "GET /v2.0/security-groups?id=00b27309-80f0-49d4-baa4-ceda64e8ab38&fields=id&fields=name HTTP/1.1" status: 200 len: 312 time: 0.0460446
2026-07-21 14:32:45.496 9 INFO neutron.wsgi [req-6cd58877-1604-494b-b1ba-35279b472a20 req-fbd6cc37-e5ac-4d89-b402-a6a908ef4f02 24eda4e826314a848bfe3aede9272218 00b181eedce242a19c8d8d4453059c43 - - default default] 10.0.0.39 "GET /v2.0/ports?device_id=058fab29-b53b-428f-8db5-54ac25c613cd HTTP/1.1" status: 200 len: 1170 time: 0.0935626
2026-07-21 14:32:45.699 9 INFO neutron.notifiers.nova [-] Nova event matching ['req-d8edab4d-0a46-464e-86c0-af5af17a2db0'] response: {'server_uuid': '058fab29-b53b-428f-8db5-54ac25c613cd', 'name': 'network-vif-plugged', 'status': 'completed', 'tag': '04d43d98-0409-4a8c-a666-fb7a806ca7e9', 'code': 200}
2026-07-21 14:32:46.138 9 INFO neutron.db.ovn_revision_numbers_db [None req-e8d94d51-3cb4-4d2c-ab76-135df29f8685 24eda4e826314a848bfe3aede9272218 00b181eedce242a19c8d8d4453059c43 - - default default] Successfully bumped revision number for resource e609edce-c8a9-454b-b267-2daa936fbada (type: floatingips) to 1
2026-07-21 14:32:46.288 9 INFO neutron.db.ovn_revision_numbers_db [None req-e8d94d51-3cb4-4d2c-ab76-135df29f8685 24eda4e826314a848bfe3aede9272218 00b181eedce242a19c8d8d4453059c43 - - default default] Successfully bumped revision number for resource e609edce-c8a9-454b-b267-2daa936fbada (type: floatingips) to 2
2026-07-21 14:32:46.289 9 INFO neutron.db.l3_db [None req-e8d94d51-3cb4-4d2c-ab76-135df29f8685 24eda4e826314a848bfe3aede9272218 00b181eedce242a19c8d8d4453059c43 - - default default] Floating IP e609edce-c8a9-454b-b267-2daa936fbada associated. External IP: 10.96.250.201, port: 04d43d98-0409-4a8c-a666-fb7a806ca7e9.
2026-07-21 14:32:46.328 9 INFO neutron.wsgi [None req-e8d94d51-3cb4-4d2c-ab76-135df29f8685 24eda4e826314a848bfe3aede9272218 00b181eedce242a19c8d8d4453059c43 - - default default] 10.0.0.21 "PUT /v2.0/floatingips/e609edce-c8a9-454b-b267-2daa936fbada HTTP/1.1" status: 200 len: 1049 time: 0.8166144 /var/lib/openstack/lib/python3.10/site-packages/pycadf/identifier.py:71: UserWarning: Invalid uuid: neutron. To ensure interoperability, identifiers should be a valid uuid. warnings.warn(('Invalid uuid: %s. To ensure interoperability, '
2026-07-21 14:32:46.423 9 INFO neutron.wsgi [req-c3837367-eddb-4124-8a0d-fcef6c605763 req-e3b08ea8-c669-4f93-81a9-a182d782aeba 24eda4e826314a848bfe3aede9272218 00b181eedce242a19c8d8d4453059c43 - - default default] 10.0.0.39 "GET /v2.0/ports?device_id=058fab29-b53b-428f-8db5-54ac25c613cd HTTP/1.1" status: 200 len: 1170 time: 0.0471861
2026-07-21 14:32:46.468 9 INFO neutron.wsgi [req-c3837367-eddb-4124-8a0d-fcef6c605763 req-492f152d-e615-41dd-acff-4cca1341db67 24eda4e826314a848bfe3aede9272218 00b181eedce242a19c8d8d4453059c43 - - default default] 10.0.0.39 "GET /v2.0/security-groups?id=00b27309-80f0-49d4-baa4-ceda64e8ab38&fields=id&fields=name HTTP/1.1" status: 200 len: 312 time: 0.0399990
2026-07-21 14:32:46.574 10 WARNING neutron_lib.context [None req-e3055bdb-72b8-47dd-8475-e87e18401b26 4a311ad1caf548088ceb59345a8382a1 05fd8d8a5c8a4c7b97570732804bbf7b - - default default] Method 'is_advsvc' is deprecated since 2023.2 release (neutron-lib 3.8.0) and will be removed once support for the old RBAC API policies will be removed from Neutron. Please use method 'is_service_role' instead.
2026-07-21 14:32:46.751 10 INFO neutron.db.ovn_revision_numbers_db [None req-e3055bdb-72b8-47dd-8475-e87e18401b26 4a311ad1caf548088ceb59345a8382a1 05fd8d8a5c8a4c7b97570732804bbf7b - - default default] Successfully bumped revision number for resource 8d8deacc-8ef6-4b7f-b606-de6f1dc4eefe (type: security_groups) to 1
2026-07-21 14:32:46.771 10 INFO neutron.db.ovn_revision_numbers_db [None req-e3055bdb-72b8-47dd-8475-e87e18401b26 4a311ad1caf548088ceb59345a8382a1 05fd8d8a5c8a4c7b97570732804bbf7b - - default default] Successfully bumped revision number for resource 13a1c9e0-5794-4624-a8a6-78c388c570d8 (type: security_group_rules) to 0
2026-07-21 14:32:46.788 10 INFO neutron.db.ovn_revision_numbers_db [None req-e3055bdb-72b8-47dd-8475-e87e18401b26 4a311ad1caf548088ceb59345a8382a1 05fd8d8a5c8a4c7b97570732804bbf7b - - default default] Successfully bumped revision number for resource 36cb331a-a5ae-46cd-8447-90f51345961d (type: security_group_rules) to 0
2026-07-21 14:32:46.802 10 INFO neutron.db.ovn_revision_numbers_db [None req-e3055bdb-72b8-47dd-8475-e87e18401b26 4a311ad1caf548088ceb59345a8382a1 05fd8d8a5c8a4c7b97570732804bbf7b - - default default] Successfully bumped revision number for resource 4925be21-e1ef-41bb-bf86-e53696f963ac (type: security_group_rules) to 0
2026-07-21 14:32:46.817 10 INFO neutron.db.ovn_revision_numbers_db [None req-e3055bdb-72b8-47dd-8475-e87e18401b26 4a311ad1caf548088ceb59345a8382a1 05fd8d8a5c8a4c7b97570732804bbf7b - - default default] Successfully bumped revision number for resource 9ec14876-6609-40f6-94da-4c5df594410f (type: security_group_rules) to 0
2026-07-21 14:32:46.850 9 INFO neutron.wsgi [req-d79ac667-42ef-4eb2-800b-25afcac63fed req-c1364a99-a1f6-4231-9c0e-e7fe4e6dca26 24eda4e826314a848bfe3aede9272218 00b181eedce242a19c8d8d4453059c43 - - default default] 10.0.0.39 "GET /v2.0/ports?device_id=058fab29-b53b-428f-8db5-54ac25c613cd HTTP/1.1" status: 200 len: 1170 time: 0.0382669
2026-07-21 14:32:46.854 9 INFO neutron.plugins.ml2.drivers.ovn.mech_driver.mech_driver [None req-aa3eab6f-aab2-4c33-95ac-658aadf91c44 - - - - - -] OVN reports status down for port: 04d43d98-0409-4a8c-a666-fb7a806ca7e9
2026-07-21 14:32:46.869 10 INFO neutron.db.segments_db [None req-e3055bdb-72b8-47dd-8475-e87e18401b26 4a311ad1caf548088ceb59345a8382a1 05fd8d8a5c8a4c7b97570732804bbf7b - - default default] Added segment 53f2fd1e-880f-4107-a5bd-35746af30493 of type geneve for network 65d5cff7-4e38-40d9-9b16-8b92b4fedb34
2026-07-21 14:32:46.910 9 INFO neutron.wsgi [req-d79ac667-42ef-4eb2-800b-25afcac63fed req-1d949a1f-6c8a-413d-819a-8582fd80f659 24eda4e826314a848bfe3aede9272218 00b181eedce242a19c8d8d4453059c43 - - default default] 10.0.0.39 "GET /v2.0/security-groups?id=00b27309-80f0-49d4-baa4-ceda64e8ab38&fields=id&fields=name HTTP/1.1" status: 200 len: 312 time: 0.0524893
2026-07-21 14:32:47.067 10 INFO neutron.db.ovn_revision_numbers_db [None req-e3055bdb-72b8-47dd-8475-e87e18401b26 4a311ad1caf548088ceb59345a8382a1 05fd8d8a5c8a4c7b97570732804bbf7b - - default default] Successfully bumped revision number for resource 65d5cff7-4e38-40d9-9b16-8b92b4fedb34 (type: networks) to 1
2026-07-21 14:32:47.109 9 INFO neutron.wsgi [req-ff2249ea-6c46-477c-8b00-44888e9d1fca req-4ff40ee6-fa69-4386-8f2e-a633e045693d 66af2ee82c124103b0351d07a68c01a0 00203184eba34412818db775040845a9 - - default default] 10.0.0.39 "GET /v2.0/ports?device_id=1c8ec06b-0fe5-422c-bdce-fbc08480c284 HTTP/1.1" status: 200 len: 1174 time: 0.1337557
2026-07-21 14:32:47.210 9 INFO neutron.wsgi [req-39312fac-e0cd-4d77-923b-afe9f55ee480 req-ea06ca53-a466-4577-8a88-be377ec35aa4 66af2ee82c124103b0351d07a68c01a0 00203184eba34412818db775040845a9 - - default default] 10.0.0.39 "GET /v2.0/ports/fbca7f26-d1d3-4101-8c0a-2d98e45a0fe0 HTTP/1.1" status: 200 len: 1171 time: 0.0438406
2026-07-21 14:32:47.254 9 INFO neutron.db.ovn_revision_numbers_db [None req-aa3eab6f-aab2-4c33-95ac-658aadf91c44 - - - - - -] Successfully bumped revision number for resource 04d43d98-0409-4a8c-a666-fb7a806ca7e9 (type: ports) to 5
2026-07-21 14:32:47.321 10 INFO neutron.wsgi [req-82ae0ffb-30c5-44d8-8f50-d3f646a27611 req-ee3ccc9c-ed49-4064-817a-774ee6611800 24eda4e826314a848bfe3aede9272218 00b181eedce242a19c8d8d4453059c43 - - default default] 199.204.45.129 "GET /v2.0/ports?device_id=058fab29-b53b-428f-8db5-54ac25c613cd HTTP/1.1" status: 200 len: 1168 time: 0.1512251
2026-07-21 14:32:47.372 10 WARNING neutron.scheduler.dhcp_agent_scheduler [None req-e3055bdb-72b8-47dd-8475-e87e18401b26 4a311ad1caf548088ceb59345a8382a1 05fd8d8a5c8a4c7b97570732804bbf7b - - default default] No more DHCP agents
2026-07-21 14:32:47.387 10 WARNING neutron.api.rpc.agentnotifiers.dhcp_rpc_agent_api [None req-e3055bdb-72b8-47dd-8475-e87e18401b26 4a311ad1caf548088ceb59345a8382a1 05fd8d8a5c8a4c7b97570732804bbf7b - - default default] Unable to schedule network 65d5cff7-4e38-40d9-9b16-8b92b4fedb34: no agents available; will retry on subsequent port and subnet creation events.
2026-07-21 14:32:47.418 10 INFO neutron.wsgi [req-e1ddbfc5-421f-40ea-8a24-456b504e1367 req-50753bf2-0b68-442a-b9c5-6ff3c421a911 66af2ee82c124103b0351d07a68c01a0 00203184eba34412818db775040845a9 - - default default] 199.204.45.129 "GET /v2.0/subnets?network_id=69031c16-0b1c-4364-8c79-c896acd952b6 HTTP/1.1" status: 200 len: 859 time: 0.0667062
2026-07-21 14:32:47.579 10 INFO neutron.db.ovn_revision_numbers_db [None req-e3055bdb-72b8-47dd-8475-e87e18401b26 4a311ad1caf548088ceb59345a8382a1 05fd8d8a5c8a4c7b97570732804bbf7b - - default default] Successfully bumped revision number for resource afb21a13-2501-4aa7-803a-470d90d1873c (type: ports) to 1
2026-07-21 14:32:47.606 10 INFO neutron.wsgi [req-e1ddbfc5-421f-40ea-8a24-456b504e1367 req-c5a24faa-e6fb-4154-9636-f2b1ddb480bf 66af2ee82c124103b0351d07a68c01a0 00203184eba34412818db775040845a9 - - default default] 199.204.45.129 "GET /v2.0/ports?device_id=1c8ec06b-0fe5-422c-bdce-fbc08480c284&device_owner=compute%3Anova&network_id=69031c16-0b1c-4364-8c79-c896acd952b6 HTTP/1.1" status: 200 len: 1174 time: 0.1827831
2026-07-21 14:32:47.626 10 INFO neutron.wsgi [None req-e3055bdb-72b8-47dd-8475-e87e18401b26 4a311ad1caf548088ceb59345a8382a1 05fd8d8a5c8a4c7b97570732804bbf7b - - default default] 10.0.0.21 "POST /v2.0/networks HTTP/1.1" status: 201 len: 843 time: 1.2326512 /var/lib/openstack/lib/python3.10/site-packages/pycadf/identifier.py:71: UserWarning: Invalid uuid: neutron. To ensure interoperability, identifiers should be a valid uuid. warnings.warn(('Invalid uuid: %s. To ensure interoperability, '
2026-07-21 14:32:47.665 9 WARNING neutron_lib.context [None req-415fcf60-65e4-4c80-b861-aa2c59731edb 4a311ad1caf548088ceb59345a8382a1 05fd8d8a5c8a4c7b97570732804bbf7b - - default default] Method 'is_advsvc' is deprecated since 2023.2 release (neutron-lib 3.8.0) and will be removed once support for the old RBAC API policies will be removed from Neutron. Please use method 'is_service_role' instead.
2026-07-21 14:32:47.742 9 INFO neutron.notifiers.nova [-] Nova event matching ['req-9ded1599-8ad5-4b8a-9a88-471f503b75ea'] response: {'name': 'network-changed', 'server_uuid': '058fab29-b53b-428f-8db5-54ac25c613cd', 'tag': '04d43d98-0409-4a8c-a666-fb7a806ca7e9', 'status': 'completed', 'code': 200}
2026-07-21 14:32:47.742 9 INFO neutron.notifiers.nova [-] Nova event matching ['req-9ded1599-8ad5-4b8a-9a88-471f503b75ea'] response: {'server_uuid': '058fab29-b53b-428f-8db5-54ac25c613cd', 'name': 'network-vif-unplugged', 'status': 'completed', 'tag': '04d43d98-0409-4a8c-a666-fb7a806ca7e9', 'code': 200}
2026-07-21 14:32:47.742 9 INFO neutron.notifiers.nova [-] Nova event matching ['req-9ded1599-8ad5-4b8a-9a88-471f503b75ea'] response: {'server_uuid': '058fab29-b53b-428f-8db5-54ac25c613cd', 'name': 'network-vif-unplugged', 'status': 'completed', 'tag': '04d43d98-0409-4a8c-a666-fb7a806ca7e9', 'code': 200}
2026-07-21 14:32:48.082 9 INFO neutron.wsgi [req-de390185-e929-4f1e-af01-ff6a177179de req-d9faf7f7-1ec6-441a-aba2-08d26c1af3ad 3a68918bc1234747809bbcab9a8c748a cf209440a3674ffbbee6cfc755d67e31 - - 54de7a9fafb84e02afc76315b903ca50 54de7a9fafb84e02afc76315b903ca50] 199.204.45.129 "GET /v2.0/ports?tenant_id=00b181eedce242a19c8d8d4453059c43&device_id=058fab29-b53b-428f-8db5-54ac25c613cd HTTP/1.1" status: 200 len: 1407 time: 0.3084381 /var/lib/openstack/lib/python3.10/site-packages/pycadf/identifier.py:71: UserWarning: Invalid uuid: neutron. To ensure interoperability, identifiers should be a valid uuid. warnings.warn(('Invalid uuid: %s. To ensure interoperability, '
2026-07-21 14:32:48.140 9 INFO neutron.wsgi [req-67e47dd8-5961-4a63-ba2b-f692c5c8375e req-5c09695f-19dc-442c-8711-6872b2c7c7f8 24eda4e826314a848bfe3aede9272218 00b181eedce242a19c8d8d4453059c43 - - default default] 10.0.0.39 "GET /v2.0/ports?device_id=058fab29-b53b-428f-8db5-54ac25c613cd HTTP/1.1" status: 200 len: 1168 time: 0.1426830
2026-07-21 14:32:48.198 10 INFO neutron.db.l3_db [req-82ae0ffb-30c5-44d8-8f50-d3f646a27611 req-93c7a5a3-e5e6-4a35-b2eb-624a06de30e0 24eda4e826314a848bfe3aede9272218 00b181eedce242a19c8d8d4453059c43 - - default default] Floating IP e609edce-c8a9-454b-b267-2daa936fbada disassociated. External IP: 10.96.250.201, port: 04d43d98-0409-4a8c-a666-fb7a806ca7e9.
2026-07-21 14:32:48.223 9 INFO neutron.wsgi [req-de390185-e929-4f1e-af01-ff6a177179de req-2854d808-8236-4776-a723-b475633b2711 3a68918bc1234747809bbcab9a8c748a cf209440a3674ffbbee6cfc755d67e31 - - 54de7a9fafb84e02afc76315b903ca50 54de7a9fafb84e02afc76315b903ca50] 199.204.45.129 "GET /v2.0/networks?id=bf66c57b-0e6a-47ba-829b-7bf3c1ff46db HTTP/1.1" status: 200 len: 967 time: 0.1336026
2026-07-21 14:32:48.226 9 INFO neutron.wsgi [req-67e47dd8-5961-4a63-ba2b-f692c5c8375e req-5525c4ad-b8c4-4d33-ab7c-d617479da591 24eda4e826314a848bfe3aede9272218 00b181eedce242a19c8d8d4453059c43 - - default default] 10.0.0.39 "GET /v2.0/security-groups?id=00b27309-80f0-49d4-baa4-ceda64e8ab38&fields=id&fields=name HTTP/1.1" status: 200 len: 312 time: 0.0747190
2026-07-21 14:32:48.302 9 INFO neutron.wsgi [req-de390185-e929-4f1e-af01-ff6a177179de req-ecc493e6-51d8-479f-918a-63fb16dfb302 3a68918bc1234747809bbcab9a8c748a cf209440a3674ffbbee6cfc755d67e31 - - 54de7a9fafb84e02afc76315b903ca50 54de7a9fafb84e02afc76315b903ca50] 199.204.45.129 "GET /v2.0/floatingips?fixed_ip_address=10.100.0.9&port_id=04d43d98-0409-4a8c-a666-fb7a806ca7e9 HTTP/1.1" status: 200 len: 1057 time: 0.0735443
2026-07-21 14:32:48.302 9 WARNING neutron.scheduler.dhcp_agent_scheduler [None req-415fcf60-65e4-4c80-b861-aa2c59731edb 4a311ad1caf548088ceb59345a8382a1 05fd8d8a5c8a4c7b97570732804bbf7b - - default default] No more DHCP agents
