2026-07-21 14:33:33.682 9 INFO neutron.wsgi [req-af1049b2-782c-4935-ac14-fee30bcdb95d req-9c4e5c25-b503-4dfd-97f7-52b94ef1b0dd 3a68918bc1234747809bbcab9a8c748a cf209440a3674ffbbee6cfc755d67e31 - - 54de7a9fafb84e02afc76315b903ca50 54de7a9fafb84e02afc76315b903ca50] 199.204.45.129 "GET /v2.0/networks/72bf99f7-d984-4924-b642-be1f225389f7?fields=segments HTTP/1.1" status: 200 len: 212 time: 0.0688355
2026-07-21 14:33:33.715 10 INFO neutron.db.ovn_revision_numbers_db [None req-31a4ef90-43cd-4e65-8e52-af74bd4a898e aaf09a7d266440efab2f57dbd6c53e17 ff887c7d10544a709fad9c928a959a91 - - default default] Successfully bumped revision number for resource 7efce799-0929-4d73-b212-00c3ec151830 (type: security_group_rules) to 0
2026-07-21 14:33:33.737 10 INFO neutron.db.ovn_revision_numbers_db [None req-31a4ef90-43cd-4e65-8e52-af74bd4a898e aaf09a7d266440efab2f57dbd6c53e17 ff887c7d10544a709fad9c928a959a91 - - default default] Successfully bumped revision number for resource 9da1171b-435d-494e-9190-0bc463f66de2 (type: security_group_rules) to 0
2026-07-21 14:33:33.750 10 INFO neutron.db.ovn_revision_numbers_db [None req-31a4ef90-43cd-4e65-8e52-af74bd4a898e aaf09a7d266440efab2f57dbd6c53e17 ff887c7d10544a709fad9c928a959a91 - - default default] Successfully bumped revision number for resource edfc3b37-acc3-44f1-9ce6-f00dd8870e30 (type: security_group_rules) to 0
2026-07-21 14:33:33.777 10 INFO neutron.wsgi [None req-31a4ef90-43cd-4e65-8e52-af74bd4a898e aaf09a7d266440efab2f57dbd6c53e17 ff887c7d10544a709fad9c928a959a91 - - default default] 10.0.0.21 "GET /v2.0/security-groups?tenant_id=9fc62477ae5d48feb1a4a306b65edfab&name=default HTTP/1.1" status: 200 len: 3120 time: 0.4018104
2026-07-21 14:33:33.778 9 INFO neutron.wsgi [req-af1049b2-782c-4935-ac14-fee30bcdb95d req-21fad506-d891-4576-80b9-90125d5120e6 3a68918bc1234747809bbcab9a8c748a cf209440a3674ffbbee6cfc755d67e31 - - 54de7a9fafb84e02afc76315b903ca50 54de7a9fafb84e02afc76315b903ca50] 199.204.45.129 "GET /v2.0/networks/72bf99f7-d984-4924-b642-be1f225389f7?fields=provider%3Aphysical_network&fields=provider%3Anetwork_type HTTP/1.1" status: 200 len: 277 time: 0.0860519
2026-07-21 14:33:33.817 9 INFO neutron.services.segments.plugin [-] Segment d3db9bc6-82db-425d-a0a0-e393875fde0f resource provider aggregate not found
2026-07-21 14:33:33.825 9 INFO neutron.services.segments.plugin [-] Segment d3db9bc6-82db-425d-a0a0-e393875fde0f resource provider aggregate not found
2026-07-21 14:33:33.834 9 INFO neutron.services.segments.plugin [-] Segment d3db9bc6-82db-425d-a0a0-e393875fde0f resource provider not found; error: Placement Client Error (4xx): {"errors": [{"status": 404, "title": "Not Found", "detail": "The resource could not be found.\n\n No resource provider with uuid d3db9bc6-82db-425d-a0a0-e393875fde0f found for delete ", "request_id": "req-966f331b-ed9a-4d80-9ad1-80529fb19b21"}]}
2026-07-21 14:33:33.844 9 INFO neutron.services.segments.plugin [-] Segment d3db9bc6-82db-425d-a0a0-e393875fde0f resource provider not found; error: Placement Client Error (4xx): {"errors": [{"status": 404, "title": "Not Found", "detail": "The resource could not be found.\n\n No resource provider with uuid d3db9bc6-82db-425d-a0a0-e393875fde0f found for delete ", "request_id": "req-c8a93aa1-fbfd-4e32-8a21-ac24e3c857ee"}]}
2026-07-21 14:33:33.870 9 INFO neutron.wsgi [None req-b3be9b2d-1087-41e8-8501-b467c81257d2 aaf09a7d266440efab2f57dbd6c53e17 ff887c7d10544a709fad9c928a959a91 - - default default] 10.0.0.21 "DELETE /v2.0/networks/2ab74df5-3216-426e-accd-b4829fcfd09c HTTP/1.1" status: 204 len: 168 time: 0.6779616
2026-07-21 14:33:34.036 10 INFO neutron.wsgi [None req-c788bfa5-9f5d-4d63-8b9f-3c443189a4e2 aaf09a7d266440efab2f57dbd6c53e17 ff887c7d10544a709fad9c928a959a91 - - default default] 10.0.0.21 "DELETE /v2.0/security-groups/65c01add-83f0-48df-8d91-b4b657ba313c HTTP/1.1" status: 204 len: 168 time: 0.2503443
2026-07-21 14:33:34.093 9 INFO neutron.wsgi [None req-0c4d9ebe-6337-4f26-87cf-bce77f02941c aaf09a7d266440efab2f57dbd6c53e17 ff887c7d10544a709fad9c928a959a91 - - default default] 10.0.0.21 "GET /v2.0/security-groups?tenant_id=fef6e08ae06346158b58621bd1cb1334&name=default HTTP/1.1" status: 200 len: 3120 time: 0.0675645
2026-07-21 14:33:34.118 9 INFO neutron.wsgi [req-e5a99735-241c-4478-9892-8604c9bda549 req-167e04dc-14a9-4519-8048-e704a26f6303 2fc1c0a97e7045b98eec2edd08de55b1 a044f1fd6d524554b3ebea12b679596a - - default default] 10.0.0.39 "GET /v2.0/ports?device_id=2517670d-2a33-4b96-8a53-500df37a2bf9 HTTP/1.1" status: 200 len: 1168 time: 0.0573683
2026-07-21 14:33:34.184 10 WARNING neutron.plugins.ml2.drivers.ovn.mech_driver.ovsdb.ovn_client [None req-fe8da8e1-bf6e-4d02-b9d7-8bfb27b0a407 - - - - - -] No hosting information found for port d94103dc-c182-4641-9a2c-6514c614abd7: RuntimeError: No hosting information found for port d94103dc-c182-4641-9a2c-6514c614abd7
2026-07-21 14:33:34.185 10 INFO neutron.plugins.ml2.drivers.ovn.mech_driver.mech_driver [None req-fe8da8e1-bf6e-4d02-b9d7-8bfb27b0a407 - - - - - -] OVN reports status up for port: 3a52b624-e956-435f-b277-eb220c3a4373
2026-07-21 14:33:34.200 10 INFO neutron.plugins.ml2.plugin [None req-fe8da8e1-bf6e-4d02-b9d7-8bfb27b0a407 - - - - - -] Attempt 1 to provision port 3a52b624-e956-435f-b277-eb220c3a4373
2026-07-21 14:33:34.219 9 INFO neutron.wsgi [req-e5a99735-241c-4478-9892-8604c9bda549 req-8991f2d5-c095-463b-86c4-5deff4da034c 2fc1c0a97e7045b98eec2edd08de55b1 a044f1fd6d524554b3ebea12b679596a - - default default] 10.0.0.39 "GET /v2.0/security-groups?id=24b9eb9f-a35d-4dde-9dae-3537d0e6766d&fields=id&fields=name HTTP/1.1" status: 200 len: 286 time: 0.0827160
2026-07-21 14:33:34.347 10 INFO neutron.notifiers.nova [-] Nova event matching ['req-d5fc2d7c-2adb-402a-a9a4-f5946a3e1bea'] response: {'server_uuid': '2517670d-2a33-4b96-8a53-500df37a2bf9', 'name': 'network-vif-plugged', 'status': 'completed', 'tag': '3a52b624-e956-435f-b277-eb220c3a4373', 'code': 200}
2026-07-21 14:33:34.387 9 INFO neutron.wsgi [None req-9c67e26f-6371-4f88-8442-ee0f93758120 aaf09a7d266440efab2f57dbd6c53e17 ff887c7d10544a709fad9c928a959a91 - - default default] 10.0.0.21 "DELETE /v2.0/security-groups/92c37e00-509e-496a-8df5-cd832c913069 HTTP/1.1" status: 204 len: 168 time: 0.2871742
2026-07-21 14:33:34.550 10 INFO neutron.db.ovn_revision_numbers_db [None req-fe8da8e1-bf6e-4d02-b9d7-8bfb27b0a407 - - - - - -] Successfully bumped revision number for resource 3a52b624-e956-435f-b277-eb220c3a4373 (type: ports) to 4
2026-07-21 14:33:35.389 9 INFO neutron.wsgi [req-9b4de079-4e41-4f44-8684-1fa13fd04d28 req-5c8017cb-465c-4b0b-bf95-c3aa60417dd7 2fc1c0a97e7045b98eec2edd08de55b1 a044f1fd6d524554b3ebea12b679596a - - default default] 10.0.0.39 "GET /v2.0/ports?device_id=2517670d-2a33-4b96-8a53-500df37a2bf9 HTTP/1.1" status: 200 len: 1170 time: 0.1006436
2026-07-21 14:33:35.448 9 INFO neutron.wsgi [req-9b4de079-4e41-4f44-8684-1fa13fd04d28 req-21e821da-02fa-4d10-b086-44fcf4eb87f8 2fc1c0a97e7045b98eec2edd08de55b1 a044f1fd6d524554b3ebea12b679596a - - default default] 10.0.0.39 "GET /v2.0/security-groups?id=24b9eb9f-a35d-4dde-9dae-3537d0e6766d&fields=id&fields=name HTTP/1.1" status: 200 len: 286 time: 0.0517955
2026-07-21 14:33:35.543 10 INFO neutron.wsgi [-] 10.0.0.250 "GET / HTTP/1.1" status: 200 len: 247 time: 0.0026739
2026-07-21 14:33:35.546 10 INFO neutron.wsgi [-] 10.0.0.250 "GET / HTTP/1.1" status: 200 len: 247 time: 0.0018096
2026-07-21 14:33:35.639 9 INFO neutron.db.ovn_revision_numbers_db [None req-894773f0-c12f-45a1-898e-7aa13a2adafb aaf09a7d266440efab2f57dbd6c53e17 ff887c7d10544a709fad9c928a959a91 - - default default] Successfully bumped revision number for resource 7d2121f9-4a60-40df-9655-46b234e4e8fd (type: security_groups) to 1
2026-07-21 14:33:35.672 9 INFO neutron.db.ovn_revision_numbers_db [None req-894773f0-c12f-45a1-898e-7aa13a2adafb aaf09a7d266440efab2f57dbd6c53e17 ff887c7d10544a709fad9c928a959a91 - - default default] Successfully bumped revision number for resource 330fbb34-3c7e-4c8f-8554-3e136da81308 (type: security_group_rules) to 0
2026-07-21 14:33:35.688 9 INFO neutron.db.ovn_revision_numbers_db [None req-894773f0-c12f-45a1-898e-7aa13a2adafb aaf09a7d266440efab2f57dbd6c53e17 ff887c7d10544a709fad9c928a959a91 - - default default] Successfully bumped revision number for resource 6903544a-1c31-4e88-a841-6f41e9a93021 (type: security_group_rules) to 0
2026-07-21 14:33:35.702 9 INFO neutron.db.ovn_revision_numbers_db [None req-894773f0-c12f-45a1-898e-7aa13a2adafb aaf09a7d266440efab2f57dbd6c53e17 ff887c7d10544a709fad9c928a959a91 - - default default] Successfully bumped revision number for resource a8cae0b4-5977-44e7-ad0f-93fae1a87d00 (type: security_group_rules) to 0
2026-07-21 14:33:35.716 9 INFO neutron.db.ovn_revision_numbers_db [None req-894773f0-c12f-45a1-898e-7aa13a2adafb aaf09a7d266440efab2f57dbd6c53e17 ff887c7d10544a709fad9c928a959a91 - - default default] Successfully bumped revision number for resource c92bb6e8-a58a-4738-832a-3fa1e7782aea (type: security_group_rules) to 0
2026-07-21 14:33:35.739 9 INFO neutron.wsgi [None req-894773f0-c12f-45a1-898e-7aa13a2adafb aaf09a7d266440efab2f57dbd6c53e17 ff887c7d10544a709fad9c928a959a91 - - default default] 10.0.0.21 "GET /v2.0/security-groups?tenant_id=0a293fc42ec04c6c8c40116e88f6ed0d&name=default HTTP/1.1" status: 200 len: 3120 time: 0.5025172
2026-07-21 14:33:35.824 10 INFO neutron.plugins.ml2.drivers.ovn.mech_driver.mech_driver [None req-fe8da8e1-bf6e-4d02-b9d7-8bfb27b0a407 - - - - - -] OVN reports status down for port: 3a52b624-e956-435f-b277-eb220c3a4373
2026-07-21 14:33:35.853 9 INFO neutron.wsgi [req-742189c8-1766-4ab1-a22c-716778096ae1 req-25b715f6-5a96-4ee0-82c2-5e3acec9c5ae 2fc1c0a97e7045b98eec2edd08de55b1 a044f1fd6d524554b3ebea12b679596a - - default default] 10.0.0.39 "GET /v2.0/ports?device_id=2517670d-2a33-4b96-8a53-500df37a2bf9 HTTP/1.1" status: 200 len: 1170 time: 0.0653682
2026-07-21 14:33:35.921 9 INFO neutron.wsgi [req-742189c8-1766-4ab1-a22c-716778096ae1 req-d5014c07-aec4-47be-a0cf-b35beeaef209 2fc1c0a97e7045b98eec2edd08de55b1 a044f1fd6d524554b3ebea12b679596a - - default default] 10.0.0.39 "GET /v2.0/security-groups?id=24b9eb9f-a35d-4dde-9dae-3537d0e6766d&fields=id&fields=name HTTP/1.1" status: 200 len: 286 time: 0.0608294
2026-07-21 14:33:36.105 9 INFO neutron.wsgi [None req-bf6abc3b-4b60-4c1e-8ed1-b8c9c26a2fbe aaf09a7d266440efab2f57dbd6c53e17 ff887c7d10544a709fad9c928a959a91 - - default default] 10.0.0.21 "DELETE /v2.0/security-groups/7d2121f9-4a60-40df-9655-46b234e4e8fd HTTP/1.1" status: 204 len: 168 time: 0.3612609
2026-07-21 14:33:36.167 9 INFO neutron.wsgi [req-197f5769-b086-48a3-b12b-95ba1a448108 req-023fbc7c-2a9f-4751-9ed1-ec7662d9a950 2fc1c0a97e7045b98eec2edd08de55b1 a044f1fd6d524554b3ebea12b679596a - - default default] 199.204.45.129 "GET /v2.0/ports?device_id=2517670d-2a33-4b96-8a53-500df37a2bf9 HTTP/1.1" status: 200 len: 1168 time: 0.0462475
2026-07-21 14:33:36.199 10 INFO neutron.db.ovn_revision_numbers_db [None req-fe8da8e1-bf6e-4d02-b9d7-8bfb27b0a407 - - - - - -] Successfully bumped revision number for resource 3a52b624-e956-435f-b277-eb220c3a4373 (type: ports) to 5 /var/lib/openstack/lib/python3.10/site-packages/pycadf/identifier.py:71: UserWarning: Invalid uuid: neutron. To ensure interoperability, identifiers should be a valid uuid. warnings.warn(('Invalid uuid: %s. To ensure interoperability, '
2026-07-21 14:33:36.395 10 INFO neutron.notifiers.nova [-] Nova event matching ['req-f280a016-f596-4005-982c-e1e6a7b98e9e'] response: {'server_uuid': '2517670d-2a33-4b96-8a53-500df37a2bf9', 'name': 'network-vif-plugged', 'status': 'completed', 'tag': '3a52b624-e956-435f-b277-eb220c3a4373', 'code': 200}
2026-07-21 14:33:36.395 10 INFO neutron.notifiers.nova [-] Nova event matching ['req-f280a016-f596-4005-982c-e1e6a7b98e9e'] response: {'server_uuid': '2517670d-2a33-4b96-8a53-500df37a2bf9', 'name': 'network-vif-unplugged', 'status': 'completed', 'tag': '3a52b624-e956-435f-b277-eb220c3a4373', 'code': 200}
2026-07-21 14:33:36.395 10 INFO neutron.notifiers.nova [-] Nova event matching ['req-f280a016-f596-4005-982c-e1e6a7b98e9e'] response: {'server_uuid': '2517670d-2a33-4b96-8a53-500df37a2bf9', 'name': 'network-vif-unplugged', 'status': 'completed', 'tag': '3a52b624-e956-435f-b277-eb220c3a4373', 'code': 200}
2026-07-21 14:33:36.396 10 INFO neutron.db.ovn_revision_numbers_db [None req-86279172-d59d-475e-b5e7-6236fa65a63a aaf09a7d266440efab2f57dbd6c53e17 ff887c7d10544a709fad9c928a959a91 - - default default] Successfully bumped revision number for resource fcd39a01-011e-423d-bb08-907a206f387e (type: security_groups) to 1
2026-07-21 14:33:36.413 10 INFO neutron.db.ovn_revision_numbers_db [None req-86279172-d59d-475e-b5e7-6236fa65a63a aaf09a7d266440efab2f57dbd6c53e17 ff887c7d10544a709fad9c928a959a91 - - default default] Successfully bumped revision number for resource 17e26ef6-919c-442d-990b-05ef7eb0ca4d (type: security_group_rules) to 0
2026-07-21 14:33:36.430 10 INFO neutron.db.ovn_revision_numbers_db [None req-86279172-d59d-475e-b5e7-6236fa65a63a aaf09a7d266440efab2f57dbd6c53e17 ff887c7d10544a709fad9c928a959a91 - - default default] Successfully bumped revision number for resource 39e3f26f-61c9-4a76-bba8-555484c880b4 (type: security_group_rules) to 0
2026-07-21 14:33:36.448 10 INFO neutron.db.ovn_revision_numbers_db [None req-86279172-d59d-475e-b5e7-6236fa65a63a aaf09a7d266440efab2f57dbd6c53e17 ff887c7d10544a709fad9c928a959a91 - - default default] Successfully bumped revision number for resource 3c320cb3-a8e5-4067-a580-c390f01ad6b9 (type: security_group_rules) to 0
2026-07-21 14:33:36.465 10 INFO neutron.db.ovn_revision_numbers_db [None req-86279172-d59d-475e-b5e7-6236fa65a63a aaf09a7d266440efab2f57dbd6c53e17 ff887c7d10544a709fad9c928a959a91 - - default default] Successfully bumped revision number for resource d8788c71-6327-4aa6-9a39-b0ae4e214bfa (type: security_group_rules) to 0
2026-07-21 14:33:36.490 10 INFO neutron.wsgi [None req-86279172-d59d-475e-b5e7-6236fa65a63a aaf09a7d266440efab2f57dbd6c53e17 ff887c7d10544a709fad9c928a959a91 - - default default] 10.0.0.21 "GET /v2.0/security-groups?tenant_id=977571a0eceb44d4ae3bd5f515fc9641&name=default HTTP/1.1" status: 200 len: 3120 time: 0.2701139 /var/lib/openstack/lib/python3.10/site-packages/pycadf/identifier.py:71: UserWarning: Invalid uuid: neutron. To ensure interoperability, identifiers should be a valid uuid. warnings.warn(('Invalid uuid: %s. To ensure interoperability, '
2026-07-21 14:33:36.522 9 INFO neutron.wsgi [req-197f5769-b086-48a3-b12b-95ba1a448108 req-0c868414-0a54-4426-8cdb-b941a6909f79 2fc1c0a97e7045b98eec2edd08de55b1 a044f1fd6d524554b3ebea12b679596a - - default default] 199.204.45.129 "DELETE /v2.0/ports/3a52b624-e956-435f-b277-eb220c3a4373 HTTP/1.1" status: 204 len: 173 time: 0.3495531
2026-07-21 14:33:36.716 10 INFO neutron.wsgi [None req-bcf298ed-91d1-4352-b504-5e4fb1919784 aaf09a7d266440efab2f57dbd6c53e17 ff887c7d10544a709fad9c928a959a91 - - default default] 10.0.0.21 "DELETE /v2.0/security-groups/fcd39a01-011e-423d-bb08-907a206f387e HTTP/1.1" status: 204 len: 168 time: 0.2213056
2026-07-21 14:33:36.775 9 INFO neutron.notifiers.nova [-] Nova event matching ['req-b6d161fa-fcd8-4026-9821-8b20be7fcb2b'] response: {'server_uuid': '2517670d-2a33-4b96-8a53-500df37a2bf9', 'name': 'network-vif-deleted', 'tag': '3a52b624-e956-435f-b277-eb220c3a4373', 'status': 'completed', 'code': 200}
2026-07-21 14:33:36.905 9 INFO neutron.db.ovn_revision_numbers_db [None req-81f8ccea-e808-45fa-90f0-753dfec8c192 aaf09a7d266440efab2f57dbd6c53e17 ff887c7d10544a709fad9c928a959a91 - - default default] Successfully bumped revision number for resource cc97cd27-3ca8-4a70-9dba-a08337e2e194 (type: security_groups) to 1
2026-07-21 14:33:36.922 9 INFO neutron.db.ovn_revision_numbers_db [None req-81f8ccea-e808-45fa-90f0-753dfec8c192 aaf09a7d266440efab2f57dbd6c53e17 ff887c7d10544a709fad9c928a959a91 - - default default] Successfully bumped revision number for resource 022745f4-de8f-4f2f-bebb-f732a281f100 (type: security_group_rules) to 0
2026-07-21 14:33:36.936 9 INFO neutron.db.ovn_revision_numbers_db [None req-81f8ccea-e808-45fa-90f0-753dfec8c192 aaf09a7d266440efab2f57dbd6c53e17 ff887c7d10544a709fad9c928a959a91 - - default default] Successfully bumped revision number for resource 15ed5b0b-d6cc-408f-b55e-3d19690b0d29 (type: security_group_rules) to 0
2026-07-21 14:33:36.952 9 INFO neutron.db.ovn_revision_numbers_db [None req-81f8ccea-e808-45fa-90f0-753dfec8c192 aaf09a7d266440efab2f57dbd6c53e17 ff887c7d10544a709fad9c928a959a91 - - default default] Successfully bumped revision number for resource 753e871b-ed54-47e6-916d-c5406ac32b34 (type: security_group_rules) to 0
2026-07-21 14:33:36.968 9 INFO neutron.db.ovn_revision_numbers_db [None req-81f8ccea-e808-45fa-90f0-753dfec8c192 aaf09a7d266440efab2f57dbd6c53e17 ff887c7d10544a709fad9c928a959a91 - - default default] Successfully bumped revision number for resource eee80bf7-1d4c-4b85-8ada-004bfb1e40fe (type: security_group_rules) to 0
2026-07-21 14:33:37.026 9 INFO neutron.db.segments_db [None req-81f8ccea-e808-45fa-90f0-753dfec8c192 aaf09a7d266440efab2f57dbd6c53e17 ff887c7d10544a709fad9c928a959a91 - - default default] Added segment 2f393f9b-24ae-4448-b8da-fc72d24b8118 of type geneve for network 5baf08df-7580-434e-af1d-3085eaa5ae8d
2026-07-21 14:33:37.175 9 INFO neutron.db.ovn_revision_numbers_db [None req-81f8ccea-e808-45fa-90f0-753dfec8c192 aaf09a7d266440efab2f57dbd6c53e17 ff887c7d10544a709fad9c928a959a91 - - default default] Successfully bumped revision number for resource 5baf08df-7580-434e-af1d-3085eaa5ae8d (type: networks) to 1
2026-07-21 14:33:37.370 9 WARNING neutron.scheduler.dhcp_agent_scheduler [None req-81f8ccea-e808-45fa-90f0-753dfec8c192 aaf09a7d266440efab2f57dbd6c53e17 ff887c7d10544a709fad9c928a959a91 - - default default] No more DHCP agents
2026-07-21 14:33:37.374 9 WARNING neutron.api.rpc.agentnotifiers.dhcp_rpc_agent_api [None req-81f8ccea-e808-45fa-90f0-753dfec8c192 aaf09a7d266440efab2f57dbd6c53e17 ff887c7d10544a709fad9c928a959a91 - - default default] Unable to schedule network 5baf08df-7580-434e-af1d-3085eaa5ae8d: no agents available; will retry on subsequent port and subnet creation events.
2026-07-21 14:33:37.473 9 INFO neutron.db.ovn_revision_numbers_db [None req-81f8ccea-e808-45fa-90f0-753dfec8c192 aaf09a7d266440efab2f57dbd6c53e17 ff887c7d10544a709fad9c928a959a91 - - default default] Successfully bumped revision number for resource 2e4d305d-b17b-4bc7-92fb-f69bfc72c580 (type: ports) to 1
2026-07-21 14:33:37.503 9 INFO neutron.wsgi [None req-81f8ccea-e808-45fa-90f0-753dfec8c192 aaf09a7d266440efab2f57dbd6c53e17 ff887c7d10544a709fad9c928a959a91 - - default default] 10.0.0.21 "POST /v2.0/networks HTTP/1.1" status: 201 len: 946 time: 1.1507585
2026-07-21 14:33:37.676 9 WARNING neutron.scheduler.dhcp_agent_scheduler [None req-5d3ea93d-207a-46c0-ad33-3ebf930188bb aaf09a7d266440efab2f57dbd6c53e17 ff887c7d10544a709fad9c928a959a91 - - default default] No more DHCP agents
2026-07-21 14:33:37.679 9 WARNING neutron.api.rpc.agentnotifiers.dhcp_rpc_agent_api [None req-5d3ea93d-207a-46c0-ad33-3ebf930188bb aaf09a7d266440efab2f57dbd6c53e17 ff887c7d10544a709fad9c928a959a91 - - default default] Unable to schedule network 5baf08df-7580-434e-af1d-3085eaa5ae8d: no agents available; will retry on subsequent port and subnet creation events.
2026-07-21 14:33:38.197 9 INFO neutron.db.ovn_revision_numbers_db [None req-5d3ea93d-207a-46c0-ad33-3ebf930188bb aaf09a7d266440efab2f57dbd6c53e17 ff887c7d10544a709fad9c928a959a91 - - default default] Successfully bumped revision number for resource 2e4d305d-b17b-4bc7-92fb-f69bfc72c580 (type: ports) to 2
2026-07-21 14:33:38.246 9 INFO neutron.db.ovn_revision_numbers_db [None req-5d3ea93d-207a-46c0-ad33-3ebf930188bb aaf09a7d266440efab2f57dbd6c53e17 ff887c7d10544a709fad9c928a959a91 - - default default] Successfully bumped revision number for resource a2340ab7-cff1-45bd-bad5-3559fda6885b (type: subnets) to 0
2026-07-21 14:33:38.265 9 INFO neutron.wsgi [None req-5d3ea93d-207a-46c0-ad33-3ebf930188bb aaf09a7d266440efab2f57dbd6c53e17 ff887c7d10544a709fad9c928a959a91 - - default default] 10.0.0.21 "POST /v2.0/subnets HTTP/1.1" status: 201 len: 866 time: 0.7561023
2026-07-21 14:33:38.328 10 INFO neutron.wsgi [None req-dd547a0d-099a-43b4-82ae-28ecbcc7f836 aaf09a7d266440efab2f57dbd6c53e17 ff887c7d10544a709fad9c928a959a91 - - default default] 10.0.0.21 "PUT /v2.0/routers/5cd42971-5ddf-4bfc-910d-5caa362305da/remove_router_interface HTTP/1.1" status: 200 len: 503 time: 1.3383532 /var/lib/openstack/lib/python3.10/site-packages/pycadf/identifier.py:71: UserWarning: Invalid uuid: neutron. To ensure interoperability, identifiers should be a valid uuid. warnings.warn(('Invalid uuid: %s. To ensure interoperability, '
2026-07-21 14:33:38.829 9 WARNING neutron.scheduler.dhcp_agent_scheduler [None req-eec2963c-8197-46e4-888f-cd59b795236b aaf09a7d266440efab2f57dbd6c53e17 ff887c7d10544a709fad9c928a959a91 - - default default] No more DHCP agents
2026-07-21 14:33:38.831 9 WARNING neutron.api.rpc.agentnotifiers.dhcp_rpc_agent_api [None req-eec2963c-8197-46e4-888f-cd59b795236b aaf09a7d266440efab2f57dbd6c53e17 ff887c7d10544a709fad9c928a959a91 - - default default] Unable to schedule network 4b3149dc-3d64-47b9-87b8-94a2e620dd09: no agents available; will retry on subsequent port and subnet creation events.
2026-07-21 14:33:39.038 9 INFO neutron.db.ovn_revision_numbers_db [None req-eec2963c-8197-46e4-888f-cd59b795236b aaf09a7d266440efab2f57dbd6c53e17 ff887c7d10544a709fad9c928a959a91 - - default default] Successfully bumped revision number for resource 61d7cc96-8499-4c8c-9d4c-cdd63eae8781 (type: ports) to 1
2026-07-21 14:33:39.261 10 INFO neutron.wsgi [None req-4ca88d39-a55f-42cf-9152-3b1dc6c6c147 aaf09a7d266440efab2f57dbd6c53e17 ff887c7d10544a709fad9c928a959a91 - - default default] 10.0.0.21 "DELETE /v2.0/routers/5cd42971-5ddf-4bfc-910d-5caa362305da HTTP/1.1" status: 204 len: 168 time: 0.9288394
2026-07-21 14:33:39.529 10 INFO neutron.wsgi [None req-7fd0bcad-f59c-4d66-8c3b-2c72196c07a8 aaf09a7d266440efab2f57dbd6c53e17 ff887c7d10544a709fad9c928a959a91 - - default default] 10.0.0.21 "DELETE /v2.0/subnets/235c5343-5527-421c-b4e5-e2e975b52752 HTTP/1.1" status: 204 len: 168 time: 0.2519886
2026-07-21 14:33:39.846 9 INFO neutron.plugins.ml2.drivers.ovn.mech_driver.ovsdb.commands [None req-e15b6d3f-5235-4fca-aea0-2cbb5e37e8fc - - - - - -] Schedule LRP lrp-61d7cc96-8499-4c8c-9d4c-cdd63eae8781 on gateway 1b28d1c7-1940-4de0-af00-52481c014bf1 with priority 1
2026-07-21 14:33:39.857 9 INFO neutron.plugins.ml2.drivers.ovn.mech_driver.mech_driver [None req-aa3eab6f-aab2-4c33-95ac-658aadf91c44 - - - - - -] OVN reports status up for port: 61d7cc96-8499-4c8c-9d4c-cdd63eae8781
2026-07-21 14:33:39.867 15 INFO neutron.plugins.ml2.drivers.ovn.mech_driver.ovsdb.maintenance [None req-43440391-d766-4bf2-9928-8582d3e45652 - - - - - -] Maintenance task: Synchronization completed (took 0.89 seconds)
2026-07-21 14:33:39.879 10 INFO neutron.plugins.ml2.drivers.ovn.mech_driver.ovsdb.ovsdb_monitor [None req-fa850192-33ec-4d09-b6b5-1b64b891cb02 - - - - - -] Router da45a470-1cd9-4cb5-86a3-a81e2f49280c is bound to host instance
2026-07-21 14:33:39.883 9 INFO neutron.plugins.ml2.plugin [None req-aa3eab6f-aab2-4c33-95ac-658aadf91c44 - - - - - -] Attempt 1 to provision port 61d7cc96-8499-4c8c-9d4c-cdd63eae8781
2026-07-21 14:33:39.917 9 INFO neutron.db.ovn_revision_numbers_db [None req-eec2963c-8197-46e4-888f-cd59b795236b aaf09a7d266440efab2f57dbd6c53e17 ff887c7d10544a709fad9c928a959a91 - - default default] Successfully bumped revision number for resource 61d7cc96-8499-4c8c-9d4c-cdd63eae8781 (type: router_ports) to 1
2026-07-21 14:33:40.006 9 INFO neutron.db.ovn_revision_numbers_db [None req-eec2963c-8197-46e4-888f-cd59b795236b aaf09a7d266440efab2f57dbd6c53e17 ff887c7d10544a709fad9c928a959a91 - - default default] Successfully bumped revision number for resource da45a470-1cd9-4cb5-86a3-a81e2f49280c (type: routers) to 2
2026-07-21 14:33:40.025 9 INFO neutron.wsgi [None req-eec2963c-8197-46e4-888f-cd59b795236b aaf09a7d266440efab2f57dbd6c53e17 ff887c7d10544a709fad9c928a959a91 - - default default] 10.0.0.21 "POST /v2.0/routers HTTP/1.1" status: 201 len: 1168 time: 1.7548096
2026-07-21 14:33:40.268 10 INFO neutron.services.segments.plugin [-] Segment 16fa67c7-ba95-4ffc-8461-a9fe68e65194 resource provider aggregate not found
2026-07-21 14:33:40.275 10 INFO neutron.services.segments.plugin [-] Segment 16fa67c7-ba95-4ffc-8461-a9fe68e65194 resource provider aggregate not found
2026-07-21 14:33:40.299 10 INFO neutron.services.segments.plugin [-] Segment 16fa67c7-ba95-4ffc-8461-a9fe68e65194 resource provider not found; error: Placement Client Error (4xx): {"errors": [{"status": 404, "title": "Not Found", "detail": "The resource could not be found.\n\n No resource provider with uuid 16fa67c7-ba95-4ffc-8461-a9fe68e65194 found for delete ", "request_id": "req-c41f2ba5-65ba-43d1-8f3e-1a4b1a1f254d"}]}
2026-07-21 14:33:40.300 10 INFO neutron.services.segments.plugin [-] Segment 16fa67c7-ba95-4ffc-8461-a9fe68e65194 resource provider not found; error: Placement Client Error (4xx): {"errors": [{"status": 404, "title": "Not Found", "detail": "The resource could not be found.\n\n No resource provider with uuid 16fa67c7-ba95-4ffc-8461-a9fe68e65194 found for delete ", "request_id": "req-1b5eaeee-4ed0-4a4d-955b-d62945ecdee2"}]}
2026-07-21 14:33:40.328 10 INFO neutron.wsgi [None req-246b6923-944a-4256-8682-f7d53307cd30 aaf09a7d266440efab2f57dbd6c53e17 ff887c7d10544a709fad9c928a959a91 - - default default] 10.0.0.21 "DELETE /v2.0/networks/72bf99f7-d984-4924-b642-be1f225389f7 HTTP/1.1" status: 204 len: 168 time: 0.7930639
2026-07-21 14:33:40.580 9 INFO neutron.wsgi [None req-36ce7232-a70f-4ab3-b28a-68b9af415c30 aaf09a7d266440efab2f57dbd6c53e17 ff887c7d10544a709fad9c928a959a91 - - default default] 10.0.0.21 "GET /v2.0/security-groups?tenant_id=a044f1fd6d524554b3ebea12b679596a&name=default HTTP/1.1" status: 200 len: 3120 time: 0.0594883
2026-07-21 14:33:40.817 10 INFO neutron.db.ovn_revision_numbers_db [None req-fa850192-33ec-4d09-b6b5-1b64b891cb02 - - - - - -] Successfully bumped revision number for resource 61d7cc96-8499-4c8c-9d4c-cdd63eae8781 (type: ports) to 1
2026-07-21 14:33:40.915 9 WARNING neutron.scheduler.dhcp_agent_scheduler [None req-19bcc114-879d-4875-af1f-c5be64bbb4af aaf09a7d266440efab2f57dbd6c53e17 ff887c7d10544a709fad9c928a959a91 - - default default] No more DHCP agents
2026-07-21 14:33:40.916 9 WARNING neutron.api.rpc.agentnotifiers.dhcp_rpc_agent_api [None req-19bcc114-879d-4875-af1f-c5be64bbb4af aaf09a7d266440efab2f57dbd6c53e17 ff887c7d10544a709fad9c928a959a91 - - default default] Unable to schedule network 5baf08df-7580-434e-af1d-3085eaa5ae8d: no agents available; will retry on subsequent port and subnet creation events.
2026-07-21 14:33:40.922 10 INFO neutron.wsgi [None req-ae8b4b66-8648-4c7f-8241-4b9fbdfd22b6 aaf09a7d266440efab2f57dbd6c53e17 ff887c7d10544a709fad9c928a959a91 - - default default] 10.0.0.21 "DELETE /v2.0/security-groups/24b9eb9f-a35d-4dde-9dae-3537d0e6766d HTTP/1.1" status: 204 len: 168 time: 0.3365250
2026-07-21 14:33:41.122 9 INFO neutron.db.ovn_revision_numbers_db [None req-19bcc114-879d-4875-af1f-c5be64bbb4af aaf09a7d266440efab2f57dbd6c53e17 ff887c7d10544a709fad9c928a959a91 - - default default] Successfully bumped revision number for resource 82c977b7-7497-497d-bf6b-d8df2ecaee88 (type: ports) to 1
2026-07-21 14:33:41.254 10 INFO neutron.db.ovn_revision_numbers_db [None req-fa850192-33ec-4d09-b6b5-1b64b891cb02 - - - - - -] Successfully bumped revision number for resource 61d7cc96-8499-4c8c-9d4c-cdd63eae8781 (type: router_ports) to 3
2026-07-21 14:33:41.514 10 INFO neutron.db.ovn_revision_numbers_db [None req-fa850192-33ec-4d09-b6b5-1b64b891cb02 - - - - - -] Successfully bumped revision number for resource 61d7cc96-8499-4c8c-9d4c-cdd63eae8781 (type: ports) to 2
2026-07-21 14:33:41.706 9 ERROR ovsdbapp.backend.ovs_idl.command [None req-19bcc114-879d-4875-af1f-c5be64bbb4af aaf09a7d266440efab2f57dbd6c53e17 ff887c7d10544a709fad9c928a959a91 - - default default] Error executing command (DbGetCommand): ovsdbapp.backend.ovs_idl.idlutils.RowNotFound: Cannot find Logical_Router_Port with name=lrp-82c977b7-7497-497d-bf6b-d8df2ecaee88
2026-07-21 14:33:41.706 9 ERROR ovsdbapp.backend.ovs_idl.command
Traceback (most recent call last):
2026-07-21 14:33:41.706 9 ERROR ovsdbapp.backend.ovs_idl.command
File "/var/lib/openstack/lib/python3.10/site-packages/ovsdbapp/backend/ovs_idl/command.py", line 47, in execute
2026-07-21 14:33:41.706 9 ERROR ovsdbapp.backend.ovs_idl.command self.run_idl(None)
2026-07-21 14:33:41.706 9 ERROR ovsdbapp.backend.ovs_idl.command
File "/var/lib/openstack/lib/python3.10/site-packages/ovsdbapp/backend/ovs_idl/command.py", line 235, in run_idl
2026-07-21 14:33:41.706 9 ERROR ovsdbapp.backend.ovs_idl.command record = self.api.lookup(self.table, self.record)
2026-07-21 14:33:41.706 9 ERROR ovsdbapp.backend.ovs_idl.command
File "/var/lib/openstack/lib/python3.10/site-packages/ovsdbapp/backend/ovs_idl/__init__.py", line 184, in lookup
2026-07-21 14:33:41.706 9 ERROR ovsdbapp.backend.ovs_idl.command return self._lookup(table, record)
2026-07-21 14:33:41.706 9 ERROR ovsdbapp.backend.ovs_idl.command
File "/var/lib/openstack/lib/python3.10/site-packages/ovsdbapp/backend/ovs_idl/__init__.py", line 235, in _lookup
2026-07-21 14:33:41.706 9 ERROR ovsdbapp.backend.ovs_idl.command row = idlutils.row_by_value(self, rl.table, rl.column, record)
2026-07-21 14:33:41.706 9 ERROR ovsdbapp.backend.ovs_idl.command
File "/var/lib/openstack/lib/python3.10/site-packages/ovsdbapp/backend/ovs_idl/idlutils.py", line 114, in row_by_value
2026-07-21 14:33:41.706 9 ERROR ovsdbapp.backend.ovs_idl.command raise RowNotFound(table=table, col=column, match=match)
2026-07-21 14:33:41.706 9 ERROR ovsdbapp.backend.ovs_idl.command ovsdbapp.backend.ovs_idl.idlutils.RowNotFound: Cannot find Logical_Router_Port with name=lrp-82c977b7-7497-497d-bf6b-d8df2ecaee88
2026-07-21 14:33:41.706 9 ERROR ovsdbapp.backend.ovs_idl.command 
2026-07-21 14:33:41.707 9 ERROR neutron_lib.callbacks.manager [None req-19bcc114-879d-4875-af1f-c5be64bbb4af aaf09a7d266440efab2f57dbd6c53e17 ff887c7d10544a709fad9c928a959a91 - - default default] Error during notification for neutron.services.ovn_l3.plugin.OVNL3RouterPlugin._port_update-8792740320998 port, after_update: ovsdbapp.backend.ovs_idl.idlutils.RowNotFound: Cannot find Logical_Router_Port with name=lrp-82c977b7-7497-497d-bf6b-d8df2ecaee88
2026-07-21 14:33:41.707 9 ERROR neutron_lib.callbacks.manager
Traceback (most recent call last):
2026-07-21 14:33:41.707 9 ERROR neutron_lib.callbacks.manager
File "/var/lib/openstack/lib/python3.10/site-packages/neutron_lib/callbacks/manager.py", line 189, in _notify_loop
2026-07-21 14:33:41.707 9 ERROR neutron_lib.callbacks.manager callback.method(resource, event, trigger, payload=payload)
2026-07-21 14:33:41.707 9 ERROR neutron_lib.callbacks.manager
File "/var/lib/openstack/lib/python3.10/site-packages/neutron/services/ovn_l3/plugin.py", line 391, in _port_update
2026-07-21 14:33:41.707 9 ERROR neutron_lib.callbacks.manager l3plugin._ovn_client.update_router_port(context,
2026-07-21 14:33:41.707 9 ERROR neutron_lib.callbacks.manager
File "/var/lib/openstack/lib/python3.10/site-packages/neutron/plugins/ml2/drivers/ovn/mech_driver/ovsdb/ovn_client.py", line 1878, in update_router_port
2026-07-21 14:33:41.707 9 ERROR neutron_lib.callbacks.manager self._update_lrouter_port(context, port, if_exists=if_exists,
2026-07-21 14:33:41.707 9 ERROR neutron_lib.callbacks.manager
File "/var/lib/openstack/lib/python3.10/site-packages/neutron/plugins/ml2/drivers/ovn/mech_driver/ovsdb/ovn_client.py", line 1855, in _update_lrouter_port
2026-07-21 14:33:41.707 9 ERROR neutron_lib.callbacks.manager external_ids = self._nb_idl.db_get(
2026-07-21 14:33:41.707 9 ERROR neutron_lib.callbacks.manager
File "/var/lib/openstack/lib/python3.10/site-packages/ovsdbapp/backend/ovs_idl/command.py", line 47, in execute
2026-07-21 14:33:41.707 9 ERROR neutron_lib.callbacks.manager self.run_idl(None)
2026-07-21 14:33:41.707 9 ERROR neutron_lib.callbacks.manager
File "/var/lib/openstack/lib/python3.10/site-packages/ovsdbapp/backend/ovs_idl/command.py", line 235, in run_idl
2026-07-21 14:33:41.707 9 ERROR neutron_lib.callbacks.manager record = self.api.lookup(self.table, self.record)
2026-07-21 14:33:41.707 9 ERROR neutron_lib.callbacks.manager
File "/var/lib/openstack/lib/python3.10/site-packages/ovsdbapp/backend/ovs_idl/__init__.py", line 184, in lookup
2026-07-21 14:33:41.707 9 ERROR neutron_lib.callbacks.manager return self._lookup(table, record)
2026-07-21 14:33:41.707 9 ERROR neutron_lib.callbacks.manager
File "/var/lib/openstack/lib/python3.10/site-packages/ovsdbapp/backend/ovs_idl/__init__.py", line 235, in _lookup
2026-07-21 14:33:41.707 9 ERROR neutron_lib.callbacks.manager row = idlutils.row_by_value(self, rl.table, rl.column, record)
2026-07-21 14:33:41.707 9 ERROR neutron_lib.callbacks.manager
File "/var/lib/openstack/lib/python3.10/site-packages/ovsdbapp/backend/ovs_idl/idlutils.py", line 114, in row_by_value
2026-07-21 14:33:41.707 9 ERROR neutron_lib.callbacks.manager raise RowNotFound(table=table, col=column, match=match)
2026-07-21 14:33:41.707 9 ERROR neutron_lib.callbacks.manager ovsdbapp.backend.ovs_idl.idlutils.RowNotFound: Cannot find Logical_Router_Port with name=lrp-82c977b7-7497-497d-bf6b-d8df2ecaee88
2026-07-21 14:33:41.707 9 ERROR neutron_lib.callbacks.manager 
2026-07-21 14:33:41.966 10 INFO neutron.db.ovn_revision_numbers_db [None req-fa850192-33ec-4d09-b6b5-1b64b891cb02 - - - - - -] Successfully bumped revision number for resource 61d7cc96-8499-4c8c-9d4c-cdd63eae8781 (type: ports) to 4
2026-07-21 14:33:41.980 9 INFO neutron.db.ovn_revision_numbers_db [None req-19bcc114-879d-4875-af1f-c5be64bbb4af aaf09a7d266440efab2f57dbd6c53e17 ff887c7d10544a709fad9c928a959a91 - - default default] Successfully bumped revision number for resource 82c977b7-7497-497d-bf6b-d8df2ecaee88 (type: ports) to 1
2026-07-21 14:33:42.045 9 WARNING neutron.scheduler.dhcp_agent_scheduler [None req-19bcc114-879d-4875-af1f-c5be64bbb4af aaf09a7d266440efab2f57dbd6c53e17 ff887c7d10544a709fad9c928a959a91 - - default default] No more DHCP agents
2026-07-21 14:33:42.048 9 WARNING neutron.api.rpc.agentnotifiers.dhcp_rpc_agent_api [None req-19bcc114-879d-4875-af1f-c5be64bbb4af aaf09a7d266440efab2f57dbd6c53e17 ff887c7d10544a709fad9c928a959a91 - - default default] Unable to schedule network 5baf08df-7580-434e-af1d-3085eaa5ae8d: no agents available; will retry on subsequent port and subnet creation events.
2026-07-21 14:33:42.262 9 INFO neutron.plugins.ml2.drivers.ovn.mech_driver.mech_driver [None req-aa3eab6f-aab2-4c33-95ac-658aadf91c44 - - - - - -] OVN reports status up for port: 82c977b7-7497-497d-bf6b-d8df2ecaee88
2026-07-21 14:33:42.279 9 INFO neutron.plugins.ml2.plugin [None req-aa3eab6f-aab2-4c33-95ac-658aadf91c44 - - - - - -] Attempt 1 to provision port 82c977b7-7497-497d-bf6b-d8df2ecaee88
2026-07-21 14:33:42.428 9 INFO neutron.db.ovn_revision_numbers_db [None req-77de5881-8bb9-4438-9b77-1fa1f036a94d aaf09a7d266440efab2f57dbd6c53e17 ff887c7d10544a709fad9c928a959a91 - - default default] Successfully bumped revision number for resource f897311c-ccc0-4468-a75c-cc1257a60166 (type: security_groups) to 1
2026-07-21 14:33:42.445 9 INFO neutron.db.ovn_revision_numbers_db [None req-77de5881-8bb9-4438-9b77-1fa1f036a94d aaf09a7d266440efab2f57dbd6c53e17 ff887c7d10544a709fad9c928a959a91 - - default default] Successfully bumped revision number for resource 1ac43168-1430-476d-960e-cc9de0169215 (type: security_group_rules) to 0
2026-07-21 14:33:42.481 9 INFO neutron.db.ovn_revision_numbers_db [None req-77de5881-8bb9-4438-9b77-1fa1f036a94d aaf09a7d266440efab2f57dbd6c53e17 ff887c7d10544a709fad9c928a959a91 - - default default] Successfully bumped revision number for resource 3e4dd9ac-afe0-42f8-a450-cfa4d5878b7f (type: security_group_rules) to 0
2026-07-21 14:33:42.499 10 INFO neutron.db.ovn_revision_numbers_db [None req-fa850192-33ec-4d09-b6b5-1b64b891cb02 - - - - - -] Successfully bumped revision number for resource 61d7cc96-8499-4c8c-9d4c-cdd63eae8781 (type: router_ports) to 4
2026-07-21 14:33:42.533 9 INFO neutron.db.ovn_revision_numbers_db [None req-77de5881-8bb9-4438-9b77-1fa1f036a94d aaf09a7d266440efab2f57dbd6c53e17 ff887c7d10544a709fad9c928a959a91 - - default default] Successfully bumped revision number for resource b7f508c6-2094-4a87-a318-b8a511010f4c (type: security_group_rules) to 0
2026-07-21 14:33:42.575 9 INFO neutron.db.ovn_revision_numbers_db [None req-77de5881-8bb9-4438-9b77-1fa1f036a94d aaf09a7d266440efab2f57dbd6c53e17 ff887c7d10544a709fad9c928a959a91 - - default default] Successfully bumped revision number for resource e9d0b810-1cc5-4e43-968c-4430f55a1d90 (type: security_group_rules) to 0
2026-07-21 14:33:42.621 9 INFO neutron.wsgi [None req-77de5881-8bb9-4438-9b77-1fa1f036a94d aaf09a7d266440efab2f57dbd6c53e17 ff887c7d10544a709fad9c928a959a91 - - default default] 10.0.0.21 "GET /v2.0/security-groups?tenant_id=dd8356fbde834e50952be790355e8ea1&name=default HTTP/1.1" status: 200 len: 3120 time: 0.5215352
2026-07-21 14:33:42.731 9 INFO neutron.db.ovn_revision_numbers_db [None req-19bcc114-879d-4875-af1f-c5be64bbb4af aaf09a7d266440efab2f57dbd6c53e17 ff887c7d10544a709fad9c928a959a91 - - default default] Successfully bumped revision number for resource 82c977b7-7497-497d-bf6b-d8df2ecaee88 (type: router_ports) to 1
2026-07-21 14:33:42.736 9 INFO neutron.wsgi [None req-19bcc114-879d-4875-af1f-c5be64bbb4af aaf09a7d266440efab2f57dbd6c53e17 ff887c7d10544a709fad9c928a959a91 - - default default] 10.0.0.21 "PUT /v2.0/routers/da45a470-1cd9-4cb5-86a3-a81e2f49280c/add_router_interface HTTP/1.1" status: 200 len: 503 time: 2.7055805
2026-07-21 14:33:42.838 10 INFO neutron.wsgi [None req-2a4f31b3-7500-42b5-a854-8be2a1a39c7d aaf09a7d266440efab2f57dbd6c53e17 ff887c7d10544a709fad9c928a959a91 - - default default] 10.0.0.21 "DELETE /v2.0/security-groups/f897311c-ccc0-4468-a75c-cc1257a60166 HTTP/1.1" status: 204 len: 168 time: 0.2092915
2026-07-21 14:33:42.947 9 INFO neutron.db.ovn_revision_numbers_db [None req-aa3eab6f-aab2-4c33-95ac-658aadf91c44 - - - - - -] Successfully bumped revision number for resource 82c977b7-7497-497d-bf6b-d8df2ecaee88 (type: ports) to 2
2026-07-21 14:33:43.140 9 INFO neutron.db.ovn_revision_numbers_db [None req-aa3eab6f-aab2-4c33-95ac-658aadf91c44 - - - - - -] Successfully bumped revision number for resource 82c977b7-7497-497d-bf6b-d8df2ecaee88 (type: router_ports) to 2
2026-07-21 14:33:43.266 10 INFO neutron.db.ovn_revision_numbers_db [None req-bde638ab-1075-458e-930d-cebeb6d5275d aaf09a7d266440efab2f57dbd6c53e17 ff887c7d10544a709fad9c928a959a91 - - default default] Successfully bumped revision number for resource 4e15eb0a-85ba-4a86-bd30-425d744c1fc8 (type: security_groups) to 1
2026-07-21 14:33:43.285 10 INFO neutron.db.ovn_revision_numbers_db [None req-bde638ab-1075-458e-930d-cebeb6d5275d aaf09a7d266440efab2f57dbd6c53e17 ff887c7d10544a709fad9c928a959a91 - - default default] Successfully bumped revision number for resource 3a50bdaa-37d5-464b-a099-20247535bf14 (type: security_group_rules) to 0
2026-07-21 14:33:43.298 10 INFO neutron.db.ovn_revision_numbers_db [None req-bde638ab-1075-458e-930d-cebeb6d5275d aaf09a7d266440efab2f57dbd6c53e17 ff887c7d10544a709fad9c928a959a91 - - default default] Successfully bumped revision number for resource 40bd5aad-2f6e-4929-ad20-d1da031d69ce (type: security_group_rules) to 0
2026-07-21 14:33:43.312 10 INFO neutron.db.ovn_revision_numbers_db [None req-bde638ab-1075-458e-930d-cebeb6d5275d aaf09a7d266440efab2f57dbd6c53e17 ff887c7d10544a709fad9c928a959a91 - - default default] Successfully bumped revision number for resource 9e5c9352-0e14-4f49-bb84-59fb2cc23989 (type: security_group_rules) to 0
2026-07-21 14:33:43.324 10 INFO neutron.db.ovn_revision_numbers_db [None req-bde638ab-1075-458e-930d-cebeb6d5275d aaf09a7d266440efab2f57dbd6c53e17 ff887c7d10544a709fad9c928a959a91 - - default default] Successfully bumped revision number for resource d63129bd-805e-41c3-a9e6-c5e79a6a229f (type: security_group_rules) to 0
2026-07-21 14:33:43.344 10 INFO neutron.wsgi [None req-bde638ab-1075-458e-930d-cebeb6d5275d aaf09a7d266440efab2f57dbd6c53e17 ff887c7d10544a709fad9c928a959a91 - - default default] 10.0.0.21 "GET /v2.0/security-groups?tenant_id=37e01cf0295f4908a11089feefd4679e&name=default HTTP/1.1" status: 200 len: 3120 time: 0.2315557
2026-07-21 14:33:43.476 9 WARNING neutron_lib.context [None req-0f571514-0ce3-4b28-84a8-ccd6c971bc0a 5ce09708bc304ed99264e48e92b6f756 a1f68f42c03c4aa293ff56bae0b25ee6 - - default default] Method 'is_advsvc' is deprecated since 2023.2 release (neutron-lib 3.8.0) and will be removed once support for the old RBAC API policies will be removed from Neutron. Please use method 'is_service_role' instead.
2026-07-21 14:33:43.600 10 INFO neutron.wsgi [None req-0d655d48-4d64-49f6-8158-58e53b9f025c aaf09a7d266440efab2f57dbd6c53e17 ff887c7d10544a709fad9c928a959a91 - - default default] 10.0.0.21 "DELETE /v2.0/security-groups/4e15eb0a-85ba-4a86-bd30-425d744c1fc8 HTTP/1.1" status: 204 len: 168 time: 0.2521918
2026-07-21 14:33:43.623 9 INFO neutron.db.ovn_revision_numbers_db [None req-0f571514-0ce3-4b28-84a8-ccd6c971bc0a 5ce09708bc304ed99264e48e92b6f756 a1f68f42c03c4aa293ff56bae0b25ee6 - - default default] Successfully bumped revision number for resource 85fd3170-b2ac-4c71-a453-1ff051557aaf (type: security_groups) to 1
2026-07-21 14:33:43.638 9 INFO neutron.db.ovn_revision_numbers_db [None req-0f571514-0ce3-4b28-84a8-ccd6c971bc0a 5ce09708bc304ed99264e48e92b6f756 a1f68f42c03c4aa293ff56bae0b25ee6 - - default default] Successfully bumped revision number for resource bf229d88-aba1-45dd-a905-6f542d8ebfd8 (type: security_group_rules) to 0
2026-07-21 14:33:43.651 9 INFO neutron.db.ovn_revision_numbers_db [None req-0f571514-0ce3-4b28-84a8-ccd6c971bc0a 5ce09708bc304ed99264e48e92b6f756 a1f68f42c03c4aa293ff56bae0b25ee6 - - default default] Successfully bumped revision number for resource e5b1b3e6-a601-4e43-95df-58d657ea1c39 (type: security_group_rules) to 0
2026-07-21 14:33:43.673 9 INFO neutron.wsgi [None req-0f571514-0ce3-4b28-84a8-ccd6c971bc0a 5ce09708bc304ed99264e48e92b6f756 a1f68f42c03c4aa293ff56bae0b25ee6 - - default default] 10.0.0.21 "POST /v2.0/security-groups HTTP/1.1" status: 201 len: 1861 time: 0.2015612
2026-07-21 14:33:43.681 9 WARNING neutron_lib.context [None req-884474b0-6138-4ac7-bb11-5598fd0e856c 5ce09708bc304ed99264e48e92b6f756 a1f68f42c03c4aa293ff56bae0b25ee6 - - default default] Method 'is_advsvc' is deprecated since 2023.2 release (neutron-lib 3.8.0) and will be removed once support for the old RBAC API policies will be removed from Neutron. Please use method 'is_service_role' instead.
2026-07-21 14:33:43.836 9 INFO neutron.db.ovn_revision_numbers_db [None req-884474b0-6138-4ac7-bb11-5598fd0e856c 5ce09708bc304ed99264e48e92b6f756 a1f68f42c03c4aa293ff56bae0b25ee6 - - default default] Successfully bumped revision number for resource d7385e44-7272-4815-9097-636b42472965 (type: security_group_rules) to 0
2026-07-21 14:33:43.863 9 INFO neutron.wsgi [None req-884474b0-6138-4ac7-bb11-5598fd0e856c 5ce09708bc304ed99264e48e92b6f756 a1f68f42c03c4aa293ff56bae0b25ee6 - - default default] 10.0.0.21 "POST /v2.0/security-group-rules HTTP/1.1" status: 201 len: 796 time: 0.1863208
2026-07-21 14:33:43.873 9 WARNING neutron_lib.context [None req-4d7d1d86-d21e-411a-8a0d-23c9306d839a 5ce09708bc304ed99264e48e92b6f756 a1f68f42c03c4aa293ff56bae0b25ee6 - - default default] Method 'is_advsvc' is deprecated since 2023.2 release (neutron-lib 3.8.0) and will be removed once support for the old RBAC API policies will be removed from Neutron. Please use method 'is_service_role' instead.
2026-07-21 14:33:44.017 9 INFO neutron.db.ovn_revision_numbers_db [None req-4d7d1d86-d21e-411a-8a0d-23c9306d839a 5ce09708bc304ed99264e48e92b6f756 a1f68f42c03c4aa293ff56bae0b25ee6 - - default default] Successfully bumped revision number for resource 5e2b54c8-c2ee-44db-849b-497a5a3f06de (type: security_group_rules) to 0
2026-07-21 14:33:44.042 9 INFO neutron.wsgi [None req-4d7d1d86-d21e-411a-8a0d-23c9306d839a 5ce09708bc304ed99264e48e92b6f756 a1f68f42c03c4aa293ff56bae0b25ee6 - - default default] 10.0.0.21 "POST /v2.0/security-group-rules HTTP/1.1" status: 201 len: 801 time: 0.1746211
2026-07-21 14:33:44.053 10 WARNING neutron_lib.context [None req-2b793a15-52b9-495a-a8e7-15a7705d822b 5ce09708bc304ed99264e48e92b6f756 a1f68f42c03c4aa293ff56bae0b25ee6 - - default default] Method 'is_advsvc' is deprecated since 2023.2 release (neutron-lib 3.8.0) and will be removed once support for the old RBAC API policies will be removed from Neutron. Please use method 'is_service_role' instead.
2026-07-21 14:33:44.341 10 WARNING neutron.scheduler.dhcp_agent_scheduler [None req-2b793a15-52b9-495a-a8e7-15a7705d822b 5ce09708bc304ed99264e48e92b6f756 a1f68f42c03c4aa293ff56bae0b25ee6 - - default default] No more DHCP agents
2026-07-21 14:33:44.345 10 WARNING neutron.api.rpc.agentnotifiers.dhcp_rpc_agent_api [None req-2b793a15-52b9-495a-a8e7-15a7705d822b 5ce09708bc304ed99264e48e92b6f756 a1f68f42c03c4aa293ff56bae0b25ee6 - - default default] Unable to schedule network 4b3149dc-3d64-47b9-87b8-94a2e620dd09: no agents available; will retry on subsequent port and subnet creation events.
2026-07-21 14:33:44.707 10 INFO neutron.wsgi [None req-2b793a15-52b9-495a-a8e7-15a7705d822b 5ce09708bc304ed99264e48e92b6f756 a1f68f42c03c4aa293ff56bae0b25ee6 - - default default] 10.0.0.21 "POST /v2.0/floatingips HTTP/1.1" status: 201 len: 751 time: 0.6590266
2026-07-21 14:33:45.212 9 INFO neutron.wsgi [req-f54b615f-fbb0-40d7-8cc8-f9786ace457a req-1f6f2493-bc11-4c71-8b52-39f57f9c8d76 5ce09708bc304ed99264e48e92b6f756 a1f68f42c03c4aa293ff56bae0b25ee6 - - default default] 10.0.0.39 "GET /v2.0/security-groups?name=tempest-securitygroup--1948287599&fields=id&tenant_id=a1f68f42c03c4aa293ff56bae0b25ee6 HTTP/1.1" status: 200 len: 267 time: 0.0456953
2026-07-21 14:33:45.300 9 INFO neutron.wsgi [req-f54b615f-fbb0-40d7-8cc8-f9786ace457a req-0b44001e-1954-4df4-ad31-608494c7a014 5ce09708bc304ed99264e48e92b6f756 a1f68f42c03c4aa293ff56bae0b25ee6 - - default default] 10.0.0.39 "GET /v2.0/networks?id=5baf08df-7580-434e-af1d-3085eaa5ae8d HTTP/1.1" status: 200 len: 875 time: 0.0788436
2026-07-21 14:33:45.317 9 INFO neutron.wsgi [req-f54b615f-fbb0-40d7-8cc8-f9786ace457a req-945f8ae0-afd2-40b1-b6cb-e1b38713aa1f 5ce09708bc304ed99264e48e92b6f756 a1f68f42c03c4aa293ff56bae0b25ee6 - - default default] 10.0.0.39 "GET /v2.0/quotas/a1f68f42c03c4aa293ff56bae0b25ee6 HTTP/1.1" status: 200 len: 491 time: 0.0107477
2026-07-21 14:33:45.425 9 INFO neutron.wsgi [req-f54b615f-fbb0-40d7-8cc8-f9786ace457a req-83d9cd4e-b600-491f-93d1-70a7cd0633b1 5ce09708bc304ed99264e48e92b6f756 a1f68f42c03c4aa293ff56bae0b25ee6 - - default default] 10.0.0.39 "GET /v2.0/ports?tenant_id=a1f68f42c03c4aa293ff56bae0b25ee6&fields=id HTTP/1.1" status: 200 len: 302 time: 0.1010549
2026-07-21 14:33:45.507 9 INFO neutron.wsgi [req-f54b615f-fbb0-40d7-8cc8-f9786ace457a req-44443c50-830d-477a-bee3-c1ee4c73fbf1 3a68918bc1234747809bbcab9a8c748a cf209440a3674ffbbee6cfc755d67e31 - - 54de7a9fafb84e02afc76315b903ca50 54de7a9fafb84e02afc76315b903ca50] 10.0.0.39 "GET /v2.0/networks/5baf08df-7580-434e-af1d-3085eaa5ae8d?fields=segments HTTP/1.1" status: 200 len: 212 time: 0.0706043
2026-07-21 14:33:45.587 9 INFO neutron.wsgi [req-f54b615f-fbb0-40d7-8cc8-f9786ace457a req-9c4384fd-4251-40b7-9e30-bf45d180ccaf 3a68918bc1234747809bbcab9a8c748a cf209440a3674ffbbee6cfc755d67e31 - - 54de7a9fafb84e02afc76315b903ca50 54de7a9fafb84e02afc76315b903ca50] 10.0.0.39 "GET /v2.0/networks/5baf08df-7580-434e-af1d-3085eaa5ae8d?fields=provider%3Aphysical_network&fields=provider%3Anetwork_type HTTP/1.1" status: 200 len: 277 time: 0.0717821
2026-07-21 14:33:45.755 9 INFO neutron.wsgi [req-7dfc7bd1-dd5e-4dcd-a2dc-a8db7162e365 req-6b280911-1337-4a2d-a6ac-4dd42311ed2b 5ce09708bc304ed99264e48e92b6f756 a1f68f42c03c4aa293ff56bae0b25ee6 - - default default] 10.0.0.39 "GET /v2.0/ports?device_id=8db5e9e7-0722-4f2f-b03c-53df58c5aa2b HTTP/1.1" status: 200 len: 210 time: 0.0243309
2026-07-21 14:33:46.498 9 INFO neutron.wsgi [req-f54b615f-fbb0-40d7-8cc8-f9786ace457a req-81b2157d-ed11-44bc-9593-c91fab067615 5ce09708bc304ed99264e48e92b6f756 a1f68f42c03c4aa293ff56bae0b25ee6 - - default default] 199.204.45.129 "GET /v2.0/networks?id=5baf08df-7580-434e-af1d-3085eaa5ae8d HTTP/1.1" status: 200 len: 875 time: 0.0827136
2026-07-21 14:33:46.563 9 INFO neutron.wsgi [req-f54b615f-fbb0-40d7-8cc8-f9786ace457a req-413db936-78b8-4e54-a175-0edb7563742b 5ce09708bc304ed99264e48e92b6f756 a1f68f42c03c4aa293ff56bae0b25ee6 - - default default] 199.204.45.129 "GET /v2.0/security-groups?fields=id&fields=name&tenant_id=a1f68f42c03c4aa293ff56bae0b25ee6 HTTP/1.1" status: 200 len: 380 time: 0.0584090
2026-07-21 14:33:46.577 9 WARNING neutron_lib.context [req-f54b615f-fbb0-40d7-8cc8-f9786ace457a req-b4d63175-03d1-4e68-8275-68767953be50 5ce09708bc304ed99264e48e92b6f756 a1f68f42c03c4aa293ff56bae0b25ee6 - - default default] Method 'is_advsvc' is deprecated since 2023.2 release (neutron-lib 3.8.0) and will be removed once support for the old RBAC API policies will be removed from Neutron. Please use method 'is_service_role' instead.
2026-07-21 14:33:46.845 9 INFO neutron.wsgi [req-31c19807-6991-46e6-a4c2-20a7abbed7ca req-505f1310-3cd5-4876-9a7e-8c2323ea27f9 5ce09708bc304ed99264e48e92b6f756 a1f68f42c03c4aa293ff56bae0b25ee6 - - default default] 10.0.0.39 "GET /v2.0/ports?device_id=8db5e9e7-0722-4f2f-b03c-53df58c5aa2b HTTP/1.1" status: 200 len: 210 time: 0.0320258
2026-07-21 14:33:46.986 9 WARNING neutron.scheduler.dhcp_agent_scheduler [req-f54b615f-fbb0-40d7-8cc8-f9786ace457a req-b4d63175-03d1-4e68-8275-68767953be50 5ce09708bc304ed99264e48e92b6f756 a1f68f42c03c4aa293ff56bae0b25ee6 - - default default] No more DHCP agents
