2026-07-21 14:32:54.591 9 INFO neutron.wsgi [req-52f5fc84-5061-4c38-82f1-c987f421f8f6 req-b54b297f-5061-4353-9095-c2a86ac2f08b 66af2ee82c124103b0351d07a68c01a0 00203184eba34412818db775040845a9 - - default default] 10.0.0.39 "GET /v2.0/security-groups?id=27bc9087-7ad9-4da7-bbf1-b2bc678d998c&fields=id&fields=name HTTP/1.1" status: 200 len: 312 time: 0.0742679
2026-07-21 14:32:54.637 9 INFO neutron.wsgi [req-e31b97fa-aec4-4275-a858-b569acb9f0dd req-7b397359-4ff3-4fd9-b5c5-a27b27acb214 66af2ee82c124103b0351d07a68c01a0 00203184eba34412818db775040845a9 - - default default] 199.204.45.129 "DELETE /v2.0/ports/fbca7f26-d1d3-4101-8c0a-2d98e45a0fe0 HTTP/1.1" status: 204 len: 173 time: 1.1178334
2026-07-21 14:32:54.704 9 INFO neutron.wsgi [None req-37216ff9-1ab3-488a-b171-84208111746b aaf09a7d266440efab2f57dbd6c53e17 ff887c7d10544a709fad9c928a959a91 - - default default] 10.0.0.21 "DELETE /v2.0/subnets/8dceaeed-c46b-4fbe-a351-df45e4c741d0 HTTP/1.1" status: 204 len: 168 time: 0.3187785
2026-07-21 14:32:55.137 9 INFO neutron.wsgi [None req-21c7e154-7c87-4344-ae7f-da5fb13c184c aaf09a7d266440efab2f57dbd6c53e17 ff887c7d10544a709fad9c928a959a91 - - default default] 10.0.0.21 "DELETE /v2.0/networks/bf66c57b-0e6a-47ba-829b-7bf3c1ff46db HTTP/1.1" status: 204 len: 168 time: 0.4294636 /var/lib/openstack/lib/python3.10/site-packages/pycadf/identifier.py:71: UserWarning: Invalid uuid: neutron. To ensure interoperability, identifiers should be a valid uuid. warnings.warn(('Invalid uuid: %s. To ensure interoperability, '
2026-07-21 14:32:55.184 10 INFO neutron.wsgi [None req-0a976753-55d5-42d4-b4cf-14ec59ecf965 aaf09a7d266440efab2f57dbd6c53e17 ff887c7d10544a709fad9c928a959a91 - - default default] 10.0.0.21 "GET /v2.0/security-groups?tenant_id=05fd8d8a5c8a4c7b97570732804bbf7b&name=default HTTP/1.1" status: 200 len: 3120 time: 0.1461158
2026-07-21 14:32:55.284 9 INFO neutron.wsgi [None req-05918695-b574-42af-bdfc-f51bf14832eb aaf09a7d266440efab2f57dbd6c53e17 ff887c7d10544a709fad9c928a959a91 - - default default] 10.0.0.21 "GET /v2.0/security-groups?tenant_id=00b181eedce242a19c8d8d4453059c43&name=default HTTP/1.1" status: 200 len: 3120 time: 0.0482538
2026-07-21 14:32:55.443 10 INFO neutron.wsgi [None req-acc22083-97b9-48ad-afc1-871772dc302b aaf09a7d266440efab2f57dbd6c53e17 ff887c7d10544a709fad9c928a959a91 - - default default] 10.0.0.21 "DELETE /v2.0/security-groups/8d8deacc-8ef6-4b7f-b606-de6f1dc4eefe HTTP/1.1" status: 204 len: 168 time: 0.2519915
2026-07-21 14:32:55.511 9 INFO neutron.notifiers.nova [-] Nova event matching ['req-bc828d95-7dfa-4305-9423-0d7f2c52613c'] response: {'server_uuid': '1c8ec06b-0fe5-422c-bdce-fbc08480c284', 'name': 'network-vif-unplugged', 'status': 'completed', 'tag': 'fbca7f26-d1d3-4101-8c0a-2d98e45a0fe0', 'code': 200}
2026-07-21 14:32:55.511 9 INFO neutron.notifiers.nova [-] Nova event matching ['req-bc828d95-7dfa-4305-9423-0d7f2c52613c'] response: {'server_uuid': '1c8ec06b-0fe5-422c-bdce-fbc08480c284', 'name': 'network-vif-deleted', 'tag': 'fbca7f26-d1d3-4101-8c0a-2d98e45a0fe0', 'status': 'completed', 'code': 200}
2026-07-21 14:32:55.526 10 INFO neutron.wsgi [None req-168dcd03-108e-472f-961b-791b161c993f aaf09a7d266440efab2f57dbd6c53e17 ff887c7d10544a709fad9c928a959a91 - - default default] 10.0.0.21 "DELETE /v2.0/security-groups/4806896f-e00f-4603-a41f-ba9800b71f45 HTTP/1.1" status: 204 len: 168 time: 0.2384830
2026-07-21 14:32:55.805 10 INFO neutron.wsgi [None req-ec9dcbaf-7370-4771-9b3b-92b26577ebbe 66af2ee82c124103b0351d07a68c01a0 00203184eba34412818db775040845a9 - - default default] 10.0.0.21 "DELETE /v2.0/security-groups/27bc9087-7ad9-4da7-bbf1-b2bc678d998c HTTP/1.1" status: 204 len: 168 time: 0.1253150
2026-07-21 14:32:55.828 10 INFO neutron.api.v2.resource [None req-5f595fab-7572-4235-a1cb-4667a87102ac 66af2ee82c124103b0351d07a68c01a0 00203184eba34412818db775040845a9 - - default default] show failed (client error): The resource could not be found.
2026-07-21 14:32:55.830 10 INFO neutron.wsgi [None req-5f595fab-7572-4235-a1cb-4667a87102ac 66af2ee82c124103b0351d07a68c01a0 00203184eba34412818db775040845a9 - - default default] 10.0.0.21 "GET /v2.0/security-groups/27bc9087-7ad9-4da7-bbf1-b2bc678d998c HTTP/1.1" status: 404 len: 347 time: 0.0137811
2026-07-21 14:32:56.234 10 INFO neutron.wsgi [None req-59921663-892e-4eb1-ae02-bd2f66438395 66af2ee82c124103b0351d07a68c01a0 00203184eba34412818db775040845a9 - - default default] 10.0.0.21 "DELETE /v2.0/floatingips/e245024e-ac85-404b-b356-3984a66aa27a HTTP/1.1" status: 204 len: 168 time: 0.3986368
2026-07-21 14:32:56.470 9 INFO neutron.services.segments.plugin [-] Segment a4e58e5d-b5a9-4779-9415-a6712f48608d resource provider aggregate not found
2026-07-21 14:32:56.474 9 INFO neutron.services.segments.plugin [-] Segment a4e58e5d-b5a9-4779-9415-a6712f48608d resource provider aggregate not found
2026-07-21 14:32:56.498 9 INFO neutron.services.segments.plugin [-] Segment a4e58e5d-b5a9-4779-9415-a6712f48608d resource provider not found; error: Placement Client Error (4xx): {"errors": [{"status": 404, "title": "Not Found", "detail": "The resource could not be found.\n\n No resource provider with uuid a4e58e5d-b5a9-4779-9415-a6712f48608d found for delete ", "request_id": "req-3498f542-714f-4fa6-9d22-2ba0395a869c"}]}
2026-07-21 14:32:56.498 9 INFO neutron.services.segments.plugin [-] Segment a4e58e5d-b5a9-4779-9415-a6712f48608d resource provider not found; error: Placement Client Error (4xx): {"errors": [{"status": 404, "title": "Not Found", "detail": "The resource could not be found.\n\n No resource provider with uuid a4e58e5d-b5a9-4779-9415-a6712f48608d found for delete ", "request_id": "req-3d77ad6f-2f14-4e67-b68c-1da8a307be0c"}]}
2026-07-21 14:32:57.536 9 WARNING neutron_lib.context [None req-c7e71fc2-ec6d-4551-91be-05297cd0113d c36a195082944dffbd4b52309d4ff227 f2952aae048b40b8af92d0d2310c1fd0 - - default default] Method 'is_advsvc' is deprecated since 2023.2 release (neutron-lib 3.8.0) and will be removed once support for the old RBAC API policies will be removed from Neutron. Please use method 'is_service_role' instead.
2026-07-21 14:32:57.731 9 INFO neutron.db.ovn_revision_numbers_db [None req-c7e71fc2-ec6d-4551-91be-05297cd0113d c36a195082944dffbd4b52309d4ff227 f2952aae048b40b8af92d0d2310c1fd0 - - default default] Successfully bumped revision number for resource abcddc17-7486-43b9-b035-a8376d8fd61f (type: security_groups) to 1
2026-07-21 14:32:57.782 9 INFO neutron.wsgi [None req-2828ea9d-9985-4e78-9490-c60d4fd2b82d aaf09a7d266440efab2f57dbd6c53e17 ff887c7d10544a709fad9c928a959a91 - - default default] 10.0.0.21 "PUT /v2.0/routers/fc5850ba-fbf8-4695-94b7-32c79bf8d7d0/remove_router_interface HTTP/1.1" status: 200 len: 503 time: 1.4663134 /var/lib/openstack/lib/python3.10/site-packages/pycadf/identifier.py:71: UserWarning: Invalid uuid: neutron. To ensure interoperability, identifiers should be a valid uuid. warnings.warn(('Invalid uuid: %s. To ensure interoperability, '
2026-07-21 14:32:57.793 9 INFO neutron.db.ovn_revision_numbers_db [None req-c7e71fc2-ec6d-4551-91be-05297cd0113d c36a195082944dffbd4b52309d4ff227 f2952aae048b40b8af92d0d2310c1fd0 - - default default] Successfully bumped revision number for resource 79d00837-9871-44d9-8679-87932a251f97 (type: security_group_rules) to 0
2026-07-21 14:32:57.828 9 INFO neutron.db.ovn_revision_numbers_db [None req-c7e71fc2-ec6d-4551-91be-05297cd0113d c36a195082944dffbd4b52309d4ff227 f2952aae048b40b8af92d0d2310c1fd0 - - default default] Successfully bumped revision number for resource 86fcb1b0-875d-49ec-bda3-2e35b51a6f8d (type: security_group_rules) to 0
2026-07-21 14:32:57.861 9 INFO neutron.db.ovn_revision_numbers_db [None req-c7e71fc2-ec6d-4551-91be-05297cd0113d c36a195082944dffbd4b52309d4ff227 f2952aae048b40b8af92d0d2310c1fd0 - - default default] Successfully bumped revision number for resource 98c3a5d5-d48a-4889-a11b-990e14a68871 (type: security_group_rules) to 0
2026-07-21 14:32:57.904 9 INFO neutron.db.ovn_revision_numbers_db [None req-c7e71fc2-ec6d-4551-91be-05297cd0113d c36a195082944dffbd4b52309d4ff227 f2952aae048b40b8af92d0d2310c1fd0 - - default default] Successfully bumped revision number for resource e8e97705-f7e0-4f61-bd83-c552b0db7456 (type: security_group_rules) to 0
2026-07-21 14:32:57.973 9 INFO neutron.db.segments_db [None req-c7e71fc2-ec6d-4551-91be-05297cd0113d c36a195082944dffbd4b52309d4ff227 f2952aae048b40b8af92d0d2310c1fd0 - - default default] Added segment 5149863a-43bd-41f7-af84-be283dc7ca28 of type geneve for network 13f8526a-acea-4679-b079-09f0b7117179
2026-07-21 14:32:58.241 9 INFO neutron.db.ovn_revision_numbers_db [None req-c7e71fc2-ec6d-4551-91be-05297cd0113d c36a195082944dffbd4b52309d4ff227 f2952aae048b40b8af92d0d2310c1fd0 - - default default] Successfully bumped revision number for resource 13f8526a-acea-4679-b079-09f0b7117179 (type: networks) to 1
2026-07-21 14:32:58.486 9 WARNING neutron.scheduler.dhcp_agent_scheduler [None req-c7e71fc2-ec6d-4551-91be-05297cd0113d c36a195082944dffbd4b52309d4ff227 f2952aae048b40b8af92d0d2310c1fd0 - - default default] No more DHCP agents
2026-07-21 14:32:58.488 9 WARNING neutron.api.rpc.agentnotifiers.dhcp_rpc_agent_api [None req-c7e71fc2-ec6d-4551-91be-05297cd0113d c36a195082944dffbd4b52309d4ff227 f2952aae048b40b8af92d0d2310c1fd0 - - default default] Unable to schedule network 13f8526a-acea-4679-b079-09f0b7117179: no agents available; will retry on subsequent port and subnet creation events.
2026-07-21 14:32:58.607 9 INFO neutron.db.ovn_revision_numbers_db [None req-c7e71fc2-ec6d-4551-91be-05297cd0113d c36a195082944dffbd4b52309d4ff227 f2952aae048b40b8af92d0d2310c1fd0 - - default default] Successfully bumped revision number for resource 2976b763-4c33-4f85-ae39-d32b074ce94a (type: ports) to 1
2026-07-21 14:32:58.650 9 INFO neutron.wsgi [None req-c7e71fc2-ec6d-4551-91be-05297cd0113d c36a195082944dffbd4b52309d4ff227 f2952aae048b40b8af92d0d2310c1fd0 - - default default] 10.0.0.21 "POST /v2.0/networks HTTP/1.1" status: 201 len: 848 time: 1.4680583
2026-07-21 14:32:58.659 9 WARNING neutron_lib.context [None req-b70dbab9-7086-4205-9182-6b6a27c971df c36a195082944dffbd4b52309d4ff227 f2952aae048b40b8af92d0d2310c1fd0 - - default default] Method 'is_advsvc' is deprecated since 2023.2 release (neutron-lib 3.8.0) and will be removed once support for the old RBAC API policies will be removed from Neutron. Please use method 'is_service_role' instead.
2026-07-21 14:32:59.014 9 INFO neutron.wsgi [None req-8867fce0-79ab-49d7-98b2-b5bb505276a0 aaf09a7d266440efab2f57dbd6c53e17 ff887c7d10544a709fad9c928a959a91 - - default default] 10.0.0.21 "DELETE /v2.0/routers/fc5850ba-fbf8-4695-94b7-32c79bf8d7d0 HTTP/1.1" status: 204 len: 168 time: 1.2269356
2026-07-21 14:32:59.154 9 WARNING neutron.scheduler.dhcp_agent_scheduler [None req-b70dbab9-7086-4205-9182-6b6a27c971df c36a195082944dffbd4b52309d4ff227 f2952aae048b40b8af92d0d2310c1fd0 - - default default] No more DHCP agents
2026-07-21 14:32:59.158 9 WARNING neutron.api.rpc.agentnotifiers.dhcp_rpc_agent_api [None req-b70dbab9-7086-4205-9182-6b6a27c971df c36a195082944dffbd4b52309d4ff227 f2952aae048b40b8af92d0d2310c1fd0 - - default default] Unable to schedule network 13f8526a-acea-4679-b079-09f0b7117179: no agents available; will retry on subsequent port and subnet creation events.
2026-07-21 14:32:59.261 9 INFO neutron.db.ovn_revision_numbers_db [None req-b70dbab9-7086-4205-9182-6b6a27c971df c36a195082944dffbd4b52309d4ff227 f2952aae048b40b8af92d0d2310c1fd0 - - default default] Successfully bumped revision number for resource 049bd866-9fc0-4027-9a1d-4cb8898efc5b (type: ports) to 1
2026-07-21 14:32:59.284 9 INFO neutron.wsgi [None req-b77496b9-d3f0-48fc-901d-b74dfabd42f3 aaf09a7d266440efab2f57dbd6c53e17 ff887c7d10544a709fad9c928a959a91 - - default default] 10.0.0.21 "DELETE /v2.0/subnets/c6669487-e11f-4735-a02b-9c91252cf5d2 HTTP/1.1" status: 204 len: 168 time: 0.2658908
2026-07-21 14:32:59.295 9 INFO neutron.wsgi [None req-b70dbab9-7086-4205-9182-6b6a27c971df c36a195082944dffbd4b52309d4ff227 f2952aae048b40b8af92d0d2310c1fd0 - - default default] 10.0.0.21 "POST /v2.0/ports HTTP/1.1" status: 201 len: 977 time: 0.6402490 /var/lib/openstack/lib/python3.10/site-packages/pycadf/identifier.py:71: UserWarning: Invalid uuid: neutron. To ensure interoperability, identifiers should be a valid uuid. warnings.warn(('Invalid uuid: %s. To ensure interoperability, '
2026-07-21 14:32:59.307 9 WARNING neutron_lib.context [None req-2d11d2a9-cca2-4f70-a467-36bfe707f98d c36a195082944dffbd4b52309d4ff227 f2952aae048b40b8af92d0d2310c1fd0 - - default default] Method 'is_advsvc' is deprecated since 2023.2 release (neutron-lib 3.8.0) and will be removed once support for the old RBAC API policies will be removed from Neutron. Please use method 'is_service_role' instead.
2026-07-21 14:32:59.399 9 INFO neutron.db.segments_db [None req-2d11d2a9-cca2-4f70-a467-36bfe707f98d c36a195082944dffbd4b52309d4ff227 f2952aae048b40b8af92d0d2310c1fd0 - - default default] Added segment ed5f3d95-eebc-485d-96c8-d91eab0c1efc of type geneve for network d2c4b607-ef85-4ef8-bcd1-86eddbe146ce
2026-07-21 14:32:59.539 9 INFO neutron.db.ovn_revision_numbers_db [None req-2d11d2a9-cca2-4f70-a467-36bfe707f98d c36a195082944dffbd4b52309d4ff227 f2952aae048b40b8af92d0d2310c1fd0 - - default default] Successfully bumped revision number for resource d2c4b607-ef85-4ef8-bcd1-86eddbe146ce (type: networks) to 1
2026-07-21 14:32:59.681 10 INFO neutron.services.segments.plugin [-] Segment 0335c4f8-d84e-4394-b579-65ba11bf5628 resource provider aggregate not found
2026-07-21 14:32:59.691 10 INFO neutron.services.segments.plugin [-] Segment 0335c4f8-d84e-4394-b579-65ba11bf5628 resource provider aggregate not found
2026-07-21 14:32:59.699 10 INFO neutron.services.segments.plugin [-] Segment 0335c4f8-d84e-4394-b579-65ba11bf5628 resource provider not found; error: Placement Client Error (4xx): {"errors": [{"status": 404, "title": "Not Found", "detail": "The resource could not be found.\n\n No resource provider with uuid 0335c4f8-d84e-4394-b579-65ba11bf5628 found for delete ", "request_id": "req-e7ef9a6d-70c6-4398-a17e-188a74b823e0"}]}
2026-07-21 14:32:59.714 10 INFO neutron.services.segments.plugin [-] Segment 0335c4f8-d84e-4394-b579-65ba11bf5628 resource provider not found; error: Placement Client Error (4xx): {"errors": [{"status": 404, "title": "Not Found", "detail": "The resource could not be found.\n\n No resource provider with uuid 0335c4f8-d84e-4394-b579-65ba11bf5628 found for delete ", "request_id": "req-a946dd0f-0695-42aa-bc3d-b968c41f975e"}]}
2026-07-21 14:32:59.727 10 INFO neutron.wsgi [None req-2db27c26-811d-446b-8e84-0c3bbc23f511 aaf09a7d266440efab2f57dbd6c53e17 ff887c7d10544a709fad9c928a959a91 - - default default] 10.0.0.21 "DELETE /v2.0/networks/69031c16-0b1c-4364-8c79-c896acd952b6 HTTP/1.1" status: 204 len: 168 time: 0.4386656
2026-07-21 14:32:59.740 9 WARNING neutron.scheduler.dhcp_agent_scheduler [None req-2d11d2a9-cca2-4f70-a467-36bfe707f98d c36a195082944dffbd4b52309d4ff227 f2952aae048b40b8af92d0d2310c1fd0 - - default default] No more DHCP agents
2026-07-21 14:32:59.742 9 WARNING neutron.api.rpc.agentnotifiers.dhcp_rpc_agent_api [None req-2d11d2a9-cca2-4f70-a467-36bfe707f98d c36a195082944dffbd4b52309d4ff227 f2952aae048b40b8af92d0d2310c1fd0 - - default default] Unable to schedule network d2c4b607-ef85-4ef8-bcd1-86eddbe146ce: no agents available; will retry on subsequent port and subnet creation events.
2026-07-21 14:32:59.842 9 INFO neutron.db.ovn_revision_numbers_db [None req-2d11d2a9-cca2-4f70-a467-36bfe707f98d c36a195082944dffbd4b52309d4ff227 f2952aae048b40b8af92d0d2310c1fd0 - - default default] Successfully bumped revision number for resource 3dc9082f-dd17-4095-9c7e-de453955421d (type: ports) to 1
2026-07-21 14:32:59.880 9 INFO neutron.wsgi [None req-2d11d2a9-cca2-4f70-a467-36bfe707f98d c36a195082944dffbd4b52309d4ff227 f2952aae048b40b8af92d0d2310c1fd0 - - default default] 10.0.0.21 "POST /v2.0/networks HTTP/1.1" status: 201 len: 835 time: 0.5779026
2026-07-21 14:32:59.892 9 WARNING neutron_lib.context [None req-8713f6ee-17ef-4478-b659-c160e04ef44e c36a195082944dffbd4b52309d4ff227 f2952aae048b40b8af92d0d2310c1fd0 - - default default] Method 'is_advsvc' is deprecated since 2023.2 release (neutron-lib 3.8.0) and will be removed once support for the old RBAC API policies will be removed from Neutron. Please use method 'is_service_role' instead.
2026-07-21 14:33:00.055 10 INFO neutron.wsgi [None req-e97b1ca9-15c7-4d57-beab-2a3b3101e8da aaf09a7d266440efab2f57dbd6c53e17 ff887c7d10544a709fad9c928a959a91 - - default default] 10.0.0.21 "GET /v2.0/security-groups?tenant_id=00203184eba34412818db775040845a9&name=default HTTP/1.1" status: 200 len: 3116 time: 0.0431645
2026-07-21 14:33:00.193 9 WARNING neutron.scheduler.dhcp_agent_scheduler [None req-8713f6ee-17ef-4478-b659-c160e04ef44e c36a195082944dffbd4b52309d4ff227 f2952aae048b40b8af92d0d2310c1fd0 - - default default] No more DHCP agents
2026-07-21 14:33:00.197 9 WARNING neutron.api.rpc.agentnotifiers.dhcp_rpc_agent_api [None req-8713f6ee-17ef-4478-b659-c160e04ef44e c36a195082944dffbd4b52309d4ff227 f2952aae048b40b8af92d0d2310c1fd0 - - default default] Unable to schedule network d2c4b607-ef85-4ef8-bcd1-86eddbe146ce: no agents available; will retry on subsequent port and subnet creation events.
2026-07-21 14:33:00.234 9 INFO neutron.db.ovn_revision_numbers_db [None req-8713f6ee-17ef-4478-b659-c160e04ef44e c36a195082944dffbd4b52309d4ff227 f2952aae048b40b8af92d0d2310c1fd0 - - default default] Successfully bumped revision number for resource 30770370-bec3-431d-8355-e4371ab54556 (type: subnets) to 0
2026-07-21 14:33:00.252 9 INFO neutron.wsgi [None req-8713f6ee-17ef-4478-b659-c160e04ef44e c36a195082944dffbd4b52309d4ff227 f2952aae048b40b8af92d0d2310c1fd0 - - default default] 10.0.0.21 "POST /v2.0/subnets HTTP/1.1" status: 201 len: 821 time: 0.3662360
2026-07-21 14:33:00.261 9 WARNING neutron_lib.context [None req-8571dbba-8c0e-4168-a291-e2ab4c008472 c36a195082944dffbd4b52309d4ff227 f2952aae048b40b8af92d0d2310c1fd0 - - default default] Method 'is_advsvc' is deprecated since 2023.2 release (neutron-lib 3.8.0) and will be removed once support for the old RBAC API policies will be removed from Neutron. Please use method 'is_service_role' instead.
2026-07-21 14:33:00.378 10 INFO neutron.wsgi [None req-0e3c831c-b7a2-4708-84be-170aef1d7268 aaf09a7d266440efab2f57dbd6c53e17 ff887c7d10544a709fad9c928a959a91 - - default default] 10.0.0.21 "DELETE /v2.0/security-groups/3fc46871-f475-41d9-a9db-986c8d4ed3e7 HTTP/1.1" status: 204 len: 168 time: 0.3183110
2026-07-21 14:33:00.379 10 INFO neutron.db.ovn_revision_numbers_db [None req-d1239e10-866b-45d4-abe9-f1df08aa522c aaf09a7d266440efab2f57dbd6c53e17 ff887c7d10544a709fad9c928a959a91 - - default default] Successfully bumped revision number for resource 051bc0bc-2908-4b81-a810-b0d280be6218 (type: security_groups) to 1
2026-07-21 14:33:00.393 10 INFO neutron.db.ovn_revision_numbers_db [None req-d1239e10-866b-45d4-abe9-f1df08aa522c aaf09a7d266440efab2f57dbd6c53e17 ff887c7d10544a709fad9c928a959a91 - - default default] Successfully bumped revision number for resource 5b1a80a9-74c0-45ad-ae8b-1c7e8122e27d (type: security_group_rules) to 0
2026-07-21 14:33:00.408 10 INFO neutron.db.ovn_revision_numbers_db [None req-d1239e10-866b-45d4-abe9-f1df08aa522c aaf09a7d266440efab2f57dbd6c53e17 ff887c7d10544a709fad9c928a959a91 - - default default] Successfully bumped revision number for resource 96695e1a-8607-4966-8dd6-3e4828fe644b (type: security_group_rules) to 0
2026-07-21 14:33:00.426 10 INFO neutron.db.ovn_revision_numbers_db [None req-d1239e10-866b-45d4-abe9-f1df08aa522c aaf09a7d266440efab2f57dbd6c53e17 ff887c7d10544a709fad9c928a959a91 - - default default] Successfully bumped revision number for resource fbf47c3c-a211-4d08-b387-952b49cbaf0a (type: security_group_rules) to 0
2026-07-21 14:33:00.443 10 INFO neutron.db.ovn_revision_numbers_db [None req-d1239e10-866b-45d4-abe9-f1df08aa522c aaf09a7d266440efab2f57dbd6c53e17 ff887c7d10544a709fad9c928a959a91 - - default default] Successfully bumped revision number for resource fd91ddf1-6f50-40be-8f8d-518622a12da0 (type: security_group_rules) to 0
2026-07-21 14:33:00.466 10 INFO neutron.wsgi [None req-d1239e10-866b-45d4-abe9-f1df08aa522c aaf09a7d266440efab2f57dbd6c53e17 ff887c7d10544a709fad9c928a959a91 - - default default] 10.0.0.21 "GET /v2.0/security-groups?tenant_id=61e0123c40664088a1287253c9ca8252&name=default HTTP/1.1" status: 200 len: 3120 time: 0.5116763
2026-07-21 14:33:00.707 10 INFO neutron.wsgi [None req-d598a0e5-873f-4fb8-a52d-29a81ab82305 aaf09a7d266440efab2f57dbd6c53e17 ff887c7d10544a709fad9c928a959a91 - - default default] 10.0.0.21 "DELETE /v2.0/security-groups/051bc0bc-2908-4b81-a810-b0d280be6218 HTTP/1.1" status: 204 len: 168 time: 0.2278829
2026-07-21 14:33:00.839 9 WARNING neutron.scheduler.dhcp_agent_scheduler [None req-8571dbba-8c0e-4168-a291-e2ab4c008472 c36a195082944dffbd4b52309d4ff227 f2952aae048b40b8af92d0d2310c1fd0 - - default default] No more DHCP agents
2026-07-21 14:33:00.841 9 WARNING neutron.api.rpc.agentnotifiers.dhcp_rpc_agent_api [None req-8571dbba-8c0e-4168-a291-e2ab4c008472 c36a195082944dffbd4b52309d4ff227 f2952aae048b40b8af92d0d2310c1fd0 - - default default] Unable to schedule network d2c4b607-ef85-4ef8-bcd1-86eddbe146ce: no agents available; will retry on subsequent port and subnet creation events.
2026-07-21 14:33:00.993 9 INFO neutron.db.ovn_revision_numbers_db [None req-8571dbba-8c0e-4168-a291-e2ab4c008472 c36a195082944dffbd4b52309d4ff227 f2952aae048b40b8af92d0d2310c1fd0 - - default default] Successfully bumped revision number for resource cf98ddeb-73f2-45fc-ba7a-265a8282fbc3 (type: ports) to 1
2026-07-21 14:33:00.998 10 INFO neutron.db.ovn_revision_numbers_db [None req-61e9b4a2-4e3e-4add-9de3-9bf333cb14c0 aaf09a7d266440efab2f57dbd6c53e17 ff887c7d10544a709fad9c928a959a91 - - default default] Successfully bumped revision number for resource eb611576-686a-4cbd-9b3b-f3a14355ef61 (type: security_groups) to 1
2026-07-21 14:33:01.014 10 INFO neutron.db.ovn_revision_numbers_db [None req-61e9b4a2-4e3e-4add-9de3-9bf333cb14c0 aaf09a7d266440efab2f57dbd6c53e17 ff887c7d10544a709fad9c928a959a91 - - default default] Successfully bumped revision number for resource 0735abe1-aaeb-40b3-ae4d-81d829e3117f (type: security_group_rules) to 0
2026-07-21 14:33:01.022 9 INFO neutron.wsgi [None req-8571dbba-8c0e-4168-a291-e2ab4c008472 c36a195082944dffbd4b52309d4ff227 f2952aae048b40b8af92d0d2310c1fd0 - - default default] 10.0.0.21 "POST /v2.0/ports HTTP/1.1" status: 201 len: 1163 time: 0.7651391
2026-07-21 14:33:01.035 10 INFO neutron.db.ovn_revision_numbers_db [None req-61e9b4a2-4e3e-4add-9de3-9bf333cb14c0 aaf09a7d266440efab2f57dbd6c53e17 ff887c7d10544a709fad9c928a959a91 - - default default] Successfully bumped revision number for resource 7fdf737e-1c72-4606-9793-af46303d2c31 (type: security_group_rules) to 0
2026-07-21 14:33:01.058 10 INFO neutron.db.ovn_revision_numbers_db [None req-61e9b4a2-4e3e-4add-9de3-9bf333cb14c0 aaf09a7d266440efab2f57dbd6c53e17 ff887c7d10544a709fad9c928a959a91 - - default default] Successfully bumped revision number for resource ccc749dd-6882-4e32-88e2-1600000d7987 (type: security_group_rules) to 0
2026-07-21 14:33:01.081 10 INFO neutron.db.ovn_revision_numbers_db [None req-61e9b4a2-4e3e-4add-9de3-9bf333cb14c0 aaf09a7d266440efab2f57dbd6c53e17 ff887c7d10544a709fad9c928a959a91 - - default default] Successfully bumped revision number for resource d603c8f5-5535-4174-ab3a-3700dd3333e6 (type: security_group_rules) to 0
2026-07-21 14:33:01.108 10 INFO neutron.wsgi [None req-61e9b4a2-4e3e-4add-9de3-9bf333cb14c0 aaf09a7d266440efab2f57dbd6c53e17 ff887c7d10544a709fad9c928a959a91 - - default default] 10.0.0.21 "GET /v2.0/security-groups?tenant_id=6b352569a19e46a8b21b2224c9f83186&name=default HTTP/1.1" status: 200 len: 3120 time: 0.2609491 /var/lib/openstack/lib/python3.10/site-packages/pycadf/identifier.py:71: UserWarning: Invalid uuid: neutron. To ensure interoperability, identifiers should be a valid uuid. warnings.warn(('Invalid uuid: %s. To ensure interoperability, '
2026-07-21 14:33:01.364 9 INFO neutron.wsgi [None req-95b82849-8734-4438-b0da-62825acd7c02 aaf09a7d266440efab2f57dbd6c53e17 ff887c7d10544a709fad9c928a959a91 - - default default] 10.0.0.21 "DELETE /v2.0/security-groups/eb611576-686a-4cbd-9b3b-f3a14355ef61 HTTP/1.1" status: 204 len: 168 time: 0.2508419
2026-07-21 14:33:01.396 10 INFO neutron.wsgi [None req-1e8886b9-18d8-488a-84b5-18c125fae329 c36a195082944dffbd4b52309d4ff227 f2952aae048b40b8af92d0d2310c1fd0 - - default default] 10.0.0.21 "DELETE /v2.0/ports/cf98ddeb-73f2-45fc-ba7a-265a8282fbc3 HTTP/1.1" status: 204 len: 168 time: 0.3689945
2026-07-21 14:33:01.415 10 INFO neutron.pecan_wsgi.hooks.translation [None req-d238b420-0524-4744-9dd3-c37336fa64f7 c36a195082944dffbd4b52309d4ff227 f2952aae048b40b8af92d0d2310c1fd0 - - default default] DELETE failed (client error): The resource could not be found.
2026-07-21 14:33:01.417 10 INFO neutron.wsgi [None req-d238b420-0524-4744-9dd3-c37336fa64f7 c36a195082944dffbd4b52309d4ff227 f2952aae048b40b8af92d0d2310c1fd0 - - default default] 10.0.0.21 "DELETE /v2.0/ports/cf98ddeb-73f2-45fc-ba7a-265a8282fbc3 HTTP/1.1" status: 404 len: 333 time: 0.0166492
2026-07-21 14:33:01.437 10 INFO neutron.pecan_wsgi.hooks.translation [None req-ca1ff896-8bd9-4384-8f18-b4e04b1ab50e c36a195082944dffbd4b52309d4ff227 f2952aae048b40b8af92d0d2310c1fd0 - - default default] GET failed (client error): The resource could not be found.
2026-07-21 14:33:01.438 10 INFO neutron.wsgi [None req-ca1ff896-8bd9-4384-8f18-b4e04b1ab50e c36a195082944dffbd4b52309d4ff227 f2952aae048b40b8af92d0d2310c1fd0 - - default default] 10.0.0.21 "GET /v2.0/ports/cf98ddeb-73f2-45fc-ba7a-265a8282fbc3 HTTP/1.1" status: 404 len: 333 time: 0.0163157
2026-07-21 14:33:01.633 10 INFO neutron.wsgi [None req-ea5f67fc-aeda-4827-969a-faa21fccc612 c36a195082944dffbd4b52309d4ff227 f2952aae048b40b8af92d0d2310c1fd0 - - default default] 10.0.0.21 "DELETE /v2.0/subnets/30770370-bec3-431d-8355-e4371ab54556 HTTP/1.1" status: 204 len: 168 time: 0.1900709
2026-07-21 14:33:02.030 10 INFO neutron.services.segments.plugin [-] Segment ed5f3d95-eebc-485d-96c8-d91eab0c1efc resource provider aggregate not found
2026-07-21 14:33:02.034 10 INFO neutron.services.segments.plugin [-] Segment ed5f3d95-eebc-485d-96c8-d91eab0c1efc resource provider aggregate not found
2026-07-21 14:33:02.054 10 INFO neutron.services.segments.plugin [-] Segment ed5f3d95-eebc-485d-96c8-d91eab0c1efc resource provider not found; error: Placement Client Error (4xx): {"errors": [{"status": 404, "title": "Not Found", "detail": "The resource could not be found.\n\n No resource provider with uuid ed5f3d95-eebc-485d-96c8-d91eab0c1efc found for delete ", "request_id": "req-3f79f7ff-50a5-4132-90a5-2bbad7dbd264"}]}
2026-07-21 14:33:02.055 10 INFO neutron.services.segments.plugin [-] Segment ed5f3d95-eebc-485d-96c8-d91eab0c1efc resource provider not found; error: Placement Client Error (4xx): {"errors": [{"status": 404, "title": "Not Found", "detail": "The resource could not be found.\n\n No resource provider with uuid ed5f3d95-eebc-485d-96c8-d91eab0c1efc found for delete ", "request_id": "req-d7bce622-5b3f-4e26-a9ef-2db96ac3a248"}]}
2026-07-21 14:33:02.077 10 INFO neutron.wsgi [None req-b4376d9b-1e36-46d2-b653-4df845dfd8bb c36a195082944dffbd4b52309d4ff227 f2952aae048b40b8af92d0d2310c1fd0 - - default default] 10.0.0.21 "DELETE /v2.0/networks/d2c4b607-ef85-4ef8-bcd1-86eddbe146ce HTTP/1.1" status: 204 len: 168 time: 0.4379952
2026-07-21 14:33:02.089 9 WARNING neutron_lib.context [None req-0f085b29-a148-4213-b0e4-fc38e2944a8e c36a195082944dffbd4b52309d4ff227 f2952aae048b40b8af92d0d2310c1fd0 - - default default] Method 'is_advsvc' is deprecated since 2023.2 release (neutron-lib 3.8.0) and will be removed once support for the old RBAC API policies will be removed from Neutron. Please use method 'is_service_role' instead.
2026-07-21 14:33:02.188 9 INFO neutron.db.segments_db [None req-0f085b29-a148-4213-b0e4-fc38e2944a8e c36a195082944dffbd4b52309d4ff227 f2952aae048b40b8af92d0d2310c1fd0 - - default default] Added segment c020d1bf-c869-4cde-b7b8-a7acee3400c7 of type geneve for network a4b271cd-722e-4414-97dd-332544957eab
2026-07-21 14:33:02.350 9 INFO neutron.db.ovn_revision_numbers_db [None req-0f085b29-a148-4213-b0e4-fc38e2944a8e c36a195082944dffbd4b52309d4ff227 f2952aae048b40b8af92d0d2310c1fd0 - - default default] Successfully bumped revision number for resource a4b271cd-722e-4414-97dd-332544957eab (type: networks) to 1
2026-07-21 14:33:02.565 9 INFO neutron.db.ovn_revision_numbers_db [None req-a1eade3b-c0ab-4d1a-ae05-8f88ba0d6af7 aaf09a7d266440efab2f57dbd6c53e17 ff887c7d10544a709fad9c928a959a91 - - default default] Successfully bumped revision number for resource 92c37e00-509e-496a-8df5-cd832c913069 (type: security_groups) to 1
2026-07-21 14:33:02.566 9 WARNING neutron.scheduler.dhcp_agent_scheduler [None req-0f085b29-a148-4213-b0e4-fc38e2944a8e c36a195082944dffbd4b52309d4ff227 f2952aae048b40b8af92d0d2310c1fd0 - - default default] No more DHCP agents
2026-07-21 14:33:02.570 9 WARNING neutron.api.rpc.agentnotifiers.dhcp_rpc_agent_api [None req-0f085b29-a148-4213-b0e4-fc38e2944a8e c36a195082944dffbd4b52309d4ff227 f2952aae048b40b8af92d0d2310c1fd0 - - default default] Unable to schedule network a4b271cd-722e-4414-97dd-332544957eab: no agents available; will retry on subsequent port and subnet creation events.
2026-07-21 14:33:02.587 9 INFO neutron.db.ovn_revision_numbers_db [None req-a1eade3b-c0ab-4d1a-ae05-8f88ba0d6af7 aaf09a7d266440efab2f57dbd6c53e17 ff887c7d10544a709fad9c928a959a91 - - default default] Successfully bumped revision number for resource 2208bb93-0026-4ecd-b17e-353325fce62a (type: security_group_rules) to 0
2026-07-21 14:33:02.612 9 INFO neutron.db.ovn_revision_numbers_db [None req-a1eade3b-c0ab-4d1a-ae05-8f88ba0d6af7 aaf09a7d266440efab2f57dbd6c53e17 ff887c7d10544a709fad9c928a959a91 - - default default] Successfully bumped revision number for resource 7b305d1e-7e3d-4113-a291-ecf0ba537300 (type: security_group_rules) to 0
2026-07-21 14:33:02.626 9 INFO neutron.db.ovn_revision_numbers_db [None req-a1eade3b-c0ab-4d1a-ae05-8f88ba0d6af7 aaf09a7d266440efab2f57dbd6c53e17 ff887c7d10544a709fad9c928a959a91 - - default default] Successfully bumped revision number for resource 8bda8211-1eb9-407d-9871-a8580ac941df (type: security_group_rules) to 0
2026-07-21 14:33:02.653 9 INFO neutron.db.ovn_revision_numbers_db [None req-a1eade3b-c0ab-4d1a-ae05-8f88ba0d6af7 aaf09a7d266440efab2f57dbd6c53e17 ff887c7d10544a709fad9c928a959a91 - - default default] Successfully bumped revision number for resource 98119b49-e07d-49c5-afd6-76729c82e701 (type: security_group_rules) to 0
2026-07-21 14:33:02.667 9 INFO neutron.db.ovn_revision_numbers_db [None req-0f085b29-a148-4213-b0e4-fc38e2944a8e c36a195082944dffbd4b52309d4ff227 f2952aae048b40b8af92d0d2310c1fd0 - - default default] Successfully bumped revision number for resource 2622e1e2-b8e0-47b0-9061-e821435b41b9 (type: ports) to 1
2026-07-21 14:33:02.699 9 INFO neutron.wsgi [None req-0f085b29-a148-4213-b0e4-fc38e2944a8e c36a195082944dffbd4b52309d4ff227 f2952aae048b40b8af92d0d2310c1fd0 - - default default] 10.0.0.21 "POST /v2.0/networks HTTP/1.1" status: 201 len: 835 time: 0.6156981
2026-07-21 14:33:02.708 9 WARNING neutron_lib.context [None req-b28cc2b1-e37a-4803-847e-e0468d41d50c c36a195082944dffbd4b52309d4ff227 f2952aae048b40b8af92d0d2310c1fd0 - - default default] Method 'is_advsvc' is deprecated since 2023.2 release (neutron-lib 3.8.0) and will be removed once support for the old RBAC API policies will be removed from Neutron. Please use method 'is_service_role' instead.
2026-07-21 14:33:02.711 9 INFO neutron.db.segments_db [None req-a1eade3b-c0ab-4d1a-ae05-8f88ba0d6af7 aaf09a7d266440efab2f57dbd6c53e17 ff887c7d10544a709fad9c928a959a91 - - default default] Added segment d3db9bc6-82db-425d-a0a0-e393875fde0f of type geneve for network 2ab74df5-3216-426e-accd-b4829fcfd09c
2026-07-21 14:33:02.913 9 INFO neutron.db.ovn_revision_numbers_db [None req-a1eade3b-c0ab-4d1a-ae05-8f88ba0d6af7 aaf09a7d266440efab2f57dbd6c53e17 ff887c7d10544a709fad9c928a959a91 - - default default] Successfully bumped revision number for resource 2ab74df5-3216-426e-accd-b4829fcfd09c (type: networks) to 1
2026-07-21 14:33:03.096 9 WARNING neutron.scheduler.dhcp_agent_scheduler [None req-b28cc2b1-e37a-4803-847e-e0468d41d50c c36a195082944dffbd4b52309d4ff227 f2952aae048b40b8af92d0d2310c1fd0 - - default default] No more DHCP agents
2026-07-21 14:33:03.099 9 WARNING neutron.api.rpc.agentnotifiers.dhcp_rpc_agent_api [None req-b28cc2b1-e37a-4803-847e-e0468d41d50c c36a195082944dffbd4b52309d4ff227 f2952aae048b40b8af92d0d2310c1fd0 - - default default] Unable to schedule network a4b271cd-722e-4414-97dd-332544957eab: no agents available; will retry on subsequent port and subnet creation events.
2026-07-21 14:33:03.156 9 INFO neutron.db.ovn_revision_numbers_db [None req-b28cc2b1-e37a-4803-847e-e0468d41d50c c36a195082944dffbd4b52309d4ff227 f2952aae048b40b8af92d0d2310c1fd0 - - default default] Successfully bumped revision number for resource 43b231b9-1b8e-40df-8cee-e0f6c1119991 (type: subnets) to 0
2026-07-21 14:33:03.162 9 WARNING neutron.scheduler.dhcp_agent_scheduler [None req-a1eade3b-c0ab-4d1a-ae05-8f88ba0d6af7 aaf09a7d266440efab2f57dbd6c53e17 ff887c7d10544a709fad9c928a959a91 - - default default] No more DHCP agents
2026-07-21 14:33:03.168 9 WARNING neutron.api.rpc.agentnotifiers.dhcp_rpc_agent_api [None req-a1eade3b-c0ab-4d1a-ae05-8f88ba0d6af7 aaf09a7d266440efab2f57dbd6c53e17 ff887c7d10544a709fad9c928a959a91 - - default default] Unable to schedule network 2ab74df5-3216-426e-accd-b4829fcfd09c: no agents available; will retry on subsequent port and subnet creation events.
2026-07-21 14:33:03.193 9 INFO neutron.wsgi [None req-b28cc2b1-e37a-4803-847e-e0468d41d50c c36a195082944dffbd4b52309d4ff227 f2952aae048b40b8af92d0d2310c1fd0 - - default default] 10.0.0.21 "POST /v2.0/subnets HTTP/1.1" status: 201 len: 821 time: 0.4889307
2026-07-21 14:33:03.209 10 WARNING neutron_lib.context [None req-d6c9c135-057c-468d-86e2-673576683ee7 c36a195082944dffbd4b52309d4ff227 f2952aae048b40b8af92d0d2310c1fd0 - - default default] Method 'is_advsvc' is deprecated since 2023.2 release (neutron-lib 3.8.0) and will be removed once support for the old RBAC API policies will be removed from Neutron. Please use method 'is_service_role' instead.
2026-07-21 14:33:03.305 9 INFO neutron.db.ovn_revision_numbers_db [None req-a1eade3b-c0ab-4d1a-ae05-8f88ba0d6af7 aaf09a7d266440efab2f57dbd6c53e17 ff887c7d10544a709fad9c928a959a91 - - default default] Successfully bumped revision number for resource e5c671f1-3e6e-4c39-a473-f451ae8c59ef (type: ports) to 1
2026-07-21 14:33:03.333 9 INFO neutron.wsgi [None req-a1eade3b-c0ab-4d1a-ae05-8f88ba0d6af7 aaf09a7d266440efab2f57dbd6c53e17 ff887c7d10544a709fad9c928a959a91 - - default default] 10.0.0.21 "POST /v2.0/networks HTTP/1.1" status: 201 len: 948 time: 1.1662807
2026-07-21 14:33:03.570 10 WARNING neutron.scheduler.dhcp_agent_scheduler [None req-1726a5e6-35ac-4034-a370-aed138a19674 aaf09a7d266440efab2f57dbd6c53e17 ff887c7d10544a709fad9c928a959a91 - - default default] No more DHCP agents
2026-07-21 14:33:03.574 10 WARNING neutron.api.rpc.agentnotifiers.dhcp_rpc_agent_api [None req-1726a5e6-35ac-4034-a370-aed138a19674 aaf09a7d266440efab2f57dbd6c53e17 ff887c7d10544a709fad9c928a959a91 - - default default] Unable to schedule network 2ab74df5-3216-426e-accd-b4829fcfd09c: no agents available; will retry on subsequent port and subnet creation events.
2026-07-21 14:33:03.639 10 WARNING neutron.scheduler.dhcp_agent_scheduler [None req-d6c9c135-057c-468d-86e2-673576683ee7 c36a195082944dffbd4b52309d4ff227 f2952aae048b40b8af92d0d2310c1fd0 - - default default] No more DHCP agents
2026-07-21 14:33:03.642 10 WARNING neutron.api.rpc.agentnotifiers.dhcp_rpc_agent_api [None req-d6c9c135-057c-468d-86e2-673576683ee7 c36a195082944dffbd4b52309d4ff227 f2952aae048b40b8af92d0d2310c1fd0 - - default default] Unable to schedule network a4b271cd-722e-4414-97dd-332544957eab: no agents available; will retry on subsequent port and subnet creation events.
2026-07-21 14:33:03.767 9 INFO neutron.wsgi [req-fd724552-3ca6-494c-b337-4d0195343005 req-cf1ade86-cabd-4cb8-85f4-062278853243 3a68918bc1234747809bbcab9a8c748a cf209440a3674ffbbee6cfc755d67e31 - - 54de7a9fafb84e02afc76315b903ca50 54de7a9fafb84e02afc76315b903ca50] 10.0.0.5 "GET /v2.0/ports?device_id=7577500c-37d4-4120-aa68-5df6b5307c34 HTTP/1.1" status: 200 len: 1413 time: 0.0421560
2026-07-21 14:33:03.839 9 INFO neutron.wsgi [req-fd724552-3ca6-494c-b337-4d0195343005 req-f14884c2-3fb0-4e6a-a62b-a2aca6c73c2b 3a68918bc1234747809bbcab9a8c748a cf209440a3674ffbbee6cfc755d67e31 - - 54de7a9fafb84e02afc76315b903ca50 54de7a9fafb84e02afc76315b903ca50] 10.0.0.5 "GET /v2.0/security-groups?id=c2c2d318-0f05-40a8-93f5-d479b60efb7b&fields=id&fields=name HTTP/1.1" status: 200 len: 312 time: 0.0641570
2026-07-21 14:33:04.071 10 INFO neutron.db.ovn_revision_numbers_db [None req-d6c9c135-057c-468d-86e2-673576683ee7 c36a195082944dffbd4b52309d4ff227 f2952aae048b40b8af92d0d2310c1fd0 - - default default] Successfully bumped revision number for resource 524770d0-ad7d-403e-828d-4fa77a910460 (type: ports) to 1
2026-07-21 14:33:04.105 10 INFO neutron.wsgi [None req-d6c9c135-057c-468d-86e2-673576683ee7 c36a195082944dffbd4b52309d4ff227 f2952aae048b40b8af92d0d2310c1fd0 - - default default] 10.0.0.21 "POST /v2.0/ports HTTP/1.1" status: 201 len: 1118 time: 0.9037752
2026-07-21 14:33:04.573 10 INFO neutron.db.ovn_revision_numbers_db [None req-1726a5e6-35ac-4034-a370-aed138a19674 aaf09a7d266440efab2f57dbd6c53e17 ff887c7d10544a709fad9c928a959a91 - - default default] Successfully bumped revision number for resource e5c671f1-3e6e-4c39-a473-f451ae8c59ef (type: ports) to 2
2026-07-21 14:33:04.607 10 INFO neutron.wsgi [None req-b5d73965-b45a-442b-b9b0-7cbc49346e4e c36a195082944dffbd4b52309d4ff227 f2952aae048b40b8af92d0d2310c1fd0 - - default default] 10.0.0.21 "DELETE /v2.0/ports/524770d0-ad7d-403e-828d-4fa77a910460 HTTP/1.1" status: 204 len: 168 time: 0.4811614
2026-07-21 14:33:04.632 9 INFO neutron.pecan_wsgi.hooks.translation [None req-40c91032-037f-4526-8fd8-40b6bb345dc3 c36a195082944dffbd4b52309d4ff227 f2952aae048b40b8af92d0d2310c1fd0 - - default default] GET failed (client error): The resource could not be found.
2026-07-21 14:33:04.632 10 INFO neutron.db.ovn_revision_numbers_db [None req-1726a5e6-35ac-4034-a370-aed138a19674 aaf09a7d266440efab2f57dbd6c53e17 ff887c7d10544a709fad9c928a959a91 - - default default] Successfully bumped revision number for resource 80931ae8-1835-4ef2-a5b0-dbff2563c463 (type: subnets) to 0
2026-07-21 14:33:04.634 9 INFO neutron.wsgi [None req-40c91032-037f-4526-8fd8-40b6bb345dc3 c36a195082944dffbd4b52309d4ff227 f2952aae048b40b8af92d0d2310c1fd0 - - default default] 10.0.0.21 "GET /v2.0/ports/524770d0-ad7d-403e-828d-4fa77a910460 HTTP/1.1" status: 404 len: 333 time: 0.0214348
2026-07-21 14:33:04.652 10 INFO neutron.wsgi [None req-1726a5e6-35ac-4034-a370-aed138a19674 aaf09a7d266440efab2f57dbd6c53e17 ff887c7d10544a709fad9c928a959a91 - - default default] 10.0.0.21 "POST /v2.0/subnets HTTP/1.1" status: 201 len: 869 time: 1.3133783
2026-07-21 14:33:04.829 9 INFO neutron.wsgi [None req-53431fc0-72e5-483f-b5fa-4ac9dff364bd c36a195082944dffbd4b52309d4ff227 f2952aae048b40b8af92d0d2310c1fd0 - - default default] 10.0.0.21 "DELETE /v2.0/subnets/43b231b9-1b8e-40df-8cee-e0f6c1119991 HTTP/1.1" status: 204 len: 168 time: 0.1884806
2026-07-21 14:33:05.222 9 INFO neutron.services.segments.plugin [-] Segment c020d1bf-c869-4cde-b7b8-a7acee3400c7 resource provider aggregate not found
2026-07-21 14:33:05.228 9 INFO neutron.services.segments.plugin [-] Segment c020d1bf-c869-4cde-b7b8-a7acee3400c7 resource provider aggregate not found
2026-07-21 14:33:05.247 9 INFO neutron.services.segments.plugin [-] Segment c020d1bf-c869-4cde-b7b8-a7acee3400c7 resource provider not found; error: Placement Client Error (4xx): {"errors": [{"status": 404, "title": "Not Found", "detail": "The resource could not be found.\n\n No resource provider with uuid c020d1bf-c869-4cde-b7b8-a7acee3400c7 found for delete ", "request_id": "req-386b1dcd-96bf-459b-903a-fa52dd04793d"}]}
2026-07-21 14:33:05.248 9 INFO neutron.services.segments.plugin [-] Segment c020d1bf-c869-4cde-b7b8-a7acee3400c7 resource provider not found; error: Placement Client Error (4xx): {"errors": [{"status": 404, "title": "Not Found", "detail": "The resource could not be found.\n\n No resource provider with uuid c020d1bf-c869-4cde-b7b8-a7acee3400c7 found for delete ", "request_id": "req-ed33f9d9-40c3-468d-bec9-0f99dcc08b2e"}]}
2026-07-21 14:33:05.260 10 WARNING neutron.scheduler.dhcp_agent_scheduler [None req-f31e090e-8be9-40cc-889b-643519a5e2aa aaf09a7d266440efab2f57dbd6c53e17 ff887c7d10544a709fad9c928a959a91 - - default default] No more DHCP agents
2026-07-21 14:33:05.263 10 WARNING neutron.api.rpc.agentnotifiers.dhcp_rpc_agent_api [None req-f31e090e-8be9-40cc-889b-643519a5e2aa aaf09a7d266440efab2f57dbd6c53e17 ff887c7d10544a709fad9c928a959a91 - - default default] Unable to schedule network 4b3149dc-3d64-47b9-87b8-94a2e620dd09: no agents available; will retry on subsequent port and subnet creation events.
2026-07-21 14:33:05.266 9 INFO neutron.wsgi [None req-4133dddc-4fde-474b-93db-9f51ee166cf9 c36a195082944dffbd4b52309d4ff227 f2952aae048b40b8af92d0d2310c1fd0 - - default default] 10.0.0.21 "DELETE /v2.0/networks/a4b271cd-722e-4414-97dd-332544957eab HTTP/1.1" status: 204 len: 168 time: 0.4318442
2026-07-21 14:33:05.276 9 WARNING neutron_lib.context [None req-d5cebf77-d35a-4ca8-85d7-a12d4656cf9f c36a195082944dffbd4b52309d4ff227 f2952aae048b40b8af92d0d2310c1fd0 - - default default] Method 'is_advsvc' is deprecated since 2023.2 release (neutron-lib 3.8.0) and will be removed once support for the old RBAC API policies will be removed from Neutron. Please use method 'is_service_role' instead.
2026-07-21 14:33:05.431 10 INFO neutron.db.ovn_revision_numbers_db [None req-f31e090e-8be9-40cc-889b-643519a5e2aa aaf09a7d266440efab2f57dbd6c53e17 ff887c7d10544a709fad9c928a959a91 - - default default] Successfully bumped revision number for resource 47ea4b1d-58ed-46af-ac72-45edb7762dd9 (type: ports) to 1
2026-07-21 14:33:05.524 9 INFO neutron.db.ovn_revision_numbers_db [None req-ae3d4ee0-5d5b-4aa3-9924-9e245d013de7 aaf09a7d266440efab2f57dbd6c53e17 ff887c7d10544a709fad9c928a959a91 - - default default] Successfully bumped revision number for resource 659c0a04-7fe7-4cbe-90c3-1c3e7900e8e7 (type: security_groups) to 1
2026-07-21 14:33:05.543 9 INFO neutron.wsgi [-] 10.0.0.250 "GET / HTTP/1.1" status: 200 len: 247 time: 0.0018320
2026-07-21 14:33:05.545 9 INFO neutron.wsgi [-] 10.0.0.250 "GET / HTTP/1.1" status: 200 len: 247 time: 0.0011866
2026-07-21 14:33:05.561 9 INFO neutron.db.ovn_revision_numbers_db [None req-ae3d4ee0-5d5b-4aa3-9924-9e245d013de7 aaf09a7d266440efab2f57dbd6c53e17 ff887c7d10544a709fad9c928a959a91 - - default default] Successfully bumped revision number for resource 041763c4-18ec-4071-8b46-779d0714916c (type: security_group_rules) to 0
2026-07-21 14:33:05.580 9 INFO neutron.db.ovn_revision_numbers_db [None req-ae3d4ee0-5d5b-4aa3-9924-9e245d013de7 aaf09a7d266440efab2f57dbd6c53e17 ff887c7d10544a709fad9c928a959a91 - - default default] Successfully bumped revision number for resource 47b84ae7-cf00-42d2-8d35-e0a1bd8a5afe (type: security_group_rules) to 0
2026-07-21 14:33:05.612 9 INFO neutron.db.ovn_revision_numbers_db [None req-ae3d4ee0-5d5b-4aa3-9924-9e245d013de7 aaf09a7d266440efab2f57dbd6c53e17 ff887c7d10544a709fad9c928a959a91 - - default default] Successfully bumped revision number for resource 6fa33d73-1700-4f83-88e3-2248d9f9b997 (type: security_group_rules) to 0
2026-07-21 14:33:05.613 9 WARNING neutron.scheduler.dhcp_agent_scheduler [None req-d5cebf77-d35a-4ca8-85d7-a12d4656cf9f c36a195082944dffbd4b52309d4ff227 f2952aae048b40b8af92d0d2310c1fd0 - - default default] No more DHCP agents
2026-07-21 14:33:05.616 9 WARNING neutron.api.rpc.agentnotifiers.dhcp_rpc_agent_api [None req-d5cebf77-d35a-4ca8-85d7-a12d4656cf9f c36a195082944dffbd4b52309d4ff227 f2952aae048b40b8af92d0d2310c1fd0 - - default default] Unable to schedule network 13f8526a-acea-4679-b079-09f0b7117179: no agents available; will retry on subsequent port and subnet creation events.
2026-07-21 14:33:05.637 9 INFO neutron.db.ovn_revision_numbers_db [None req-ae3d4ee0-5d5b-4aa3-9924-9e245d013de7 aaf09a7d266440efab2f57dbd6c53e17 ff887c7d10544a709fad9c928a959a91 - - default default] Successfully bumped revision number for resource 999e2c43-59a1-403d-9dae-29a8f2a2a11a (type: security_group_rules) to 0
2026-07-21 14:33:05.676 9 INFO neutron.wsgi [None req-ae3d4ee0-5d5b-4aa3-9924-9e245d013de7 aaf09a7d266440efab2f57dbd6c53e17 ff887c7d10544a709fad9c928a959a91 - - default default] 10.0.0.21 "GET /v2.0/security-groups?tenant_id=d5c68c581e524923992ee2a1d9147f14&name=default HTTP/1.1" status: 200 len: 3120 time: 0.5197167 /var/lib/openstack/lib/python3.10/site-packages/pycadf/identifier.py:71: UserWarning: Invalid uuid: neutron. To ensure interoperability, identifiers should be a valid uuid. warnings.warn(('Invalid uuid: %s. To ensure interoperability, '
2026-07-21 14:33:05.747 9 INFO neutron.db.ovn_revision_numbers_db [None req-d5cebf77-d35a-4ca8-85d7-a12d4656cf9f c36a195082944dffbd4b52309d4ff227 f2952aae048b40b8af92d0d2310c1fd0 - - default default] Successfully bumped revision number for resource 82e4194f-d9ac-4964-b246-8b72439d0518 (type: ports) to 1
2026-07-21 14:33:05.775 9 INFO neutron.wsgi [None req-d5cebf77-d35a-4ca8-85d7-a12d4656cf9f c36a195082944dffbd4b52309d4ff227 f2952aae048b40b8af92d0d2310c1fd0 - - default default] 10.0.0.21 "POST /v2.0/ports HTTP/1.1" status: 201 len: 977 time: 0.5035172
2026-07-21 14:33:06.020 9 INFO neutron.wsgi [None req-b296ac8e-08ea-45cb-99b6-969c3771e448 aaf09a7d266440efab2f57dbd6c53e17 ff887c7d10544a709fad9c928a959a91 - - default default] 10.0.0.21 "DELETE /v2.0/security-groups/659c0a04-7fe7-4cbe-90c3-1c3e7900e8e7 HTTP/1.1" status: 204 len: 168 time: 0.3361306
2026-07-21 14:33:06.095 10 INFO neutron.plugins.ml2.drivers.ovn.mech_driver.mech_driver [None req-fe8da8e1-bf6e-4d02-b9d7-8bfb27b0a407 - - - - - -] OVN reports status down for port: 82e4194f-d9ac-4964-b246-8b72439d0518
2026-07-21 14:33:06.109 9 INFO neutron.db.ovn_revision_numbers_db [None req-d5b8548d-5b41-4517-9d16-8d0ed2d82009 c36a195082944dffbd4b52309d4ff227 f2952aae048b40b8af92d0d2310c1fd0 - - default default] Successfully bumped revision number for resource 82e4194f-d9ac-4964-b246-8b72439d0518 (type: ports) to 2
2026-07-21 14:33:06.120 9 INFO neutron.wsgi [None req-d5b8548d-5b41-4517-9d16-8d0ed2d82009 c36a195082944dffbd4b52309d4ff227 f2952aae048b40b8af92d0d2310c1fd0 - - default default] 10.0.0.21 "PUT /v2.0/ports/82e4194f-d9ac-4964-b246-8b72439d0518 HTTP/1.1" status: 200 len: 946 time: 0.3390498 /var/lib/openstack/lib/python3.10/site-packages/pycadf/identifier.py:71: UserWarning: Invalid uuid: neutron. To ensure interoperability, identifiers should be a valid uuid. warnings.warn(('Invalid uuid: %s. To ensure interoperability, '
2026-07-21 14:33:06.202 10 INFO neutron.plugins.ml2.drivers.ovn.mech_driver.ovsdb.commands [None req-0e15086b-2671-4226-8e0e-22cf3baa819a - - - - - -] Schedule LRP lrp-47ea4b1d-58ed-46af-ac72-45edb7762dd9 on gateway 1b28d1c7-1940-4de0-af00-52481c014bf1 with priority 1
2026-07-21 14:33:06.210 9 INFO neutron.plugins.ml2.drivers.ovn.mech_driver.mech_driver [None req-aa3eab6f-aab2-4c33-95ac-658aadf91c44 - - - - - -] OVN reports status up for port: 47ea4b1d-58ed-46af-ac72-45edb7762dd9
2026-07-21 14:33:06.220 9 INFO neutron.plugins.ml2.plugin [None req-aa3eab6f-aab2-4c33-95ac-658aadf91c44 - - - - - -] Attempt 1 to provision port 47ea4b1d-58ed-46af-ac72-45edb7762dd9
2026-07-21 14:33:06.235 10 INFO neutron.plugins.ml2.drivers.ovn.mech_driver.ovsdb.ovsdb_monitor [None req-fa850192-33ec-4d09-b6b5-1b64b891cb02 - - - - - -] Router 86e5d441-9c17-4eb4-92c0-6dc9f7ee4a9f is bound to host instance
2026-07-21 14:33:06.272 10 INFO neutron.db.ovn_revision_numbers_db [None req-f31e090e-8be9-40cc-889b-643519a5e2aa aaf09a7d266440efab2f57dbd6c53e17 ff887c7d10544a709fad9c928a959a91 - - default default] Successfully bumped revision number for resource 47ea4b1d-58ed-46af-ac72-45edb7762dd9 (type: router_ports) to 1
2026-07-21 14:33:06.481 9 INFO neutron.wsgi [None req-ccd7c7d9-ec82-4229-8937-dd9d878aca83 c36a195082944dffbd4b52309d4ff227 f2952aae048b40b8af92d0d2310c1fd0 - - default default] 10.0.0.21 "DELETE /v2.0/ports/82e4194f-d9ac-4964-b246-8b72439d0518 HTTP/1.1" status: 204 len: 168 time: 0.3547835
2026-07-21 14:33:06.546 9 INFO neutron.wsgi [None req-8ad23baf-619d-47f9-8a16-cbbd0390b706 c36a195082944dffbd4b52309d4ff227 f2952aae048b40b8af92d0d2310c1fd0 - - default default] 10.0.0.21 "GET /v2.0/ports HTTP/1.1" status: 200 len: 1732 time: 0.0609329
2026-07-21 14:33:06.575 9 INFO neutron.pecan_wsgi.hooks.translation [None req-3ec14709-8fde-48b0-9f92-86253139d53f c36a195082944dffbd4b52309d4ff227 f2952aae048b40b8af92d0d2310c1fd0 - - default default] GET failed (client error): The resource could not be found.
2026-07-21 14:33:06.576 9 INFO neutron.wsgi [None req-3ec14709-8fde-48b0-9f92-86253139d53f c36a195082944dffbd4b52309d4ff227 f2952aae048b40b8af92d0d2310c1fd0 - - default default] 10.0.0.21 "GET /v2.0/ports/82e4194f-d9ac-4964-b246-8b72439d0518 HTTP/1.1" status: 404 len: 333 time: 0.0199890
2026-07-21 14:33:06.578 10 INFO neutron.db.ovn_revision_numbers_db [None req-9c0b6d7b-7ed0-4c68-b542-a90440646798 aaf09a7d266440efab2f57dbd6c53e17 ff887c7d10544a709fad9c928a959a91 - - default default] Successfully bumped revision number for resource a66cd827-019e-4f9b-a64b-b24c220184ae (type: security_groups) to 1
