2026-07-21 14:34:39.099 10 INFO neutron.wsgi [None req-a33ec6d7-95ea-479c-bd52-7d10aec04360 f39061cb4d91450bab1873ab34fec0b4 84670b3bae3148588e5458beb89d428b - - default default] 10.0.0.21 "PUT /v2.0/floatingips/46fa8e16-c322-4d44-aa2b-51bd6b78d2fd HTTP/1.1" status: 200 len: 748 time: 0.4191318
2026-07-21 14:34:39.179 10 ERROR ovsdbapp.backend.ovs_idl.command [None req-118c1d5f-ad3d-43a3-a8a2-da1834f7fe41 aaf09a7d266440efab2f57dbd6c53e17 ff887c7d10544a709fad9c928a959a91 - - default default] Error executing command (DbGetCommand): ovsdbapp.backend.ovs_idl.idlutils.RowNotFound: Cannot find Logical_Router_Port with name=lrp-b5452f37-8b73-4666-b01e-7730eb19432f
2026-07-21 14:34:39.179 10 ERROR ovsdbapp.backend.ovs_idl.command
Traceback (most recent call last):
2026-07-21 14:34:39.179 10 ERROR ovsdbapp.backend.ovs_idl.command
File "/var/lib/openstack/lib/python3.10/site-packages/ovsdbapp/backend/ovs_idl/command.py", line 47, in execute
2026-07-21 14:34:39.179 10 ERROR ovsdbapp.backend.ovs_idl.command self.run_idl(None)
2026-07-21 14:34:39.179 10 ERROR ovsdbapp.backend.ovs_idl.command
File "/var/lib/openstack/lib/python3.10/site-packages/ovsdbapp/backend/ovs_idl/command.py", line 235, in run_idl
2026-07-21 14:34:39.179 10 ERROR ovsdbapp.backend.ovs_idl.command record = self.api.lookup(self.table, self.record)
2026-07-21 14:34:39.179 10 ERROR ovsdbapp.backend.ovs_idl.command
File "/var/lib/openstack/lib/python3.10/site-packages/ovsdbapp/backend/ovs_idl/__init__.py", line 184, in lookup
2026-07-21 14:34:39.179 10 ERROR ovsdbapp.backend.ovs_idl.command return self._lookup(table, record)
2026-07-21 14:34:39.179 10 ERROR ovsdbapp.backend.ovs_idl.command
File "/var/lib/openstack/lib/python3.10/site-packages/ovsdbapp/backend/ovs_idl/__init__.py", line 235, in _lookup
2026-07-21 14:34:39.179 10 ERROR ovsdbapp.backend.ovs_idl.command row = idlutils.row_by_value(self, rl.table, rl.column, record)
2026-07-21 14:34:39.179 10 ERROR ovsdbapp.backend.ovs_idl.command
File "/var/lib/openstack/lib/python3.10/site-packages/ovsdbapp/backend/ovs_idl/idlutils.py", line 114, in row_by_value
2026-07-21 14:34:39.179 10 ERROR ovsdbapp.backend.ovs_idl.command raise RowNotFound(table=table, col=column, match=match)
2026-07-21 14:34:39.179 10 ERROR ovsdbapp.backend.ovs_idl.command ovsdbapp.backend.ovs_idl.idlutils.RowNotFound: Cannot find Logical_Router_Port with name=lrp-b5452f37-8b73-4666-b01e-7730eb19432f
2026-07-21 14:34:39.179 10 ERROR ovsdbapp.backend.ovs_idl.command 
2026-07-21 14:34:39.180 10 ERROR neutron_lib.callbacks.manager [None req-118c1d5f-ad3d-43a3-a8a2-da1834f7fe41 aaf09a7d266440efab2f57dbd6c53e17 ff887c7d10544a709fad9c928a959a91 - - default default] Error during notification for neutron.services.ovn_l3.plugin.OVNL3RouterPlugin._port_update-8792740320998 port, after_update: ovsdbapp.backend.ovs_idl.idlutils.RowNotFound: Cannot find Logical_Router_Port with name=lrp-b5452f37-8b73-4666-b01e-7730eb19432f
2026-07-21 14:34:39.180 10 ERROR neutron_lib.callbacks.manager
Traceback (most recent call last):
2026-07-21 14:34:39.180 10 ERROR neutron_lib.callbacks.manager
File "/var/lib/openstack/lib/python3.10/site-packages/neutron_lib/callbacks/manager.py", line 189, in _notify_loop
2026-07-21 14:34:39.180 10 ERROR neutron_lib.callbacks.manager callback.method(resource, event, trigger, payload=payload)
2026-07-21 14:34:39.180 10 ERROR neutron_lib.callbacks.manager
File "/var/lib/openstack/lib/python3.10/site-packages/neutron/services/ovn_l3/plugin.py", line 391, in _port_update
2026-07-21 14:34:39.180 10 ERROR neutron_lib.callbacks.manager l3plugin._ovn_client.update_router_port(context,
2026-07-21 14:34:39.180 10 ERROR neutron_lib.callbacks.manager
File "/var/lib/openstack/lib/python3.10/site-packages/neutron/plugins/ml2/drivers/ovn/mech_driver/ovsdb/ovn_client.py", line 1878, in update_router_port
2026-07-21 14:34:39.180 10 ERROR neutron_lib.callbacks.manager self._update_lrouter_port(context, port, if_exists=if_exists,
2026-07-21 14:34:39.180 10 ERROR neutron_lib.callbacks.manager
File "/var/lib/openstack/lib/python3.10/site-packages/neutron/plugins/ml2/drivers/ovn/mech_driver/ovsdb/ovn_client.py", line 1855, in _update_lrouter_port
2026-07-21 14:34:39.180 10 ERROR neutron_lib.callbacks.manager external_ids = self._nb_idl.db_get(
2026-07-21 14:34:39.180 10 ERROR neutron_lib.callbacks.manager
File "/var/lib/openstack/lib/python3.10/site-packages/ovsdbapp/backend/ovs_idl/command.py", line 47, in execute
2026-07-21 14:34:39.180 10 ERROR neutron_lib.callbacks.manager self.run_idl(None)
2026-07-21 14:34:39.180 10 ERROR neutron_lib.callbacks.manager
File "/var/lib/openstack/lib/python3.10/site-packages/ovsdbapp/backend/ovs_idl/command.py", line 235, in run_idl
2026-07-21 14:34:39.180 10 ERROR neutron_lib.callbacks.manager record = self.api.lookup(self.table, self.record)
2026-07-21 14:34:39.180 10 ERROR neutron_lib.callbacks.manager
File "/var/lib/openstack/lib/python3.10/site-packages/ovsdbapp/backend/ovs_idl/__init__.py", line 184, in lookup
2026-07-21 14:34:39.180 10 ERROR neutron_lib.callbacks.manager return self._lookup(table, record)
2026-07-21 14:34:39.180 10 ERROR neutron_lib.callbacks.manager
File "/var/lib/openstack/lib/python3.10/site-packages/ovsdbapp/backend/ovs_idl/__init__.py", line 235, in _lookup
2026-07-21 14:34:39.180 10 ERROR neutron_lib.callbacks.manager row = idlutils.row_by_value(self, rl.table, rl.column, record)
2026-07-21 14:34:39.180 10 ERROR neutron_lib.callbacks.manager
File "/var/lib/openstack/lib/python3.10/site-packages/ovsdbapp/backend/ovs_idl/idlutils.py", line 114, in row_by_value
2026-07-21 14:34:39.180 10 ERROR neutron_lib.callbacks.manager raise RowNotFound(table=table, col=column, match=match)
2026-07-21 14:34:39.180 10 ERROR neutron_lib.callbacks.manager ovsdbapp.backend.ovs_idl.idlutils.RowNotFound: Cannot find Logical_Router_Port with name=lrp-b5452f37-8b73-4666-b01e-7730eb19432f
2026-07-21 14:34:39.180 10 ERROR neutron_lib.callbacks.manager 
2026-07-21 14:34:39.232 9 WARNING neutron.plugins.ml2.drivers.ovn.mech_driver.ovsdb.ovn_client [None req-aa3eab6f-aab2-4c33-95ac-658aadf91c44 - - - - - -] No hosting information found for port c16b1cce-dab5-4a43-b4bc-29e2e2fffb34: RuntimeError: No hosting information found for port c16b1cce-dab5-4a43-b4bc-29e2e2fffb34
2026-07-21 14:34:39.383 9 INFO neutron.plugins.ml2.drivers.ovn.mech_driver.mech_driver [None req-aa3eab6f-aab2-4c33-95ac-658aadf91c44 - - - - - -] OVN reports status up for port: b5452f37-8b73-4666-b01e-7730eb19432f
2026-07-21 14:34:39.400 10 INFO neutron.db.ovn_revision_numbers_db [None req-118c1d5f-ad3d-43a3-a8a2-da1834f7fe41 aaf09a7d266440efab2f57dbd6c53e17 ff887c7d10544a709fad9c928a959a91 - - default default] Successfully bumped revision number for resource b5452f37-8b73-4666-b01e-7730eb19432f (type: ports) to 1
2026-07-21 14:34:39.408 9 INFO neutron.plugins.ml2.plugin [None req-aa3eab6f-aab2-4c33-95ac-658aadf91c44 - - - - - -] Attempt 1 to provision port b5452f37-8b73-4666-b01e-7730eb19432f
2026-07-21 14:34:39.473 10 WARNING neutron.scheduler.dhcp_agent_scheduler [None req-118c1d5f-ad3d-43a3-a8a2-da1834f7fe41 aaf09a7d266440efab2f57dbd6c53e17 ff887c7d10544a709fad9c928a959a91 - - default default] No more DHCP agents
2026-07-21 14:34:39.474 10 WARNING neutron.api.rpc.agentnotifiers.dhcp_rpc_agent_api [None req-118c1d5f-ad3d-43a3-a8a2-da1834f7fe41 aaf09a7d266440efab2f57dbd6c53e17 ff887c7d10544a709fad9c928a959a91 - - default default] Unable to schedule network 5a057641-114c-4c3a-b597-883f99917db4: no agents available; will retry on subsequent port and subnet creation events.
2026-07-21 14:34:39.867 9 INFO neutron.wsgi [None req-c2e6620a-d685-44f8-9bbc-e30ede70c461 f39061cb4d91450bab1873ab34fec0b4 84670b3bae3148588e5458beb89d428b - - default default] 10.0.0.21 "DELETE /v2.0/floatingips/46fa8e16-c322-4d44-aa2b-51bd6b78d2fd HTTP/1.1" status: 204 len: 168 time: 0.7611306
2026-07-21 14:34:39.884 10 WARNING neutron_lib.context [None req-1a459f0a-1344-47c9-963a-337a08005e5c f39061cb4d91450bab1873ab34fec0b4 84670b3bae3148588e5458beb89d428b - - default default] Method 'is_advsvc' is deprecated since 2023.2 release (neutron-lib 3.8.0) and will be removed once support for the old RBAC API policies will be removed from Neutron. Please use method 'is_service_role' instead.
2026-07-21 14:34:40.113 9 INFO neutron.db.ovn_revision_numbers_db [None req-aa3eab6f-aab2-4c33-95ac-658aadf91c44 - - - - - -] Successfully bumped revision number for resource b5452f37-8b73-4666-b01e-7730eb19432f (type: ports) to 2
2026-07-21 14:34:40.222 9 ERROR ovsdbapp.backend.ovs_idl.command [None req-aa3eab6f-aab2-4c33-95ac-658aadf91c44 - - - - - -] Error executing command (DbGetCommand): ovsdbapp.backend.ovs_idl.idlutils.RowNotFound: Cannot find Logical_Router_Port with name=lrp-b5452f37-8b73-4666-b01e-7730eb19432f
2026-07-21 14:34:40.222 9 ERROR ovsdbapp.backend.ovs_idl.command
Traceback (most recent call last):
2026-07-21 14:34:40.222 9 ERROR ovsdbapp.backend.ovs_idl.command
File "/var/lib/openstack/lib/python3.10/site-packages/ovsdbapp/backend/ovs_idl/command.py", line 47, in execute
2026-07-21 14:34:40.222 9 ERROR ovsdbapp.backend.ovs_idl.command self.run_idl(None)
2026-07-21 14:34:40.222 9 ERROR ovsdbapp.backend.ovs_idl.command
File "/var/lib/openstack/lib/python3.10/site-packages/ovsdbapp/backend/ovs_idl/command.py", line 235, in run_idl
2026-07-21 14:34:40.222 9 ERROR ovsdbapp.backend.ovs_idl.command record = self.api.lookup(self.table, self.record)
2026-07-21 14:34:40.222 9 ERROR ovsdbapp.backend.ovs_idl.command
File "/var/lib/openstack/lib/python3.10/site-packages/ovsdbapp/backend/ovs_idl/__init__.py", line 184, in lookup
2026-07-21 14:34:40.222 9 ERROR ovsdbapp.backend.ovs_idl.command return self._lookup(table, record)
2026-07-21 14:34:40.222 9 ERROR ovsdbapp.backend.ovs_idl.command
File "/var/lib/openstack/lib/python3.10/site-packages/ovsdbapp/backend/ovs_idl/__init__.py", line 235, in _lookup
2026-07-21 14:34:40.222 9 ERROR ovsdbapp.backend.ovs_idl.command row = idlutils.row_by_value(self, rl.table, rl.column, record)
2026-07-21 14:34:40.222 9 ERROR ovsdbapp.backend.ovs_idl.command
File "/var/lib/openstack/lib/python3.10/site-packages/ovsdbapp/backend/ovs_idl/idlutils.py", line 114, in row_by_value
2026-07-21 14:34:40.222 9 ERROR ovsdbapp.backend.ovs_idl.command raise RowNotFound(table=table, col=column, match=match)
2026-07-21 14:34:40.222 9 ERROR ovsdbapp.backend.ovs_idl.command ovsdbapp.backend.ovs_idl.idlutils.RowNotFound: Cannot find Logical_Router_Port with name=lrp-b5452f37-8b73-4666-b01e-7730eb19432f
2026-07-21 14:34:40.222 9 ERROR ovsdbapp.backend.ovs_idl.command 
2026-07-21 14:34:40.223 9 ERROR neutron_lib.callbacks.manager [None req-aa3eab6f-aab2-4c33-95ac-658aadf91c44 - - - - - -] Error during notification for neutron.services.ovn_l3.plugin.OVNL3RouterPlugin._port_update-8792740320998 port, after_update: ovsdbapp.backend.ovs_idl.idlutils.RowNotFound: Cannot find Logical_Router_Port with name=lrp-b5452f37-8b73-4666-b01e-7730eb19432f
2026-07-21 14:34:40.223 9 ERROR neutron_lib.callbacks.manager
Traceback (most recent call last):
2026-07-21 14:34:40.223 9 ERROR neutron_lib.callbacks.manager
File "/var/lib/openstack/lib/python3.10/site-packages/neutron_lib/callbacks/manager.py", line 189, in _notify_loop
2026-07-21 14:34:40.223 9 ERROR neutron_lib.callbacks.manager callback.method(resource, event, trigger, payload=payload)
2026-07-21 14:34:40.223 9 ERROR neutron_lib.callbacks.manager
File "/var/lib/openstack/lib/python3.10/site-packages/neutron/services/ovn_l3/plugin.py", line 391, in _port_update
2026-07-21 14:34:40.223 9 ERROR neutron_lib.callbacks.manager l3plugin._ovn_client.update_router_port(context,
2026-07-21 14:34:40.223 9 ERROR neutron_lib.callbacks.manager
File "/var/lib/openstack/lib/python3.10/site-packages/neutron/plugins/ml2/drivers/ovn/mech_driver/ovsdb/ovn_client.py", line 1878, in update_router_port
2026-07-21 14:34:40.223 9 ERROR neutron_lib.callbacks.manager self._update_lrouter_port(context, port, if_exists=if_exists,
2026-07-21 14:34:40.223 9 ERROR neutron_lib.callbacks.manager
File "/var/lib/openstack/lib/python3.10/site-packages/neutron/plugins/ml2/drivers/ovn/mech_driver/ovsdb/ovn_client.py", line 1855, in _update_lrouter_port
2026-07-21 14:34:40.223 9 ERROR neutron_lib.callbacks.manager external_ids = self._nb_idl.db_get(
2026-07-21 14:34:40.223 9 ERROR neutron_lib.callbacks.manager
File "/var/lib/openstack/lib/python3.10/site-packages/ovsdbapp/backend/ovs_idl/command.py", line 47, in execute
2026-07-21 14:34:40.223 9 ERROR neutron_lib.callbacks.manager self.run_idl(None)
2026-07-21 14:34:40.223 9 ERROR neutron_lib.callbacks.manager
File "/var/lib/openstack/lib/python3.10/site-packages/ovsdbapp/backend/ovs_idl/command.py", line 235, in run_idl
2026-07-21 14:34:40.223 9 ERROR neutron_lib.callbacks.manager record = self.api.lookup(self.table, self.record)
2026-07-21 14:34:40.223 9 ERROR neutron_lib.callbacks.manager
File "/var/lib/openstack/lib/python3.10/site-packages/ovsdbapp/backend/ovs_idl/__init__.py", line 184, in lookup
2026-07-21 14:34:40.223 9 ERROR neutron_lib.callbacks.manager return self._lookup(table, record)
2026-07-21 14:34:40.223 9 ERROR neutron_lib.callbacks.manager
File "/var/lib/openstack/lib/python3.10/site-packages/ovsdbapp/backend/ovs_idl/__init__.py", line 235, in _lookup
2026-07-21 14:34:40.223 9 ERROR neutron_lib.callbacks.manager row = idlutils.row_by_value(self, rl.table, rl.column, record)
2026-07-21 14:34:40.223 9 ERROR neutron_lib.callbacks.manager
File "/var/lib/openstack/lib/python3.10/site-packages/ovsdbapp/backend/ovs_idl/idlutils.py", line 114, in row_by_value
2026-07-21 14:34:40.223 9 ERROR neutron_lib.callbacks.manager raise RowNotFound(table=table, col=column, match=match)
2026-07-21 14:34:40.223 9 ERROR neutron_lib.callbacks.manager ovsdbapp.backend.ovs_idl.idlutils.RowNotFound: Cannot find Logical_Router_Port with name=lrp-b5452f37-8b73-4666-b01e-7730eb19432f
2026-07-21 14:34:40.223 9 ERROR neutron_lib.callbacks.manager 
2026-07-21 14:34:40.294 10 WARNING neutron.scheduler.dhcp_agent_scheduler [None req-1a459f0a-1344-47c9-963a-337a08005e5c f39061cb4d91450bab1873ab34fec0b4 84670b3bae3148588e5458beb89d428b - - default default] No more DHCP agents
2026-07-21 14:34:40.296 10 WARNING neutron.api.rpc.agentnotifiers.dhcp_rpc_agent_api [None req-1a459f0a-1344-47c9-963a-337a08005e5c f39061cb4d91450bab1873ab34fec0b4 84670b3bae3148588e5458beb89d428b - - default default] Unable to schedule network 4b3149dc-3d64-47b9-87b8-94a2e620dd09: no agents available; will retry on subsequent port and subnet creation events.
2026-07-21 14:34:40.352 10 INFO neutron.db.ovn_revision_numbers_db [None req-118c1d5f-ad3d-43a3-a8a2-da1834f7fe41 aaf09a7d266440efab2f57dbd6c53e17 ff887c7d10544a709fad9c928a959a91 - - default default] Successfully bumped revision number for resource b5452f37-8b73-4666-b01e-7730eb19432f (type: router_ports) to 1
2026-07-21 14:34:40.359 10 INFO neutron.wsgi [None req-118c1d5f-ad3d-43a3-a8a2-da1834f7fe41 aaf09a7d266440efab2f57dbd6c53e17 ff887c7d10544a709fad9c928a959a91 - - default default] 10.0.0.21 "PUT /v2.0/routers/06896d8c-8c9d-4e1a-97f3-56f682d28f9b/add_router_interface HTTP/1.1" status: 200 len: 503 time: 4.4846005
2026-07-21 14:34:41.379 10 INFO neutron.db.ovn_revision_numbers_db [None req-1a459f0a-1344-47c9-963a-337a08005e5c f39061cb4d91450bab1873ab34fec0b4 84670b3bae3148588e5458beb89d428b - - default default] Successfully bumped revision number for resource 9e0740ab-7369-4dc5-bb4f-e4ee14330715 (type: floatingips) to -1 /var/lib/openstack/lib/python3.10/site-packages/pycadf/identifier.py:71: UserWarning: Invalid uuid: neutron. To ensure interoperability, identifiers should be a valid uuid. warnings.warn(('Invalid uuid: %s. To ensure interoperability, '
2026-07-21 14:34:41.483 9 WARNING neutron_lib.context [None req-0929f9bb-eb65-419d-88d7-7e18e02b9e0a e849c5424f994fde9091a3372f5800da fef488289e944d289fabda9334061ba1 - - default default] Method 'is_advsvc' is deprecated since 2023.2 release (neutron-lib 3.8.0) and will be removed once support for the old RBAC API policies will be removed from Neutron. Please use method 'is_service_role' instead.
2026-07-21 14:34:41.505 10 INFO neutron.db.ovn_revision_numbers_db [None req-1a459f0a-1344-47c9-963a-337a08005e5c f39061cb4d91450bab1873ab34fec0b4 84670b3bae3148588e5458beb89d428b - - default default] Successfully bumped revision number for resource 9e0740ab-7369-4dc5-bb4f-e4ee14330715 (type: floatingips) to 1
2026-07-21 14:34:41.506 10 INFO neutron.db.l3_db [None req-1a459f0a-1344-47c9-963a-337a08005e5c f39061cb4d91450bab1873ab34fec0b4 84670b3bae3148588e5458beb89d428b - - default default] Floating IP 9e0740ab-7369-4dc5-bb4f-e4ee14330715 associated. External IP: 10.96.250.201, port: 5b13f6c5-f8b8-4aa2-a3d0-f1b07ce26de3.
2026-07-21 14:34:41.530 9 INFO neutron.wsgi [None req-0929f9bb-eb65-419d-88d7-7e18e02b9e0a e849c5424f994fde9091a3372f5800da fef488289e944d289fabda9334061ba1 - - default default] 10.0.0.21 "POST /v2.0/subnetpools HTTP/1.1" status: 201 len: 715 time: 0.1776731
2026-07-21 14:34:41.553 10 INFO neutron.wsgi [None req-1a459f0a-1344-47c9-963a-337a08005e5c f39061cb4d91450bab1873ab34fec0b4 84670b3bae3148588e5458beb89d428b - - default default] 10.0.0.21 "POST /v2.0/floatingips HTTP/1.1" status: 201 len: 1040 time: 1.6778510
2026-07-21 14:34:41.573 10 INFO neutron.wsgi [None req-453a4d3a-9355-4298-abc3-f067387212c3 e849c5424f994fde9091a3372f5800da fef488289e944d289fabda9334061ba1 - - default default] 10.0.0.21 "PUT /v2.0/subnetpools/7b9085e8-899d-4659-a5cb-96407aa795cf/tags HTTP/1.1" status: 200 len: 218 time: 0.0366108
2026-07-21 14:34:41.599 10 INFO neutron.wsgi [None req-fbce7e99-6a71-46f8-bb15-a0b9390ac57c e849c5424f994fde9091a3372f5800da fef488289e944d289fabda9334061ba1 - - default default] 10.0.0.21 "GET /v2.0/subnetpools/7b9085e8-899d-4659-a5cb-96407aa795cf/tags HTTP/1.1" status: 200 len: 218 time: 0.0211861
2026-07-21 14:34:41.606 9 INFO neutron.wsgi [None req-abd7965d-092b-43e7-8ff4-cd9e57019be7 f39061cb4d91450bab1873ab34fec0b4 84670b3bae3148588e5458beb89d428b - - default default] 10.0.0.21 "GET /v2.0/floatingips/9e0740ab-7369-4dc5-bb4f-e4ee14330715 HTTP/1.1" status: 200 len: 1037 time: 0.0452695
2026-07-21 14:34:41.638 10 INFO neutron.wsgi [None req-74dcb2ed-a142-424c-8c01-a4c4f8e2b3db e849c5424f994fde9091a3372f5800da fef488289e944d289fabda9334061ba1 - - default default] 10.0.0.21 "PUT /v2.0/subnetpools/7b9085e8-899d-4659-a5cb-96407aa795cf/tags/green HTTP/1.1" status: 201 len: 201 time: 0.0348058
2026-07-21 14:34:41.666 10 INFO neutron.wsgi [None req-eab25c96-9e0f-49d5-97a2-0145f37e8117 e849c5424f994fde9091a3372f5800da fef488289e944d289fabda9334061ba1 - - default default] 10.0.0.21 "GET /v2.0/subnetpools/7b9085e8-899d-4659-a5cb-96407aa795cf/tags HTTP/1.1" status: 200 len: 227 time: 0.0213718
2026-07-21 14:34:41.670 9 INFO neutron.wsgi [None req-540287f9-1fd9-4301-b5d0-7b03ac33e379 f39061cb4d91450bab1873ab34fec0b4 84670b3bae3148588e5458beb89d428b - - default default] 10.0.0.21 "GET /v2.0/floatingips HTTP/1.1" status: 200 len: 1040 time: 0.0604160
2026-07-21 14:34:41.695 9 INFO neutron.wsgi [None req-8a97b7d2-99aa-4bcb-96e5-f74282e05416 e849c5424f994fde9091a3372f5800da fef488289e944d289fabda9334061ba1 - - default default] 10.0.0.21 "PUT /v2.0/subnetpools/7b9085e8-899d-4659-a5cb-96407aa795cf/tags/red HTTP/1.1" status: 201 len: 201 time: 0.0232978
2026-07-21 14:34:41.723 9 INFO neutron.wsgi [None req-83ad30c8-b55b-4751-ab6a-de9fd0fa71b4 e849c5424f994fde9091a3372f5800da fef488289e944d289fabda9334061ba1 - - default default] 10.0.0.21 "GET /v2.0/subnetpools/7b9085e8-899d-4659-a5cb-96407aa795cf/tags HTTP/1.1" status: 200 len: 227 time: 0.0218883
2026-07-21 14:34:41.764 9 INFO neutron.wsgi [None req-7683a6cb-466c-4152-8a5e-debb50b334ef e849c5424f994fde9091a3372f5800da fef488289e944d289fabda9334061ba1 - - default default] 10.0.0.21 "PUT /v2.0/subnetpools/7b9085e8-899d-4659-a5cb-96407aa795cf/tags/black.or.white HTTP/1.1" status: 201 len: 201 time: 0.0349565
2026-07-21 14:34:41.795 9 INFO neutron.wsgi [None req-2a351659-52ef-4553-947a-724ec2c28fdd e849c5424f994fde9091a3372f5800da fef488289e944d289fabda9334061ba1 - - default default] 10.0.0.21 "GET /v2.0/subnetpools/7b9085e8-899d-4659-a5cb-96407aa795cf/tags HTTP/1.1" status: 200 len: 245 time: 0.0244808
2026-07-21 14:34:41.841 9 INFO neutron.wsgi [None req-8c71beba-80a7-43d6-ab30-e4757de27358 e849c5424f994fde9091a3372f5800da fef488289e944d289fabda9334061ba1 - - default default] 10.0.0.21 "PUT /v2.0/subnetpools/7b9085e8-899d-4659-a5cb-96407aa795cf/tags HTTP/1.1" status: 200 len: 230 time: 0.0391068
2026-07-21 14:34:41.868 9 INFO neutron.wsgi [None req-8d4e8f0b-eecd-4509-bfbc-2c4145434beb e849c5424f994fde9091a3372f5800da fef488289e944d289fabda9334061ba1 - - default default] 10.0.0.21 "GET /v2.0/subnetpools/7b9085e8-899d-4659-a5cb-96407aa795cf/tags HTTP/1.1" status: 200 len: 230 time: 0.0216112
2026-07-21 14:34:41.902 9 INFO neutron.wsgi [None req-ecc46589-ad7f-43ea-8858-b9ebdb459389 e849c5424f994fde9091a3372f5800da fef488289e944d289fabda9334061ba1 - - default default] 10.0.0.21 "GET /v2.0/subnetpools/7b9085e8-899d-4659-a5cb-96407aa795cf/tags/red HTTP/1.1" status: 204 len: 168 time: 0.0287178
2026-07-21 14:34:41.952 10 INFO neutron.api.v2.resource [None req-645f91d2-4e7a-46ef-b475-b0d841756c72 e849c5424f994fde9091a3372f5800da fef488289e944d289fabda9334061ba1 - - default default] show failed (client error): The resource could not be found.
2026-07-21 14:34:41.953 10 INFO neutron.wsgi [None req-645f91d2-4e7a-46ef-b475-b0d841756c72 e849c5424f994fde9091a3372f5800da fef488289e944d289fabda9334061ba1 - - default default] 10.0.0.21 "GET /v2.0/subnetpools/7b9085e8-899d-4659-a5cb-96407aa795cf/tags/green HTTP/1.1" status: 404 len: 299 time: 0.0447254
2026-07-21 14:34:42.007 9 INFO neutron.wsgi [None req-d605835f-5e20-4d20-874d-aa0dcdcb5ea8 e849c5424f994fde9091a3372f5800da fef488289e944d289fabda9334061ba1 - - default default] 10.0.0.21 "DELETE /v2.0/subnetpools/7b9085e8-899d-4659-a5cb-96407aa795cf/tags/red HTTP/1.1" status: 204 len: 168 time: 0.0474360
2026-07-21 14:34:42.041 9 INFO neutron.wsgi [None req-1831b2b4-9c6c-488d-a66e-b49b07bc31f3 e849c5424f994fde9091a3372f5800da fef488289e944d289fabda9334061ba1 - - default default] 10.0.0.21 "GET /v2.0/subnetpools/7b9085e8-899d-4659-a5cb-96407aa795cf/tags HTTP/1.1" status: 200 len: 223 time: 0.0262873
2026-07-21 14:34:42.074 9 INFO neutron.api.v2.resource [None req-76d889ed-5b13-4eeb-8d67-f218856c7ddf e849c5424f994fde9091a3372f5800da fef488289e944d289fabda9334061ba1 - - default default] delete failed (client error): The resource could not be found.
2026-07-21 14:34:42.076 9 INFO neutron.wsgi [None req-76d889ed-5b13-4eeb-8d67-f218856c7ddf e849c5424f994fde9091a3372f5800da fef488289e944d289fabda9334061ba1 - - default default] 10.0.0.21 "DELETE /v2.0/subnetpools/7b9085e8-899d-4659-a5cb-96407aa795cf/tags/green HTTP/1.1" status: 404 len: 299 time: 0.0292549
2026-07-21 14:34:42.125 10 INFO neutron.wsgi [None req-ee5b1461-0972-4ca0-9065-b34f7caf195c e849c5424f994fde9091a3372f5800da fef488289e944d289fabda9334061ba1 - - default default] 10.0.0.21 "DELETE /v2.0/subnetpools/7b9085e8-899d-4659-a5cb-96407aa795cf/tags HTTP/1.1" status: 204 len: 168 time: 0.0438108
2026-07-21 14:34:42.159 9 INFO neutron.wsgi [None req-9ef46e25-af87-4fab-8100-8c6b1f070b9e e849c5424f994fde9091a3372f5800da fef488289e944d289fabda9334061ba1 - - default default] 10.0.0.21 "GET /v2.0/subnetpools/7b9085e8-899d-4659-a5cb-96407aa795cf/tags HTTP/1.1" status: 200 len: 205 time: 0.0279186
2026-07-21 14:34:42.222 9 INFO neutron.wsgi [None req-bd28b17c-56eb-4910-8263-1379ba482fc3 e849c5424f994fde9091a3372f5800da fef488289e944d289fabda9334061ba1 - - default default] 10.0.0.21 "DELETE /v2.0/subnetpools/7b9085e8-899d-4659-a5cb-96407aa795cf HTTP/1.1" status: 204 len: 168 time: 0.0580337
2026-07-21 14:34:42.370 10 INFO neutron.db.ovn_revision_numbers_db [None req-8d397c4f-968f-4ef0-b3ad-b1c30df0383f f39061cb4d91450bab1873ab34fec0b4 84670b3bae3148588e5458beb89d428b - - default default] Successfully bumped revision number for resource 9e0740ab-7369-4dc5-bb4f-e4ee14330715 (type: floatingips) to 2
2026-07-21 14:34:42.516 10 INFO neutron.db.ovn_revision_numbers_db [None req-8d397c4f-968f-4ef0-b3ad-b1c30df0383f f39061cb4d91450bab1873ab34fec0b4 84670b3bae3148588e5458beb89d428b - - default default] Successfully bumped revision number for resource 9e0740ab-7369-4dc5-bb4f-e4ee14330715 (type: floatingips) to 2
2026-07-21 14:34:42.516 10 INFO neutron.db.l3_db [None req-8d397c4f-968f-4ef0-b3ad-b1c30df0383f f39061cb4d91450bab1873ab34fec0b4 84670b3bae3148588e5458beb89d428b - - default default] Floating IP 9e0740ab-7369-4dc5-bb4f-e4ee14330715 associated. External IP: 10.96.250.201, port: 5b13f6c5-f8b8-4aa2-a3d0-f1b07ce26de3.
2026-07-21 14:34:42.571 10 INFO neutron.wsgi [None req-8d397c4f-968f-4ef0-b3ad-b1c30df0383f f39061cb4d91450bab1873ab34fec0b4 84670b3bae3148588e5458beb89d428b - - default default] 10.0.0.21 "PUT /v2.0/floatingips/9e0740ab-7369-4dc5-bb4f-e4ee14330715 HTTP/1.1" status: 200 len: 1038 time: 0.8939967
2026-07-21 14:34:42.767 10 INFO neutron.db.ovn_revision_numbers_db [None req-8e6b59f2-d2ca-4386-9df2-e33cdeae612d f39061cb4d91450bab1873ab34fec0b4 84670b3bae3148588e5458beb89d428b - - default default] Successfully bumped revision number for resource 9e0740ab-7369-4dc5-bb4f-e4ee14330715 (type: floatingips) to 3
2026-07-21 14:34:42.795 9 INFO neutron.wsgi [req-2151e37a-2bec-4538-a2c5-511bd373549d req-6d2529a6-1b97-40e9-b31a-ca7750dce816 987896c44a28442eb522d29be144da4a 0600b9deeab343bb8cfe51fc0d35599a - - default default] 10.0.0.39 "GET /v2.0/networks?id=5a057641-114c-4c3a-b597-883f99917db4 HTTP/1.1" status: 200 len: 871 time: 0.0774479
2026-07-21 14:34:42.814 9 INFO neutron.wsgi [req-2151e37a-2bec-4538-a2c5-511bd373549d req-85bc996f-83a4-4b6b-999d-c7ccadb0c4c7 987896c44a28442eb522d29be144da4a 0600b9deeab343bb8cfe51fc0d35599a - - default default] 10.0.0.39 "GET /v2.0/quotas/0600b9deeab343bb8cfe51fc0d35599a HTTP/1.1" status: 200 len: 491 time: 0.0111065
2026-07-21 14:34:42.831 10 INFO neutron.db.l3_db [None req-8e6b59f2-d2ca-4386-9df2-e33cdeae612d f39061cb4d91450bab1873ab34fec0b4 84670b3bae3148588e5458beb89d428b - - default default] Floating IP 9e0740ab-7369-4dc5-bb4f-e4ee14330715 disassociated. External IP: 10.96.250.201, port: 971c36cc-96b8-4c97-9e17-b93892189e72.
2026-07-21 14:34:42.861 10 INFO neutron.wsgi [None req-8e6b59f2-d2ca-4386-9df2-e33cdeae612d f39061cb4d91450bab1873ab34fec0b4 84670b3bae3148588e5458beb89d428b - - default default] 10.0.0.21 "PUT /v2.0/floatingips/9e0740ab-7369-4dc5-bb4f-e4ee14330715 HTTP/1.1" status: 200 len: 748 time: 0.2858300
2026-07-21 14:34:42.926 9 INFO neutron.wsgi [req-2151e37a-2bec-4538-a2c5-511bd373549d req-d5ddd408-fc6d-419e-9167-68cad48cd343 987896c44a28442eb522d29be144da4a 0600b9deeab343bb8cfe51fc0d35599a - - default default] 10.0.0.39 "GET /v2.0/ports?tenant_id=0600b9deeab343bb8cfe51fc0d35599a&fields=id HTTP/1.1" status: 200 len: 302 time: 0.1050766
2026-07-21 14:34:43.016 9 INFO neutron.wsgi [req-2151e37a-2bec-4538-a2c5-511bd373549d req-6f063b35-3c7e-4e46-ad39-a6139dd6b82f 3a68918bc1234747809bbcab9a8c748a cf209440a3674ffbbee6cfc755d67e31 - - 54de7a9fafb84e02afc76315b903ca50 54de7a9fafb84e02afc76315b903ca50] 10.0.0.39 "GET /v2.0/networks/5a057641-114c-4c3a-b597-883f99917db4?fields=segments HTTP/1.1" status: 200 len: 212 time: 0.0825474
2026-07-21 14:34:43.091 9 INFO neutron.wsgi [req-2151e37a-2bec-4538-a2c5-511bd373549d req-3beb6b11-7001-402f-a9ae-1012489b5464 3a68918bc1234747809bbcab9a8c748a cf209440a3674ffbbee6cfc755d67e31 - - 54de7a9fafb84e02afc76315b903ca50 54de7a9fafb84e02afc76315b903ca50] 10.0.0.39 "GET /v2.0/networks/5a057641-114c-4c3a-b597-883f99917db4?fields=provider%3Aphysical_network&fields=provider%3Anetwork_type HTTP/1.1" status: 200 len: 277 time: 0.0658898
2026-07-21 14:34:43.239 9 INFO neutron.wsgi [req-c8d74c78-5e75-4093-9740-b1fdca0c7a0f req-bb473d26-02e5-4fa7-b0f1-6a99b302d32b 987896c44a28442eb522d29be144da4a 0600b9deeab343bb8cfe51fc0d35599a - - default default] 10.0.0.39 "GET /v2.0/ports?device_id=1863df9a-d472-4792-83b2-577b0fe20b79 HTTP/1.1" status: 200 len: 210 time: 0.0356200
2026-07-21 14:34:43.283 10 INFO neutron.wsgi [None req-f935dd04-47a0-446a-8f39-a7116bc18b24 f39061cb4d91450bab1873ab34fec0b4 84670b3bae3148588e5458beb89d428b - - default default] 10.0.0.21 "DELETE /v2.0/floatingips/9e0740ab-7369-4dc5-bb4f-e4ee14330715 HTTP/1.1" status: 204 len: 168 time: 0.4167471
2026-07-21 14:34:43.315 10 INFO neutron.api.v2.resource [None req-e933b4ce-110f-4470-8fb9-ece36f97bfc5 f39061cb4d91450bab1873ab34fec0b4 84670b3bae3148588e5458beb89d428b - - default default] delete failed (client error): The resource could not be found.
2026-07-21 14:34:43.317 10 INFO neutron.wsgi [None req-e933b4ce-110f-4470-8fb9-ece36f97bfc5 f39061cb4d91450bab1873ab34fec0b4 84670b3bae3148588e5458beb89d428b - - default default] 10.0.0.21 "DELETE /v2.0/floatingips/9e0740ab-7369-4dc5-bb4f-e4ee14330715 HTTP/1.1" status: 404 len: 345 time: 0.0294802
2026-07-21 14:34:43.330 9 INFO neutron.db.ovn_revision_numbers_db [None req-872b989e-2105-4c09-82fb-7b87e31ec300 aaf09a7d266440efab2f57dbd6c53e17 ff887c7d10544a709fad9c928a959a91 - - default default] Successfully bumped revision number for resource 26b0f181-dd83-4636-9b07-3b2e7618d8bd (type: security_groups) to 1
2026-07-21 14:34:43.345 9 INFO neutron.db.ovn_revision_numbers_db [None req-872b989e-2105-4c09-82fb-7b87e31ec300 aaf09a7d266440efab2f57dbd6c53e17 ff887c7d10544a709fad9c928a959a91 - - default default] Successfully bumped revision number for resource 7cf17cd3-8e2e-4bdb-be93-cb7514db5b2f (type: security_group_rules) to 0
2026-07-21 14:34:43.361 9 INFO neutron.db.ovn_revision_numbers_db [None req-872b989e-2105-4c09-82fb-7b87e31ec300 aaf09a7d266440efab2f57dbd6c53e17 ff887c7d10544a709fad9c928a959a91 - - default default] Successfully bumped revision number for resource 9700c938-dca7-4394-a554-f8f5a03e75f5 (type: security_group_rules) to 0
2026-07-21 14:34:43.375 9 INFO neutron.db.ovn_revision_numbers_db [None req-872b989e-2105-4c09-82fb-7b87e31ec300 aaf09a7d266440efab2f57dbd6c53e17 ff887c7d10544a709fad9c928a959a91 - - default default] Successfully bumped revision number for resource 9a300f70-0489-4e18-97bc-037eb18b4ac9 (type: security_group_rules) to 0
2026-07-21 14:34:43.390 9 INFO neutron.db.ovn_revision_numbers_db [None req-872b989e-2105-4c09-82fb-7b87e31ec300 aaf09a7d266440efab2f57dbd6c53e17 ff887c7d10544a709fad9c928a959a91 - - default default] Successfully bumped revision number for resource efcc102e-967c-43c5-86b1-b8354e423308 (type: security_group_rules) to 0
2026-07-21 14:34:43.415 9 INFO neutron.wsgi [None req-872b989e-2105-4c09-82fb-7b87e31ec300 aaf09a7d266440efab2f57dbd6c53e17 ff887c7d10544a709fad9c928a959a91 - - default default] 10.0.0.21 "GET /v2.0/security-groups?tenant_id=fef488289e944d289fabda9334061ba1&name=default HTTP/1.1" status: 200 len: 3120 time: 0.4679136
2026-07-21 14:34:43.746 10 INFO neutron.wsgi [None req-cde7bed6-3c7d-4440-8756-bfb1e16de4b3 aaf09a7d266440efab2f57dbd6c53e17 ff887c7d10544a709fad9c928a959a91 - - default default] 10.0.0.21 "DELETE /v2.0/security-groups/26b0f181-dd83-4636-9b07-3b2e7618d8bd HTTP/1.1" status: 204 len: 168 time: 0.3256979
2026-07-21 14:34:43.829 10 INFO neutron.wsgi [None req-a938145b-ef9c-4edf-aa55-b50bc9b2bf4d f39061cb4d91450bab1873ab34fec0b4 84670b3bae3148588e5458beb89d428b - - default default] 10.0.0.21 "DELETE /v2.0/ports/971c36cc-96b8-4c97-9e17-b93892189e72 HTTP/1.1" status: 204 len: 168 time: 0.5085816
2026-07-21 14:34:44.090 9 INFO neutron.wsgi [req-2151e37a-2bec-4538-a2c5-511bd373549d req-112dbd80-c525-451a-8cff-c3e623a153ed 987896c44a28442eb522d29be144da4a 0600b9deeab343bb8cfe51fc0d35599a - - default default] 199.204.45.129 "GET /v2.0/networks?id=5a057641-114c-4c3a-b597-883f99917db4 HTTP/1.1" status: 200 len: 871 time: 0.1155949
2026-07-21 14:34:44.090 10 INFO neutron.db.ovn_revision_numbers_db [None req-5d995beb-4634-4ba5-882f-f5d4b57929cc aaf09a7d266440efab2f57dbd6c53e17 ff887c7d10544a709fad9c928a959a91 - - default default] Successfully bumped revision number for resource cc725812-b7e9-4e41-9638-b300e17971d9 (type: security_groups) to 1
2026-07-21 14:34:44.105 10 INFO neutron.db.ovn_revision_numbers_db [None req-5d995beb-4634-4ba5-882f-f5d4b57929cc aaf09a7d266440efab2f57dbd6c53e17 ff887c7d10544a709fad9c928a959a91 - - default default] Successfully bumped revision number for resource 321d0a46-f242-4c44-a6cf-66346ca87a00 (type: security_group_rules) to 0
2026-07-21 14:34:44.114 9 WARNING neutron_lib.context [req-2151e37a-2bec-4538-a2c5-511bd373549d req-1f97ed2a-e077-4df4-9613-b360e618e7e3 987896c44a28442eb522d29be144da4a 0600b9deeab343bb8cfe51fc0d35599a - - default default] Method 'is_advsvc' is deprecated since 2023.2 release (neutron-lib 3.8.0) and will be removed once support for the old RBAC API policies will be removed from Neutron. Please use method 'is_service_role' instead.
2026-07-21 14:34:44.123 10 INFO neutron.db.ovn_revision_numbers_db [None req-5d995beb-4634-4ba5-882f-f5d4b57929cc aaf09a7d266440efab2f57dbd6c53e17 ff887c7d10544a709fad9c928a959a91 - - default default] Successfully bumped revision number for resource 35572861-f356-4194-88ae-f6514788eba3 (type: security_group_rules) to 0
2026-07-21 14:34:44.138 10 INFO neutron.db.ovn_revision_numbers_db [None req-5d995beb-4634-4ba5-882f-f5d4b57929cc aaf09a7d266440efab2f57dbd6c53e17 ff887c7d10544a709fad9c928a959a91 - - default default] Successfully bumped revision number for resource 4de0bb79-40e0-45a6-8c20-cabd6804e4e7 (type: security_group_rules) to 0
2026-07-21 14:34:44.168 10 INFO neutron.db.ovn_revision_numbers_db [None req-5d995beb-4634-4ba5-882f-f5d4b57929cc aaf09a7d266440efab2f57dbd6c53e17 ff887c7d10544a709fad9c928a959a91 - - default default] Successfully bumped revision number for resource 97401495-e8be-445b-baff-139ab5c0f902 (type: security_group_rules) to 0
2026-07-21 14:34:44.192 10 INFO neutron.wsgi [None req-5d995beb-4634-4ba5-882f-f5d4b57929cc aaf09a7d266440efab2f57dbd6c53e17 ff887c7d10544a709fad9c928a959a91 - - default default] 10.0.0.21 "GET /v2.0/security-groups?tenant_id=0dd3331a5b114a1ea896dec9a9632647&name=default HTTP/1.1" status: 200 len: 3120 time: 0.2831006
2026-07-21 14:34:44.374 9 INFO neutron.wsgi [req-ec55f7fa-96d3-4051-b675-a4c69f59942d req-46373cd4-196a-46c3-9de9-4e079f41e5a4 987896c44a28442eb522d29be144da4a 0600b9deeab343bb8cfe51fc0d35599a - - default default] 10.0.0.39 "GET /v2.0/ports?device_id=1863df9a-d472-4792-83b2-577b0fe20b79 HTTP/1.1" status: 200 len: 210 time: 0.0464222
2026-07-21 14:34:44.559 9 INFO neutron.wsgi [None req-eebf90be-4bb6-4205-962d-111b5a79bb45 f39061cb4d91450bab1873ab34fec0b4 84670b3bae3148588e5458beb89d428b - - default default] 10.0.0.21 "DELETE /v2.0/ports/5b13f6c5-f8b8-4aa2-a3d0-f1b07ce26de3 HTTP/1.1" status: 204 len: 168 time: 0.7247276
2026-07-21 14:34:44.621 9 INFO neutron.wsgi [None req-ec02f164-3419-4097-9e27-201718ed5c93 f39061cb4d91450bab1873ab34fec0b4 84670b3bae3148588e5458beb89d428b - - default default] 10.0.0.21 "GET /v2.0/ports?device_id=c6defbd7-e545-4489-bf2d-4ccf08dc7c35 HTTP/1.1" status: 200 len: 1140 time: 0.0525901
2026-07-21 14:34:44.680 9 INFO neutron.wsgi [None req-316fba94-296f-4427-a910-10337fd007d6 aaf09a7d266440efab2f57dbd6c53e17 ff887c7d10544a709fad9c928a959a91 - - default default] 10.0.0.21 "DELETE /v2.0/security-groups/cc725812-b7e9-4e41-9638-b300e17971d9 HTTP/1.1" status: 204 len: 168 time: 0.4805298
2026-07-21 14:34:44.688 9 WARNING neutron.scheduler.dhcp_agent_scheduler [req-2151e37a-2bec-4538-a2c5-511bd373549d req-1f97ed2a-e077-4df4-9613-b360e618e7e3 987896c44a28442eb522d29be144da4a 0600b9deeab343bb8cfe51fc0d35599a - - default default] No more DHCP agents
2026-07-21 14:34:44.691 9 WARNING neutron.api.rpc.agentnotifiers.dhcp_rpc_agent_api [req-2151e37a-2bec-4538-a2c5-511bd373549d req-1f97ed2a-e077-4df4-9613-b360e618e7e3 987896c44a28442eb522d29be144da4a 0600b9deeab343bb8cfe51fc0d35599a - - default default] Unable to schedule network 5a057641-114c-4c3a-b597-883f99917db4: no agents available; will retry on subsequent port and subnet creation events.
2026-07-21 14:34:44.932 9 INFO neutron.db.ovn_revision_numbers_db [req-2151e37a-2bec-4538-a2c5-511bd373549d req-1f97ed2a-e077-4df4-9613-b360e618e7e3 987896c44a28442eb522d29be144da4a 0600b9deeab343bb8cfe51fc0d35599a - - default default] Successfully bumped revision number for resource ad6bc9e2-509a-42f0-9c42-c73a3922711e (type: ports) to 1
2026-07-21 14:34:44.963 9 INFO neutron.wsgi [req-2151e37a-2bec-4538-a2c5-511bd373549d req-1f97ed2a-e077-4df4-9613-b360e618e7e3 987896c44a28442eb522d29be144da4a 0600b9deeab343bb8cfe51fc0d35599a - - default default] 199.204.45.129 "POST /v2.0/ports HTTP/1.1" status: 201 len: 1158 time: 0.8649752 /var/lib/openstack/lib/python3.10/site-packages/pycadf/identifier.py:71: UserWarning: Invalid uuid: neutron. To ensure interoperability, identifiers should be a valid uuid. warnings.warn(('Invalid uuid: %s. To ensure interoperability, '
2026-07-21 14:34:45.184 10 INFO neutron.wsgi [req-7b0045a3-3f56-4b49-b252-627f9c0d29e8 req-53f0187d-f1c3-4700-a869-50d2a25af00e 3a68918bc1234747809bbcab9a8c748a cf209440a3674ffbbee6cfc755d67e31 - - 54de7a9fafb84e02afc76315b903ca50 54de7a9fafb84e02afc76315b903ca50] 10.0.0.5 "GET /v2.0/ports?device_id=9d4cc4d0-5744-4803-a020-f9406a7bd946 HTTP/1.1" status: 200 len: 1413 time: 0.0734999
2026-07-21 14:34:45.250 10 INFO neutron.wsgi [req-7b0045a3-3f56-4b49-b252-627f9c0d29e8 req-2072fa4b-d34c-4c5b-9f09-50cb8430a966 3a68918bc1234747809bbcab9a8c748a cf209440a3674ffbbee6cfc755d67e31 - - 54de7a9fafb84e02afc76315b903ca50 54de7a9fafb84e02afc76315b903ca50] 10.0.0.5 "GET /v2.0/security-groups?id=1ad439e2-b7cb-489b-a559-2f7535ed2d7f&fields=id&fields=name HTTP/1.1" status: 200 len: 313 time: 0.0594552
2026-07-21 14:34:45.437 9 INFO neutron.db.ovn_revision_numbers_db [req-2151e37a-2bec-4538-a2c5-511bd373549d req-18c4c8bb-866d-4622-b434-c0162ccb6560 3a68918bc1234747809bbcab9a8c748a cf209440a3674ffbbee6cfc755d67e31 - - 54de7a9fafb84e02afc76315b903ca50 54de7a9fafb84e02afc76315b903ca50] Successfully bumped revision number for resource ad6bc9e2-509a-42f0-9c42-c73a3922711e (type: ports) to 2 /var/lib/openstack/lib/python3.10/site-packages/pycadf/identifier.py:71: UserWarning: Invalid uuid: neutron. To ensure interoperability, identifiers should be a valid uuid. warnings.warn(('Invalid uuid: %s. To ensure interoperability, '
2026-07-21 14:34:45.515 9 INFO neutron.wsgi [req-6442b8c9-e96d-402e-a3e0-c594b323d5bb req-f6a6a4e0-9b27-432c-9d49-b34eed262ca7 987896c44a28442eb522d29be144da4a 0600b9deeab343bb8cfe51fc0d35599a - - default default] 10.0.0.39 "GET /v2.0/ports?device_id=1863df9a-d472-4792-83b2-577b0fe20b79 HTTP/1.1" status: 200 len: 1168 time: 0.0564194
2026-07-21 14:34:45.589 9 INFO neutron.wsgi [req-6442b8c9-e96d-402e-a3e0-c594b323d5bb req-4b6ea14b-901e-4ae7-b038-5dfbd4badb32 987896c44a28442eb522d29be144da4a 0600b9deeab343bb8cfe51fc0d35599a - - default default] 10.0.0.39 "GET /v2.0/security-groups?id=a6c0c365-40c3-48f8-84fd-68a7f193ab29&fields=id&fields=name HTTP/1.1" status: 200 len: 286 time: 0.0653439
2026-07-21 14:34:45.750 9 INFO neutron.db.ovn_revision_numbers_db [req-2151e37a-2bec-4538-a2c5-511bd373549d req-18c4c8bb-866d-4622-b434-c0162ccb6560 3a68918bc1234747809bbcab9a8c748a cf209440a3674ffbbee6cfc755d67e31 - - 54de7a9fafb84e02afc76315b903ca50 54de7a9fafb84e02afc76315b903ca50] Successfully bumped revision number for resource ad6bc9e2-509a-42f0-9c42-c73a3922711e (type: ports) to 2
2026-07-21 14:34:45.773 9 INFO neutron.wsgi [req-2151e37a-2bec-4538-a2c5-511bd373549d req-18c4c8bb-866d-4622-b434-c0162ccb6560 3a68918bc1234747809bbcab9a8c748a cf209440a3674ffbbee6cfc755d67e31 - - 54de7a9fafb84e02afc76315b903ca50 54de7a9fafb84e02afc76315b903ca50] 199.204.45.129 "PUT /v2.0/ports/ad6bc9e2-509a-42f0-9c42-c73a3922711e HTTP/1.1" status: 200 len: 1376 time: 0.8035607
2026-07-21 14:34:45.808 9 INFO neutron.notifiers.nova [-] Nova event matching ['req-32097290-99d0-4fd6-ab36-93ffd658b296'] response: {'name': 'network-changed', 'server_uuid': '1863df9a-d472-4792-83b2-577b0fe20b79', 'tag': 'ad6bc9e2-509a-42f0-9c42-c73a3922711e', 'status': 'completed', 'code': 200} /var/lib/openstack/lib/python3.10/site-packages/pycadf/identifier.py:71: UserWarning: Invalid uuid: neutron. To ensure interoperability, identifiers should be a valid uuid. warnings.warn(('Invalid uuid: %s. To ensure interoperability, '
2026-07-21 14:34:45.855 9 INFO neutron.wsgi [req-2151e37a-2bec-4538-a2c5-511bd373549d req-c9f8c6a3-148e-437f-a947-f90c47df8f55 3a68918bc1234747809bbcab9a8c748a cf209440a3674ffbbee6cfc755d67e31 - - 54de7a9fafb84e02afc76315b903ca50 54de7a9fafb84e02afc76315b903ca50] 199.204.45.129 "GET /v2.0/ports?tenant_id=0600b9deeab343bb8cfe51fc0d35599a&device_id=1863df9a-d472-4792-83b2-577b0fe20b79 HTTP/1.1" status: 200 len: 1407 time: 0.0355172
2026-07-21 14:34:45.886 9 INFO neutron.wsgi [req-2151e37a-2bec-4538-a2c5-511bd373549d req-b6498726-d213-46ed-8f5a-807017112b5c 3a68918bc1234747809bbcab9a8c748a cf209440a3674ffbbee6cfc755d67e31 - - 54de7a9fafb84e02afc76315b903ca50 54de7a9fafb84e02afc76315b903ca50] 199.204.45.129 "GET /v2.0/floatingips?fixed_ip_address=10.100.0.6&port_id=ad6bc9e2-509a-42f0-9c42-c73a3922711e HTTP/1.1" status: 200 len: 217 time: 0.0252204
2026-07-21 14:34:45.927 9 INFO neutron.wsgi [req-2151e37a-2bec-4538-a2c5-511bd373549d req-36712e50-75f5-4766-8948-1c0c535a3043 3a68918bc1234747809bbcab9a8c748a cf209440a3674ffbbee6cfc755d67e31 - - 54de7a9fafb84e02afc76315b903ca50 54de7a9fafb84e02afc76315b903ca50] 199.204.45.129 "GET /v2.0/subnets?id=7dd436b0-1206-46ad-8231-8774312e9adf HTTP/1.1" status: 200 len: 865 time: 0.0343583
2026-07-21 14:34:45.964 9 INFO neutron.wsgi [req-2151e37a-2bec-4538-a2c5-511bd373549d req-fd61c62f-f267-43de-967d-d3505005bb64 3a68918bc1234747809bbcab9a8c748a cf209440a3674ffbbee6cfc755d67e31 - - 54de7a9fafb84e02afc76315b903ca50 54de7a9fafb84e02afc76315b903ca50] 199.204.45.129 "GET /v2.0/ports?network_id=5a057641-114c-4c3a-b597-883f99917db4&device_owner=network%3Adhcp HTTP/1.1" status: 200 len: 210 time: 0.0227952
2026-07-21 14:34:46.042 9 INFO neutron.wsgi [req-2151e37a-2bec-4538-a2c5-511bd373549d req-77eba9cb-3a12-41a1-8b5f-42c9f087b7e3 3a68918bc1234747809bbcab9a8c748a cf209440a3674ffbbee6cfc755d67e31 - - 54de7a9fafb84e02afc76315b903ca50 54de7a9fafb84e02afc76315b903ca50] 199.204.45.129 "GET /v2.0/networks/5a057641-114c-4c3a-b597-883f99917db4?fields=segments HTTP/1.1" status: 200 len: 212 time: 0.0711019
2026-07-21 14:34:46.102 9 WARNING neutron.plugins.ml2.drivers.ovn.mech_driver.ovsdb.ovn_client [None req-aa3eab6f-aab2-4c33-95ac-658aadf91c44 - - - - - -] No hosting information found for port b5452f37-8b73-4666-b01e-7730eb19432f: RuntimeError: No hosting information found for port b5452f37-8b73-4666-b01e-7730eb19432f
2026-07-21 14:34:46.136 10 INFO neutron.wsgi [None req-22d3d484-8075-4a72-bc13-7ad82b26699e f39061cb4d91450bab1873ab34fec0b4 84670b3bae3148588e5458beb89d428b - - default default] 10.0.0.21 "PUT /v2.0/routers/c6defbd7-e545-4489-bf2d-4ccf08dc7c35/remove_router_interface HTTP/1.1" status: 200 len: 503 time: 1.5074339 /var/lib/openstack/lib/python3.10/site-packages/pycadf/identifier.py:71: UserWarning: Invalid uuid: neutron. To ensure interoperability, identifiers should be a valid uuid. warnings.warn(('Invalid uuid: %s. To ensure interoperability, '
2026-07-21 14:34:46.226 9 INFO neutron.wsgi [req-2151e37a-2bec-4538-a2c5-511bd373549d req-352d19ab-90da-4ccf-9b4b-b479430537a5 3a68918bc1234747809bbcab9a8c748a cf209440a3674ffbbee6cfc755d67e31 - - 54de7a9fafb84e02afc76315b903ca50 54de7a9fafb84e02afc76315b903ca50] 199.204.45.129 "GET /v2.0/networks/5a057641-114c-4c3a-b597-883f99917db4?fields=provider%3Aphysical_network&fields=provider%3Anetwork_type HTTP/1.1" status: 200 len: 277 time: 0.1781821 /var/lib/openstack/lib/python3.10/site-packages/pycadf/identifier.py:71: UserWarning: Invalid uuid: neutron. To ensure interoperability, identifiers should be a valid uuid. warnings.warn(('Invalid uuid: %s. To ensure interoperability, '
2026-07-21 14:34:46.339 9 INFO neutron.wsgi [req-ae5a1dd3-0dff-4821-9308-0cb68ce26308 req-cc6dc2ca-0e01-4ba9-87c9-12779318b5c3 3a68918bc1234747809bbcab9a8c748a cf209440a3674ffbbee6cfc755d67e31 - - 54de7a9fafb84e02afc76315b903ca50 54de7a9fafb84e02afc76315b903ca50] 199.204.45.129 "GET /v2.0/ports?tenant_id=0600b9deeab343bb8cfe51fc0d35599a&device_id=1863df9a-d472-4792-83b2-577b0fe20b79 HTTP/1.1" status: 200 len: 1407 time: 0.0665123
2026-07-21 14:34:46.378 10 INFO neutron.plugins.ml2.drivers.ovn.mech_driver.mech_driver [None req-fe8da8e1-bf6e-4d02-b9d7-8bfb27b0a407 - - - - - -] OVN reports status down for port: 149fc9d2-d843-43bc-9edb-67ef6aa3ac5e
2026-07-21 14:34:46.581 10 INFO neutron.notifiers.nova [-] Nova event matching ['req-4db53038-45d4-498a-9541-99adb600f782'] response: {'server_uuid': '9d4cc4d0-5744-4803-a020-f9406a7bd946', 'name': 'network-vif-unplugged', 'status': 'completed', 'tag': '149fc9d2-d843-43bc-9edb-67ef6aa3ac5e', 'code': 200}
2026-07-21 14:34:46.735 9 INFO neutron.wsgi [req-ae5a1dd3-0dff-4821-9308-0cb68ce26308 req-f6f39a7b-9e02-4584-bbab-239271d299d8 3a68918bc1234747809bbcab9a8c748a cf209440a3674ffbbee6cfc755d67e31 - - 54de7a9fafb84e02afc76315b903ca50 54de7a9fafb84e02afc76315b903ca50] 199.204.45.129 "GET /v2.0/networks?id=5a057641-114c-4c3a-b597-883f99917db4 HTTP/1.1" status: 200 len: 970 time: 0.3794358
2026-07-21 14:34:46.760 9 INFO neutron.wsgi [req-6cb6ab68-5941-42a0-93cc-2b457ef313a3 req-6493978d-7a55-4053-a932-3251a3310564 987896c44a28442eb522d29be144da4a 0600b9deeab343bb8cfe51fc0d35599a - - default default] 10.0.0.39 "GET /v2.0/ports?device_id=1863df9a-d472-4792-83b2-577b0fe20b79 HTTP/1.1" status: 200 len: 1168 time: 0.0585978
2026-07-21 14:34:46.776 9 INFO neutron.wsgi [req-ae5a1dd3-0dff-4821-9308-0cb68ce26308 req-74c2c24e-cfd9-4dbb-a0b1-79a4e7bcb099 3a68918bc1234747809bbcab9a8c748a cf209440a3674ffbbee6cfc755d67e31 - - 54de7a9fafb84e02afc76315b903ca50 54de7a9fafb84e02afc76315b903ca50] 199.204.45.129 "GET /v2.0/floatingips?fixed_ip_address=10.100.0.6&port_id=ad6bc9e2-509a-42f0-9c42-c73a3922711e HTTP/1.1" status: 200 len: 217 time: 0.0339127
2026-07-21 14:34:46.799 9 INFO neutron.wsgi [req-cbbab528-0c5c-46f3-abf7-389f8b6ba4cb req-619c8294-0d29-4dbb-9c43-1b79a2634a73 e94a6d54344743c98bf3206e796320d9 af92c017f6c34aa8a49aefcd2563743a - - default default] 10.0.0.39 "GET /v2.0/ports?device_id=9d4cc4d0-5744-4803-a020-f9406a7bd946 HTTP/1.1" status: 200 len: 1174 time: 0.4443307
2026-07-21 14:34:46.842 9 INFO neutron.wsgi [req-ae5a1dd3-0dff-4821-9308-0cb68ce26308 req-696d177a-3706-400f-8e3a-0e0a11b7e443 3a68918bc1234747809bbcab9a8c748a cf209440a3674ffbbee6cfc755d67e31 - - 54de7a9fafb84e02afc76315b903ca50 54de7a9fafb84e02afc76315b903ca50] 199.204.45.129 "GET /v2.0/subnets?id=7dd436b0-1206-46ad-8231-8774312e9adf HTTP/1.1" status: 200 len: 865 time: 0.0588634
2026-07-21 14:34:46.862 9 INFO neutron.wsgi [req-6cb6ab68-5941-42a0-93cc-2b457ef313a3 req-7e7e5e25-5763-4183-b5e2-3879973d32c2 987896c44a28442eb522d29be144da4a 0600b9deeab343bb8cfe51fc0d35599a - - default default] 10.0.0.39 "GET /v2.0/security-groups?id=a6c0c365-40c3-48f8-84fd-68a7f193ab29&fields=id&fields=name HTTP/1.1" status: 200 len: 286 time: 0.0888345
2026-07-21 14:34:46.873 9 INFO neutron.wsgi [req-ae5a1dd3-0dff-4821-9308-0cb68ce26308 req-9183441f-f266-4be2-86ae-f8c8287a32dd 3a68918bc1234747809bbcab9a8c748a cf209440a3674ffbbee6cfc755d67e31 - - 54de7a9fafb84e02afc76315b903ca50 54de7a9fafb84e02afc76315b903ca50] 199.204.45.129 "GET /v2.0/ports?network_id=5a057641-114c-4c3a-b597-883f99917db4&device_owner=network%3Adhcp HTTP/1.1" status: 200 len: 210 time: 0.0231338
2026-07-21 14:34:46.880 9 INFO neutron.wsgi [req-cbbab528-0c5c-46f3-abf7-389f8b6ba4cb req-90dbfb2a-a14a-4def-9f49-1faaee4cfcbb e94a6d54344743c98bf3206e796320d9 af92c017f6c34aa8a49aefcd2563743a - - default default] 10.0.0.39 "GET /v2.0/security-groups?id=1ad439e2-b7cb-489b-a559-2f7535ed2d7f&fields=id&fields=name HTTP/1.1" status: 200 len: 313 time: 0.0714791
2026-07-21 14:34:46.906 10 INFO neutron.wsgi [req-9589588b-6c67-4e66-95a8-6136ba2d8f50 req-672bf4fb-fd2b-473e-b467-c0f38a3a80f4 e94a6d54344743c98bf3206e796320d9 af92c017f6c34aa8a49aefcd2563743a - - default default] 199.204.45.129 "GET /v2.0/ports?device_id=9d4cc4d0-5744-4803-a020-f9406a7bd946 HTTP/1.1" status: 200 len: 1172 time: 0.2013512
2026-07-21 14:34:46.910 10 INFO neutron.db.ovn_revision_numbers_db [None req-fe8da8e1-bf6e-4d02-b9d7-8bfb27b0a407 - - - - - -] Successfully bumped revision number for resource 149fc9d2-d843-43bc-9edb-67ef6aa3ac5e (type: ports) to 5
2026-07-21 14:34:46.961 9 INFO neutron.wsgi [req-ae5a1dd3-0dff-4821-9308-0cb68ce26308 req-6abc0f98-fd73-4b5c-8233-81ffce02e802 3a68918bc1234747809bbcab9a8c748a cf209440a3674ffbbee6cfc755d67e31 - - 54de7a9fafb84e02afc76315b903ca50 54de7a9fafb84e02afc76315b903ca50] 199.204.45.129 "GET /v2.0/networks/5a057641-114c-4c3a-b597-883f99917db4?fields=segments HTTP/1.1" status: 200 len: 212 time: 0.0771747
2026-07-21 14:34:46.972 10 INFO neutron.plugins.ml2.drivers.ovn.mech_driver.mech_driver [None req-fe8da8e1-bf6e-4d02-b9d7-8bfb27b0a407 - - - - - -] OVN reports status up for port: ad6bc9e2-509a-42f0-9c42-c73a3922711e
2026-07-21 14:34:47.008 10 INFO neutron.plugins.ml2.plugin [None req-fe8da8e1-bf6e-4d02-b9d7-8bfb27b0a407 - - - - - -] Attempt 1 to provision port ad6bc9e2-509a-42f0-9c42-c73a3922711e
2026-07-21 14:34:47.044 9 INFO neutron.wsgi [req-ae5a1dd3-0dff-4821-9308-0cb68ce26308 req-777aa2e0-2a88-47fe-ae04-da2c7bb4abf7 3a68918bc1234747809bbcab9a8c748a cf209440a3674ffbbee6cfc755d67e31 - - 54de7a9fafb84e02afc76315b903ca50 54de7a9fafb84e02afc76315b903ca50] 199.204.45.129 "GET /v2.0/networks/5a057641-114c-4c3a-b597-883f99917db4?fields=provider%3Aphysical_network&fields=provider%3Anetwork_type HTTP/1.1" status: 200 len: 277 time: 0.0772426
