2026-07-21 14:35:29.613 9 INFO neutron.db.ovn_revision_numbers_db [None req-e1851033-d904-4e32-a57f-b3793a021fe6 - - - - - -] Successfully bumped revision number for resource a0f2e7b9-a471-4bec-a92c-46dd17e5655d (type: ports) to 4
2026-07-21 14:35:29.619 10 INFO neutron.db.ovn_revision_numbers_db [None req-12738230-8faa-4b06-b94b-4421aad4fcae ea993d6991754f9ca91749e722f3c7ee 2cb544e42a374506920418f9165429e9 - - default default] Successfully bumped revision number for resource 2009fb33-23a3-458e-a979-a1e53764d510 (type: security_groups) to 1
2026-07-21 14:35:29.647 10 INFO neutron.db.ovn_revision_numbers_db [None req-12738230-8faa-4b06-b94b-4421aad4fcae ea993d6991754f9ca91749e722f3c7ee 2cb544e42a374506920418f9165429e9 - - default default] Successfully bumped revision number for resource 465930ae-7073-4c41-983d-b0a6ef93ab39 (type: security_group_rules) to 0
2026-07-21 14:35:29.677 10 INFO neutron.db.ovn_revision_numbers_db [None req-12738230-8faa-4b06-b94b-4421aad4fcae ea993d6991754f9ca91749e722f3c7ee 2cb544e42a374506920418f9165429e9 - - default default] Successfully bumped revision number for resource 78328266-c5ca-491d-86c8-d53b37462574 (type: security_group_rules) to 0
2026-07-21 14:35:29.695 10 INFO neutron.db.ovn_revision_numbers_db [None req-12738230-8faa-4b06-b94b-4421aad4fcae ea993d6991754f9ca91749e722f3c7ee 2cb544e42a374506920418f9165429e9 - - default default] Successfully bumped revision number for resource 8f268ee1-63d6-463a-8012-4c2ac165a37e (type: security_group_rules) to 0
2026-07-21 14:35:29.723 10 INFO neutron.db.ovn_revision_numbers_db [None req-12738230-8faa-4b06-b94b-4421aad4fcae ea993d6991754f9ca91749e722f3c7ee 2cb544e42a374506920418f9165429e9 - - default default] Successfully bumped revision number for resource 9ef56f1d-7a79-49e8-8906-3828a040595c (type: security_group_rules) to 0
2026-07-21 14:35:29.793 10 INFO neutron.db.segments_db [None req-12738230-8faa-4b06-b94b-4421aad4fcae ea993d6991754f9ca91749e722f3c7ee 2cb544e42a374506920418f9165429e9 - - default default] Added segment 2fab8ebb-9429-4c48-8c49-806fba9d9109 of type geneve for network 2bcf62cf-6c5e-4c2f-abc7-06c1da19329d
2026-07-21 14:35:29.976 9 INFO neutron.db.ovn_revision_numbers_db [None req-f267a590-edee-4a0a-ac57-90e9b2a50b6d 0384643769fd4d2db9bb1653bd44d2eb 8ed187219c9b4d7295121df83da9cacb - - default default] Successfully bumped revision number for resource 70a73595-f34c-4ea9-b5cd-9419aed7de71 (type: ports) to 1
2026-07-21 14:35:30.035 10 INFO neutron.db.ovn_revision_numbers_db [None req-12738230-8faa-4b06-b94b-4421aad4fcae ea993d6991754f9ca91749e722f3c7ee 2cb544e42a374506920418f9165429e9 - - default default] Successfully bumped revision number for resource 2bcf62cf-6c5e-4c2f-abc7-06c1da19329d (type: networks) to 1
2026-07-21 14:35:30.055 9 INFO neutron.db.ovn_revision_numbers_db [None req-e1851033-d904-4e32-a57f-b3793a021fe6 - - - - - -] Successfully bumped revision number for resource a0f2e7b9-a471-4bec-a92c-46dd17e5655d (type: router_ports) to 4
2026-07-21 14:35:30.081 9 WARNING neutron.scheduler.dhcp_agent_scheduler [None req-f267a590-edee-4a0a-ac57-90e9b2a50b6d 0384643769fd4d2db9bb1653bd44d2eb 8ed187219c9b4d7295121df83da9cacb - - default default] No more DHCP agents
2026-07-21 14:35:30.083 9 WARNING neutron.api.rpc.agentnotifiers.dhcp_rpc_agent_api [None req-f267a590-edee-4a0a-ac57-90e9b2a50b6d 0384643769fd4d2db9bb1653bd44d2eb 8ed187219c9b4d7295121df83da9cacb - - default default] Unable to schedule network 58d91e6a-1449-40dc-af49-b0059c54bc4b: no agents available; will retry on subsequent port and subnet creation events.
2026-07-21 14:35:30.172 10 INFO neutron.db.ovn_revision_numbers_db [None req-b24ffe8e-c66c-4e8b-be54-9b6d6abda911 aaf09a7d266440efab2f57dbd6c53e17 ff887c7d10544a709fad9c928a959a91 - - default default] Successfully bumped revision number for resource 4d257e2c-f16b-4bd3-b0f1-963991723474 (type: router_ports) to 1
2026-07-21 14:35:30.177 10 INFO neutron.wsgi [None req-b24ffe8e-c66c-4e8b-be54-9b6d6abda911 aaf09a7d266440efab2f57dbd6c53e17 ff887c7d10544a709fad9c928a959a91 - - default default] 10.0.0.21 "PUT /v2.0/routers/d933dc39-30df-481f-bd57-f84d610652c0/add_router_interface HTTP/1.1" status: 200 len: 503 time: 3.8512084
2026-07-21 14:35:30.242 10 WARNING neutron.scheduler.dhcp_agent_scheduler [None req-12738230-8faa-4b06-b94b-4421aad4fcae ea993d6991754f9ca91749e722f3c7ee 2cb544e42a374506920418f9165429e9 - - default default] No more DHCP agents
2026-07-21 14:35:30.245 10 WARNING neutron.api.rpc.agentnotifiers.dhcp_rpc_agent_api [None req-12738230-8faa-4b06-b94b-4421aad4fcae ea993d6991754f9ca91749e722f3c7ee 2cb544e42a374506920418f9165429e9 - - default default] Unable to schedule network 2bcf62cf-6c5e-4c2f-abc7-06c1da19329d: no agents available; will retry on subsequent port and subnet creation events.
2026-07-21 14:35:30.329 10 INFO neutron.db.ovn_revision_numbers_db [None req-12738230-8faa-4b06-b94b-4421aad4fcae ea993d6991754f9ca91749e722f3c7ee 2cb544e42a374506920418f9165429e9 - - default default] Successfully bumped revision number for resource a5887aff-f742-4720-9f96-c3ce353b9a53 (type: ports) to 1
2026-07-21 14:35:30.350 10 INFO neutron.wsgi [None req-12738230-8faa-4b06-b94b-4421aad4fcae ea993d6991754f9ca91749e722f3c7ee 2cb544e42a374506920418f9165429e9 - - default default] 10.0.0.21 "POST /v2.0/networks HTTP/1.1" status: 201 len: 833 time: 1.4126890
2026-07-21 14:35:30.364 10 WARNING neutron_lib.context [None req-fd245127-89ff-4bec-a340-30c72fac912e ea993d6991754f9ca91749e722f3c7ee 2cb544e42a374506920418f9165429e9 - - default default] Method 'is_advsvc' is deprecated since 2023.2 release (neutron-lib 3.8.0) and will be removed once support for the old RBAC API policies will be removed from Neutron. Please use method 'is_service_role' instead.
2026-07-21 14:35:30.456 10 INFO neutron.db.segments_db [None req-fd245127-89ff-4bec-a340-30c72fac912e ea993d6991754f9ca91749e722f3c7ee 2cb544e42a374506920418f9165429e9 - - default default] Added segment bd4d98c5-b6b3-4096-ad27-431f754da725 of type geneve for network 08c8d5eb-28c0-4849-babd-700804c8c719
2026-07-21 14:35:30.607 10 INFO neutron.db.ovn_revision_numbers_db [None req-fd245127-89ff-4bec-a340-30c72fac912e ea993d6991754f9ca91749e722f3c7ee 2cb544e42a374506920418f9165429e9 - - default default] Successfully bumped revision number for resource 08c8d5eb-28c0-4849-babd-700804c8c719 (type: networks) to 1
2026-07-21 14:35:30.810 10 WARNING neutron.scheduler.dhcp_agent_scheduler [None req-fd245127-89ff-4bec-a340-30c72fac912e ea993d6991754f9ca91749e722f3c7ee 2cb544e42a374506920418f9165429e9 - - default default] No more DHCP agents
2026-07-21 14:35:30.812 10 WARNING neutron.api.rpc.agentnotifiers.dhcp_rpc_agent_api [None req-fd245127-89ff-4bec-a340-30c72fac912e ea993d6991754f9ca91749e722f3c7ee 2cb544e42a374506920418f9165429e9 - - default default] Unable to schedule network 08c8d5eb-28c0-4849-babd-700804c8c719: no agents available; will retry on subsequent port and subnet creation events.
2026-07-21 14:35:30.835 10 WARNING neutron_lib.context [None req-71b7d537-4f14-4022-8708-ca98090dd216 4574527426db490cb9090e55c868eb5d f1eac2cac9564898a6324ba8f7c0dfc6 - - default default] Method 'is_advsvc' is deprecated since 2023.2 release (neutron-lib 3.8.0) and will be removed once support for the old RBAC API policies will be removed from Neutron. Please use method 'is_service_role' instead.
2026-07-21 14:35:30.964 10 INFO neutron.db.ovn_revision_numbers_db [None req-fd245127-89ff-4bec-a340-30c72fac912e ea993d6991754f9ca91749e722f3c7ee 2cb544e42a374506920418f9165429e9 - - default default] Successfully bumped revision number for resource abf61258-4fb0-45f3-b4e2-ad64cb4ccbf2 (type: ports) to 1
2026-07-21 14:35:30.977 10 WARNING neutron_lib.context [None req-8c5122e1-abd4-4a82-8611-89ea9730c0a0 d7e6f9a7449849da840d1307ef523ad8 18ababf448a344dba23525790930deb0 - - default default] Method 'is_advsvc' is deprecated since 2023.2 release (neutron-lib 3.8.0) and will be removed once support for the old RBAC API policies will be removed from Neutron. Please use method 'is_service_role' instead.
2026-07-21 14:35:30.978 9 INFO neutron.db.ovn_revision_numbers_db [None req-f267a590-edee-4a0a-ac57-90e9b2a50b6d 0384643769fd4d2db9bb1653bd44d2eb 8ed187219c9b4d7295121df83da9cacb - - default default] Successfully bumped revision number for resource 70a73595-f34c-4ea9-b5cd-9419aed7de71 (type: router_ports) to 1
2026-07-21 14:35:31.011 10 INFO neutron.wsgi [None req-fd245127-89ff-4bec-a340-30c72fac912e ea993d6991754f9ca91749e722f3c7ee 2cb544e42a374506920418f9165429e9 - - default default] 10.0.0.21 "POST /v2.0/networks HTTP/1.1" status: 201 len: 833 time: 0.6543229
2026-07-21 14:35:31.019 9 WARNING neutron_lib.context [None req-6334365f-09cd-4192-9c1a-6e21ffbd4468 ea993d6991754f9ca91749e722f3c7ee 2cb544e42a374506920418f9165429e9 - - default default] Method 'is_advsvc' is deprecated since 2023.2 release (neutron-lib 3.8.0) and will be removed once support for the old RBAC API policies will be removed from Neutron. Please use method 'is_service_role' instead.
2026-07-21 14:35:31.033 10 INFO neutron.db.ovn_revision_numbers_db [None req-71b7d537-4f14-4022-8708-ca98090dd216 4574527426db490cb9090e55c868eb5d f1eac2cac9564898a6324ba8f7c0dfc6 - - default default] Successfully bumped revision number for resource 0b613e24-ba13-4eb4-95f1-3d39115439bf (type: security_groups) to 1
2026-07-21 14:35:31.050 10 INFO neutron.db.ovn_revision_numbers_db [None req-71b7d537-4f14-4022-8708-ca98090dd216 4574527426db490cb9090e55c868eb5d f1eac2cac9564898a6324ba8f7c0dfc6 - - default default] Successfully bumped revision number for resource 5421d86a-0d87-40a6-98e6-92e770ece169 (type: security_group_rules) to 0
2026-07-21 14:35:31.065 10 INFO neutron.db.ovn_revision_numbers_db [None req-71b7d537-4f14-4022-8708-ca98090dd216 4574527426db490cb9090e55c868eb5d f1eac2cac9564898a6324ba8f7c0dfc6 - - default default] Successfully bumped revision number for resource cfedfa66-1134-4cc3-9a7c-77e083546d8a (type: security_group_rules) to 0
2026-07-21 14:35:31.090 10 INFO neutron.wsgi [None req-71b7d537-4f14-4022-8708-ca98090dd216 4574527426db490cb9090e55c868eb5d f1eac2cac9564898a6324ba8f7c0dfc6 - - default default] 10.0.0.21 "POST /v2.0/security-groups HTTP/1.1" status: 201 len: 1873 time: 0.2644742
2026-07-21 14:35:31.100 10 WARNING neutron_lib.context [None req-0e7b83e8-f880-4ce6-8ad9-34dc3054d17d 4574527426db490cb9090e55c868eb5d f1eac2cac9564898a6324ba8f7c0dfc6 - - default default] Method 'is_advsvc' is deprecated since 2023.2 release (neutron-lib 3.8.0) and will be removed once support for the old RBAC API policies will be removed from Neutron. Please use method 'is_service_role' instead.
2026-07-21 14:35:31.134 10 INFO neutron.db.ovn_revision_numbers_db [None req-8c5122e1-abd4-4a82-8611-89ea9730c0a0 d7e6f9a7449849da840d1307ef523ad8 18ababf448a344dba23525790930deb0 - - default default] Successfully bumped revision number for resource ba863aac-4ea9-4da5-8937-d7ab1ace9593 (type: security_groups) to 1
2026-07-21 14:35:31.150 10 INFO neutron.db.ovn_revision_numbers_db [None req-8c5122e1-abd4-4a82-8611-89ea9730c0a0 d7e6f9a7449849da840d1307ef523ad8 18ababf448a344dba23525790930deb0 - - default default] Successfully bumped revision number for resource 2bc4404c-b2e9-41f5-bb80-c8a4f262011d (type: security_group_rules) to 0
2026-07-21 14:35:31.166 10 INFO neutron.db.ovn_revision_numbers_db [None req-8c5122e1-abd4-4a82-8611-89ea9730c0a0 d7e6f9a7449849da840d1307ef523ad8 18ababf448a344dba23525790930deb0 - - default default] Successfully bumped revision number for resource 760243e6-5825-4e60-b499-3f92e23c2c95 (type: security_group_rules) to 0
2026-07-21 14:35:31.193 10 INFO neutron.db.ovn_revision_numbers_db [None req-8c5122e1-abd4-4a82-8611-89ea9730c0a0 d7e6f9a7449849da840d1307ef523ad8 18ababf448a344dba23525790930deb0 - - default default] Successfully bumped revision number for resource 7fac869b-56bb-478a-a0ee-f0a04290d0fd (type: security_group_rules) to 0
2026-07-21 14:35:31.212 10 INFO neutron.db.ovn_revision_numbers_db [None req-8c5122e1-abd4-4a82-8611-89ea9730c0a0 d7e6f9a7449849da840d1307ef523ad8 18ababf448a344dba23525790930deb0 - - default default] Successfully bumped revision number for resource dff83f7b-bd36-4c3a-8af5-1ba33246206d (type: security_group_rules) to 0
2026-07-21 14:35:31.251 10 INFO neutron.db.ovn_revision_numbers_db [None req-0e7b83e8-f880-4ce6-8ad9-34dc3054d17d 4574527426db490cb9090e55c868eb5d f1eac2cac9564898a6324ba8f7c0dfc6 - - default default] Successfully bumped revision number for resource 8e5c7a74-9dd8-4caf-b2d2-8efbea7fbb6a (type: security_group_rules) to 0
2026-07-21 14:35:31.272 10 INFO neutron.db.segments_db [None req-8c5122e1-abd4-4a82-8611-89ea9730c0a0 d7e6f9a7449849da840d1307ef523ad8 18ababf448a344dba23525790930deb0 - - default default] Added segment 757e6092-3b22-4837-8228-822ac8ce42d0 of type geneve for network eba1fd44-63aa-44a9-95bc-ed6438bc9d41
2026-07-21 14:35:31.290 10 INFO neutron.wsgi [None req-0e7b83e8-f880-4ce6-8ad9-34dc3054d17d 4574527426db490cb9090e55c868eb5d f1eac2cac9564898a6324ba8f7c0dfc6 - - default default] 10.0.0.21 "POST /v2.0/security-group-rules HTTP/1.1" status: 201 len: 796 time: 0.1943645
2026-07-21 14:35:31.306 10 WARNING neutron_lib.context [None req-0bb7cb34-efd4-45ec-9454-5a982a024d0d 4574527426db490cb9090e55c868eb5d f1eac2cac9564898a6324ba8f7c0dfc6 - - default default] Method 'is_advsvc' is deprecated since 2023.2 release (neutron-lib 3.8.0) and will be removed once support for the old RBAC API policies will be removed from Neutron. Please use method 'is_service_role' instead.
2026-07-21 14:35:31.450 10 INFO neutron.db.ovn_revision_numbers_db [None req-8c5122e1-abd4-4a82-8611-89ea9730c0a0 d7e6f9a7449849da840d1307ef523ad8 18ababf448a344dba23525790930deb0 - - default default] Successfully bumped revision number for resource eba1fd44-63aa-44a9-95bc-ed6438bc9d41 (type: networks) to 1
2026-07-21 14:35:31.518 10 INFO neutron.db.ovn_revision_numbers_db [None req-0bb7cb34-efd4-45ec-9454-5a982a024d0d 4574527426db490cb9090e55c868eb5d f1eac2cac9564898a6324ba8f7c0dfc6 - - default default] Successfully bumped revision number for resource 15cb0295-c3b5-44e8-96d8-fe18e2306284 (type: security_group_rules) to 0
2026-07-21 14:35:31.559 10 INFO neutron.wsgi [None req-0bb7cb34-efd4-45ec-9454-5a982a024d0d 4574527426db490cb9090e55c868eb5d f1eac2cac9564898a6324ba8f7c0dfc6 - - default default] 10.0.0.21 "POST /v2.0/security-group-rules HTTP/1.1" status: 201 len: 795 time: 0.2631323
2026-07-21 14:35:31.570 10 WARNING neutron_lib.context [None req-8671b143-5a10-459b-b5c7-bd8f26cd29e5 4574527426db490cb9090e55c868eb5d f1eac2cac9564898a6324ba8f7c0dfc6 - - default default] Method 'is_advsvc' is deprecated since 2023.2 release (neutron-lib 3.8.0) and will be removed once support for the old RBAC API policies will be removed from Neutron. Please use method 'is_service_role' instead.
2026-07-21 14:35:31.579 9 WARNING neutron.scheduler.dhcp_agent_scheduler [None req-de504a74-a857-4cb1-b7b5-edd611324ed4 - - - - - -] No more DHCP agents
2026-07-21 14:35:31.584 9 WARNING neutron.api.rpc.agentnotifiers.dhcp_rpc_agent_api [None req-de504a74-a857-4cb1-b7b5-edd611324ed4 - - - - - -] Unable to schedule network 58d91e6a-1449-40dc-af49-b0059c54bc4b: no agents available; will retry on subsequent port and subnet creation events.
2026-07-21 14:35:31.615 9 WARNING neutron.scheduler.dhcp_agent_scheduler [None req-6334365f-09cd-4192-9c1a-6e21ffbd4468 ea993d6991754f9ca91749e722f3c7ee 2cb544e42a374506920418f9165429e9 - - default default] No more DHCP agents
2026-07-21 14:35:31.619 9 WARNING neutron.api.rpc.agentnotifiers.dhcp_rpc_agent_api [None req-6334365f-09cd-4192-9c1a-6e21ffbd4468 ea993d6991754f9ca91749e722f3c7ee 2cb544e42a374506920418f9165429e9 - - default default] Unable to schedule network 2bcf62cf-6c5e-4c2f-abc7-06c1da19329d: no agents available; will retry on subsequent port and subnet creation events.
2026-07-21 14:35:31.660 10 WARNING neutron.scheduler.dhcp_agent_scheduler [None req-8c5122e1-abd4-4a82-8611-89ea9730c0a0 d7e6f9a7449849da840d1307ef523ad8 18ababf448a344dba23525790930deb0 - - default default] No more DHCP agents
2026-07-21 14:35:31.665 10 WARNING neutron.api.rpc.agentnotifiers.dhcp_rpc_agent_api [None req-8c5122e1-abd4-4a82-8611-89ea9730c0a0 d7e6f9a7449849da840d1307ef523ad8 18ababf448a344dba23525790930deb0 - - default default] Unable to schedule network eba1fd44-63aa-44a9-95bc-ed6438bc9d41: no agents available; will retry on subsequent port and subnet creation events.
2026-07-21 14:35:31.669 9 INFO neutron.db.ovn_revision_numbers_db [None req-6334365f-09cd-4192-9c1a-6e21ffbd4468 ea993d6991754f9ca91749e722f3c7ee 2cb544e42a374506920418f9165429e9 - - default default] Successfully bumped revision number for resource 09b164dd-bcb6-497f-9c60-280a9e0472dd (type: subnets) to 0
2026-07-21 14:35:31.688 9 INFO neutron.wsgi [None req-6334365f-09cd-4192-9c1a-6e21ffbd4468 ea993d6991754f9ca91749e722f3c7ee 2cb544e42a374506920418f9165429e9 - - default default] 10.0.0.21 "POST /v2.0/subnets HTTP/1.1" status: 201 len: 821 time: 0.6740134
2026-07-21 14:35:31.701 10 WARNING neutron_lib.context [None req-14c7d664-a713-4e03-866a-12b7caf2f867 ea993d6991754f9ca91749e722f3c7ee 2cb544e42a374506920418f9165429e9 - - default default] Method 'is_advsvc' is deprecated since 2023.2 release (neutron-lib 3.8.0) and will be removed once support for the old RBAC API policies will be removed from Neutron. Please use method 'is_service_role' instead.
2026-07-21 14:35:31.796 9 INFO neutron.db.ovn_revision_numbers_db [None req-de504a74-a857-4cb1-b7b5-edd611324ed4 - - - - - -] Successfully bumped revision number for resource b7914482-d8be-4667-bdbc-ac0fef0fcf15 (type: ports) to 1
2026-07-21 14:35:31.815 10 INFO neutron.db.ovn_revision_numbers_db [None req-8671b143-5a10-459b-b5c7-bd8f26cd29e5 4574527426db490cb9090e55c868eb5d f1eac2cac9564898a6324ba8f7c0dfc6 - - default default] Successfully bumped revision number for resource ed6e42ed-24a7-4466-9ad3-15f3d4fa0e34 (type: security_group_rules) to 0
2026-07-21 14:35:31.835 10 INFO neutron.db.ovn_revision_numbers_db [None req-8c5122e1-abd4-4a82-8611-89ea9730c0a0 d7e6f9a7449849da840d1307ef523ad8 18ababf448a344dba23525790930deb0 - - default default] Successfully bumped revision number for resource b2e83d55-0ce8-4aa3-82d3-15d6a5cd9940 (type: ports) to 1
2026-07-21 14:35:31.868 10 INFO neutron.wsgi [None req-8671b143-5a10-459b-b5c7-bd8f26cd29e5 4574527426db490cb9090e55c868eb5d f1eac2cac9564898a6324ba8f7c0dfc6 - - default default] 10.0.0.21 "POST /v2.0/security-group-rules HTTP/1.1" status: 201 len: 801 time: 0.3024316
2026-07-21 14:35:31.881 10 INFO neutron.wsgi [None req-8c5122e1-abd4-4a82-8611-89ea9730c0a0 d7e6f9a7449849da840d1307ef523ad8 18ababf448a344dba23525790930deb0 - - default default] 10.0.0.21 "POST /v2.0/networks HTTP/1.1" status: 201 len: 830 time: 1.0275755
2026-07-21 14:35:31.883 9 WARNING neutron_lib.context [None req-d172d4ab-3fe3-4e4e-b3b4-c3b9f3e72d0e 4574527426db490cb9090e55c868eb5d f1eac2cac9564898a6324ba8f7c0dfc6 - - default default] Method 'is_advsvc' is deprecated since 2023.2 release (neutron-lib 3.8.0) and will be removed once support for the old RBAC API policies will be removed from Neutron. Please use method 'is_service_role' instead.
2026-07-21 14:35:31.892 10 WARNING neutron_lib.context [None req-2d1349d5-ae7e-45f6-a1be-9809bf2f7ee4 d7e6f9a7449849da840d1307ef523ad8 18ababf448a344dba23525790930deb0 - - default default] Method 'is_advsvc' is deprecated since 2023.2 release (neutron-lib 3.8.0) and will be removed once support for the old RBAC API policies will be removed from Neutron. Please use method 'is_service_role' instead.
2026-07-21 14:35:32.043 10 WARNING neutron.scheduler.dhcp_agent_scheduler [None req-14c7d664-a713-4e03-866a-12b7caf2f867 ea993d6991754f9ca91749e722f3c7ee 2cb544e42a374506920418f9165429e9 - - default default] No more DHCP agents
2026-07-21 14:35:32.047 10 WARNING neutron.api.rpc.agentnotifiers.dhcp_rpc_agent_api [None req-14c7d664-a713-4e03-866a-12b7caf2f867 ea993d6991754f9ca91749e722f3c7ee 2cb544e42a374506920418f9165429e9 - - default default] Unable to schedule network 08c8d5eb-28c0-4849-babd-700804c8c719: no agents available; will retry on subsequent port and subnet creation events.
2026-07-21 14:35:32.096 10 INFO neutron.db.ovn_revision_numbers_db [None req-14c7d664-a713-4e03-866a-12b7caf2f867 ea993d6991754f9ca91749e722f3c7ee 2cb544e42a374506920418f9165429e9 - - default default] Successfully bumped revision number for resource edcf7da4-0ef3-4c08-a054-f0f55c924313 (type: subnets) to 0
2026-07-21 14:35:32.124 9 INFO neutron.db.ovn_revision_numbers_db [None req-d172d4ab-3fe3-4e4e-b3b4-c3b9f3e72d0e 4574527426db490cb9090e55c868eb5d f1eac2cac9564898a6324ba8f7c0dfc6 - - default default] Successfully bumped revision number for resource ed1792fd-0470-48e0-b8a3-48f19dd46121 (type: security_group_rules) to 0
2026-07-21 14:35:32.129 9 INFO neutron.db.ovn_revision_numbers_db [None req-de504a74-a857-4cb1-b7b5-edd611324ed4 - - - - - -] Successfully bumped revision number for resource b7914482-d8be-4667-bdbc-ac0fef0fcf15 (type: ports) to 1
2026-07-21 14:35:32.132 10 INFO neutron.wsgi [None req-14c7d664-a713-4e03-866a-12b7caf2f867 ea993d6991754f9ca91749e722f3c7ee 2cb544e42a374506920418f9165429e9 - - default default] 10.0.0.21 "POST /v2.0/subnets HTTP/1.1" status: 201 len: 830 time: 0.4363482
2026-07-21 14:35:32.142 10 WARNING neutron_lib.context [None req-dd0630c8-a58a-4e57-8593-1c4cc39011e9 ea993d6991754f9ca91749e722f3c7ee 2cb544e42a374506920418f9165429e9 - - default default] Method 'is_advsvc' is deprecated since 2023.2 release (neutron-lib 3.8.0) and will be removed once support for the old RBAC API policies will be removed from Neutron. Please use method 'is_service_role' instead.
2026-07-21 14:35:32.190 9 INFO neutron.wsgi [None req-d172d4ab-3fe3-4e4e-b3b4-c3b9f3e72d0e 4574527426db490cb9090e55c868eb5d f1eac2cac9564898a6324ba8f7c0dfc6 - - default default] 10.0.0.21 "POST /v2.0/security-group-rules HTTP/1.1" status: 201 len: 800 time: 0.3151965
2026-07-21 14:35:32.201 10 WARNING neutron_lib.context [None req-387c0e8d-8c3d-4728-87c9-b4b51a72465f 4574527426db490cb9090e55c868eb5d f1eac2cac9564898a6324ba8f7c0dfc6 - - default default] Method 'is_advsvc' is deprecated since 2023.2 release (neutron-lib 3.8.0) and will be removed once support for the old RBAC API policies will be removed from Neutron. Please use method 'is_service_role' instead.
2026-07-21 14:35:32.257 10 WARNING neutron.scheduler.dhcp_agent_scheduler [None req-2d1349d5-ae7e-45f6-a1be-9809bf2f7ee4 d7e6f9a7449849da840d1307ef523ad8 18ababf448a344dba23525790930deb0 - - default default] No more DHCP agents
2026-07-21 14:35:32.263 10 WARNING neutron.api.rpc.agentnotifiers.dhcp_rpc_agent_api [None req-2d1349d5-ae7e-45f6-a1be-9809bf2f7ee4 d7e6f9a7449849da840d1307ef523ad8 18ababf448a344dba23525790930deb0 - - default default] Unable to schedule network eba1fd44-63aa-44a9-95bc-ed6438bc9d41: no agents available; will retry on subsequent port and subnet creation events.
2026-07-21 14:35:32.302 10 INFO neutron.db.securitygroups_db [None req-387c0e8d-8c3d-4728-87c9-b4b51a72465f 4574527426db490cb9090e55c868eb5d f1eac2cac9564898a6324ba8f7c0dfc6 - - default default] Project f1eac2cac9564898a6324ba8f7c0dfc6 added a security group rule with legacy IPv6 ICMP protocol name icmp, ipv6-icmp should be used instead. It was automatically converted.
2026-07-21 14:35:32.331 10 INFO neutron.db.ovn_revision_numbers_db [None req-dd0630c8-a58a-4e57-8593-1c4cc39011e9 ea993d6991754f9ca91749e722f3c7ee 2cb544e42a374506920418f9165429e9 - - default default] Successfully bumped revision number for resource 1562e9e6-1ed5-46ef-9dcf-498961580cbf (type: routers) to 1
2026-07-21 14:35:32.356 10 INFO neutron.wsgi [None req-dd0630c8-a58a-4e57-8593-1c4cc39011e9 ea993d6991754f9ca91749e722f3c7ee 2cb544e42a374506920418f9165429e9 - - default default] 10.0.0.21 "POST /v2.0/routers HTTP/1.1" status: 201 len: 805 time: 0.2197313
2026-07-21 14:35:32.366 9 INFO neutron.wsgi [None req-f267a590-edee-4a0a-ac57-90e9b2a50b6d 0384643769fd4d2db9bb1653bd44d2eb 8ed187219c9b4d7295121df83da9cacb - - default default] 10.0.0.21 "POST /v2.0/vpn/vpnservices HTTP/1.1" status: 201 len: 656 time: 7.2974072 /var/lib/openstack/lib/python3.10/site-packages/pycadf/identifier.py:71: UserWarning: Invalid uuid: neutron. To ensure interoperability, identifiers should be a valid uuid. warnings.warn(('Invalid uuid: %s. To ensure interoperability, '
2026-07-21 14:35:32.391 9 INFO neutron.wsgi [None req-81baf7d5-9255-4dc1-87cb-9aba75f9368f 265803d83b524622ad499cbffdb4b944 04fe89ad13f64e0a970477188ea4bbed - - default default] 10.0.0.21 "GET /v2.0/vpn/vpnservices HTTP/1.1" status: 200 len: 1500 time: 0.0133870
2026-07-21 14:35:32.682 10 INFO neutron.db.ovn_revision_numbers_db [None req-2d1349d5-ae7e-45f6-a1be-9809bf2f7ee4 d7e6f9a7449849da840d1307ef523ad8 18ababf448a344dba23525790930deb0 - - default default] Successfully bumped revision number for resource d34f46ca-0068-4a86-8379-2c5b3e5a80c7 (type: ports) to 1
2026-07-21 14:35:32.723 10 INFO neutron.wsgi [None req-2d1349d5-ae7e-45f6-a1be-9809bf2f7ee4 d7e6f9a7449849da840d1307ef523ad8 18ababf448a344dba23525790930deb0 - - default default] 10.0.0.21 "POST /v2.0/ports HTTP/1.1" status: 201 len: 942 time: 0.8360682
2026-07-21 14:35:32.743 10 WARNING neutron_lib.context [None req-5fd6ac84-f348-40e7-a0f2-8e0f4f3f9629 d7e6f9a7449849da840d1307ef523ad8 18ababf448a344dba23525790930deb0 - - default default] Method 'is_advsvc' is deprecated since 2023.2 release (neutron-lib 3.8.0) and will be removed once support for the old RBAC API policies will be removed from Neutron. Please use method 'is_service_role' instead.
2026-07-21 14:35:32.758 10 INFO neutron.db.ovn_revision_numbers_db [None req-387c0e8d-8c3d-4728-87c9-b4b51a72465f 4574527426db490cb9090e55c868eb5d f1eac2cac9564898a6324ba8f7c0dfc6 - - default default] Successfully bumped revision number for resource 7e6dcc57-264e-44cc-af8d-3566a3fafe87 (type: security_group_rules) to 0
2026-07-21 14:35:32.812 9 WARNING neutron.plugins.ml2.drivers.ovn.mech_driver.ovsdb.ovn_client [None req-aa3eab6f-aab2-4c33-95ac-658aadf91c44 - - - - - -] No hosting information found for port d14d3701-f2e2-4a82-bfbd-c0fe0c4ae2b2: RuntimeError: No hosting information found for port d14d3701-f2e2-4a82-bfbd-c0fe0c4ae2b2
2026-07-21 14:35:32.812 9 INFO neutron.plugins.ml2.drivers.ovn.mech_driver.mech_driver [None req-aa3eab6f-aab2-4c33-95ac-658aadf91c44 - - - - - -] OVN reports status down for port: d44a1a58-2f68-4b39-a504-3a8332a3f554
2026-07-21 14:35:32.822 10 INFO neutron.wsgi [None req-387c0e8d-8c3d-4728-87c9-b4b51a72465f 4574527426db490cb9090e55c868eb5d f1eac2cac9564898a6324ba8f7c0dfc6 - - default default] 10.0.0.21 "POST /v2.0/security-group-rules HTTP/1.1" status: 201 len: 806 time: 0.6261740
2026-07-21 14:35:32.824 9 INFO neutron.plugins.ml2.drivers.ovn.mech_driver.mech_driver [None req-aa3eab6f-aab2-4c33-95ac-658aadf91c44 - - - - - -] OVN reports status up for port: 3572b8ed-4b21-49fa-a9b0-244e017e85b4
2026-07-21 14:35:32.835 10 WARNING neutron_lib.context [None req-fa6d8874-8b26-48c4-9976-7bc5e5fc72da 4574527426db490cb9090e55c868eb5d f1eac2cac9564898a6324ba8f7c0dfc6 - - default default] Method 'is_advsvc' is deprecated since 2023.2 release (neutron-lib 3.8.0) and will be removed once support for the old RBAC API policies will be removed from Neutron. Please use method 'is_service_role' instead.
2026-07-21 14:35:32.839 9 INFO neutron.plugins.ml2.plugin [None req-aa3eab6f-aab2-4c33-95ac-658aadf91c44 - - - - - -] Attempt 1 to provision port 3572b8ed-4b21-49fa-a9b0-244e017e85b4
2026-07-21 14:35:32.953 10 INFO neutron.db.securitygroups_db [None req-fa6d8874-8b26-48c4-9976-7bc5e5fc72da 4574527426db490cb9090e55c868eb5d f1eac2cac9564898a6324ba8f7c0dfc6 - - default default] Project f1eac2cac9564898a6324ba8f7c0dfc6 added a security group rule with legacy IPv6 ICMP protocol name icmp, ipv6-icmp should be used instead. It was automatically converted.
2026-07-21 14:35:33.192 10 INFO neutron.wsgi [None req-5fd6ac84-f348-40e7-a0f2-8e0f4f3f9629 d7e6f9a7449849da840d1307ef523ad8 18ababf448a344dba23525790930deb0 - - default default] 10.0.0.21 "POST /v2.0/trunks HTTP/1.1" status: 201 len: 608 time: 0.4532359
2026-07-21 14:35:33.231 10 INFO neutron.db.ovn_revision_numbers_db [None req-fa6d8874-8b26-48c4-9976-7bc5e5fc72da 4574527426db490cb9090e55c868eb5d f1eac2cac9564898a6324ba8f7c0dfc6 - - default default] Successfully bumped revision number for resource c18efa5e-7974-4e50-86c5-f8efa122d476 (type: security_group_rules) to 0
2026-07-21 14:35:33.272 9 INFO neutron.wsgi [None req-9526a2d6-b3b6-43c8-8cd3-89ee5ffc3903 d7e6f9a7449849da840d1307ef523ad8 18ababf448a344dba23525790930deb0 - - default default] 10.0.0.21 "PUT /v2.0/trunks/a553bbdd-65a9-46de-a79e-c2523ea2bf9a/tags HTTP/1.1" status: 200 len: 218 time: 0.0728657
2026-07-21 14:35:33.286 10 INFO neutron.wsgi [None req-fa6d8874-8b26-48c4-9976-7bc5e5fc72da 4574527426db490cb9090e55c868eb5d f1eac2cac9564898a6324ba8f7c0dfc6 - - default default] 10.0.0.21 "POST /v2.0/security-group-rules HTTP/1.1" status: 201 len: 805 time: 0.4596753
2026-07-21 14:35:33.300 10 WARNING neutron.scheduler.dhcp_agent_scheduler [None req-e529b05c-df50-45a9-9713-2a244b5a26b7 ea993d6991754f9ca91749e722f3c7ee 2cb544e42a374506920418f9165429e9 - - default default] No more DHCP agents
2026-07-21 14:35:33.305 10 WARNING neutron.api.rpc.agentnotifiers.dhcp_rpc_agent_api [None req-e529b05c-df50-45a9-9713-2a244b5a26b7 ea993d6991754f9ca91749e722f3c7ee 2cb544e42a374506920418f9165429e9 - - default default] Unable to schedule network 2bcf62cf-6c5e-4c2f-abc7-06c1da19329d: no agents available; will retry on subsequent port and subnet creation events.
2026-07-21 14:35:33.310 10 INFO neutron.wsgi [None req-03dfd267-8b8a-43c9-8fa8-c71ceb25552b d7e6f9a7449849da840d1307ef523ad8 18ababf448a344dba23525790930deb0 - - default default] 10.0.0.21 "GET /v2.0/trunks/a553bbdd-65a9-46de-a79e-c2523ea2bf9a/tags HTTP/1.1" status: 200 len: 218 time: 0.0317802
2026-07-21 14:35:33.380 9 INFO neutron.wsgi [None req-5d6a42a1-8f23-4375-9685-c05add81a2f1 d7e6f9a7449849da840d1307ef523ad8 18ababf448a344dba23525790930deb0 - - default default] 10.0.0.21 "PUT /v2.0/trunks/a553bbdd-65a9-46de-a79e-c2523ea2bf9a/tags/green HTTP/1.1" status: 201 len: 201 time: 0.0616114
2026-07-21 14:35:33.381 9 INFO neutron.db.ovn_revision_numbers_db [None req-aa3eab6f-aab2-4c33-95ac-658aadf91c44 - - - - - -] Successfully bumped revision number for resource 3572b8ed-4b21-49fa-a9b0-244e017e85b4 (type: ports) to 2
2026-07-21 14:35:33.410 10 INFO neutron.wsgi [None req-945a01b4-5b38-487d-8e4d-592672a8b07e d7e6f9a7449849da840d1307ef523ad8 18ababf448a344dba23525790930deb0 - - default default] 10.0.0.21 "GET /v2.0/trunks/a553bbdd-65a9-46de-a79e-c2523ea2bf9a/tags HTTP/1.1" status: 200 len: 227 time: 0.0248652
2026-07-21 14:35:33.447 10 INFO neutron.wsgi [None req-67d98e69-ce42-4a9c-9f25-71938ec0f6ba d7e6f9a7449849da840d1307ef523ad8 18ababf448a344dba23525790930deb0 - - default default] 10.0.0.21 "PUT /v2.0/trunks/a553bbdd-65a9-46de-a79e-c2523ea2bf9a/tags/red HTTP/1.1" status: 201 len: 201 time: 0.0212135
2026-07-21 14:35:33.452 10 INFO neutron.db.ovn_revision_numbers_db [None req-e529b05c-df50-45a9-9713-2a244b5a26b7 ea993d6991754f9ca91749e722f3c7ee 2cb544e42a374506920418f9165429e9 - - default default] Successfully bumped revision number for resource 9d93cad0-24f2-4f98-946c-91303a043b23 (type: ports) to 1
2026-07-21 14:35:33.492 10 INFO neutron.wsgi [None req-00c9d571-9509-46c8-bb0c-d42286c6a35d d7e6f9a7449849da840d1307ef523ad8 18ababf448a344dba23525790930deb0 - - default default] 10.0.0.21 "GET /v2.0/trunks/a553bbdd-65a9-46de-a79e-c2523ea2bf9a/tags HTTP/1.1" status: 200 len: 227 time: 0.0381253
2026-07-21 14:35:33.537 10 INFO neutron.wsgi [None req-60009376-d655-444b-a3c6-677d313f9434 d7e6f9a7449849da840d1307ef523ad8 18ababf448a344dba23525790930deb0 - - default default] 10.0.0.21 "PUT /v2.0/trunks/a553bbdd-65a9-46de-a79e-c2523ea2bf9a/tags/black.or.white HTTP/1.1" status: 201 len: 201 time: 0.0374525
2026-07-21 14:35:33.571 10 INFO neutron.wsgi [None req-ce580732-8799-436a-bf15-3a6f46b51b2e d7e6f9a7449849da840d1307ef523ad8 18ababf448a344dba23525790930deb0 - - default default] 10.0.0.21 "GET /v2.0/trunks/a553bbdd-65a9-46de-a79e-c2523ea2bf9a/tags HTTP/1.1" status: 200 len: 245 time: 0.0286241
2026-07-21 14:35:33.630 10 INFO neutron.wsgi [None req-cdf325eb-d07e-4acf-9773-ff15fc2e2916 d7e6f9a7449849da840d1307ef523ad8 18ababf448a344dba23525790930deb0 - - default default] 10.0.0.21 "PUT /v2.0/trunks/a553bbdd-65a9-46de-a79e-c2523ea2bf9a/tags HTTP/1.1" status: 200 len: 230 time: 0.0530460
2026-07-21 14:35:33.667 10 WARNING neutron_lib.context [None req-fe3379ad-acdf-4ef1-9a13-e5f53f6b5c31 4574527426db490cb9090e55c868eb5d f1eac2cac9564898a6324ba8f7c0dfc6 - - default default] Method 'is_advsvc' is deprecated since 2023.2 release (neutron-lib 3.8.0) and will be removed once support for the old RBAC API policies will be removed from Neutron. Please use method 'is_service_role' instead.
2026-07-21 14:35:33.691 10 INFO neutron.wsgi [None req-f6b15f32-03e8-4986-b679-f6e588a61009 d7e6f9a7449849da840d1307ef523ad8 18ababf448a344dba23525790930deb0 - - default default] 10.0.0.21 "GET /v2.0/trunks/a553bbdd-65a9-46de-a79e-c2523ea2bf9a/tags HTTP/1.1" status: 200 len: 230 time: 0.0542095
2026-07-21 14:35:33.727 10 INFO neutron.wsgi [None req-f95a28e1-a3a9-4df2-b944-23a7d31ffe14 d7e6f9a7449849da840d1307ef523ad8 18ababf448a344dba23525790930deb0 - - default default] 10.0.0.21 "GET /v2.0/trunks/a553bbdd-65a9-46de-a79e-c2523ea2bf9a/tags/red HTTP/1.1" status: 204 len: 168 time: 0.0316980
2026-07-21 14:35:33.782 10 INFO neutron.api.v2.resource [None req-26bcfd6a-2366-41f6-8b84-a6d79af4c996 d7e6f9a7449849da840d1307ef523ad8 18ababf448a344dba23525790930deb0 - - default default] show failed (client error): The resource could not be found.
2026-07-21 14:35:33.783 10 INFO neutron.wsgi [None req-26bcfd6a-2366-41f6-8b84-a6d79af4c996 d7e6f9a7449849da840d1307ef523ad8 18ababf448a344dba23525790930deb0 - - default default] 10.0.0.21 "GET /v2.0/trunks/a553bbdd-65a9-46de-a79e-c2523ea2bf9a/tags/green HTTP/1.1" status: 404 len: 299 time: 0.0500383
2026-07-21 14:35:33.826 9 INFO neutron.db.ovn_revision_numbers_db [None req-aa3eab6f-aab2-4c33-95ac-658aadf91c44 - - - - - -] Successfully bumped revision number for resource 3572b8ed-4b21-49fa-a9b0-244e017e85b4 (type: router_ports) to 2
2026-07-21 14:35:33.847 9 INFO neutron.wsgi [None req-cd760601-fa6e-45ca-a512-1b588f18bd1b d7e6f9a7449849da840d1307ef523ad8 18ababf448a344dba23525790930deb0 - - default default] 10.0.0.21 "DELETE /v2.0/trunks/a553bbdd-65a9-46de-a79e-c2523ea2bf9a/tags/red HTTP/1.1" status: 204 len: 168 time: 0.0586028
2026-07-21 14:35:33.893 9 INFO neutron.wsgi [None req-75167e20-0a5e-44a2-8a3d-5887d4e59ede d7e6f9a7449849da840d1307ef523ad8 18ababf448a344dba23525790930deb0 - - default default] 10.0.0.21 "GET /v2.0/trunks/a553bbdd-65a9-46de-a79e-c2523ea2bf9a/tags HTTP/1.1" status: 200 len: 223 time: 0.0406713
2026-07-21 14:35:33.944 9 INFO neutron.api.v2.resource [None req-454ac13a-fa63-47dc-9d04-6686ace33b68 d7e6f9a7449849da840d1307ef523ad8 18ababf448a344dba23525790930deb0 - - default default] delete failed (client error): The resource could not be found.
2026-07-21 14:35:33.945 9 INFO neutron.wsgi [None req-454ac13a-fa63-47dc-9d04-6686ace33b68 d7e6f9a7449849da840d1307ef523ad8 18ababf448a344dba23525790930deb0 - - default default] 10.0.0.21 "DELETE /v2.0/trunks/a553bbdd-65a9-46de-a79e-c2523ea2bf9a/tags/green HTTP/1.1" status: 404 len: 299 time: 0.0451479
2026-07-21 14:35:34.004 9 INFO neutron.wsgi [None req-53b83bbd-6a66-4a6c-abfa-0612385e9d5c d7e6f9a7449849da840d1307ef523ad8 18ababf448a344dba23525790930deb0 - - default default] 10.0.0.21 "DELETE /v2.0/trunks/a553bbdd-65a9-46de-a79e-c2523ea2bf9a/tags HTTP/1.1" status: 204 len: 168 time: 0.0543270
2026-07-21 14:35:34.031 9 INFO neutron.wsgi [None req-7905d99b-cdc5-4cca-8ca1-31eaa21eadbc d7e6f9a7449849da840d1307ef523ad8 18ababf448a344dba23525790930deb0 - - default default] 10.0.0.21 "GET /v2.0/trunks/a553bbdd-65a9-46de-a79e-c2523ea2bf9a/tags HTTP/1.1" status: 200 len: 205 time: 0.0227785
2026-07-21 14:35:34.072 9 INFO neutron.wsgi [None req-9410ff03-6b68-4060-8927-f4a314b8aa3c d7e6f9a7449849da840d1307ef523ad8 18ababf448a344dba23525790930deb0 - - default default] 10.0.0.21 "GET /v2.0/trunks/a553bbdd-65a9-46de-a79e-c2523ea2bf9a HTTP/1.1" status: 200 len: 603 time: 0.0207903
2026-07-21 14:35:34.100 10 INFO neutron.db.ovn_revision_numbers_db [None req-fe3379ad-acdf-4ef1-9a13-e5f53f6b5c31 4574527426db490cb9090e55c868eb5d f1eac2cac9564898a6324ba8f7c0dfc6 - - default default] Successfully bumped revision number for resource ee9a3acf-099a-4e65-b193-1905d99bd4fd (type: security_groups) to 1
2026-07-21 14:35:34.148 10 INFO neutron.db.ovn_revision_numbers_db [None req-fe3379ad-acdf-4ef1-9a13-e5f53f6b5c31 4574527426db490cb9090e55c868eb5d f1eac2cac9564898a6324ba8f7c0dfc6 - - default default] Successfully bumped revision number for resource 6b2b1890-4911-4e57-a27b-617be475fb6c (type: security_group_rules) to 0
2026-07-21 14:35:34.168 10 INFO neutron.db.ovn_revision_numbers_db [None req-fe3379ad-acdf-4ef1-9a13-e5f53f6b5c31 4574527426db490cb9090e55c868eb5d f1eac2cac9564898a6324ba8f7c0dfc6 - - default default] Successfully bumped revision number for resource 883af0ff-74a4-404b-8c04-aae2afb720e2 (type: security_group_rules) to 0
2026-07-21 14:35:34.194 10 INFO neutron.wsgi [None req-fe3379ad-acdf-4ef1-9a13-e5f53f6b5c31 4574527426db490cb9090e55c868eb5d f1eac2cac9564898a6324ba8f7c0dfc6 - - default default] 10.0.0.21 "POST /v2.0/security-groups HTTP/1.1" status: 201 len: 1860 time: 0.5327153
2026-07-21 14:35:34.205 10 WARNING neutron_lib.context [None req-0bfc3b85-8821-4bf0-b63f-b46c31b8407b 4574527426db490cb9090e55c868eb5d f1eac2cac9564898a6324ba8f7c0dfc6 - - default default] Method 'is_advsvc' is deprecated since 2023.2 release (neutron-lib 3.8.0) and will be removed once support for the old RBAC API policies will be removed from Neutron. Please use method 'is_service_role' instead.
2026-07-21 14:35:34.207 9 INFO neutron.wsgi [None req-729a15ac-63f8-467b-b413-bc1727c2c5bf d7e6f9a7449849da840d1307ef523ad8 18ababf448a344dba23525790930deb0 - - default default] 10.0.0.21 "GET /v2.0/ports/d34f46ca-0068-4a86-8379-2c5b3e5a80c7 HTTP/1.1" status: 200 len: 1020 time: 0.1289973
2026-07-21 14:35:34.225 10 ERROR ovsdbapp.backend.ovs_idl.command [None req-e529b05c-df50-45a9-9713-2a244b5a26b7 ea993d6991754f9ca91749e722f3c7ee 2cb544e42a374506920418f9165429e9 - - default default] Error executing command (DbGetCommand): ovsdbapp.backend.ovs_idl.idlutils.RowNotFound: Cannot find Logical_Router_Port with name=lrp-9d93cad0-24f2-4f98-946c-91303a043b23
2026-07-21 14:35:34.225 10 ERROR ovsdbapp.backend.ovs_idl.command
Traceback (most recent call last):
2026-07-21 14:35:34.225 10 ERROR ovsdbapp.backend.ovs_idl.command
File "/var/lib/openstack/lib/python3.10/site-packages/ovsdbapp/backend/ovs_idl/command.py", line 47, in execute
2026-07-21 14:35:34.225 10 ERROR ovsdbapp.backend.ovs_idl.command self.run_idl(None)
2026-07-21 14:35:34.225 10 ERROR ovsdbapp.backend.ovs_idl.command
File "/var/lib/openstack/lib/python3.10/site-packages/ovsdbapp/backend/ovs_idl/command.py", line 235, in run_idl
2026-07-21 14:35:34.225 10 ERROR ovsdbapp.backend.ovs_idl.command record = self.api.lookup(self.table, self.record)
2026-07-21 14:35:34.225 10 ERROR ovsdbapp.backend.ovs_idl.command
File "/var/lib/openstack/lib/python3.10/site-packages/ovsdbapp/backend/ovs_idl/__init__.py", line 184, in lookup
2026-07-21 14:35:34.225 10 ERROR ovsdbapp.backend.ovs_idl.command return self._lookup(table, record)
2026-07-21 14:35:34.225 10 ERROR ovsdbapp.backend.ovs_idl.command
File "/var/lib/openstack/lib/python3.10/site-packages/ovsdbapp/backend/ovs_idl/__init__.py", line 235, in _lookup
2026-07-21 14:35:34.225 10 ERROR ovsdbapp.backend.ovs_idl.command row = idlutils.row_by_value(self, rl.table, rl.column, record)
2026-07-21 14:35:34.225 10 ERROR ovsdbapp.backend.ovs_idl.command
File "/var/lib/openstack/lib/python3.10/site-packages/ovsdbapp/backend/ovs_idl/idlutils.py", line 114, in row_by_value
2026-07-21 14:35:34.225 10 ERROR ovsdbapp.backend.ovs_idl.command raise RowNotFound(table=table, col=column, match=match)
2026-07-21 14:35:34.225 10 ERROR ovsdbapp.backend.ovs_idl.command ovsdbapp.backend.ovs_idl.idlutils.RowNotFound: Cannot find Logical_Router_Port with name=lrp-9d93cad0-24f2-4f98-946c-91303a043b23
2026-07-21 14:35:34.225 10 ERROR ovsdbapp.backend.ovs_idl.command 
2026-07-21 14:35:34.226 10 ERROR neutron_lib.callbacks.manager [None req-e529b05c-df50-45a9-9713-2a244b5a26b7 ea993d6991754f9ca91749e722f3c7ee 2cb544e42a374506920418f9165429e9 - - default default] Error during notification for neutron.services.ovn_l3.plugin.OVNL3RouterPlugin._port_update-8792740320998 port, after_update: ovsdbapp.backend.ovs_idl.idlutils.RowNotFound: Cannot find Logical_Router_Port with name=lrp-9d93cad0-24f2-4f98-946c-91303a043b23
2026-07-21 14:35:34.226 10 ERROR neutron_lib.callbacks.manager
Traceback (most recent call last):
2026-07-21 14:35:34.226 10 ERROR neutron_lib.callbacks.manager
File "/var/lib/openstack/lib/python3.10/site-packages/neutron_lib/callbacks/manager.py", line 189, in _notify_loop
2026-07-21 14:35:34.226 10 ERROR neutron_lib.callbacks.manager callback.method(resource, event, trigger, payload=payload)
2026-07-21 14:35:34.226 10 ERROR neutron_lib.callbacks.manager
File "/var/lib/openstack/lib/python3.10/site-packages/neutron/services/ovn_l3/plugin.py", line 391, in _port_update
2026-07-21 14:35:34.226 10 ERROR neutron_lib.callbacks.manager l3plugin._ovn_client.update_router_port(context,
2026-07-21 14:35:34.226 10 ERROR neutron_lib.callbacks.manager
File "/var/lib/openstack/lib/python3.10/site-packages/neutron/plugins/ml2/drivers/ovn/mech_driver/ovsdb/ovn_client.py", line 1878, in update_router_port
2026-07-21 14:35:34.226 10 ERROR neutron_lib.callbacks.manager self._update_lrouter_port(context, port, if_exists=if_exists,
2026-07-21 14:35:34.226 10 ERROR neutron_lib.callbacks.manager
File "/var/lib/openstack/lib/python3.10/site-packages/neutron/plugins/ml2/drivers/ovn/mech_driver/ovsdb/ovn_client.py", line 1855, in _update_lrouter_port
2026-07-21 14:35:34.226 10 ERROR neutron_lib.callbacks.manager external_ids = self._nb_idl.db_get(
2026-07-21 14:35:34.226 10 ERROR neutron_lib.callbacks.manager
File "/var/lib/openstack/lib/python3.10/site-packages/ovsdbapp/backend/ovs_idl/command.py", line 47, in execute
2026-07-21 14:35:34.226 10 ERROR neutron_lib.callbacks.manager self.run_idl(None)
2026-07-21 14:35:34.226 10 ERROR neutron_lib.callbacks.manager
File "/var/lib/openstack/lib/python3.10/site-packages/ovsdbapp/backend/ovs_idl/command.py", line 235, in run_idl
2026-07-21 14:35:34.226 10 ERROR neutron_lib.callbacks.manager record = self.api.lookup(self.table, self.record)
2026-07-21 14:35:34.226 10 ERROR neutron_lib.callbacks.manager
File "/var/lib/openstack/lib/python3.10/site-packages/ovsdbapp/backend/ovs_idl/__init__.py", line 184, in lookup
2026-07-21 14:35:34.226 10 ERROR neutron_lib.callbacks.manager return self._lookup(table, record)
2026-07-21 14:35:34.226 10 ERROR neutron_lib.callbacks.manager
File "/var/lib/openstack/lib/python3.10/site-packages/ovsdbapp/backend/ovs_idl/__init__.py", line 235, in _lookup
2026-07-21 14:35:34.226 10 ERROR neutron_lib.callbacks.manager row = idlutils.row_by_value(self, rl.table, rl.column, record)
2026-07-21 14:35:34.226 10 ERROR neutron_lib.callbacks.manager
File "/var/lib/openstack/lib/python3.10/site-packages/ovsdbapp/backend/ovs_idl/idlutils.py", line 114, in row_by_value
2026-07-21 14:35:34.226 10 ERROR neutron_lib.callbacks.manager raise RowNotFound(table=table, col=column, match=match)
2026-07-21 14:35:34.226 10 ERROR neutron_lib.callbacks.manager ovsdbapp.backend.ovs_idl.idlutils.RowNotFound: Cannot find Logical_Router_Port with name=lrp-9d93cad0-24f2-4f98-946c-91303a043b23
2026-07-21 14:35:34.226 10 ERROR neutron_lib.callbacks.manager 
2026-07-21 14:35:34.415 10 INFO neutron.wsgi [None req-06840d78-83f1-40b4-bd40-02dc90a93254 d7e6f9a7449849da840d1307ef523ad8 18ababf448a344dba23525790930deb0 - - default default] 10.0.0.21 "DELETE /v2.0/trunks/a553bbdd-65a9-46de-a79e-c2523ea2bf9a HTTP/1.1" status: 204 len: 168 time: 0.2004182
2026-07-21 14:35:34.483 10 INFO neutron.plugins.ml2.drivers.ovn.mech_driver.mech_driver [None req-fe8da8e1-bf6e-4d02-b9d7-8bfb27b0a407 - - - - - -] OVN reports status up for port: 9d93cad0-24f2-4f98-946c-91303a043b23
2026-07-21 14:35:34.495 10 INFO neutron.plugins.ml2.plugin [None req-fe8da8e1-bf6e-4d02-b9d7-8bfb27b0a407 - - - - - -] Attempt 1 to provision port 9d93cad0-24f2-4f98-946c-91303a043b23
2026-07-21 14:35:34.515 10 INFO neutron.db.ovn_revision_numbers_db [None req-e529b05c-df50-45a9-9713-2a244b5a26b7 ea993d6991754f9ca91749e722f3c7ee 2cb544e42a374506920418f9165429e9 - - default default] Successfully bumped revision number for resource 9d93cad0-24f2-4f98-946c-91303a043b23 (type: ports) to 1
2026-07-21 14:35:34.519 10 INFO neutron.db.ovn_revision_numbers_db [None req-0bfc3b85-8821-4bf0-b63f-b46c31b8407b 4574527426db490cb9090e55c868eb5d f1eac2cac9564898a6324ba8f7c0dfc6 - - default default] Successfully bumped revision number for resource b1795334-f941-47fc-9500-aa2c03b91867 (type: security_group_rules) to 0
2026-07-21 14:35:34.577 10 INFO neutron.wsgi [None req-0bfc3b85-8821-4bf0-b63f-b46c31b8407b 4574527426db490cb9090e55c868eb5d f1eac2cac9564898a6324ba8f7c0dfc6 - - default default] 10.0.0.21 "POST /v2.0/security-group-rules HTTP/1.1" status: 201 len: 796 time: 0.3772483
2026-07-21 14:35:34.588 10 WARNING neutron_lib.context [None req-33495ea8-8a4b-4d04-b692-0adb3595776f 4574527426db490cb9090e55c868eb5d f1eac2cac9564898a6324ba8f7c0dfc6 - - default default] Method 'is_advsvc' is deprecated since 2023.2 release (neutron-lib 3.8.0) and will be removed once support for the old RBAC API policies will be removed from Neutron. Please use method 'is_service_role' instead.
2026-07-21 14:35:34.648 10 WARNING neutron.scheduler.dhcp_agent_scheduler [None req-e529b05c-df50-45a9-9713-2a244b5a26b7 ea993d6991754f9ca91749e722f3c7ee 2cb544e42a374506920418f9165429e9 - - default default] No more DHCP agents
2026-07-21 14:35:34.653 10 WARNING neutron.api.rpc.agentnotifiers.dhcp_rpc_agent_api [None req-e529b05c-df50-45a9-9713-2a244b5a26b7 ea993d6991754f9ca91749e722f3c7ee 2cb544e42a374506920418f9165429e9 - - default default] Unable to schedule network 2bcf62cf-6c5e-4c2f-abc7-06c1da19329d: no agents available; will retry on subsequent port and subnet creation events.
2026-07-21 14:35:34.935 9 INFO neutron.wsgi [None req-c730b354-5d43-482f-9853-00ed5c5aa217 d7e6f9a7449849da840d1307ef523ad8 18ababf448a344dba23525790930deb0 - - default default] 10.0.0.21 "DELETE /v2.0/ports/d34f46ca-0068-4a86-8379-2c5b3e5a80c7 HTTP/1.1" status: 204 len: 168 time: 0.5141168
2026-07-21 14:35:35.040 10 INFO neutron.db.ovn_revision_numbers_db [None req-33495ea8-8a4b-4d04-b692-0adb3595776f 4574527426db490cb9090e55c868eb5d f1eac2cac9564898a6324ba8f7c0dfc6 - - default default] Successfully bumped revision number for resource 5e5662be-c87a-4349-ace5-bb1f843d7418 (type: security_group_rules) to 0
2026-07-21 14:35:35.054 10 INFO neutron.db.ovn_revision_numbers_db [None req-e529b05c-df50-45a9-9713-2a244b5a26b7 ea993d6991754f9ca91749e722f3c7ee 2cb544e42a374506920418f9165429e9 - - default default] Successfully bumped revision number for resource 9d93cad0-24f2-4f98-946c-91303a043b23 (type: router_ports) to 1
2026-07-21 14:35:35.065 10 INFO neutron.wsgi [None req-e529b05c-df50-45a9-9713-2a244b5a26b7 ea993d6991754f9ca91749e722f3c7ee 2cb544e42a374506920418f9165429e9 - - default default] 10.0.0.21 "PUT /v2.0/routers/1562e9e6-1ed5-46ef-9dcf-498961580cbf/add_router_interface HTTP/1.1" status: 200 len: 503 time: 2.7007415
2026-07-21 14:35:35.090 10 INFO neutron.wsgi [None req-33495ea8-8a4b-4d04-b692-0adb3595776f 4574527426db490cb9090e55c868eb5d f1eac2cac9564898a6324ba8f7c0dfc6 - - default default] 10.0.0.21 "POST /v2.0/security-group-rules HTTP/1.1" status: 201 len: 801 time: 0.5063457
2026-07-21 14:35:35.101 10 WARNING neutron_lib.context [None req-d447d00d-c55f-4045-bb08-521d94cada3c 4574527426db490cb9090e55c868eb5d f1eac2cac9564898a6324ba8f7c0dfc6 - - default default] Method 'is_advsvc' is deprecated since 2023.2 release (neutron-lib 3.8.0) and will be removed once support for the old RBAC API policies will be removed from Neutron. Please use method 'is_service_role' instead.
2026-07-21 14:35:35.122 9 INFO neutron.wsgi [None req-e3616684-ec5c-4e31-af05-bb4f6e9a2666 ea993d6991754f9ca91749e722f3c7ee 2cb544e42a374506920418f9165429e9 - - default default] 10.0.0.21 "GET /v2.0/ports/9d93cad0-24f2-4f98-946c-91303a043b23 HTTP/1.1" status: 200 len: 1141 time: 0.0497346
2026-07-21 14:35:35.248 10 INFO neutron.db.ovn_revision_numbers_db [None req-fe8da8e1-bf6e-4d02-b9d7-8bfb27b0a407 - - - - - -] Successfully bumped revision number for resource 9d93cad0-24f2-4f98-946c-91303a043b23 (type: ports) to 2
2026-07-21 14:35:35.419 10 INFO neutron.db.ovn_revision_numbers_db [None req-fe8da8e1-bf6e-4d02-b9d7-8bfb27b0a407 - - - - - -] Successfully bumped revision number for resource 9d93cad0-24f2-4f98-946c-91303a043b23 (type: router_ports) to 2
2026-07-21 14:35:35.485 10 WARNING neutron.scheduler.dhcp_agent_scheduler [None req-d447d00d-c55f-4045-bb08-521d94cada3c 4574527426db490cb9090e55c868eb5d f1eac2cac9564898a6324ba8f7c0dfc6 - - default default] No more DHCP agents
2026-07-21 14:35:35.488 10 WARNING neutron.api.rpc.agentnotifiers.dhcp_rpc_agent_api [None req-d447d00d-c55f-4045-bb08-521d94cada3c 4574527426db490cb9090e55c868eb5d f1eac2cac9564898a6324ba8f7c0dfc6 - - default default] Unable to schedule network 4b3149dc-3d64-47b9-87b8-94a2e620dd09: no agents available; will retry on subsequent port and subnet creation events.
2026-07-21 14:35:35.544 10 INFO neutron.wsgi [-] 10.0.0.250 "GET / HTTP/1.1" status: 200 len: 247 time: 0.0018909
