2026-07-21 14:33:06.580 10 INFO neutron.db.ovn_revision_numbers_db [None req-f31e090e-8be9-40cc-889b-643519a5e2aa aaf09a7d266440efab2f57dbd6c53e17 ff887c7d10544a709fad9c928a959a91 - - default default] Successfully bumped revision number for resource 86e5d441-9c17-4eb4-92c0-6dc9f7ee4a9f (type: routers) to 2
2026-07-21 14:33:06.611 10 INFO neutron.wsgi [None req-f31e090e-8be9-40cc-889b-643519a5e2aa aaf09a7d266440efab2f57dbd6c53e17 ff887c7d10544a709fad9c928a959a91 - - default default] 10.0.0.21 "POST /v2.0/routers HTTP/1.1" status: 201 len: 1171 time: 1.9542308
2026-07-21 14:33:06.613 10 INFO neutron.db.ovn_revision_numbers_db [None req-9c0b6d7b-7ed0-4c68-b542-a90440646798 aaf09a7d266440efab2f57dbd6c53e17 ff887c7d10544a709fad9c928a959a91 - - default default] Successfully bumped revision number for resource 12d056b3-44ad-463b-a246-0eda3dd02997 (type: security_group_rules) to 0
2026-07-21 14:33:06.625 9 INFO neutron.wsgi [None req-6f997f41-306a-4b1e-9ad5-ca2e7807240c c36a195082944dffbd4b52309d4ff227 f2952aae048b40b8af92d0d2310c1fd0 - - default default] 10.0.0.21 "GET /v2.0/ports HTTP/1.1" status: 200 len: 1732 time: 0.0413327
2026-07-21 14:33:06.649 10 INFO neutron.db.ovn_revision_numbers_db [None req-9c0b6d7b-7ed0-4c68-b542-a90440646798 aaf09a7d266440efab2f57dbd6c53e17 ff887c7d10544a709fad9c928a959a91 - - default default] Successfully bumped revision number for resource 199e4c58-0fcf-468e-a3bf-32bed7ed9cc5 (type: security_group_rules) to 0
2026-07-21 14:33:06.668 9 INFO neutron.wsgi [None req-05895dd8-5306-41ad-b5f8-7861ee9619e9 c36a195082944dffbd4b52309d4ff227 f2952aae048b40b8af92d0d2310c1fd0 - - default default] 10.0.0.21 "GET /v2.0/ports/049bd866-9fc0-4027-9a1d-4cb8898efc5b HTTP/1.1" status: 200 len: 972 time: 0.0371556
2026-07-21 14:33:06.674 10 INFO neutron.db.ovn_revision_numbers_db [None req-9c0b6d7b-7ed0-4c68-b542-a90440646798 aaf09a7d266440efab2f57dbd6c53e17 ff887c7d10544a709fad9c928a959a91 - - default default] Successfully bumped revision number for resource 7d51a8c9-ec01-4dd3-ad73-4f94a0b39c58 (type: security_group_rules) to 0
2026-07-21 14:33:06.690 9 INFO neutron.pecan_wsgi.hooks.translation [None req-d3b30f39-0759-4f8f-b2c0-71d26c1f0170 c36a195082944dffbd4b52309d4ff227 f2952aae048b40b8af92d0d2310c1fd0 - - default default] DELETE failed (client error): The resource could not be found.
2026-07-21 14:33:06.693 9 INFO neutron.wsgi [None req-d3b30f39-0759-4f8f-b2c0-71d26c1f0170 c36a195082944dffbd4b52309d4ff227 f2952aae048b40b8af92d0d2310c1fd0 - - default default] 10.0.0.21 "DELETE /v2.0/ports/524770d0-ad7d-403e-828d-4fa77a910460 HTTP/1.1" status: 404 len: 333 time: 0.0177448
2026-07-21 14:33:06.713 9 INFO neutron.pecan_wsgi.hooks.translation [None req-535e7f28-b835-447b-9e36-997c44e339e0 c36a195082944dffbd4b52309d4ff227 f2952aae048b40b8af92d0d2310c1fd0 - - default default] DELETE failed (client error): The resource could not be found.
2026-07-21 14:33:06.715 9 INFO neutron.wsgi [None req-535e7f28-b835-447b-9e36-997c44e339e0 c36a195082944dffbd4b52309d4ff227 f2952aae048b40b8af92d0d2310c1fd0 - - default default] 10.0.0.21 "DELETE /v2.0/subnets/43b231b9-1b8e-40df-8cee-e0f6c1119991 HTTP/1.1" status: 404 len: 337 time: 0.0183146
2026-07-21 14:33:06.715 10 INFO neutron.db.ovn_revision_numbers_db [None req-9c0b6d7b-7ed0-4c68-b542-a90440646798 aaf09a7d266440efab2f57dbd6c53e17 ff887c7d10544a709fad9c928a959a91 - - default default] Successfully bumped revision number for resource a5efe7c3-fba3-4f8c-b878-74da7de4f610 (type: security_group_rules) to 0
2026-07-21 14:33:06.734 9 INFO neutron.pecan_wsgi.hooks.translation [None req-c6ac3f96-f6a9-4be5-9c80-5267e987d486 c36a195082944dffbd4b52309d4ff227 f2952aae048b40b8af92d0d2310c1fd0 - - default default] DELETE failed (client error): The resource could not be found.
2026-07-21 14:33:06.736 9 INFO neutron.wsgi [None req-c6ac3f96-f6a9-4be5-9c80-5267e987d486 c36a195082944dffbd4b52309d4ff227 f2952aae048b40b8af92d0d2310c1fd0 - - default default] 10.0.0.21 "DELETE /v2.0/subnets/30770370-bec3-431d-8355-e4371ab54556 HTTP/1.1" status: 404 len: 337 time: 0.0173182
2026-07-21 14:33:06.751 10 INFO neutron.wsgi [None req-9c0b6d7b-7ed0-4c68-b542-a90440646798 aaf09a7d266440efab2f57dbd6c53e17 ff887c7d10544a709fad9c928a959a91 - - default default] 10.0.0.21 "GET /v2.0/security-groups?tenant_id=3efe3d3492a84f5ab37d9eb009cda067&name=default HTTP/1.1" status: 200 len: 3120 time: 0.6089318
2026-07-21 14:33:07.088 9 INFO neutron.wsgi [None req-0eff3e10-5e6f-4313-9fc3-d583d89d2f12 c36a195082944dffbd4b52309d4ff227 f2952aae048b40b8af92d0d2310c1fd0 - - default default] 10.0.0.21 "DELETE /v2.0/ports/049bd866-9fc0-4027-9a1d-4cb8898efc5b HTTP/1.1" status: 204 len: 168 time: 0.3475060
2026-07-21 14:33:07.094 9 INFO neutron.wsgi [None req-2baf5f9b-78c3-4ce9-9928-4dec77299e38 aaf09a7d266440efab2f57dbd6c53e17 ff887c7d10544a709fad9c928a959a91 - - default default] 10.0.0.21 "DELETE /v2.0/security-groups/a66cd827-019e-4f9b-a64b-b24c220184ae HTTP/1.1" status: 204 len: 168 time: 0.3348727
2026-07-21 14:33:07.505 10 WARNING neutron.scheduler.dhcp_agent_scheduler [None req-dce1dff9-19db-4234-875d-57ec29219792 aaf09a7d266440efab2f57dbd6c53e17 ff887c7d10544a709fad9c928a959a91 - - default default] No more DHCP agents
2026-07-21 14:33:07.508 10 WARNING neutron.api.rpc.agentnotifiers.dhcp_rpc_agent_api [None req-dce1dff9-19db-4234-875d-57ec29219792 aaf09a7d266440efab2f57dbd6c53e17 ff887c7d10544a709fad9c928a959a91 - - default default] Unable to schedule network 2ab74df5-3216-426e-accd-b4829fcfd09c: no agents available; will retry on subsequent port and subnet creation events.
2026-07-21 14:33:07.538 10 INFO neutron.db.ovn_revision_numbers_db [None req-fa850192-33ec-4d09-b6b5-1b64b891cb02 - - - - - -] Successfully bumped revision number for resource 47ea4b1d-58ed-46af-ac72-45edb7762dd9 (type: ports) to 1
2026-07-21 14:33:07.749 10 INFO neutron.services.segments.plugin [-] Segment 5149863a-43bd-41f7-af84-be283dc7ca28 resource provider aggregate not found
2026-07-21 14:33:07.754 10 INFO neutron.services.segments.plugin [-] Segment 5149863a-43bd-41f7-af84-be283dc7ca28 resource provider aggregate not found
2026-07-21 14:33:07.771 10 INFO neutron.services.segments.plugin [-] Segment 5149863a-43bd-41f7-af84-be283dc7ca28 resource provider not found; error: Placement Client Error (4xx): {"errors": [{"status": 404, "title": "Not Found", "detail": "The resource could not be found.\n\n No resource provider with uuid 5149863a-43bd-41f7-af84-be283dc7ca28 found for delete ", "request_id": "req-152dafb6-58e9-4a67-9b80-7095e2ea72f5"}]}
2026-07-21 14:33:07.776 10 INFO neutron.services.segments.plugin [-] Segment 5149863a-43bd-41f7-af84-be283dc7ca28 resource provider not found; error: Placement Client Error (4xx): {"errors": [{"status": 404, "title": "Not Found", "detail": "The resource could not be found.\n\n No resource provider with uuid 5149863a-43bd-41f7-af84-be283dc7ca28 found for delete ", "request_id": "req-34210290-0516-4da8-a0bc-2517a3e0b124"}]}
2026-07-21 14:33:07.866 10 INFO neutron.wsgi [None req-2b26c989-1b83-40aa-ac25-4e3d674d3223 c36a195082944dffbd4b52309d4ff227 f2952aae048b40b8af92d0d2310c1fd0 - - default default] 10.0.0.21 "DELETE /v2.0/networks/13f8526a-acea-4679-b079-09f0b7117179 HTTP/1.1" status: 204 len: 168 time: 0.7705612
2026-07-21 14:33:07.883 10 INFO neutron.db.ovn_revision_numbers_db [None req-dce1dff9-19db-4234-875d-57ec29219792 aaf09a7d266440efab2f57dbd6c53e17 ff887c7d10544a709fad9c928a959a91 - - default default] Successfully bumped revision number for resource 502ffcec-6759-43c3-abfa-77b2d5d1ce66 (type: ports) to 1
2026-07-21 14:33:08.288 10 INFO neutron.db.ovn_revision_numbers_db [None req-fa850192-33ec-4d09-b6b5-1b64b891cb02 - - - - - -] Successfully bumped revision number for resource 47ea4b1d-58ed-46af-ac72-45edb7762dd9 (type: router_ports) to 3
2026-07-21 14:33:08.467 9 INFO neutron.wsgi [None req-aecdca1a-d3fc-4b1a-90e1-6eeb2b735e96 aaf09a7d266440efab2f57dbd6c53e17 ff887c7d10544a709fad9c928a959a91 - - default default] 10.0.0.21 "GET /v2.0/security-groups?tenant_id=f2952aae048b40b8af92d0d2310c1fd0&name=default HTTP/1.1" status: 200 len: 3120 time: 0.1824198
2026-07-21 14:33:08.598 10 INFO neutron.db.ovn_revision_numbers_db [None req-fa850192-33ec-4d09-b6b5-1b64b891cb02 - - - - - -] Successfully bumped revision number for resource 47ea4b1d-58ed-46af-ac72-45edb7762dd9 (type: ports) to 2
2026-07-21 14:33:08.713 9 INFO neutron.wsgi [None req-49cf0a40-920c-48be-bed3-2db7e168c9c0 aaf09a7d266440efab2f57dbd6c53e17 ff887c7d10544a709fad9c928a959a91 - - default default] 10.0.0.21 "DELETE /v2.0/security-groups/abcddc17-7486-43b9-b035-a8376d8fd61f HTTP/1.1" status: 204 len: 168 time: 0.2422280
2026-07-21 14:33:08.779 10 ERROR ovsdbapp.backend.ovs_idl.command [None req-dce1dff9-19db-4234-875d-57ec29219792 aaf09a7d266440efab2f57dbd6c53e17 ff887c7d10544a709fad9c928a959a91 - - default default] Error executing command (DbGetCommand): ovsdbapp.backend.ovs_idl.idlutils.RowNotFound: Cannot find Logical_Router_Port with name=lrp-502ffcec-6759-43c3-abfa-77b2d5d1ce66
2026-07-21 14:33:08.779 10 ERROR ovsdbapp.backend.ovs_idl.command
Traceback (most recent call last):
2026-07-21 14:33:08.779 10 ERROR ovsdbapp.backend.ovs_idl.command
File "/var/lib/openstack/lib/python3.10/site-packages/ovsdbapp/backend/ovs_idl/command.py", line 47, in execute
2026-07-21 14:33:08.779 10 ERROR ovsdbapp.backend.ovs_idl.command self.run_idl(None)
2026-07-21 14:33:08.779 10 ERROR ovsdbapp.backend.ovs_idl.command
File "/var/lib/openstack/lib/python3.10/site-packages/ovsdbapp/backend/ovs_idl/command.py", line 235, in run_idl
2026-07-21 14:33:08.779 10 ERROR ovsdbapp.backend.ovs_idl.command record = self.api.lookup(self.table, self.record)
2026-07-21 14:33:08.779 10 ERROR ovsdbapp.backend.ovs_idl.command
File "/var/lib/openstack/lib/python3.10/site-packages/ovsdbapp/backend/ovs_idl/__init__.py", line 184, in lookup
2026-07-21 14:33:08.779 10 ERROR ovsdbapp.backend.ovs_idl.command return self._lookup(table, record)
2026-07-21 14:33:08.779 10 ERROR ovsdbapp.backend.ovs_idl.command
File "/var/lib/openstack/lib/python3.10/site-packages/ovsdbapp/backend/ovs_idl/__init__.py", line 235, in _lookup
2026-07-21 14:33:08.779 10 ERROR ovsdbapp.backend.ovs_idl.command row = idlutils.row_by_value(self, rl.table, rl.column, record)
2026-07-21 14:33:08.779 10 ERROR ovsdbapp.backend.ovs_idl.command
File "/var/lib/openstack/lib/python3.10/site-packages/ovsdbapp/backend/ovs_idl/idlutils.py", line 114, in row_by_value
2026-07-21 14:33:08.779 10 ERROR ovsdbapp.backend.ovs_idl.command raise RowNotFound(table=table, col=column, match=match)
2026-07-21 14:33:08.779 10 ERROR ovsdbapp.backend.ovs_idl.command ovsdbapp.backend.ovs_idl.idlutils.RowNotFound: Cannot find Logical_Router_Port with name=lrp-502ffcec-6759-43c3-abfa-77b2d5d1ce66
2026-07-21 14:33:08.779 10 ERROR ovsdbapp.backend.ovs_idl.command 
2026-07-21 14:33:08.779 10 ERROR neutron_lib.callbacks.manager [None req-dce1dff9-19db-4234-875d-57ec29219792 aaf09a7d266440efab2f57dbd6c53e17 ff887c7d10544a709fad9c928a959a91 - - default default] Error during notification for neutron.services.ovn_l3.plugin.OVNL3RouterPlugin._port_update-8792740320998 port, after_update: ovsdbapp.backend.ovs_idl.idlutils.RowNotFound: Cannot find Logical_Router_Port with name=lrp-502ffcec-6759-43c3-abfa-77b2d5d1ce66
2026-07-21 14:33:08.779 10 ERROR neutron_lib.callbacks.manager
Traceback (most recent call last):
2026-07-21 14:33:08.779 10 ERROR neutron_lib.callbacks.manager
File "/var/lib/openstack/lib/python3.10/site-packages/neutron_lib/callbacks/manager.py", line 189, in _notify_loop
2026-07-21 14:33:08.779 10 ERROR neutron_lib.callbacks.manager callback.method(resource, event, trigger, payload=payload)
2026-07-21 14:33:08.779 10 ERROR neutron_lib.callbacks.manager
File "/var/lib/openstack/lib/python3.10/site-packages/neutron/services/ovn_l3/plugin.py", line 391, in _port_update
2026-07-21 14:33:08.779 10 ERROR neutron_lib.callbacks.manager l3plugin._ovn_client.update_router_port(context,
2026-07-21 14:33:08.779 10 ERROR neutron_lib.callbacks.manager
File "/var/lib/openstack/lib/python3.10/site-packages/neutron/plugins/ml2/drivers/ovn/mech_driver/ovsdb/ovn_client.py", line 1878, in update_router_port
2026-07-21 14:33:08.779 10 ERROR neutron_lib.callbacks.manager self._update_lrouter_port(context, port, if_exists=if_exists,
2026-07-21 14:33:08.779 10 ERROR neutron_lib.callbacks.manager
File "/var/lib/openstack/lib/python3.10/site-packages/neutron/plugins/ml2/drivers/ovn/mech_driver/ovsdb/ovn_client.py", line 1855, in _update_lrouter_port
2026-07-21 14:33:08.779 10 ERROR neutron_lib.callbacks.manager external_ids = self._nb_idl.db_get(
2026-07-21 14:33:08.779 10 ERROR neutron_lib.callbacks.manager
File "/var/lib/openstack/lib/python3.10/site-packages/ovsdbapp/backend/ovs_idl/command.py", line 47, in execute
2026-07-21 14:33:08.779 10 ERROR neutron_lib.callbacks.manager self.run_idl(None)
2026-07-21 14:33:08.779 10 ERROR neutron_lib.callbacks.manager
File "/var/lib/openstack/lib/python3.10/site-packages/ovsdbapp/backend/ovs_idl/command.py", line 235, in run_idl
2026-07-21 14:33:08.779 10 ERROR neutron_lib.callbacks.manager record = self.api.lookup(self.table, self.record)
2026-07-21 14:33:08.779 10 ERROR neutron_lib.callbacks.manager
File "/var/lib/openstack/lib/python3.10/site-packages/ovsdbapp/backend/ovs_idl/__init__.py", line 184, in lookup
2026-07-21 14:33:08.779 10 ERROR neutron_lib.callbacks.manager return self._lookup(table, record)
2026-07-21 14:33:08.779 10 ERROR neutron_lib.callbacks.manager
File "/var/lib/openstack/lib/python3.10/site-packages/ovsdbapp/backend/ovs_idl/__init__.py", line 235, in _lookup
2026-07-21 14:33:08.779 10 ERROR neutron_lib.callbacks.manager row = idlutils.row_by_value(self, rl.table, rl.column, record)
2026-07-21 14:33:08.779 10 ERROR neutron_lib.callbacks.manager
File "/var/lib/openstack/lib/python3.10/site-packages/ovsdbapp/backend/ovs_idl/idlutils.py", line 114, in row_by_value
2026-07-21 14:33:08.779 10 ERROR neutron_lib.callbacks.manager raise RowNotFound(table=table, col=column, match=match)
2026-07-21 14:33:08.779 10 ERROR neutron_lib.callbacks.manager ovsdbapp.backend.ovs_idl.idlutils.RowNotFound: Cannot find Logical_Router_Port with name=lrp-502ffcec-6759-43c3-abfa-77b2d5d1ce66
2026-07-21 14:33:08.779 10 ERROR neutron_lib.callbacks.manager 
2026-07-21 14:33:08.821 9 INFO neutron.wsgi [req-a22f6174-2dba-4e7a-92ae-578f50e6f796 req-172c3a14-9624-4a08-bd5c-91d41349f0e4 f2be2dd122f84fabaa173c349cf6da5a 12ef06a3d8c94b438814047fe578700f - - default default] 10.0.0.39 "GET /v2.0/ports?device_id=7577500c-37d4-4120-aa68-5df6b5307c34 HTTP/1.1" status: 200 len: 1174 time: 0.0796914
2026-07-21 14:33:08.872 9 INFO neutron.wsgi [req-a22f6174-2dba-4e7a-92ae-578f50e6f796 req-be465f1f-0716-4d1b-a620-2e3fa50d20d4 f2be2dd122f84fabaa173c349cf6da5a 12ef06a3d8c94b438814047fe578700f - - default default] 10.0.0.39 "GET /v2.0/security-groups?id=c2c2d318-0f05-40a8-93f5-d479b60efb7b&fields=id&fields=name HTTP/1.1" status: 200 len: 312 time: 0.0444558
2026-07-21 14:33:09.076 10 INFO neutron.plugins.ml2.drivers.ovn.mech_driver.mech_driver [None req-fe8da8e1-bf6e-4d02-b9d7-8bfb27b0a407 - - - - - -] OVN reports status up for port: 502ffcec-6759-43c3-abfa-77b2d5d1ce66
2026-07-21 14:33:09.106 10 INFO neutron.plugins.ml2.plugin [None req-fe8da8e1-bf6e-4d02-b9d7-8bfb27b0a407 - - - - - -] Attempt 1 to provision port 502ffcec-6759-43c3-abfa-77b2d5d1ce66
2026-07-21 14:33:09.131 10 INFO neutron.db.ovn_revision_numbers_db [None req-dce1dff9-19db-4234-875d-57ec29219792 aaf09a7d266440efab2f57dbd6c53e17 ff887c7d10544a709fad9c928a959a91 - - default default] Successfully bumped revision number for resource 502ffcec-6759-43c3-abfa-77b2d5d1ce66 (type: ports) to 1
2026-07-21 14:33:09.148 9 INFO neutron.wsgi [req-234c99e3-c44b-4feb-9472-a4fbc0d72fa9 req-4a2c3e0e-e71d-4de0-a626-ebd52727372d f2be2dd122f84fabaa173c349cf6da5a 12ef06a3d8c94b438814047fe578700f - - default default] 10.0.0.39 "GET /v2.0/ports?device_id=7577500c-37d4-4120-aa68-5df6b5307c34 HTTP/1.1" status: 200 len: 1174 time: 0.0671136
2026-07-21 14:33:09.201 9 INFO neutron.wsgi [req-234c99e3-c44b-4feb-9472-a4fbc0d72fa9 req-01fd16bd-d1e6-4399-a7ae-402709125520 f2be2dd122f84fabaa173c349cf6da5a 12ef06a3d8c94b438814047fe578700f - - default default] 10.0.0.39 "GET /v2.0/security-groups?id=c2c2d318-0f05-40a8-93f5-d479b60efb7b&fields=id&fields=name HTTP/1.1" status: 200 len: 312 time: 0.0491648
2026-07-21 14:33:09.204 10 INFO neutron.db.ovn_revision_numbers_db [None req-fa850192-33ec-4d09-b6b5-1b64b891cb02 - - - - - -] Successfully bumped revision number for resource 47ea4b1d-58ed-46af-ac72-45edb7762dd9 (type: ports) to 4
2026-07-21 14:33:09.267 10 WARNING neutron.scheduler.dhcp_agent_scheduler [None req-dce1dff9-19db-4234-875d-57ec29219792 aaf09a7d266440efab2f57dbd6c53e17 ff887c7d10544a709fad9c928a959a91 - - default default] No more DHCP agents
2026-07-21 14:33:09.275 9 INFO neutron.wsgi [None req-65ace876-8e51-4384-9919-6feee68b6bcd 9a1ee849e3274bc5bf4aab3a8486cfd5 282dbcc8e510400ab3ebf7d90b4d6c3c - - default default] 10.0.0.21 "GET /v2.0/extensions HTTP/1.1" status: 200 len: 18678 time: 0.2376666
2026-07-21 14:33:09.276 10 WARNING neutron.api.rpc.agentnotifiers.dhcp_rpc_agent_api [None req-dce1dff9-19db-4234-875d-57ec29219792 aaf09a7d266440efab2f57dbd6c53e17 ff887c7d10544a709fad9c928a959a91 - - default default] Unable to schedule network 2ab74df5-3216-426e-accd-b4829fcfd09c: no agents available; will retry on subsequent port and subnet creation events.
2026-07-21 14:33:09.287 9 INFO neutron.wsgi [None req-fb462214-0801-4357-bd8c-3ca5620b0601 9a1ee849e3274bc5bf4aab3a8486cfd5 282dbcc8e510400ab3ebf7d90b4d6c3c - - default default] 10.0.0.21 "GET /v2.0/extensions/address-group HTTP/1.1" status: 200 len: 353 time: 0.0064025
2026-07-21 14:33:09.295 9 INFO neutron.wsgi [None req-f658aabb-9b5c-485c-a807-bae09928b2a2 9a1ee849e3274bc5bf4aab3a8486cfd5 282dbcc8e510400ab3ebf7d90b4d6c3c - - default default] 10.0.0.21 "GET /v2.0/extensions/address-scope HTTP/1.1" status: 200 len: 357 time: 0.0051889
2026-07-21 14:33:09.305 9 INFO neutron.wsgi [None req-dd5155bd-2c64-4d7a-8b42-6a86db02f55d 9a1ee849e3274bc5bf4aab3a8486cfd5 282dbcc8e510400ab3ebf7d90b4d6c3c - - default default] 10.0.0.21 "GET /v2.0/extensions/agent HTTP/1.1" status: 200 len: 347 time: 0.0055254
2026-07-21 14:33:09.314 9 INFO neutron.wsgi [None req-765e45f7-41a5-4f54-aee1-78fdcbe7cb35 9a1ee849e3274bc5bf4aab3a8486cfd5 282dbcc8e510400ab3ebf7d90b4d6c3c - - default default] 10.0.0.21 "GET /v2.0/extensions/allowed-address-pairs HTTP/1.1" status: 200 len: 378 time: 0.0053248
2026-07-21 14:33:09.327 9 INFO neutron.wsgi [None req-18a0d323-5c68-417d-b060-7ba7ad4eda00 9a1ee849e3274bc5bf4aab3a8486cfd5 282dbcc8e510400ab3ebf7d90b4d6c3c - - default default] 10.0.0.21 "GET /v2.0/extensions/auto-allocated-topology HTTP/1.1" status: 200 len: 394 time: 0.0066640
2026-07-21 14:33:09.338 9 INFO neutron.wsgi [None req-fcf18124-e0eb-486f-897e-6886c4cd1324 9a1ee849e3274bc5bf4aab3a8486cfd5 282dbcc8e510400ab3ebf7d90b4d6c3c - - default default] 10.0.0.21 "GET /v2.0/extensions/availability_zone HTTP/1.1" status: 200 len: 372 time: 0.0064750
2026-07-21 14:33:09.362 9 INFO neutron.wsgi [None req-2d9a4967-a5a4-44d6-8834-75e322366917 9a1ee849e3274bc5bf4aab3a8486cfd5 282dbcc8e510400ab3ebf7d90b4d6c3c - - default default] 10.0.0.21 "GET /v2.0/extensions/default-subnetpools HTTP/1.1" status: 200 len: 405 time: 0.0074961
2026-07-21 14:33:09.379 9 INFO neutron.wsgi [None req-bd3801d5-3bd7-4b05-a8a0-ffac606484c7 9a1ee849e3274bc5bf4aab3a8486cfd5 282dbcc8e510400ab3ebf7d90b4d6c3c - - default default] 10.0.0.21 "GET /v2.0/extensions/dhcp_agent_scheduler HTTP/1.1" status: 200 len: 381 time: 0.0088816
2026-07-21 14:33:09.390 9 INFO neutron.wsgi [None req-117c5f63-26af-4965-ad8d-c9c6f74be6f9 9a1ee849e3274bc5bf4aab3a8486cfd5 282dbcc8e510400ab3ebf7d90b4d6c3c - - default default] 10.0.0.21 "GET /v2.0/extensions/dns-integration HTTP/1.1" status: 200 len: 366 time: 0.0061364
2026-07-21 14:33:09.419 10 INFO neutron.wsgi [None req-36efaba3-67ab-4dc4-98e9-5d26767c9cf8 9a1ee849e3274bc5bf4aab3a8486cfd5 282dbcc8e510400ab3ebf7d90b4d6c3c - - default default] 10.0.0.21 "GET /v2.0/extensions/dns-domain-ports HTTP/1.1" status: 200 len: 399 time: 0.0092151
2026-07-21 14:33:09.433 9 INFO neutron.wsgi [None req-cac091b8-49ca-4db9-902d-e98e54b1c116 9a1ee849e3274bc5bf4aab3a8486cfd5 282dbcc8e510400ab3ebf7d90b4d6c3c - - default default] 10.0.0.21 "GET /v2.0/extensions/dns-integration-domain-keywords HTTP/1.1" status: 200 len: 477 time: 0.0103846
2026-07-21 14:33:09.446 10 INFO neutron.wsgi [None req-e8308c5c-d2b5-45df-b243-f8b11af704fb 9a1ee849e3274bc5bf4aab3a8486cfd5 282dbcc8e510400ab3ebf7d90b4d6c3c - - default default] 10.0.0.21 "GET /v2.0/extensions/empty-string-filtering HTTP/1.1" status: 200 len: 413 time: 0.0060344
2026-07-21 14:33:09.454 9 INFO neutron.wsgi [None req-c3916fdb-b6d0-41da-b922-1ffac5d358d8 9a1ee849e3274bc5bf4aab3a8486cfd5 282dbcc8e510400ab3ebf7d90b4d6c3c - - default default] 10.0.0.21 "GET /v2.0/extensions/external-net HTTP/1.1" status: 200 len: 394 time: 0.0039256
2026-07-21 14:33:09.462 9 INFO neutron.wsgi [None req-8cdb039f-fc58-4e7b-aeed-8567e140020a 9a1ee849e3274bc5bf4aab3a8486cfd5 282dbcc8e510400ab3ebf7d90b4d6c3c - - default default] 10.0.0.21 "GET /v2.0/extensions/extra_dhcp_opt HTTP/1.1" status: 200 len: 498 time: 0.0047050
2026-07-21 14:33:09.470 9 INFO neutron.wsgi [None req-7a85adeb-52ce-4bc9-8c4f-49128d7d97ad 9a1ee849e3274bc5bf4aab3a8486cfd5 282dbcc8e510400ab3ebf7d90b4d6c3c - - default default] 10.0.0.21 "GET /v2.0/extensions/extraroute HTTP/1.1" status: 200 len: 375 time: 0.0039065
2026-07-21 14:33:09.476 9 INFO neutron.wsgi [req-7a4365f1-4410-4d31-8551-6761589c6785 req-8b32ed43-7412-4989-8b12-0c7c2ccbba8a f2be2dd122f84fabaa173c349cf6da5a 12ef06a3d8c94b438814047fe578700f - - default default] 199.204.45.129 "GET /v2.0/ports?device_id=7577500c-37d4-4120-aa68-5df6b5307c34 HTTP/1.1" status: 200 len: 1174 time: 0.0819459
2026-07-21 14:33:09.481 10 INFO neutron.wsgi [None req-832123ce-c1c6-4c1f-b48d-5e405968e5a7 9a1ee849e3274bc5bf4aab3a8486cfd5 282dbcc8e510400ab3ebf7d90b4d6c3c - - default default] 10.0.0.21 "GET /v2.0/extensions/floating-ip-port-forwarding-detail HTTP/1.1" status: 200 len: 465 time: 0.0052624
2026-07-21 14:33:09.493 9 INFO neutron.wsgi [None req-4024c0fd-7ca4-4e96-aa45-6654d42b4f92 9a1ee849e3274bc5bf4aab3a8486cfd5 282dbcc8e510400ab3ebf7d90b4d6c3c - - default default] 10.0.0.21 "GET /v2.0/extensions/fip-port-details HTTP/1.1" status: 200 len: 406 time: 0.0059731
2026-07-21 14:33:09.514 10 INFO neutron.wsgi [None req-40cff551-2da1-483c-949e-543ec6495487 9a1ee849e3274bc5bf4aab3a8486cfd5 282dbcc8e510400ab3ebf7d90b4d6c3c - - default default] 10.0.0.21 "GET /v2.0/extensions/flavors HTTP/1.1" status: 200 len: 387 time: 0.0062270
2026-07-21 14:33:09.526 9 INFO neutron.wsgi [None req-21dd105f-cb7d-4b68-bf22-b5ae0d11a0ae 9a1ee849e3274bc5bf4aab3a8486cfd5 282dbcc8e510400ab3ebf7d90b4d6c3c - - default default] 10.0.0.21 "GET /v2.0/extensions/floatingip-pools HTTP/1.1" status: 200 len: 382 time: 0.0079651
2026-07-21 14:33:09.542 10 INFO neutron.wsgi [None req-726c2e57-9885-472d-895f-80c755c96bcc 9a1ee849e3274bc5bf4aab3a8486cfd5 282dbcc8e510400ab3ebf7d90b4d6c3c - - default default] 10.0.0.21 "GET /v2.0/extensions/ip_allocation HTTP/1.1" status: 200 len: 356 time: 0.0107031
2026-07-21 14:33:09.556 9 INFO neutron.wsgi [None req-8369e947-6a85-4b30-87b6-6bb2c41c7132 9a1ee849e3274bc5bf4aab3a8486cfd5 282dbcc8e510400ab3ebf7d90b4d6c3c - - default default] 10.0.0.21 "GET /v2.0/extensions/l2_adjacency HTTP/1.1" status: 200 len: 372 time: 0.0076392
2026-07-21 14:33:09.575 9 INFO neutron.wsgi [None req-b836c032-55f2-4d3b-aa28-d8cc43b5a720 9a1ee849e3274bc5bf4aab3a8486cfd5 282dbcc8e510400ab3ebf7d90b4d6c3c - - default default] 10.0.0.21 "GET /v2.0/extensions/router HTTP/1.1" status: 200 len: 450 time: 0.0116994
2026-07-21 14:33:09.582 9 INFO neutron.wsgi [None req-e038a8b6-f373-451f-ae7b-aa81618df417 9a1ee849e3274bc5bf4aab3a8486cfd5 282dbcc8e510400ab3ebf7d90b4d6c3c - - default default] 10.0.0.21 "GET /v2.0/extensions/enable-default-route-bfd HTTP/1.1" status: 200 len: 406 time: 0.0033333
2026-07-21 14:33:09.589 9 INFO neutron.wsgi [None req-df2cd544-400c-4e12-b150-2ddd8e6d6326 9a1ee849e3274bc5bf4aab3a8486cfd5 282dbcc8e510400ab3ebf7d90b4d6c3c - - default default] 10.0.0.21 "GET /v2.0/extensions/enable-default-route-ecmp HTTP/1.1" status: 200 len: 409 time: 0.0033855
2026-07-21 14:33:09.595 9 INFO neutron.wsgi [None req-55a2d830-154d-42b3-ae57-51000dd4807b 9a1ee849e3274bc5bf4aab3a8486cfd5 282dbcc8e510400ab3ebf7d90b4d6c3c - - default default] 10.0.0.21 "GET /v2.0/extensions/ext-gw-mode HTTP/1.1" status: 200 len: 462 time: 0.0034213
2026-07-21 14:33:09.804 9 INFO neutron.wsgi [None req-f85e722d-3c82-4e00-b905-230db6045a84 9a1ee849e3274bc5bf4aab3a8486cfd5 282dbcc8e510400ab3ebf7d90b4d6c3c - - default default] 10.0.0.21 "GET /v2.0/extensions/l3-ha HTTP/1.1" status: 200 len: 360 time: 0.2007604
2026-07-21 14:33:09.814 9 INFO neutron.wsgi [None req-86b77c6a-239d-46fc-bbb6-dc44886edc51 9a1ee849e3274bc5bf4aab3a8486cfd5 282dbcc8e510400ab3ebf7d90b4d6c3c - - default default] 10.0.0.21 "GET /v2.0/extensions/external-gateway-multihoming HTTP/1.1" status: 200 len: 421 time: 0.0043805
2026-07-21 14:33:09.821 9 INFO neutron.wsgi [None req-7a5bc5dd-55e4-4d84-9b2e-ccbab4f6cba6 9a1ee849e3274bc5bf4aab3a8486cfd5 282dbcc8e510400ab3ebf7d90b4d6c3c - - default default] 10.0.0.21 "GET /v2.0/extensions/l3-flavors HTTP/1.1" status: 200 len: 366 time: 0.0032494
2026-07-21 14:33:09.828 9 INFO neutron.wsgi [None req-fa051ba8-e95f-46cd-988c-091f3dd55bd2 9a1ee849e3274bc5bf4aab3a8486cfd5 282dbcc8e510400ab3ebf7d90b4d6c3c - - default default] 10.0.0.21 "GET /v2.0/extensions/logging HTTP/1.1" status: 200 len: 407 time: 0.0030749
2026-07-21 14:33:09.835 9 INFO neutron.wsgi [None req-26def2d2-5fe7-44f3-97eb-a955c445809d 9a1ee849e3274bc5bf4aab3a8486cfd5 282dbcc8e510400ab3ebf7d90b4d6c3c - - default default] 10.0.0.21 "GET /v2.0/extensions/multi-provider HTTP/1.1" status: 200 len: 406 time: 0.0032160
2026-07-21 14:33:09.848 10 INFO neutron.wsgi [None req-5e073b4f-24f2-4b81-94c3-79ba35f80ca6 9a1ee849e3274bc5bf4aab3a8486cfd5 282dbcc8e510400ab3ebf7d90b4d6c3c - - default default] 10.0.0.21 "GET /v2.0/extensions/net-mtu HTTP/1.1" status: 200 len: 370 time: 0.0068059
2026-07-21 14:33:09.858 9 INFO neutron.wsgi [None req-cec52973-339e-4b60-a8bf-c9a591865bbc 9a1ee849e3274bc5bf4aab3a8486cfd5 282dbcc8e510400ab3ebf7d90b4d6c3c - - default default] 10.0.0.21 "GET /v2.0/extensions/net-mtu-writable HTTP/1.1" status: 200 len: 401 time: 0.0049045
2026-07-21 14:33:09.868 9 INFO neutron.wsgi [None req-03fcb8f6-9a6c-4238-b1da-b8a385fc04ac 9a1ee849e3274bc5bf4aab3a8486cfd5 282dbcc8e510400ab3ebf7d90b4d6c3c - - default default] 10.0.0.21 "GET /v2.0/extensions/network_availability_zone HTTP/1.1" status: 200 len: 394 time: 0.0056953
2026-07-21 14:33:09.876 9 INFO neutron.wsgi [None req-471e1204-a621-492f-a1dc-5a2326934b87 9a1ee849e3274bc5bf4aab3a8486cfd5 282dbcc8e510400ab3ebf7d90b4d6c3c - - default default] 10.0.0.21 "GET /v2.0/extensions/network-ip-availability HTTP/1.1" status: 200 len: 410 time: 0.0047543
2026-07-21 14:33:09.892 10 INFO neutron.wsgi [None req-ca0858df-4a4e-47c7-bee5-8e6f089b88d2 9a1ee849e3274bc5bf4aab3a8486cfd5 282dbcc8e510400ab3ebf7d90b4d6c3c - - default default] 10.0.0.21 "GET /v2.0/extensions/pagination HTTP/1.1" status: 200 len: 386 time: 0.0080678
2026-07-21 14:33:09.907 10 INFO neutron.wsgi [None req-515fb075-5043-406f-a3d3-b1fb7e02d53d 9a1ee849e3274bc5bf4aab3a8486cfd5 282dbcc8e510400ab3ebf7d90b4d6c3c - - default default] 10.0.0.21 "GET /v2.0/extensions/port-device-profile HTTP/1.1" status: 200 len: 383 time: 0.0088224
2026-07-21 14:33:09.920 10 INFO neutron.wsgi [None req-fd10b0c4-b5e3-43a5-87ec-04ce819f2f19 9a1ee849e3274bc5bf4aab3a8486cfd5 282dbcc8e510400ab3ebf7d90b4d6c3c - - default default] 10.0.0.21 "GET /v2.0/extensions/port-mac-address-regenerate HTTP/1.1" status: 200 len: 403 time: 0.0047717
2026-07-21 14:33:09.933 9 INFO neutron.wsgi [None req-1c5ee97d-4aaf-44a0-a18c-a80f825f8ddc 9a1ee849e3274bc5bf4aab3a8486cfd5 282dbcc8e510400ab3ebf7d90b4d6c3c - - default default] 10.0.0.21 "GET /v2.0/extensions/port-numa-affinity-policy HTTP/1.1" status: 200 len: 392 time: 0.0038607
2026-07-21 14:33:09.948 9 INFO neutron.wsgi [None req-ad693abf-419c-4c8a-b65b-ca98d23c34c1 9a1ee849e3274bc5bf4aab3a8486cfd5 282dbcc8e510400ab3ebf7d90b4d6c3c - - default default] 10.0.0.21 "GET /v2.0/extensions/port-resource-request HTTP/1.1" status: 200 len: 379 time: 0.0096602
2026-07-21 14:33:09.959 9 INFO neutron.wsgi [None req-1e636f17-99a7-45a2-b22f-9baf04814905 9a1ee849e3274bc5bf4aab3a8486cfd5 282dbcc8e510400ab3ebf7d90b4d6c3c - - default default] 10.0.0.21 "GET /v2.0/extensions/port-resource-request-groups HTTP/1.1" status: 200 len: 465 time: 0.0067518
2026-07-21 14:33:09.969 9 INFO neutron.wsgi [None req-4e81e61f-d629-4e76-bf88-3878ef97987c 9a1ee849e3274bc5bf4aab3a8486cfd5 282dbcc8e510400ab3ebf7d90b4d6c3c - - default default] 10.0.0.21 "GET /v2.0/extensions/binding HTTP/1.1" status: 200 len: 387 time: 0.0056016
2026-07-21 14:33:09.995 10 INFO neutron.wsgi [None req-ee222d09-8c78-445f-9b66-dddeec55be52 9a1ee849e3274bc5bf4aab3a8486cfd5 282dbcc8e510400ab3ebf7d90b4d6c3c - - default default] 10.0.0.21 "GET /v2.0/extensions/binding-extended HTTP/1.1" status: 200 len: 406 time: 0.0050392
2026-07-21 14:33:09.998 10 INFO neutron.db.ovn_revision_numbers_db [None req-fa850192-33ec-4d09-b6b5-1b64b891cb02 - - - - - -] Successfully bumped revision number for resource 47ea4b1d-58ed-46af-ac72-45edb7762dd9 (type: router_ports) to 4
2026-07-21 14:33:10.008 9 INFO neutron.wsgi [None req-3946cacf-db17-4820-872d-9254d41f5fa6 9a1ee849e3274bc5bf4aab3a8486cfd5 282dbcc8e510400ab3ebf7d90b4d6c3c - - default default] 10.0.0.21 "GET /v2.0/extensions/port-security HTTP/1.1" status: 200 len: 354 time: 0.0073621
2026-07-21 14:33:10.019 10 INFO neutron.wsgi [None req-39f916a4-9175-45ca-a65b-79544ac8f415 9a1ee849e3274bc5bf4aab3a8486cfd5 282dbcc8e510400ab3ebf7d90b4d6c3c - - default default] 10.0.0.21 "GET /v2.0/extensions/project-id HTTP/1.1" status: 200 len: 398 time: 0.0048139
2026-07-21 14:33:10.028 9 INFO neutron.wsgi [None req-9890ac2c-0896-44e4-8020-67dfbf3549d0 9a1ee849e3274bc5bf4aab3a8486cfd5 282dbcc8e510400ab3ebf7d90b4d6c3c - - default default] 10.0.0.21 "GET /v2.0/extensions/provider HTTP/1.1" status: 200 len: 385 time: 0.0043037
2026-07-21 14:33:10.035 9 INFO neutron.wsgi [None req-aa69c1a5-a43d-4db9-b797-3da9a220d8c4 9a1ee849e3274bc5bf4aab3a8486cfd5 282dbcc8e510400ab3ebf7d90b4d6c3c - - default default] 10.0.0.21 "GET /v2.0/extensions/qos HTTP/1.1" status: 200 len: 360 time: 0.0036957
2026-07-21 14:33:10.048 9 INFO neutron.wsgi [None req-b9064c0f-5165-4fec-9d9f-35d755f21a38 9a1ee849e3274bc5bf4aab3a8486cfd5 282dbcc8e510400ab3ebf7d90b4d6c3c - - default default] 10.0.0.21 "GET /v2.0/extensions/qos-bw-limit-direction HTTP/1.1" status: 200 len: 452 time: 0.0071816
2026-07-21 14:33:10.066 9 INFO neutron.wsgi [None req-2f8c3371-1b0a-47c3-ae03-a77f35bbd68e 9a1ee849e3274bc5bf4aab3a8486cfd5 282dbcc8e510400ab3ebf7d90b4d6c3c - - default default] 10.0.0.21 "GET /v2.0/extensions/qos-bw-minimum-ingress HTTP/1.1" status: 200 len: 445 time: 0.0044408
2026-07-21 14:33:10.075 9 INFO neutron.wsgi [None req-5383d15a-a9ee-4cf3-b03f-4194ef2c1d00 9a1ee849e3274bc5bf4aab3a8486cfd5 282dbcc8e510400ab3ebf7d90b4d6c3c - - default default] 10.0.0.21 "GET /v2.0/extensions/qos-default HTTP/1.1" status: 200 len: 377 time: 0.0040379
2026-07-21 14:33:10.086 9 INFO neutron.wsgi [None req-90938faf-6ad2-44f8-b85f-92fc03102bc3 9a1ee849e3274bc5bf4aab3a8486cfd5 282dbcc8e510400ab3ebf7d90b4d6c3c - - default default] 10.0.0.21 "GET /v2.0/extensions/qos-fip HTTP/1.1" status: 200 len: 372 time: 0.0057099
2026-07-21 14:33:10.094 9 INFO neutron.wsgi [None req-21b1022b-47ad-41dc-977c-8cb5b6a43ace 9a1ee849e3274bc5bf4aab3a8486cfd5 282dbcc8e510400ab3ebf7d90b4d6c3c - - default default] 10.0.0.21 "GET /v2.0/extensions/qos-gateway-ip HTTP/1.1" status: 200 len: 391 time: 0.0036697
2026-07-21 14:33:10.103 9 INFO neutron.wsgi [None req-ba2fe298-93fb-4afa-aae8-6ee969af802c 9a1ee849e3274bc5bf4aab3a8486cfd5 282dbcc8e510400ab3ebf7d90b4d6c3c - - default default] 10.0.0.21 "GET /v2.0/extensions/qos-port-network-policy HTTP/1.1" status: 200 len: 403 time: 0.0041451
2026-07-21 14:33:10.115 10 INFO neutron.wsgi [None req-bc4edff8-a515-4764-8488-8b3a5e71371a 9a1ee849e3274bc5bf4aab3a8486cfd5 282dbcc8e510400ab3ebf7d90b4d6c3c - - default default] 10.0.0.21 "GET /v2.0/extensions/qos-pps-minimum HTTP/1.1" status: 200 len: 397 time: 0.0051191
2026-07-21 14:33:10.125 10 INFO neutron.wsgi [None req-64c7baca-ae61-4c5f-a15e-96d532c76264 9a1ee849e3274bc5bf4aab3a8486cfd5 282dbcc8e510400ab3ebf7d90b4d6c3c - - default default] 10.0.0.21 "GET /v2.0/extensions/qos-pps-minimum-rule-alias HTTP/1.1" status: 200 len: 471 time: 0.0047557
2026-07-21 14:33:10.139 10 INFO neutron.wsgi [None req-b9f1dac5-a458-4808-811f-6759d0436dac 9a1ee849e3274bc5bf4aab3a8486cfd5 282dbcc8e510400ab3ebf7d90b4d6c3c - - default default] 10.0.0.21 "GET /v2.0/extensions/qos-pps HTTP/1.1" status: 200 len: 389 time: 0.0095685 /var/lib/openstack/lib/python3.10/site-packages/pycadf/identifier.py:71: UserWarning: Invalid uuid: neutron. To ensure interoperability, identifiers should be a valid uuid. warnings.warn(('Invalid uuid: %s. To ensure interoperability, '
2026-07-21 14:33:10.150 9 INFO neutron.wsgi [None req-3f2882ed-9486-460c-a717-ff7bfd043ae6 9a1ee849e3274bc5bf4aab3a8486cfd5 282dbcc8e510400ab3ebf7d90b4d6c3c - - default default] 10.0.0.21 "GET /v2.0/extensions/qos-rule-type-details HTTP/1.1" status: 200 len: 423 time: 0.0058441
2026-07-21 14:33:10.157 10 INFO neutron.wsgi [None req-7cc65900-1cdb-46db-9287-c787ee47437d 9a1ee849e3274bc5bf4aab3a8486cfd5 282dbcc8e510400ab3ebf7d90b4d6c3c - - default default] 10.0.0.21 "GET /v2.0/extensions/qos-rule-type-filter HTTP/1.1" status: 200 len: 567 time: 0.0043998
2026-07-21 14:33:10.170 10 INFO neutron.wsgi [None req-ad5c4a65-7cb3-446a-85b7-72fc7b456e8d 9a1ee849e3274bc5bf4aab3a8486cfd5 282dbcc8e510400ab3ebf7d90b4d6c3c - - default default] 10.0.0.21 "GET /v2.0/extensions/qos-rules-alias HTTP/1.1" status: 200 len: 448 time: 0.0063243
2026-07-21 14:33:10.185 9 INFO neutron.wsgi [None req-b5f9234d-2176-45f7-b36c-75f0629b9f11 9a1ee849e3274bc5bf4aab3a8486cfd5 282dbcc8e510400ab3ebf7d90b4d6c3c - - default default] 10.0.0.21 "GET /v2.0/extensions/quota-check-limit HTTP/1.1" status: 200 len: 420 time: 0.0084829
2026-07-21 14:33:10.190 9 INFO neutron.db.l3_db [req-7a4365f1-4410-4d31-8551-6761589c6785 req-1278a638-4e76-466c-8d55-1f40df0b177a f2be2dd122f84fabaa173c349cf6da5a 12ef06a3d8c94b438814047fe578700f - - default default] Floating IP 6d71d3fa-5ec4-4353-8b4f-948d154167f3 disassociated. External IP: 10.96.250.214, port: 65764649-2972-4ca8-befe-f1b0db1358fa.
2026-07-21 14:33:10.194 9 INFO neutron.wsgi [None req-b410274c-c1e8-4ad1-9ad2-c78fa54fe15b 9a1ee849e3274bc5bf4aab3a8486cfd5 282dbcc8e510400ab3ebf7d90b4d6c3c - - default default] 10.0.0.21 "GET /v2.0/extensions/quotas HTTP/1.1" status: 200 len: 386 time: 0.0049996
2026-07-21 14:33:10.206 9 INFO neutron.wsgi [None req-cc8e7afd-ea90-482a-ac30-92623ed73df3 9a1ee849e3274bc5bf4aab3a8486cfd5 282dbcc8e510400ab3ebf7d90b4d6c3c - - default default] 10.0.0.21 "GET /v2.0/extensions/quota_details HTTP/1.1" status: 200 len: 407 time: 0.0079079
2026-07-21 14:33:10.227 10 INFO neutron.wsgi [None req-d2c8a092-8f54-4293-9251-4284f0100f2b 9a1ee849e3274bc5bf4aab3a8486cfd5 282dbcc8e510400ab3ebf7d90b4d6c3c - - default default] 10.0.0.21 "GET /v2.0/extensions/rbac-policies HTTP/1.1" status: 200 len: 417 time: 0.0038295
2026-07-21 14:33:10.237 10 INFO neutron.wsgi [None req-c3b72433-85f3-4e5c-956b-501ec7c4fdb4 9a1ee849e3274bc5bf4aab3a8486cfd5 282dbcc8e510400ab3ebf7d90b4d6c3c - - default default] 10.0.0.21 "GET /v2.0/extensions/rbac-address-scope HTTP/1.1" status: 200 len: 384 time: 0.0052919
2026-07-21 14:33:10.242 10 INFO neutron.db.ovn_revision_numbers_db [None req-fe8da8e1-bf6e-4d02-b9d7-8bfb27b0a407 - - - - - -] Successfully bumped revision number for resource 502ffcec-6759-43c3-abfa-77b2d5d1ce66 (type: ports) to 2
2026-07-21 14:33:10.246 10 INFO neutron.wsgi [None req-a9531245-95f9-4b70-a97d-e75f02b58231 9a1ee849e3274bc5bf4aab3a8486cfd5 282dbcc8e510400ab3ebf7d90b4d6c3c - - default default] 10.0.0.21 "GET /v2.0/extensions/rbac-security-groups HTTP/1.1" status: 200 len: 404 time: 0.0051048
2026-07-21 14:33:10.257 9 INFO neutron.wsgi [None req-0d371cc2-4628-4738-853f-dc465e9b5cf7 9a1ee849e3274bc5bf4aab3a8486cfd5 282dbcc8e510400ab3ebf7d90b4d6c3c - - default default] 10.0.0.21 "GET /v2.0/extensions/revision-if-match HTTP/1.1" status: 200 len: 441 time: 0.0062392
2026-07-21 14:33:10.278 9 INFO neutron.wsgi [None req-c2ae4d37-da5f-4c21-a276-2b10601680d7 9a1ee849e3274bc5bf4aab3a8486cfd5 282dbcc8e510400ab3ebf7d90b4d6c3c - - default default] 10.0.0.21 "GET /v2.0/extensions/standard-attr-revisions HTTP/1.1" status: 200 len: 423 time: 0.0083148
2026-07-21 14:33:10.299 10 INFO neutron.wsgi [None req-2db3c529-b005-432b-a15d-76a7eba4c9f3 9a1ee849e3274bc5bf4aab3a8486cfd5 282dbcc8e510400ab3ebf7d90b4d6c3c - - default default] 10.0.0.21 "GET /v2.0/extensions/router_availability_zone HTTP/1.1" status: 200 len: 391 time: 0.0071256
2026-07-21 14:33:10.313 10 INFO neutron.wsgi [None req-871e4fd9-5fc5-45be-8b96-af22f3f8adc6 9a1ee849e3274bc5bf4aab3a8486cfd5 282dbcc8e510400ab3ebf7d90b4d6c3c - - default default] 10.0.0.21 "GET /v2.0/extensions/security-groups-default-rules HTTP/1.1" status: 200 len: 456 time: 0.0080502
2026-07-21 14:33:10.324 9 INFO neutron.wsgi [None req-6e922b86-433a-4fc7-82d6-be1c420f4c77 9a1ee849e3274bc5bf4aab3a8486cfd5 282dbcc8e510400ab3ebf7d90b4d6c3c - - default default] 10.0.0.21 "GET /v2.0/extensions/security-groups-normalized-cidr HTTP/1.1" status: 200 len: 445 time: 0.0058799
2026-07-21 14:33:10.335 9 INFO neutron.wsgi [None req-7f0a8169-17fd-4d3a-9b76-be851456e1c8 9a1ee849e3274bc5bf4aab3a8486cfd5 282dbcc8e510400ab3ebf7d90b4d6c3c - - default default] 10.0.0.21 "GET /v2.0/extensions/security-groups-remote-address-group HTTP/1.1" status: 200 len: 448 time: 0.0059636
2026-07-21 14:33:10.347 10 INFO neutron.wsgi [None req-2b82f745-1e6f-4fa1-9e44-8119e4435f93 9a1ee849e3274bc5bf4aab3a8486cfd5 282dbcc8e510400ab3ebf7d90b4d6c3c - - default default] 10.0.0.21 "GET /v2.0/extensions/security-groups-rules-belongs-to-default-sg HTTP/1.1" status: 200 len: 508 time: 0.0061150
2026-07-21 14:33:10.350 9 INFO neutron.wsgi [req-dd3f3bf4-f79b-4b4b-a346-b21808905e66 req-9158c5e6-01e4-485b-bec0-b35a59436a09 f2be2dd122f84fabaa173c349cf6da5a 12ef06a3d8c94b438814047fe578700f - - default default] 10.0.0.39 "GET /v2.0/ports?device_id=7577500c-37d4-4120-aa68-5df6b5307c34 HTTP/1.1" status: 200 len: 1174 time: 0.0691497
2026-07-21 14:33:10.369 10 INFO neutron.wsgi [None req-fe73d974-d2db-4ceb-8226-4dd6549c7fa1 9a1ee849e3274bc5bf4aab3a8486cfd5 282dbcc8e510400ab3ebf7d90b4d6c3c - - default default] 10.0.0.21 "GET /v2.0/extensions/security-groups-shared-filtering HTTP/1.1" status: 200 len: 435 time: 0.0154195
2026-07-21 14:33:10.384 10 INFO neutron.wsgi [None req-83d00dae-aed5-449c-9028-ecb226d71e42 9a1ee849e3274bc5bf4aab3a8486cfd5 282dbcc8e510400ab3ebf7d90b4d6c3c - - default default] 10.0.0.21 "GET /v2.0/extensions/security-group HTTP/1.1" status: 200 len: 364 time: 0.0083251
2026-07-21 14:33:10.396 9 INFO neutron.wsgi [None req-643c0b49-7bc5-4953-ae8e-5b79dea5997a 9a1ee849e3274bc5bf4aab3a8486cfd5 282dbcc8e510400ab3ebf7d90b4d6c3c - - default default] 10.0.0.21 "GET /v2.0/extensions/segment HTTP/1.1" status: 200 len: 339 time: 0.0051320
2026-07-21 14:33:10.407 9 INFO neutron.wsgi [None req-019404cf-7cd3-4852-ab0f-5a9431c4e93a 9a1ee849e3274bc5bf4aab3a8486cfd5 282dbcc8e510400ab3ebf7d90b4d6c3c - - default default] 10.0.0.21 "GET /v2.0/extensions/segments-peer-subnet-host-routes HTTP/1.1" status: 200 len: 427 time: 0.0051224
2026-07-21 14:33:10.420 9 INFO neutron.wsgi [None req-59be38e8-b8ef-4b1d-b19c-d103ef35e86c 9a1ee849e3274bc5bf4aab3a8486cfd5 282dbcc8e510400ab3ebf7d90b4d6c3c - - default default] 10.0.0.21 "GET /v2.0/extensions/service-type HTTP/1.1" status: 200 len: 415 time: 0.0070045
2026-07-21 14:33:10.432 9 INFO neutron.wsgi [req-7a4365f1-4410-4d31-8551-6761589c6785 req-1278a638-4e76-466c-8d55-1f40df0b177a f2be2dd122f84fabaa173c349cf6da5a 12ef06a3d8c94b438814047fe578700f - - default default] 199.204.45.129 "DELETE /v2.0/ports/65764649-2972-4ca8-befe-f1b0db1358fa HTTP/1.1" status: 204 len: 173 time: 0.9517870
2026-07-21 14:33:10.439 10 INFO neutron.wsgi [None req-fda44b9e-1de1-461a-b576-63e6cbad1d8a 9a1ee849e3274bc5bf4aab3a8486cfd5 282dbcc8e510400ab3ebf7d90b4d6c3c - - default default] 10.0.0.21 "GET /v2.0/extensions/sorting HTTP/1.1" status: 200 len: 377 time: 0.0112209
2026-07-21 14:33:10.440 9 INFO neutron.wsgi [req-dd3f3bf4-f79b-4b4b-a346-b21808905e66 req-3f4d5124-9b8d-42ec-8dfe-4e154ed47d17 f2be2dd122f84fabaa173c349cf6da5a 12ef06a3d8c94b438814047fe578700f - - default default] 10.0.0.39 "GET /v2.0/security-groups?id=c2c2d318-0f05-40a8-93f5-d479b60efb7b&fields=id&fields=name HTTP/1.1" status: 200 len: 312 time: 0.0845764
2026-07-21 14:33:10.449 9 INFO neutron.wsgi [None req-f2c177cc-c4e2-438e-90c5-e8f68950dc7b 9a1ee849e3274bc5bf4aab3a8486cfd5 282dbcc8e510400ab3ebf7d90b4d6c3c - - default default] 10.0.0.21 "GET /v2.0/extensions/standard-attr-segment HTTP/1.1" status: 200 len: 406 time: 0.0057130
2026-07-21 14:33:10.451 10 ERROR ovsdbapp.backend.ovs_idl.command [None req-fe8da8e1-bf6e-4d02-b9d7-8bfb27b0a407 - - - - - -] Error executing command (DbGetCommand): ovsdbapp.backend.ovs_idl.idlutils.RowNotFound: Cannot find Logical_Router_Port with name=lrp-502ffcec-6759-43c3-abfa-77b2d5d1ce66
2026-07-21 14:33:10.451 10 ERROR ovsdbapp.backend.ovs_idl.command
Traceback (most recent call last):
2026-07-21 14:33:10.451 10 ERROR ovsdbapp.backend.ovs_idl.command
File "/var/lib/openstack/lib/python3.10/site-packages/ovsdbapp/backend/ovs_idl/command.py", line 47, in execute
2026-07-21 14:33:10.451 10 ERROR ovsdbapp.backend.ovs_idl.command self.run_idl(None)
2026-07-21 14:33:10.451 10 ERROR ovsdbapp.backend.ovs_idl.command
File "/var/lib/openstack/lib/python3.10/site-packages/ovsdbapp/backend/ovs_idl/command.py", line 235, in run_idl
2026-07-21 14:33:10.451 10 ERROR ovsdbapp.backend.ovs_idl.command record = self.api.lookup(self.table, self.record)
2026-07-21 14:33:10.451 10 ERROR ovsdbapp.backend.ovs_idl.command
File "/var/lib/openstack/lib/python3.10/site-packages/ovsdbapp/backend/ovs_idl/__init__.py", line 184, in lookup
2026-07-21 14:33:10.451 10 ERROR ovsdbapp.backend.ovs_idl.command return self._lookup(table, record)
2026-07-21 14:33:10.451 10 ERROR ovsdbapp.backend.ovs_idl.command
File "/var/lib/openstack/lib/python3.10/site-packages/ovsdbapp/backend/ovs_idl/__init__.py", line 235, in _lookup
2026-07-21 14:33:10.451 10 ERROR ovsdbapp.backend.ovs_idl.command row = idlutils.row_by_value(self, rl.table, rl.column, record)
2026-07-21 14:33:10.451 10 ERROR ovsdbapp.backend.ovs_idl.command
File "/var/lib/openstack/lib/python3.10/site-packages/ovsdbapp/backend/ovs_idl/idlutils.py", line 114, in row_by_value
2026-07-21 14:33:10.451 10 ERROR ovsdbapp.backend.ovs_idl.command raise RowNotFound(table=table, col=column, match=match)
2026-07-21 14:33:10.451 10 ERROR ovsdbapp.backend.ovs_idl.command ovsdbapp.backend.ovs_idl.idlutils.RowNotFound: Cannot find Logical_Router_Port with name=lrp-502ffcec-6759-43c3-abfa-77b2d5d1ce66
2026-07-21 14:33:10.451 10 ERROR ovsdbapp.backend.ovs_idl.command 
2026-07-21 14:33:10.452 10 ERROR neutron_lib.callbacks.manager [None req-fe8da8e1-bf6e-4d02-b9d7-8bfb27b0a407 - - - - - -] Error during notification for neutron.services.ovn_l3.plugin.OVNL3RouterPlugin._port_update-8792740320998 port, after_update: ovsdbapp.backend.ovs_idl.idlutils.RowNotFound: Cannot find Logical_Router_Port with name=lrp-502ffcec-6759-43c3-abfa-77b2d5d1ce66
2026-07-21 14:33:10.452 10 ERROR neutron_lib.callbacks.manager
Traceback (most recent call last):
2026-07-21 14:33:10.452 10 ERROR neutron_lib.callbacks.manager
File "/var/lib/openstack/lib/python3.10/site-packages/neutron_lib/callbacks/manager.py", line 189, in _notify_loop
2026-07-21 14:33:10.452 10 ERROR neutron_lib.callbacks.manager callback.method(resource, event, trigger, payload=payload)
2026-07-21 14:33:10.452 10 ERROR neutron_lib.callbacks.manager
File "/var/lib/openstack/lib/python3.10/site-packages/neutron/services/ovn_l3/plugin.py", line 391, in _port_update
2026-07-21 14:33:10.452 10 ERROR neutron_lib.callbacks.manager l3plugin._ovn_client.update_router_port(context,
2026-07-21 14:33:10.452 10 ERROR neutron_lib.callbacks.manager
File "/var/lib/openstack/lib/python3.10/site-packages/neutron/plugins/ml2/drivers/ovn/mech_driver/ovsdb/ovn_client.py", line 1878, in update_router_port
2026-07-21 14:33:10.452 10 ERROR neutron_lib.callbacks.manager self._update_lrouter_port(context, port, if_exists=if_exists,
2026-07-21 14:33:10.452 10 ERROR neutron_lib.callbacks.manager
File "/var/lib/openstack/lib/python3.10/site-packages/neutron/plugins/ml2/drivers/ovn/mech_driver/ovsdb/ovn_client.py", line 1855, in _update_lrouter_port
2026-07-21 14:33:10.452 10 ERROR neutron_lib.callbacks.manager external_ids = self._nb_idl.db_get(
2026-07-21 14:33:10.452 10 ERROR neutron_lib.callbacks.manager
File "/var/lib/openstack/lib/python3.10/site-packages/ovsdbapp/backend/ovs_idl/command.py", line 47, in execute
2026-07-21 14:33:10.452 10 ERROR neutron_lib.callbacks.manager self.run_idl(None)
2026-07-21 14:33:10.452 10 ERROR neutron_lib.callbacks.manager
File "/var/lib/openstack/lib/python3.10/site-packages/ovsdbapp/backend/ovs_idl/command.py", line 235, in run_idl
2026-07-21 14:33:10.452 10 ERROR neutron_lib.callbacks.manager record = self.api.lookup(self.table, self.record)
2026-07-21 14:33:10.452 10 ERROR neutron_lib.callbacks.manager
File "/var/lib/openstack/lib/python3.10/site-packages/ovsdbapp/backend/ovs_idl/__init__.py", line 184, in lookup
2026-07-21 14:33:10.452 10 ERROR neutron_lib.callbacks.manager return self._lookup(table, record)
2026-07-21 14:33:10.452 10 ERROR neutron_lib.callbacks.manager
File "/var/lib/openstack/lib/python3.10/site-packages/ovsdbapp/backend/ovs_idl/__init__.py", line 235, in _lookup
2026-07-21 14:33:10.452 10 ERROR neutron_lib.callbacks.manager row = idlutils.row_by_value(self, rl.table, rl.column, record)
2026-07-21 14:33:10.452 10 ERROR neutron_lib.callbacks.manager
File "/var/lib/openstack/lib/python3.10/site-packages/ovsdbapp/backend/ovs_idl/idlutils.py", line 114, in row_by_value
2026-07-21 14:33:10.452 10 ERROR neutron_lib.callbacks.manager raise RowNotFound(table=table, col=column, match=match)
2026-07-21 14:33:10.452 10 ERROR neutron_lib.callbacks.manager ovsdbapp.backend.ovs_idl.idlutils.RowNotFound: Cannot find Logical_Router_Port with name=lrp-502ffcec-6759-43c3-abfa-77b2d5d1ce66
2026-07-21 14:33:10.452 10 ERROR neutron_lib.callbacks.manager 
2026-07-21 14:33:10.458 9 INFO neutron.wsgi [None req-afc9f454-07f1-48ac-b33b-cd3e4e63d513 9a1ee849e3274bc5bf4aab3a8486cfd5 282dbcc8e510400ab3ebf7d90b4d6c3c - - default default] 10.0.0.21 "GET /v2.0/extensions/standard-attr-description HTTP/1.1" status: 200 len: 408 time: 0.0043235
2026-07-21 14:33:10.467 9 INFO neutron.wsgi [None req-2b6345ef-c5cf-4a7a-872f-def296358484 9a1ee849e3274bc5bf4aab3a8486cfd5 282dbcc8e510400ab3ebf7d90b4d6c3c - - default default] 10.0.0.21 "GET /v2.0/extensions/stateful-security-group HTTP/1.1" status: 200 len: 402 time: 0.0047681
2026-07-21 14:33:10.484 9 INFO neutron.wsgi [None req-ed258dff-6b5c-4ac6-8386-bbc751ecde43 9a1ee849e3274bc5bf4aab3a8486cfd5 282dbcc8e510400ab3ebf7d90b4d6c3c - - default default] 10.0.0.21 "GET /v2.0/extensions/subnet-dns-publish-fixed-ip HTTP/1.1" status: 200 len: 421 time: 0.0071633
2026-07-21 14:33:10.490 9 INFO neutron.notifiers.nova [-] Nova event matching ['req-cba840c7-5dd3-4728-9d7c-ecb6379af57c'] response: {'server_uuid': '7577500c-37d4-4120-aa68-5df6b5307c34', 'name': 'network-vif-deleted', 'tag': '65764649-2972-4ca8-befe-f1b0db1358fa', 'status': 'completed', 'code': 200}
2026-07-21 14:33:10.497 9 INFO neutron.wsgi [None req-52a2b025-1604-4428-8fc6-b156fe948fed 9a1ee849e3274bc5bf4aab3a8486cfd5 282dbcc8e510400ab3ebf7d90b4d6c3c - - default default] 10.0.0.21 "GET /v2.0/extensions/subnet-segmentid-writable HTTP/1.1" status: 200 len: 421 time: 0.0049367
2026-07-21 14:33:10.507 9 INFO neutron.wsgi [None req-a74ad1e4-ed03-4db1-8482-a442fd4c2832 9a1ee849e3274bc5bf4aab3a8486cfd5 282dbcc8e510400ab3ebf7d90b4d6c3c - - default default] 10.0.0.21 "GET /v2.0/extensions/subnet-service-types HTTP/1.1" status: 200 len: 400 time: 0.0051956
2026-07-21 14:33:10.516 9 INFO neutron.wsgi [None req-a494aec2-1871-4c51-82ce-cf4c88cd5e5e 9a1ee849e3274bc5bf4aab3a8486cfd5 282dbcc8e510400ab3ebf7d90b4d6c3c - - default default] 10.0.0.21 "GET /v2.0/extensions/subnet_allocation HTTP/1.1" status: 200 len: 388 time: 0.0049822
2026-07-21 14:33:10.535 9 INFO neutron.wsgi [None req-f370e25e-74f8-48b4-8135-5c05271f8bb1 9a1ee849e3274bc5bf4aab3a8486cfd5 282dbcc8e510400ab3ebf7d90b4d6c3c - - default default] 10.0.0.21 "GET /v2.0/extensions/subnetpool-prefix-ops HTTP/1.1" status: 200 len: 418 time: 0.0077417
2026-07-21 14:33:10.551 9 INFO neutron.wsgi [None req-b3fdce0c-5ada-44c4-bc92-168c62fb491f 9a1ee849e3274bc5bf4aab3a8486cfd5 282dbcc8e510400ab3ebf7d90b4d6c3c - - default default] 10.0.0.21 "GET /v2.0/extensions/standard-attr-tag HTTP/1.1" status: 200 len: 537 time: 0.0088234
2026-07-21 14:33:10.564 9 INFO neutron.wsgi [None req-65cbd981-0bc9-4b9f-be4a-022101553013 9a1ee849e3274bc5bf4aab3a8486cfd5 282dbcc8e510400ab3ebf7d90b4d6c3c - - default default] 10.0.0.21 "GET /v2.0/extensions/standard-attr-timestamp HTTP/1.1" status: 200 len: 449 time: 0.0053544
