2026-07-21 14:33:25.587 10 INFO neutron.wsgi [None req-0bfddd80-aca7-4ad5-b2d5-df035b5edd93 aaf09a7d266440efab2f57dbd6c53e17 ff887c7d10544a709fad9c928a959a91 - - default default] 10.0.0.21 "GET /v2.0/security-groups?tenant_id=e96637592a444e5fafd24d8b8348e97d&name=default HTTP/1.1" status: 200 len: 3120 time: 0.5812423
2026-07-21 14:33:25.664 10 INFO neutron.db.ovn_revision_numbers_db [None req-fa850192-33ec-4d09-b6b5-1b64b891cb02 - - - - - -] Successfully bumped revision number for resource 527ad81c-1396-4d79-869e-d884654c3519 (type: ports) to 2
2026-07-21 14:33:25.725 10 ERROR ovsdbapp.backend.ovs_idl.command [None req-a5e55361-a699-4829-b81a-53f34db6f095 aaf09a7d266440efab2f57dbd6c53e17 ff887c7d10544a709fad9c928a959a91 - - default default] Error executing command (DbGetCommand): ovsdbapp.backend.ovs_idl.idlutils.RowNotFound: Cannot find Logical_Router_Port with name=lrp-d94103dc-c182-4641-9a2c-6514c614abd7
2026-07-21 14:33:25.725 10 ERROR ovsdbapp.backend.ovs_idl.command
Traceback (most recent call last):
2026-07-21 14:33:25.725 10 ERROR ovsdbapp.backend.ovs_idl.command
File "/var/lib/openstack/lib/python3.10/site-packages/ovsdbapp/backend/ovs_idl/command.py", line 47, in execute
2026-07-21 14:33:25.725 10 ERROR ovsdbapp.backend.ovs_idl.command self.run_idl(None)
2026-07-21 14:33:25.725 10 ERROR ovsdbapp.backend.ovs_idl.command
File "/var/lib/openstack/lib/python3.10/site-packages/ovsdbapp/backend/ovs_idl/command.py", line 235, in run_idl
2026-07-21 14:33:25.725 10 ERROR ovsdbapp.backend.ovs_idl.command record = self.api.lookup(self.table, self.record)
2026-07-21 14:33:25.725 10 ERROR ovsdbapp.backend.ovs_idl.command
File "/var/lib/openstack/lib/python3.10/site-packages/ovsdbapp/backend/ovs_idl/__init__.py", line 184, in lookup
2026-07-21 14:33:25.725 10 ERROR ovsdbapp.backend.ovs_idl.command return self._lookup(table, record)
2026-07-21 14:33:25.725 10 ERROR ovsdbapp.backend.ovs_idl.command
File "/var/lib/openstack/lib/python3.10/site-packages/ovsdbapp/backend/ovs_idl/__init__.py", line 235, in _lookup
2026-07-21 14:33:25.725 10 ERROR ovsdbapp.backend.ovs_idl.command row = idlutils.row_by_value(self, rl.table, rl.column, record)
2026-07-21 14:33:25.725 10 ERROR ovsdbapp.backend.ovs_idl.command
File "/var/lib/openstack/lib/python3.10/site-packages/ovsdbapp/backend/ovs_idl/idlutils.py", line 114, in row_by_value
2026-07-21 14:33:25.725 10 ERROR ovsdbapp.backend.ovs_idl.command raise RowNotFound(table=table, col=column, match=match)
2026-07-21 14:33:25.725 10 ERROR ovsdbapp.backend.ovs_idl.command ovsdbapp.backend.ovs_idl.idlutils.RowNotFound: Cannot find Logical_Router_Port with name=lrp-d94103dc-c182-4641-9a2c-6514c614abd7
2026-07-21 14:33:25.725 10 ERROR ovsdbapp.backend.ovs_idl.command 
2026-07-21 14:33:25.725 10 ERROR neutron_lib.callbacks.manager [None req-a5e55361-a699-4829-b81a-53f34db6f095 aaf09a7d266440efab2f57dbd6c53e17 ff887c7d10544a709fad9c928a959a91 - - default default] Error during notification for neutron.services.ovn_l3.plugin.OVNL3RouterPlugin._port_update-8792740320998 port, after_update: ovsdbapp.backend.ovs_idl.idlutils.RowNotFound: Cannot find Logical_Router_Port with name=lrp-d94103dc-c182-4641-9a2c-6514c614abd7
2026-07-21 14:33:25.725 10 ERROR neutron_lib.callbacks.manager
Traceback (most recent call last):
2026-07-21 14:33:25.725 10 ERROR neutron_lib.callbacks.manager
File "/var/lib/openstack/lib/python3.10/site-packages/neutron_lib/callbacks/manager.py", line 189, in _notify_loop
2026-07-21 14:33:25.725 10 ERROR neutron_lib.callbacks.manager callback.method(resource, event, trigger, payload=payload)
2026-07-21 14:33:25.725 10 ERROR neutron_lib.callbacks.manager
File "/var/lib/openstack/lib/python3.10/site-packages/neutron/services/ovn_l3/plugin.py", line 391, in _port_update
2026-07-21 14:33:25.725 10 ERROR neutron_lib.callbacks.manager l3plugin._ovn_client.update_router_port(context,
2026-07-21 14:33:25.725 10 ERROR neutron_lib.callbacks.manager
File "/var/lib/openstack/lib/python3.10/site-packages/neutron/plugins/ml2/drivers/ovn/mech_driver/ovsdb/ovn_client.py", line 1878, in update_router_port
2026-07-21 14:33:25.725 10 ERROR neutron_lib.callbacks.manager self._update_lrouter_port(context, port, if_exists=if_exists,
2026-07-21 14:33:25.725 10 ERROR neutron_lib.callbacks.manager
File "/var/lib/openstack/lib/python3.10/site-packages/neutron/plugins/ml2/drivers/ovn/mech_driver/ovsdb/ovn_client.py", line 1855, in _update_lrouter_port
2026-07-21 14:33:25.725 10 ERROR neutron_lib.callbacks.manager external_ids = self._nb_idl.db_get(
2026-07-21 14:33:25.725 10 ERROR neutron_lib.callbacks.manager
File "/var/lib/openstack/lib/python3.10/site-packages/ovsdbapp/backend/ovs_idl/command.py", line 47, in execute
2026-07-21 14:33:25.725 10 ERROR neutron_lib.callbacks.manager self.run_idl(None)
2026-07-21 14:33:25.725 10 ERROR neutron_lib.callbacks.manager
File "/var/lib/openstack/lib/python3.10/site-packages/ovsdbapp/backend/ovs_idl/command.py", line 235, in run_idl
2026-07-21 14:33:25.725 10 ERROR neutron_lib.callbacks.manager record = self.api.lookup(self.table, self.record)
2026-07-21 14:33:25.725 10 ERROR neutron_lib.callbacks.manager
File "/var/lib/openstack/lib/python3.10/site-packages/ovsdbapp/backend/ovs_idl/__init__.py", line 184, in lookup
2026-07-21 14:33:25.725 10 ERROR neutron_lib.callbacks.manager return self._lookup(table, record)
2026-07-21 14:33:25.725 10 ERROR neutron_lib.callbacks.manager
File "/var/lib/openstack/lib/python3.10/site-packages/ovsdbapp/backend/ovs_idl/__init__.py", line 235, in _lookup
2026-07-21 14:33:25.725 10 ERROR neutron_lib.callbacks.manager row = idlutils.row_by_value(self, rl.table, rl.column, record)
2026-07-21 14:33:25.725 10 ERROR neutron_lib.callbacks.manager
File "/var/lib/openstack/lib/python3.10/site-packages/ovsdbapp/backend/ovs_idl/idlutils.py", line 114, in row_by_value
2026-07-21 14:33:25.725 10 ERROR neutron_lib.callbacks.manager raise RowNotFound(table=table, col=column, match=match)
2026-07-21 14:33:25.725 10 ERROR neutron_lib.callbacks.manager ovsdbapp.backend.ovs_idl.idlutils.RowNotFound: Cannot find Logical_Router_Port with name=lrp-d94103dc-c182-4641-9a2c-6514c614abd7
2026-07-21 14:33:25.725 10 ERROR neutron_lib.callbacks.manager 
2026-07-21 14:33:25.838 9 INFO neutron.db.ovn_revision_numbers_db [None req-f80d7614-a192-4b0b-82d2-81c6d9658462 26c8041311e3417ebb5bf0e454265b92 fef6e08ae06346158b58621bd1cb1334 - - default default] Successfully bumped revision number for resource 3f6f9af2-7b9e-4d31-bb9c-e92608e3f24b (type: floatingips) to 1
2026-07-21 14:33:25.964 9 INFO neutron.services.segments.plugin [-] Segment 70563eb4-6d68-43de-960e-d88f5fe21376 resource provider aggregate not found
2026-07-21 14:33:25.974 9 INFO neutron.services.segments.plugin [-] Segment 70563eb4-6d68-43de-960e-d88f5fe21376 resource provider aggregate not found
2026-07-21 14:33:25.990 9 INFO neutron.services.segments.plugin [-] Segment 70563eb4-6d68-43de-960e-d88f5fe21376 resource provider not found; error: Placement Client Error (4xx): {"errors": [{"status": 404, "title": "Not Found", "detail": "The resource could not be found.\n\n No resource provider with uuid 70563eb4-6d68-43de-960e-d88f5fe21376 found for delete ", "request_id": "req-0ef58510-2438-4de8-abde-d79af2eb1e63"}]}
2026-07-21 14:33:26.005 9 INFO neutron.services.segments.plugin [-] Segment 70563eb4-6d68-43de-960e-d88f5fe21376 resource provider not found; error: Placement Client Error (4xx): {"errors": [{"status": 404, "title": "Not Found", "detail": "The resource could not be found.\n\n No resource provider with uuid 70563eb4-6d68-43de-960e-d88f5fe21376 found for delete ", "request_id": "req-6b189b3f-3afe-484f-9007-87ef9f54d219"}]}
2026-07-21 14:33:26.023 9 INFO neutron.wsgi [None req-ff065a2c-a03f-4709-8f00-a16af6f7a9bb 22b8d03ca755478fbe635c7b9fead981 21cc0c8670db47b69b5a41f202a32078 - - default default] 10.0.0.21 "DELETE /v2.0/networks/1fdf6e1a-a97f-4f0f-9cfc-7655261e5370 HTTP/1.1" status: 204 len: 168 time: 0.6853950 /var/lib/openstack/lib/python3.10/site-packages/pycadf/identifier.py:71: UserWarning: Invalid uuid: neutron. To ensure interoperability, identifiers should be a valid uuid. warnings.warn(('Invalid uuid: %s. To ensure interoperability, '
2026-07-21 14:33:26.075 9 INFO neutron.db.ovn_revision_numbers_db [None req-f80d7614-a192-4b0b-82d2-81c6d9658462 26c8041311e3417ebb5bf0e454265b92 fef6e08ae06346158b58621bd1cb1334 - - default default] Successfully bumped revision number for resource 3f6f9af2-7b9e-4d31-bb9c-e92608e3f24b (type: floatingips) to 2
2026-07-21 14:33:26.076 9 INFO neutron.db.l3_db [None req-f80d7614-a192-4b0b-82d2-81c6d9658462 26c8041311e3417ebb5bf0e454265b92 fef6e08ae06346158b58621bd1cb1334 - - default default] Floating IP 3f6f9af2-7b9e-4d31-bb9c-e92608e3f24b associated. External IP: 10.96.250.209, port: 0f5d33ef-e078-45d7-900a-cea447c2d11f.
2026-07-21 14:33:26.131 9 INFO neutron.wsgi [None req-f80d7614-a192-4b0b-82d2-81c6d9658462 26c8041311e3417ebb5bf0e454265b92 fef6e08ae06346158b58621bd1cb1334 - - default default] 10.0.0.21 "PUT /v2.0/floatingips/3f6f9af2-7b9e-4d31-bb9c-e92608e3f24b HTTP/1.1" status: 200 len: 1049 time: 1.2840672
2026-07-21 14:33:26.200 9 INFO neutron.notifiers.nova [-] Nova event matching ['req-22027fd6-49b2-462d-a4dc-4985a66aaf6a'] response: {'name': 'network-changed', 'server_uuid': 'd367f3cf-afdf-4dd2-b071-0015f2a2560a', 'tag': '0f5d33ef-e078-45d7-900a-cea447c2d11f', 'status': 'completed', 'code': 200}
2026-07-21 14:33:26.260 9 INFO neutron.wsgi [req-d0107e47-3b0f-4de7-9665-ee5a64031304 req-635ce486-cfd3-4fc5-96ec-5f705461189b 26c8041311e3417ebb5bf0e454265b92 fef6e08ae06346158b58621bd1cb1334 - - default default] 10.0.0.39 "GET /v2.0/ports?device_id=d367f3cf-afdf-4dd2-b071-0015f2a2560a HTTP/1.1" status: 200 len: 1170 time: 0.0791302
2026-07-21 14:33:26.301 9 INFO neutron.wsgi [req-b9a04a8f-99c5-4ef6-a1df-22898b9adddd req-487e7c8b-5b9b-4a47-bb2f-b55720578f20 3a68918bc1234747809bbcab9a8c748a cf209440a3674ffbbee6cfc755d67e31 - - 54de7a9fafb84e02afc76315b903ca50 54de7a9fafb84e02afc76315b903ca50] 199.204.45.129 "GET /v2.0/ports?tenant_id=fef6e08ae06346158b58621bd1cb1334&device_id=d367f3cf-afdf-4dd2-b071-0015f2a2560a HTTP/1.1" status: 200 len: 1409 time: 0.0765414
2026-07-21 14:33:26.361 10 INFO neutron.plugins.ml2.drivers.ovn.mech_driver.mech_driver [None req-fe8da8e1-bf6e-4d02-b9d7-8bfb27b0a407 - - - - - -] OVN reports status up for port: d94103dc-c182-4641-9a2c-6514c614abd7
2026-07-21 14:33:26.371 9 INFO neutron.wsgi [req-d0107e47-3b0f-4de7-9665-ee5a64031304 req-ebe58c18-77a9-4ba1-9fe0-cddd60601700 26c8041311e3417ebb5bf0e454265b92 fef6e08ae06346158b58621bd1cb1334 - - default default] 10.0.0.39 "GET /v2.0/security-groups?id=3b4b7cd7-d4f3-4de3-b3df-2d6a836c3151&fields=id&fields=name HTTP/1.1" status: 200 len: 313 time: 0.1067500
2026-07-21 14:33:26.376 10 INFO neutron.wsgi [None req-c58b987e-4889-49ba-b957-501110f21c47 aaf09a7d266440efab2f57dbd6c53e17 ff887c7d10544a709fad9c928a959a91 - - default default] 10.0.0.21 "DELETE /v2.0/security-groups/955c42d3-8e14-4442-a2f4-0720aca29b9f HTTP/1.1" status: 204 len: 168 time: 0.7750103
2026-07-21 14:33:26.380 10 INFO neutron.plugins.ml2.plugin [None req-fe8da8e1-bf6e-4d02-b9d7-8bfb27b0a407 - - - - - -] Attempt 1 to provision port d94103dc-c182-4641-9a2c-6514c614abd7
2026-07-21 14:33:26.408 9 INFO neutron.wsgi [req-b9a04a8f-99c5-4ef6-a1df-22898b9adddd req-bb7eefd9-2333-415d-82cf-6349e720c1a3 3a68918bc1234747809bbcab9a8c748a cf209440a3674ffbbee6cfc755d67e31 - - 54de7a9fafb84e02afc76315b903ca50 54de7a9fafb84e02afc76315b903ca50] 199.204.45.129 "GET /v2.0/networks?id=2ab74df5-3216-426e-accd-b4829fcfd09c HTTP/1.1" status: 200 len: 976 time: 0.0959625
2026-07-21 14:33:26.414 10 INFO neutron.db.ovn_revision_numbers_db [None req-a5e55361-a699-4829-b81a-53f34db6f095 aaf09a7d266440efab2f57dbd6c53e17 ff887c7d10544a709fad9c928a959a91 - - default default] Successfully bumped revision number for resource d94103dc-c182-4641-9a2c-6514c614abd7 (type: ports) to 1
2026-07-21 14:33:26.464 9 INFO neutron.wsgi [req-b9a04a8f-99c5-4ef6-a1df-22898b9adddd req-fb359ac9-1905-4a81-a807-948bae00b8ad 3a68918bc1234747809bbcab9a8c748a cf209440a3674ffbbee6cfc755d67e31 - - 54de7a9fafb84e02afc76315b903ca50 54de7a9fafb84e02afc76315b903ca50] 199.204.45.129 "GET /v2.0/floatingips?fixed_ip_address=10.100.0.8&port_id=0f5d33ef-e078-45d7-900a-cea447c2d11f HTTP/1.1" status: 200 len: 1059 time: 0.0487492
2026-07-21 14:33:26.509 9 INFO neutron.wsgi [req-b9a04a8f-99c5-4ef6-a1df-22898b9adddd req-1005a43e-01b6-45ef-8921-ee21bd0236f1 3a68918bc1234747809bbcab9a8c748a cf209440a3674ffbbee6cfc755d67e31 - - 54de7a9fafb84e02afc76315b903ca50 54de7a9fafb84e02afc76315b903ca50] 199.204.45.129 "GET /v2.0/subnets?id=80931ae8-1835-4ef2-a5b0-dbff2563c463 HTTP/1.1" status: 200 len: 872 time: 0.0321133
2026-07-21 14:33:26.538 9 INFO neutron.wsgi [req-b9a04a8f-99c5-4ef6-a1df-22898b9adddd req-cc03548a-d6bb-412f-b7f7-f2744fcc9618 3a68918bc1234747809bbcab9a8c748a cf209440a3674ffbbee6cfc755d67e31 - - 54de7a9fafb84e02afc76315b903ca50 54de7a9fafb84e02afc76315b903ca50] 199.204.45.129 "GET /v2.0/ports?network_id=2ab74df5-3216-426e-accd-b4829fcfd09c&device_owner=network%3Adhcp HTTP/1.1" status: 200 len: 210 time: 0.0244877
2026-07-21 14:33:26.609 10 WARNING neutron.scheduler.dhcp_agent_scheduler [None req-a5e55361-a699-4829-b81a-53f34db6f095 aaf09a7d266440efab2f57dbd6c53e17 ff887c7d10544a709fad9c928a959a91 - - default default] No more DHCP agents
2026-07-21 14:33:26.613 10 WARNING neutron.api.rpc.agentnotifiers.dhcp_rpc_agent_api [None req-a5e55361-a699-4829-b81a-53f34db6f095 aaf09a7d266440efab2f57dbd6c53e17 ff887c7d10544a709fad9c928a959a91 - - default default] Unable to schedule network 72bf99f7-d984-4924-b642-be1f225389f7: no agents available; will retry on subsequent port and subnet creation events.
2026-07-21 14:33:26.623 9 INFO neutron.wsgi [req-b9a04a8f-99c5-4ef6-a1df-22898b9adddd req-fb571a8e-4d1f-4e0c-917b-b73c404784eb 3a68918bc1234747809bbcab9a8c748a cf209440a3674ffbbee6cfc755d67e31 - - 54de7a9fafb84e02afc76315b903ca50 54de7a9fafb84e02afc76315b903ca50] 199.204.45.129 "GET /v2.0/networks/2ab74df5-3216-426e-accd-b4829fcfd09c?fields=segments HTTP/1.1" status: 200 len: 212 time: 0.0756299
2026-07-21 14:33:26.671 9 INFO neutron.plugins.ml2.drivers.ovn.mech_driver.mech_driver [None req-aa3eab6f-aab2-4c33-95ac-658aadf91c44 - - - - - -] OVN reports status down for port: 0f5d33ef-e078-45d7-900a-cea447c2d11f
2026-07-21 14:33:26.740 9 INFO neutron.wsgi [req-1660b5d7-e2d4-4b0c-9d42-faf1b7d31ebd req-81eb27e4-82c5-442c-9bf4-3b45c08cc356 26c8041311e3417ebb5bf0e454265b92 fef6e08ae06346158b58621bd1cb1334 - - default default] 10.0.0.39 "GET /v2.0/ports?device_id=d367f3cf-afdf-4dd2-b071-0015f2a2560a HTTP/1.1" status: 200 len: 1170 time: 0.0975904
2026-07-21 14:33:26.748 10 INFO neutron.db.ovn_revision_numbers_db [None req-fa850192-33ec-4d09-b6b5-1b64b891cb02 - - - - - -] Successfully bumped revision number for resource 527ad81c-1396-4d79-869e-d884654c3519 (type: ports) to 4
2026-07-21 14:33:26.774 9 INFO neutron.wsgi [req-b9a04a8f-99c5-4ef6-a1df-22898b9adddd req-dbca9cee-b084-420f-95a8-440a206e6219 3a68918bc1234747809bbcab9a8c748a cf209440a3674ffbbee6cfc755d67e31 - - 54de7a9fafb84e02afc76315b903ca50 54de7a9fafb84e02afc76315b903ca50] 199.204.45.129 "GET /v2.0/networks/2ab74df5-3216-426e-accd-b4829fcfd09c?fields=provider%3Aphysical_network&fields=provider%3Anetwork_type HTTP/1.1" status: 200 len: 277 time: 0.1427283
2026-07-21 14:33:26.790 9 INFO neutron.wsgi [None req-f26780c9-d49c-4643-9123-8aa26fe4efe9 22b8d03ca755478fbe635c7b9fead981 21cc0c8670db47b69b5a41f202a32078 - - default default] 10.0.0.21 "DELETE /v2.0/networks/3d04ae18-2e3d-47c8-822e-c04772052e6d HTTP/1.1" status: 204 len: 168 time: 0.7423840
2026-07-21 14:33:26.826 9 INFO neutron.wsgi [req-1660b5d7-e2d4-4b0c-9d42-faf1b7d31ebd req-d84b4586-0a5f-4cc8-8364-4027455a14b0 26c8041311e3417ebb5bf0e454265b92 fef6e08ae06346158b58621bd1cb1334 - - default default] 10.0.0.39 "GET /v2.0/security-groups?id=3b4b7cd7-d4f3-4de3-b3df-2d6a836c3151&fields=id&fields=name HTTP/1.1" status: 200 len: 313 time: 0.0791445
2026-07-21 14:33:27.043 9 INFO neutron.wsgi [req-184ab60f-ad1d-455b-918f-e1952a83eae8 req-8af1d278-ce1a-4741-ad99-8959869d2acd 26c8041311e3417ebb5bf0e454265b92 fef6e08ae06346158b58621bd1cb1334 - - default default] 199.204.45.129 "GET /v2.0/ports?device_id=d367f3cf-afdf-4dd2-b071-0015f2a2560a HTTP/1.1" status: 200 len: 1168 time: 0.0572903
2026-07-21 14:33:27.059 10 INFO neutron.wsgi [None req-c402db84-df57-485d-89b4-64b9f6cab681 aaf09a7d266440efab2f57dbd6c53e17 ff887c7d10544a709fad9c928a959a91 - - default default] 10.0.0.96 "GET /v2.0/floatingips HTTP/1.1" status: 200 len: 1033 time: 0.3134580
2026-07-21 14:33:27.149 9 INFO neutron.db.ovn_revision_numbers_db [None req-aa3eab6f-aab2-4c33-95ac-658aadf91c44 - - - - - -] Successfully bumped revision number for resource 0f5d33ef-e078-45d7-900a-cea447c2d11f (type: ports) to 5
2026-07-21 14:33:27.173 10 INFO neutron.wsgi [None req-a195fd2e-fced-41f7-91e5-cd5be7493fe4 aaf09a7d266440efab2f57dbd6c53e17 ff887c7d10544a709fad9c928a959a91 - - default default] 10.0.0.96 "GET /v2.0/subnets HTTP/1.1" status: 200 len: 2755 time: 0.1030240
2026-07-21 14:33:27.524 9 INFO neutron.db.l3_db [req-184ab60f-ad1d-455b-918f-e1952a83eae8 req-22434cdf-5c69-417a-997b-7dadc9be99e5 26c8041311e3417ebb5bf0e454265b92 fef6e08ae06346158b58621bd1cb1334 - - default default] Floating IP 3f6f9af2-7b9e-4d31-bb9c-e92608e3f24b disassociated. External IP: 10.96.250.209, port: 0f5d33ef-e078-45d7-900a-cea447c2d11f.
2026-07-21 14:33:27.662 9 INFO neutron.wsgi [req-184ab60f-ad1d-455b-918f-e1952a83eae8 req-22434cdf-5c69-417a-997b-7dadc9be99e5 26c8041311e3417ebb5bf0e454265b92 fef6e08ae06346158b58621bd1cb1334 - - default default] 199.204.45.129 "DELETE /v2.0/ports/0f5d33ef-e078-45d7-900a-cea447c2d11f HTTP/1.1" status: 204 len: 173 time: 0.6119444
2026-07-21 14:33:27.681 10 INFO neutron.wsgi [None req-3c95a9de-9d1f-4acf-bf93-c168b9209c3d aaf09a7d266440efab2f57dbd6c53e17 ff887c7d10544a709fad9c928a959a91 - - default default] 10.0.0.96 "GET /v2.0/routers HTTP/1.1" status: 200 len: 2123 time: 0.4857297
2026-07-21 14:33:27.728 10 INFO neutron.wsgi [None req-5b6553e8-ad44-49cf-8ef2-a479014e842f aaf09a7d266440efab2f57dbd6c53e17 ff887c7d10544a709fad9c928a959a91 - - default default] 10.0.0.96 "GET /v2.0/agents?binary=ovn-controller HTTP/1.1" status: 200 len: 591 time: 0.0399926
2026-07-21 14:33:27.764 10 INFO neutron.wsgi [None req-f6c8052b-bab1-4fb2-9e83-cf595c2f22a5 aaf09a7d266440efab2f57dbd6c53e17 ff887c7d10544a709fad9c928a959a91 - - default default] 10.0.0.96 "GET /v2.0/agents HTTP/1.1" status: 200 len: 1390 time: 0.0308435
2026-07-21 14:33:27.855 10 INFO neutron.wsgi [None req-4f3b013f-ddb5-4fd8-9fd1-a5d123311c0b aaf09a7d266440efab2f57dbd6c53e17 ff887c7d10544a709fad9c928a959a91 - - default default] 10.0.0.96 "GET /v2.0/subnets HTTP/1.1" status: 200 len: 2755 time: 0.0747755
2026-07-21 14:33:27.898 10 INFO neutron.wsgi [None req-6af0206a-6499-459d-b93c-205a8e32fc2f aaf09a7d266440efab2f57dbd6c53e17 ff887c7d10544a709fad9c928a959a91 - - default default] 10.0.0.96 "GET /v2.0/subnetpools HTTP/1.1" status: 200 len: 193 time: 0.0357139 /var/lib/openstack/lib/python3.10/site-packages/pycadf/identifier.py:71: UserWarning: Invalid uuid: neutron. To ensure interoperability, identifiers should be a valid uuid. warnings.warn(('Invalid uuid: %s. To ensure interoperability, '
2026-07-21 14:33:27.927 10 INFO neutron.db.ovn_revision_numbers_db [None req-fa850192-33ec-4d09-b6b5-1b64b891cb02 - - - - - -] Successfully bumped revision number for resource 527ad81c-1396-4d79-869e-d884654c3519 (type: router_ports) to 4
2026-07-21 14:33:27.931 9 INFO neutron.wsgi [req-34e74b9b-ec3e-48d6-804d-1ee475a44100 req-237cdb9b-f3f5-4dcc-a51c-ae3ec75dda1b 26c8041311e3417ebb5bf0e454265b92 fef6e08ae06346158b58621bd1cb1334 - - default default] 10.0.0.39 "GET /v2.0/ports?device_id=d367f3cf-afdf-4dd2-b071-0015f2a2560a HTTP/1.1" status: 200 len: 210 time: 0.0298154
2026-07-21 14:33:27.994 10 INFO neutron.db.ovn_revision_numbers_db [None req-fe8da8e1-bf6e-4d02-b9d7-8bfb27b0a407 - - - - - -] Successfully bumped revision number for resource d94103dc-c182-4641-9a2c-6514c614abd7 (type: ports) to 2
2026-07-21 14:33:28.015 9 INFO neutron.services.segments.plugin [-] Segment 48bbb076-aa88-40bc-901a-7088128dce97 resource provider aggregate not found
2026-07-21 14:33:28.035 9 INFO neutron.services.segments.plugin [-] Segment 48bbb076-aa88-40bc-901a-7088128dce97 resource provider aggregate not found
2026-07-21 14:33:28.040 9 INFO neutron.services.segments.plugin [-] Segment 48bbb076-aa88-40bc-901a-7088128dce97 resource provider not found; error: Placement Client Error (4xx): {"errors": [{"status": 404, "title": "Not Found", "detail": "The resource could not be found.\n\n No resource provider with uuid 48bbb076-aa88-40bc-901a-7088128dce97 found for delete ", "request_id": "req-5de791a7-884f-4043-a7c1-1d7e102a5131"}]}
2026-07-21 14:33:28.056 9 INFO neutron.services.segments.plugin [-] Segment 48bbb076-aa88-40bc-901a-7088128dce97 resource provider not found; error: Placement Client Error (4xx): {"errors": [{"status": 404, "title": "Not Found", "detail": "The resource could not be found.\n\n No resource provider with uuid 48bbb076-aa88-40bc-901a-7088128dce97 found for delete ", "request_id": "req-27e30428-943c-41c1-b529-134d5a2e49e3"}]}
2026-07-21 14:33:28.136 10 INFO neutron.wsgi [None req-13070446-2b20-4d66-be10-0e35e9cc1ea6 aaf09a7d266440efab2f57dbd6c53e17 ff887c7d10544a709fad9c928a959a91 - - default default] 10.0.0.96 "GET /v2.0/networks HTTP/1.1" status: 200 len: 5323 time: 0.2325683
2026-07-21 14:33:28.265 9 INFO neutron.notifiers.nova [-] Nova event matching ['req-47d95f83-eb69-4663-904f-15db71196394'] response: {'server_uuid': 'd367f3cf-afdf-4dd2-b071-0015f2a2560a', 'name': 'network-vif-unplugged', 'status': 'completed', 'tag': '0f5d33ef-e078-45d7-900a-cea447c2d11f', 'code': 200}
2026-07-21 14:33:28.266 9 INFO neutron.notifiers.nova [-] Nova event matching ['req-47d95f83-eb69-4663-904f-15db71196394'] response: {'server_uuid': 'd367f3cf-afdf-4dd2-b071-0015f2a2560a', 'name': 'network-vif-unplugged', 'status': 'completed', 'tag': '0f5d33ef-e078-45d7-900a-cea447c2d11f', 'code': 200}
2026-07-21 14:33:28.266 9 INFO neutron.notifiers.nova [-] Nova event matching ['req-47d95f83-eb69-4663-904f-15db71196394'] response: {'server_uuid': 'd367f3cf-afdf-4dd2-b071-0015f2a2560a', 'name': 'network-vif-deleted', 'tag': '0f5d33ef-e078-45d7-900a-cea447c2d11f', 'status': 'completed', 'code': 200}
2026-07-21 14:33:28.289 10 INFO neutron.wsgi [None req-1ba637d3-5710-4bfc-afe0-a9e2afbb758f aaf09a7d266440efab2f57dbd6c53e17 ff887c7d10544a709fad9c928a959a91 - - default default] 10.0.0.96 "GET /v2.0/security-groups HTTP/1.1" status: 200 len: 29155 time: 0.1388059
2026-07-21 14:33:28.344 10 ERROR ovsdbapp.backend.ovs_idl.command [None req-fe8da8e1-bf6e-4d02-b9d7-8bfb27b0a407 - - - - - -] Error executing command (DbGetCommand): ovsdbapp.backend.ovs_idl.idlutils.RowNotFound: Cannot find Logical_Router_Port with name=lrp-d94103dc-c182-4641-9a2c-6514c614abd7
2026-07-21 14:33:28.344 10 ERROR ovsdbapp.backend.ovs_idl.command
Traceback (most recent call last):
2026-07-21 14:33:28.344 10 ERROR ovsdbapp.backend.ovs_idl.command
File "/var/lib/openstack/lib/python3.10/site-packages/ovsdbapp/backend/ovs_idl/command.py", line 47, in execute
2026-07-21 14:33:28.344 10 ERROR ovsdbapp.backend.ovs_idl.command self.run_idl(None)
2026-07-21 14:33:28.344 10 ERROR ovsdbapp.backend.ovs_idl.command
File "/var/lib/openstack/lib/python3.10/site-packages/ovsdbapp/backend/ovs_idl/command.py", line 235, in run_idl
2026-07-21 14:33:28.344 10 ERROR ovsdbapp.backend.ovs_idl.command record = self.api.lookup(self.table, self.record)
2026-07-21 14:33:28.344 10 ERROR ovsdbapp.backend.ovs_idl.command
File "/var/lib/openstack/lib/python3.10/site-packages/ovsdbapp/backend/ovs_idl/__init__.py", line 184, in lookup
2026-07-21 14:33:28.344 10 ERROR ovsdbapp.backend.ovs_idl.command return self._lookup(table, record)
2026-07-21 14:33:28.344 10 ERROR ovsdbapp.backend.ovs_idl.command
File "/var/lib/openstack/lib/python3.10/site-packages/ovsdbapp/backend/ovs_idl/__init__.py", line 235, in _lookup
2026-07-21 14:33:28.344 10 ERROR ovsdbapp.backend.ovs_idl.command row = idlutils.row_by_value(self, rl.table, rl.column, record)
2026-07-21 14:33:28.344 10 ERROR ovsdbapp.backend.ovs_idl.command
File "/var/lib/openstack/lib/python3.10/site-packages/ovsdbapp/backend/ovs_idl/idlutils.py", line 114, in row_by_value
2026-07-21 14:33:28.344 10 ERROR ovsdbapp.backend.ovs_idl.command raise RowNotFound(table=table, col=column, match=match)
2026-07-21 14:33:28.344 10 ERROR ovsdbapp.backend.ovs_idl.command ovsdbapp.backend.ovs_idl.idlutils.RowNotFound: Cannot find Logical_Router_Port with name=lrp-d94103dc-c182-4641-9a2c-6514c614abd7
2026-07-21 14:33:28.344 10 ERROR ovsdbapp.backend.ovs_idl.command 
2026-07-21 14:33:28.344 10 ERROR neutron_lib.callbacks.manager [None req-fe8da8e1-bf6e-4d02-b9d7-8bfb27b0a407 - - - - - -] Error during notification for neutron.services.ovn_l3.plugin.OVNL3RouterPlugin._port_update-8792740320998 port, after_update: ovsdbapp.backend.ovs_idl.idlutils.RowNotFound: Cannot find Logical_Router_Port with name=lrp-d94103dc-c182-4641-9a2c-6514c614abd7
2026-07-21 14:33:28.344 10 ERROR neutron_lib.callbacks.manager
Traceback (most recent call last):
2026-07-21 14:33:28.344 10 ERROR neutron_lib.callbacks.manager
File "/var/lib/openstack/lib/python3.10/site-packages/neutron_lib/callbacks/manager.py", line 189, in _notify_loop
2026-07-21 14:33:28.344 10 ERROR neutron_lib.callbacks.manager callback.method(resource, event, trigger, payload=payload)
2026-07-21 14:33:28.344 10 ERROR neutron_lib.callbacks.manager
File "/var/lib/openstack/lib/python3.10/site-packages/neutron/services/ovn_l3/plugin.py", line 391, in _port_update
2026-07-21 14:33:28.344 10 ERROR neutron_lib.callbacks.manager l3plugin._ovn_client.update_router_port(context,
2026-07-21 14:33:28.344 10 ERROR neutron_lib.callbacks.manager
File "/var/lib/openstack/lib/python3.10/site-packages/neutron/plugins/ml2/drivers/ovn/mech_driver/ovsdb/ovn_client.py", line 1878, in update_router_port
2026-07-21 14:33:28.344 10 ERROR neutron_lib.callbacks.manager self._update_lrouter_port(context, port, if_exists=if_exists,
2026-07-21 14:33:28.344 10 ERROR neutron_lib.callbacks.manager
File "/var/lib/openstack/lib/python3.10/site-packages/neutron/plugins/ml2/drivers/ovn/mech_driver/ovsdb/ovn_client.py", line 1855, in _update_lrouter_port
2026-07-21 14:33:28.344 10 ERROR neutron_lib.callbacks.manager external_ids = self._nb_idl.db_get(
2026-07-21 14:33:28.344 10 ERROR neutron_lib.callbacks.manager
File "/var/lib/openstack/lib/python3.10/site-packages/ovsdbapp/backend/ovs_idl/command.py", line 47, in execute
2026-07-21 14:33:28.344 10 ERROR neutron_lib.callbacks.manager self.run_idl(None)
2026-07-21 14:33:28.344 10 ERROR neutron_lib.callbacks.manager
File "/var/lib/openstack/lib/python3.10/site-packages/ovsdbapp/backend/ovs_idl/command.py", line 235, in run_idl
2026-07-21 14:33:28.344 10 ERROR neutron_lib.callbacks.manager record = self.api.lookup(self.table, self.record)
2026-07-21 14:33:28.344 10 ERROR neutron_lib.callbacks.manager
File "/var/lib/openstack/lib/python3.10/site-packages/ovsdbapp/backend/ovs_idl/__init__.py", line 184, in lookup
2026-07-21 14:33:28.344 10 ERROR neutron_lib.callbacks.manager return self._lookup(table, record)
2026-07-21 14:33:28.344 10 ERROR neutron_lib.callbacks.manager
File "/var/lib/openstack/lib/python3.10/site-packages/ovsdbapp/backend/ovs_idl/__init__.py", line 235, in _lookup
2026-07-21 14:33:28.344 10 ERROR neutron_lib.callbacks.manager row = idlutils.row_by_value(self, rl.table, rl.column, record)
2026-07-21 14:33:28.344 10 ERROR neutron_lib.callbacks.manager
File "/var/lib/openstack/lib/python3.10/site-packages/ovsdbapp/backend/ovs_idl/idlutils.py", line 114, in row_by_value
2026-07-21 14:33:28.344 10 ERROR neutron_lib.callbacks.manager raise RowNotFound(table=table, col=column, match=match)
2026-07-21 14:33:28.344 10 ERROR neutron_lib.callbacks.manager ovsdbapp.backend.ovs_idl.idlutils.RowNotFound: Cannot find Logical_Router_Port with name=lrp-d94103dc-c182-4641-9a2c-6514c614abd7
2026-07-21 14:33:28.344 10 ERROR neutron_lib.callbacks.manager 
2026-07-21 14:33:28.447 10 INFO neutron.wsgi [None req-33806d15-b5fe-484d-894d-94eaf1a1bb98 aaf09a7d266440efab2f57dbd6c53e17 ff887c7d10544a709fad9c928a959a91 - - default default] 10.0.0.96 "GET /v2.0/ports HTTP/1.1" status: 200 len: 13672 time: 0.1438246
2026-07-21 14:33:28.491 10 INFO neutron.services.segments.plugin [-] Segment ef6b61fe-7b97-4e88-bfca-83321ab9348f resource provider aggregate not found
2026-07-21 14:33:28.495 10 INFO neutron.services.segments.plugin [-] Segment ef6b61fe-7b97-4e88-bfca-83321ab9348f resource provider aggregate not found
2026-07-21 14:33:28.514 10 INFO neutron.wsgi [None req-fef39ffc-595f-4d41-9ad8-6282a6699533 aaf09a7d266440efab2f57dbd6c53e17 ff887c7d10544a709fad9c928a959a91 - - default default] 10.0.0.96 "GET /v2.0/network-ip-availabilities HTTP/1.1" status: 200 len: 2815 time: 0.0574126
2026-07-21 14:33:28.518 10 INFO neutron.services.segments.plugin [-] Segment ef6b61fe-7b97-4e88-bfca-83321ab9348f resource provider not found; error: Placement Client Error (4xx): {"errors": [{"status": 404, "title": "Not Found", "detail": "The resource could not be found.\n\n No resource provider with uuid ef6b61fe-7b97-4e88-bfca-83321ab9348f found for delete ", "request_id": "req-ae992b07-f7e9-44b5-a503-8aad0c8698cb"}]}
2026-07-21 14:33:28.519 10 INFO neutron.services.segments.plugin [-] Segment ef6b61fe-7b97-4e88-bfca-83321ab9348f resource provider not found; error: Placement Client Error (4xx): {"errors": [{"status": 404, "title": "Not Found", "detail": "The resource could not be found.\n\n No resource provider with uuid ef6b61fe-7b97-4e88-bfca-83321ab9348f found for delete ", "request_id": "req-d024ee9a-00fe-4eea-ab7a-fef8e6c39b23"}]}
2026-07-21 14:33:28.549 10 INFO neutron.wsgi [None req-c6a01a3a-6e6a-483d-8b84-2a3dfb001273 22b8d03ca755478fbe635c7b9fead981 21cc0c8670db47b69b5a41f202a32078 - - default default] 10.0.0.21 "DELETE /v2.0/networks/c5c9f7d0-9c77-4700-846a-20c3c4ade780 HTTP/1.1" status: 204 len: 168 time: 1.7402678
2026-07-21 14:33:28.642 10 INFO neutron.db.ovn_revision_numbers_db [None req-a5e55361-a699-4829-b81a-53f34db6f095 aaf09a7d266440efab2f57dbd6c53e17 ff887c7d10544a709fad9c928a959a91 - - default default] Successfully bumped revision number for resource d94103dc-c182-4641-9a2c-6514c614abd7 (type: router_ports) to 1
2026-07-21 14:33:28.663 10 INFO neutron.wsgi [None req-a5e55361-a699-4829-b81a-53f34db6f095 aaf09a7d266440efab2f57dbd6c53e17 ff887c7d10544a709fad9c928a959a91 - - default default] 10.0.0.21 "PUT /v2.0/routers/5cd42971-5ddf-4bfc-910d-5caa362305da/add_router_interface HTTP/1.1" status: 200 len: 503 time: 5.2238739
2026-07-21 14:33:29.090 10 INFO neutron.wsgi [None req-7135b4b8-85b8-4f89-9392-80d446571cea 22b8d03ca755478fbe635c7b9fead981 21cc0c8670db47b69b5a41f202a32078 - - default default] 10.0.0.21 "DELETE /v2.0/networks/7e739396-ae85-4a95-a48d-d120f9c9f709 HTTP/1.1" status: 204 len: 168 time: 0.5295100
2026-07-21 14:33:29.191 9 INFO neutron.wsgi [None req-badbbabf-348e-4646-8d60-7c5898520881 26c8041311e3417ebb5bf0e454265b92 fef6e08ae06346158b58621bd1cb1334 - - default default] 10.0.0.21 "DELETE /v2.0/security-groups/3b4b7cd7-d4f3-4de3-b3df-2d6a836c3151 HTTP/1.1" status: 204 len: 168 time: 0.1489615
2026-07-21 14:33:29.205 9 INFO neutron.api.v2.resource [None req-d9c69390-7e0d-478c-8361-18fddcc7af16 26c8041311e3417ebb5bf0e454265b92 fef6e08ae06346158b58621bd1cb1334 - - default default] show failed (client error): The resource could not be found.
2026-07-21 14:33:29.207 9 INFO neutron.wsgi [None req-d9c69390-7e0d-478c-8361-18fddcc7af16 26c8041311e3417ebb5bf0e454265b92 fef6e08ae06346158b58621bd1cb1334 - - default default] 10.0.0.21 "GET /v2.0/security-groups/3b4b7cd7-d4f3-4de3-b3df-2d6a836c3151 HTTP/1.1" status: 404 len: 347 time: 0.0106251
2026-07-21 14:33:29.672 9 INFO neutron.wsgi [None req-553eecaa-5871-468b-aa97-c0323c3514a2 26c8041311e3417ebb5bf0e454265b92 fef6e08ae06346158b58621bd1cb1334 - - default default] 10.0.0.21 "DELETE /v2.0/floatingips/3f6f9af2-7b9e-4d31-bb9c-e92608e3f24b HTTP/1.1" status: 204 len: 168 time: 0.4588144
2026-07-21 14:33:29.829 9 INFO neutron.wsgi [req-324afb32-7fce-4cb9-9051-dcf6a3c62d51 req-89068909-b06d-40c5-b0e5-b8e5f4cd5253 2fc1c0a97e7045b98eec2edd08de55b1 a044f1fd6d524554b3ebea12b679596a - - default default] 10.0.0.39 "GET /v2.0/networks?id=72bf99f7-d984-4924-b642-be1f225389f7 HTTP/1.1" status: 200 len: 876 time: 0.0876880
2026-07-21 14:33:29.855 10 INFO neutron.wsgi [None req-93b7757f-6efa-45b1-ab62-0d4a796541b6 aaf09a7d266440efab2f57dbd6c53e17 ff887c7d10544a709fad9c928a959a91 - - default default] 10.0.0.21 "GET /v2.0/security-groups?tenant_id=21cc0c8670db47b69b5a41f202a32078&name=default HTTP/1.1" status: 200 len: 3120 time: 0.1612206
2026-07-21 14:33:29.863 9 INFO neutron.wsgi [req-324afb32-7fce-4cb9-9051-dcf6a3c62d51 req-f7181560-effd-40b7-a3db-8b8970fce6d4 2fc1c0a97e7045b98eec2edd08de55b1 a044f1fd6d524554b3ebea12b679596a - - default default] 10.0.0.39 "GET /v2.0/quotas/a044f1fd6d524554b3ebea12b679596a HTTP/1.1" status: 200 len: 491 time: 0.0200827
2026-07-21 14:33:30.065 9 INFO neutron.wsgi [req-324afb32-7fce-4cb9-9051-dcf6a3c62d51 req-92175c0c-d3dd-4551-b360-831805fe876c 2fc1c0a97e7045b98eec2edd08de55b1 a044f1fd6d524554b3ebea12b679596a - - default default] 10.0.0.39 "GET /v2.0/ports?tenant_id=a044f1fd6d524554b3ebea12b679596a&fields=id HTTP/1.1" status: 200 len: 302 time: 0.1945369
2026-07-21 14:33:30.133 10 INFO neutron.wsgi [None req-ceee1066-4fa8-41e8-85bc-418854c8f5c7 aaf09a7d266440efab2f57dbd6c53e17 ff887c7d10544a709fad9c928a959a91 - - default default] 10.0.0.21 "DELETE /v2.0/security-groups/2bd69503-6aae-475d-9eb0-a89957658fce HTTP/1.1" status: 204 len: 168 time: 0.2635627
2026-07-21 14:33:30.155 9 INFO neutron.wsgi [req-324afb32-7fce-4cb9-9051-dcf6a3c62d51 req-5c40c463-e22b-4423-aea4-39cf22e77820 3a68918bc1234747809bbcab9a8c748a cf209440a3674ffbbee6cfc755d67e31 - - 54de7a9fafb84e02afc76315b903ca50 54de7a9fafb84e02afc76315b903ca50] 10.0.0.39 "GET /v2.0/networks/72bf99f7-d984-4924-b642-be1f225389f7?fields=segments HTTP/1.1" status: 200 len: 212 time: 0.0742998
2026-07-21 14:33:30.484 9 INFO neutron.wsgi [req-324afb32-7fce-4cb9-9051-dcf6a3c62d51 req-1936e45b-f951-4aee-ba0b-d47358045666 3a68918bc1234747809bbcab9a8c748a cf209440a3674ffbbee6cfc755d67e31 - - 54de7a9fafb84e02afc76315b903ca50 54de7a9fafb84e02afc76315b903ca50] 10.0.0.39 "GET /v2.0/networks/72bf99f7-d984-4924-b642-be1f225389f7?fields=provider%3Aphysical_network&fields=provider%3Anetwork_type HTTP/1.1" status: 200 len: 277 time: 0.3222661
2026-07-21 14:33:30.574 10 INFO neutron.services.segments.plugin [-] Segment 0ff74109-5cbb-4166-baf7-973abd77c3b0 resource provider aggregate not found
2026-07-21 14:33:30.579 10 INFO neutron.services.segments.plugin [-] Segment 0ff74109-5cbb-4166-baf7-973abd77c3b0 resource provider aggregate not found
2026-07-21 14:33:30.596 10 INFO neutron.services.segments.plugin [-] Segment 0ff74109-5cbb-4166-baf7-973abd77c3b0 resource provider not found; error: Placement Client Error (4xx): {"errors": [{"status": 404, "title": "Not Found", "detail": "The resource could not be found.\n\n No resource provider with uuid 0ff74109-5cbb-4166-baf7-973abd77c3b0 found for delete ", "request_id": "req-bcdae493-ec6e-46eb-a1b0-8537730dfe64"}]}
2026-07-21 14:33:30.600 10 INFO neutron.services.segments.plugin [-] Segment 0ff74109-5cbb-4166-baf7-973abd77c3b0 resource provider not found; error: Placement Client Error (4xx): {"errors": [{"status": 404, "title": "Not Found", "detail": "The resource could not be found.\n\n No resource provider with uuid 0ff74109-5cbb-4166-baf7-973abd77c3b0 found for delete ", "request_id": "req-5c03ae30-8850-4f51-9150-3d9ab14967af"}]}
2026-07-21 14:33:30.634 9 INFO neutron.wsgi [req-ce211a1b-a61d-463e-84c2-c03e5153ee7c req-4e5de686-2574-4395-8cdb-b4278be02f71 2fc1c0a97e7045b98eec2edd08de55b1 a044f1fd6d524554b3ebea12b679596a - - default default] 10.0.0.39 "GET /v2.0/ports?device_id=2517670d-2a33-4b96-8a53-500df37a2bf9 HTTP/1.1" status: 200 len: 210 time: 0.0237594
2026-07-21 14:33:30.675 10 INFO neutron.db.ovn_revision_numbers_db [None req-0c3f870c-a0b1-446f-b81b-44e7446ca1b8 aaf09a7d266440efab2f57dbd6c53e17 ff887c7d10544a709fad9c928a959a91 - - default default] Successfully bumped revision number for resource dfeb9f9c-695f-4148-b4a3-9115ae92cf8b (type: security_groups) to 1
2026-07-21 14:33:30.694 10 INFO neutron.db.ovn_revision_numbers_db [None req-0c3f870c-a0b1-446f-b81b-44e7446ca1b8 aaf09a7d266440efab2f57dbd6c53e17 ff887c7d10544a709fad9c928a959a91 - - default default] Successfully bumped revision number for resource 0665b28b-478a-4e0b-b3ac-9816fdb74bb8 (type: security_group_rules) to 0
2026-07-21 14:33:30.708 10 INFO neutron.db.ovn_revision_numbers_db [None req-0c3f870c-a0b1-446f-b81b-44e7446ca1b8 aaf09a7d266440efab2f57dbd6c53e17 ff887c7d10544a709fad9c928a959a91 - - default default] Successfully bumped revision number for resource 0e8ac722-de7f-46e9-9eee-f908fabeac0c (type: security_group_rules) to 0
2026-07-21 14:33:30.723 10 INFO neutron.db.ovn_revision_numbers_db [None req-0c3f870c-a0b1-446f-b81b-44e7446ca1b8 aaf09a7d266440efab2f57dbd6c53e17 ff887c7d10544a709fad9c928a959a91 - - default default] Successfully bumped revision number for resource b1182929-6121-48e4-a514-4b4a88bfb0c9 (type: security_group_rules) to 0
2026-07-21 14:33:30.737 10 INFO neutron.db.ovn_revision_numbers_db [None req-0c3f870c-a0b1-446f-b81b-44e7446ca1b8 aaf09a7d266440efab2f57dbd6c53e17 ff887c7d10544a709fad9c928a959a91 - - default default] Successfully bumped revision number for resource f2eb2d2b-8f73-40b4-a06f-b47f6e767742 (type: security_group_rules) to 0
2026-07-21 14:33:30.758 10 INFO neutron.wsgi [None req-0c3f870c-a0b1-446f-b81b-44e7446ca1b8 aaf09a7d266440efab2f57dbd6c53e17 ff887c7d10544a709fad9c928a959a91 - - default default] 10.0.0.21 "GET /v2.0/security-groups?tenant_id=d2c14b1b4a99404babd79827508dba89&name=default HTTP/1.1" status: 200 len: 3120 time: 0.3768260
2026-07-21 14:33:31.011 10 INFO neutron.wsgi [None req-509d547e-7db5-4e4f-9f98-be9069ef449b aaf09a7d266440efab2f57dbd6c53e17 ff887c7d10544a709fad9c928a959a91 - - default default] 10.0.0.21 "DELETE /v2.0/security-groups/dfeb9f9c-695f-4148-b4a3-9115ae92cf8b HTTP/1.1" status: 204 len: 168 time: 0.2427797
2026-07-21 14:33:31.376 9 INFO neutron.wsgi [req-324afb32-7fce-4cb9-9051-dcf6a3c62d51 req-be115f83-ac3d-4492-8898-7a3f63a6b11d 2fc1c0a97e7045b98eec2edd08de55b1 a044f1fd6d524554b3ebea12b679596a - - default default] 199.204.45.129 "GET /v2.0/networks?id=72bf99f7-d984-4924-b642-be1f225389f7 HTTP/1.1" status: 200 len: 876 time: 0.0779002
2026-07-21 14:33:31.405 9 WARNING neutron_lib.context [req-324afb32-7fce-4cb9-9051-dcf6a3c62d51 req-c0228dce-2dc6-4deb-8495-e26dcbd3446d 2fc1c0a97e7045b98eec2edd08de55b1 a044f1fd6d524554b3ebea12b679596a - - default default] Method 'is_advsvc' is deprecated since 2023.2 release (neutron-lib 3.8.0) and will be removed once support for the old RBAC API policies will be removed from Neutron. Please use method 'is_service_role' instead.
2026-07-21 14:33:31.563 9 INFO neutron.wsgi [None req-03dbabb9-e679-4a6b-9407-81a98ac1608d aaf09a7d266440efab2f57dbd6c53e17 ff887c7d10544a709fad9c928a959a91 - - default default] 10.0.0.21 "PUT /v2.0/routers/86e5d441-9c17-4eb4-92c0-6dc9f7ee4a9f/remove_router_interface HTTP/1.1" status: 200 len: 503 time: 1.8853719 /var/lib/openstack/lib/python3.10/site-packages/pycadf/identifier.py:71: UserWarning: Invalid uuid: neutron. To ensure interoperability, identifiers should be a valid uuid. warnings.warn(('Invalid uuid: %s. To ensure interoperability, '
2026-07-21 14:33:31.721 9 INFO neutron.wsgi [req-cb4a9827-7305-47de-af26-5e9f81121aa1 req-b65e026a-51e7-485f-8ba7-968a8e8682f2 2fc1c0a97e7045b98eec2edd08de55b1 a044f1fd6d524554b3ebea12b679596a - - default default] 10.0.0.39 "GET /v2.0/ports?device_id=2517670d-2a33-4b96-8a53-500df37a2bf9 HTTP/1.1" status: 200 len: 210 time: 0.0221386
2026-07-21 14:33:31.852 9 WARNING neutron.scheduler.dhcp_agent_scheduler [req-324afb32-7fce-4cb9-9051-dcf6a3c62d51 req-c0228dce-2dc6-4deb-8495-e26dcbd3446d 2fc1c0a97e7045b98eec2edd08de55b1 a044f1fd6d524554b3ebea12b679596a - - default default] No more DHCP agents
2026-07-21 14:33:31.855 9 WARNING neutron.api.rpc.agentnotifiers.dhcp_rpc_agent_api [req-324afb32-7fce-4cb9-9051-dcf6a3c62d51 req-c0228dce-2dc6-4deb-8495-e26dcbd3446d 2fc1c0a97e7045b98eec2edd08de55b1 a044f1fd6d524554b3ebea12b679596a - - default default] Unable to schedule network 72bf99f7-d984-4924-b642-be1f225389f7: no agents available; will retry on subsequent port and subnet creation events.
2026-07-21 14:33:32.068 9 INFO neutron.db.ovn_revision_numbers_db [req-324afb32-7fce-4cb9-9051-dcf6a3c62d51 req-c0228dce-2dc6-4deb-8495-e26dcbd3446d 2fc1c0a97e7045b98eec2edd08de55b1 a044f1fd6d524554b3ebea12b679596a - - default default] Successfully bumped revision number for resource 3a52b624-e956-435f-b277-eb220c3a4373 (type: ports) to 1
2026-07-21 14:33:32.095 9 INFO neutron.wsgi [req-324afb32-7fce-4cb9-9051-dcf6a3c62d51 req-c0228dce-2dc6-4deb-8495-e26dcbd3446d 2fc1c0a97e7045b98eec2edd08de55b1 a044f1fd6d524554b3ebea12b679596a - - default default] 199.204.45.129 "POST /v2.0/ports HTTP/1.1" status: 201 len: 1158 time: 0.6968923 /var/lib/openstack/lib/python3.10/site-packages/pycadf/identifier.py:71: UserWarning: Invalid uuid: neutron. To ensure interoperability, identifiers should be a valid uuid. warnings.warn(('Invalid uuid: %s. To ensure interoperability, '
2026-07-21 14:33:32.560 9 INFO neutron.db.ovn_revision_numbers_db [req-324afb32-7fce-4cb9-9051-dcf6a3c62d51 req-95facd69-3ac5-4e3b-a361-ce38c00e6b91 3a68918bc1234747809bbcab9a8c748a cf209440a3674ffbbee6cfc755d67e31 - - 54de7a9fafb84e02afc76315b903ca50 54de7a9fafb84e02afc76315b903ca50] Successfully bumped revision number for resource 3a52b624-e956-435f-b277-eb220c3a4373 (type: ports) to 2
2026-07-21 14:33:32.789 9 INFO neutron.db.ovn_revision_numbers_db [req-324afb32-7fce-4cb9-9051-dcf6a3c62d51 req-95facd69-3ac5-4e3b-a361-ce38c00e6b91 3a68918bc1234747809bbcab9a8c748a cf209440a3674ffbbee6cfc755d67e31 - - 54de7a9fafb84e02afc76315b903ca50 54de7a9fafb84e02afc76315b903ca50] Successfully bumped revision number for resource 3a52b624-e956-435f-b277-eb220c3a4373 (type: ports) to 2
2026-07-21 14:33:32.800 10 INFO neutron.wsgi [None req-2bef44ad-3529-47a2-8ae4-6b4815acfbf7 aaf09a7d266440efab2f57dbd6c53e17 ff887c7d10544a709fad9c928a959a91 - - default default] 10.0.0.21 "DELETE /v2.0/routers/86e5d441-9c17-4eb4-92c0-6dc9f7ee4a9f HTTP/1.1" status: 204 len: 168 time: 1.2310324 /var/lib/openstack/lib/python3.10/site-packages/pycadf/identifier.py:71: UserWarning: Invalid uuid: neutron. To ensure interoperability, identifiers should be a valid uuid. warnings.warn(('Invalid uuid: %s. To ensure interoperability, '
2026-07-21 14:33:32.861 9 INFO neutron.wsgi [req-324afb32-7fce-4cb9-9051-dcf6a3c62d51 req-95facd69-3ac5-4e3b-a361-ce38c00e6b91 3a68918bc1234747809bbcab9a8c748a cf209440a3674ffbbee6cfc755d67e31 - - 54de7a9fafb84e02afc76315b903ca50 54de7a9fafb84e02afc76315b903ca50] 199.204.45.129 "PUT /v2.0/ports/3a52b624-e956-435f-b277-eb220c3a4373 HTTP/1.1" status: 200 len: 1376 time: 0.7551975
2026-07-21 14:33:32.882 9 INFO neutron.wsgi [req-576c6a18-4a4a-4037-a0ca-9769698745e2 req-77d8a4d5-6c1a-4bb0-b646-43e41730a4f5 2fc1c0a97e7045b98eec2edd08de55b1 a044f1fd6d524554b3ebea12b679596a - - default default] 10.0.0.39 "GET /v2.0/ports?device_id=2517670d-2a33-4b96-8a53-500df37a2bf9 HTTP/1.1" status: 200 len: 1168 time: 0.0685227
2026-07-21 14:33:32.909 9 INFO neutron.notifiers.nova [-] Nova event matching ['req-efe76b2c-59ee-4b7d-9eb5-ce8608eebca2'] response: {'name': 'network-changed', 'server_uuid': '2517670d-2a33-4b96-8a53-500df37a2bf9', 'tag': '3a52b624-e956-435f-b277-eb220c3a4373', 'status': 'completed', 'code': 200}
2026-07-21 14:33:32.977 9 INFO neutron.wsgi [req-576c6a18-4a4a-4037-a0ca-9769698745e2 req-fec46942-fc1a-4b09-8aba-416998800870 2fc1c0a97e7045b98eec2edd08de55b1 a044f1fd6d524554b3ebea12b679596a - - default default] 10.0.0.39 "GET /v2.0/security-groups?id=24b9eb9f-a35d-4dde-9dae-3537d0e6766d&fields=id&fields=name HTTP/1.1" status: 200 len: 286 time: 0.0853384
2026-07-21 14:33:32.988 9 INFO neutron.wsgi [req-324afb32-7fce-4cb9-9051-dcf6a3c62d51 req-d768ee64-eb06-4216-8eea-93cb4ca4e4f7 3a68918bc1234747809bbcab9a8c748a cf209440a3674ffbbee6cfc755d67e31 - - 54de7a9fafb84e02afc76315b903ca50 54de7a9fafb84e02afc76315b903ca50] 199.204.45.129 "GET /v2.0/ports?tenant_id=a044f1fd6d524554b3ebea12b679596a&device_id=2517670d-2a33-4b96-8a53-500df37a2bf9 HTTP/1.1" status: 200 len: 1407 time: 0.0751870
2026-07-21 14:33:33.030 9 INFO neutron.wsgi [req-324afb32-7fce-4cb9-9051-dcf6a3c62d51 req-9569a3af-3980-4d4e-8bc3-0e819d1e5b9f 3a68918bc1234747809bbcab9a8c748a cf209440a3674ffbbee6cfc755d67e31 - - 54de7a9fafb84e02afc76315b903ca50 54de7a9fafb84e02afc76315b903ca50] 199.204.45.129 "GET /v2.0/floatingips?fixed_ip_address=10.100.0.6&port_id=3a52b624-e956-435f-b277-eb220c3a4373 HTTP/1.1" status: 200 len: 217 time: 0.0344748
2026-07-21 14:33:33.083 9 INFO neutron.wsgi [req-324afb32-7fce-4cb9-9051-dcf6a3c62d51 req-72170153-eec1-45fb-b88b-50e43000ed31 3a68918bc1234747809bbcab9a8c748a cf209440a3674ffbbee6cfc755d67e31 - - 54de7a9fafb84e02afc76315b903ca50 54de7a9fafb84e02afc76315b903ca50] 199.204.45.129 "GET /v2.0/subnets?id=235c5343-5527-421c-b4e5-e2e975b52752 HTTP/1.1" status: 200 len: 870 time: 0.0458272
2026-07-21 14:33:33.113 9 INFO neutron.wsgi [req-324afb32-7fce-4cb9-9051-dcf6a3c62d51 req-21a5f9fb-e988-4181-929c-cfa60735723d 3a68918bc1234747809bbcab9a8c748a cf209440a3674ffbbee6cfc755d67e31 - - 54de7a9fafb84e02afc76315b903ca50 54de7a9fafb84e02afc76315b903ca50] 199.204.45.129 "GET /v2.0/ports?network_id=72bf99f7-d984-4924-b642-be1f225389f7&device_owner=network%3Adhcp HTTP/1.1" status: 200 len: 210 time: 0.0220144
2026-07-21 14:33:33.186 9 INFO neutron.wsgi [None req-9ac5fe02-c820-429c-a9e1-4c7a87b5e7d4 aaf09a7d266440efab2f57dbd6c53e17 ff887c7d10544a709fad9c928a959a91 - - default default] 10.0.0.21 "DELETE /v2.0/subnets/80931ae8-1835-4ef2-a5b0-dbff2563c463 HTTP/1.1" status: 204 len: 168 time: 0.3810482
2026-07-21 14:33:33.188 9 INFO neutron.wsgi [req-324afb32-7fce-4cb9-9051-dcf6a3c62d51 req-534f2265-f6bf-4272-8ebd-a34826b63511 3a68918bc1234747809bbcab9a8c748a cf209440a3674ffbbee6cfc755d67e31 - - 54de7a9fafb84e02afc76315b903ca50 54de7a9fafb84e02afc76315b903ca50] 199.204.45.129 "GET /v2.0/networks/72bf99f7-d984-4924-b642-be1f225389f7?fields=segments HTTP/1.1" status: 200 len: 212 time: 0.0695584
2026-07-21 14:33:33.274 9 INFO neutron.wsgi [req-324afb32-7fce-4cb9-9051-dcf6a3c62d51 req-eaf4a7d5-7c8a-426f-9bd3-452a424bd34c 3a68918bc1234747809bbcab9a8c748a cf209440a3674ffbbee6cfc755d67e31 - - 54de7a9fafb84e02afc76315b903ca50 54de7a9fafb84e02afc76315b903ca50] 199.204.45.129 "GET /v2.0/networks/72bf99f7-d984-4924-b642-be1f225389f7?fields=provider%3Aphysical_network&fields=provider%3Anetwork_type HTTP/1.1" status: 200 len: 277 time: 0.0765233
2026-07-21 14:33:33.363 9 INFO neutron.wsgi [req-af1049b2-782c-4935-ac14-fee30bcdb95d req-a916651a-81eb-42c5-b6a5-9a53f3be3cf2 3a68918bc1234747809bbcab9a8c748a cf209440a3674ffbbee6cfc755d67e31 - - 54de7a9fafb84e02afc76315b903ca50 54de7a9fafb84e02afc76315b903ca50] 199.204.45.129 "GET /v2.0/ports?tenant_id=a044f1fd6d524554b3ebea12b679596a&device_id=2517670d-2a33-4b96-8a53-500df37a2bf9 HTTP/1.1" status: 200 len: 1407 time: 0.0533984
2026-07-21 14:33:33.474 9 INFO neutron.wsgi [req-af1049b2-782c-4935-ac14-fee30bcdb95d req-b00aa9e9-4a6c-4744-82a1-e63e92369eb3 3a68918bc1234747809bbcab9a8c748a cf209440a3674ffbbee6cfc755d67e31 - - 54de7a9fafb84e02afc76315b903ca50 54de7a9fafb84e02afc76315b903ca50] 199.204.45.129 "GET /v2.0/networks?id=72bf99f7-d984-4924-b642-be1f225389f7 HTTP/1.1" status: 200 len: 975 time: 0.0931821
2026-07-21 14:33:33.523 9 INFO neutron.wsgi [req-af1049b2-782c-4935-ac14-fee30bcdb95d req-906c37d5-8cd7-4f0a-ada1-ef787a8740a3 3a68918bc1234747809bbcab9a8c748a cf209440a3674ffbbee6cfc755d67e31 - - 54de7a9fafb84e02afc76315b903ca50 54de7a9fafb84e02afc76315b903ca50] 199.204.45.129 "GET /v2.0/floatingips?fixed_ip_address=10.100.0.6&port_id=3a52b624-e956-435f-b277-eb220c3a4373 HTTP/1.1" status: 200 len: 217 time: 0.0227261
2026-07-21 14:33:33.574 9 INFO neutron.wsgi [req-af1049b2-782c-4935-ac14-fee30bcdb95d req-d7b06ece-e5ad-4990-83f3-d2a6a286f258 3a68918bc1234747809bbcab9a8c748a cf209440a3674ffbbee6cfc755d67e31 - - 54de7a9fafb84e02afc76315b903ca50 54de7a9fafb84e02afc76315b903ca50] 199.204.45.129 "GET /v2.0/subnets?id=235c5343-5527-421c-b4e5-e2e975b52752 HTTP/1.1" status: 200 len: 870 time: 0.0401847
2026-07-21 14:33:33.605 9 INFO neutron.wsgi [req-af1049b2-782c-4935-ac14-fee30bcdb95d req-3dcf113c-58f9-4512-939c-05b0a9302e28 3a68918bc1234747809bbcab9a8c748a cf209440a3674ffbbee6cfc755d67e31 - - 54de7a9fafb84e02afc76315b903ca50 54de7a9fafb84e02afc76315b903ca50] 199.204.45.129 "GET /v2.0/ports?network_id=72bf99f7-d984-4924-b642-be1f225389f7&device_owner=network%3Adhcp HTTP/1.1" status: 200 len: 210 time: 0.0241947
2026-07-21 14:33:33.657 10 INFO neutron.db.ovn_revision_numbers_db [None req-31a4ef90-43cd-4e65-8e52-af74bd4a898e aaf09a7d266440efab2f57dbd6c53e17 ff887c7d10544a709fad9c928a959a91 - - default default] Successfully bumped revision number for resource 65c01add-83f0-48df-8d91-b4b657ba313c (type: security_groups) to 1
2026-07-21 14:33:33.680 10 INFO neutron.db.ovn_revision_numbers_db [None req-31a4ef90-43cd-4e65-8e52-af74bd4a898e aaf09a7d266440efab2f57dbd6c53e17 ff887c7d10544a709fad9c928a959a91 - - default default] Successfully bumped revision number for resource 2f7a78ce-aff7-42e1-ad3e-88ee85853591 (type: security_group_rules) to 0
