2026-07-16 08:33:01.093 7 INFO placement.requestlog [req-0df8d90f-42fe-45bf-9b2b-ad380c87f685 req-051d40b1-9548-49b3-918d-20d835cd1c42 c1e5fdfcf06845679a40cb88d2168c43 3b2f32bccf2a4ab683c50c8336bee021 - - 505f533f8b6841189dd112e809691cb2 505f533f8b6841189dd112e809691cb2] 199.19.213.181 "GET /resource_providers/fa921c9f-f97d-406a-9845-ed68dd542488/allocations" status: 200 len: 540 microversion: 1.0 [pid: 7|app: 0|req: 589/1168] 199.19.213.181 () {32 vars in 857 bytes} [Thu Jul 16 08:33:01 2026] GET /resource_providers/fa921c9f-f97d-406a-9845-ed68dd542488/allocations => generated 540 bytes in 17 msecs (HTTP/1.1 200) 6 headers in 224 bytes (1 switches on core 0)
2026-07-16 08:33:01.113 8 INFO placement.requestlog [req-0df8d90f-42fe-45bf-9b2b-ad380c87f685 req-55a8f9df-2f39-452e-bbbb-27f15b946b9a c1e5fdfcf06845679a40cb88d2168c43 3b2f32bccf2a4ab683c50c8336bee021 - - 505f533f8b6841189dd112e809691cb2 505f533f8b6841189dd112e809691cb2] 199.19.213.181 "GET /allocations/cd0ff87d-36bc-4216-bc3d-97da31f6a5f1" status: 200 len: 258 microversion: 1.28 [pid: 8|app: 0|req: 580/1169] 199.19.213.181 () {34 vars in 863 bytes} [Thu Jul 16 08:33:01 2026] GET /allocations/cd0ff87d-36bc-4216-bc3d-97da31f6a5f1 => generated 258 bytes in 14 msecs (HTTP/1.1 200) 8 headers in 296 bytes (1 switches on core 0)
2026-07-16 08:33:01.133 7 INFO placement.requestlog [req-0df8d90f-42fe-45bf-9b2b-ad380c87f685 req-f076202e-8d97-4ffa-a2b7-f7cbd9837791 c1e5fdfcf06845679a40cb88d2168c43 3b2f32bccf2a4ab683c50c8336bee021 - - 505f533f8b6841189dd112e809691cb2 505f533f8b6841189dd112e809691cb2] 199.19.213.181 "GET /allocations/f0988631-2226-4e19-9763-784a59afa770" status: 200 len: 258 microversion: 1.28 [pid: 7|app: 0|req: 590/1170] 199.19.213.181 () {34 vars in 863 bytes} [Thu Jul 16 08:33:01 2026] GET /allocations/f0988631-2226-4e19-9763-784a59afa770 => generated 258 bytes in 17 msecs (HTTP/1.1 200) 8 headers in 296 bytes (1 switches on core 0)
2026-07-16 08:33:01.152 8 INFO placement.requestlog [req-0df8d90f-42fe-45bf-9b2b-ad380c87f685 req-50447803-7d87-4443-a1cc-32d72115df64 c1e5fdfcf06845679a40cb88d2168c43 3b2f32bccf2a4ab683c50c8336bee021 - - 505f533f8b6841189dd112e809691cb2 505f533f8b6841189dd112e809691cb2] 199.19.213.181 "GET /allocations/e7815c04-9289-444d-b180-45742fadd995" status: 200 len: 258 microversion: 1.28 [pid: 8|app: 0|req: 581/1171] 199.19.213.181 () {34 vars in 863 bytes} [Thu Jul 16 08:33:01 2026] GET /allocations/e7815c04-9289-444d-b180-45742fadd995 => generated 258 bytes in 14 msecs (HTTP/1.1 200) 8 headers in 296 bytes (1 switches on core 0)
2026-07-16 08:33:01.172 7 INFO placement.requestlog [req-0df8d90f-42fe-45bf-9b2b-ad380c87f685 req-787de367-1b3a-48d2-8628-beececfdb8df c1e5fdfcf06845679a40cb88d2168c43 3b2f32bccf2a4ab683c50c8336bee021 - - 505f533f8b6841189dd112e809691cb2 505f533f8b6841189dd112e809691cb2] 199.19.213.181 "GET /allocations/788b4198-e839-4a92-b983-fe63dbaf2f17" status: 200 len: 245 microversion: 1.28 [pid: 7|app: 0|req: 591/1172] 199.19.213.181 () {34 vars in 863 bytes} [Thu Jul 16 08:33:01 2026] GET /allocations/788b4198-e839-4a92-b983-fe63dbaf2f17 => generated 245 bytes in 12 msecs (HTTP/1.1 200) 8 headers in 296 bytes (1 switches on core 0)
2026-07-16 08:33:01.188 8 INFO placement.requestlog [req-0df8d90f-42fe-45bf-9b2b-ad380c87f685 req-c635e425-b665-4306-8df0-0ecad747193d c1e5fdfcf06845679a40cb88d2168c43 3b2f32bccf2a4ab683c50c8336bee021 - - 505f533f8b6841189dd112e809691cb2 505f533f8b6841189dd112e809691cb2] 199.19.213.181 "GET /allocations/e86ae522-4512-4175-ba00-51c46f14b383" status: 200 len: 258 microversion: 1.28 [pid: 8|app: 0|req: 582/1173] 199.19.213.181 () {34 vars in 863 bytes} [Thu Jul 16 08:33:01 2026] GET /allocations/e86ae522-4512-4175-ba00-51c46f14b383 => generated 258 bytes in 9 msecs (HTTP/1.1 200) 8 headers in 296 bytes (1 switches on core 0)
2026-07-16 08:33:02.230 7 INFO placement.requestlog [req-0df8d90f-42fe-45bf-9b2b-ad380c87f685 req-487aafff-16db-40df-93d7-838774bbe290 c1e5fdfcf06845679a40cb88d2168c43 3b2f32bccf2a4ab683c50c8336bee021 - - 505f533f8b6841189dd112e809691cb2 505f533f8b6841189dd112e809691cb2] 199.19.213.181 "DELETE /allocations/e86ae522-4512-4175-ba00-51c46f14b383" status: 204 len: 0 microversion: 1.0 [pid: 7|app: 0|req: 592/1174] 199.19.213.181 () {34 vars in 841 bytes} [Thu Jul 16 08:33:02 2026] DELETE /allocations/e86ae522-4512-4175-ba00-51c46f14b383 => generated 0 bytes in 19 msecs (HTTP/1.1 204) 5 headers in 198 bytes (1 switches on core 0)
2026-07-16 08:33:08.287 8 INFO placement.requestlog [req-7fdc83f2-8e98-4ee9-bccf-551fd4e20b5c req-3c45a2db-34e4-4db4-826e-bc49b74f9914 c1e5fdfcf06845679a40cb88d2168c43 3b2f32bccf2a4ab683c50c8336bee021 - - 505f533f8b6841189dd112e809691cb2 505f533f8b6841189dd112e809691cb2] 199.19.213.181 "GET /resource_providers/fa921c9f-f97d-406a-9845-ed68dd542488/allocations" status: 200 len: 440 microversion: 1.0 [pid: 8|app: 0|req: 583/1175] 199.19.213.181 () {32 vars in 857 bytes} [Thu Jul 16 08:33:08 2026] GET /resource_providers/fa921c9f-f97d-406a-9845-ed68dd542488/allocations => generated 440 bytes in 14 msecs (HTTP/1.1 200) 6 headers in 224 bytes (1 switches on core 0)
2026-07-16 08:33:08.301 7 INFO placement.requestlog [req-7fdc83f2-8e98-4ee9-bccf-551fd4e20b5c req-bfef3b1d-732d-4229-a557-be013d6398cb c1e5fdfcf06845679a40cb88d2168c43 3b2f32bccf2a4ab683c50c8336bee021 - - 505f533f8b6841189dd112e809691cb2 505f533f8b6841189dd112e809691cb2] 199.19.213.181 "GET /allocations/cd0ff87d-36bc-4216-bc3d-97da31f6a5f1" status: 200 len: 258 microversion: 1.28 [pid: 7|app: 0|req: 593/1176] 199.19.213.181 () {34 vars in 863 bytes} [Thu Jul 16 08:33:08 2026] GET /allocations/cd0ff87d-36bc-4216-bc3d-97da31f6a5f1 => generated 258 bytes in 9 msecs (HTTP/1.1 200) 8 headers in 296 bytes (1 switches on core 0)
2026-07-16 08:33:08.317 8 INFO placement.requestlog [req-7fdc83f2-8e98-4ee9-bccf-551fd4e20b5c req-c2e4fe9d-785c-4e9d-82da-6efbe5ba4c77 c1e5fdfcf06845679a40cb88d2168c43 3b2f32bccf2a4ab683c50c8336bee021 - - 505f533f8b6841189dd112e809691cb2 505f533f8b6841189dd112e809691cb2] 199.19.213.181 "GET /allocations/f0988631-2226-4e19-9763-784a59afa770" status: 200 len: 258 microversion: 1.28 [pid: 8|app: 0|req: 584/1177] 199.19.213.181 () {34 vars in 863 bytes} [Thu Jul 16 08:33:08 2026] GET /allocations/f0988631-2226-4e19-9763-784a59afa770 => generated 258 bytes in 12 msecs (HTTP/1.1 200) 8 headers in 296 bytes (1 switches on core 0)
2026-07-16 08:33:08.337 7 INFO placement.requestlog [req-7fdc83f2-8e98-4ee9-bccf-551fd4e20b5c req-c043735a-741c-4e4c-9669-08201bab5b2b c1e5fdfcf06845679a40cb88d2168c43 3b2f32bccf2a4ab683c50c8336bee021 - - 505f533f8b6841189dd112e809691cb2 505f533f8b6841189dd112e809691cb2] 199.19.213.181 "GET /allocations/e7815c04-9289-444d-b180-45742fadd995" status: 200 len: 258 microversion: 1.28 [pid: 7|app: 0|req: 594/1178] 199.19.213.181 () {34 vars in 863 bytes} [Thu Jul 16 08:33:08 2026] GET /allocations/e7815c04-9289-444d-b180-45742fadd995 => generated 258 bytes in 13 msecs (HTTP/1.1 200) 8 headers in 296 bytes (1 switches on core 0)
2026-07-16 08:33:08.354 8 INFO placement.requestlog [req-7fdc83f2-8e98-4ee9-bccf-551fd4e20b5c req-adbd9e78-e95a-4aa7-af3a-3e620aa20d8f c1e5fdfcf06845679a40cb88d2168c43 3b2f32bccf2a4ab683c50c8336bee021 - - 505f533f8b6841189dd112e809691cb2 505f533f8b6841189dd112e809691cb2] 199.19.213.181 "GET /allocations/788b4198-e839-4a92-b983-fe63dbaf2f17" status: 200 len: 245 microversion: 1.28 [pid: 8|app: 0|req: 585/1179] 199.19.213.181 () {34 vars in 863 bytes} [Thu Jul 16 08:33:08 2026] GET /allocations/788b4198-e839-4a92-b983-fe63dbaf2f17 => generated 245 bytes in 12 msecs (HTTP/1.1 200) 8 headers in 296 bytes (1 switches on core 0)
2026-07-16 08:33:09.411 7 INFO placement.requestlog [req-7fdc83f2-8e98-4ee9-bccf-551fd4e20b5c req-19f42307-9f60-4ae6-8264-c203afb164b0 c1e5fdfcf06845679a40cb88d2168c43 3b2f32bccf2a4ab683c50c8336bee021 - - 505f533f8b6841189dd112e809691cb2 505f533f8b6841189dd112e809691cb2] 199.19.213.181 "DELETE /allocations/cd0ff87d-36bc-4216-bc3d-97da31f6a5f1" status: 204 len: 0 microversion: 1.0 [pid: 7|app: 0|req: 595/1180] 199.19.213.181 () {34 vars in 841 bytes} [Thu Jul 16 08:33:09 2026] DELETE /allocations/cd0ff87d-36bc-4216-bc3d-97da31f6a5f1 => generated 0 bytes in 31 msecs (HTTP/1.1 204) 5 headers in 198 bytes (1 switches on core 0)
2026-07-16 08:33:09.508 8 INFO placement.requestlog [None req-d945ca6a-d041-4c6b-b066-76a7483f5567 - - - - - -] 10.0.0.122 "GET /" status: 200 len: 136 microversion: 1.0
2026-07-16 08:33:09.508 7 INFO placement.requestlog [None req-f944c1c7-d5ad-4d56-9f89-e949c781d185 - - - - - -] 10.0.0.122 "GET /" status: 200 len: 136 microversion: 1.0
2026-07-16 08:33:12.629 8 INFO placement.requestlog [req-fcae28fd-775a-4f3d-a313-964e9c73c4e2 req-9c1b2d5a-aa41-4c41-a2d9-7d17316416b9 c1e5fdfcf06845679a40cb88d2168c43 3b2f32bccf2a4ab683c50c8336bee021 - - 505f533f8b6841189dd112e809691cb2 505f533f8b6841189dd112e809691cb2] 199.19.213.181 "GET /resource_providers/fa921c9f-f97d-406a-9845-ed68dd542488/allocations" status: 200 len: 340 microversion: 1.0 [pid: 8|app: 0|req: 587/1183] 199.19.213.181 () {32 vars in 857 bytes} [Thu Jul 16 08:33:12 2026] GET /resource_providers/fa921c9f-f97d-406a-9845-ed68dd542488/allocations => generated 340 bytes in 28 msecs (HTTP/1.1 200) 6 headers in 224 bytes (1 switches on core 0)
2026-07-16 08:33:12.657 7 INFO placement.requestlog [req-fcae28fd-775a-4f3d-a313-964e9c73c4e2 req-fe2bce14-d67b-463d-88ce-3ffd8a56f694 c1e5fdfcf06845679a40cb88d2168c43 3b2f32bccf2a4ab683c50c8336bee021 - - 505f533f8b6841189dd112e809691cb2 505f533f8b6841189dd112e809691cb2] 199.19.213.181 "GET /resource_providers/fa921c9f-f97d-406a-9845-ed68dd542488/allocations" status: 200 len: 340 microversion: 1.0 [pid: 7|app: 0|req: 597/1184] 199.19.213.181 () {32 vars in 857 bytes} [Thu Jul 16 08:33:12 2026] GET /resource_providers/fa921c9f-f97d-406a-9845-ed68dd542488/allocations => generated 340 bytes in 18 msecs (HTTP/1.1 200) 6 headers in 224 bytes (1 switches on core 0)
2026-07-16 08:33:12.678 8 INFO placement.requestlog [req-fcae28fd-775a-4f3d-a313-964e9c73c4e2 req-1bc54720-1a56-496b-af90-1ca5db2cfd84 c1e5fdfcf06845679a40cb88d2168c43 3b2f32bccf2a4ab683c50c8336bee021 - - 505f533f8b6841189dd112e809691cb2 505f533f8b6841189dd112e809691cb2] 199.19.213.181 "GET /allocations/f0988631-2226-4e19-9763-784a59afa770" status: 200 len: 258 microversion: 1.28 [pid: 8|app: 0|req: 588/1185] 199.19.213.181 () {34 vars in 863 bytes} [Thu Jul 16 08:33:12 2026] GET /allocations/f0988631-2226-4e19-9763-784a59afa770 => generated 258 bytes in 18 msecs (HTTP/1.1 200) 8 headers in 296 bytes (1 switches on core 0)
2026-07-16 08:33:12.701 7 INFO placement.requestlog [req-fcae28fd-775a-4f3d-a313-964e9c73c4e2 req-8bd7a11c-31ae-466d-b6aa-9cc99a88dc86 c1e5fdfcf06845679a40cb88d2168c43 3b2f32bccf2a4ab683c50c8336bee021 - - 505f533f8b6841189dd112e809691cb2 505f533f8b6841189dd112e809691cb2] 199.19.213.181 "GET /allocations/e7815c04-9289-444d-b180-45742fadd995" status: 200 len: 258 microversion: 1.28 [pid: 7|app: 0|req: 598/1186] 199.19.213.181 () {34 vars in 863 bytes} [Thu Jul 16 08:33:12 2026] GET /allocations/e7815c04-9289-444d-b180-45742fadd995 => generated 258 bytes in 16 msecs (HTTP/1.1 200) 8 headers in 296 bytes (1 switches on core 0)
2026-07-16 08:33:12.740 8 INFO placement.requestlog [req-fcae28fd-775a-4f3d-a313-964e9c73c4e2 req-45f25a96-8111-44d0-9664-521ac521efed c1e5fdfcf06845679a40cb88d2168c43 3b2f32bccf2a4ab683c50c8336bee021 - - 505f533f8b6841189dd112e809691cb2 505f533f8b6841189dd112e809691cb2] 199.19.213.181 "GET /allocations/788b4198-e839-4a92-b983-fe63dbaf2f17" status: 200 len: 245 microversion: 1.28 [pid: 8|app: 0|req: 589/1187] 199.19.213.181 () {34 vars in 863 bytes} [Thu Jul 16 08:33:12 2026] GET /allocations/788b4198-e839-4a92-b983-fe63dbaf2f17 => generated 245 bytes in 33 msecs (HTTP/1.1 200) 8 headers in 296 bytes (1 switches on core 0)
2026-07-16 08:33:13.977 7 INFO placement.requestlog [None req-5e4d7f61-4e70-4be5-8d5c-ccdaac75dfe7 71898a767d0345f2a63d446949dc5597 3b2f32bccf2a4ab683c50c8336bee021 - - 505f533f8b6841189dd112e809691cb2 505f533f8b6841189dd112e809691cb2] 10.0.0.72 "GET /resource_providers/2b37cdf2-7c68-4e12-884c-00669fbb4b5d/aggregates" status: 404 len: 235 microversion: 1.1 [pid: 7|app: 0|req: 599/1188] 10.0.0.72 () {32 vars in 815 bytes} [Thu Jul 16 08:33:13 2026] GET /resource_providers/2b37cdf2-7c68-4e12-884c-00669fbb4b5d/aggregates => generated 235 bytes in 13 msecs (HTTP/1.1 404) 5 headers in 202 bytes (1 switches on core 0)
2026-07-16 08:33:13.978 8 INFO placement.requestlog [None req-c04b7f3a-f4d0-4336-9abb-6510732e8bdd 71898a767d0345f2a63d446949dc5597 3b2f32bccf2a4ab683c50c8336bee021 - - 505f533f8b6841189dd112e809691cb2 505f533f8b6841189dd112e809691cb2] 10.0.0.72 "GET /resource_providers/2b37cdf2-7c68-4e12-884c-00669fbb4b5d/aggregates" status: 404 len: 235 microversion: 1.1 [pid: 8|app: 0|req: 590/1189] 10.0.0.72 () {32 vars in 815 bytes} [Thu Jul 16 08:33:13 2026] GET /resource_providers/2b37cdf2-7c68-4e12-884c-00669fbb4b5d/aggregates => generated 235 bytes in 10 msecs (HTTP/1.1 404) 5 headers in 202 bytes (1 switches on core 0)
2026-07-16 08:33:13.996 7 INFO placement.requestlog [None req-84213982-b196-4d02-8f01-fd79078e255b 71898a767d0345f2a63d446949dc5597 3b2f32bccf2a4ab683c50c8336bee021 - - 505f533f8b6841189dd112e809691cb2 505f533f8b6841189dd112e809691cb2] 10.0.0.72 "DELETE /resource_providers/2b37cdf2-7c68-4e12-884c-00669fbb4b5d" status: 404 len: 246 microversion: 1.1 [pid: 7|app: 0|req: 600/1190] 10.0.0.72 () {34 vars in 815 bytes} [Thu Jul 16 08:33:13 2026] DELETE /resource_providers/2b37cdf2-7c68-4e12-884c-00669fbb4b5d => generated 246 bytes in 10 msecs (HTTP/1.1 404) 6 headers in 231 bytes (1 switches on core 0)
2026-07-16 08:33:14.008 8 INFO placement.requestlog [None req-9243bcfd-9421-4051-9d39-b1e2f21fdf8a 71898a767d0345f2a63d446949dc5597 3b2f32bccf2a4ab683c50c8336bee021 - - 505f533f8b6841189dd112e809691cb2 505f533f8b6841189dd112e809691cb2] 10.0.0.72 "DELETE /resource_providers/2b37cdf2-7c68-4e12-884c-00669fbb4b5d" status: 404 len: 246 microversion: 1.1 [pid: 8|app: 0|req: 591/1191] 10.0.0.72 () {34 vars in 815 bytes} [Thu Jul 16 08:33:13 2026] DELETE /resource_providers/2b37cdf2-7c68-4e12-884c-00669fbb4b5d => generated 246 bytes in 15 msecs (HTTP/1.1 404) 6 headers in 231 bytes (1 switches on core 0)
2026-07-16 08:33:19.508 7 INFO placement.requestlog [None req-a17979b5-1b54-41f1-a288-33d4e0300371 - - - - - -] 10.0.0.122 "GET /" status: 200 len: 136 microversion: 1.0
2026-07-16 08:33:19.509 8 INFO placement.requestlog [None req-3452a2a0-b912-4cff-9a9e-ed4c052acb48 - - - - - -] 10.0.0.122 "GET /" status: 200 len: 136 microversion: 1.0
2026-07-16 08:33:23.238 7 INFO placement.requestlog [None req-553eb4e1-1fc9-48c6-9b16-a6ca11ad70ba 71898a767d0345f2a63d446949dc5597 3b2f32bccf2a4ab683c50c8336bee021 - - 505f533f8b6841189dd112e809691cb2 505f533f8b6841189dd112e809691cb2] 10.0.0.72 "GET /resource_providers/25b469e0-8ed2-47d2-980c-e988fd46ec44/aggregates" status: 404 len: 235 microversion: 1.1 [pid: 7|app: 0|req: 602/1194] 10.0.0.72 () {32 vars in 815 bytes} [Thu Jul 16 08:33:23 2026] GET /resource_providers/25b469e0-8ed2-47d2-980c-e988fd46ec44/aggregates => generated 235 bytes in 10 msecs (HTTP/1.1 404) 5 headers in 202 bytes (1 switches on core 0)
2026-07-16 08:33:23.245 8 INFO placement.requestlog [None req-a9ab33af-5249-4b9a-9126-37b8abe21dcc 71898a767d0345f2a63d446949dc5597 3b2f32bccf2a4ab683c50c8336bee021 - - 505f533f8b6841189dd112e809691cb2 505f533f8b6841189dd112e809691cb2] 10.0.0.72 "GET /resource_providers/25b469e0-8ed2-47d2-980c-e988fd46ec44/aggregates" status: 404 len: 235 microversion: 1.1 [pid: 8|app: 0|req: 593/1195] 10.0.0.72 () {32 vars in 815 bytes} [Thu Jul 16 08:33:23 2026] GET /resource_providers/25b469e0-8ed2-47d2-980c-e988fd46ec44/aggregates => generated 235 bytes in 15 msecs (HTTP/1.1 404) 5 headers in 202 bytes (1 switches on core 0)
2026-07-16 08:33:23.263 8 INFO placement.requestlog [None req-bb181286-b2c4-40a0-86f1-f7dae369daa8 71898a767d0345f2a63d446949dc5597 3b2f32bccf2a4ab683c50c8336bee021 - - 505f533f8b6841189dd112e809691cb2 505f533f8b6841189dd112e809691cb2] 10.0.0.72 "DELETE /resource_providers/25b469e0-8ed2-47d2-980c-e988fd46ec44" status: 404 len: 246 microversion: 1.1 [pid: 8|app: 0|req: 594/1196] 10.0.0.72 () {34 vars in 815 bytes} [Thu Jul 16 08:33:23 2026] DELETE /resource_providers/25b469e0-8ed2-47d2-980c-e988fd46ec44 => generated 246 bytes in 8 msecs (HTTP/1.1 404) 6 headers in 231 bytes (1 switches on core 0)
2026-07-16 08:33:23.264 7 INFO placement.requestlog [None req-23c65038-eefe-4055-8490-f0bfd0811403 71898a767d0345f2a63d446949dc5597 3b2f32bccf2a4ab683c50c8336bee021 - - 505f533f8b6841189dd112e809691cb2 505f533f8b6841189dd112e809691cb2] 10.0.0.72 "DELETE /resource_providers/25b469e0-8ed2-47d2-980c-e988fd46ec44" status: 404 len: 246 microversion: 1.1 [pid: 7|app: 0|req: 603/1197] 10.0.0.72 () {34 vars in 815 bytes} [Thu Jul 16 08:33:23 2026] DELETE /resource_providers/25b469e0-8ed2-47d2-980c-e988fd46ec44 => generated 246 bytes in 10 msecs (HTTP/1.1 404) 6 headers in 231 bytes (1 switches on core 0)
2026-07-16 08:33:25.285 8 INFO placement.requestlog [None req-fdd2d2d3-2378-4f51-9452-37913ba4d512 71898a767d0345f2a63d446949dc5597 3b2f32bccf2a4ab683c50c8336bee021 - - 505f533f8b6841189dd112e809691cb2 505f533f8b6841189dd112e809691cb2] 10.0.0.72 "GET /resource_providers/a7aa2150-6877-41ed-a2fa-0d7d8dc6a452/aggregates" status: 404 len: 235 microversion: 1.1 [pid: 8|app: 0|req: 595/1198] 10.0.0.72 () {32 vars in 815 bytes} [Thu Jul 16 08:33:25 2026] GET /resource_providers/a7aa2150-6877-41ed-a2fa-0d7d8dc6a452/aggregates => generated 235 bytes in 11 msecs (HTTP/1.1 404) 5 headers in 202 bytes (1 switches on core 0)
2026-07-16 08:33:25.288 7 INFO placement.requestlog [None req-1f0538b7-8c31-428b-9626-ad420690b3f5 71898a767d0345f2a63d446949dc5597 3b2f32bccf2a4ab683c50c8336bee021 - - 505f533f8b6841189dd112e809691cb2 505f533f8b6841189dd112e809691cb2] 10.0.0.72 "GET /resource_providers/a7aa2150-6877-41ed-a2fa-0d7d8dc6a452/aggregates" status: 404 len: 235 microversion: 1.1 [pid: 7|app: 0|req: 604/1199] 10.0.0.72 () {32 vars in 815 bytes} [Thu Jul 16 08:33:25 2026] GET /resource_providers/a7aa2150-6877-41ed-a2fa-0d7d8dc6a452/aggregates => generated 235 bytes in 11 msecs (HTTP/1.1 404) 5 headers in 202 bytes (1 switches on core 0)
2026-07-16 08:33:25.300 8 INFO placement.requestlog [None req-a9d563d4-8c22-4d80-82df-5f9b7d2f1766 71898a767d0345f2a63d446949dc5597 3b2f32bccf2a4ab683c50c8336bee021 - - 505f533f8b6841189dd112e809691cb2 505f533f8b6841189dd112e809691cb2] 10.0.0.72 "DELETE /resource_providers/a7aa2150-6877-41ed-a2fa-0d7d8dc6a452" status: 404 len: 246 microversion: 1.1 [pid: 8|app: 0|req: 596/1200] 10.0.0.72 () {34 vars in 815 bytes} [Thu Jul 16 08:33:25 2026] DELETE /resource_providers/a7aa2150-6877-41ed-a2fa-0d7d8dc6a452 => generated 246 bytes in 8 msecs (HTTP/1.1 404) 6 headers in 231 bytes (1 switches on core 0)
2026-07-16 08:33:25.305 7 INFO placement.requestlog [None req-5c1e1fbd-fa2e-40d3-8cbd-e1a9667a335b 71898a767d0345f2a63d446949dc5597 3b2f32bccf2a4ab683c50c8336bee021 - - 505f533f8b6841189dd112e809691cb2 505f533f8b6841189dd112e809691cb2] 10.0.0.72 "DELETE /resource_providers/a7aa2150-6877-41ed-a2fa-0d7d8dc6a452" status: 404 len: 246 microversion: 1.1 [pid: 7|app: 0|req: 605/1201] 10.0.0.72 () {34 vars in 815 bytes} [Thu Jul 16 08:33:25 2026] DELETE /resource_providers/a7aa2150-6877-41ed-a2fa-0d7d8dc6a452 => generated 246 bytes in 10 msecs (HTTP/1.1 404) 6 headers in 231 bytes (1 switches on core 0)
2026-07-16 08:33:28.527 8 INFO placement.requestlog [None req-9248bd0a-9939-4380-a3b7-4adde7ed2975 71898a767d0345f2a63d446949dc5597 3b2f32bccf2a4ab683c50c8336bee021 - - 505f533f8b6841189dd112e809691cb2 505f533f8b6841189dd112e809691cb2] 10.0.0.72 "GET /resource_providers/f1776ed3-f5c8-4e76-bcf6-07bef9c1dd16/aggregates" status: 404 len: 235 microversion: 1.1 [pid: 8|app: 0|req: 597/1202] 10.0.0.72 () {32 vars in 815 bytes} [Thu Jul 16 08:33:28 2026] GET /resource_providers/f1776ed3-f5c8-4e76-bcf6-07bef9c1dd16/aggregates => generated 235 bytes in 10 msecs (HTTP/1.1 404) 5 headers in 202 bytes (1 switches on core 0)
2026-07-16 08:33:28.531 7 INFO placement.requestlog [None req-338c5a75-17f3-4115-ba9b-1de40ba60d4e 71898a767d0345f2a63d446949dc5597 3b2f32bccf2a4ab683c50c8336bee021 - - 505f533f8b6841189dd112e809691cb2 505f533f8b6841189dd112e809691cb2] 10.0.0.72 "GET /resource_providers/f1776ed3-f5c8-4e76-bcf6-07bef9c1dd16/aggregates" status: 404 len: 235 microversion: 1.1 [pid: 7|app: 0|req: 606/1203] 10.0.0.72 () {32 vars in 815 bytes} [Thu Jul 16 08:33:28 2026] GET /resource_providers/f1776ed3-f5c8-4e76-bcf6-07bef9c1dd16/aggregates => generated 235 bytes in 11 msecs (HTTP/1.1 404) 5 headers in 202 bytes (1 switches on core 0)
2026-07-16 08:33:28.557 7 INFO placement.requestlog [None req-4d876100-6a03-4cac-9356-6a4105c92a46 71898a767d0345f2a63d446949dc5597 3b2f32bccf2a4ab683c50c8336bee021 - - 505f533f8b6841189dd112e809691cb2 505f533f8b6841189dd112e809691cb2] 10.0.0.72 "DELETE /resource_providers/f1776ed3-f5c8-4e76-bcf6-07bef9c1dd16" status: 404 len: 246 microversion: 1.1 [pid: 7|app: 0|req: 607/1204] 10.0.0.72 () {34 vars in 815 bytes} [Thu Jul 16 08:33:28 2026] DELETE /resource_providers/f1776ed3-f5c8-4e76-bcf6-07bef9c1dd16 => generated 246 bytes in 10 msecs (HTTP/1.1 404) 6 headers in 231 bytes (1 switches on core 0)
2026-07-16 08:33:28.558 8 INFO placement.requestlog [None req-70867342-d9a3-4ae0-ac43-4e7c24714785 71898a767d0345f2a63d446949dc5597 3b2f32bccf2a4ab683c50c8336bee021 - - 505f533f8b6841189dd112e809691cb2 505f533f8b6841189dd112e809691cb2] 10.0.0.72 "DELETE /resource_providers/f1776ed3-f5c8-4e76-bcf6-07bef9c1dd16" status: 404 len: 246 microversion: 1.1 [pid: 8|app: 0|req: 598/1205] 10.0.0.72 () {34 vars in 815 bytes} [Thu Jul 16 08:33:28 2026] DELETE /resource_providers/f1776ed3-f5c8-4e76-bcf6-07bef9c1dd16 => generated 246 bytes in 22 msecs (HTTP/1.1 404) 6 headers in 231 bytes (1 switches on core 0)
2026-07-16 08:33:29.508 7 INFO placement.requestlog [None req-9dbf0ef8-a8c9-4230-a696-366adf6193fa - - - - - -] 10.0.0.122 "GET /" status: 200 len: 136 microversion: 1.0
2026-07-16 08:33:29.509 8 INFO placement.requestlog [None req-8bd8f01f-80ad-4068-a577-a0ded2fad9d7 - - - - - -] 10.0.0.122 "GET /" status: 200 len: 136 microversion: 1.0
2026-07-16 08:33:39.508 7 INFO placement.requestlog [None req-c6588fbb-a043-4449-a319-2132e02d6439 - - - - - -] 10.0.0.122 "GET /" status: 200 len: 136 microversion: 1.0
2026-07-16 08:33:39.508 8 INFO placement.requestlog [None req-37e1ba65-513b-49ff-8cd8-4181a0b1c0ed - - - - - -] 10.0.0.122 "GET /" status: 200 len: 136 microversion: 1.0
2026-07-16 08:33:48.053 7 INFO placement.requestlog [None req-62113683-c953-473f-8874-423ce62e3a6c 71898a767d0345f2a63d446949dc5597 3b2f32bccf2a4ab683c50c8336bee021 - - 505f533f8b6841189dd112e809691cb2 505f533f8b6841189dd112e809691cb2] 10.0.0.72 "GET /resource_providers/cfa79c59-b81b-45a4-a9cc-1ce51cb41bd2/aggregates" status: 404 len: 235 microversion: 1.1 [pid: 7|app: 0|req: 610/1210] 10.0.0.72 () {32 vars in 815 bytes} [Thu Jul 16 08:33:48 2026] GET /resource_providers/cfa79c59-b81b-45a4-a9cc-1ce51cb41bd2/aggregates => generated 235 bytes in 10 msecs (HTTP/1.1 404) 5 headers in 202 bytes (1 switches on core 0)
2026-07-16 08:33:48.056 8 INFO placement.requestlog [None req-26480b24-9cf2-45aa-87a2-e03bfe8ab4c8 71898a767d0345f2a63d446949dc5597 3b2f32bccf2a4ab683c50c8336bee021 - - 505f533f8b6841189dd112e809691cb2 505f533f8b6841189dd112e809691cb2] 10.0.0.72 "GET /resource_providers/cfa79c59-b81b-45a4-a9cc-1ce51cb41bd2/aggregates" status: 404 len: 235 microversion: 1.1 [pid: 8|app: 0|req: 601/1211] 10.0.0.72 () {32 vars in 815 bytes} [Thu Jul 16 08:33:48 2026] GET /resource_providers/cfa79c59-b81b-45a4-a9cc-1ce51cb41bd2/aggregates => generated 235 bytes in 14 msecs (HTTP/1.1 404) 5 headers in 202 bytes (1 switches on core 0)
2026-07-16 08:33:48.080 7 INFO placement.requestlog [None req-f782c379-d8f5-468e-a6b6-2a9dc1e21749 71898a767d0345f2a63d446949dc5597 3b2f32bccf2a4ab683c50c8336bee021 - - 505f533f8b6841189dd112e809691cb2 505f533f8b6841189dd112e809691cb2] 10.0.0.72 "DELETE /resource_providers/cfa79c59-b81b-45a4-a9cc-1ce51cb41bd2" status: 404 len: 246 microversion: 1.1
2026-07-16 08:33:48.080 8 INFO placement.requestlog [None req-26247f24-7626-497b-ae6e-5c637a4ebe90 71898a767d0345f2a63d446949dc5597 3b2f32bccf2a4ab683c50c8336bee021 - - 505f533f8b6841189dd112e809691cb2 505f533f8b6841189dd112e809691cb2] 10.0.0.72 "DELETE /resource_providers/cfa79c59-b81b-45a4-a9cc-1ce51cb41bd2" status: 404 len: 246 microversion: 1.1 [pid: 7|app: 0|req: 611/1212] 10.0.0.72 () {34 vars in 815 bytes} [Thu Jul 16 08:33:48 2026] DELETE /resource_providers/cfa79c59-b81b-45a4-a9cc-1ce51cb41bd2 => generated 246 bytes in 13 msecs (HTTP/1.1 404) 6 headers in 231 bytes (1 switches on core 0) [pid: 8|app: 0|req: 602/1213] 10.0.0.72 () {34 vars in 815 bytes} [Thu Jul 16 08:33:48 2026] DELETE /resource_providers/cfa79c59-b81b-45a4-a9cc-1ce51cb41bd2 => generated 246 bytes in 9 msecs (HTTP/1.1 404) 6 headers in 231 bytes (1 switches on core 0)
2026-07-16 08:33:49.508 7 INFO placement.requestlog [None req-f24b0980-570e-45c5-b69e-2746b6f1e9dd - - - - - -] 10.0.0.122 "GET /" status: 200 len: 136 microversion: 1.0
2026-07-16 08:33:49.508 8 INFO placement.requestlog [None req-ab56f445-3201-4022-8cee-72515775c46e - - - - - -] 10.0.0.122 "GET /" status: 200 len: 136 microversion: 1.0
2026-07-16 08:33:57.584 8 INFO placement.requestlog [None req-f5579b0c-eb7a-4942-b967-5d200c3fe7be 71898a767d0345f2a63d446949dc5597 3b2f32bccf2a4ab683c50c8336bee021 - - 505f533f8b6841189dd112e809691cb2 505f533f8b6841189dd112e809691cb2] 10.0.0.72 "GET /resource_providers/ee84f342-9913-409c-8397-d59567b90688/aggregates" status: 404 len: 235 microversion: 1.1 [pid: 8|app: 0|req: 604/1216] 10.0.0.72 () {32 vars in 815 bytes} [Thu Jul 16 08:33:57 2026] GET /resource_providers/ee84f342-9913-409c-8397-d59567b90688/aggregates => generated 235 bytes in 106 msecs (HTTP/1.1 404) 5 headers in 202 bytes (1 switches on core 0)
2026-07-16 08:33:57.588 7 INFO placement.requestlog [None req-490074ee-dd6d-4282-84ea-2139381a2e76 71898a767d0345f2a63d446949dc5597 3b2f32bccf2a4ab683c50c8336bee021 - - 505f533f8b6841189dd112e809691cb2 505f533f8b6841189dd112e809691cb2] 10.0.0.72 "GET /resource_providers/ee84f342-9913-409c-8397-d59567b90688/aggregates" status: 404 len: 235 microversion: 1.1 [pid: 7|app: 0|req: 613/1217] 10.0.0.72 () {32 vars in 815 bytes} [Thu Jul 16 08:33:57 2026] GET /resource_providers/ee84f342-9913-409c-8397-d59567b90688/aggregates => generated 235 bytes in 115 msecs (HTTP/1.1 404) 5 headers in 202 bytes (1 switches on core 0)
2026-07-16 08:33:57.613 7 INFO placement.requestlog [None req-03677b2d-5f0b-4166-8ea5-d5f99327eeb6 71898a767d0345f2a63d446949dc5597 3b2f32bccf2a4ab683c50c8336bee021 - - 505f533f8b6841189dd112e809691cb2 505f533f8b6841189dd112e809691cb2] 10.0.0.72 "DELETE /resource_providers/ee84f342-9913-409c-8397-d59567b90688" status: 404 len: 246 microversion: 1.1
2026-07-16 08:33:57.613 8 INFO placement.requestlog [None req-d505dd4d-d498-4d57-a0fa-4976667728e9 71898a767d0345f2a63d446949dc5597 3b2f32bccf2a4ab683c50c8336bee021 - - 505f533f8b6841189dd112e809691cb2 505f533f8b6841189dd112e809691cb2] 10.0.0.72 "DELETE /resource_providers/ee84f342-9913-409c-8397-d59567b90688" status: 404 len: 246 microversion: 1.1 [pid: 8|app: 0|req: 605/1218] 10.0.0.72 () {34 vars in 815 bytes} [Thu Jul 16 08:33:57 2026] DELETE /resource_providers/ee84f342-9913-409c-8397-d59567b90688 => generated 246 bytes in 12 msecs (HTTP/1.1 404) 6 headers in 231 bytes (1 switches on core 0) [pid: 7|app: 0|req: 614/1219] 10.0.0.72 () {34 vars in 815 bytes} [Thu Jul 16 08:33:57 2026] DELETE /resource_providers/ee84f342-9913-409c-8397-d59567b90688 => generated 246 bytes in 11 msecs (HTTP/1.1 404) 6 headers in 231 bytes (1 switches on core 0)
2026-07-16 08:33:59.527 8 INFO placement.requestlog [None req-8815e61a-b8c8-43b7-a83b-ded35419e625 - - - - - -] 10.0.0.122 "GET /" status: 200 len: 136 microversion: 1.0
2026-07-16 08:33:59.528 7 INFO placement.requestlog [None req-65a35b65-202f-4b9e-9fc5-352c4b57b1ef - - - - - -] 10.0.0.122 "GET /" status: 200 len: 136 microversion: 1.0
2026-07-16 08:34:09.509 8 INFO placement.requestlog [None req-1bb72a0b-060a-4542-9300-1a1f7584ea52 - - - - - -] 10.0.0.122 "GET /" status: 200 len: 136 microversion: 1.0
2026-07-16 08:34:09.509 7 INFO placement.requestlog [None req-01eced96-555e-4303-8c7a-4b0a75aac44e - - - - - -] 10.0.0.122 "GET /" status: 200 len: 136 microversion: 1.0
2026-07-16 08:34:13.801 8 INFO placement.requestlog [req-a6ed275b-d042-4302-a628-4f212db8b619 req-c5134ab4-ede8-4f56-a914-aa0e1865ad96 c1e5fdfcf06845679a40cb88d2168c43 3b2f32bccf2a4ab683c50c8336bee021 - - 505f533f8b6841189dd112e809691cb2 505f533f8b6841189dd112e809691cb2] 199.19.213.181 "GET /resource_providers/fa921c9f-f97d-406a-9845-ed68dd542488/allocations" status: 200 len: 340 microversion: 1.0 [pid: 8|app: 0|req: 608/1224] 199.19.213.181 () {32 vars in 857 bytes} [Thu Jul 16 08:34:13 2026] GET /resource_providers/fa921c9f-f97d-406a-9845-ed68dd542488/allocations => generated 340 bytes in 15 msecs (HTTP/1.1 200) 6 headers in 224 bytes (1 switches on core 0)
2026-07-16 08:34:13.833 7 INFO placement.requestlog [req-a6ed275b-d042-4302-a628-4f212db8b619 req-6c636e55-4a4c-4d73-a8a6-f935605f0daa c1e5fdfcf06845679a40cb88d2168c43 3b2f32bccf2a4ab683c50c8336bee021 - - 505f533f8b6841189dd112e809691cb2 505f533f8b6841189dd112e809691cb2] 199.19.213.181 "GET /resource_providers/fa921c9f-f97d-406a-9845-ed68dd542488/allocations" status: 200 len: 340 microversion: 1.0 [pid: 7|app: 0|req: 617/1225] 199.19.213.181 () {32 vars in 857 bytes} [Thu Jul 16 08:34:13 2026] GET /resource_providers/fa921c9f-f97d-406a-9845-ed68dd542488/allocations => generated 340 bytes in 26 msecs (HTTP/1.1 200) 6 headers in 224 bytes (1 switches on core 0)
2026-07-16 08:34:13.855 8 INFO placement.requestlog [req-a6ed275b-d042-4302-a628-4f212db8b619 req-307bf470-0295-4f07-bef0-230a74527674 c1e5fdfcf06845679a40cb88d2168c43 3b2f32bccf2a4ab683c50c8336bee021 - - 505f533f8b6841189dd112e809691cb2 505f533f8b6841189dd112e809691cb2] 199.19.213.181 "GET /allocations/f0988631-2226-4e19-9763-784a59afa770" status: 200 len: 258 microversion: 1.28 [pid: 8|app: 0|req: 609/1226] 199.19.213.181 () {34 vars in 863 bytes} [Thu Jul 16 08:34:13 2026] GET /allocations/f0988631-2226-4e19-9763-784a59afa770 => generated 258 bytes in 15 msecs (HTTP/1.1 200) 8 headers in 296 bytes (1 switches on core 0)
2026-07-16 08:34:13.882 7 INFO placement.requestlog [req-a6ed275b-d042-4302-a628-4f212db8b619 req-5485d5e8-c56b-45d4-b5ef-c9e62aa67253 c1e5fdfcf06845679a40cb88d2168c43 3b2f32bccf2a4ab683c50c8336bee021 - - 505f533f8b6841189dd112e809691cb2 505f533f8b6841189dd112e809691cb2] 199.19.213.181 "GET /allocations/e7815c04-9289-444d-b180-45742fadd995" status: 200 len: 258 microversion: 1.28 [pid: 7|app: 0|req: 618/1227] 199.19.213.181 () {34 vars in 863 bytes} [Thu Jul 16 08:34:13 2026] GET /allocations/e7815c04-9289-444d-b180-45742fadd995 => generated 258 bytes in 20 msecs (HTTP/1.1 200) 8 headers in 296 bytes (1 switches on core 0)
2026-07-16 08:34:13.911 8 INFO placement.requestlog [req-a6ed275b-d042-4302-a628-4f212db8b619 req-a2bea632-3223-4d2d-a0d6-7a25e2249f82 c1e5fdfcf06845679a40cb88d2168c43 3b2f32bccf2a4ab683c50c8336bee021 - - 505f533f8b6841189dd112e809691cb2 505f533f8b6841189dd112e809691cb2] 199.19.213.181 "GET /allocations/788b4198-e839-4a92-b983-fe63dbaf2f17" status: 200 len: 245 microversion: 1.28 [pid: 8|app: 0|req: 610/1228] 199.19.213.181 () {34 vars in 863 bytes} [Thu Jul 16 08:34:13 2026] GET /allocations/788b4198-e839-4a92-b983-fe63dbaf2f17 => generated 245 bytes in 22 msecs (HTTP/1.1 200) 8 headers in 296 bytes (1 switches on core 0)
2026-07-16 08:34:19.510 7 INFO placement.requestlog [None req-39ed73e2-8a0b-41e0-9380-dbdf6cacb904 - - - - - -] 10.0.0.122 "GET /" status: 200 len: 136 microversion: 1.0
2026-07-16 08:34:19.510 8 INFO placement.requestlog [None req-5cc33c92-5cef-4f04-97cc-d3bdc11edeca - - - - - -] 10.0.0.122 "GET /" status: 200 len: 136 microversion: 1.0
2026-07-16 08:34:26.188 7 INFO placement.requestlog [req-95f766bb-96b8-44dc-95bb-875a61103208 req-7f6b8723-5110-4b65-8f61-78a99dccde26 c1e5fdfcf06845679a40cb88d2168c43 3b2f32bccf2a4ab683c50c8336bee021 - - 505f533f8b6841189dd112e809691cb2 505f533f8b6841189dd112e809691cb2] 199.19.213.181 "GET /resource_providers/fa921c9f-f97d-406a-9845-ed68dd542488/allocations" status: 200 len: 340 microversion: 1.0 [pid: 7|app: 0|req: 620/1231] 199.19.213.181 () {32 vars in 857 bytes} [Thu Jul 16 08:34:26 2026] GET /resource_providers/fa921c9f-f97d-406a-9845-ed68dd542488/allocations => generated 340 bytes in 18 msecs (HTTP/1.1 200) 6 headers in 224 bytes (1 switches on core 0)
2026-07-16 08:34:26.204 8 INFO placement.requestlog [req-95f766bb-96b8-44dc-95bb-875a61103208 req-5ffe2e15-f2bb-471b-b058-f63394eb0416 c1e5fdfcf06845679a40cb88d2168c43 3b2f32bccf2a4ab683c50c8336bee021 - - 505f533f8b6841189dd112e809691cb2 505f533f8b6841189dd112e809691cb2] 199.19.213.181 "GET /allocations/f0988631-2226-4e19-9763-784a59afa770" status: 200 len: 258 microversion: 1.28 [pid: 8|app: 0|req: 612/1232] 199.19.213.181 () {34 vars in 863 bytes} [Thu Jul 16 08:34:26 2026] GET /allocations/f0988631-2226-4e19-9763-784a59afa770 => generated 258 bytes in 11 msecs (HTTP/1.1 200) 8 headers in 296 bytes (1 switches on core 0)
2026-07-16 08:34:26.221 7 INFO placement.requestlog [req-95f766bb-96b8-44dc-95bb-875a61103208 req-47c30162-3470-48a5-bbca-5e22820b6689 c1e5fdfcf06845679a40cb88d2168c43 3b2f32bccf2a4ab683c50c8336bee021 - - 505f533f8b6841189dd112e809691cb2 505f533f8b6841189dd112e809691cb2] 199.19.213.181 "GET /allocations/e7815c04-9289-444d-b180-45742fadd995" status: 200 len: 258 microversion: 1.28 [pid: 7|app: 0|req: 621/1233] 199.19.213.181 () {34 vars in 863 bytes} [Thu Jul 16 08:34:26 2026] GET /allocations/e7815c04-9289-444d-b180-45742fadd995 => generated 258 bytes in 13 msecs (HTTP/1.1 200) 8 headers in 296 bytes (1 switches on core 0)
2026-07-16 08:34:26.236 8 INFO placement.requestlog [req-95f766bb-96b8-44dc-95bb-875a61103208 req-ae538938-38e0-4282-ba45-a683740ed574 c1e5fdfcf06845679a40cb88d2168c43 3b2f32bccf2a4ab683c50c8336bee021 - - 505f533f8b6841189dd112e809691cb2 505f533f8b6841189dd112e809691cb2] 199.19.213.181 "GET /allocations/788b4198-e839-4a92-b983-fe63dbaf2f17" status: 200 len: 245 microversion: 1.28 [pid: 8|app: 0|req: 613/1234] 199.19.213.181 () {34 vars in 863 bytes} [Thu Jul 16 08:34:26 2026] GET /allocations/788b4198-e839-4a92-b983-fe63dbaf2f17 => generated 245 bytes in 10 msecs (HTTP/1.1 200) 8 headers in 296 bytes (1 switches on core 0)
2026-07-16 08:34:27.278 7 INFO placement.requestlog [req-95f766bb-96b8-44dc-95bb-875a61103208 req-0e8f3825-6aee-47cc-99c4-4cf1057f55ff c1e5fdfcf06845679a40cb88d2168c43 3b2f32bccf2a4ab683c50c8336bee021 - - 505f533f8b6841189dd112e809691cb2 505f533f8b6841189dd112e809691cb2] 199.19.213.181 "DELETE /allocations/788b4198-e839-4a92-b983-fe63dbaf2f17" status: 204 len: 0 microversion: 1.0 [pid: 7|app: 0|req: 622/1235] 199.19.213.181 () {34 vars in 841 bytes} [Thu Jul 16 08:34:27 2026] DELETE /allocations/788b4198-e839-4a92-b983-fe63dbaf2f17 => generated 0 bytes in 22 msecs (HTTP/1.1 204) 5 headers in 198 bytes (1 switches on core 0)
2026-07-16 08:34:28.196 8 INFO placement.requestlog [None req-0c647ff0-45fa-48ec-8ecb-21557e554161 71898a767d0345f2a63d446949dc5597 3b2f32bccf2a4ab683c50c8336bee021 - - 505f533f8b6841189dd112e809691cb2 505f533f8b6841189dd112e809691cb2] 10.0.0.72 "GET /resource_providers/e96cfee8-d539-4117-ad62-4a9b649ab179/aggregates" status: 404 len: 235 microversion: 1.1 [pid: 8|app: 0|req: 614/1236] 10.0.0.72 () {32 vars in 815 bytes} [Thu Jul 16 08:34:28 2026] GET /resource_providers/e96cfee8-d539-4117-ad62-4a9b649ab179/aggregates => generated 235 bytes in 10 msecs (HTTP/1.1 404) 5 headers in 202 bytes (1 switches on core 0)
2026-07-16 08:34:28.199 7 INFO placement.requestlog [None req-d31621a8-755e-4e79-844c-5a64c919d8b5 71898a767d0345f2a63d446949dc5597 3b2f32bccf2a4ab683c50c8336bee021 - - 505f533f8b6841189dd112e809691cb2 505f533f8b6841189dd112e809691cb2] 10.0.0.72 "GET /resource_providers/e96cfee8-d539-4117-ad62-4a9b649ab179/aggregates" status: 404 len: 235 microversion: 1.1 [pid: 7|app: 0|req: 623/1237] 10.0.0.72 () {32 vars in 815 bytes} [Thu Jul 16 08:34:28 2026] GET /resource_providers/e96cfee8-d539-4117-ad62-4a9b649ab179/aggregates => generated 235 bytes in 9 msecs (HTTP/1.1 404) 5 headers in 202 bytes (1 switches on core 0)
2026-07-16 08:34:28.219 7 INFO placement.requestlog [None req-d94d61c1-0fa0-4ff9-8a7c-22a127b721c3 71898a767d0345f2a63d446949dc5597 3b2f32bccf2a4ab683c50c8336bee021 - - 505f533f8b6841189dd112e809691cb2 505f533f8b6841189dd112e809691cb2] 10.0.0.72 "DELETE /resource_providers/e96cfee8-d539-4117-ad62-4a9b649ab179" status: 404 len: 246 microversion: 1.1 [pid: 7|app: 0|req: 624/1238] 10.0.0.72 () {34 vars in 815 bytes} [Thu Jul 16 08:34:28 2026] DELETE /resource_providers/e96cfee8-d539-4117-ad62-4a9b649ab179 => generated 246 bytes in 9 msecs (HTTP/1.1 404) 6 headers in 231 bytes (1 switches on core 0)
2026-07-16 08:34:28.221 8 INFO placement.requestlog [None req-3d575b71-8c3a-44c8-8880-2c2e955083c3 71898a767d0345f2a63d446949dc5597 3b2f32bccf2a4ab683c50c8336bee021 - - 505f533f8b6841189dd112e809691cb2 505f533f8b6841189dd112e809691cb2] 10.0.0.72 "DELETE /resource_providers/e96cfee8-d539-4117-ad62-4a9b649ab179" status: 404 len: 246 microversion: 1.1 [pid: 8|app: 0|req: 615/1239] 10.0.0.72 () {34 vars in 815 bytes} [Thu Jul 16 08:34:28 2026] DELETE /resource_providers/e96cfee8-d539-4117-ad62-4a9b649ab179 => generated 246 bytes in 12 msecs (HTTP/1.1 404) 6 headers in 231 bytes (1 switches on core 0)
2026-07-16 08:34:29.334 7 INFO placement.requestlog [req-223ffbc7-ecc4-421d-b2c9-3a11d8d31059 req-01f8a042-b16c-423f-aae7-9c8f554b510e c1e5fdfcf06845679a40cb88d2168c43 3b2f32bccf2a4ab683c50c8336bee021 - - 505f533f8b6841189dd112e809691cb2 505f533f8b6841189dd112e809691cb2] 199.19.213.181 "GET /resource_providers/fa921c9f-f97d-406a-9845-ed68dd542488/allocations" status: 200 len: 253 microversion: 1.0 [pid: 7|app: 0|req: 625/1240] 199.19.213.181 () {32 vars in 857 bytes} [Thu Jul 16 08:34:29 2026] GET /resource_providers/fa921c9f-f97d-406a-9845-ed68dd542488/allocations => generated 253 bytes in 19 msecs (HTTP/1.1 200) 6 headers in 224 bytes (1 switches on core 0)
2026-07-16 08:34:29.353 8 INFO placement.requestlog [req-223ffbc7-ecc4-421d-b2c9-3a11d8d31059 req-5bc83a19-1c0f-4c97-9681-7f3c59d1db42 c1e5fdfcf06845679a40cb88d2168c43 3b2f32bccf2a4ab683c50c8336bee021 - - 505f533f8b6841189dd112e809691cb2 505f533f8b6841189dd112e809691cb2] 199.19.213.181 "GET /allocations/f0988631-2226-4e19-9763-784a59afa770" status: 200 len: 258 microversion: 1.28 [pid: 8|app: 0|req: 616/1241] 199.19.213.181 () {34 vars in 863 bytes} [Thu Jul 16 08:34:29 2026] GET /allocations/f0988631-2226-4e19-9763-784a59afa770 => generated 258 bytes in 13 msecs (HTTP/1.1 200) 8 headers in 296 bytes (1 switches on core 0)
2026-07-16 08:34:29.371 7 INFO placement.requestlog [req-223ffbc7-ecc4-421d-b2c9-3a11d8d31059 req-0ec0a639-6c00-4c0c-93c4-4d7681cf527f c1e5fdfcf06845679a40cb88d2168c43 3b2f32bccf2a4ab683c50c8336bee021 - - 505f533f8b6841189dd112e809691cb2 505f533f8b6841189dd112e809691cb2] 199.19.213.181 "GET /allocations/e7815c04-9289-444d-b180-45742fadd995" status: 200 len: 258 microversion: 1.28 [pid: 7|app: 0|req: 626/1242] 199.19.213.181 () {34 vars in 863 bytes} [Thu Jul 16 08:34:29 2026] GET /allocations/e7815c04-9289-444d-b180-45742fadd995 => generated 258 bytes in 11 msecs (HTTP/1.1 200) 8 headers in 296 bytes (1 switches on core 0)
2026-07-16 08:34:29.509 8 INFO placement.requestlog [None req-8162ed86-c1bd-4287-b5c4-cd6def722eeb - - - - - -] 10.0.0.122 "GET /" status: 200 len: 136 microversion: 1.0
2026-07-16 08:34:29.509 7 INFO placement.requestlog [None req-c78f6f2c-9902-4413-bbfd-851bde6ef73b - - - - - -] 10.0.0.122 "GET /" status: 200 len: 136 microversion: 1.0
2026-07-16 08:34:30.587 8 INFO placement.requestlog [req-223ffbc7-ecc4-421d-b2c9-3a11d8d31059 req-f3d2d14c-102a-4e0d-b150-54fcd4c8c3cb c1e5fdfcf06845679a40cb88d2168c43 3b2f32bccf2a4ab683c50c8336bee021 - - 505f533f8b6841189dd112e809691cb2 505f533f8b6841189dd112e809691cb2] 199.19.213.181 "DELETE /allocations/f0988631-2226-4e19-9763-784a59afa770" status: 204 len: 0 microversion: 1.0 [pid: 8|app: 0|req: 618/1245] 199.19.213.181 () {34 vars in 841 bytes} [Thu Jul 16 08:34:30 2026] DELETE /allocations/f0988631-2226-4e19-9763-784a59afa770 => generated 0 bytes in 194 msecs (HTTP/1.1 204) 5 headers in 198 bytes (1 switches on core 0)
2026-07-16 08:34:39.508 7 INFO placement.requestlog [None req-66348f0e-2cfd-4648-bedb-74e62094fe47 - - - - - -] 10.0.0.122 "GET /" status: 200 len: 136 microversion: 1.0
2026-07-16 08:34:39.508 8 INFO placement.requestlog [None req-74f10a6d-3f8b-486e-a7cf-c1b2c055434c - - - - - -] 10.0.0.122 "GET /" status: 200 len: 136 microversion: 1.0
2026-07-16 08:34:40.223 8 INFO placement.requestlog [req-2fcc4e3d-c8c3-4e82-8063-54c46ec3943c req-8e5b21c0-232a-4316-ac7f-0f4301f76ddb c1e5fdfcf06845679a40cb88d2168c43 3b2f32bccf2a4ab683c50c8336bee021 - - 505f533f8b6841189dd112e809691cb2 505f533f8b6841189dd112e809691cb2] 199.19.213.181 "GET /resource_providers/fa921c9f-f97d-406a-9845-ed68dd542488/allocations" status: 200 len: 153 microversion: 1.0 [pid: 8|app: 0|req: 620/1248] 199.19.213.181 () {32 vars in 857 bytes} [Thu Jul 16 08:34:40 2026] GET /resource_providers/fa921c9f-f97d-406a-9845-ed68dd542488/allocations => generated 153 bytes in 15 msecs (HTTP/1.1 200) 6 headers in 224 bytes (1 switches on core 0)
2026-07-16 08:34:40.241 7 INFO placement.requestlog [req-2fcc4e3d-c8c3-4e82-8063-54c46ec3943c req-3f334f06-439e-4925-bb48-439d1c335ace c1e5fdfcf06845679a40cb88d2168c43 3b2f32bccf2a4ab683c50c8336bee021 - - 505f533f8b6841189dd112e809691cb2 505f533f8b6841189dd112e809691cb2] 199.19.213.181 "GET /allocations/e7815c04-9289-444d-b180-45742fadd995" status: 200 len: 258 microversion: 1.28 [pid: 7|app: 0|req: 629/1249] 199.19.213.181 () {34 vars in 863 bytes} [Thu Jul 16 08:34:40 2026] GET /allocations/e7815c04-9289-444d-b180-45742fadd995 => generated 258 bytes in 11 msecs (HTTP/1.1 200) 8 headers in 296 bytes (1 switches on core 0)
2026-07-16 08:34:41.289 8 INFO placement.requestlog [req-2fcc4e3d-c8c3-4e82-8063-54c46ec3943c req-009c05f0-f7e7-4a3f-975c-0b6e085fa93b c1e5fdfcf06845679a40cb88d2168c43 3b2f32bccf2a4ab683c50c8336bee021 - - 505f533f8b6841189dd112e809691cb2 505f533f8b6841189dd112e809691cb2] 199.19.213.181 "DELETE /allocations/e7815c04-9289-444d-b180-45742fadd995" status: 204 len: 0 microversion: 1.0 [pid: 8|app: 0|req: 621/1250] 199.19.213.181 () {34 vars in 841 bytes} [Thu Jul 16 08:34:41 2026] DELETE /allocations/e7815c04-9289-444d-b180-45742fadd995 => generated 0 bytes in 24 msecs (HTTP/1.1 204) 5 headers in 198 bytes (1 switches on core 0)
2026-07-16 08:34:44.239 8 INFO placement.requestlog [None req-1c3ded75-b516-4cd1-95f8-588159e642e4 71898a767d0345f2a63d446949dc5597 3b2f32bccf2a4ab683c50c8336bee021 - - 505f533f8b6841189dd112e809691cb2 505f533f8b6841189dd112e809691cb2] 10.0.0.72 "GET /resource_providers/46ff4c59-666f-48d5-9bf7-19d0394050e2/aggregates" status: 404 len: 235 microversion: 1.1 [pid: 8|app: 0|req: 622/1251] 10.0.0.72 () {32 vars in 815 bytes} [Thu Jul 16 08:34:44 2026] GET /resource_providers/46ff4c59-666f-48d5-9bf7-19d0394050e2/aggregates => generated 235 bytes in 7 msecs (HTTP/1.1 404) 5 headers in 202 bytes (1 switches on core 0)
2026-07-16 08:34:44.240 7 INFO placement.requestlog [None req-7be43cab-b026-40ca-855a-2ffc93dbec08 71898a767d0345f2a63d446949dc5597 3b2f32bccf2a4ab683c50c8336bee021 - - 505f533f8b6841189dd112e809691cb2 505f533f8b6841189dd112e809691cb2] 10.0.0.72 "GET /resource_providers/46ff4c59-666f-48d5-9bf7-19d0394050e2/aggregates" status: 404 len: 235 microversion: 1.1 [pid: 7|app: 0|req: 630/1252] 10.0.0.72 () {32 vars in 815 bytes} [Thu Jul 16 08:34:44 2026] GET /resource_providers/46ff4c59-666f-48d5-9bf7-19d0394050e2/aggregates => generated 235 bytes in 9 msecs (HTTP/1.1 404) 5 headers in 202 bytes (1 switches on core 0)
2026-07-16 08:34:44.258 8 INFO placement.requestlog [None req-b500b88e-63a7-475c-9e55-908ccac430ad 71898a767d0345f2a63d446949dc5597 3b2f32bccf2a4ab683c50c8336bee021 - - 505f533f8b6841189dd112e809691cb2 505f533f8b6841189dd112e809691cb2] 10.0.0.72 "DELETE /resource_providers/46ff4c59-666f-48d5-9bf7-19d0394050e2" status: 404 len: 246 microversion: 1.1 [pid: 8|app: 0|req: 623/1253] 10.0.0.72 () {34 vars in 815 bytes} [Thu Jul 16 08:34:44 2026] DELETE /resource_providers/46ff4c59-666f-48d5-9bf7-19d0394050e2 => generated 246 bytes in 5 msecs (HTTP/1.1 404) 6 headers in 231 bytes (1 switches on core 0)
2026-07-16 08:34:44.264 7 INFO placement.requestlog [None req-b31f2072-161b-4d42-9224-a02b7fe0c703 71898a767d0345f2a63d446949dc5597 3b2f32bccf2a4ab683c50c8336bee021 - - 505f533f8b6841189dd112e809691cb2 505f533f8b6841189dd112e809691cb2] 10.0.0.72 "DELETE /resource_providers/46ff4c59-666f-48d5-9bf7-19d0394050e2" status: 404 len: 246 microversion: 1.1 [pid: 7|app: 0|req: 631/1254] 10.0.0.72 () {34 vars in 815 bytes} [Thu Jul 16 08:34:44 2026] DELETE /resource_providers/46ff4c59-666f-48d5-9bf7-19d0394050e2 => generated 246 bytes in 10 msecs (HTTP/1.1 404) 6 headers in 231 bytes (1 switches on core 0)
2026-07-16 08:34:47.893 8 INFO placement.requestlog [None req-280a025c-da46-4028-9d02-e0757fb9ed55 71898a767d0345f2a63d446949dc5597 3b2f32bccf2a4ab683c50c8336bee021 - - 505f533f8b6841189dd112e809691cb2 505f533f8b6841189dd112e809691cb2] 10.0.0.72 "GET /resource_providers/42d1228a-59a4-41f2-a2f9-b49cb5870f95/aggregates" status: 404 len: 235 microversion: 1.1 [pid: 8|app: 0|req: 624/1255] 10.0.0.72 () {32 vars in 815 bytes} [Thu Jul 16 08:34:47 2026] GET /resource_providers/42d1228a-59a4-41f2-a2f9-b49cb5870f95/aggregates => generated 235 bytes in 11 msecs (HTTP/1.1 404) 5 headers in 202 bytes (1 switches on core 0)
2026-07-16 08:34:47.895 7 INFO placement.requestlog [None req-f2f0193a-5568-42f9-9aff-60aad77c84a7 71898a767d0345f2a63d446949dc5597 3b2f32bccf2a4ab683c50c8336bee021 - - 505f533f8b6841189dd112e809691cb2 505f533f8b6841189dd112e809691cb2] 10.0.0.72 "GET /resource_providers/42d1228a-59a4-41f2-a2f9-b49cb5870f95/aggregates" status: 404 len: 235 microversion: 1.1 [pid: 7|app: 0|req: 632/1256] 10.0.0.72 () {32 vars in 815 bytes} [Thu Jul 16 08:34:47 2026] GET /resource_providers/42d1228a-59a4-41f2-a2f9-b49cb5870f95/aggregates => generated 235 bytes in 11 msecs (HTTP/1.1 404) 5 headers in 202 bytes (1 switches on core 0)
2026-07-16 08:34:47.913 8 INFO placement.requestlog [None req-609107db-c92b-4e70-bc7f-c13d262fe381 71898a767d0345f2a63d446949dc5597 3b2f32bccf2a4ab683c50c8336bee021 - - 505f533f8b6841189dd112e809691cb2 505f533f8b6841189dd112e809691cb2] 10.0.0.72 "DELETE /resource_providers/42d1228a-59a4-41f2-a2f9-b49cb5870f95" status: 404 len: 246 microversion: 1.1 [pid: 8|app: 0|req: 625/1257] 10.0.0.72 () {34 vars in 815 bytes} [Thu Jul 16 08:34:47 2026] DELETE /resource_providers/42d1228a-59a4-41f2-a2f9-b49cb5870f95 => generated 246 bytes in 9 msecs (HTTP/1.1 404) 6 headers in 231 bytes (1 switches on core 0)
2026-07-16 08:34:47.917 7 INFO placement.requestlog [None req-173d6f55-28f0-4e39-bfbd-f24d271bb625 71898a767d0345f2a63d446949dc5597 3b2f32bccf2a4ab683c50c8336bee021 - - 505f533f8b6841189dd112e809691cb2 505f533f8b6841189dd112e809691cb2] 10.0.0.72 "DELETE /resource_providers/42d1228a-59a4-41f2-a2f9-b49cb5870f95" status: 404 len: 246 microversion: 1.1 [pid: 7|app: 0|req: 633/1258] 10.0.0.72 () {34 vars in 815 bytes} [Thu Jul 16 08:34:47 2026] DELETE /resource_providers/42d1228a-59a4-41f2-a2f9-b49cb5870f95 => generated 246 bytes in 11 msecs (HTTP/1.1 404) 6 headers in 231 bytes (1 switches on core 0)
2026-07-16 08:34:49.508 8 INFO placement.requestlog [None req-35518558-a1f9-4e3b-a30d-8310835ef143 - - - - - -] 10.0.0.122 "GET /" status: 200 len: 136 microversion: 1.0
2026-07-16 08:34:49.508 7 INFO placement.requestlog [None req-4461720b-2b13-4392-a19c-cb532a525d67 - - - - - -] 10.0.0.122 "GET /" status: 200 len: 136 microversion: 1.0
2026-07-16 08:34:51.607 7 INFO placement.requestlog [None req-3746a72b-41af-4ce6-9083-78548a4cfacb 71898a767d0345f2a63d446949dc5597 3b2f32bccf2a4ab683c50c8336bee021 - - 505f533f8b6841189dd112e809691cb2 505f533f8b6841189dd112e809691cb2] 10.0.0.72 "GET /resource_providers/ebbb966e-dc37-411a-9c2f-3eed13142913/aggregates" status: 404 len: 235 microversion: 1.1 [pid: 7|app: 0|req: 635/1261] 10.0.0.72 () {32 vars in 815 bytes} [Thu Jul 16 08:34:51 2026] GET /resource_providers/ebbb966e-dc37-411a-9c2f-3eed13142913/aggregates => generated 235 bytes in 8 msecs (HTTP/1.1 404) 5 headers in 202 bytes (1 switches on core 0)
2026-07-16 08:34:51.613 8 INFO placement.requestlog [None req-fa7e85a2-c801-4f67-9296-b6dc196d5f98 71898a767d0345f2a63d446949dc5597 3b2f32bccf2a4ab683c50c8336bee021 - - 505f533f8b6841189dd112e809691cb2 505f533f8b6841189dd112e809691cb2] 10.0.0.72 "GET /resource_providers/ebbb966e-dc37-411a-9c2f-3eed13142913/aggregates" status: 404 len: 235 microversion: 1.1 [pid: 8|app: 0|req: 627/1262] 10.0.0.72 () {32 vars in 815 bytes} [Thu Jul 16 08:34:51 2026] GET /resource_providers/ebbb966e-dc37-411a-9c2f-3eed13142913/aggregates => generated 235 bytes in 9 msecs (HTTP/1.1 404) 5 headers in 202 bytes (1 switches on core 0)
2026-07-16 08:34:51.628 8 INFO placement.requestlog [None req-0f192a94-8d4a-4d0d-9f89-abbe4081f675 71898a767d0345f2a63d446949dc5597 3b2f32bccf2a4ab683c50c8336bee021 - - 505f533f8b6841189dd112e809691cb2 505f533f8b6841189dd112e809691cb2] 10.0.0.72 "DELETE /resource_providers/ebbb966e-dc37-411a-9c2f-3eed13142913" status: 404 len: 246 microversion: 1.1
