Jul 24 00:50:03.343449 np0000186477 devstack@neutron-api.service[101367]: DEBUG oslo_concurrency.processutils [None req-e3528b22-f493-4037-a7ba-893ac7ac9664 None None] CMD "ovsdb-client transact ssl:199.204.45.156:6641 --timeout 180 -p /opt/stack/data/CA/int-ca/private/devstack-cert.key -c /opt/stack/data/CA/int-ca/devstack-cert.crt -C /opt/stack/data/CA/int-ca/ca-chain.pem ["OVN_Northbound", {"op": "wait", "timeout": 0, "table": "Port_Group", "where": [["name", "==", "pvlan_pg_drop"]], "until": "==", "rows": []}, {"op": "insert", "table": "ACL", "row": {"action": "drop", "direction": "to-lport", "match": "outport == @pvlan_pg_drop && ip", "priority": 1010}, "uuid-name": "pvlandroptoport"}, {"op": "insert", "table": "ACL", "row": {"action": "drop", "direction": "from-lport", "match": "inport == @pvlan_pg_drop && ip", "priority": 1010}, "uuid-name": "pvlandropfromport"}, {"op": "insert", "table": "Port_Group", "row": {"name": "pvlan_pg_drop", "acls": ["set", [["named-uuid", "pvlandroptoport"], ["named-uuid", "pvlandropfromport"]]]}}]" returned: 0 in 0.035s {{(pid=101367) execute /opt/stack/data/venv/lib/python3.12/site-packages/oslo_concurrency/processutils.py:468}}
Jul 24 00:50:03.346180 np0000186477 devstack@neutron-api.service[101367]: WSGI app 0 (mountpoint='') ready in 7 seconds on interpreter 0x7ff9fe6a4668 pid: 101367 (default app)
Jul 24 00:50:03.350641 np0000186477 devstack@neutron-api.service[101366]: DEBUG neutron.common.ovn.hash_ring_manager [None req-a2d93516-1cae-447f-b3e5-e858cbe2f08a None None] Allow caching, nodes 4>=4 {{(pid=101366) _wait_startup_before_caching /opt/stack/neutron/neutron/common/ovn/hash_ring_manager.py:71}}
Jul 24 00:50:03.354082 np0000186477 devstack@neutron-api.service[101366]: DEBUG neutron.common.ovn.hash_ring_manager [None req-a2d93516-1cae-447f-b3e5-e858cbe2f08a None None] Hash Ring loaded. 4 active nodes. 0 offline nodes {{(pid=101366) _load_hash_ring /opt/stack/neutron/neutron/common/ovn/hash_ring_manager.py:110}}
Jul 24 00:50:03.354629 np0000186477 devstack@neutron-api.service[101366]: DEBUG ovsdbapp.backend.ovs_idl.event [None req-a2d93516-1cae-447f-b3e5-e858cbe2f08a None None] Matched CREATE: ChassisOVNAgentWriteEvent(events=('create', 'update'), table='Chassis_Private', conditions=None, old_conditions=None), priority=20 to row=Chassis_Private(uuid=00b66009-982b-401d-8acb-ba82095f9d62, chassis=e50805eb-4d17-450f-b2fa-129402235671, external_ids={'neutron:ovn-bridge': 'br-int', 'neutron:ovn-neutron-agent-id': '5f36aafb-8371-528c-9bfa-1dbc7ee4cb1c', 'neutron:ovn-neutron-agent-sb-cfg': '0'}, name='7c9b0c77-356e-4fc6-aaf6-614a2fbeb66b', nb_cfg=0, nb_cfg_timestamp=0) old= {{(pid=101366) matches /opt/stack/data/venv/lib/python3.12/site-packages/ovsdbapp/backend/ovs_idl/event.py:55}}
Jul 24 00:50:03.354961 np0000186477 devstack@neutron-api.service[101366]: DEBUG ovsdbapp.backend.ovs_idl.event [None req-a2d93516-1cae-447f-b3e5-e858cbe2f08a None None] Matched CREATE: ChassisAgentWriteEvent(events=('create', 'update'), table='Chassis_Private', conditions=None, old_conditions=None), priority=20 to row=Chassis_Private(uuid=00b66009-982b-401d-8acb-ba82095f9d62, chassis=e50805eb-4d17-450f-b2fa-129402235671, external_ids={'neutron:ovn-bridge': 'br-int', 'neutron:ovn-neutron-agent-id': '5f36aafb-8371-528c-9bfa-1dbc7ee4cb1c', 'neutron:ovn-neutron-agent-sb-cfg': '0'}, name='7c9b0c77-356e-4fc6-aaf6-614a2fbeb66b', nb_cfg=0, nb_cfg_timestamp=0) old= {{(pid=101366) matches /opt/stack/data/venv/lib/python3.12/site-packages/ovsdbapp/backend/ovs_idl/event.py:55}}
Jul 24 00:50:03.357493 np0000186477 devstack@neutron-api.service[101366]: INFO neutron.plugins.ml2.drivers.ovn.mech_driver.mech_driver [None req-a2d93516-1cae-447f-b3e5-e858cbe2f08a None None] WorkerService process has finished the post initialization
Jul 24 00:50:03.357775 np0000186477 devstack@neutron-api.service[101366]: DEBUG oslo_concurrency.processutils [None req-a2d93516-1cae-447f-b3e5-e858cbe2f08a None None] Running cmd (subprocess): ovsdb-client transact ssl:199.204.45.156:6641 --timeout 180 -p /opt/stack/data/CA/int-ca/private/devstack-cert.key -c /opt/stack/data/CA/int-ca/devstack-cert.crt -C /opt/stack/data/CA/int-ca/ca-chain.pem ["OVN_Northbound", {"op": "wait", "timeout": 0, "table": "Port_Group", "where": [["name", "==", "pvlan_pg_drop"]], "until": "==", "rows": []}, {"op": "insert", "table": "ACL", "row": {"action": "drop", "direction": "to-lport", "match": "outport == @pvlan_pg_drop && ip", "priority": 1010}, "uuid-name": "pvlandroptoport"}, {"op": "insert", "table": "ACL", "row": {"action": "drop", "direction": "from-lport", "match": "inport == @pvlan_pg_drop && ip", "priority": 1010}, "uuid-name": "pvlandropfromport"}, {"op": "insert", "table": "Port_Group", "row": {"name": "pvlan_pg_drop", "acls": ["set", [["named-uuid", "pvlandroptoport"], ["named-uuid", "pvlandropfromport"]]]}}] {{(pid=101366) execute /opt/stack/data/venv/lib/python3.12/site-packages/oslo_concurrency/processutils.py:440}}
Jul 24 00:50:03.375117 np0000186477 devstack@neutron-api.service[101369]: DEBUG oslo_concurrency.processutils [None req-36705692-a1fa-4934-99a2-19bc96e9249e None None] CMD "ovsdb-client transact ssl:199.204.45.156:6641 --timeout 180 -p /opt/stack/data/CA/int-ca/private/devstack-cert.key -c /opt/stack/data/CA/int-ca/devstack-cert.crt -C /opt/stack/data/CA/int-ca/ca-chain.pem ["OVN_Northbound", {"op": "wait", "timeout": 0, "table": "Port_Group", "where": [["name", "==", "pvlan_pg_drop"]], "until": "==", "rows": []}, {"op": "insert", "table": "ACL", "row": {"action": "drop", "direction": "to-lport", "match": "outport == @pvlan_pg_drop && ip", "priority": 1010}, "uuid-name": "pvlandroptoport"}, {"op": "insert", "table": "ACL", "row": {"action": "drop", "direction": "from-lport", "match": "inport == @pvlan_pg_drop && ip", "priority": 1010}, "uuid-name": "pvlandropfromport"}, {"op": "insert", "table": "Port_Group", "row": {"name": "pvlan_pg_drop", "acls": ["set", [["named-uuid", "pvlandroptoport"], ["named-uuid", "pvlandropfromport"]]]}}]" returned: 0 in 0.038s {{(pid=101369) execute /opt/stack/data/venv/lib/python3.12/site-packages/oslo_concurrency/processutils.py:468}}
Jul 24 00:50:03.379019 np0000186477 devstack@neutron-api.service[101369]: WSGI app 0 (mountpoint='') ready in 7 seconds on interpreter 0x7ff9fe6a4668 pid: 101369 (default app)
Jul 24 00:50:03.401331 np0000186477 devstack@neutron-api.service[101366]: DEBUG oslo_concurrency.processutils [None req-a2d93516-1cae-447f-b3e5-e858cbe2f08a None None] CMD "ovsdb-client transact ssl:199.204.45.156:6641 --timeout 180 -p /opt/stack/data/CA/int-ca/private/devstack-cert.key -c /opt/stack/data/CA/int-ca/devstack-cert.crt -C /opt/stack/data/CA/int-ca/ca-chain.pem ["OVN_Northbound", {"op": "wait", "timeout": 0, "table": "Port_Group", "where": [["name", "==", "pvlan_pg_drop"]], "until": "==", "rows": []}, {"op": "insert", "table": "ACL", "row": {"action": "drop", "direction": "to-lport", "match": "outport == @pvlan_pg_drop && ip", "priority": 1010}, "uuid-name": "pvlandroptoport"}, {"op": "insert", "table": "ACL", "row": {"action": "drop", "direction": "from-lport", "match": "inport == @pvlan_pg_drop && ip", "priority": 1010}, "uuid-name": "pvlandropfromport"}, {"op": "insert", "table": "Port_Group", "row": {"name": "pvlan_pg_drop", "acls": ["set", [["named-uuid", "pvlandroptoport"], ["named-uuid", "pvlandropfromport"]]]}}]" returned: 0 in 0.043s {{(pid=101366) execute /opt/stack/data/venv/lib/python3.12/site-packages/oslo_concurrency/processutils.py:468}}
Jul 24 00:50:03.404970 np0000186477 devstack@neutron-api.service[101366]: WSGI app 0 (mountpoint='') ready in 7 seconds on interpreter 0x7ff9fe6a4668 pid: 101366 (default app)
Jul 24 00:50:05.571872 np0000186477 devstack@neutron-api.service[101367]: DEBUG neutron.plugins.ml2.drivers.ovn.mech_driver.ovsdb.ovsdb_monitor [-] Hash Ring: Node 8bf00531b957575cb29a8965f31a5f61 (host: np0000186477) handling event "update" for row f06e8ca9-c8e4-4b17-9521-43c8cd305624 (table: Connection) {{(pid=101367) notify /opt/stack/neutron/neutron/plugins/ml2/drivers/ovn/mech_driver/ovsdb/ovsdb_monitor.py:1013}}
Jul 24 00:50:05.575815 np0000186477 devstack@neutron-api.service[101368]: DEBUG neutron.common.ovn.hash_ring_manager [-] Allow caching, nodes 4>=4 {{(pid=101368) _wait_startup_before_caching /opt/stack/neutron/neutron/common/ovn/hash_ring_manager.py:71}}
Jul 24 00:50:05.576270 np0000186477 devstack@neutron-api.service[101368]: DEBUG neutron.plugins.ml2.drivers.ovn.mech_driver.ovsdb.ovsdb_monitor [-] Hash Ring: Node 30c9698db6bf527db2d3f0930ecd2d6c (host: np0000186477) handling event "update" for row f06e8ca9-c8e4-4b17-9521-43c8cd305624 (table: Connection) {{(pid=101368) notify /opt/stack/neutron/neutron/plugins/ml2/drivers/ovn/mech_driver/ovsdb/ovsdb_monitor.py:1013}}
Jul 24 00:50:08.112302 np0000186477 devstack@neutron-api.service[101368]: DEBUG neutron.plugins.ml2.drivers.ovn.mech_driver.ovsdb.ovsdb_monitor [-] Hash Ring: Node 30c9698db6bf527db2d3f0930ecd2d6c (host: np0000186477) handling event "update" for row f06e8ca9-c8e4-4b17-9521-43c8cd305624 (table: Connection) {{(pid=101368) notify /opt/stack/neutron/neutron/plugins/ml2/drivers/ovn/mech_driver/ovsdb/ovsdb_monitor.py:1013}}
Jul 24 00:50:08.113703 np0000186477 devstack@neutron-api.service[101367]: DEBUG neutron.plugins.ml2.drivers.ovn.mech_driver.ovsdb.ovsdb_monitor [-] Hash Ring: Node 8bf00531b957575cb29a8965f31a5f61 (host: np0000186477) handling event "update" for row f06e8ca9-c8e4-4b17-9521-43c8cd305624 (table: Connection) {{(pid=101367) notify /opt/stack/neutron/neutron/plugins/ml2/drivers/ovn/mech_driver/ovsdb/ovsdb_monitor.py:1013}}
Jul 24 00:50:09.300260 np0000186477 devstack@neutron-api.service[101368]: DEBUG neutron.api.wsgi [None req-e5413690-af69-4316-9a66-0ffdd99cb46f admin admin] Missing Content-Type {{(pid=101368) get_content_type /opt/stack/neutron/neutron/api/wsgi.py:80}}
Jul 24 00:50:09.300835 np0000186477 devstack@neutron-api.service[101368]: DEBUG neutron.api.wsgi [None req-e5413690-af69-4316-9a66-0ffdd99cb46f admin admin] https://199.204.45.156/networking/v2.0/extensions returned with HTTP 200 {{(pid=101368) __call__ /opt/stack/neutron/neutron/api/wsgi.py:540}}
Jul 24 00:50:09.300916 np0000186477 devstack@neutron-api.service[101368]: [pid: 101368|app: 0|req: 2/2] 199.204.45.156 () {64 vars in 1323 bytes} [Fri Jul 24 00:50:08 2026] GET /networking/v2.0/extensions => generated 16171 bytes in 432 msecs (HTTP/1.1 200) 4 headers in 159 bytes (1 switches on core 0)
Jul 24 00:50:09.716640 np0000186477 devstack@neutron-api.service[101367]: DEBUG neutron.api.v2.base [None req-71320fb7-9e00-430f-9850-99a30a7e0916 admin admin] Request body: {'subnetpool': {'name': 'shared-default-subnetpool-v4', 'is_default': True, 'prefixes': ['10.1.0.0/20'], 'shared': True, 'default_prefixlen': 26}} {{(pid=101367) prepare_request_body /opt/stack/neutron/neutron/api/v2/base.py:727}}
Jul 24 00:50:09.911994 np0000186477 devstack@neutron-api.service[101367]: DEBUG neutron.policy [None req-71320fb7-9e00-430f-9850-99a30a7e0916 admin admin] Loaded default policies from ['neutron'] under neutron.policies entry points {{(pid=101367) register_rules /opt/stack/neutron/neutron/policy.py:65}}
Jul 24 00:50:10.065793 np0000186477 devstack@neutron-api.service[101367]: DEBUG neutron_lib.callbacks.manager [None req-71320fb7-9e00-430f-9850-99a30a7e0916 admin admin] Publish callbacks ['neutron.objects.securitygroup.RbacNeutronDbObjectMixin.validate_rbac_policy_change-2308926063981', 'neutron.objects.address_group.RbacNeutronDbObjectMixin.validate_rbac_policy_change-2308925121087', 'neutron.objects.network.RbacNeutronDbObjectMixin.validate_rbac_policy_change-2308926033665', 'neutron.objects.qos.policy.RbacNeutronDbObjectMixin.validate_rbac_policy_change-2308925861924', 'neutron.objects.subnetpool.RbacNeutronDbObjectMixin.validate_rbac_policy_change-2308925871562', 'neutron.objects.address_scope.RbacNeutronDbObjectMixin.validate_rbac_policy_change-2308925871903', 'neutron.plugins.ml2.plugin.External_net_db_mixin._process_ext_policy_create-831931', 'neutron.plugins.ml2.plugin.NeutronDbPluginV2.validate_network_rbac_policy_change-842159'] for rbac-policy (None), before_create {{(pid=101367) _notify_loop /opt/stack/data/venv/lib/python3.12/site-packages/neutron_lib/callbacks/manager.py:184}}
Jul 24 00:50:10.119032 np0000186477 devstack@neutron-api.service[101367]: DEBUG neutron_lib.callbacks.manager [None req-71320fb7-9e00-430f-9850-99a30a7e0916 admin admin] Publish callbacks [] for subnetpool (None), before_response {{(pid=101367) _notify_loop /opt/stack/data/venv/lib/python3.12/site-packages/neutron_lib/callbacks/manager.py:184}}
Jul 24 00:50:10.119688 np0000186477 devstack@neutron-api.service[101367]: [pid: 101367|app: 0|req: 1/3] 199.204.45.156 () {68 vars in 1367 bytes} [Fri Jul 24 00:50:09 2026] POST /networking/v2.0/subnetpools => generated 533 bytes in 526 msecs (HTTP/1.1 201) 4 headers in 162 bytes (1 switches on core 0)
Jul 24 00:50:10.451517 np0000186477 devstack@neutron-api.service[101369]: DEBUG neutron.api.v2.base [None req-475cac1e-56d6-4ede-a3a1-45b8f8a4198d admin admin] Request body: {'subnetpool': {'name': 'shared-default-subnetpool-v6', 'is_default': True, 'prefixes': ['fd0f:6111:96f1::/56'], 'shared': True, 'default_prefixlen': 64}} {{(pid=101369) prepare_request_body /opt/stack/neutron/neutron/api/v2/base.py:727}}
Jul 24 00:50:10.628193 np0000186477 devstack@neutron-api.service[101369]: DEBUG neutron.policy [None req-475cac1e-56d6-4ede-a3a1-45b8f8a4198d admin admin] Loaded default policies from ['neutron'] under neutron.policies entry points {{(pid=101369) register_rules /opt/stack/neutron/neutron/policy.py:65}}
Jul 24 00:50:10.768940 np0000186477 devstack@neutron-api.service[101369]: DEBUG neutron_lib.callbacks.manager [None req-475cac1e-56d6-4ede-a3a1-45b8f8a4198d admin admin] Publish callbacks ['neutron.objects.securitygroup.RbacNeutronDbObjectMixin.validate_rbac_policy_change-2308926022526', 'neutron.objects.address_group.RbacNeutronDbObjectMixin.validate_rbac_policy_change-2308926069683', 'neutron.objects.network.RbacNeutronDbObjectMixin.validate_rbac_policy_change-2308926050951', 'neutron.objects.qos.policy.RbacNeutronDbObjectMixin.validate_rbac_policy_change-2308926053762', 'neutron.objects.subnetpool.RbacNeutronDbObjectMixin.validate_rbac_policy_change-2308925843845', 'neutron.objects.address_scope.RbacNeutronDbObjectMixin.validate_rbac_policy_change-2308925845334', 'neutron.plugins.ml2.plugin.External_net_db_mixin._process_ext_policy_create-833678', 'neutron.plugins.ml2.plugin.NeutronDbPluginV2.validate_network_rbac_policy_change-826670'] for rbac-policy (None), before_create {{(pid=101369) _notify_loop /opt/stack/data/venv/lib/python3.12/site-packages/neutron_lib/callbacks/manager.py:184}}
Jul 24 00:50:10.813939 np0000186477 devstack@neutron-api.service[101369]: DEBUG neutron_lib.callbacks.manager [None req-475cac1e-56d6-4ede-a3a1-45b8f8a4198d admin admin] Publish callbacks [] for subnetpool (None), before_response {{(pid=101369) _notify_loop /opt/stack/data/venv/lib/python3.12/site-packages/neutron_lib/callbacks/manager.py:184}}
Jul 24 00:50:10.814437 np0000186477 devstack@neutron-api.service[101369]: [pid: 101369|app: 0|req: 1/4] 199.204.45.156 () {68 vars in 1367 bytes} [Fri Jul 24 00:50:10 2026] POST /networking/v2.0/subnetpools => generated 543 bytes in 478 msecs (HTTP/1.1 201) 4 headers in 162 bytes (1 switches on core 0)
Jul 24 00:50:11.232375 np0000186477 devstack@neutron-api.service[101366]: DEBUG neutron.api.v2.base [None req-2feed92a-ab05-467b-929a-48b076438820 admin admin] Request body: {'network': {'name': 'private', 'admin_state_up': True}} {{(pid=101366) prepare_request_body /opt/stack/neutron/neutron/api/v2/base.py:727}}
Jul 24 00:50:11.267204 np0000186477 devstack@neutron-api.service[101366]: DEBUG neutron.pecan_wsgi.hooks.quota_enforcement [None req-2feed92a-ab05-467b-929a-48b076438820 admin admin] Made reservation on behalf of a4c03900dc8c49eea1364747d928d3f1 for: {'network': 1} {{(pid=101366) before /opt/stack/neutron/neutron/pecan_wsgi/hooks/quota_enforcement.py:66}}
Jul 24 00:50:11.442341 np0000186477 devstack@neutron-api.service[101366]: DEBUG neutron.policy [None req-2feed92a-ab05-467b-929a-48b076438820 admin admin] Loaded default policies from ['neutron'] under neutron.policies entry points {{(pid=101366) register_rules /opt/stack/neutron/neutron/policy.py:65}}
Jul 24 00:50:11.552815 np0000186477 devstack@neutron-api.service[101366]: DEBUG neutron_lib.callbacks.manager [None req-2feed92a-ab05-467b-929a-48b076438820 admin admin] Publish callbacks ['neutron.plugins.ml2.plugin.SecurityGroupDbMixin._ensure_default_security_group_handler-926105'] for network (None), before_create {{(pid=101366) _notify_loop /opt/stack/data/venv/lib/python3.12/site-packages/neutron_lib/callbacks/manager.py:184}}
Jul 24 00:50:11.576617 np0000186477 devstack@neutron-api.service[101366]: DEBUG neutron_lib.callbacks.manager [None req-2feed92a-ab05-467b-929a-48b076438820 admin admin] Publish callbacks [] for security_group (None), before_create {{(pid=101366) _notify_loop /opt/stack/data/venv/lib/python3.12/site-packages/neutron_lib/callbacks/manager.py:184}}
Jul 24 00:50:11.682259 np0000186477 devstack@neutron-api.service[101366]: DEBUG neutron_lib.callbacks.manager [None req-2feed92a-ab05-467b-929a-48b076438820 admin admin] Publish callbacks ['neutron.plugins.ml2.drivers.ovn.mech_driver.mech_driver.OVNMechanismDriver._create_security_group_precommit-316878'] for security_group (ace99d30-54f9-4787-842d-519a6ded196e), precommit_create {{(pid=101366) _notify_loop /opt/stack/data/venv/lib/python3.12/site-packages/neutron_lib/callbacks/manager.py:184}}
Jul 24 00:50:11.682532 np0000186477 devstack@neutron-api.service[101366]: DEBUG neutron.db.ovn_revision_numbers_db [None req-2feed92a-ab05-467b-929a-48b076438820 admin admin] create_initial_revision uuid=ace99d30-54f9-4787-842d-519a6ded196e, type=security_groups, rev=-1 {{(pid=101366) create_initial_revision /opt/stack/neutron/neutron/db/ovn_revision_numbers_db.py:98}}
Jul 24 00:50:11.684733 np0000186477 devstack@neutron-api.service[101366]: DEBUG neutron.db.ovn_revision_numbers_db [None req-2feed92a-ab05-467b-929a-48b076438820 admin admin] create_initial_revision uuid=346fd6a6-c51d-4799-bfde-ce01e19450e7, type=security_group_rules, rev=-1 {{(pid=101366) create_initial_revision /opt/stack/neutron/neutron/db/ovn_revision_numbers_db.py:98}}
Jul 24 00:50:11.685705 np0000186477 devstack@neutron-api.service[101366]: DEBUG neutron.db.ovn_revision_numbers_db [None req-2feed92a-ab05-467b-929a-48b076438820 admin admin] create_initial_revision uuid=b99642de-4811-4593-8cf5-e16ded818fac, type=security_group_rules, rev=-1 {{(pid=101366) create_initial_revision /opt/stack/neutron/neutron/db/ovn_revision_numbers_db.py:98}}
Jul 24 00:50:11.686850 np0000186477 devstack@neutron-api.service[101366]: DEBUG neutron.db.ovn_revision_numbers_db [None req-2feed92a-ab05-467b-929a-48b076438820 admin admin] create_initial_revision uuid=ee398ccf-352c-42fc-9cbc-01c715e065c7, type=security_group_rules, rev=-1 {{(pid=101366) create_initial_revision /opt/stack/neutron/neutron/db/ovn_revision_numbers_db.py:98}}
Jul 24 00:50:11.687792 np0000186477 devstack@neutron-api.service[101366]: DEBUG neutron.db.ovn_revision_numbers_db [None req-2feed92a-ab05-467b-929a-48b076438820 admin admin] create_initial_revision uuid=ef9115a5-aa5f-40ca-902b-09a357d6bce4, type=security_group_rules, rev=-1 {{(pid=101366) create_initial_revision /opt/stack/neutron/neutron/db/ovn_revision_numbers_db.py:98}}
Jul 24 00:50:11.697138 np0000186477 devstack@neutron-api.service[101366]: DEBUG neutron_lib.callbacks.manager [None req-2feed92a-ab05-467b-929a-48b076438820 admin admin] Publish callbacks ['neutron.plugins.ml2.drivers.ovn.mech_driver.mech_driver.OVNMechanismDriver._create_security_group-316868', 'neutron.plugins.ml2.ovo_rpc._ObjectChangeHandler.handle_event-2746795'] for security_group (ace99d30-54f9-4787-842d-519a6ded196e), after_create {{(pid=101366) _notify_loop /opt/stack/data/venv/lib/python3.12/site-packages/neutron_lib/callbacks/manager.py:184}}
Jul 24 00:50:11.697348 np0000186477 devstack@neutron-api.service[101366]: INFO neutron.plugins.ml2.drivers.ovn.mech_driver.ovsdb.extensions.qos [None req-2feed92a-ab05-467b-929a-48b076438820 admin admin] Starting OVNClientQosExtension
Jul 24 00:50:11.697522 np0000186477 devstack@neutron-api.service[101366]: INFO neutron.plugins.ml2.drivers.ovn.mech_driver.ovsdb.extensions.placement [None req-2feed92a-ab05-467b-929a-48b076438820 admin admin] Starting OVNClientPlacementExtension
Jul 24 00:50:11.698997 np0000186477 devstack@neutron-api.service[101366]: DEBUG ovsdbapp.backend.ovs_idl.transaction [-] Running txn n=1 command(idx=0): PgAddCommand(_result=None, name=pg_ace99d30_54f9_4787_842d_519a6ded196e, may_exist=False, columns={'acls': [], 'external_ids': {'neutron:security_group_id': 'ace99d30-54f9-4787-842d-519a6ded196e'}}) {{(pid=101366) do_commit /opt/stack/data/venv/lib/python3.12/site-packages/ovsdbapp/backend/ovs_idl/transaction.py:89}}
Jul 24 00:50:11.701353 np0000186477 devstack@neutron-api.service[101366]: DEBUG ovsdbapp.backend.ovs_idl.transaction [-] Running txn n=1 command(idx=1): PgAclAddCommand(_result=None, entity=pg_ace99d30_54f9_4787_842d_519a6ded196e, direction=from-lport, priority=1002, match=inport == @pg_ace99d30_54f9_4787_842d_519a6ded196e && ip4, action=allow-related, log=False, may_exist=True, severity=[], name=[], meter=[], external_ids={'neutron:security_group_rule_id': '346fd6a6-c51d-4799-bfde-ce01e19450e7'}) {{(pid=101366) do_commit /opt/stack/data/venv/lib/python3.12/site-packages/ovsdbapp/backend/ovs_idl/transaction.py:89}}
Jul 24 00:50:11.702014 np0000186477 devstack@neutron-api.service[101366]: DEBUG ovsdbapp.backend.ovs_idl.transaction [-] Running txn n=1 command(idx=2): PgAclAddCommand(_result=None, entity=pg_ace99d30_54f9_4787_842d_519a6ded196e, direction=from-lport, priority=1002, match=inport == @pg_ace99d30_54f9_4787_842d_519a6ded196e && ip6, action=allow-related, log=False, may_exist=True, severity=[], name=[], meter=[], external_ids={'neutron:security_group_rule_id': 'b99642de-4811-4593-8cf5-e16ded818fac'}) {{(pid=101366) do_commit /opt/stack/data/venv/lib/python3.12/site-packages/ovsdbapp/backend/ovs_idl/transaction.py:89}}
Jul 24 00:50:11.702627 np0000186477 devstack@neutron-api.service[101366]: DEBUG ovsdbapp.backend.ovs_idl.transaction [-] Running txn n=1 command(idx=3): PgAclAddCommand(_result=None, entity=pg_ace99d30_54f9_4787_842d_519a6ded196e, direction=to-lport, priority=1002, match=outport == @pg_ace99d30_54f9_4787_842d_519a6ded196e && ip6 && ip6.src == $pg_ace99d30_54f9_4787_842d_519a6ded196e_ip6, action=allow-related, log=False, may_exist=True, severity=[], name=[], meter=[], external_ids={'neutron:security_group_rule_id': 'ee398ccf-352c-42fc-9cbc-01c715e065c7'}) {{(pid=101366) do_commit /opt/stack/data/venv/lib/python3.12/site-packages/ovsdbapp/backend/ovs_idl/transaction.py:89}}
Jul 24 00:50:11.703160 np0000186477 devstack@neutron-api.service[101366]: DEBUG ovsdbapp.backend.ovs_idl.transaction [-] Running txn n=1 command(idx=4): PgAclAddCommand(_result=None, entity=pg_ace99d30_54f9_4787_842d_519a6ded196e, direction=to-lport, priority=1002, match=outport == @pg_ace99d30_54f9_4787_842d_519a6ded196e && ip4 && ip4.src == $pg_ace99d30_54f9_4787_842d_519a6ded196e_ip4, action=allow-related, log=False, may_exist=True, severity=[], name=[], meter=[], external_ids={'neutron:security_group_rule_id': 'ef9115a5-aa5f-40ca-902b-09a357d6bce4'}) {{(pid=101366) do_commit /opt/stack/data/venv/lib/python3.12/site-packages/ovsdbapp/backend/ovs_idl/transaction.py:89}}
Jul 24 00:50:11.733657 np0000186477 devstack@neutron-api.service[101366]: DEBUG neutron.plugins.ml2.drivers.ovn.mech_driver.ovsdb.ovsdb_monitor [-] Hash Ring: Node 094c2b824fba571ca71a17a671bb3895 (host: np0000186477) handling event "create" for row 0e771499-fd41-401f-af2b-a97a75c6bcc0 (table: ACL) {{(pid=101366) notify /opt/stack/neutron/neutron/plugins/ml2/drivers/ovn/mech_driver/ovsdb/ovsdb_monitor.py:1013}}
Jul 24 00:50:11.733657 np0000186477 devstack@neutron-api.service[101366]: DEBUG neutron.plugins.ml2.drivers.ovn.mech_driver.ovsdb.ovsdb_monitor [-] Hash Ring: Node 094c2b824fba571ca71a17a671bb3895 (host: np0000186477) handling event "create" for row 9f94aae6-dd29-4e8f-bedf-f3da5a639192 (table: ACL) {{(pid=101366) notify /opt/stack/neutron/neutron/plugins/ml2/drivers/ovn/mech_driver/ovsdb/ovsdb_monitor.py:1013}}
Jul 24 00:50:11.737434 np0000186477 devstack@neutron-api.service[101369]: DEBUG neutron.plugins.ml2.drivers.ovn.mech_driver.ovsdb.ovsdb_monitor [-] Hash Ring: Node e8c2796d9b775aa4883748d48a98a04a (host: np0000186477) handling event "create" for row 2ad13305-76e6-492f-be33-3ecfc0688ca5 (table: ACL) {{(pid=101369) notify /opt/stack/neutron/neutron/plugins/ml2/drivers/ovn/mech_driver/ovsdb/ovsdb_monitor.py:1013}}
Jul 24 00:50:11.737732 np0000186477 devstack@neutron-api.service[101368]: DEBUG neutron.plugins.ml2.drivers.ovn.mech_driver.ovsdb.ovsdb_monitor [-] Hash Ring: Node 30c9698db6bf527db2d3f0930ecd2d6c (host: np0000186477) handling event "create" for row 0e771499-fd41-401f-af2b-a97a75c6bcc0 (table: ACL) {{(pid=101368) notify /opt/stack/neutron/neutron/plugins/ml2/drivers/ovn/mech_driver/ovsdb/ovsdb_monitor.py:1013}}
Jul 24 00:50:11.737976 np0000186477 devstack@neutron-api.service[101369]: DEBUG neutron.plugins.ml2.drivers.ovn.mech_driver.ovsdb.ovsdb_monitor [-] Hash Ring: Node e8c2796d9b775aa4883748d48a98a04a (host: np0000186477) handling event "create" for row 782991ed-b097-45d2-ab56-fb92341e2560 (table: ACL) {{(pid=101369) notify /opt/stack/neutron/neutron/plugins/ml2/drivers/ovn/mech_driver/ovsdb/ovsdb_monitor.py:1013}}
Jul 24 00:50:11.738028 np0000186477 devstack@neutron-api.service[101368]: DEBUG neutron.plugins.ml2.drivers.ovn.mech_driver.ovsdb.ovsdb_monitor [-] Hash Ring: Node 30c9698db6bf527db2d3f0930ecd2d6c (host: np0000186477) handling event "create" for row 2ad13305-76e6-492f-be33-3ecfc0688ca5 (table: ACL) {{(pid=101368) notify /opt/stack/neutron/neutron/plugins/ml2/drivers/ovn/mech_driver/ovsdb/ovsdb_monitor.py:1013}}
Jul 24 00:50:11.738106 np0000186477 devstack@neutron-api.service[101369]: DEBUG neutron.plugins.ml2.drivers.ovn.mech_driver.ovsdb.ovsdb_monitor [-] Hash Ring: Node e8c2796d9b775aa4883748d48a98a04a (host: np0000186477) handling event "create" for row 86e86560-1ae0-4adc-a696-832c2e922e0d (table: Port_Group) {{(pid=101369) notify /opt/stack/neutron/neutron/plugins/ml2/drivers/ovn/mech_driver/ovsdb/ovsdb_monitor.py:1013}}
Jul 24 00:50:11.738157 np0000186477 devstack@neutron-api.service[101368]: DEBUG neutron.plugins.ml2.drivers.ovn.mech_driver.ovsdb.ovsdb_monitor [-] Hash Ring: Node 30c9698db6bf527db2d3f0930ecd2d6c (host: np0000186477) handling event "create" for row 782991ed-b097-45d2-ab56-fb92341e2560 (table: ACL) {{(pid=101368) notify /opt/stack/neutron/neutron/plugins/ml2/drivers/ovn/mech_driver/ovsdb/ovsdb_monitor.py:1013}}
Jul 24 00:50:11.738157 np0000186477 devstack@neutron-api.service[101368]: DEBUG neutron.plugins.ml2.drivers.ovn.mech_driver.ovsdb.ovsdb_monitor [-] Hash Ring: Node 30c9698db6bf527db2d3f0930ecd2d6c (host: np0000186477) handling event "create" for row 9f94aae6-dd29-4e8f-bedf-f3da5a639192 (table: ACL) {{(pid=101368) notify /opt/stack/neutron/neutron/plugins/ml2/drivers/ovn/mech_driver/ovsdb/ovsdb_monitor.py:1013}}
Jul 24 00:50:11.738345 np0000186477 devstack@neutron-api.service[101368]: DEBUG neutron.plugins.ml2.drivers.ovn.mech_driver.ovsdb.ovsdb_monitor [-] Hash Ring: Node 30c9698db6bf527db2d3f0930ecd2d6c (host: np0000186477) handling event "create" for row 86e86560-1ae0-4adc-a696-832c2e922e0d (table: Port_Group) {{(pid=101368) notify /opt/stack/neutron/neutron/plugins/ml2/drivers/ovn/mech_driver/ovsdb/ovsdb_monitor.py:1013}}
Jul 24 00:50:11.766140 np0000186477 devstack@neutron-api.service[101366]: INFO neutron.db.ovn_revision_numbers_db [None req-2feed92a-ab05-467b-929a-48b076438820 admin admin] Successfully bumped revision number for resource ace99d30-54f9-4787-842d-519a6ded196e (type: security_groups) to 1
Jul 24 00:50:11.784801 np0000186477 devstack@neutron-api.service[101366]: INFO neutron.db.ovn_revision_numbers_db [None req-2feed92a-ab05-467b-929a-48b076438820 admin admin] Successfully bumped revision number for resource 346fd6a6-c51d-4799-bfde-ce01e19450e7 (type: security_group_rules) to 0
Jul 24 00:50:11.798921 np0000186477 devstack@neutron-api.service[101366]: INFO neutron.db.ovn_revision_numbers_db [None req-2feed92a-ab05-467b-929a-48b076438820 admin admin] Successfully bumped revision number for resource b99642de-4811-4593-8cf5-e16ded818fac (type: security_group_rules) to 0
Jul 24 00:50:11.813164 np0000186477 devstack@neutron-api.service[101366]: INFO neutron.db.ovn_revision_numbers_db [None req-2feed92a-ab05-467b-929a-48b076438820 admin admin] Successfully bumped revision number for resource ee398ccf-352c-42fc-9cbc-01c715e065c7 (type: security_group_rules) to 0
Jul 24 00:50:11.827531 np0000186477 devstack@neutron-api.service[101366]: INFO neutron.db.ovn_revision_numbers_db [None req-2feed92a-ab05-467b-929a-48b076438820 admin admin] Successfully bumped revision number for resource ef9115a5-aa5f-40ca-902b-09a357d6bce4 (type: security_group_rules) to 0
Jul 24 00:50:11.856845 np0000186477 devstack@neutron-api.service[101366]: DEBUG neutron.api.rpc.handlers.resources_rpc [None req-2feed92a-ab05-467b-929a-48b076438820 admin admin] Pushing event updated for resources: {'SecurityGroup': ['ID=ace99d30-54f9-4787-842d-519a6ded196e,revision_number=1']} {{(pid=101366) push /opt/stack/neutron/neutron/api/rpc/handlers/resources_rpc.py:237}}
Jul 24 00:50:11.865912 np0000186477 devstack@neutron-api.service[101366]: DEBUG ovsdbapp.backend.ovs_idl.transaction [-] Running txn n=1 command(idx=0): CheckLivenessCommand(_result=None) {{(pid=101366) do_commit /opt/stack/data/venv/lib/python3.12/site-packages/ovsdbapp/backend/ovs_idl/transaction.py:89}}
Jul 24 00:50:11.868708 np0000186477 devstack@neutron-api.service[101366]: DEBUG neutron.plugins.ml2.drivers.ovn.mech_driver.ovsdb.ovsdb_monitor [-] Hash Ring: Node 094c2b824fba571ca71a17a671bb3895 (host: np0000186477) handling event "update" for row 594d355f-fe57-415e-a70e-5ff0326ae7a5 (table: NB_Global) {{(pid=101366) notify /opt/stack/neutron/neutron/plugins/ml2/drivers/ovn/mech_driver/ovsdb/ovsdb_monitor.py:1013}}
Jul 24 00:50:11.869812 np0000186477 devstack@neutron-api.service[101368]: DEBUG neutron.plugins.ml2.drivers.ovn.mech_driver.ovsdb.ovsdb_monitor [-] Hash Ring: Node 30c9698db6bf527db2d3f0930ecd2d6c (host: np0000186477) handling event "update" for row 594d355f-fe57-415e-a70e-5ff0326ae7a5 (table: NB_Global) {{(pid=101368) notify /opt/stack/neutron/neutron/plugins/ml2/drivers/ovn/mech_driver/ovsdb/ovsdb_monitor.py:1013}}
Jul 24 00:50:11.871789 np0000186477 devstack@neutron-api.service[101368]: DEBUG neutron.plugins.ml2.drivers.ovn.mech_driver.ovsdb.ovsdb_monitor [-] Hash Ring: Node 30c9698db6bf527db2d3f0930ecd2d6c (host: np0000186477) handling event "update" for row 594d355f-fe57-415e-a70e-5ff0326ae7a5 (table: NB_Global) {{(pid=101368) notify /opt/stack/neutron/neutron/plugins/ml2/drivers/ovn/mech_driver/ovsdb/ovsdb_monitor.py:1013}}
Jul 24 00:50:11.871963 np0000186477 devstack@neutron-api.service[101366]: DEBUG neutron.api.rpc.callbacks.version_manager [None req-2feed92a-ab05-467b-929a-48b076438820 admin admin] Tracked resource versions report:
Jul 24 00:50:11.871963 np0000186477 devstack@neutron-api.service[101366]: pushed versions:
Jul 24 00:50:11.871963 np0000186477 devstack@neutron-api.service[101366]: { 'AddressGroup': {'1.2'},
Jul 24 00:50:11.871963 np0000186477 devstack@neutron-api.service[101366]: 'Agent': {'1.1'},
Jul 24 00:50:11.871963 np0000186477 devstack@neutron-api.service[101366]: 'ConntrackHelper': {'1.0'},
Jul 24 00:50:11.871963 np0000186477 devstack@neutron-api.service[101366]: 'LocalIPAssociation': {'1.0'},
Jul 24 00:50:11.871963 np0000186477 devstack@neutron-api.service[101366]: 'Log': {'1.0'},
Jul 24 00:50:11.871963 np0000186477 devstack@neutron-api.service[101366]: 'NDPProxy': {'1.0'},
Jul 24 00:50:11.871963 np0000186477 devstack@neutron-api.service[101366]: 'Network': {'1.3'},
Jul 24 00:50:11.871963 np0000186477 devstack@neutron-api.service[101366]: 'Port': {'1.11'},
Jul 24 00:50:11.871963 np0000186477 devstack@neutron-api.service[101366]: 'PortForwarding': {'1.3'},
Jul 24 00:50:11.871963 np0000186477 devstack@neutron-api.service[101366]: 'QosPolicy': {'1.10'},
Jul 24 00:50:11.871963 np0000186477 devstack@neutron-api.service[101366]: 'SecurityGroup': {'1.6'},
Jul 24 00:50:11.871963 np0000186477 devstack@neutron-api.service[101366]: 'SecurityGroupRule': {'1.3'},
Jul 24 00:50:11.871963 np0000186477 devstack@neutron-api.service[101366]: 'SubPort': {'1.0'},
Jul 24 00:50:11.871963 np0000186477 devstack@neutron-api.service[101366]: 'Subnet': {'1.2'},
Jul 24 00:50:11.871963 np0000186477 devstack@neutron-api.service[101366]: 'Trunk': {'1.1'}}
Jul 24 00:50:11.871963 np0000186477 devstack@neutron-api.service[101366]: consumer versions:
Jul 24 00:50:11.871963 np0000186477 devstack@neutron-api.service[101366]: {}
Jul 24 00:50:11.871963 np0000186477 devstack@neutron-api.service[101366]: {{(pid=101366) report /opt/stack/neutron/neutron/api/rpc/callbacks/version_manager.py:183}}
Jul 24 00:50:11.874436 np0000186477 devstack@neutron-api.service[101368]: DEBUG ovsdbapp.backend.ovs_idl.event [-] Matched UPDATE: ChassisAgentWriteEvent(events=('create', 'update'), table='Chassis_Private', conditions=None, old_conditions=None), priority=20 to row=Chassis_Private(uuid=00b66009-982b-401d-8acb-ba82095f9d62, chassis=e50805eb-4d17-450f-b2fa-129402235671, external_ids={'neutron:ovn-bridge': 'br-int', 'neutron:ovn-neutron-agent-id': '5f36aafb-8371-528c-9bfa-1dbc7ee4cb1c', 'neutron:ovn-neutron-agent-sb-cfg': '0'}, name='7c9b0c77-356e-4fc6-aaf6-614a2fbeb66b', nb_cfg=1, nb_cfg_timestamp=1784854211869) old=Chassis_Private(uuid=00b66009-982b-401d-8acb-ba82095f9d62, nb_cfg=0, nb_cfg_timestamp=0) {{(pid=101368) matches /opt/stack/data/venv/lib/python3.12/site-packages/ovsdbapp/backend/ovs_idl/event.py:55}}
Jul 24 00:50:11.875027 np0000186477 devstack@neutron-api.service[101369]: DEBUG ovsdbapp.backend.ovs_idl.event [-] Matched UPDATE: ChassisAgentWriteEvent(events=('create', 'update'), table='Chassis_Private', conditions=None, old_conditions=None), priority=20 to row=Chassis_Private(uuid=00b66009-982b-401d-8acb-ba82095f9d62, chassis=e50805eb-4d17-450f-b2fa-129402235671, external_ids={'neutron:ovn-bridge': 'br-int', 'neutron:ovn-neutron-agent-id': '5f36aafb-8371-528c-9bfa-1dbc7ee4cb1c', 'neutron:ovn-neutron-agent-sb-cfg': '0'}, name='7c9b0c77-356e-4fc6-aaf6-614a2fbeb66b', nb_cfg=1, nb_cfg_timestamp=1784854211869) old=Chassis_Private(uuid=00b66009-982b-401d-8acb-ba82095f9d62, nb_cfg=0, nb_cfg_timestamp=0) {{(pid=101369) matches /opt/stack/data/venv/lib/python3.12/site-packages/ovsdbapp/backend/ovs_idl/event.py:55}}
Jul 24 00:50:11.876298 np0000186477 devstack@neutron-api.service[101369]: DEBUG neutron.plugins.ml2.drivers.ovn.mech_driver.ovsdb.ovsdb_monitor [-] Hash Ring: Node e8c2796d9b775aa4883748d48a98a04a (host: np0000186477) handling event "update" for row 00b66009-982b-401d-8acb-ba82095f9d62 (table: Chassis_Private) {{(pid=101369) notify /opt/stack/neutron/neutron/plugins/ml2/drivers/ovn/mech_driver/ovsdb/ovsdb_monitor.py:1013}}
Jul 24 00:50:11.878425 np0000186477 devstack@neutron-api.service[101368]: DEBUG neutron.plugins.ml2.drivers.ovn.mech_driver.ovsdb.ovsdb_monitor [-] Hash Ring: Node 30c9698db6bf527db2d3f0930ecd2d6c (host: np0000186477) handling event "update" for row 594d355f-fe57-415e-a70e-5ff0326ae7a5 (table: NB_Global) {{(pid=101368) notify /opt/stack/neutron/neutron/plugins/ml2/drivers/ovn/mech_driver/ovsdb/ovsdb_monitor.py:1013}}
Jul 24 00:50:11.880188 np0000186477 devstack@neutron-api.service[101366]: DEBUG ovsdbapp.backend.ovs_idl.event [-] Matched UPDATE: ChassisAgentWriteEvent(events=('create', 'update'), table='Chassis_Private', conditions=None, old_conditions=None), priority=20 to row=Chassis_Private(uuid=00b66009-982b-401d-8acb-ba82095f9d62, chassis=e50805eb-4d17-450f-b2fa-129402235671, external_ids={'neutron:ovn-bridge': 'br-int', 'neutron:ovn-neutron-agent-id': '5f36aafb-8371-528c-9bfa-1dbc7ee4cb1c', 'neutron:ovn-neutron-agent-sb-cfg': '0'}, name='7c9b0c77-356e-4fc6-aaf6-614a2fbeb66b', nb_cfg=1, nb_cfg_timestamp=1784854211869) old=Chassis_Private(uuid=00b66009-982b-401d-8acb-ba82095f9d62, nb_cfg=0, nb_cfg_timestamp=0) {{(pid=101366) matches /opt/stack/data/venv/lib/python3.12/site-packages/ovsdbapp/backend/ovs_idl/event.py:55}}
Jul 24 00:50:11.880380 np0000186477 devstack@neutron-api.service[101368]: DEBUG neutron.plugins.ml2.drivers.ovn.mech_driver.ovsdb.ovsdb_monitor [-] Hash Ring: Node 30c9698db6bf527db2d3f0930ecd2d6c (host: np0000186477) handling event "update" for row 594d355f-fe57-415e-a70e-5ff0326ae7a5 (table: NB_Global) {{(pid=101368) notify /opt/stack/neutron/neutron/plugins/ml2/drivers/ovn/mech_driver/ovsdb/ovsdb_monitor.py:1013}}
Jul 24 00:50:11.880558 np0000186477 devstack@neutron-api.service[101367]: DEBUG ovsdbapp.backend.ovs_idl.event [-] Matched UPDATE: ChassisAgentWriteEvent(events=('create', 'update'), table='Chassis_Private', conditions=None, old_conditions=None), priority=20 to row=Chassis_Private(uuid=00b66009-982b-401d-8acb-ba82095f9d62, chassis=e50805eb-4d17-450f-b2fa-129402235671, external_ids={'neutron:ovn-bridge': 'br-int', 'neutron:ovn-neutron-agent-id': '5f36aafb-8371-528c-9bfa-1dbc7ee4cb1c', 'neutron:ovn-neutron-agent-sb-cfg': '0'}, name='7c9b0c77-356e-4fc6-aaf6-614a2fbeb66b', nb_cfg=1, nb_cfg_timestamp=1784854211869) old=Chassis_Private(uuid=00b66009-982b-401d-8acb-ba82095f9d62, nb_cfg=0, nb_cfg_timestamp=0) {{(pid=101367) matches /opt/stack/data/venv/lib/python3.12/site-packages/ovsdbapp/backend/ovs_idl/event.py:55}}
Jul 24 00:50:11.881076 np0000186477 devstack@neutron-api.service[101366]: DEBUG neutron.plugins.ml2.drivers.ovn.mech_driver.ovsdb.ovsdb_monitor [-] Hash Ring: Node 094c2b824fba571ca71a17a671bb3895 (host: np0000186477) handling event "update" for row 594d355f-fe57-415e-a70e-5ff0326ae7a5 (table: NB_Global) {{(pid=101366) notify /opt/stack/neutron/neutron/plugins/ml2/drivers/ovn/mech_driver/ovsdb/ovsdb_monitor.py:1013}}
Jul 24 00:50:11.881232 np0000186477 devstack@neutron-api.service[101368]: DEBUG neutron.common.ovn.hash_ring_manager [-] Allow caching, nodes 4>=4 {{(pid=101368) _wait_startup_before_caching /opt/stack/neutron/neutron/common/ovn/hash_ring_manager.py:71}}
Jul 24 00:50:11.881694 np0000186477 devstack@neutron-api.service[101368]: DEBUG neutron.plugins.ml2.drivers.ovn.mech_driver.ovsdb.ovsdb_monitor [-] Hash Ring: Node 30c9698db6bf527db2d3f0930ecd2d6c (host: np0000186477) handling event "update" for row 00b66009-982b-401d-8acb-ba82095f9d62 (table: Chassis_Private) {{(pid=101368) notify /opt/stack/neutron/neutron/plugins/ml2/drivers/ovn/mech_driver/ovsdb/ovsdb_monitor.py:1013}}
Jul 24 00:50:11.883098 np0000186477 devstack@neutron-api.service[101367]: DEBUG ovsdbapp.backend.ovs_idl.event [-] Matched UPDATE: ChassisOVNAgentWriteEvent(events=('create', 'update'), table='Chassis_Private', conditions=None, old_conditions=None), priority=20 to row=Chassis_Private(uuid=00b66009-982b-401d-8acb-ba82095f9d62, chassis=e50805eb-4d17-450f-b2fa-129402235671, external_ids={'neutron:ovn-bridge': 'br-int', 'neutron:ovn-neutron-agent-id': '5f36aafb-8371-528c-9bfa-1dbc7ee4cb1c', 'neutron:ovn-neutron-agent-sb-cfg': '1'}, name='7c9b0c77-356e-4fc6-aaf6-614a2fbeb66b', nb_cfg=1, nb_cfg_timestamp=1784854211869) old=Chassis_Private(uuid=00b66009-982b-401d-8acb-ba82095f9d62, external_ids={'neutron:ovn-bridge': 'br-int', 'neutron:ovn-neutron-agent-id': '5f36aafb-8371-528c-9bfa-1dbc7ee4cb1c', 'neutron:ovn-neutron-agent-sb-cfg': '0'}) {{(pid=101367) matches /opt/stack/data/venv/lib/python3.12/site-packages/ovsdbapp/backend/ovs_idl/event.py:55}}
Jul 24 00:50:11.883886 np0000186477 devstack@neutron-api.service[101369]: DEBUG ovsdbapp.backend.ovs_idl.event [-] Matched UPDATE: ChassisOVNAgentWriteEvent(events=('create', 'update'), table='Chassis_Private', conditions=None, old_conditions=None), priority=20 to row=Chassis_Private(uuid=00b66009-982b-401d-8acb-ba82095f9d62, chassis=e50805eb-4d17-450f-b2fa-129402235671, external_ids={'neutron:ovn-bridge': 'br-int', 'neutron:ovn-neutron-agent-id': '5f36aafb-8371-528c-9bfa-1dbc7ee4cb1c', 'neutron:ovn-neutron-agent-sb-cfg': '1'}, name='7c9b0c77-356e-4fc6-aaf6-614a2fbeb66b', nb_cfg=1, nb_cfg_timestamp=1784854211869) old=Chassis_Private(uuid=00b66009-982b-401d-8acb-ba82095f9d62, external_ids={'neutron:ovn-bridge': 'br-int', 'neutron:ovn-neutron-agent-id': '5f36aafb-8371-528c-9bfa-1dbc7ee4cb1c', 'neutron:ovn-neutron-agent-sb-cfg': '0'}) {{(pid=101369) matches /opt/stack/data/venv/lib/python3.12/site-packages/ovsdbapp/backend/ovs_idl/event.py:55}}
Jul 24 00:50:11.884208 np0000186477 devstack@neutron-api.service[101366]: DEBUG ovsdbapp.backend.ovs_idl.event [-] Matched UPDATE: ChassisOVNAgentWriteEvent(events=('create', 'update'), table='Chassis_Private', conditions=None, old_conditions=None), priority=20 to row=Chassis_Private(uuid=00b66009-982b-401d-8acb-ba82095f9d62, chassis=e50805eb-4d17-450f-b2fa-129402235671, external_ids={'neutron:ovn-bridge': 'br-int', 'neutron:ovn-neutron-agent-id': '5f36aafb-8371-528c-9bfa-1dbc7ee4cb1c', 'neutron:ovn-neutron-agent-sb-cfg': '1'}, name='7c9b0c77-356e-4fc6-aaf6-614a2fbeb66b', nb_cfg=1, nb_cfg_timestamp=1784854211869) old=Chassis_Private(uuid=00b66009-982b-401d-8acb-ba82095f9d62, external_ids={'neutron:ovn-bridge': 'br-int', 'neutron:ovn-neutron-agent-id': '5f36aafb-8371-528c-9bfa-1dbc7ee4cb1c', 'neutron:ovn-neutron-agent-sb-cfg': '0'}) {{(pid=101366) matches /opt/stack/data/venv/lib/python3.12/site-packages/ovsdbapp/backend/ovs_idl/event.py:55}}
Jul 24 00:50:11.884313 np0000186477 devstack@neutron-api.service[101369]: DEBUG neutron.plugins.ml2.drivers.ovn.mech_driver.ovsdb.ovsdb_monitor [-] Hash Ring: Node e8c2796d9b775aa4883748d48a98a04a (host: np0000186477) handling event "update" for row 00b66009-982b-401d-8acb-ba82095f9d62 (table: Chassis_Private) {{(pid=101369) notify /opt/stack/neutron/neutron/plugins/ml2/drivers/ovn/mech_driver/ovsdb/ovsdb_monitor.py:1013}}
Jul 24 00:50:11.886645 np0000186477 devstack@neutron-api.service[101366]: DEBUG neutron.plugins.ml2.drivers.ovn.mech_driver.ovsdb.ovsdb_monitor [-] Hash Ring: Node 094c2b824fba571ca71a17a671bb3895 (host: np0000186477) handling event "update" for row 594d355f-fe57-415e-a70e-5ff0326ae7a5 (table: NB_Global) {{(pid=101366) notify /opt/stack/neutron/neutron/plugins/ml2/drivers/ovn/mech_driver/ovsdb/ovsdb_monitor.py:1013}}
Jul 24 00:50:11.887413 np0000186477 devstack@neutron-api.service[101368]: DEBUG ovsdbapp.backend.ovs_idl.event [-] Matched UPDATE: ChassisOVNAgentWriteEvent(events=('create', 'update'), table='Chassis_Private', conditions=None, old_conditions=None), priority=20 to row=Chassis_Private(uuid=00b66009-982b-401d-8acb-ba82095f9d62, chassis=e50805eb-4d17-450f-b2fa-129402235671, external_ids={'neutron:ovn-bridge': 'br-int', 'neutron:ovn-neutron-agent-id': '5f36aafb-8371-528c-9bfa-1dbc7ee4cb1c', 'neutron:ovn-neutron-agent-sb-cfg': '1'}, name='7c9b0c77-356e-4fc6-aaf6-614a2fbeb66b', nb_cfg=1, nb_cfg_timestamp=1784854211869) old=Chassis_Private(uuid=00b66009-982b-401d-8acb-ba82095f9d62, external_ids={'neutron:ovn-bridge': 'br-int', 'neutron:ovn-neutron-agent-id': '5f36aafb-8371-528c-9bfa-1dbc7ee4cb1c', 'neutron:ovn-neutron-agent-sb-cfg': '0'}) {{(pid=101368) matches /opt/stack/data/venv/lib/python3.12/site-packages/ovsdbapp/backend/ovs_idl/event.py:55}}
Jul 24 00:50:11.888013 np0000186477 devstack@neutron-api.service[101366]: DEBUG neutron.plugins.ml2.drivers.ovn.mech_driver.ovsdb.ovsdb_monitor [-] Hash Ring: Node 094c2b824fba571ca71a17a671bb3895 (host: np0000186477) handling event "update" for row 594d355f-fe57-415e-a70e-5ff0326ae7a5 (table: NB_Global) {{(pid=101366) notify /opt/stack/neutron/neutron/plugins/ml2/drivers/ovn/mech_driver/ovsdb/ovsdb_monitor.py:1013}}
Jul 24 00:50:11.888581 np0000186477 devstack@neutron-api.service[101368]: DEBUG neutron.plugins.ml2.drivers.ovn.mech_driver.ovsdb.ovsdb_monitor [-] Hash Ring: Node 30c9698db6bf527db2d3f0930ecd2d6c (host: np0000186477) handling event "update" for row 00b66009-982b-401d-8acb-ba82095f9d62 (table: Chassis_Private) {{(pid=101368) notify /opt/stack/neutron/neutron/plugins/ml2/drivers/ovn/mech_driver/ovsdb/ovsdb_monitor.py:1013}}
Jul 24 00:50:11.938413 np0000186477 devstack@neutron-api.service[101366]: DEBUG neutron.plugins.ml2.drivers.helpers [None req-2feed92a-ab05-467b-929a-48b076438820 admin admin] geneve segment allocate from pool success with {'geneve_vni': 11101} {{(pid=101366) allocate_partially_specified_segment /opt/stack/neutron/neutron/plugins/ml2/drivers/helpers.py:142}}
Jul 24 00:50:11.949056 np0000186477 devstack@neutron-api.service[101366]: DEBUG neutron_lib.callbacks.manager [None req-2feed92a-ab05-467b-929a-48b076438820 admin admin] Publish callbacks ['neutron.services.segments.db._add_segment_host_mapping_for_segment-8794473525088', 'neutron.plugins.ml2.plugin.Ml2Plugin._handle_segment_change-189941'] for segment (459bf9f5-0bc6-486e-b019-57cf56577d6e), precommit_create {{(pid=101366) _notify_loop /opt/stack/data/venv/lib/python3.12/site-packages/neutron_lib/callbacks/manager.py:184}}
Jul 24 00:50:11.949201 np0000186477 devstack@neutron-api.service[101366]: INFO neutron.db.segments_db [None req-2feed92a-ab05-467b-929a-48b076438820 admin admin] Added segment 459bf9f5-0bc6-486e-b019-57cf56577d6e of type geneve for network cf295c12-2ed3-4cc8-b8fc-c109ef696820
Jul 24 00:50:11.992285 np0000186477 devstack@neutron-api.service[101366]: DEBUG neutron_lib.callbacks.manager [None req-2feed92a-ab05-467b-929a-48b076438820 admin admin] Publish callbacks ['neutron.services.auto_allocate.db._ensure_external_network_default_value_callback-8794470880500'] for network (cf295c12-2ed3-4cc8-b8fc-c109ef696820), precommit_create {{(pid=101366) _notify_loop /opt/stack/data/venv/lib/python3.12/site-packages/neutron_lib/callbacks/manager.py:184}}
Jul 24 00:50:12.009037 np0000186477 devstack@neutron-api.service[101366]: DEBUG neutron.plugins.ml2.drivers.ovn.mech_driver.mech_driver [None req-2feed92a-ab05-467b-929a-48b076438820 admin admin] Validating network segment with type geneve, segmentation ID 11101, physical network None {{(pid=101366) _validate_network_segments /opt/stack/neutron/neutron/plugins/ml2/drivers/ovn/mech_driver/mech_driver.py:646}}
Jul 24 00:50:12.009176 np0000186477 devstack@neutron-api.service[101366]: DEBUG neutron.db.ovn_revision_numbers_db [None req-2feed92a-ab05-467b-929a-48b076438820 admin admin] create_initial_revision uuid=cf295c12-2ed3-4cc8-b8fc-c109ef696820, type=networks, rev=-1 {{(pid=101366) create_initial_revision /opt/stack/neutron/neutron/db/ovn_revision_numbers_db.py:98}}
Jul 24 00:50:12.029091 np0000186477 devstack@neutron-api.service[101366]: DEBUG neutron_lib.callbacks.manager [None req-2feed92a-ab05-467b-929a-48b076438820 admin admin] Publish callbacks ['neutron.plugins.ml2.ovo_rpc._ObjectChangeHandler.handle_event-2746791'] for network (cf295c12-2ed3-4cc8-b8fc-c109ef696820), after_create {{(pid=101366) _notify_loop /opt/stack/data/venv/lib/python3.12/site-packages/neutron_lib/callbacks/manager.py:184}}
Jul 24 00:50:12.079730 np0000186477 devstack@neutron-api.service[101366]: DEBUG neutron.api.rpc.handlers.resources_rpc [None req-2feed92a-ab05-467b-929a-48b076438820 admin admin] Pushing event updated for resources: {'Network': ['ID=cf295c12-2ed3-4cc8-b8fc-c109ef696820,revision_number=1']} {{(pid=101366) push /opt/stack/neutron/neutron/api/rpc/handlers/resources_rpc.py:237}}
Jul 24 00:50:12.089284 np0000186477 devstack@neutron-api.service[101366]: DEBUG ovsdbapp.backend.ovs_idl.transaction [-] Running txn n=1 command(idx=0): AddNetworkCommand(_result=None, network_uuid=cf295c12-2ed3-4cc8-b8fc-c109ef696820, may_exist=True, columns={'external_ids': {'neutron:network_name': 'private', 'neutron:mtu': '1372', 'neutron:revision_number': '1', 'neutron:availability_zone_hints': '', 'neutron:provnet-network-type': 'geneve'}, 'other_config': {'mcast_snoop': 'false', 'mcast_flood_unregistered': 'false', 'vlan-passthru': 'false'}}) {{(pid=101366) do_commit /opt/stack/data/venv/lib/python3.12/site-packages/ovsdbapp/backend/ovs_idl/transaction.py:89}}
Jul 24 00:50:12.090299 np0000186477 devstack@neutron-api.service[101366]: DEBUG neutron.common.ovn.utils [-] OVS persist_uuid supported=True {{(pid=101366) ovs_persist_uuid_supported /opt/stack/neutron/neutron/common/ovn/utils.py:1565}}
Jul 24 00:50:12.094793 np0000186477 devstack@neutron-api.service[101366]: DEBUG neutron.plugins.ml2.drivers.ovn.mech_driver.ovsdb.ovsdb_monitor [-] Hash Ring: Node 094c2b824fba571ca71a17a671bb3895 (host: np0000186477) handling event "create" for row cf295c12-2ed3-4cc8-b8fc-c109ef696820 (table: Logical_Switch) {{(pid=101366) notify /opt/stack/neutron/neutron/plugins/ml2/drivers/ovn/mech_driver/ovsdb/ovsdb_monitor.py:1013}}
Jul 24 00:50:12.096629 np0000186477 devstack@neutron-api.service[101368]: DEBUG neutron.plugins.ml2.drivers.ovn.mech_driver.ovsdb.ovsdb_monitor [-] Hash Ring: Node 30c9698db6bf527db2d3f0930ecd2d6c (host: np0000186477) handling event "create" for row cf295c12-2ed3-4cc8-b8fc-c109ef696820 (table: Logical_Switch) {{(pid=101368) notify /opt/stack/neutron/neutron/plugins/ml2/drivers/ovn/mech_driver/ovsdb/ovsdb_monitor.py:1013}}
