2026-07-16 01:38:01.409 7 INFO placement.requestlog [None req-3bc26d95-ac8d-4e79-941f-ad4c9f6b883d a5650080bf31489ab81b5e34baa76496 f52321f44c9d4598bcfab2b1d8ebeef8 - - 0ba0a0bc9aec49358965e86f3e9cedcb 0ba0a0bc9aec49358965e86f3e9cedcb] 10.0.0.136 "GET /resource_providers/b9b92d94-de70-486b-884f-fbc6dbe701f7/aggregates" status: 404 len: 235 microversion: 1.1 [pid: 7|app: 0|req: 437/875] 10.0.0.136 () {32 vars in 816 bytes} [Thu Jul 16 01:38:01 2026] GET /resource_providers/b9b92d94-de70-486b-884f-fbc6dbe701f7/aggregates => generated 235 bytes in 8 msecs (HTTP/1.1 404) 5 headers in 202 bytes (1 switches on core 0)
2026-07-16 01:38:01.414 8 INFO placement.requestlog [None req-916c4611-4ad4-4d23-bb38-2bb39dd68ef2 a5650080bf31489ab81b5e34baa76496 f52321f44c9d4598bcfab2b1d8ebeef8 - - 0ba0a0bc9aec49358965e86f3e9cedcb 0ba0a0bc9aec49358965e86f3e9cedcb] 10.0.0.136 "GET /resource_providers/b9b92d94-de70-486b-884f-fbc6dbe701f7/aggregates" status: 404 len: 235 microversion: 1.1 [pid: 8|app: 0|req: 439/876] 10.0.0.136 () {32 vars in 816 bytes} [Thu Jul 16 01:38:01 2026] GET /resource_providers/b9b92d94-de70-486b-884f-fbc6dbe701f7/aggregates => generated 235 bytes in 12 msecs (HTTP/1.1 404) 5 headers in 202 bytes (1 switches on core 0)
2026-07-16 01:38:01.430 7 INFO placement.requestlog [None req-e6ec02c5-81e3-4ff9-b570-1afb3cdb6cd3 a5650080bf31489ab81b5e34baa76496 f52321f44c9d4598bcfab2b1d8ebeef8 - - 0ba0a0bc9aec49358965e86f3e9cedcb 0ba0a0bc9aec49358965e86f3e9cedcb] 10.0.0.136 "DELETE /resource_providers/b9b92d94-de70-486b-884f-fbc6dbe701f7" status: 404 len: 246 microversion: 1.1 [pid: 7|app: 0|req: 438/877] 10.0.0.136 () {34 vars in 816 bytes} [Thu Jul 16 01:38:01 2026] DELETE /resource_providers/b9b92d94-de70-486b-884f-fbc6dbe701f7 => generated 246 bytes in 11 msecs (HTTP/1.1 404) 6 headers in 231 bytes (1 switches on core 0)
2026-07-16 01:38:01.444 8 INFO placement.requestlog [None req-5e1a0699-5fdc-4068-b2a7-b946236310c5 a5650080bf31489ab81b5e34baa76496 f52321f44c9d4598bcfab2b1d8ebeef8 - - 0ba0a0bc9aec49358965e86f3e9cedcb 0ba0a0bc9aec49358965e86f3e9cedcb] 10.0.0.136 "DELETE /resource_providers/b9b92d94-de70-486b-884f-fbc6dbe701f7" status: 404 len: 246 microversion: 1.1 [pid: 8|app: 0|req: 440/878] 10.0.0.136 () {34 vars in 816 bytes} [Thu Jul 16 01:38:01 2026] DELETE /resource_providers/b9b92d94-de70-486b-884f-fbc6dbe701f7 => generated 246 bytes in 18 msecs (HTTP/1.1 404) 6 headers in 231 bytes (1 switches on core 0)
2026-07-16 01:38:03.436 7 INFO placement.requestlog [None req-e6b52b9c-afb5-4606-abcc-892ecc3b6b42 - - - - - -] 10.0.0.204 "GET /" status: 200 len: 136 microversion: 1.0
2026-07-16 01:38:03.436 8 INFO placement.requestlog [None req-040481ff-7ed3-49b3-866a-dd0f227dcd40 - - - - - -] 10.0.0.204 "GET /" status: 200 len: 136 microversion: 1.0
2026-07-16 01:38:06.006 7 INFO placement.requestlog [req-8eb03c80-99a5-4260-b7b0-b4eed1daa0a4 req-a14a5ff7-1c91-4243-a795-f1940a42757d 59c4491f045e4743bd40230291fe91ce f52321f44c9d4598bcfab2b1d8ebeef8 - - 0ba0a0bc9aec49358965e86f3e9cedcb 0ba0a0bc9aec49358965e86f3e9cedcb] 199.204.45.238 "GET /resource_providers/8a7a1909-712f-4f61-853a-16f88c098d8c/allocations" status: 200 len: 152 microversion: 1.0 [pid: 7|app: 0|req: 440/881] 199.204.45.238 () {32 vars in 857 bytes} [Thu Jul 16 01:38:05 2026] GET /resource_providers/8a7a1909-712f-4f61-853a-16f88c098d8c/allocations => generated 152 bytes in 33 msecs (HTTP/1.1 200) 6 headers in 224 bytes (1 switches on core 0)
2026-07-16 01:38:06.058 8 INFO placement.requestlog [req-8eb03c80-99a5-4260-b7b0-b4eed1daa0a4 req-c4f0e711-4c22-4012-811b-79cb527978ac 59c4491f045e4743bd40230291fe91ce f52321f44c9d4598bcfab2b1d8ebeef8 - - 0ba0a0bc9aec49358965e86f3e9cedcb 0ba0a0bc9aec49358965e86f3e9cedcb] 199.204.45.238 "GET /resource_providers/8a7a1909-712f-4f61-853a-16f88c098d8c/allocations" status: 200 len: 152 microversion: 1.0 [pid: 8|app: 0|req: 442/882] 199.204.45.238 () {32 vars in 857 bytes} [Thu Jul 16 01:38:06 2026] GET /resource_providers/8a7a1909-712f-4f61-853a-16f88c098d8c/allocations => generated 152 bytes in 41 msecs (HTTP/1.1 200) 6 headers in 224 bytes (1 switches on core 0)
2026-07-16 01:38:06.087 7 INFO placement.requestlog [req-8eb03c80-99a5-4260-b7b0-b4eed1daa0a4 req-c44a8964-8a5f-4c2b-b2dd-5ddd9171a5f7 59c4491f045e4743bd40230291fe91ce f52321f44c9d4598bcfab2b1d8ebeef8 - - 0ba0a0bc9aec49358965e86f3e9cedcb 0ba0a0bc9aec49358965e86f3e9cedcb] 199.204.45.238 "GET /allocations/ae2b3326-6bbf-4eb4-b873-a8bfd6c6431a" status: 200 len: 257 microversion: 1.28 [pid: 7|app: 0|req: 441/883] 199.204.45.238 () {34 vars in 863 bytes} [Thu Jul 16 01:38:06 2026] GET /allocations/ae2b3326-6bbf-4eb4-b873-a8bfd6c6431a => generated 257 bytes in 16 msecs (HTTP/1.1 200) 8 headers in 296 bytes (1 switches on core 0)
2026-07-16 01:38:09.838 8 INFO placement.requestlog [req-ea9b93bc-d197-4acd-90e4-eded550de463 req-8f721f5d-57de-4bbf-9b9f-aa3d26a2d345 59c4491f045e4743bd40230291fe91ce f52321f44c9d4598bcfab2b1d8ebeef8 - - 0ba0a0bc9aec49358965e86f3e9cedcb 0ba0a0bc9aec49358965e86f3e9cedcb] 199.204.45.238 "GET /resource_providers/8a7a1909-712f-4f61-853a-16f88c098d8c/allocations" status: 200 len: 152 microversion: 1.0 [pid: 8|app: 0|req: 443/884] 199.204.45.238 () {32 vars in 857 bytes} [Thu Jul 16 01:38:09 2026] GET /resource_providers/8a7a1909-712f-4f61-853a-16f88c098d8c/allocations => generated 152 bytes in 27 msecs (HTTP/1.1 200) 6 headers in 224 bytes (1 switches on core 0)
2026-07-16 01:38:09.862 7 INFO placement.requestlog [req-ea9b93bc-d197-4acd-90e4-eded550de463 req-55edb248-fdef-4a4d-8993-cbe3f30b3da9 59c4491f045e4743bd40230291fe91ce f52321f44c9d4598bcfab2b1d8ebeef8 - - 0ba0a0bc9aec49358965e86f3e9cedcb 0ba0a0bc9aec49358965e86f3e9cedcb] 199.204.45.238 "GET /allocations/ae2b3326-6bbf-4eb4-b873-a8bfd6c6431a" status: 200 len: 257 microversion: 1.28 [pid: 7|app: 0|req: 442/885] 199.204.45.238 () {34 vars in 863 bytes} [Thu Jul 16 01:38:09 2026] GET /allocations/ae2b3326-6bbf-4eb4-b873-a8bfd6c6431a => generated 257 bytes in 15 msecs (HTTP/1.1 200) 8 headers in 296 bytes (1 switches on core 0)
2026-07-16 01:38:09.945 8 INFO placement.requestlog [req-ea9b93bc-d197-4acd-90e4-eded550de463 req-8ecfd36e-e8af-4576-ae23-b95b7bb3cee1 59c4491f045e4743bd40230291fe91ce f52321f44c9d4598bcfab2b1d8ebeef8 - - 0ba0a0bc9aec49358965e86f3e9cedcb 0ba0a0bc9aec49358965e86f3e9cedcb] 199.204.45.238 "DELETE /allocations/ae2b3326-6bbf-4eb4-b873-a8bfd6c6431a" status: 204 len: 0 microversion: 1.0 [pid: 8|app: 0|req: 444/886] 199.204.45.238 () {34 vars in 841 bytes} [Thu Jul 16 01:38:09 2026] DELETE /allocations/ae2b3326-6bbf-4eb4-b873-a8bfd6c6431a => generated 0 bytes in 24 msecs (HTTP/1.1 204) 5 headers in 198 bytes (1 switches on core 0)
2026-07-16 01:38:12.951 7 INFO placement.requestlog [None req-b39befc0-9fff-4eeb-b439-5a7a9e50e036 a5650080bf31489ab81b5e34baa76496 f52321f44c9d4598bcfab2b1d8ebeef8 - - 0ba0a0bc9aec49358965e86f3e9cedcb 0ba0a0bc9aec49358965e86f3e9cedcb] 10.0.0.136 "GET /resource_providers/f54a1a9c-68e9-4c2f-8092-7a97b18cd357/aggregates" status: 404 len: 235 microversion: 1.1 [pid: 7|app: 0|req: 443/887] 10.0.0.136 () {32 vars in 816 bytes} [Thu Jul 16 01:38:12 2026] GET /resource_providers/f54a1a9c-68e9-4c2f-8092-7a97b18cd357/aggregates => generated 235 bytes in 15 msecs (HTTP/1.1 404) 5 headers in 202 bytes (1 switches on core 0)
2026-07-16 01:38:12.955 8 INFO placement.requestlog [None req-0501ea19-c9c9-4a29-ae01-45cc7f79c0b1 a5650080bf31489ab81b5e34baa76496 f52321f44c9d4598bcfab2b1d8ebeef8 - - 0ba0a0bc9aec49358965e86f3e9cedcb 0ba0a0bc9aec49358965e86f3e9cedcb] 10.0.0.136 "GET /resource_providers/f54a1a9c-68e9-4c2f-8092-7a97b18cd357/aggregates" status: 404 len: 235 microversion: 1.1 [pid: 8|app: 0|req: 445/888] 10.0.0.136 () {32 vars in 816 bytes} [Thu Jul 16 01:38:12 2026] GET /resource_providers/f54a1a9c-68e9-4c2f-8092-7a97b18cd357/aggregates => generated 235 bytes in 12 msecs (HTTP/1.1 404) 5 headers in 202 bytes (1 switches on core 0)
2026-07-16 01:38:12.991 8 INFO placement.requestlog [None req-c9fe9552-7461-4bb2-b7d9-95b42032f942 a5650080bf31489ab81b5e34baa76496 f52321f44c9d4598bcfab2b1d8ebeef8 - - 0ba0a0bc9aec49358965e86f3e9cedcb 0ba0a0bc9aec49358965e86f3e9cedcb] 10.0.0.136 "DELETE /resource_providers/f54a1a9c-68e9-4c2f-8092-7a97b18cd357" status: 404 len: 246 microversion: 1.1 [pid: 8|app: 0|req: 446/889] 10.0.0.136 () {34 vars in 816 bytes} [Thu Jul 16 01:38:12 2026] DELETE /resource_providers/f54a1a9c-68e9-4c2f-8092-7a97b18cd357 => generated 246 bytes in 12 msecs (HTTP/1.1 404) 6 headers in 231 bytes (1 switches on core 0)
2026-07-16 01:38:12.993 7 INFO placement.requestlog [None req-38a0ae8d-fbdc-42bf-b8f6-be23f715b4ed a5650080bf31489ab81b5e34baa76496 f52321f44c9d4598bcfab2b1d8ebeef8 - - 0ba0a0bc9aec49358965e86f3e9cedcb 0ba0a0bc9aec49358965e86f3e9cedcb] 10.0.0.136 "DELETE /resource_providers/f54a1a9c-68e9-4c2f-8092-7a97b18cd357" status: 404 len: 246 microversion: 1.1 [pid: 7|app: 0|req: 444/890] 10.0.0.136 () {34 vars in 816 bytes} [Thu Jul 16 01:38:12 2026] DELETE /resource_providers/f54a1a9c-68e9-4c2f-8092-7a97b18cd357 => generated 246 bytes in 22 msecs (HTTP/1.1 404) 6 headers in 231 bytes (1 switches on core 0)
2026-07-16 01:38:13.437 7 INFO placement.requestlog [None req-d1215d1b-39f3-4382-8c6a-45060bafd1f0 - - - - - -] 10.0.0.204 "GET /" status: 200 len: 136 microversion: 1.0
2026-07-16 01:38:13.441 8 INFO placement.requestlog [None req-0857fe46-9048-4a3c-b6d5-a1dfe1fb44c6 - - - - - -] 10.0.0.204 "GET /" status: 200 len: 136 microversion: 1.0
2026-07-16 01:38:14.038 7 INFO placement.requestlog [None req-7dc924a1-965b-4102-817b-6880009c620e a5650080bf31489ab81b5e34baa76496 f52321f44c9d4598bcfab2b1d8ebeef8 - - 0ba0a0bc9aec49358965e86f3e9cedcb 0ba0a0bc9aec49358965e86f3e9cedcb] 10.0.0.136 "GET /resource_providers/05c58ebb-78ba-485f-842e-bc51e447b6e9/aggregates" status: 404 len: 235 microversion: 1.1 [pid: 7|app: 0|req: 446/893] 10.0.0.136 () {32 vars in 816 bytes} [Thu Jul 16 01:38:14 2026] GET /resource_providers/05c58ebb-78ba-485f-842e-bc51e447b6e9/aggregates => generated 235 bytes in 15 msecs (HTTP/1.1 404) 5 headers in 202 bytes (1 switches on core 0)
2026-07-16 01:38:14.042 8 INFO placement.requestlog [None req-8ae4653e-57f3-42f1-84df-394caf486bea a5650080bf31489ab81b5e34baa76496 f52321f44c9d4598bcfab2b1d8ebeef8 - - 0ba0a0bc9aec49358965e86f3e9cedcb 0ba0a0bc9aec49358965e86f3e9cedcb] 10.0.0.136 "GET /resource_providers/05c58ebb-78ba-485f-842e-bc51e447b6e9/aggregates" status: 404 len: 235 microversion: 1.1 [pid: 8|app: 0|req: 448/894] 10.0.0.136 () {32 vars in 816 bytes} [Thu Jul 16 01:38:14 2026] GET /resource_providers/05c58ebb-78ba-485f-842e-bc51e447b6e9/aggregates => generated 235 bytes in 13 msecs (HTTP/1.1 404) 5 headers in 202 bytes (1 switches on core 0)
2026-07-16 01:38:14.067 8 INFO placement.requestlog [None req-039dda61-a1de-4ea4-8243-60a6d338dc18 a5650080bf31489ab81b5e34baa76496 f52321f44c9d4598bcfab2b1d8ebeef8 - - 0ba0a0bc9aec49358965e86f3e9cedcb 0ba0a0bc9aec49358965e86f3e9cedcb] 10.0.0.136 "DELETE /resource_providers/05c58ebb-78ba-485f-842e-bc51e447b6e9" status: 404 len: 246 microversion: 1.1
2026-07-16 01:38:14.067 7 INFO placement.requestlog [None req-28570c55-df6d-4454-bd3d-8092db70ce6e a5650080bf31489ab81b5e34baa76496 f52321f44c9d4598bcfab2b1d8ebeef8 - - 0ba0a0bc9aec49358965e86f3e9cedcb 0ba0a0bc9aec49358965e86f3e9cedcb] 10.0.0.136 "DELETE /resource_providers/05c58ebb-78ba-485f-842e-bc51e447b6e9" status: 404 len: 246 microversion: 1.1 [pid: 7|app: 0|req: 447/895] 10.0.0.136 () {34 vars in 816 bytes} [Thu Jul 16 01:38:14 2026] DELETE /resource_providers/05c58ebb-78ba-485f-842e-bc51e447b6e9 => generated 246 bytes in 13 msecs (HTTP/1.1 404) 6 headers in 231 bytes (1 switches on core 0) [pid: 8|app: 0|req: 449/896] 10.0.0.136 () {34 vars in 816 bytes} [Thu Jul 16 01:38:14 2026] DELETE /resource_providers/05c58ebb-78ba-485f-842e-bc51e447b6e9 => generated 246 bytes in 13 msecs (HTTP/1.1 404) 6 headers in 231 bytes (1 switches on core 0)
2026-07-16 01:38:15.028 8 INFO placement.requestlog [None req-639be93a-a6a3-4a8a-b631-5e122439f2f6 a5650080bf31489ab81b5e34baa76496 f52321f44c9d4598bcfab2b1d8ebeef8 - - 0ba0a0bc9aec49358965e86f3e9cedcb 0ba0a0bc9aec49358965e86f3e9cedcb] 10.0.0.136 "GET /resource_providers/ca90f3aa-3405-426e-bb9c-552846b85475/aggregates" status: 404 len: 235 microversion: 1.1 [pid: 8|app: 0|req: 450/897] 10.0.0.136 () {32 vars in 816 bytes} [Thu Jul 16 01:38:15 2026] GET /resource_providers/ca90f3aa-3405-426e-bb9c-552846b85475/aggregates => generated 235 bytes in 22 msecs (HTTP/1.1 404) 5 headers in 202 bytes (1 switches on core 0)
2026-07-16 01:38:15.029 7 INFO placement.requestlog [None req-95b834b9-5466-4904-82fd-be30f2d26182 a5650080bf31489ab81b5e34baa76496 f52321f44c9d4598bcfab2b1d8ebeef8 - - 0ba0a0bc9aec49358965e86f3e9cedcb 0ba0a0bc9aec49358965e86f3e9cedcb] 10.0.0.136 "GET /resource_providers/ca90f3aa-3405-426e-bb9c-552846b85475/aggregates" status: 404 len: 235 microversion: 1.1 [pid: 7|app: 0|req: 448/898] 10.0.0.136 () {32 vars in 816 bytes} [Thu Jul 16 01:38:15 2026] GET /resource_providers/ca90f3aa-3405-426e-bb9c-552846b85475/aggregates => generated 235 bytes in 27 msecs (HTTP/1.1 404) 5 headers in 202 bytes (1 switches on core 0)
2026-07-16 01:38:15.050 8 INFO placement.requestlog [None req-fec1f9e8-93ef-4010-a749-27f6040dffa0 a5650080bf31489ab81b5e34baa76496 f52321f44c9d4598bcfab2b1d8ebeef8 - - 0ba0a0bc9aec49358965e86f3e9cedcb 0ba0a0bc9aec49358965e86f3e9cedcb] 10.0.0.136 "DELETE /resource_providers/ca90f3aa-3405-426e-bb9c-552846b85475" status: 404 len: 246 microversion: 1.1 [pid: 8|app: 0|req: 451/899] 10.0.0.136 () {34 vars in 816 bytes} [Thu Jul 16 01:38:15 2026] DELETE /resource_providers/ca90f3aa-3405-426e-bb9c-552846b85475 => generated 246 bytes in 12 msecs (HTTP/1.1 404) 6 headers in 231 bytes (1 switches on core 0)
2026-07-16 01:38:15.063 7 INFO placement.requestlog [None req-63e8d5a8-262d-4986-9805-d4ce28357876 a5650080bf31489ab81b5e34baa76496 f52321f44c9d4598bcfab2b1d8ebeef8 - - 0ba0a0bc9aec49358965e86f3e9cedcb 0ba0a0bc9aec49358965e86f3e9cedcb] 10.0.0.136 "DELETE /resource_providers/ca90f3aa-3405-426e-bb9c-552846b85475" status: 404 len: 246 microversion: 1.1 [pid: 7|app: 0|req: 449/900] 10.0.0.136 () {34 vars in 816 bytes} [Thu Jul 16 01:38:15 2026] DELETE /resource_providers/ca90f3aa-3405-426e-bb9c-552846b85475 => generated 246 bytes in 19 msecs (HTTP/1.1 404) 6 headers in 231 bytes (1 switches on core 0)
2026-07-16 01:38:15.083 7 INFO placement.requestlog [None req-3095f38f-7892-4151-a468-098a2d8275e2 a5650080bf31489ab81b5e34baa76496 f52321f44c9d4598bcfab2b1d8ebeef8 - - 0ba0a0bc9aec49358965e86f3e9cedcb 0ba0a0bc9aec49358965e86f3e9cedcb] 10.0.0.136 "GET /resource_providers/0a6cc0f5-2c15-45a4-8c67-12d8e689db4f/aggregates" status: 404 len: 235 microversion: 1.1 [pid: 7|app: 0|req: 450/901] 10.0.0.136 () {32 vars in 816 bytes} [Thu Jul 16 01:38:15 2026] GET /resource_providers/0a6cc0f5-2c15-45a4-8c67-12d8e689db4f/aggregates => generated 235 bytes in 15 msecs (HTTP/1.1 404) 5 headers in 202 bytes (1 switches on core 0)
2026-07-16 01:38:15.101 7 INFO placement.requestlog [None req-59e3da01-dc26-4329-a07e-53155b75f699 a5650080bf31489ab81b5e34baa76496 f52321f44c9d4598bcfab2b1d8ebeef8 - - 0ba0a0bc9aec49358965e86f3e9cedcb 0ba0a0bc9aec49358965e86f3e9cedcb] 10.0.0.136 "DELETE /resource_providers/0a6cc0f5-2c15-45a4-8c67-12d8e689db4f" status: 404 len: 246 microversion: 1.1 [pid: 7|app: 0|req: 451/902] 10.0.0.136 () {34 vars in 816 bytes} [Thu Jul 16 01:38:15 2026] DELETE /resource_providers/0a6cc0f5-2c15-45a4-8c67-12d8e689db4f => generated 246 bytes in 11 msecs (HTTP/1.1 404) 6 headers in 231 bytes (1 switches on core 0)
2026-07-16 01:38:15.157 8 INFO placement.requestlog [None req-3d8c25a2-0c55-4efa-bc61-f0271016d3fc a5650080bf31489ab81b5e34baa76496 f52321f44c9d4598bcfab2b1d8ebeef8 - - 0ba0a0bc9aec49358965e86f3e9cedcb 0ba0a0bc9aec49358965e86f3e9cedcb] 10.0.0.136 "GET /resource_providers/0a6cc0f5-2c15-45a4-8c67-12d8e689db4f/aggregates" status: 404 len: 235 microversion: 1.1 [pid: 8|app: 0|req: 452/903] 10.0.0.136 () {32 vars in 816 bytes} [Thu Jul 16 01:38:15 2026] GET /resource_providers/0a6cc0f5-2c15-45a4-8c67-12d8e689db4f/aggregates => generated 235 bytes in 96 msecs (HTTP/1.1 404) 5 headers in 202 bytes (1 switches on core 0)
2026-07-16 01:38:15.982 7 INFO placement.requestlog [None req-574b9b46-254f-467e-b969-cf000e7f9e87 a5650080bf31489ab81b5e34baa76496 f52321f44c9d4598bcfab2b1d8ebeef8 - - 0ba0a0bc9aec49358965e86f3e9cedcb 0ba0a0bc9aec49358965e86f3e9cedcb] 10.0.0.136 "DELETE /resource_providers/0a6cc0f5-2c15-45a4-8c67-12d8e689db4f" status: 404 len: 246 microversion: 1.1 [pid: 7|app: 0|req: 452/904] 10.0.0.136 () {34 vars in 816 bytes} [Thu Jul 16 01:38:15 2026] DELETE /resource_providers/0a6cc0f5-2c15-45a4-8c67-12d8e689db4f => generated 246 bytes in 13 msecs (HTTP/1.1 404) 6 headers in 231 bytes (1 switches on core 0)
2026-07-16 01:38:16.093 8 INFO placement.requestlog [None req-e197ad2e-3615-42d2-ae03-0130d19c07ca a5650080bf31489ab81b5e34baa76496 f52321f44c9d4598bcfab2b1d8ebeef8 - - 0ba0a0bc9aec49358965e86f3e9cedcb 0ba0a0bc9aec49358965e86f3e9cedcb] 10.0.0.136 "GET /resource_providers/7b3a7c53-6475-42d9-9a85-52fecd971ec4/aggregates" status: 404 len: 235 microversion: 1.1 [pid: 8|app: 0|req: 453/905] 10.0.0.136 () {32 vars in 816 bytes} [Thu Jul 16 01:38:16 2026] GET /resource_providers/7b3a7c53-6475-42d9-9a85-52fecd971ec4/aggregates => generated 235 bytes in 12 msecs (HTTP/1.1 404) 5 headers in 202 bytes (1 switches on core 0)
2026-07-16 01:38:16.095 7 INFO placement.requestlog [None req-74b6b7b9-b2d9-4fd3-812e-edf957897eb9 a5650080bf31489ab81b5e34baa76496 f52321f44c9d4598bcfab2b1d8ebeef8 - - 0ba0a0bc9aec49358965e86f3e9cedcb 0ba0a0bc9aec49358965e86f3e9cedcb] 10.0.0.136 "GET /resource_providers/7b3a7c53-6475-42d9-9a85-52fecd971ec4/aggregates" status: 404 len: 235 microversion: 1.1 [pid: 7|app: 0|req: 453/906] 10.0.0.136 () {32 vars in 816 bytes} [Thu Jul 16 01:38:16 2026] GET /resource_providers/7b3a7c53-6475-42d9-9a85-52fecd971ec4/aggregates => generated 235 bytes in 14 msecs (HTTP/1.1 404) 5 headers in 202 bytes (1 switches on core 0)
2026-07-16 01:38:16.128 8 INFO placement.requestlog [None req-615f1d86-4b34-444f-98b5-381344f371c6 a5650080bf31489ab81b5e34baa76496 f52321f44c9d4598bcfab2b1d8ebeef8 - - 0ba0a0bc9aec49358965e86f3e9cedcb 0ba0a0bc9aec49358965e86f3e9cedcb] 10.0.0.136 "DELETE /resource_providers/7b3a7c53-6475-42d9-9a85-52fecd971ec4" status: 404 len: 246 microversion: 1.1 [pid: 8|app: 0|req: 454/907] 10.0.0.136 () {34 vars in 816 bytes} [Thu Jul 16 01:38:16 2026] DELETE /resource_providers/7b3a7c53-6475-42d9-9a85-52fecd971ec4 => generated 246 bytes in 11 msecs (HTTP/1.1 404) 6 headers in 231 bytes (1 switches on core 0)
2026-07-16 01:38:16.131 7 INFO placement.requestlog [None req-810c16c0-9e56-4ef7-b8b7-4d8d768ea665 a5650080bf31489ab81b5e34baa76496 f52321f44c9d4598bcfab2b1d8ebeef8 - - 0ba0a0bc9aec49358965e86f3e9cedcb 0ba0a0bc9aec49358965e86f3e9cedcb] 10.0.0.136 "DELETE /resource_providers/7b3a7c53-6475-42d9-9a85-52fecd971ec4" status: 404 len: 246 microversion: 1.1 [pid: 7|app: 0|req: 454/908] 10.0.0.136 () {34 vars in 816 bytes} [Thu Jul 16 01:38:16 2026] DELETE /resource_providers/7b3a7c53-6475-42d9-9a85-52fecd971ec4 => generated 246 bytes in 14 msecs (HTTP/1.1 404) 6 headers in 231 bytes (1 switches on core 0)
2026-07-16 01:38:23.435 7 INFO placement.requestlog [None req-d3729f65-f927-454b-9235-316d7327e170 - - - - - -] 10.0.0.204 "GET /" status: 200 len: 136 microversion: 1.0
2026-07-16 01:38:23.436 8 INFO placement.requestlog [None req-0ee9f458-32de-4d12-b536-603c8993061b - - - - - -] 10.0.0.204 "GET /" status: 200 len: 136 microversion: 1.0
2026-07-16 01:38:24.659 7 INFO placement.requestlog [None req-8a0ca689-b3cd-4fd3-af07-2b4dedbed336 a5650080bf31489ab81b5e34baa76496 f52321f44c9d4598bcfab2b1d8ebeef8 - - 0ba0a0bc9aec49358965e86f3e9cedcb 0ba0a0bc9aec49358965e86f3e9cedcb] 10.0.0.136 "GET /resource_providers/d2e10853-8812-4a48-a1b9-28af9f790c2b/aggregates" status: 404 len: 235 microversion: 1.1 [pid: 7|app: 0|req: 456/911] 10.0.0.136 () {32 vars in 816 bytes} [Thu Jul 16 01:38:24 2026] GET /resource_providers/d2e10853-8812-4a48-a1b9-28af9f790c2b/aggregates => generated 235 bytes in 11 msecs (HTTP/1.1 404) 5 headers in 202 bytes (1 switches on core 0)
2026-07-16 01:38:24.676 8 INFO placement.requestlog [None req-9bac6633-50a4-4349-b4cf-81dfa7755270 a5650080bf31489ab81b5e34baa76496 f52321f44c9d4598bcfab2b1d8ebeef8 - - 0ba0a0bc9aec49358965e86f3e9cedcb 0ba0a0bc9aec49358965e86f3e9cedcb] 10.0.0.136 "GET /resource_providers/d2e10853-8812-4a48-a1b9-28af9f790c2b/aggregates" status: 404 len: 235 microversion: 1.1 [pid: 8|app: 0|req: 456/912] 10.0.0.136 () {32 vars in 816 bytes} [Thu Jul 16 01:38:24 2026] GET /resource_providers/d2e10853-8812-4a48-a1b9-28af9f790c2b/aggregates => generated 235 bytes in 25 msecs (HTTP/1.1 404) 5 headers in 202 bytes (1 switches on core 0)
2026-07-16 01:38:24.681 7 INFO placement.requestlog [None req-29061b78-0403-4256-bc67-6fbae2f39aca a5650080bf31489ab81b5e34baa76496 f52321f44c9d4598bcfab2b1d8ebeef8 - - 0ba0a0bc9aec49358965e86f3e9cedcb 0ba0a0bc9aec49358965e86f3e9cedcb] 10.0.0.136 "DELETE /resource_providers/d2e10853-8812-4a48-a1b9-28af9f790c2b" status: 404 len: 246 microversion: 1.1 [pid: 7|app: 0|req: 457/913] 10.0.0.136 () {34 vars in 816 bytes} [Thu Jul 16 01:38:24 2026] DELETE /resource_providers/d2e10853-8812-4a48-a1b9-28af9f790c2b => generated 246 bytes in 10 msecs (HTTP/1.1 404) 6 headers in 231 bytes (1 switches on core 0)
2026-07-16 01:38:24.695 8 INFO placement.requestlog [None req-8cbc56a0-688b-4424-a2c3-71ef7c7766f9 a5650080bf31489ab81b5e34baa76496 f52321f44c9d4598bcfab2b1d8ebeef8 - - 0ba0a0bc9aec49358965e86f3e9cedcb 0ba0a0bc9aec49358965e86f3e9cedcb] 10.0.0.136 "DELETE /resource_providers/d2e10853-8812-4a48-a1b9-28af9f790c2b" status: 404 len: 246 microversion: 1.1 [pid: 8|app: 0|req: 457/914] 10.0.0.136 () {34 vars in 816 bytes} [Thu Jul 16 01:38:24 2026] DELETE /resource_providers/d2e10853-8812-4a48-a1b9-28af9f790c2b => generated 246 bytes in 15 msecs (HTTP/1.1 404) 6 headers in 231 bytes (1 switches on core 0)
2026-07-16 01:38:26.702 7 INFO placement.requestlog [None req-ee83e143-4737-4c0b-afc3-3a3e03b1b76c a5650080bf31489ab81b5e34baa76496 f52321f44c9d4598bcfab2b1d8ebeef8 - - 0ba0a0bc9aec49358965e86f3e9cedcb 0ba0a0bc9aec49358965e86f3e9cedcb] 10.0.0.136 "GET /resource_providers/5d40e958-de4f-4ca0-a5ad-0c5fdcde9675/aggregates" status: 404 len: 235 microversion: 1.1 [pid: 7|app: 0|req: 458/915] 10.0.0.136 () {32 vars in 816 bytes} [Thu Jul 16 01:38:26 2026] GET /resource_providers/5d40e958-de4f-4ca0-a5ad-0c5fdcde9675/aggregates => generated 235 bytes in 12 msecs (HTTP/1.1 404) 5 headers in 202 bytes (1 switches on core 0)
2026-07-16 01:38:26.724 8 INFO placement.requestlog [None req-19e3c36d-a0b6-4692-8857-775b46ab440a a5650080bf31489ab81b5e34baa76496 f52321f44c9d4598bcfab2b1d8ebeef8 - - 0ba0a0bc9aec49358965e86f3e9cedcb 0ba0a0bc9aec49358965e86f3e9cedcb] 10.0.0.136 "DELETE /resource_providers/5d40e958-de4f-4ca0-a5ad-0c5fdcde9675" status: 404 len: 246 microversion: 1.1 [pid: 8|app: 0|req: 458/916] 10.0.0.136 () {34 vars in 816 bytes} [Thu Jul 16 01:38:26 2026] DELETE /resource_providers/5d40e958-de4f-4ca0-a5ad-0c5fdcde9675 => generated 246 bytes in 16 msecs (HTTP/1.1 404) 6 headers in 231 bytes (1 switches on core 0)
2026-07-16 01:38:26.734 7 INFO placement.requestlog [None req-2dca1fd8-af5c-4c8b-9788-50e2e7083379 a5650080bf31489ab81b5e34baa76496 f52321f44c9d4598bcfab2b1d8ebeef8 - - 0ba0a0bc9aec49358965e86f3e9cedcb 0ba0a0bc9aec49358965e86f3e9cedcb] 10.0.0.136 "GET /resource_providers/5d40e958-de4f-4ca0-a5ad-0c5fdcde9675/aggregates" status: 404 len: 235 microversion: 1.1 [pid: 7|app: 0|req: 459/917] 10.0.0.136 () {32 vars in 816 bytes} [Thu Jul 16 01:38:26 2026] GET /resource_providers/5d40e958-de4f-4ca0-a5ad-0c5fdcde9675/aggregates => generated 235 bytes in 14 msecs (HTTP/1.1 404) 5 headers in 202 bytes (1 switches on core 0)
2026-07-16 01:38:26.753 8 INFO placement.requestlog [None req-6abc58a8-b888-49da-8b00-ab0746f63558 a5650080bf31489ab81b5e34baa76496 f52321f44c9d4598bcfab2b1d8ebeef8 - - 0ba0a0bc9aec49358965e86f3e9cedcb 0ba0a0bc9aec49358965e86f3e9cedcb] 10.0.0.136 "DELETE /resource_providers/5d40e958-de4f-4ca0-a5ad-0c5fdcde9675" status: 404 len: 246 microversion: 1.1 [pid: 8|app: 0|req: 459/918] 10.0.0.136 () {34 vars in 816 bytes} [Thu Jul 16 01:38:26 2026] DELETE /resource_providers/5d40e958-de4f-4ca0-a5ad-0c5fdcde9675 => generated 246 bytes in 14 msecs (HTTP/1.1 404) 6 headers in 231 bytes (1 switches on core 0)
2026-07-16 01:38:26.971 7 INFO placement.requestlog [req-155d4ef3-10ee-433e-b10f-cbd9b99d03c4 req-01a4c776-0747-40ca-a2e3-8cc838468464 59c4491f045e4743bd40230291fe91ce f52321f44c9d4598bcfab2b1d8ebeef8 - - 0ba0a0bc9aec49358965e86f3e9cedcb 0ba0a0bc9aec49358965e86f3e9cedcb] 10.0.0.187 "GET /allocation_candidates?limit=1000&resources=DISK_GB%3A1%2CMEMORY_MB%3A512%2CVCPU%3A1&root_required=%21COMPUTE_STATUS_DISABLED" status: 200 len: 2147 microversion: 1.36 [pid: 7|app: 0|req: 460/919] 10.0.0.187 () {34 vars in 1012 bytes} [Thu Jul 16 01:38:26 2026] GET /allocation_candidates?limit=1000&resources=DISK_GB%3A1%2CMEMORY_MB%3A512%2CVCPU%3A1&root_required=%21COMPUTE_STATUS_DISABLED => generated 2147 bytes in 135 msecs (HTTP/1.1 200) 8 headers in 297 bytes (1 switches on core 0)
2026-07-16 01:38:27.029 8 INFO placement.requestlog [req-155d4ef3-10ee-433e-b10f-cbd9b99d03c4 req-ff09bb38-4140-460b-9fe9-004cbe7dc47d 59c4491f045e4743bd40230291fe91ce f52321f44c9d4598bcfab2b1d8ebeef8 - - 0ba0a0bc9aec49358965e86f3e9cedcb 0ba0a0bc9aec49358965e86f3e9cedcb] 10.0.0.187 "GET /allocations/d61edfbc-2047-4e4c-a213-72398bc77970" status: 200 len: 19 microversion: 1.28 [pid: 8|app: 0|req: 460/920] 10.0.0.187 () {34 vars in 861 bytes} [Thu Jul 16 01:38:27 2026] GET /allocations/d61edfbc-2047-4e4c-a213-72398bc77970 => generated 19 bytes in 17 msecs (HTTP/1.1 200) 8 headers in 295 bytes (1 switches on core 0)
2026-07-16 01:38:27.136 7 INFO placement.requestlog [req-155d4ef3-10ee-433e-b10f-cbd9b99d03c4 req-d2a42d91-fd9f-44b0-900b-d2b3785bf7c3 59c4491f045e4743bd40230291fe91ce f52321f44c9d4598bcfab2b1d8ebeef8 - - 0ba0a0bc9aec49358965e86f3e9cedcb 0ba0a0bc9aec49358965e86f3e9cedcb] 10.0.0.187 "PUT /allocations/d61edfbc-2047-4e4c-a213-72398bc77970" status: 204 len: 0 microversion: 1.36 [pid: 7|app: 0|req: 461/921] 10.0.0.187 () {38 vars in 914 bytes} [Thu Jul 16 01:38:27 2026] PUT /allocations/d61edfbc-2047-4e4c-a213-72398bc77970 => generated 0 bytes in 100 msecs (HTTP/1.1 204) 5 headers in 199 bytes (1 switches on core 0)
2026-07-16 01:38:27.490 8 INFO placement.requestlog [req-155d4ef3-10ee-433e-b10f-cbd9b99d03c4 req-fd64bdb8-c18c-4160-8093-7e728ef65671 59c4491f045e4743bd40230291fe91ce f52321f44c9d4598bcfab2b1d8ebeef8 - - 0ba0a0bc9aec49358965e86f3e9cedcb 0ba0a0bc9aec49358965e86f3e9cedcb] 199.204.45.238 "GET /allocations/d61edfbc-2047-4e4c-a213-72398bc77970" status: 200 len: 257 microversion: 1.28 [pid: 8|app: 0|req: 461/922] 199.204.45.238 () {34 vars in 863 bytes} [Thu Jul 16 01:38:27 2026] GET /allocations/d61edfbc-2047-4e4c-a213-72398bc77970 => generated 257 bytes in 17 msecs (HTTP/1.1 200) 8 headers in 296 bytes (1 switches on core 0)
2026-07-16 01:38:27.644 7 INFO placement.requestlog [req-155d4ef3-10ee-433e-b10f-cbd9b99d03c4 req-ff819f94-9737-4e28-b4f9-5924eec18dd5 59c4491f045e4743bd40230291fe91ce f52321f44c9d4598bcfab2b1d8ebeef8 - - 0ba0a0bc9aec49358965e86f3e9cedcb 0ba0a0bc9aec49358965e86f3e9cedcb] 199.204.45.238 "GET /resource_providers/8a7a1909-712f-4f61-853a-16f88c098d8c/allocations" status: 200 len: 152 microversion: 1.0 [pid: 7|app: 0|req: 462/923] 199.204.45.238 () {32 vars in 857 bytes} [Thu Jul 16 01:38:27 2026] GET /resource_providers/8a7a1909-712f-4f61-853a-16f88c098d8c/allocations => generated 152 bytes in 39 msecs (HTTP/1.1 200) 6 headers in 224 bytes (1 switches on core 0)
2026-07-16 01:38:27.675 8 INFO placement.requestlog [req-155d4ef3-10ee-433e-b10f-cbd9b99d03c4 req-e9ba83c1-e5d6-4c8f-9c31-3bcbfa11b6b4 59c4491f045e4743bd40230291fe91ce f52321f44c9d4598bcfab2b1d8ebeef8 - - 0ba0a0bc9aec49358965e86f3e9cedcb 0ba0a0bc9aec49358965e86f3e9cedcb] 199.204.45.238 "GET /allocations/d61edfbc-2047-4e4c-a213-72398bc77970" status: 200 len: 257 microversion: 1.28 [pid: 8|app: 0|req: 462/924] 199.204.45.238 () {34 vars in 863 bytes} [Thu Jul 16 01:38:27 2026] GET /allocations/d61edfbc-2047-4e4c-a213-72398bc77970 => generated 257 bytes in 20 msecs (HTTP/1.1 200) 8 headers in 296 bytes (1 switches on core 0)
2026-07-16 01:38:28.763 7 INFO placement.requestlog [None req-5d8ca7c7-41ec-4a47-bab5-ee652c6d2f45 a5650080bf31489ab81b5e34baa76496 f52321f44c9d4598bcfab2b1d8ebeef8 - - 0ba0a0bc9aec49358965e86f3e9cedcb 0ba0a0bc9aec49358965e86f3e9cedcb] 10.0.0.136 "GET /resource_providers/5399d5a6-e2d5-4ffd-a7aa-4a6741292b4c/aggregates" status: 404 len: 235 microversion: 1.1 [pid: 7|app: 0|req: 463/925] 10.0.0.136 () {32 vars in 816 bytes} [Thu Jul 16 01:38:28 2026] GET /resource_providers/5399d5a6-e2d5-4ffd-a7aa-4a6741292b4c/aggregates => generated 235 bytes in 26 msecs (HTTP/1.1 404) 5 headers in 202 bytes (1 switches on core 0)
2026-07-16 01:38:28.781 8 INFO placement.requestlog [None req-5bc3db37-1b97-4b2b-9577-b66fa2adad1c a5650080bf31489ab81b5e34baa76496 f52321f44c9d4598bcfab2b1d8ebeef8 - - 0ba0a0bc9aec49358965e86f3e9cedcb 0ba0a0bc9aec49358965e86f3e9cedcb] 10.0.0.136 "GET /resource_providers/5399d5a6-e2d5-4ffd-a7aa-4a6741292b4c/aggregates" status: 404 len: 235 microversion: 1.1 [pid: 8|app: 0|req: 463/926] 10.0.0.136 () {32 vars in 816 bytes} [Thu Jul 16 01:38:28 2026] GET /resource_providers/5399d5a6-e2d5-4ffd-a7aa-4a6741292b4c/aggregates => generated 235 bytes in 14 msecs (HTTP/1.1 404) 5 headers in 202 bytes (1 switches on core 0)
2026-07-16 01:38:28.792 7 INFO placement.requestlog [None req-022bbac8-eb27-4112-9fe2-8b7a997a2870 a5650080bf31489ab81b5e34baa76496 f52321f44c9d4598bcfab2b1d8ebeef8 - - 0ba0a0bc9aec49358965e86f3e9cedcb 0ba0a0bc9aec49358965e86f3e9cedcb] 10.0.0.136 "DELETE /resource_providers/5399d5a6-e2d5-4ffd-a7aa-4a6741292b4c" status: 404 len: 246 microversion: 1.1 [pid: 7|app: 0|req: 464/927] 10.0.0.136 () {34 vars in 816 bytes} [Thu Jul 16 01:38:28 2026] DELETE /resource_providers/5399d5a6-e2d5-4ffd-a7aa-4a6741292b4c => generated 246 bytes in 18 msecs (HTTP/1.1 404) 6 headers in 231 bytes (1 switches on core 0)
2026-07-16 01:38:28.808 8 INFO placement.requestlog [None req-644d5696-cc90-4f1e-a639-605d00554451 a5650080bf31489ab81b5e34baa76496 f52321f44c9d4598bcfab2b1d8ebeef8 - - 0ba0a0bc9aec49358965e86f3e9cedcb 0ba0a0bc9aec49358965e86f3e9cedcb] 10.0.0.136 "DELETE /resource_providers/5399d5a6-e2d5-4ffd-a7aa-4a6741292b4c" status: 404 len: 246 microversion: 1.1 [pid: 8|app: 0|req: 464/928] 10.0.0.136 () {34 vars in 816 bytes} [Thu Jul 16 01:38:28 2026] DELETE /resource_providers/5399d5a6-e2d5-4ffd-a7aa-4a6741292b4c => generated 246 bytes in 15 msecs (HTTP/1.1 404) 6 headers in 231 bytes (1 switches on core 0)
2026-07-16 01:38:31.478 7 INFO placement.requestlog [None req-f2a7834c-a05a-4df0-a1b0-2d45da132ce8 a5650080bf31489ab81b5e34baa76496 f52321f44c9d4598bcfab2b1d8ebeef8 - - 0ba0a0bc9aec49358965e86f3e9cedcb 0ba0a0bc9aec49358965e86f3e9cedcb] 10.0.0.136 "GET /resource_providers/3f181b08-070b-41d2-bc55-e57febfea644/aggregates" status: 404 len: 235 microversion: 1.1
2026-07-16 01:38:31.479 8 INFO placement.requestlog [None req-94457e4a-cabe-4715-bb8a-e811cc122d8d a5650080bf31489ab81b5e34baa76496 f52321f44c9d4598bcfab2b1d8ebeef8 - - 0ba0a0bc9aec49358965e86f3e9cedcb 0ba0a0bc9aec49358965e86f3e9cedcb] 10.0.0.136 "GET /resource_providers/3f181b08-070b-41d2-bc55-e57febfea644/aggregates" status: 404 len: 235 microversion: 1.1 [pid: 7|app: 0|req: 465/929] 10.0.0.136 () {32 vars in 816 bytes} [Thu Jul 16 01:38:31 2026] GET /resource_providers/3f181b08-070b-41d2-bc55-e57febfea644/aggregates => generated 235 bytes in 12 msecs (HTTP/1.1 404) 5 headers in 202 bytes (1 switches on core 0) [pid: 8|app: 0|req: 465/930] 10.0.0.136 () {32 vars in 816 bytes} [Thu Jul 16 01:38:31 2026] GET /resource_providers/3f181b08-070b-41d2-bc55-e57febfea644/aggregates => generated 235 bytes in 12 msecs (HTTP/1.1 404) 5 headers in 202 bytes (1 switches on core 0)
2026-07-16 01:38:31.505 7 INFO placement.requestlog [None req-2f87a670-c54d-4c8e-9deb-88f15c593b4c a5650080bf31489ab81b5e34baa76496 f52321f44c9d4598bcfab2b1d8ebeef8 - - 0ba0a0bc9aec49358965e86f3e9cedcb 0ba0a0bc9aec49358965e86f3e9cedcb] 10.0.0.136 "DELETE /resource_providers/3f181b08-070b-41d2-bc55-e57febfea644" status: 404 len: 246 microversion: 1.1 [pid: 7|app: 0|req: 466/931] 10.0.0.136 () {34 vars in 816 bytes} [Thu Jul 16 01:38:31 2026] DELETE /resource_providers/3f181b08-070b-41d2-bc55-e57febfea644 => generated 246 bytes in 11 msecs (HTTP/1.1 404) 6 headers in 231 bytes (1 switches on core 0)
2026-07-16 01:38:31.510 8 INFO placement.requestlog [None req-cf00708b-d94d-4522-ad5c-4b78afde4fdc a5650080bf31489ab81b5e34baa76496 f52321f44c9d4598bcfab2b1d8ebeef8 - - 0ba0a0bc9aec49358965e86f3e9cedcb 0ba0a0bc9aec49358965e86f3e9cedcb] 10.0.0.136 "DELETE /resource_providers/3f181b08-070b-41d2-bc55-e57febfea644" status: 404 len: 246 microversion: 1.1 [pid: 8|app: 0|req: 466/932] 10.0.0.136 () {34 vars in 816 bytes} [Thu Jul 16 01:38:31 2026] DELETE /resource_providers/3f181b08-070b-41d2-bc55-e57febfea644 => generated 246 bytes in 16 msecs (HTTP/1.1 404) 6 headers in 231 bytes (1 switches on core 0)
2026-07-16 01:38:31.763 7 INFO placement.requestlog [req-74e22386-7b5c-474e-b5aa-2ac69c95c4cb req-832f9759-e7ca-44c9-bb77-fb20462b4a89 59c4491f045e4743bd40230291fe91ce f52321f44c9d4598bcfab2b1d8ebeef8 - - 0ba0a0bc9aec49358965e86f3e9cedcb 0ba0a0bc9aec49358965e86f3e9cedcb] 10.0.0.187 "GET /allocation_candidates?limit=1000&resources=DISK_GB%3A1%2CMEMORY_MB%3A512%2CVCPU%3A1&root_required=%21COMPUTE_STATUS_DISABLED" status: 200 len: 2149 microversion: 1.36 [pid: 7|app: 0|req: 467/933] 10.0.0.187 () {34 vars in 1012 bytes} [Thu Jul 16 01:38:31 2026] GET /allocation_candidates?limit=1000&resources=DISK_GB%3A1%2CMEMORY_MB%3A512%2CVCPU%3A1&root_required=%21COMPUTE_STATUS_DISABLED => generated 2149 bytes in 53 msecs (HTTP/1.1 200) 8 headers in 297 bytes (1 switches on core 0)
2026-07-16 01:38:31.816 8 INFO placement.requestlog [req-74e22386-7b5c-474e-b5aa-2ac69c95c4cb req-bb12f04d-cc41-44bd-a464-e4dfa92245df 59c4491f045e4743bd40230291fe91ce f52321f44c9d4598bcfab2b1d8ebeef8 - - 0ba0a0bc9aec49358965e86f3e9cedcb 0ba0a0bc9aec49358965e86f3e9cedcb] 10.0.0.187 "GET /allocations/d2d54bb4-0df3-4aef-844e-6ff092c7af73" status: 200 len: 19 microversion: 1.28 [pid: 8|app: 0|req: 467/934] 10.0.0.187 () {34 vars in 861 bytes} [Thu Jul 16 01:38:31 2026] GET /allocations/d2d54bb4-0df3-4aef-844e-6ff092c7af73 => generated 19 bytes in 19 msecs (HTTP/1.1 200) 8 headers in 295 bytes (1 switches on core 0)
2026-07-16 01:38:31.892 7 INFO placement.requestlog [req-74e22386-7b5c-474e-b5aa-2ac69c95c4cb req-9bc89ab6-829c-4e83-802c-945bfb68047c 59c4491f045e4743bd40230291fe91ce f52321f44c9d4598bcfab2b1d8ebeef8 - - 0ba0a0bc9aec49358965e86f3e9cedcb 0ba0a0bc9aec49358965e86f3e9cedcb] 10.0.0.187 "PUT /allocations/d2d54bb4-0df3-4aef-844e-6ff092c7af73" status: 204 len: 0 microversion: 1.36 [pid: 7|app: 0|req: 468/935] 10.0.0.187 () {38 vars in 914 bytes} [Thu Jul 16 01:38:31 2026] PUT /allocations/d2d54bb4-0df3-4aef-844e-6ff092c7af73 => generated 0 bytes in 66 msecs (HTTP/1.1 204) 5 headers in 199 bytes (1 switches on core 0)
2026-07-16 01:38:32.239 8 INFO placement.requestlog [req-74e22386-7b5c-474e-b5aa-2ac69c95c4cb req-38fd6401-d9c8-48a1-bcee-8836b3365a57 59c4491f045e4743bd40230291fe91ce f52321f44c9d4598bcfab2b1d8ebeef8 - - 0ba0a0bc9aec49358965e86f3e9cedcb 0ba0a0bc9aec49358965e86f3e9cedcb] 199.204.45.238 "GET /allocations/d2d54bb4-0df3-4aef-844e-6ff092c7af73" status: 200 len: 257 microversion: 1.28 [pid: 8|app: 0|req: 468/936] 199.204.45.238 () {34 vars in 863 bytes} [Thu Jul 16 01:38:32 2026] GET /allocations/d2d54bb4-0df3-4aef-844e-6ff092c7af73 => generated 257 bytes in 31 msecs (HTTP/1.1 200) 8 headers in 296 bytes (1 switches on core 0)
2026-07-16 01:38:32.372 7 INFO placement.requestlog [req-74e22386-7b5c-474e-b5aa-2ac69c95c4cb req-2ed38308-be64-47a5-abd9-962a3b6325af 59c4491f045e4743bd40230291fe91ce f52321f44c9d4598bcfab2b1d8ebeef8 - - 0ba0a0bc9aec49358965e86f3e9cedcb 0ba0a0bc9aec49358965e86f3e9cedcb] 199.204.45.238 "GET /resource_providers/8a7a1909-712f-4f61-853a-16f88c098d8c/allocations" status: 200 len: 252 microversion: 1.0 [pid: 7|app: 0|req: 469/937] 199.204.45.238 () {32 vars in 857 bytes} [Thu Jul 16 01:38:32 2026] GET /resource_providers/8a7a1909-712f-4f61-853a-16f88c098d8c/allocations => generated 252 bytes in 16 msecs (HTTP/1.1 200) 6 headers in 224 bytes (1 switches on core 0)
2026-07-16 01:38:32.403 8 INFO placement.requestlog [req-74e22386-7b5c-474e-b5aa-2ac69c95c4cb req-39bc7555-9929-48d6-97ae-b6e844c3768f 59c4491f045e4743bd40230291fe91ce f52321f44c9d4598bcfab2b1d8ebeef8 - - 0ba0a0bc9aec49358965e86f3e9cedcb 0ba0a0bc9aec49358965e86f3e9cedcb] 199.204.45.238 "GET /allocations/d61edfbc-2047-4e4c-a213-72398bc77970" status: 200 len: 257 microversion: 1.28 [pid: 8|app: 0|req: 469/938] 199.204.45.238 () {34 vars in 863 bytes} [Thu Jul 16 01:38:32 2026] GET /allocations/d61edfbc-2047-4e4c-a213-72398bc77970 => generated 257 bytes in 26 msecs (HTTP/1.1 200) 8 headers in 296 bytes (1 switches on core 0)
2026-07-16 01:38:32.439 7 INFO placement.requestlog [req-74e22386-7b5c-474e-b5aa-2ac69c95c4cb req-9142979f-1408-4976-be26-f674bfbf8e48 59c4491f045e4743bd40230291fe91ce f52321f44c9d4598bcfab2b1d8ebeef8 - - 0ba0a0bc9aec49358965e86f3e9cedcb 0ba0a0bc9aec49358965e86f3e9cedcb] 199.204.45.238 "GET /allocations/d2d54bb4-0df3-4aef-844e-6ff092c7af73" status: 200 len: 257 microversion: 1.28 [pid: 7|app: 0|req: 470/939] 199.204.45.238 () {34 vars in 863 bytes} [Thu Jul 16 01:38:32 2026] GET /allocations/d2d54bb4-0df3-4aef-844e-6ff092c7af73 => generated 257 bytes in 26 msecs (HTTP/1.1 200) 8 headers in 296 bytes (1 switches on core 0)
2026-07-16 01:38:33.435 7 INFO placement.requestlog [None req-d7b710b6-c3e1-4f7c-a3dd-b257344c59be - - - - - -] 10.0.0.204 "GET /" status: 200 len: 136 microversion: 1.0
2026-07-16 01:38:33.435 8 INFO placement.requestlog [None req-c05a5702-2811-4977-92ec-2f59244b7298 - - - - - -] 10.0.0.204 "GET /" status: 200 len: 136 microversion: 1.0
2026-07-16 01:38:33.531 8 INFO placement.requestlog [None req-f06f10de-d4b0-469c-85fb-fb8144015ee3 a5650080bf31489ab81b5e34baa76496 f52321f44c9d4598bcfab2b1d8ebeef8 - - 0ba0a0bc9aec49358965e86f3e9cedcb 0ba0a0bc9aec49358965e86f3e9cedcb] 10.0.0.136 "GET /resource_providers/31c0d4ba-5c7b-4b9d-9e92-0847bea89098/aggregates" status: 404 len: 235 microversion: 1.1 [pid: 8|app: 0|req: 471/942] 10.0.0.136 () {32 vars in 816 bytes} [Thu Jul 16 01:38:33 2026] GET /resource_providers/31c0d4ba-5c7b-4b9d-9e92-0847bea89098/aggregates => generated 235 bytes in 13 msecs (HTTP/1.1 404) 5 headers in 202 bytes (1 switches on core 0)
2026-07-16 01:38:33.542 7 INFO placement.requestlog [None req-2b6be6f8-30aa-4f12-b85c-353dbf65a0fb a5650080bf31489ab81b5e34baa76496 f52321f44c9d4598bcfab2b1d8ebeef8 - - 0ba0a0bc9aec49358965e86f3e9cedcb 0ba0a0bc9aec49358965e86f3e9cedcb] 10.0.0.136 "GET /resource_providers/31c0d4ba-5c7b-4b9d-9e92-0847bea89098/aggregates" status: 404 len: 235 microversion: 1.1 [pid: 7|app: 0|req: 472/943] 10.0.0.136 () {32 vars in 816 bytes} [Thu Jul 16 01:38:33 2026] GET /resource_providers/31c0d4ba-5c7b-4b9d-9e92-0847bea89098/aggregates => generated 235 bytes in 29 msecs (HTTP/1.1 404) 5 headers in 202 bytes (1 switches on core 0)
2026-07-16 01:38:33.560 8 INFO placement.requestlog [None req-31f99c0a-1666-4480-b1f5-e186c9210b23 a5650080bf31489ab81b5e34baa76496 f52321f44c9d4598bcfab2b1d8ebeef8 - - 0ba0a0bc9aec49358965e86f3e9cedcb 0ba0a0bc9aec49358965e86f3e9cedcb] 10.0.0.136 "DELETE /resource_providers/31c0d4ba-5c7b-4b9d-9e92-0847bea89098" status: 404 len: 246 microversion: 1.1 [pid: 8|app: 0|req: 472/944] 10.0.0.136 () {34 vars in 816 bytes} [Thu Jul 16 01:38:33 2026] DELETE /resource_providers/31c0d4ba-5c7b-4b9d-9e92-0847bea89098 => generated 246 bytes in 17 msecs (HTTP/1.1 404) 6 headers in 231 bytes (1 switches on core 0)
2026-07-16 01:38:33.563 7 INFO placement.requestlog [None req-77e038f8-ad44-4419-bbdb-081e0ec8c43d a5650080bf31489ab81b5e34baa76496 f52321f44c9d4598bcfab2b1d8ebeef8 - - 0ba0a0bc9aec49358965e86f3e9cedcb 0ba0a0bc9aec49358965e86f3e9cedcb] 10.0.0.136 "DELETE /resource_providers/31c0d4ba-5c7b-4b9d-9e92-0847bea89098" status: 404 len: 246 microversion: 1.1 [pid: 7|app: 0|req: 473/945] 10.0.0.136 () {34 vars in 816 bytes} [Thu Jul 16 01:38:33 2026] DELETE /resource_providers/31c0d4ba-5c7b-4b9d-9e92-0847bea89098 => generated 246 bytes in 10 msecs (HTTP/1.1 404) 6 headers in 231 bytes (1 switches on core 0)
2026-07-16 01:38:33.776 7 INFO placement.requestlog [None req-5b591cb4-c44a-4556-903e-e4346bbd5b61 a5650080bf31489ab81b5e34baa76496 f52321f44c9d4598bcfab2b1d8ebeef8 - - 0ba0a0bc9aec49358965e86f3e9cedcb 0ba0a0bc9aec49358965e86f3e9cedcb] 10.0.0.136 "GET /resource_providers/5c414a6f-e01b-430d-96fb-6231a7eb6c45/aggregates" status: 404 len: 235 microversion: 1.1 [pid: 7|app: 0|req: 474/946] 10.0.0.136 () {32 vars in 816 bytes} [Thu Jul 16 01:38:33 2026] GET /resource_providers/5c414a6f-e01b-430d-96fb-6231a7eb6c45/aggregates => generated 235 bytes in 20 msecs (HTTP/1.1 404) 5 headers in 202 bytes (1 switches on core 0)
2026-07-16 01:38:33.778 8 INFO placement.requestlog [None req-b539336e-8439-44ad-9dfd-54f95884b3bf a5650080bf31489ab81b5e34baa76496 f52321f44c9d4598bcfab2b1d8ebeef8 - - 0ba0a0bc9aec49358965e86f3e9cedcb 0ba0a0bc9aec49358965e86f3e9cedcb] 10.0.0.136 "GET /resource_providers/5c414a6f-e01b-430d-96fb-6231a7eb6c45/aggregates" status: 404 len: 235 microversion: 1.1 [pid: 8|app: 0|req: 473/947] 10.0.0.136 () {32 vars in 816 bytes} [Thu Jul 16 01:38:33 2026] GET /resource_providers/5c414a6f-e01b-430d-96fb-6231a7eb6c45/aggregates => generated 235 bytes in 22 msecs (HTTP/1.1 404) 5 headers in 202 bytes (1 switches on core 0)
2026-07-16 01:38:33.815 7 INFO placement.requestlog [None req-cb9254c9-428b-4825-845e-d5973407250a a5650080bf31489ab81b5e34baa76496 f52321f44c9d4598bcfab2b1d8ebeef8 - - 0ba0a0bc9aec49358965e86f3e9cedcb 0ba0a0bc9aec49358965e86f3e9cedcb] 10.0.0.136 "DELETE /resource_providers/5c414a6f-e01b-430d-96fb-6231a7eb6c45" status: 404 len: 246 microversion: 1.1 [pid: 7|app: 0|req: 475/948] 10.0.0.136 () {34 vars in 816 bytes} [Thu Jul 16 01:38:33 2026] DELETE /resource_providers/5c414a6f-e01b-430d-96fb-6231a7eb6c45 => generated 246 bytes in 11 msecs (HTTP/1.1 404) 6 headers in 231 bytes (1 switches on core 0)
2026-07-16 01:38:33.818 8 INFO placement.requestlog [None req-4b96b142-c5cb-4beb-aeae-062ab08a4c41 a5650080bf31489ab81b5e34baa76496 f52321f44c9d4598bcfab2b1d8ebeef8 - - 0ba0a0bc9aec49358965e86f3e9cedcb 0ba0a0bc9aec49358965e86f3e9cedcb] 10.0.0.136 "DELETE /resource_providers/5c414a6f-e01b-430d-96fb-6231a7eb6c45" status: 404 len: 246 microversion: 1.1 [pid: 8|app: 0|req: 474/949] 10.0.0.136 () {34 vars in 816 bytes} [Thu Jul 16 01:38:33 2026] DELETE /resource_providers/5c414a6f-e01b-430d-96fb-6231a7eb6c45 => generated 246 bytes in 14 msecs (HTTP/1.1 404) 6 headers in 231 bytes (1 switches on core 0)
2026-07-16 01:38:35.595 8 INFO placement.requestlog [None req-45b45b04-cbcc-42ca-a913-ba7efd6a2d29 a5650080bf31489ab81b5e34baa76496 f52321f44c9d4598bcfab2b1d8ebeef8 - - 0ba0a0bc9aec49358965e86f3e9cedcb 0ba0a0bc9aec49358965e86f3e9cedcb] 10.0.0.136 "GET /resource_providers/c2faed19-8dcb-47ea-b8cf-09956d85757d/aggregates" status: 404 len: 235 microversion: 1.1 [pid: 8|app: 0|req: 475/950] 10.0.0.136 () {32 vars in 816 bytes} [Thu Jul 16 01:38:35 2026] GET /resource_providers/c2faed19-8dcb-47ea-b8cf-09956d85757d/aggregates => generated 235 bytes in 12 msecs (HTTP/1.1 404) 5 headers in 202 bytes (1 switches on core 0)
2026-07-16 01:38:35.598 7 INFO placement.requestlog [None req-027531f7-b2cf-4980-80cc-aff362ca7f92 a5650080bf31489ab81b5e34baa76496 f52321f44c9d4598bcfab2b1d8ebeef8 - - 0ba0a0bc9aec49358965e86f3e9cedcb 0ba0a0bc9aec49358965e86f3e9cedcb] 10.0.0.136 "GET /resource_providers/c2faed19-8dcb-47ea-b8cf-09956d85757d/aggregates" status: 404 len: 235 microversion: 1.1 [pid: 7|app: 0|req: 476/951] 10.0.0.136 () {32 vars in 816 bytes} [Thu Jul 16 01:38:35 2026] GET /resource_providers/c2faed19-8dcb-47ea-b8cf-09956d85757d/aggregates => generated 235 bytes in 15 msecs (HTTP/1.1 404) 5 headers in 202 bytes (1 switches on core 0)
2026-07-16 01:38:35.620 7 INFO placement.requestlog [None req-63cfcb22-c610-44ec-94a7-5fd933fca753 a5650080bf31489ab81b5e34baa76496 f52321f44c9d4598bcfab2b1d8ebeef8 - - 0ba0a0bc9aec49358965e86f3e9cedcb 0ba0a0bc9aec49358965e86f3e9cedcb] 10.0.0.136 "DELETE /resource_providers/c2faed19-8dcb-47ea-b8cf-09956d85757d" status: 404 len: 246 microversion: 1.1 [pid: 7|app: 0|req: 477/952] 10.0.0.136 () {34 vars in 816 bytes} [Thu Jul 16 01:38:35 2026] DELETE /resource_providers/c2faed19-8dcb-47ea-b8cf-09956d85757d => generated 246 bytes in 11 msecs (HTTP/1.1 404) 6 headers in 231 bytes (1 switches on core 0)
2026-07-16 01:38:35.622 8 INFO placement.requestlog [None req-9f9f6fec-4efd-49fc-8375-4626b543c268 a5650080bf31489ab81b5e34baa76496 f52321f44c9d4598bcfab2b1d8ebeef8 - - 0ba0a0bc9aec49358965e86f3e9cedcb 0ba0a0bc9aec49358965e86f3e9cedcb] 10.0.0.136 "DELETE /resource_providers/c2faed19-8dcb-47ea-b8cf-09956d85757d" status: 404 len: 246 microversion: 1.1 [pid: 8|app: 0|req: 476/953] 10.0.0.136 () {34 vars in 816 bytes} [Thu Jul 16 01:38:35 2026] DELETE /resource_providers/c2faed19-8dcb-47ea-b8cf-09956d85757d => generated 246 bytes in 12 msecs (HTTP/1.1 404) 6 headers in 231 bytes (1 switches on core 0)
2026-07-16 01:38:37.041 7 INFO placement.requestlog [req-1dd997e4-53ac-4e18-8787-798c695a3c67 req-647d78d2-f1a2-453e-b2f2-4c684073b379 59c4491f045e4743bd40230291fe91ce f52321f44c9d4598bcfab2b1d8ebeef8 - - 0ba0a0bc9aec49358965e86f3e9cedcb 0ba0a0bc9aec49358965e86f3e9cedcb] 199.204.45.238 "GET /resource_providers/8a7a1909-712f-4f61-853a-16f88c098d8c/allocations" status: 200 len: 252 microversion: 1.0 [pid: 7|app: 0|req: 478/954] 199.204.45.238 () {32 vars in 857 bytes} [Thu Jul 16 01:38:37 2026] GET /resource_providers/8a7a1909-712f-4f61-853a-16f88c098d8c/allocations => generated 252 bytes in 33 msecs (HTTP/1.1 200) 6 headers in 224 bytes (1 switches on core 0)
2026-07-16 01:38:37.073 8 INFO placement.requestlog [req-1dd997e4-53ac-4e18-8787-798c695a3c67 req-280dca45-6715-4e9d-a915-f2ad7cb7965b 59c4491f045e4743bd40230291fe91ce f52321f44c9d4598bcfab2b1d8ebeef8 - - 0ba0a0bc9aec49358965e86f3e9cedcb 0ba0a0bc9aec49358965e86f3e9cedcb] 199.204.45.238 "GET /allocations/d61edfbc-2047-4e4c-a213-72398bc77970" status: 200 len: 257 microversion: 1.28 [pid: 8|app: 0|req: 477/955] 199.204.45.238 () {34 vars in 863 bytes} [Thu Jul 16 01:38:37 2026] GET /allocations/d61edfbc-2047-4e4c-a213-72398bc77970 => generated 257 bytes in 20 msecs (HTTP/1.1 200) 8 headers in 296 bytes (1 switches on core 0)
2026-07-16 01:38:37.107 7 INFO placement.requestlog [req-1dd997e4-53ac-4e18-8787-798c695a3c67 req-880676d0-ed49-4ebb-b1c3-255376e601a1 59c4491f045e4743bd40230291fe91ce f52321f44c9d4598bcfab2b1d8ebeef8 - - 0ba0a0bc9aec49358965e86f3e9cedcb 0ba0a0bc9aec49358965e86f3e9cedcb] 199.204.45.238 "GET /allocations/d2d54bb4-0df3-4aef-844e-6ff092c7af73" status: 200 len: 257 microversion: 1.28 [pid: 7|app: 0|req: 479/956] 199.204.45.238 () {34 vars in 863 bytes} [Thu Jul 16 01:38:37 2026] GET /allocations/d2d54bb4-0df3-4aef-844e-6ff092c7af73 => generated 257 bytes in 29 msecs (HTTP/1.1 200) 8 headers in 296 bytes (1 switches on core 0)
2026-07-16 01:38:37.211 8 INFO placement.requestlog [req-1dd997e4-53ac-4e18-8787-798c695a3c67 req-67f09044-54f3-4f00-9657-239c2069d73e 59c4491f045e4743bd40230291fe91ce f52321f44c9d4598bcfab2b1d8ebeef8 - - 0ba0a0bc9aec49358965e86f3e9cedcb 0ba0a0bc9aec49358965e86f3e9cedcb] 199.204.45.238 "DELETE /allocations/d61edfbc-2047-4e4c-a213-72398bc77970" status: 204 len: 0 microversion: 1.0 [pid: 8|app: 0|req: 478/957] 199.204.45.238 () {34 vars in 841 bytes} [Thu Jul 16 01:38:37 2026] DELETE /allocations/d61edfbc-2047-4e4c-a213-72398bc77970 => generated 0 bytes in 31 msecs (HTTP/1.1 204) 5 headers in 198 bytes (1 switches on core 0)
2026-07-16 01:38:39.771 7 INFO placement.requestlog [None req-573bb7b2-a92f-4a01-a45f-2597a246112b a5650080bf31489ab81b5e34baa76496 f52321f44c9d4598bcfab2b1d8ebeef8 - - 0ba0a0bc9aec49358965e86f3e9cedcb 0ba0a0bc9aec49358965e86f3e9cedcb] 10.0.0.136 "GET /resource_providers/4ce1fb1d-7cfd-4caf-ab61-46406180f062/aggregates" status: 404 len: 235 microversion: 1.1 [pid: 7|app: 0|req: 480/958] 10.0.0.136 () {32 vars in 816 bytes} [Thu Jul 16 01:38:39 2026] GET /resource_providers/4ce1fb1d-7cfd-4caf-ab61-46406180f062/aggregates => generated 235 bytes in 11 msecs (HTTP/1.1 404) 5 headers in 202 bytes (1 switches on core 0)
2026-07-16 01:38:39.779 8 INFO placement.requestlog [None req-dd0c62c3-f912-4c26-944c-99b3a8c46ed2 a5650080bf31489ab81b5e34baa76496 f52321f44c9d4598bcfab2b1d8ebeef8 - - 0ba0a0bc9aec49358965e86f3e9cedcb 0ba0a0bc9aec49358965e86f3e9cedcb] 10.0.0.136 "GET /resource_providers/4ce1fb1d-7cfd-4caf-ab61-46406180f062/aggregates" status: 404 len: 235 microversion: 1.1 [pid: 8|app: 0|req: 479/959] 10.0.0.136 () {32 vars in 816 bytes} [Thu Jul 16 01:38:39 2026] GET /resource_providers/4ce1fb1d-7cfd-4caf-ab61-46406180f062/aggregates => generated 235 bytes in 19 msecs (HTTP/1.1 404) 5 headers in 202 bytes (1 switches on core 0)
