+ COMMAND=start + start + for KEYSTONE_WSGI_SCRIPT in keystone-wsgi-public ++ type -p keystone-wsgi-public + cp -a /var/lib/openstack/bin/keystone-wsgi-public /var/www/cgi-bin/keystone/ + '[' -f /etc/apache2/envvars ']' + source /etc/apache2/envvars ++ unset HOME ++ '[' '' '!=' '' ']' ++ SUFFIX= ++ export APACHE_RUN_USER=www-data ++ APACHE_RUN_USER=www-data ++ export APACHE_RUN_GROUP=www-data ++ APACHE_RUN_GROUP=www-data ++ export APACHE_PID_FILE=/var/run/apache2/apache2.pid ++ APACHE_PID_FILE=/var/run/apache2/apache2.pid ++ export APACHE_RUN_DIR=/var/run/apache2 ++ APACHE_RUN_DIR=/var/run/apache2 ++ export APACHE_LOCK_DIR=/var/lock/apache2 ++ APACHE_LOCK_DIR=/var/lock/apache2 ++ export APACHE_LOG_DIR=/var/log/apache2 ++ APACHE_LOG_DIR=/var/log/apache2 ++ export LANG=C ++ LANG=C ++ export LANG + '[' -f /var/run/apache2/apache2.pid ']' + exec apache2 -DFOREGROUND AH00558: apache2: Could not reliably determine the server's fully qualified domain name, using 10.0.0.222. Set the 'ServerName' directive globally to suppress this message AH00558: apache2: Could not reliably determine the server's fully qualified domain name, using 10.0.0.222. Set the 'ServerName' directive globally to suppress this message
[Thu Jul 23 18:55:51.487052 2026] [mpm_event:notice] [pid 1:tid 140563356125056] AH00489: Apache/2.4.58 (Ubuntu) mod_wsgi/5.0.0 Python/3.12 configured -- resuming normal operations
[Thu Jul 23 18:55:51.487195 2026] [core:notice] [pid 1:tid 140563356125056] AH00094: Command line: 'apache2 -D FOREGROUND'
[Thu Jul 23 18:56:44.836026 2026] [wsgi:error] [pid 9:tid 140562718303936] /var/lib/openstack/lib/python3.12/site-packages/oslo_utils/importutils.py:77: EventletDeprecationWarning:
[Thu Jul 23 18:56:44.836068 2026] [wsgi:error] [pid 9:tid 140562718303936] Eventlet is deprecated. It is currently being maintained in bugfix mode, and
[Thu Jul 23 18:56:44.836069 2026] [wsgi:error] [pid 9:tid 140562718303936] we strongly recommend against using it for new projects.
[Thu Jul 23 18:56:44.836071 2026] [wsgi:error] [pid 9:tid 140562718303936]
[Thu Jul 23 18:56:44.836072 2026] [wsgi:error] [pid 9:tid 140562718303936] If you are already using Eventlet, we recommend migrating to a different
[Thu Jul 23 18:56:44.836074 2026] [wsgi:error] [pid 9:tid 140562718303936] framework. For more detail see
[Thu Jul 23 18:56:44.836075 2026] [wsgi:error] [pid 9:tid 140562718303936] https://eventlet.readthedocs.io/en/latest/asyncio/migration.html
[Thu Jul 23 18:56:44.836076 2026] [wsgi:error] [pid 9:tid 140562718303936]
[Thu Jul 23 18:56:44.836077 2026] [wsgi:error] [pid 9:tid 140562718303936] __import__(import_str)
[Thu Jul 23 18:56:44.841112 2026] [wsgi:error] [pid 12:tid 140562718303936] /var/lib/openstack/lib/python3.12/site-packages/oslo_utils/importutils.py:77: EventletDeprecationWarning:
[Thu Jul 23 18:56:44.841155 2026] [wsgi:error] [pid 12:tid 140562718303936] Eventlet is deprecated. It is currently being maintained in bugfix mode, and
[Thu Jul 23 18:56:44.841157 2026] [wsgi:error] [pid 12:tid 140562718303936] we strongly recommend against using it for new projects.
[Thu Jul 23 18:56:44.841158 2026] [wsgi:error] [pid 12:tid 140562718303936]
[Thu Jul 23 18:56:44.841160 2026] [wsgi:error] [pid 12:tid 140562718303936] If you are already using Eventlet, we recommend migrating to a different
[Thu Jul 23 18:56:44.841161 2026] [wsgi:error] [pid 12:tid 140562718303936] framework. For more detail see
[Thu Jul 23 18:56:44.841162 2026] [wsgi:error] [pid 12:tid 140562718303936] https://eventlet.readthedocs.io/en/latest/asyncio/migration.html
[Thu Jul 23 18:56:44.841163 2026] [wsgi:error] [pid 12:tid 140562718303936]
[Thu Jul 23 18:56:44.841164 2026] [wsgi:error] [pid 12:tid 140562718303936] __import__(import_str) 10.0.0.226 - - [23/Jul/2026:18:56:43 +0000] "GET /v3/ HTTP/1.1" 200 250 10.0.0.226 - - [23/Jul/2026:18:56:43 +0000] "GET /v3/ HTTP/1.1" 200 250
[Thu Jul 23 18:56:50.269335 2026] [wsgi:error] [pid 10:tid 140562718303936] /var/lib/openstack/lib/python3.12/site-packages/oslo_utils/importutils.py:77: EventletDeprecationWarning:
[Thu Jul 23 18:56:50.269377 2026] [wsgi:error] [pid 10:tid 140562718303936] Eventlet is deprecated. It is currently being maintained in bugfix mode, and
[Thu Jul 23 18:56:50.269379 2026] [wsgi:error] [pid 10:tid 140562718303936] we strongly recommend against using it for new projects.
[Thu Jul 23 18:56:50.269380 2026] [wsgi:error] [pid 10:tid 140562718303936]
[Thu Jul 23 18:56:50.269381 2026] [wsgi:error] [pid 10:tid 140562718303936] If you are already using Eventlet, we recommend migrating to a different
[Thu Jul 23 18:56:50.269383 2026] [wsgi:error] [pid 10:tid 140562718303936] framework. For more detail see
[Thu Jul 23 18:56:50.269384 2026] [wsgi:error] [pid 10:tid 140562718303936] https://eventlet.readthedocs.io/en/latest/asyncio/migration.html
[Thu Jul 23 18:56:50.269385 2026] [wsgi:error] [pid 10:tid 140562718303936]
[Thu Jul 23 18:56:50.269386 2026] [wsgi:error] [pid 10:tid 140562718303936] __import__(import_str) 10.0.0.226 - - [23/Jul/2026:18:56:49 +0000] "GET /v3/ HTTP/1.1" 200 250
[Thu Jul 23 18:56:57.867973 2026] [wsgi:error] [pid 11:tid 140562718303936] /var/lib/openstack/lib/python3.12/site-packages/oslo_utils/importutils.py:77: EventletDeprecationWarning:
[Thu Jul 23 18:56:57.868009 2026] [wsgi:error] [pid 11:tid 140562718303936] Eventlet is deprecated. It is currently being maintained in bugfix mode, and
[Thu Jul 23 18:56:57.868011 2026] [wsgi:error] [pid 11:tid 140562718303936] we strongly recommend against using it for new projects.
[Thu Jul 23 18:56:57.868012 2026] [wsgi:error] [pid 11:tid 140562718303936]
[Thu Jul 23 18:56:57.868013 2026] [wsgi:error] [pid 11:tid 140562718303936] If you are already using Eventlet, we recommend migrating to a different
[Thu Jul 23 18:56:57.868014 2026] [wsgi:error] [pid 11:tid 140562718303936] framework. For more detail see
[Thu Jul 23 18:56:57.868015 2026] [wsgi:error] [pid 11:tid 140562718303936] https://eventlet.readthedocs.io/en/latest/asyncio/migration.html
[Thu Jul 23 18:56:57.868016 2026] [wsgi:error] [pid 11:tid 140562718303936]
[Thu Jul 23 18:56:57.868017 2026] [wsgi:error] [pid 11:tid 140562718303936] __import__(import_str) 10.0.0.63 - - [23/Jul/2026:18:56:57 +0000] "GET / HTTP/1.1" 300 295
[Thu Jul 23 18:57:02.450467 2026] [wsgi:error] [pid 9:tid 140562718303936] [remote 10.0.0.63:38284] 2026-07-23 18:57:02.447 9 WARNING keystone.identity.core [None req-a5cc5c40-9d7c-456f-8959-873cf76928fd - - - - - -] Invalid domain name (atmosphere) found in config file name: keystone.exception.DomainNotFound: Could not find domain: atmosphere.
[Thu Jul 23 18:57:02.500613 2026] [wsgi:error] [pid 9:tid 140562718303936] [remote 10.0.0.63:38284] 2026-07-23 18:57:02.500 9 WARNING keystone.common.password_hashing [None req-a5cc5c40-9d7c-456f-8959-873cf76928fd - - - - - -] Truncating password to algorithm specific maximum length 72 characters.
[Thu Jul 23 18:57:02.790073 2026] [wsgi:error] [pid 9:tid 140562718303936] [remote 10.0.0.63:38284] 2026-07-23 18:57:02.789 9 WARNING keystone.common.fernet_utils [None req-a5cc5c40-9d7c-456f-8959-873cf76928fd - - - - - -] key_repository is world readable: /etc/keystone/fernet-keys/ 10.0.0.63 - - [23/Jul/2026:18:57:02 +0000] "POST /v3/auth/tokens HTTP/1.1" 201 1360
[Thu Jul 23 18:57:03.152394 2026] [wsgi:error] [pid 12:tid 140562718303936] [remote 10.0.0.63:38284] 2026-07-23 18:57:03.150 12 WARNING keystone.identity.core [None req-2a5bd549-ed36-4ae8-8495-8094c9a14148 - - - - - -] Invalid domain name (atmosphere) found in config file name: keystone.exception.DomainNotFound: Could not find domain: atmosphere. 10.0.0.63 - - [23/Jul/2026:18:57:02 +0000] "POST /v3/domains HTTP/1.1" 201 261 10.0.0.237 - - [23/Jul/2026:18:57:15 +0000] "GET / HTTP/1.1" 300 295
[Thu Jul 23 18:57:16.209551 2026] [wsgi:error] [pid 11:tid 140562718303936] [remote 10.0.0.237:38626] 2026-07-23 18:57:16.209 11 WARNING keystone.common.password_hashing [None req-9d190c17-be1c-41db-b45b-d23a7d64e187 - - - - - -] Truncating password to algorithm specific maximum length 72 characters.
[Thu Jul 23 18:57:16.498091 2026] [wsgi:error] [pid 11:tid 140562718303936] [remote 10.0.0.237:38626] 2026-07-23 18:57:16.497 11 WARNING keystone.common.fernet_utils [None req-9d190c17-be1c-41db-b45b-d23a7d64e187 - - - - - -] key_repository is world readable: /etc/keystone/fernet-keys/ 10.0.0.237 - - [23/Jul/2026:18:57:15 +0000] "POST /v3/auth/tokens HTTP/1.1" 201 1360 10.0.0.237 - - [23/Jul/2026:18:57:16 +0000] "GET /v3/roles/admin HTTP/1.1" 404 83
[Thu Jul 23 18:57:16.758753 2026] [wsgi:error] [pid 12:tid 140562718303936] [remote 10.0.0.237:38626] 2026-07-23 18:57:16.758 12 WARNING keystone.common.rbac_enforcer.enforcer [None req-b727d491-6b48-45ed-9661-13bee9758dd6 75d212bd6c004a758d5514da4cd9b559 6d138074b11548a28a67877f9948d0c0 - - default default] Deprecated policy rules found. Use oslopolicy-policy-generator and oslopolicy-policy-upgrade to detect and resolve deprecated policies in your configuration. 10.0.0.237 - - [23/Jul/2026:18:57:16 +0000] "GET /v3/roles?name=admin HTTP/1.1" 200 389
[Thu Jul 23 18:57:17.257449 2026] [wsgi:error] [pid 10:tid 140562718303936] [remote 10.0.0.237:38626] 2026-07-23 18:57:17.257 10 WARNING keystone.common.rbac_enforcer.enforcer [None req-68edd221-68f0-489e-bbc4-1e743db997cb 75d212bd6c004a758d5514da4cd9b559 6d138074b11548a28a67877f9948d0c0 - - default default] Deprecated policy rules found. Use oslopolicy-policy-generator and oslopolicy-policy-upgrade to detect and resolve deprecated policies in your configuration. 10.0.0.237 - - [23/Jul/2026:18:57:16 +0000] "GET /v3/users/admin-RegionOne HTTP/1.1" 404 93
[Thu Jul 23 18:57:17.423570 2026] [wsgi:error] [pid 11:tid 140562718303936] [remote 10.0.0.237:38626] 2026-07-23 18:57:17.423 11 WARNING keystone.common.rbac_enforcer.enforcer [None req-bba0da97-3589-4490-991d-43b2f0759bff 75d212bd6c004a758d5514da4cd9b559 6d138074b11548a28a67877f9948d0c0 - - default default] Deprecated policy rules found. Use oslopolicy-policy-generator and oslopolicy-policy-upgrade to detect and resolve deprecated policies in your configuration. 10.0.0.237 - - [23/Jul/2026:18:57:17 +0000] "GET /v3/users?name=admin-RegionOne HTTP/1.1" 200 422
[Thu Jul 23 18:57:17.599986 2026] [wsgi:error] [pid 9:tid 140562718303936] [remote 10.0.0.237:38626] 2026-07-23 18:57:17.599 9 WARNING keystone.common.rbac_enforcer.enforcer [None req-17f1547d-5417-4453-adf1-2539fc33dcf8 75d212bd6c004a758d5514da4cd9b559 6d138074b11548a28a67877f9948d0c0 - - default default] Deprecated policy rules found. Use oslopolicy-policy-generator and oslopolicy-policy-upgrade to detect and resolve deprecated policies in your configuration. 10.0.0.237 - - [23/Jul/2026:18:57:17 +0000] "GET /v3/domains/default HTTP/1.1" 200 224 10.0.0.237 - - [23/Jul/2026:18:57:17 +0000] "PUT /v3/domains/default/users/75d212bd6c004a758d5514da4cd9b559/roles/eefea699ec6043d4abd41e00a23d2125 HTTP/1.1" 204 - 10.0.0.226 - - [23/Jul/2026:18:57:28 +0000] "GET / HTTP/1.1" 300 281 10.0.0.226 - - [23/Jul/2026:18:57:29 +0000] "GET /v3 HTTP/1.1" 200 266
[Thu Jul 23 18:57:29.549037 2026] [wsgi:error] [pid 9:tid 140562718303936] [remote 10.0.0.226:51702] 2026-07-23 18:57:29.548 9 WARNING keystone.common.password_hashing [None req-684dced0-cb99-45cf-86e8-c4bedf3f64b5 - - - - - -] Truncating password to algorithm specific maximum length 72 characters.
[Thu Jul 23 18:57:29.853699 2026] [wsgi:error] [pid 9:tid 140562718303936] [remote 10.0.0.226:51702] 2026-07-23 18:57:29.853 9 WARNING keystone.common.fernet_utils [None req-684dced0-cb99-45cf-86e8-c4bedf3f64b5 - - - - - -] key_repository is world readable: /etc/keystone/fernet-keys/ 10.0.0.226 - - [23/Jul/2026:18:57:29 +0000] "POST /v3/auth/tokens HTTP/1.1" 201 1360 10.0.0.226 - - [23/Jul/2026:18:57:29 +0000] "GET / HTTP/1.1" 300 281 10.0.0.226 - - [23/Jul/2026:18:57:29 +0000] "GET /v3/domains/atmosphere HTTP/1.1" 404 90 10.0.0.226 - - [23/Jul/2026:18:57:30 +0000] "GET /v3/domains?name=atmosphere HTTP/1.1" 200 370 10.0.0.226 - - [23/Jul/2026:18:57:30 +0000] "GET /v3/domains/a4fd17c997b74a669dcc6111dc0f29a0 HTTP/1.1" 200 247 10.0.0.226 - - [23/Jul/2026:18:57:30 +0000] "GET /v3 HTTP/1.1" 200 266
[Thu Jul 23 18:57:30.937587 2026] [wsgi:error] [pid 10:tid 140562718303936] [remote 10.0.0.226:51702] 2026-07-23 18:57:30.937 10 WARNING keystone.common.password_hashing [None req-20bba590-3c96-4d5b-b5e4-d546173f4f94 - - - - - -] Truncating password to algorithm specific maximum length 72 characters.
[Thu Jul 23 18:57:31.234161 2026] [wsgi:error] [pid 10:tid 140562718303936] [remote 10.0.0.226:51702] 2026-07-23 18:57:31.233 10 WARNING keystone.common.fernet_utils [None req-20bba590-3c96-4d5b-b5e4-d546173f4f94 - - - - - -] key_repository is world readable: /etc/keystone/fernet-keys/ 10.0.0.226 - - [23/Jul/2026:18:57:30 +0000] "POST /v3/auth/tokens HTTP/1.1" 201 1360 10.0.0.226 - - [23/Jul/2026:18:57:31 +0000] "GET / HTTP/1.1" 300 281 10.0.0.226 - - [23/Jul/2026:18:57:31 +0000] "GET /v3/OS-FEDERATION/identity_providers/atmosphere HTTP/1.1" 404 101 10.0.0.226 - - [23/Jul/2026:18:57:31 +0000] "GET /v3/OS-FEDERATION/identity_providers HTTP/1.1" 200 156 10.0.0.226 - - [23/Jul/2026:18:57:31 +0000] "PUT /v3/OS-FEDERATION/identity_providers/atmosphere HTTP/1.1" 201 342 10.0.0.226 - - [23/Jul/2026:18:57:31 +0000] "GET /v3 HTTP/1.1" 200 266
[Thu Jul 23 18:57:31.966181 2026] [wsgi:error] [pid 9:tid 140562718303936] [remote 10.0.0.226:51690] 2026-07-23 18:57:31.965 9 WARNING keystone.common.password_hashing [None req-4efe7f01-1ed3-432a-add3-d2ca4f25e54d - - - - - -] Truncating password to algorithm specific maximum length 72 characters.
[Thu Jul 23 18:57:32.245290 2026] [wsgi:error] [pid 9:tid 140562718303936] [remote 10.0.0.226:51690] 2026-07-23 18:57:32.245 9 WARNING keystone.common.fernet_utils [None req-4efe7f01-1ed3-432a-add3-d2ca4f25e54d - - - - - -] key_repository is world readable: /etc/keystone/fernet-keys/ 10.0.0.226 - - [23/Jul/2026:18:57:31 +0000] "POST /v3/auth/tokens HTTP/1.1" 201 1360 10.0.0.226 - - [23/Jul/2026:18:57:32 +0000] "GET / HTTP/1.1" 300 281 10.0.0.226 - - [23/Jul/2026:18:57:32 +0000] "GET /v3/OS-FEDERATION/mappings/atmosphere-openid HTTP/1.1" 404 98 10.0.0.226 - - [23/Jul/2026:18:57:32 +0000] "GET /v3/OS-FEDERATION/mappings HTTP/1.1" 200 136 10.0.0.226 - - [23/Jul/2026:18:57:32 +0000] "PUT /v3/OS-FEDERATION/mappings/atmosphere-openid HTTP/1.1" 201 357 10.0.0.226 - - [23/Jul/2026:18:57:32 +0000] "GET /v3 HTTP/1.1" 200 266
[Thu Jul 23 18:57:32.970437 2026] [wsgi:error] [pid 10:tid 140562718303936] [remote 10.0.0.226:51702] 2026-07-23 18:57:32.970 10 WARNING keystone.common.password_hashing [None req-77795286-8cc2-4b87-9cdb-a267f86eba97 - - - - - -] Truncating password to algorithm specific maximum length 72 characters.
[Thu Jul 23 18:57:33.253611 2026] [wsgi:error] [pid 10:tid 140562718303936] [remote 10.0.0.226:51702] 2026-07-23 18:57:33.253 10 WARNING keystone.common.fernet_utils [None req-77795286-8cc2-4b87-9cdb-a267f86eba97 - - - - - -] key_repository is world readable: /etc/keystone/fernet-keys/ 10.0.0.226 - - [23/Jul/2026:18:57:32 +0000] "POST /v3/auth/tokens HTTP/1.1" 201 1360 10.0.0.226 - - [23/Jul/2026:18:57:33 +0000] "GET / HTTP/1.1" 300 281 10.0.0.226 - - [23/Jul/2026:18:57:33 +0000] "GET /v3/OS-FEDERATION/identity_providers/atmosphere/protocols/openid?idp_id=atmosphere HTTP/1.1" 404 131 10.0.0.226 - - [23/Jul/2026:18:57:33 +0000] "GET /v3/OS-FEDERATION/identity_providers/atmosphere/protocols HTTP/1.1" 200 168 10.0.0.226 - - [23/Jul/2026:18:57:33 +0000] "PUT /v3/OS-FEDERATION/identity_providers/atmosphere/protocols/openid HTTP/1.1" 201 224 10.0.0.226 - - [23/Jul/2026:18:57:43 +0000] "GET /v3/ HTTP/1.1" 200 250 10.0.0.226 - - [23/Jul/2026:18:57:43 +0000] "GET /v3/ HTTP/1.1" 200 250 10.0.0.226 - - [23/Jul/2026:18:58:43 +0000] "GET /v3/ HTTP/1.1" 200 250 10.0.0.226 - - [23/Jul/2026:18:58:43 +0000] "GET /v3/ HTTP/1.1" 200 250 10.0.0.102 - - [23/Jul/2026:18:59:28 +0000] "GET / HTTP/1.1" 300 295
[Thu Jul 23 18:59:28.580955 2026] [wsgi:error] [pid 9:tid 140562718303936] [remote 10.0.0.102:56830] 2026-07-23 18:59:28.580 9 WARNING keystone.common.password_hashing [None req-b7c75aa3-0c4e-428b-91d3-08b27d1e3aea - - - - - -] Truncating password to algorithm specific maximum length 72 characters.
[Thu Jul 23 18:59:28.858283 2026] [wsgi:error] [pid 9:tid 140562718303936] [remote 10.0.0.102:56830] 2026-07-23 18:59:28.858 9 WARNING keystone.common.fernet_utils [None req-b7c75aa3-0c4e-428b-91d3-08b27d1e3aea - - - - - -] key_repository is world readable: /etc/keystone/fernet-keys/ 10.0.0.102 - - [23/Jul/2026:18:59:28 +0000] "POST /v3/auth/tokens HTTP/1.1" 201 1360 10.0.0.102 - - [23/Jul/2026:18:59:28 +0000] "GET /v3/services HTTP/1.1" 200 355 10.0.0.102 - - [23/Jul/2026:18:59:32 +0000] "GET / HTTP/1.1" 300 295
[Thu Jul 23 18:59:32.573460 2026] [wsgi:error] [pid 11:tid 140562718303936] [remote 10.0.0.102:56122] 2026-07-23 18:59:32.573 11 WARNING keystone.common.password_hashing [None req-1d3b4003-64ed-4035-9220-6c1fe240bb1e - - - - - -] Truncating password to algorithm specific maximum length 72 characters.
[Thu Jul 23 18:59:32.847843 2026] [wsgi:error] [pid 11:tid 140562718303936] [remote 10.0.0.102:56122] 2026-07-23 18:59:32.847 11 WARNING keystone.common.fernet_utils [None req-1d3b4003-64ed-4035-9220-6c1fe240bb1e - - - - - -] key_repository is world readable: /etc/keystone/fernet-keys/ 10.0.0.102 - - [23/Jul/2026:18:59:32 +0000] "POST /v3/auth/tokens HTTP/1.1" 201 1360 10.0.0.102 - - [23/Jul/2026:18:59:32 +0000] "GET /v3/services HTTP/1.1" 200 355 10.0.0.102 - - [23/Jul/2026:18:59:36 +0000] "GET / HTTP/1.1" 300 295
[Thu Jul 23 18:59:36.427331 2026] [wsgi:error] [pid 12:tid 140562718303936] [remote 10.0.0.102:56134] 2026-07-23 18:59:36.426 12 WARNING keystone.common.password_hashing [None req-9b7aabd7-7e8c-43e5-bc12-72607ef75894 - - - - - -] Truncating password to algorithm specific maximum length 72 characters.
[Thu Jul 23 18:59:36.720332 2026] [wsgi:error] [pid 12:tid 140562718303936] [remote 10.0.0.102:56134] 2026-07-23 18:59:36.720 12 WARNING keystone.common.fernet_utils [None req-9b7aabd7-7e8c-43e5-bc12-72607ef75894 - - - - - -] key_repository is world readable: /etc/keystone/fernet-keys/ 10.0.0.102 - - [23/Jul/2026:18:59:36 +0000] "POST /v3/auth/tokens HTTP/1.1" 201 1360 10.0.0.102 - - [23/Jul/2026:18:59:36 +0000] "GET /v3/services HTTP/1.1" 200 355 10.0.0.102 - - [23/Jul/2026:18:59:40 +0000] "GET / HTTP/1.1" 300 295
[Thu Jul 23 18:59:40.588266 2026] [wsgi:error] [pid 10:tid 140562718303936] [remote 10.0.0.102:51004] 2026-07-23 18:59:40.588 10 WARNING keystone.common.password_hashing [None req-d601ccf5-cc28-407a-992d-d75a919d09ea - - - - - -] Truncating password to algorithm specific maximum length 72 characters.
[Thu Jul 23 18:59:40.880222 2026] [wsgi:error] [pid 10:tid 140562718303936] [remote 10.0.0.102:51004] 2026-07-23 18:59:40.880 10 WARNING keystone.common.fernet_utils [None req-d601ccf5-cc28-407a-992d-d75a919d09ea - - - - - -] key_repository is world readable: /etc/keystone/fernet-keys/ 10.0.0.102 - - [23/Jul/2026:18:59:40 +0000] "POST /v3/auth/tokens HTTP/1.1" 201 1360 10.0.0.102 - - [23/Jul/2026:18:59:40 +0000] "POST /v3/services HTTP/1.1" 201 296 10.0.0.226 - - [23/Jul/2026:18:59:43 +0000] "GET /v3/ HTTP/1.1" 200 250 10.0.0.226 - - [23/Jul/2026:18:59:43 +0000] "GET /v3/ HTTP/1.1" 200 250 10.0.0.202 - - [23/Jul/2026:18:59:53 +0000] "GET / HTTP/1.1" 300 295
[Thu Jul 23 18:59:53.701093 2026] [wsgi:error] [pid 12:tid 140562718303936] [remote 10.0.0.202:44770] 2026-07-23 18:59:53.700 12 WARNING keystone.common.password_hashing [None req-b0fde32f-ee3b-4acf-9456-5b1652f85752 - - - - - -] Truncating password to algorithm specific maximum length 72 characters. 10.0.0.202 - - [23/Jul/2026:18:59:53 +0000] "GET / HTTP/1.1" 300 295
[Thu Jul 23 18:59:53.778108 2026] [wsgi:error] [pid 9:tid 140562718303936] [remote 10.0.0.202:44780] 2026-07-23 18:59:53.777 9 WARNING keystone.common.password_hashing [None req-dbfb7881-af6b-4154-b977-0cac4931da41 - - - - - -] Truncating password to algorithm specific maximum length 72 characters. 10.0.0.202 - - [23/Jul/2026:18:59:53 +0000] "GET / HTTP/1.1" 300 295
[Thu Jul 23 18:59:53.898902 2026] [wsgi:error] [pid 11:tid 140562718303936] [remote 10.0.0.202:44790] 2026-07-23 18:59:53.898 11 WARNING keystone.common.password_hashing [None req-e13a39c7-aa71-48b9-bc5b-c0ed63c95424 - - - - - -] Truncating password to algorithm specific maximum length 72 characters.
[Thu Jul 23 18:59:53.981678 2026] [wsgi:error] [pid 12:tid 140562718303936] [remote 10.0.0.202:44770] 2026-07-23 18:59:53.981 12 WARNING keystone.common.fernet_utils [None req-b0fde32f-ee3b-4acf-9456-5b1652f85752 - - - - - -] key_repository is world readable: /etc/keystone/fernet-keys/ 10.0.0.202 - - [23/Jul/2026:18:59:53 +0000] "POST /v3/auth/tokens HTTP/1.1" 201 1464
[Thu Jul 23 18:59:54.062819 2026] [wsgi:error] [pid 9:tid 140562718303936] [remote 10.0.0.202:44780] 2026-07-23 18:59:54.062 9 WARNING keystone.common.fernet_utils [None req-dbfb7881-af6b-4154-b977-0cac4931da41 - - - - - -] key_repository is world readable: /etc/keystone/fernet-keys/ 10.0.0.202 - - [23/Jul/2026:18:59:53 +0000] "POST /v3/auth/tokens HTTP/1.1" 201 1464 10.0.0.202 - - [23/Jul/2026:18:59:54 +0000] "GET /v3/services HTTP/1.1" 200 639
[Thu Jul 23 18:59:54.172904 2026] [wsgi:error] [pid 11:tid 140562718303936] [remote 10.0.0.202:44790] 2026-07-23 18:59:54.172 11 WARNING keystone.common.fernet_utils [None req-e13a39c7-aa71-48b9-bc5b-c0ed63c95424 - - - - - -] key_repository is world readable: /etc/keystone/fernet-keys/ 10.0.0.202 - - [23/Jul/2026:18:59:53 +0000] "POST /v3/auth/tokens HTTP/1.1" 201 1464 10.0.0.202 - - [23/Jul/2026:18:59:54 +0000] "GET /v3/services HTTP/1.1" 200 639 10.0.0.202 - - [23/Jul/2026:18:59:54 +0000] "GET /v3/services HTTP/1.1" 200 639 10.0.0.202 - - [23/Jul/2026:18:59:55 +0000] "GET / HTTP/1.1" 300 295
[Thu Jul 23 18:59:55.730927 2026] [wsgi:error] [pid 11:tid 140562718303936] [remote 10.0.0.202:44806] 2026-07-23 18:59:55.730 11 WARNING keystone.common.password_hashing [None req-c7b255e8-1368-481c-836d-a08ad88c0c7b - - - - - -] Truncating password to algorithm specific maximum length 72 characters. 10.0.0.202 - - [23/Jul/2026:18:59:55 +0000] "GET / HTTP/1.1" 300 295
[Thu Jul 23 18:59:55.903937 2026] [wsgi:error] [pid 9:tid 140562718303936] [remote 10.0.0.202:44818] 2026-07-23 18:59:55.903 9 WARNING keystone.common.password_hashing [None req-0d1ae95c-695a-4cf7-9b51-1f0869f23a26 - - - - - -] Truncating password to algorithm specific maximum length 72 characters.
[Thu Jul 23 18:59:56.005755 2026] [wsgi:error] [pid 11:tid 140562718303936] [remote 10.0.0.202:44806] 2026-07-23 18:59:56.005 11 WARNING keystone.common.fernet_utils [None req-c7b255e8-1368-481c-836d-a08ad88c0c7b - - - - - -] key_repository is world readable: /etc/keystone/fernet-keys/ 10.0.0.202 - - [23/Jul/2026:18:59:55 +0000] "POST /v3/auth/tokens HTTP/1.1" 201 1464 10.0.0.202 - - [23/Jul/2026:18:59:56 +0000] "GET /v3/endpoints HTTP/1.1" 200 1227 10.0.0.202 - - [23/Jul/2026:18:59:56 +0000] "GET / HTTP/1.1" 300 295 10.0.0.202 - - [23/Jul/2026:18:59:56 +0000] "GET /v3/services/4aa81a3e0b564e12bc980c7be6536030 HTTP/1.1" 200 233
[Thu Jul 23 18:59:56.156099 2026] [wsgi:error] [pid 10:tid 140562718303936] [remote 10.0.0.202:44824] 2026-07-23 18:59:56.155 10 WARNING keystone.common.password_hashing [None req-f084549a-2b4b-4f1b-8212-9d74cf910f52 - - - - - -] Truncating password to algorithm specific maximum length 72 characters. 10.0.0.202 - - [23/Jul/2026:18:59:56 +0000] "GET /v3/services/4aa81a3e0b564e12bc980c7be6536030 HTTP/1.1" 200 233
[Thu Jul 23 18:59:56.180943 2026] [wsgi:error] [pid 9:tid 140562718303936] [remote 10.0.0.202:44818] 2026-07-23 18:59:56.180 9 WARNING keystone.common.fernet_utils [None req-0d1ae95c-695a-4cf7-9b51-1f0869f23a26 - - - - - -] key_repository is world readable: /etc/keystone/fernet-keys/ 10.0.0.202 - - [23/Jul/2026:18:59:55 +0000] "POST /v3/auth/tokens HTTP/1.1" 201 1464 10.0.0.202 - - [23/Jul/2026:18:59:56 +0000] "GET /v3/services/4aa81a3e0b564e12bc980c7be6536030 HTTP/1.1" 200 233 10.0.0.202 - - [23/Jul/2026:18:59:56 +0000] "GET /v3/endpoints HTTP/1.1" 200 1227 10.0.0.202 - - [23/Jul/2026:18:59:56 +0000] "GET /v3/services/4aa81a3e0b564e12bc980c7be6536030 HTTP/1.1" 200 233 10.0.0.202 - - [23/Jul/2026:18:59:56 +0000] "GET /v3/services/4aa81a3e0b564e12bc980c7be6536030 HTTP/1.1" 200 233 10.0.0.202 - - [23/Jul/2026:18:59:56 +0000] "GET /v3/services/4aa81a3e0b564e12bc980c7be6536030 HTTP/1.1" 200 233
[Thu Jul 23 18:59:56.437384 2026] [wsgi:error] [pid 10:tid 140562718303936] [remote 10.0.0.202:44824] 2026-07-23 18:59:56.437 10 WARNING keystone.common.fernet_utils [None req-f084549a-2b4b-4f1b-8212-9d74cf910f52 - - - - - -] key_repository is world readable: /etc/keystone/fernet-keys/ 10.0.0.202 - - [23/Jul/2026:18:59:56 +0000] "POST /v3/auth/tokens HTTP/1.1" 201 1464 10.0.0.202 - - [23/Jul/2026:18:59:56 +0000] "GET /v3/endpoints HTTP/1.1" 200 1227 10.0.0.202 - - [23/Jul/2026:18:59:56 +0000] "GET /v3/services/4aa81a3e0b564e12bc980c7be6536030 HTTP/1.1" 200 233 10.0.0.202 - - [23/Jul/2026:18:59:56 +0000] "GET /v3/services/4aa81a3e0b564e12bc980c7be6536030 HTTP/1.1" 200 233 10.0.0.202 - - [23/Jul/2026:18:59:56 +0000] "GET /v3/services/4aa81a3e0b564e12bc980c7be6536030 HTTP/1.1" 200 233 10.0.0.202 - - [23/Jul/2026:18:59:57 +0000] "GET / HTTP/1.1" 300 295
[Thu Jul 23 18:59:57.831494 2026] [wsgi:error] [pid 12:tid 140562718303936] [remote 10.0.0.202:44836] 2026-07-23 18:59:57.831 12 WARNING keystone.common.password_hashing [None req-6a4fcd5f-9dc4-4415-a5e9-6a674496af35 - - - - - -] Truncating password to algorithm specific maximum length 72 characters. 10.0.0.202 - - [23/Jul/2026:18:59:57 +0000] "GET / HTTP/1.1" 300 295
[Thu Jul 23 18:59:57.949662 2026] [wsgi:error] [pid 10:tid 140562718303936] [remote 10.0.0.202:44850] 2026-07-23 18:59:57.949 10 WARNING keystone.common.password_hashing [None req-97270a3e-b5d0-4fae-877a-32bab44e8383 - - - - - -] Truncating password to algorithm specific maximum length 72 characters.
[Thu Jul 23 18:59:58.118973 2026] [wsgi:error] [pid 12:tid 140562718303936] [remote 10.0.0.202:44836] 2026-07-23 18:59:58.118 12 WARNING keystone.common.fernet_utils [None req-6a4fcd5f-9dc4-4415-a5e9-6a674496af35 - - - - - -] key_repository is world readable: /etc/keystone/fernet-keys/ 10.0.0.202 - - [23/Jul/2026:18:59:57 +0000] "POST /v3/auth/tokens HTTP/1.1" 201 1464
[Thu Jul 23 18:59:58.223927 2026] [wsgi:error] [pid 10:tid 140562718303936] [remote 10.0.0.202:44850] 2026-07-23 18:59:58.223 10 WARNING keystone.common.fernet_utils [None req-97270a3e-b5d0-4fae-877a-32bab44e8383 - - - - - -] key_repository is world readable: /etc/keystone/fernet-keys/ 10.0.0.202 - - [23/Jul/2026:18:59:57 +0000] "POST /v3/auth/tokens HTTP/1.1" 201 1464 10.0.0.202 - - [23/Jul/2026:18:59:58 +0000] "GET /v3/services/19d5132b26e142c6b9516c829e250436 HTTP/1.1" 200 296 10.0.0.202 - - [23/Jul/2026:18:59:58 +0000] "GET /v3/regions/RegionOne HTTP/1.1" 200 173 10.0.0.202 - - [23/Jul/2026:18:59:58 +0000] "POST /v3/endpoints HTTP/1.1" 201 380 10.0.0.202 - - [23/Jul/2026:18:59:58 +0000] "GET /v3/services/19d5132b26e142c6b9516c829e250436 HTTP/1.1" 200 296 10.0.0.202 - - [23/Jul/2026:18:59:58 +0000] "GET /v3/regions/RegionOne HTTP/1.1" 200 173 10.0.0.202 - - [23/Jul/2026:18:59:58 +0000] "GET / HTTP/1.1" 300 295
[Thu Jul 23 18:59:58.467912 2026] [wsgi:error] [pid 10:tid 140562718303936] [remote 10.0.0.202:44854] 2026-07-23 18:59:58.467 10 WARNING keystone.common.password_hashing [None req-fe367578-314e-4540-b0ad-efa039e6afc3 - - - - - -] Truncating password to algorithm specific maximum length 72 characters. 10.0.0.202 - - [23/Jul/2026:18:59:58 +0000] "POST /v3/endpoints HTTP/1.1" 201 383
[Thu Jul 23 18:59:58.748775 2026] [wsgi:error] [pid 10:tid 140562718303936] [remote 10.0.0.202:44854] 2026-07-23 18:59:58.748 10 WARNING keystone.common.fernet_utils [None req-fe367578-314e-4540-b0ad-efa039e6afc3 - - - - - -] key_repository is world readable: /etc/keystone/fernet-keys/ 10.0.0.202 - - [23/Jul/2026:18:59:58 +0000] "POST /v3/auth/tokens HTTP/1.1" 201 1823 10.0.0.202 - - [23/Jul/2026:18:59:58 +0000] "GET /v3/services/19d5132b26e142c6b9516c829e250436 HTTP/1.1" 200 296 10.0.0.202 - - [23/Jul/2026:18:59:58 +0000] "GET /v3/regions/RegionOne HTTP/1.1" 200 173 10.0.0.202 - - [23/Jul/2026:18:59:58 +0000] "POST /v3/endpoints HTTP/1.1" 201 370 10.0.0.202 - - [23/Jul/2026:18:59:59 +0000] "GET / HTTP/1.1" 300 295
[Thu Jul 23 18:59:59.823083 2026] [wsgi:error] [pid 9:tid 140562718303936] [remote 10.0.0.202:41916] 2026-07-23 18:59:59.822 9 WARNING keystone.common.password_hashing [None req-9fd9acb2-9d96-489e-bfcd-a8ba7e45c5d3 - - - - - -] Truncating password to algorithm specific maximum length 72 characters.
[Thu Jul 23 19:00:00.111077 2026] [wsgi:error] [pid 9:tid 140562718303936] [remote 10.0.0.202:41916] 2026-07-23 19:00:00.110 9 WARNING keystone.common.fernet_utils [None req-9fd9acb2-9d96-489e-bfcd-a8ba7e45c5d3 - - - - - -] key_repository is world readable: /etc/keystone/fernet-keys/ 10.0.0.202 - - [23/Jul/2026:18:59:59 +0000] "POST /v3/auth/tokens HTTP/1.1" 201 1992 10.0.0.202 - - [23/Jul/2026:19:00:00 +0000] "GET / HTTP/1.1" 300 295
[Thu Jul 23 19:00:00.146977 2026] [wsgi:error] [pid 11:tid 140562718303936] [remote 10.0.0.202:41922] 2026-07-23 19:00:00.146 11 WARNING keystone.common.password_hashing [None req-4b2200ee-b0c7-4ec7-adb4-8ccead823042 - - - - - -] Truncating password to algorithm specific maximum length 72 characters. 10.0.0.202 - - [23/Jul/2026:19:00:00 +0000] "GET /v3/endpoints/e4e1ae538fb3479e8332c6902bafaa04 HTTP/1.1" 200 380 10.0.0.202 - - [23/Jul/2026:19:00:00 +0000] "GET /v3/services/19d5132b26e142c6b9516c829e250436 HTTP/1.1" 200 296
[Thu Jul 23 19:00:00.432061 2026] [wsgi:error] [pid 11:tid 140562718303936] [remote 10.0.0.202:41922] 2026-07-23 19:00:00.431 11 WARNING keystone.common.fernet_utils [None req-4b2200ee-b0c7-4ec7-adb4-8ccead823042 - - - - - -] key_repository is world readable: /etc/keystone/fernet-keys/ 10.0.0.202 - - [23/Jul/2026:19:00:00 +0000] "POST /v3/auth/tokens HTTP/1.1" 201 1992 10.0.0.202 - - [23/Jul/2026:19:00:00 +0000] "GET / HTTP/1.1" 300 295 10.0.0.202 - - [23/Jul/2026:19:00:00 +0000] "GET /v3/endpoints/c103fe3a4a5244319210bdc8beb4e1ba HTTP/1.1" 200 383
[Thu Jul 23 19:00:00.577674 2026] [wsgi:error] [pid 9:tid 140562718303936] [remote 10.0.0.202:41936] 2026-07-23 19:00:00.577 9 WARNING keystone.common.password_hashing [None req-316a27a1-ee29-44da-92e6-b1fa1bfb086d - - - - - -] Truncating password to algorithm specific maximum length 72 characters. 10.0.0.202 - - [23/Jul/2026:19:00:00 +0000] "GET /v3/services/19d5132b26e142c6b9516c829e250436 HTTP/1.1" 200 296
[Thu Jul 23 19:00:00.862619 2026] [wsgi:error] [pid 9:tid 140562718303936] [remote 10.0.0.202:41936] 2026-07-23 19:00:00.862 9 WARNING keystone.common.fernet_utils [None req-316a27a1-ee29-44da-92e6-b1fa1bfb086d - - - - - -] key_repository is world readable: /etc/keystone/fernet-keys/ 10.0.0.202 - - [23/Jul/2026:19:00:00 +0000] "POST /v3/auth/tokens HTTP/1.1" 201 1992 10.0.0.202 - - [23/Jul/2026:19:00:00 +0000] "GET /v3/endpoints/fb9a12e0e4b643b299a73437a2b598d4 HTTP/1.1" 200 370 10.0.0.202 - - [23/Jul/2026:19:00:00 +0000] "GET /v3/services/19d5132b26e142c6b9516c829e250436 HTTP/1.1" 200 296 10.0.0.163 - - [23/Jul/2026:19:00:12 +0000] "GET / HTTP/1.1" 300 295
[Thu Jul 23 19:00:12.600155 2026] [wsgi:error] [pid 9:tid 140562718303936] [remote 10.0.0.163:37200] 2026-07-23 19:00:12.599 9 WARNING keystone.common.password_hashing [None req-2b9b6473-f55c-4a0e-8bc1-b4a39f467388 - - - - - -] Truncating password to algorithm specific maximum length 72 characters.
[Thu Jul 23 19:00:12.885544 2026] [wsgi:error] [pid 9:tid 140562718303936] [remote 10.0.0.163:37200] 2026-07-23 19:00:12.885 9 WARNING keystone.common.fernet_utils [None req-2b9b6473-f55c-4a0e-8bc1-b4a39f467388 - - - - - -] key_repository is world readable: /etc/keystone/fernet-keys/ 10.0.0.163 - - [23/Jul/2026:19:00:12 +0000] "POST /v3/auth/tokens HTTP/1.1" 201 1992 10.0.0.163 - - [23/Jul/2026:19:00:12 +0000] "POST /v3/domains HTTP/1.1" 201 284 10.0.0.163 - - [23/Jul/2026:19:00:14 +0000] "GET / HTTP/1.1" 300 295
[Thu Jul 23 19:00:14.890707 2026] [wsgi:error] [pid 11:tid 140562718303936] [remote 10.0.0.163:37210] 2026-07-23 19:00:14.890 11 WARNING keystone.common.password_hashing [None req-8414d2fc-9e75-4e01-af5c-41d016c17d69 - - - - - -] Truncating password to algorithm specific maximum length 72 characters.
[Thu Jul 23 19:00:15.182182 2026] [wsgi:error] [pid 11:tid 140562718303936] [remote 10.0.0.163:37210] 2026-07-23 19:00:15.181 11 WARNING keystone.common.fernet_utils [None req-8414d2fc-9e75-4e01-af5c-41d016c17d69 - - - - - -] key_repository is world readable: /etc/keystone/fernet-keys/ 10.0.0.163 - - [23/Jul/2026:19:00:14 +0000] "POST /v3/auth/tokens HTTP/1.1" 201 1992
[Thu Jul 23 19:00:15.361252 2026] [wsgi:error] [pid 9:tid 140562718303936] [remote 10.0.0.163:37210] 2026-07-23 19:00:15.347 9 ERROR keystone.server.flask.application [None req-aef792ae-e20f-4021-8c90-296df0d90089 75d212bd6c004a758d5514da4cd9b559 6d138074b11548a28a67877f9948d0c0 - - default default] Conflict occurred attempting to store project - it is not permitted to have two projects acting as domains with the same name: service.: keystone.exception.Conflict: Conflict occurred attempting to store project - it is not permitted to have two projects acting as domains with the same name: service.
[Thu Jul 23 19:00:15.361277 2026] [wsgi:error] [pid 9:tid 140562718303936] [remote 10.0.0.163:37210] 2026-07-23 19:00:15.347 9 ERROR keystone.server.flask.application
Traceback (most recent call last):
[Thu Jul 23 19:00:15.361279 2026] [wsgi:error] [pid 9:tid 140562718303936] [remote 10.0.0.163:37210] 2026-07-23 19:00:15.347 9 ERROR keystone.server.flask.application
File "/var/lib/openstack/lib/python3.12/site-packages/sqlalchemy/engine/base.py", line 1969, in _exec_single_context
[Thu Jul 23 19:00:15.361281 2026] [wsgi:error] [pid 9:tid 140562718303936] [remote 10.0.0.163:37210] 2026-07-23 19:00:15.347 9 ERROR keystone.server.flask.application self.dialect.do_execute(
[Thu Jul 23 19:00:15.361282 2026] [wsgi:error] [pid 9:tid 140562718303936] [remote 10.0.0.163:37210] 2026-07-23 19:00:15.347 9 ERROR keystone.server.flask.application
File "/var/lib/openstack/lib/python3.12/site-packages/sqlalchemy/engine/default.py", line 952, in do_execute
[Thu Jul 23 19:00:15.361284 2026] [wsgi:error] [pid 9:tid 140562718303936] [remote 10.0.0.163:37210] 2026-07-23 19:00:15.347 9 ERROR keystone.server.flask.application cursor.execute(statement, parameters)
[Thu Jul 23 19:00:15.361285 2026] [wsgi:error] [pid 9:tid 140562718303936] [remote 10.0.0.163:37210] 2026-07-23 19:00:15.347 9 ERROR keystone.server.flask.application
File "/var/lib/openstack/lib/python3.12/site-packages/pymysql/cursors.py", line 159, in execute
[Thu Jul 23 19:00:15.361287 2026] [wsgi:error] [pid 9:tid 140562718303936] [remote 10.0.0.163:37210] 2026-07-23 19:00:15.347 9 ERROR keystone.server.flask.application result = self._query(query)
[Thu Jul 23 19:00:15.361288 2026] [wsgi:error] [pid 9:tid 140562718303936] [remote 10.0.0.163:37210] 2026-07-23 19:00:15.347 9 ERROR keystone.server.flask.application ^^^^^^^^^^^^^^^^^^
[Thu Jul 23 19:00:15.361290 2026] [wsgi:error] [pid 9:tid 140562718303936] [remote 10.0.0.163:37210] 2026-07-23 19:00:15.347 9 ERROR keystone.server.flask.application
File "/var/lib/openstack/lib/python3.12/site-packages/pymysql/cursors.py", line 330, in _query
[Thu Jul 23 19:00:15.361291 2026] [wsgi:error] [pid 9:tid 140562718303936] [remote 10.0.0.163:37210] 2026-07-23 19:00:15.347 9 ERROR keystone.server.flask.application conn.query(q)
[Thu Jul 23 19:00:15.361292 2026] [wsgi:error] [pid 9:tid 140562718303936] [remote 10.0.0.163:37210] 2026-07-23 19:00:15.347 9 ERROR keystone.server.flask.application
File "/var/lib/openstack/lib/python3.12/site-packages/pymysql/connections.py", line 582, in query
[Thu Jul 23 19:00:15.361294 2026] [wsgi:error] [pid 9:tid 140562718303936] [remote 10.0.0.163:37210] 2026-07-23 19:00:15.347 9 ERROR keystone.server.flask.application self._affected_rows = self._read_query_result(unbuffered=unbuffered)
[Thu Jul 23 19:00:15.361295 2026] [wsgi:error] [pid 9:tid 140562718303936] [remote 10.0.0.163:37210] 2026-07-23 19:00:15.347 9 ERROR keystone.server.flask.application ^^^^^^^^^^^^^^^^^^^^^^^^^^^^^^^^^^^^^^^^^^^^^^
[Thu Jul 23 19:00:15.361297 2026] [wsgi:error] [pid 9:tid 140562718303936] [remote 10.0.0.163:37210] 2026-07-23 19:00:15.347 9 ERROR keystone.server.flask.application
File "/var/lib/openstack/lib/python3.12/site-packages/pymysql/connections.py", line 847, in _read_query_result
[Thu Jul 23 19:00:15.361298 2026] [wsgi:error] [pid 9:tid 140562718303936] [remote 10.0.0.163:37210] 2026-07-23 19:00:15.347 9 ERROR keystone.server.flask.application result.read()
[Thu Jul 23 19:00:15.361301 2026] [wsgi:error] [pid 9:tid 140562718303936] [remote 10.0.0.163:37210] 2026-07-23 19:00:15.347 9 ERROR keystone.server.flask.application
File "/var/lib/openstack/lib/python3.12/site-packages/pymysql/connections.py", line 1245, in read
[Thu Jul 23 19:00:15.361303 2026] [wsgi:error] [pid 9:tid 140562718303936] [remote 10.0.0.163:37210] 2026-07-23 19:00:15.347 9 ERROR keystone.server.flask.application first_packet = self.connection._read_packet()
[Thu Jul 23 19:00:15.361304 2026] [wsgi:error] [pid 9:tid 140562718303936] [remote 10.0.0.163:37210] 2026-07-23 19:00:15.347 9 ERROR keystone.server.flask.application ^^^^^^^^^^^^^^^^^^^^^^^^^^^^^^
[Thu Jul 23 19:00:15.361305 2026] [wsgi:error] [pid 9:tid 140562718303936] [remote 10.0.0.163:37210] 2026-07-23 19:00:15.347 9 ERROR keystone.server.flask.application
File "/var/lib/openstack/lib/python3.12/site-packages/pymysql/connections.py", line 803, in _read_packet
[Thu Jul 23 19:00:15.361307 2026] [wsgi:error] [pid 9:tid 140562718303936] [remote 10.0.0.163:37210] 2026-07-23 19:00:15.347 9 ERROR keystone.server.flask.application packet.raise_for_error()
[Thu Jul 23 19:00:15.361308 2026] [wsgi:error] [pid 9:tid 140562718303936] [remote 10.0.0.163:37210] 2026-07-23 19:00:15.347 9 ERROR keystone.server.flask.application
File "/var/lib/openstack/lib/python3.12/site-packages/pymysql/protocol.py", line 219, in raise_for_error
[Thu Jul 23 19:00:15.361310 2026] [wsgi:error] [pid 9:tid 140562718303936] [remote 10.0.0.163:37210] 2026-07-23 19:00:15.347 9 ERROR keystone.server.flask.application err.raise_mysql_exception(self._data)
[Thu Jul 23 19:00:15.361313 2026] [wsgi:error] [pid 9:tid 140562718303936] [remote 10.0.0.163:37210] 2026-07-23 19:00:15.347 9 ERROR keystone.server.flask.application
File "/var/lib/openstack/lib/python3.12/site-packages/pymysql/err.py", line 154, in raise_mysql_exception
[Thu Jul 23 19:00:15.361316 2026] [wsgi:error] [pid 9:tid 140562718303936] [remote 10.0.0.163:37210] 2026-07-23 19:00:15.347 9 ERROR keystone.server.flask.application raise errorclass(errno, errval, sqlstate=sqlstate)
[Thu Jul 23 19:00:15.361317 2026] [wsgi:error] [pid 9:tid 140562718303936] [remote 10.0.0.163:37210] 2026-07-23 19:00:15.347 9 ERROR keystone.server.flask.application pymysql.err.IntegrityError: (1062, "Duplicate entry '<>-service' for key 'project.ixu_project_name_domain_id'")
[Thu Jul 23 19:00:15.361319 2026] [wsgi:error] [pid 9:tid 140562718303936] [remote 10.0.0.163:37210] 2026-07-23 19:00:15.347 9 ERROR keystone.server.flask.application
[Thu Jul 23 19:00:15.361320 2026] [wsgi:error] [pid 9:tid 140562718303936] [remote 10.0.0.163:37210] 2026-07-23 19:00:15.347 9 ERROR keystone.server.flask.application The above exception was the direct cause of the following exception: 10.0.0.163 - - [23/Jul/2026:19:00:15 +0000] "POST /v3/domains HTTP/1.1" 409 190
[Thu Jul 23 19:00:15.361321 2026] [wsgi:error] [pid 9:tid 140562718303936] [remote 10.0.0.163:37210] 2026-07-23 19:00:15.347 9 ERROR keystone.server.flask.application
[Thu Jul 23 19:00:15.361323 2026] [wsgi:error] [pid 9:tid 140562718303936] [remote 10.0.0.163:37210] 2026-07-23 19:00:15.347 9 ERROR keystone.server.flask.application
Traceback (most recent call last):
[Thu Jul 23 19:00:15.361324 2026] [wsgi:error] [pid 9:tid 140562718303936] [remote 10.0.0.163:37210] 2026-07-23 19:00:15.347 9 ERROR keystone.server.flask.application
File "/var/lib/openstack/lib/python3.12/site-packages/keystone/common/sql/core.py", line 575, in wrapper
[Thu Jul 23 19:00:15.361325 2026] [wsgi:error] [pid 9:tid 140562718303936] [remote 10.0.0.163:37210] 2026-07-23 19:00:15.347 9 ERROR keystone.server.flask.application return method(*args, **kwargs)
[Thu Jul 23 19:00:15.361327 2026] [wsgi:error] [pid 9:tid 140562718303936] [remote 10.0.0.163:37210] 2026-07-23 19:00:15.347 9 ERROR keystone.server.flask.application ^^^^^^^^^^^^^^^^^^^^^^^
[Thu Jul 23 19:00:15.361328 2026] [wsgi:error] [pid 9:tid 140562718303936] [remote 10.0.0.163:37210] 2026-07-23 19:00:15.347 9 ERROR keystone.server.flask.application
File "/var/lib/openstack/lib/python3.12/site-packages/keystone/resource/backends/sql.py", line 278, in create_project
[Thu Jul 23 19:00:15.361330 2026] [wsgi:error] [pid 9:tid 140562718303936] [remote 10.0.0.163:37210] 2026-07-23 19:00:15.347 9 ERROR keystone.server.flask.application with sql.session_for_write() as session:
[Thu Jul 23 19:00:15.361332 2026] [wsgi:error] [pid 9:tid 140562718303936] [remote 10.0.0.163:37210] 2026-07-23 19:00:15.347 9 ERROR keystone.server.flask.application
File "/usr/lib/python3.12/contextlib.py", line 144, in __exit__
[Thu Jul 23 19:00:15.361333 2026] [wsgi:error] [pid 9:tid 140562718303936] [remote 10.0.0.163:37210] 2026-07-23 19:00:15.347 9 ERROR keystone.server.flask.application next(self.gen)
[Thu Jul 23 19:00:15.361334 2026] [wsgi:error] [pid 9:tid 140562718303936] [remote 10.0.0.163:37210] 2026-07-23 19:00:15.347 9 ERROR keystone.server.flask.application
File "/var/lib/openstack/lib/python3.12/site-packages/oslo_db/sqlalchemy/enginefacade.py", line 1175, in _transaction_scope
[Thu Jul 23 19:00:15.361336 2026] [wsgi:error] [pid 9:tid 140562718303936] [remote 10.0.0.163:37210] 2026-07-23 19:00:15.347 9 ERROR keystone.server.flask.application with current._produce_block(
[Thu Jul 23 19:00:15.361337 2026] [wsgi:error] [pid 9:tid 140562718303936] [remote 10.0.0.163:37210] 2026-07-23 19:00:15.347 9 ERROR keystone.server.flask.application
File "/usr/lib/python3.12/contextlib.py", line 144, in __exit__
[Thu Jul 23 19:00:15.361338 2026] [wsgi:error] [pid 9:tid 140562718303936] [remote 10.0.0.163:37210] 2026-07-23 19:00:15.347 9 ERROR keystone.server.flask.application next(self.gen)
[Thu Jul 23 19:00:15.361340 2026] [wsgi:error] [pid 9:tid 140562718303936] [remote 10.0.0.163:37210] 2026-07-23 19:00:15.347 9 ERROR keystone.server.flask.application
File "/var/lib/openstack/lib/python3.12/site-packages/oslo_db/sqlalchemy/enginefacade.py", line 837, in _session
[Thu Jul 23 19:00:15.361341 2026] [wsgi:error] [pid 9:tid 140562718303936] [remote 10.0.0.163:37210] 2026-07-23 19:00:15.347 9 ERROR keystone.server.flask.application with excutils.save_and_reraise_exception():
[Thu Jul 23 19:00:15.361343 2026] [wsgi:error] [pid 9:tid 140562718303936] [remote 10.0.0.163:37210] 2026-07-23 19:00:15.347 9 ERROR keystone.server.flask.application
File "/var/lib/openstack/lib/python3.12/site-packages/oslo_utils/excutils.py", line 266, in __exit__
[Thu Jul 23 19:00:15.361344 2026] [wsgi:error] [pid 9:tid 140562718303936] [remote 10.0.0.163:37210] 2026-07-23 19:00:15.347 9 ERROR keystone.server.flask.application self.force_reraise()
[Thu Jul 23 19:00:15.361345 2026] [wsgi:error] [pid 9:tid 140562718303936] [remote 10.0.0.163:37210] 2026-07-23 19:00:15.347 9 ERROR keystone.server.flask.application
File "/var/lib/openstack/lib/python3.12/site-packages/oslo_utils/excutils.py", line 232, in force_reraise
[Thu Jul 23 19:00:15.361347 2026] [wsgi:error] [pid 9:tid 140562718303936] [remote 10.0.0.163:37210] 2026-07-23 19:00:15.347 9 ERROR keystone.server.flask.application raise self.value
[Thu Jul 23 19:00:15.361348 2026] [wsgi:error] [pid 9:tid 140562718303936] [remote 10.0.0.163:37210] 2026-07-23 19:00:15.347 9 ERROR keystone.server.flask.application
File "/var/lib/openstack/lib/python3.12/site-packages/oslo_db/sqlalchemy/enginefacade.py", line 835, in _session
[Thu Jul 23 19:00:15.361349 2026] [wsgi:error] [pid 9:tid 140562718303936] [remote 10.0.0.163:37210] 2026-07-23 19:00:15.347 9 ERROR keystone.server.flask.application self._end_session_transaction(self.session)
[Thu Jul 23 19:00:15.361351 2026] [wsgi:error] [pid 9:tid 140562718303936] [remote 10.0.0.163:37210] 2026-07-23 19:00:15.347 9 ERROR keystone.server.flask.application
File "/var/lib/openstack/lib/python3.12/site-packages/oslo_db/sqlalchemy/enginefacade.py", line 748, in _end_session_transaction
[Thu Jul 23 19:00:15.361396 2026] [wsgi:error] [pid 9:tid 140562718303936] [remote 10.0.0.163:37210] 2026-07-23 19:00:15.347 9 ERROR keystone.server.flask.application session.commit()
[Thu Jul 23 19:00:15.361398 2026] [wsgi:error] [pid 9:tid 140562718303936] [remote 10.0.0.163:37210] 2026-07-23 19:00:15.347 9 ERROR keystone.server.flask.application
File "/var/lib/openstack/lib/python3.12/site-packages/sqlalchemy/orm/session.py", line 2034, in commit
[Thu Jul 23 19:00:15.361400 2026] [wsgi:error] [pid 9:tid 140562718303936] [remote 10.0.0.163:37210] 2026-07-23 19:00:15.347 9 ERROR keystone.server.flask.application trans.commit(_to_root=True)
[Thu Jul 23 19:00:15.361402 2026] [wsgi:error] [pid 9:tid 140562718303936] [remote 10.0.0.163:37210] 2026-07-23 19:00:15.347 9 ERROR keystone.server.flask.application File "", line 2, in commit
[Thu Jul 23 19:00:15.361403 2026] [wsgi:error] [pid 9:tid 140562718303936] [remote 10.0.0.163:37210] 2026-07-23 19:00:15.347 9 ERROR keystone.server.flask.application
File "/var/lib/openstack/lib/python3.12/site-packages/sqlalchemy/orm/state_changes.py", line 137, in _go
[Thu Jul 23 19:00:15.361405 2026] [wsgi:error] [pid 9:tid 140562718303936] [remote 10.0.0.163:37210] 2026-07-23 19:00:15.347 9 ERROR keystone.server.flask.application ret_value = fn(self, *arg, **kw)
[Thu Jul 23 19:00:15.361407 2026] [wsgi:error] [pid 9:tid 140562718303936] [remote 10.0.0.163:37210] 2026-07-23 19:00:15.347 9 ERROR keystone.server.flask.application ^^^^^^^^^^^^^^^^^^^^
[Thu Jul 23 19:00:15.361408 2026] [wsgi:error] [pid 9:tid 140562718303936] [remote 10.0.0.163:37210] 2026-07-23 19:00:15.347 9 ERROR keystone.server.flask.application
File "/var/lib/openstack/lib/python3.12/site-packages/sqlalchemy/orm/session.py", line 1315, in commit
[Thu Jul 23 19:00:15.361410 2026] [wsgi:error] [pid 9:tid 140562718303936] [remote 10.0.0.163:37210] 2026-07-23 19:00:15.347 9 ERROR keystone.server.flask.application self._prepare_impl()
[Thu Jul 23 19:00:15.361411 2026] [wsgi:error] [pid 9:tid 140562718303936] [remote 10.0.0.163:37210] 2026-07-23 19:00:15.347 9 ERROR keystone.server.flask.application File "", line 2, in _prepare_impl
[Thu Jul 23 19:00:15.361413 2026] [wsgi:error] [pid 9:tid 140562718303936] [remote 10.0.0.163:37210] 2026-07-23 19:00:15.347 9 ERROR keystone.server.flask.application
File "/var/lib/openstack/lib/python3.12/site-packages/sqlalchemy/orm/state_changes.py", line 137, in _go
[Thu Jul 23 19:00:15.361415 2026] [wsgi:error] [pid 9:tid 140562718303936] [remote 10.0.0.163:37210] 2026-07-23 19:00:15.347 9 ERROR keystone.server.flask.application ret_value = fn(self, *arg, **kw)
[Thu Jul 23 19:00:15.361417 2026] [wsgi:error] [pid 9:tid 140562718303936] [remote 10.0.0.163:37210] 2026-07-23 19:00:15.347 9 ERROR keystone.server.flask.application ^^^^^^^^^^^^^^^^^^^^
[Thu Jul 23 19:00:15.361418 2026] [wsgi:error] [pid 9:tid 140562718303936] [remote 10.0.0.163:37210] 2026-07-23 19:00:15.347 9 ERROR keystone.server.flask.application
File "/var/lib/openstack/lib/python3.12/site-packages/sqlalchemy/orm/session.py", line 1290, in _prepare_impl
[Thu Jul 23 19:00:15.361420 2026] [wsgi:error] [pid 9:tid 140562718303936] [remote 10.0.0.163:37210] 2026-07-23 19:00:15.347 9 ERROR keystone.server.flask.application self.session.flush()
[Thu Jul 23 19:00:15.361422 2026] [wsgi:error] [pid 9:tid 140562718303936] [remote 10.0.0.163:37210] 2026-07-23 19:00:15.347 9 ERROR keystone.server.flask.application
File "/var/lib/openstack/lib/python3.12/site-packages/sqlalchemy/orm/session.py", line 4352, in flush
[Thu Jul 23 19:00:15.361423 2026] [wsgi:error] [pid 9:tid 140562718303936] [remote 10.0.0.163:37210] 2026-07-23 19:00:15.347 9 ERROR keystone.server.flask.application self._flush(objects)
[Thu Jul 23 19:00:15.361425 2026] [wsgi:error] [pid 9:tid 140562718303936] [remote 10.0.0.163:37210] 2026-07-23 19:00:15.347 9 ERROR keystone.server.flask.application
File "/var/lib/openstack/lib/python3.12/site-packages/sqlalchemy/orm/session.py", line 4487, in _flush
[Thu Jul 23 19:00:15.361427 2026] [wsgi:error] [pid 9:tid 140562718303936] [remote 10.0.0.163:37210] 2026-07-23 19:00:15.347 9 ERROR keystone.server.flask.application with util.safe_reraise():
[Thu Jul 23 19:00:15.361428 2026] [wsgi:error] [pid 9:tid 140562718303936] [remote 10.0.0.163:37210] 2026-07-23 19:00:15.347 9 ERROR keystone.server.flask.application
File "/var/lib/openstack/lib/python3.12/site-packages/sqlalchemy/util/langhelpers.py", line 122, in __exit__
[Thu Jul 23 19:00:15.361435 2026] [wsgi:error] [pid 9:tid 140562718303936] [remote 10.0.0.163:37210] 2026-07-23 19:00:15.347 9 ERROR keystone.server.flask.application raise exc_value.with_traceback(exc_tb)
[Thu Jul 23 19:00:15.361437 2026] [wsgi:error] [pid 9:tid 140562718303936] [remote 10.0.0.163:37210] 2026-07-23 19:00:15.347 9 ERROR keystone.server.flask.application
File "/var/lib/openstack/lib/python3.12/site-packages/sqlalchemy/orm/session.py", line 4448, in _flush
[Thu Jul 23 19:00:15.361440 2026] [wsgi:error] [pid 9:tid 140562718303936] [remote 10.0.0.163:37210] 2026-07-23 19:00:15.347 9 ERROR keystone.server.flask.application flush_context.execute()
