2026-07-24 00:59:36.961 8 INFO placement.requestlog [req-6168ee14-2e25-4e97-bf3f-f8c05d934e2b req-8d2f5a49-9a8e-4e00-8f85-17610ad8f5b3 566097aefa2043cea7e7552337e4c38e 5acdb1268aab41d89057804b12acf403 - - 6082f5ccd8584a99ae0aa9aab75e5495 6082f5ccd8584a99ae0aa9aab75e5495] 199.204.45.138 "GET /resource_providers/bf19a05f-83d0-4005-96a6-ab5be5e1ae39/allocations" status: 200 len: 252 microversion: 1.0 [pid: 8|app: 0|req: 390/780] 199.204.45.138 () {32 vars in 857 bytes} [Fri Jul 24 00:59:36 2026] GET /resource_providers/bf19a05f-83d0-4005-96a6-ab5be5e1ae39/allocations => generated 252 bytes in 20 msecs (HTTP/1.1 200) 6 headers in 224 bytes (1 switches on core 0)
2026-07-24 00:59:36.987 7 INFO placement.requestlog [req-6168ee14-2e25-4e97-bf3f-f8c05d934e2b req-aab15e55-fca4-40c7-914b-573e86243422 566097aefa2043cea7e7552337e4c38e 5acdb1268aab41d89057804b12acf403 - - 6082f5ccd8584a99ae0aa9aab75e5495 6082f5ccd8584a99ae0aa9aab75e5495] 199.204.45.138 "GET /allocations/ffb8b1dc-2a94-4dda-8cd4-884b7831ab51" status: 200 len: 257 microversion: 1.28 [pid: 7|app: 0|req: 391/781] 199.204.45.138 () {34 vars in 863 bytes} [Fri Jul 24 00:59:36 2026] GET /allocations/ffb8b1dc-2a94-4dda-8cd4-884b7831ab51 => generated 257 bytes in 17 msecs (HTTP/1.1 200) 8 headers in 296 bytes (1 switches on core 0)
2026-07-24 00:59:37.021 8 INFO placement.requestlog [req-6168ee14-2e25-4e97-bf3f-f8c05d934e2b req-afcdc6aa-baa5-4991-929b-71a99461fbfe 566097aefa2043cea7e7552337e4c38e 5acdb1268aab41d89057804b12acf403 - - 6082f5ccd8584a99ae0aa9aab75e5495 6082f5ccd8584a99ae0aa9aab75e5495] 199.204.45.138 "GET /allocations/e00b0a90-9530-4ac4-b11c-9e9c0329e09b" status: 200 len: 257 microversion: 1.28 [pid: 8|app: 0|req: 391/782] 199.204.45.138 () {34 vars in 863 bytes} [Fri Jul 24 00:59:36 2026] GET /allocations/e00b0a90-9530-4ac4-b11c-9e9c0329e09b => generated 257 bytes in 22 msecs (HTTP/1.1 200) 8 headers in 296 bytes (1 switches on core 0)
2026-07-24 00:59:38.028 7 INFO placement.requestlog [req-ed35f592-7560-4d2b-ab2a-36886686e287 req-c30b0354-1da8-44d8-916e-999c352001b2 566097aefa2043cea7e7552337e4c38e 5acdb1268aab41d89057804b12acf403 - - 6082f5ccd8584a99ae0aa9aab75e5495 6082f5ccd8584a99ae0aa9aab75e5495] 199.204.45.138 "GET /resource_providers/bf19a05f-83d0-4005-96a6-ab5be5e1ae39/allocations" status: 200 len: 252 microversion: 1.0 [pid: 7|app: 0|req: 392/783] 199.204.45.138 () {32 vars in 857 bytes} [Fri Jul 24 00:59:37 2026] GET /resource_providers/bf19a05f-83d0-4005-96a6-ab5be5e1ae39/allocations => generated 252 bytes in 34 msecs (HTTP/1.1 200) 6 headers in 224 bytes (1 switches on core 0)
2026-07-24 00:59:38.052 8 INFO placement.requestlog [req-ed35f592-7560-4d2b-ab2a-36886686e287 req-4da5e568-ea40-4fdd-b661-987be4cd0a8b 566097aefa2043cea7e7552337e4c38e 5acdb1268aab41d89057804b12acf403 - - 6082f5ccd8584a99ae0aa9aab75e5495 6082f5ccd8584a99ae0aa9aab75e5495] 199.204.45.138 "GET /allocations/ffb8b1dc-2a94-4dda-8cd4-884b7831ab51" status: 200 len: 257 microversion: 1.28 [pid: 8|app: 0|req: 392/784] 199.204.45.138 () {34 vars in 863 bytes} [Fri Jul 24 00:59:38 2026] GET /allocations/ffb8b1dc-2a94-4dda-8cd4-884b7831ab51 => generated 257 bytes in 14 msecs (HTTP/1.1 200) 8 headers in 296 bytes (1 switches on core 0)
2026-07-24 00:59:38.073 7 INFO placement.requestlog [req-ed35f592-7560-4d2b-ab2a-36886686e287 req-1deb94d3-a957-4345-bd71-0febf9c86cd3 566097aefa2043cea7e7552337e4c38e 5acdb1268aab41d89057804b12acf403 - - 6082f5ccd8584a99ae0aa9aab75e5495 6082f5ccd8584a99ae0aa9aab75e5495] 199.204.45.138 "GET /allocations/e00b0a90-9530-4ac4-b11c-9e9c0329e09b" status: 200 len: 257 microversion: 1.28 [pid: 7|app: 0|req: 393/785] 199.204.45.138 () {34 vars in 863 bytes} [Fri Jul 24 00:59:38 2026] GET /allocations/e00b0a90-9530-4ac4-b11c-9e9c0329e09b => generated 257 bytes in 13 msecs (HTTP/1.1 200) 8 headers in 296 bytes (1 switches on core 0)
2026-07-24 00:59:38.164 8 INFO placement.requestlog [req-ed35f592-7560-4d2b-ab2a-36886686e287 req-f82f1bbc-8c28-4c90-aa50-0b3dbfd4269f 566097aefa2043cea7e7552337e4c38e 5acdb1268aab41d89057804b12acf403 - - 6082f5ccd8584a99ae0aa9aab75e5495 6082f5ccd8584a99ae0aa9aab75e5495] 199.204.45.138 "DELETE /allocations/ffb8b1dc-2a94-4dda-8cd4-884b7831ab51" status: 204 len: 0 microversion: 1.0 [pid: 8|app: 0|req: 393/786] 199.204.45.138 () {34 vars in 841 bytes} [Fri Jul 24 00:59:38 2026] DELETE /allocations/ffb8b1dc-2a94-4dda-8cd4-884b7831ab51 => generated 0 bytes in 28 msecs (HTTP/1.1 204) 5 headers in 198 bytes (1 switches on core 0)
2026-07-24 00:59:39.021 8 INFO placement.requestlog [None req-d49a501a-7c08-4da0-bbea-d5d939c7e37c 72549b9df59b49a28628447f7b4057b2 5acdb1268aab41d89057804b12acf403 - - 6082f5ccd8584a99ae0aa9aab75e5495 6082f5ccd8584a99ae0aa9aab75e5495] 10.0.0.159 "GET /resource_providers/3c766b5c-a1d6-447f-816b-d70899391b03/aggregates" status: 404 len: 235 microversion: 1.1 [pid: 8|app: 0|req: 394/787] 10.0.0.159 () {32 vars in 816 bytes} [Fri Jul 24 00:59:39 2026] GET /resource_providers/3c766b5c-a1d6-447f-816b-d70899391b03/aggregates => generated 235 bytes in 15 msecs (HTTP/1.1 404) 5 headers in 202 bytes (1 switches on core 0)
2026-07-24 00:59:39.023 7 INFO placement.requestlog [None req-f2ed9a51-3c0b-4a8d-8a61-db752d2a242f 72549b9df59b49a28628447f7b4057b2 5acdb1268aab41d89057804b12acf403 - - 6082f5ccd8584a99ae0aa9aab75e5495 6082f5ccd8584a99ae0aa9aab75e5495] 10.0.0.159 "GET /resource_providers/3c766b5c-a1d6-447f-816b-d70899391b03/aggregates" status: 404 len: 235 microversion: 1.1 [pid: 7|app: 0|req: 394/788] 10.0.0.159 () {32 vars in 816 bytes} [Fri Jul 24 00:59:39 2026] GET /resource_providers/3c766b5c-a1d6-447f-816b-d70899391b03/aggregates => generated 235 bytes in 17 msecs (HTTP/1.1 404) 5 headers in 202 bytes (1 switches on core 0)
2026-07-24 00:59:39.045 8 INFO placement.requestlog [None req-0373870c-abc9-4291-8bc2-963d42268ff3 72549b9df59b49a28628447f7b4057b2 5acdb1268aab41d89057804b12acf403 - - 6082f5ccd8584a99ae0aa9aab75e5495 6082f5ccd8584a99ae0aa9aab75e5495] 10.0.0.159 "DELETE /resource_providers/3c766b5c-a1d6-447f-816b-d70899391b03" status: 404 len: 246 microversion: 1.1 [pid: 8|app: 0|req: 395/789] 10.0.0.159 () {34 vars in 816 bytes} [Fri Jul 24 00:59:39 2026] DELETE /resource_providers/3c766b5c-a1d6-447f-816b-d70899391b03 => generated 246 bytes in 11 msecs (HTTP/1.1 404) 6 headers in 231 bytes (1 switches on core 0)
2026-07-24 00:59:39.046 7 INFO placement.requestlog [None req-87269ff7-aacf-462a-95c3-1ee4aa1ecd67 72549b9df59b49a28628447f7b4057b2 5acdb1268aab41d89057804b12acf403 - - 6082f5ccd8584a99ae0aa9aab75e5495 6082f5ccd8584a99ae0aa9aab75e5495] 10.0.0.159 "DELETE /resource_providers/3c766b5c-a1d6-447f-816b-d70899391b03" status: 404 len: 246 microversion: 1.1 [pid: 7|app: 0|req: 395/790] 10.0.0.159 () {34 vars in 816 bytes} [Fri Jul 24 00:59:39 2026] DELETE /resource_providers/3c766b5c-a1d6-447f-816b-d70899391b03 => generated 246 bytes in 11 msecs (HTTP/1.1 404) 6 headers in 231 bytes (1 switches on core 0)
2026-07-24 00:59:41.740 7 INFO placement.requestlog [None req-4c38e2a5-9d9f-4ede-9a0d-008b42c78a5a 72549b9df59b49a28628447f7b4057b2 5acdb1268aab41d89057804b12acf403 - - 6082f5ccd8584a99ae0aa9aab75e5495 6082f5ccd8584a99ae0aa9aab75e5495] 10.0.0.159 "GET /resource_providers/07d1362d-58ec-4818-8ed7-aeb41b886740/aggregates" status: 404 len: 235 microversion: 1.1 [pid: 7|app: 0|req: 396/791] 10.0.0.159 () {32 vars in 816 bytes} [Fri Jul 24 00:59:41 2026] GET /resource_providers/07d1362d-58ec-4818-8ed7-aeb41b886740/aggregates => generated 235 bytes in 15 msecs (HTTP/1.1 404) 5 headers in 202 bytes (1 switches on core 0)
2026-07-24 00:59:41.743 8 INFO placement.requestlog [None req-301cb4fd-0755-4234-a065-bd1ff3a76fc7 72549b9df59b49a28628447f7b4057b2 5acdb1268aab41d89057804b12acf403 - - 6082f5ccd8584a99ae0aa9aab75e5495 6082f5ccd8584a99ae0aa9aab75e5495] 10.0.0.159 "GET /resource_providers/07d1362d-58ec-4818-8ed7-aeb41b886740/aggregates" status: 404 len: 235 microversion: 1.1 [pid: 8|app: 0|req: 396/792] 10.0.0.159 () {32 vars in 816 bytes} [Fri Jul 24 00:59:41 2026] GET /resource_providers/07d1362d-58ec-4818-8ed7-aeb41b886740/aggregates => generated 235 bytes in 18 msecs (HTTP/1.1 404) 5 headers in 202 bytes (1 switches on core 0)
2026-07-24 00:59:41.775 7 INFO placement.requestlog [None req-e83629ca-41d8-4e07-a9e1-b3db8dd044a5 72549b9df59b49a28628447f7b4057b2 5acdb1268aab41d89057804b12acf403 - - 6082f5ccd8584a99ae0aa9aab75e5495 6082f5ccd8584a99ae0aa9aab75e5495] 10.0.0.159 "DELETE /resource_providers/07d1362d-58ec-4818-8ed7-aeb41b886740" status: 404 len: 246 microversion: 1.1 [pid: 7|app: 0|req: 397/793] 10.0.0.159 () {34 vars in 816 bytes} [Fri Jul 24 00:59:41 2026] DELETE /resource_providers/07d1362d-58ec-4818-8ed7-aeb41b886740 => generated 246 bytes in 12 msecs (HTTP/1.1 404) 6 headers in 231 bytes (1 switches on core 0)
2026-07-24 00:59:41.789 8 INFO placement.requestlog [None req-7d534e6d-5e14-4774-8449-9f70bda5ffa4 72549b9df59b49a28628447f7b4057b2 5acdb1268aab41d89057804b12acf403 - - 6082f5ccd8584a99ae0aa9aab75e5495 6082f5ccd8584a99ae0aa9aab75e5495] 10.0.0.159 "DELETE /resource_providers/07d1362d-58ec-4818-8ed7-aeb41b886740" status: 404 len: 246 microversion: 1.1 [pid: 8|app: 0|req: 397/794] 10.0.0.159 () {34 vars in 816 bytes} [Fri Jul 24 00:59:41 2026] DELETE /resource_providers/07d1362d-58ec-4818-8ed7-aeb41b886740 => generated 246 bytes in 19 msecs (HTTP/1.1 404) 6 headers in 231 bytes (1 switches on core 0)
2026-07-24 00:59:42.326 8 INFO placement.requestlog [None req-f41dfa6c-7856-4f95-ae31-51afc0c4ea42 72549b9df59b49a28628447f7b4057b2 5acdb1268aab41d89057804b12acf403 - - 6082f5ccd8584a99ae0aa9aab75e5495 6082f5ccd8584a99ae0aa9aab75e5495] 10.0.0.159 "GET /resource_providers/b64a96b7-af3d-40c4-80af-46da5ccc5017/aggregates" status: 404 len: 235 microversion: 1.1 [pid: 8|app: 0|req: 398/795] 10.0.0.159 () {32 vars in 816 bytes} [Fri Jul 24 00:59:42 2026] GET /resource_providers/b64a96b7-af3d-40c4-80af-46da5ccc5017/aggregates => generated 235 bytes in 19 msecs (HTTP/1.1 404) 5 headers in 202 bytes (1 switches on core 0)
2026-07-24 00:59:42.331 7 INFO placement.requestlog [None req-54403370-d7e9-46d8-9ab8-062148017eac 72549b9df59b49a28628447f7b4057b2 5acdb1268aab41d89057804b12acf403 - - 6082f5ccd8584a99ae0aa9aab75e5495 6082f5ccd8584a99ae0aa9aab75e5495] 10.0.0.159 "GET /resource_providers/b64a96b7-af3d-40c4-80af-46da5ccc5017/aggregates" status: 404 len: 235 microversion: 1.1 [pid: 7|app: 0|req: 398/796] 10.0.0.159 () {32 vars in 816 bytes} [Fri Jul 24 00:59:42 2026] GET /resource_providers/b64a96b7-af3d-40c4-80af-46da5ccc5017/aggregates => generated 235 bytes in 25 msecs (HTTP/1.1 404) 5 headers in 202 bytes (1 switches on core 0)
2026-07-24 00:59:42.361 7 INFO placement.requestlog [None req-c1ed0ddd-3c00-4b03-b57f-47f497870e5a 72549b9df59b49a28628447f7b4057b2 5acdb1268aab41d89057804b12acf403 - - 6082f5ccd8584a99ae0aa9aab75e5495 6082f5ccd8584a99ae0aa9aab75e5495] 10.0.0.159 "DELETE /resource_providers/b64a96b7-af3d-40c4-80af-46da5ccc5017" status: 404 len: 246 microversion: 1.1 [pid: 7|app: 0|req: 399/797] 10.0.0.159 () {34 vars in 816 bytes} [Fri Jul 24 00:59:42 2026] DELETE /resource_providers/b64a96b7-af3d-40c4-80af-46da5ccc5017 => generated 246 bytes in 17 msecs (HTTP/1.1 404) 6 headers in 231 bytes (1 switches on core 0)
2026-07-24 00:59:42.362 8 INFO placement.requestlog [None req-8e44d4a6-66e0-4108-85d7-6aee8edbf06a 72549b9df59b49a28628447f7b4057b2 5acdb1268aab41d89057804b12acf403 - - 6082f5ccd8584a99ae0aa9aab75e5495 6082f5ccd8584a99ae0aa9aab75e5495] 10.0.0.159 "DELETE /resource_providers/b64a96b7-af3d-40c4-80af-46da5ccc5017" status: 404 len: 246 microversion: 1.1 [pid: 8|app: 0|req: 399/798] 10.0.0.159 () {34 vars in 816 bytes} [Fri Jul 24 00:59:42 2026] DELETE /resource_providers/b64a96b7-af3d-40c4-80af-46da5ccc5017 => generated 246 bytes in 21 msecs (HTTP/1.1 404) 6 headers in 231 bytes (1 switches on core 0)
2026-07-24 00:59:43.812 8 INFO placement.requestlog [None req-5b6d6120-301c-4be3-bd8c-a42a61f003ee 72549b9df59b49a28628447f7b4057b2 5acdb1268aab41d89057804b12acf403 - - 6082f5ccd8584a99ae0aa9aab75e5495 6082f5ccd8584a99ae0aa9aab75e5495] 10.0.0.159 "GET /resource_providers/c310751e-fc98-4ff1-8357-30ccd9257b9f/aggregates" status: 404 len: 235 microversion: 1.1 [pid: 8|app: 0|req: 400/799] 10.0.0.159 () {32 vars in 816 bytes} [Fri Jul 24 00:59:43 2026] GET /resource_providers/c310751e-fc98-4ff1-8357-30ccd9257b9f/aggregates => generated 235 bytes in 11 msecs (HTTP/1.1 404) 5 headers in 202 bytes (1 switches on core 0)
2026-07-24 00:59:43.820 7 INFO placement.requestlog [None req-3a4a3550-026e-4a4b-aac3-fc934575c8db 72549b9df59b49a28628447f7b4057b2 5acdb1268aab41d89057804b12acf403 - - 6082f5ccd8584a99ae0aa9aab75e5495 6082f5ccd8584a99ae0aa9aab75e5495] 10.0.0.159 "GET /resource_providers/c310751e-fc98-4ff1-8357-30ccd9257b9f/aggregates" status: 404 len: 235 microversion: 1.1 [pid: 7|app: 0|req: 400/800] 10.0.0.159 () {32 vars in 816 bytes} [Fri Jul 24 00:59:43 2026] GET /resource_providers/c310751e-fc98-4ff1-8357-30ccd9257b9f/aggregates => generated 235 bytes in 30 msecs (HTTP/1.1 404) 5 headers in 202 bytes (1 switches on core 0)
2026-07-24 00:59:43.852 7 INFO placement.requestlog [None req-191f4c51-2046-4edb-867b-dea2af18d141 72549b9df59b49a28628447f7b4057b2 5acdb1268aab41d89057804b12acf403 - - 6082f5ccd8584a99ae0aa9aab75e5495 6082f5ccd8584a99ae0aa9aab75e5495] 10.0.0.159 "DELETE /resource_providers/c310751e-fc98-4ff1-8357-30ccd9257b9f" status: 404 len: 246 microversion: 1.1 [pid: 7|app: 0|req: 401/801] 10.0.0.159 () {34 vars in 816 bytes} [Fri Jul 24 00:59:43 2026] DELETE /resource_providers/c310751e-fc98-4ff1-8357-30ccd9257b9f => generated 246 bytes in 15 msecs (HTTP/1.1 404) 6 headers in 231 bytes (1 switches on core 0)
2026-07-24 00:59:43.862 8 INFO placement.requestlog [None req-be29cd0a-304b-4776-bafd-e9a987800dc9 72549b9df59b49a28628447f7b4057b2 5acdb1268aab41d89057804b12acf403 - - 6082f5ccd8584a99ae0aa9aab75e5495 6082f5ccd8584a99ae0aa9aab75e5495] 10.0.0.159 "DELETE /resource_providers/c310751e-fc98-4ff1-8357-30ccd9257b9f" status: 404 len: 246 microversion: 1.1 [pid: 8|app: 0|req: 401/802] 10.0.0.159 () {34 vars in 816 bytes} [Fri Jul 24 00:59:43 2026] DELETE /resource_providers/c310751e-fc98-4ff1-8357-30ccd9257b9f => generated 246 bytes in 38 msecs (HTTP/1.1 404) 6 headers in 231 bytes (1 switches on core 0)
2026-07-24 00:59:44.396 7 INFO placement.requestlog [None req-33101efd-cabd-4b63-9020-c28d81948c5a 72549b9df59b49a28628447f7b4057b2 5acdb1268aab41d89057804b12acf403 - - 6082f5ccd8584a99ae0aa9aab75e5495 6082f5ccd8584a99ae0aa9aab75e5495] 10.0.0.159 "GET /resource_providers/2096b102-9d1f-489c-a1fd-7d4862bd370c/aggregates" status: 404 len: 235 microversion: 1.1 [pid: 7|app: 0|req: 402/803] 10.0.0.159 () {32 vars in 816 bytes} [Fri Jul 24 00:59:44 2026] GET /resource_providers/2096b102-9d1f-489c-a1fd-7d4862bd370c/aggregates => generated 235 bytes in 18 msecs (HTTP/1.1 404) 5 headers in 202 bytes (1 switches on core 0)
2026-07-24 00:59:44.401 8 INFO placement.requestlog [None req-1cfe9689-c43d-4538-853d-ff1aa063f90c 72549b9df59b49a28628447f7b4057b2 5acdb1268aab41d89057804b12acf403 - - 6082f5ccd8584a99ae0aa9aab75e5495 6082f5ccd8584a99ae0aa9aab75e5495] 10.0.0.159 "GET /resource_providers/2096b102-9d1f-489c-a1fd-7d4862bd370c/aggregates" status: 404 len: 235 microversion: 1.1 [pid: 8|app: 0|req: 402/804] 10.0.0.159 () {32 vars in 816 bytes} [Fri Jul 24 00:59:44 2026] GET /resource_providers/2096b102-9d1f-489c-a1fd-7d4862bd370c/aggregates => generated 235 bytes in 16 msecs (HTTP/1.1 404) 5 headers in 202 bytes (1 switches on core 0)
2026-07-24 00:59:44.422 7 INFO placement.requestlog [None req-268978f4-40c4-4e5f-a919-c65a95ecdb12 72549b9df59b49a28628447f7b4057b2 5acdb1268aab41d89057804b12acf403 - - 6082f5ccd8584a99ae0aa9aab75e5495 6082f5ccd8584a99ae0aa9aab75e5495] 10.0.0.159 "DELETE /resource_providers/2096b102-9d1f-489c-a1fd-7d4862bd370c" status: 404 len: 246 microversion: 1.1 [pid: 7|app: 0|req: 403/805] 10.0.0.159 () {34 vars in 816 bytes} [Fri Jul 24 00:59:44 2026] DELETE /resource_providers/2096b102-9d1f-489c-a1fd-7d4862bd370c => generated 246 bytes in 17 msecs (HTTP/1.1 404) 6 headers in 231 bytes (1 switches on core 0)
2026-07-24 00:59:44.426 8 INFO placement.requestlog [None req-7ae3eb10-e4fc-4230-8ba3-01c30c7bb4f3 72549b9df59b49a28628447f7b4057b2 5acdb1268aab41d89057804b12acf403 - - 6082f5ccd8584a99ae0aa9aab75e5495 6082f5ccd8584a99ae0aa9aab75e5495] 10.0.0.159 "DELETE /resource_providers/2096b102-9d1f-489c-a1fd-7d4862bd370c" status: 404 len: 246 microversion: 1.1 [pid: 8|app: 0|req: 403/806] 10.0.0.159 () {34 vars in 816 bytes} [Fri Jul 24 00:59:44 2026] DELETE /resource_providers/2096b102-9d1f-489c-a1fd-7d4862bd370c => generated 246 bytes in 15 msecs (HTTP/1.1 404) 6 headers in 231 bytes (1 switches on core 0)
2026-07-24 00:59:45.147 8 INFO placement.requestlog [None req-f95dc870-6c61-4aa4-8bfc-49e1df8b84aa - - - - - -] 10.0.0.46 "GET /" status: 200 len: 136 microversion: 1.0
2026-07-24 00:59:45.147 7 INFO placement.requestlog [None req-96287edf-b0b0-4584-86f2-2f1a6a0843ab - - - - - -] 10.0.0.46 "GET /" status: 200 len: 136 microversion: 1.0
2026-07-24 00:59:48.095 8 INFO placement.requestlog [req-c8e00092-07bf-49e3-a84e-b15fad407df4 req-ec2b79db-b559-4ebc-a8c1-6644bdfe85f5 566097aefa2043cea7e7552337e4c38e 5acdb1268aab41d89057804b12acf403 - - 6082f5ccd8584a99ae0aa9aab75e5495 6082f5ccd8584a99ae0aa9aab75e5495] 199.204.45.138 "GET /resource_providers/bf19a05f-83d0-4005-96a6-ab5be5e1ae39/allocations" status: 200 len: 152 microversion: 1.0 [pid: 8|app: 0|req: 405/809] 199.204.45.138 () {32 vars in 857 bytes} [Fri Jul 24 00:59:48 2026] GET /resource_providers/bf19a05f-83d0-4005-96a6-ab5be5e1ae39/allocations => generated 152 bytes in 33 msecs (HTTP/1.1 200) 6 headers in 224 bytes (1 switches on core 0)
2026-07-24 00:59:48.119 7 INFO placement.requestlog [req-c8e00092-07bf-49e3-a84e-b15fad407df4 req-bb0f69f1-fa63-490c-835e-aba07fcfab3f 566097aefa2043cea7e7552337e4c38e 5acdb1268aab41d89057804b12acf403 - - 6082f5ccd8584a99ae0aa9aab75e5495 6082f5ccd8584a99ae0aa9aab75e5495] 199.204.45.138 "GET /allocations/e00b0a90-9530-4ac4-b11c-9e9c0329e09b" status: 200 len: 257 microversion: 1.28 [pid: 7|app: 0|req: 405/810] 199.204.45.138 () {34 vars in 863 bytes} [Fri Jul 24 00:59:48 2026] GET /allocations/e00b0a90-9530-4ac4-b11c-9e9c0329e09b => generated 257 bytes in 14 msecs (HTTP/1.1 200) 8 headers in 296 bytes (1 switches on core 0)
2026-07-24 00:59:48.229 8 INFO placement.requestlog [req-c8e00092-07bf-49e3-a84e-b15fad407df4 req-d38e1038-e037-4a13-a239-58db658ccf7b 566097aefa2043cea7e7552337e4c38e 5acdb1268aab41d89057804b12acf403 - - 6082f5ccd8584a99ae0aa9aab75e5495 6082f5ccd8584a99ae0aa9aab75e5495] 199.204.45.138 "DELETE /allocations/e00b0a90-9530-4ac4-b11c-9e9c0329e09b" status: 204 len: 0 microversion: 1.0 [pid: 8|app: 0|req: 406/811] 199.204.45.138 () {34 vars in 841 bytes} [Fri Jul 24 00:59:48 2026] DELETE /allocations/e00b0a90-9530-4ac4-b11c-9e9c0329e09b => generated 0 bytes in 41 msecs (HTTP/1.1 204) 5 headers in 198 bytes (1 switches on core 0)
2026-07-24 00:59:48.776 7 INFO placement.requestlog [None req-a00f8f5e-465a-4e74-9b29-a3529d53f095 72549b9df59b49a28628447f7b4057b2 5acdb1268aab41d89057804b12acf403 - - 6082f5ccd8584a99ae0aa9aab75e5495 6082f5ccd8584a99ae0aa9aab75e5495] 10.0.0.159 "GET /resource_providers/eb4b339e-8dfc-4167-9790-10e81b6b285c/aggregates" status: 404 len: 235 microversion: 1.1 [pid: 7|app: 0|req: 406/812] 10.0.0.159 () {32 vars in 816 bytes} [Fri Jul 24 00:59:48 2026] GET /resource_providers/eb4b339e-8dfc-4167-9790-10e81b6b285c/aggregates => generated 235 bytes in 19 msecs (HTTP/1.1 404) 5 headers in 202 bytes (1 switches on core 0)
2026-07-24 00:59:48.778 8 INFO placement.requestlog [None req-d947540d-ef34-4464-8cec-24724074cbbd 72549b9df59b49a28628447f7b4057b2 5acdb1268aab41d89057804b12acf403 - - 6082f5ccd8584a99ae0aa9aab75e5495 6082f5ccd8584a99ae0aa9aab75e5495] 10.0.0.159 "GET /resource_providers/eb4b339e-8dfc-4167-9790-10e81b6b285c/aggregates" status: 404 len: 235 microversion: 1.1 [pid: 8|app: 0|req: 407/813] 10.0.0.159 () {32 vars in 816 bytes} [Fri Jul 24 00:59:48 2026] GET /resource_providers/eb4b339e-8dfc-4167-9790-10e81b6b285c/aggregates => generated 235 bytes in 15 msecs (HTTP/1.1 404) 5 headers in 202 bytes (1 switches on core 0)
2026-07-24 00:59:48.818 8 INFO placement.requestlog [None req-bc440ee0-e8b6-4838-8c5c-31ed649fe2c7 72549b9df59b49a28628447f7b4057b2 5acdb1268aab41d89057804b12acf403 - - 6082f5ccd8584a99ae0aa9aab75e5495 6082f5ccd8584a99ae0aa9aab75e5495] 10.0.0.159 "DELETE /resource_providers/eb4b339e-8dfc-4167-9790-10e81b6b285c" status: 404 len: 246 microversion: 1.1 [pid: 8|app: 0|req: 408/814] 10.0.0.159 () {34 vars in 816 bytes} [Fri Jul 24 00:59:48 2026] DELETE /resource_providers/eb4b339e-8dfc-4167-9790-10e81b6b285c => generated 246 bytes in 11 msecs (HTTP/1.1 404) 6 headers in 231 bytes (1 switches on core 0)
2026-07-24 00:59:48.821 7 INFO placement.requestlog [None req-03887430-686a-4783-bf91-0b93c329ff45 72549b9df59b49a28628447f7b4057b2 5acdb1268aab41d89057804b12acf403 - - 6082f5ccd8584a99ae0aa9aab75e5495 6082f5ccd8584a99ae0aa9aab75e5495] 10.0.0.159 "DELETE /resource_providers/eb4b339e-8dfc-4167-9790-10e81b6b285c" status: 404 len: 246 microversion: 1.1 [pid: 7|app: 0|req: 407/815] 10.0.0.159 () {34 vars in 816 bytes} [Fri Jul 24 00:59:48 2026] DELETE /resource_providers/eb4b339e-8dfc-4167-9790-10e81b6b285c => generated 246 bytes in 15 msecs (HTTP/1.1 404) 6 headers in 231 bytes (1 switches on core 0)
2026-07-24 00:59:50.841 8 INFO placement.requestlog [None req-bc9ea46c-5562-4372-a8d8-6159c8ccae94 72549b9df59b49a28628447f7b4057b2 5acdb1268aab41d89057804b12acf403 - - 6082f5ccd8584a99ae0aa9aab75e5495 6082f5ccd8584a99ae0aa9aab75e5495] 10.0.0.159 "GET /resource_providers/2962d091-28ea-4b0d-b373-b29bb31d25ec/aggregates" status: 404 len: 235 microversion: 1.1 [pid: 8|app: 0|req: 409/816] 10.0.0.159 () {32 vars in 816 bytes} [Fri Jul 24 00:59:50 2026] GET /resource_providers/2962d091-28ea-4b0d-b373-b29bb31d25ec/aggregates => generated 235 bytes in 13 msecs (HTTP/1.1 404) 5 headers in 202 bytes (1 switches on core 0)
2026-07-24 00:59:50.851 7 INFO placement.requestlog [None req-a3cfd286-9562-4913-8ae0-0fcb529b5892 72549b9df59b49a28628447f7b4057b2 5acdb1268aab41d89057804b12acf403 - - 6082f5ccd8584a99ae0aa9aab75e5495 6082f5ccd8584a99ae0aa9aab75e5495] 10.0.0.159 "GET /resource_providers/2962d091-28ea-4b0d-b373-b29bb31d25ec/aggregates" status: 404 len: 235 microversion: 1.1 [pid: 7|app: 0|req: 408/817] 10.0.0.159 () {32 vars in 816 bytes} [Fri Jul 24 00:59:50 2026] GET /resource_providers/2962d091-28ea-4b0d-b373-b29bb31d25ec/aggregates => generated 235 bytes in 12 msecs (HTTP/1.1 404) 5 headers in 202 bytes (1 switches on core 0)
2026-07-24 00:59:50.867 8 INFO placement.requestlog [None req-3ab4464e-9755-49cd-90aa-74fa5bc56e46 72549b9df59b49a28628447f7b4057b2 5acdb1268aab41d89057804b12acf403 - - 6082f5ccd8584a99ae0aa9aab75e5495 6082f5ccd8584a99ae0aa9aab75e5495] 10.0.0.159 "DELETE /resource_providers/2962d091-28ea-4b0d-b373-b29bb31d25ec" status: 404 len: 246 microversion: 1.1 [pid: 8|app: 0|req: 410/818] 10.0.0.159 () {34 vars in 816 bytes} [Fri Jul 24 00:59:50 2026] DELETE /resource_providers/2962d091-28ea-4b0d-b373-b29bb31d25ec => generated 246 bytes in 17 msecs (HTTP/1.1 404) 6 headers in 231 bytes (1 switches on core 0)
2026-07-24 00:59:50.869 7 INFO placement.requestlog [None req-5dbfd531-4285-42ae-9705-3fc615a0c7df 72549b9df59b49a28628447f7b4057b2 5acdb1268aab41d89057804b12acf403 - - 6082f5ccd8584a99ae0aa9aab75e5495 6082f5ccd8584a99ae0aa9aab75e5495] 10.0.0.159 "DELETE /resource_providers/2962d091-28ea-4b0d-b373-b29bb31d25ec" status: 404 len: 246 microversion: 1.1 [pid: 7|app: 0|req: 409/819] 10.0.0.159 () {34 vars in 816 bytes} [Fri Jul 24 00:59:50 2026] DELETE /resource_providers/2962d091-28ea-4b0d-b373-b29bb31d25ec => generated 246 bytes in 12 msecs (HTTP/1.1 404) 6 headers in 231 bytes (1 switches on core 0)
2026-07-24 00:59:50.894 7 INFO placement.requestlog [None req-2e0d3977-dade-4e31-a70d-27c3dc292ccc 72549b9df59b49a28628447f7b4057b2 5acdb1268aab41d89057804b12acf403 - - 6082f5ccd8584a99ae0aa9aab75e5495 6082f5ccd8584a99ae0aa9aab75e5495] 10.0.0.159 "GET /resource_providers/a251e27c-2851-4a6b-96ae-f70926a0652e/aggregates" status: 404 len: 235 microversion: 1.1 [pid: 7|app: 0|req: 410/820] 10.0.0.159 () {32 vars in 816 bytes} [Fri Jul 24 00:59:50 2026] GET /resource_providers/a251e27c-2851-4a6b-96ae-f70926a0652e/aggregates => generated 235 bytes in 12 msecs (HTTP/1.1 404) 5 headers in 202 bytes (1 switches on core 0)
2026-07-24 00:59:50.903 8 INFO placement.requestlog [None req-2fe17f42-0550-41c2-b9be-2626add2762e 72549b9df59b49a28628447f7b4057b2 5acdb1268aab41d89057804b12acf403 - - 6082f5ccd8584a99ae0aa9aab75e5495 6082f5ccd8584a99ae0aa9aab75e5495] 10.0.0.159 "GET /resource_providers/a251e27c-2851-4a6b-96ae-f70926a0652e/aggregates" status: 404 len: 235 microversion: 1.1 [pid: 8|app: 0|req: 411/821] 10.0.0.159 () {32 vars in 816 bytes} [Fri Jul 24 00:59:50 2026] GET /resource_providers/a251e27c-2851-4a6b-96ae-f70926a0652e/aggregates => generated 235 bytes in 22 msecs (HTTP/1.1 404) 5 headers in 202 bytes (1 switches on core 0)
2026-07-24 00:59:50.934 8 INFO placement.requestlog [None req-2f07882e-cbed-43d8-918f-a2523a2601d8 72549b9df59b49a28628447f7b4057b2 5acdb1268aab41d89057804b12acf403 - - 6082f5ccd8584a99ae0aa9aab75e5495 6082f5ccd8584a99ae0aa9aab75e5495] 10.0.0.159 "DELETE /resource_providers/a251e27c-2851-4a6b-96ae-f70926a0652e" status: 404 len: 246 microversion: 1.1 [pid: 8|app: 0|req: 412/822] 10.0.0.159 () {34 vars in 816 bytes} [Fri Jul 24 00:59:50 2026] DELETE /resource_providers/a251e27c-2851-4a6b-96ae-f70926a0652e => generated 246 bytes in 15 msecs (HTTP/1.1 404) 6 headers in 231 bytes (1 switches on core 0)
2026-07-24 00:59:50.937 7 INFO placement.requestlog [None req-a0718a35-8ef8-485c-81bf-8048bdf3a634 72549b9df59b49a28628447f7b4057b2 5acdb1268aab41d89057804b12acf403 - - 6082f5ccd8584a99ae0aa9aab75e5495 6082f5ccd8584a99ae0aa9aab75e5495] 10.0.0.159 "DELETE /resource_providers/a251e27c-2851-4a6b-96ae-f70926a0652e" status: 404 len: 246 microversion: 1.1 [pid: 7|app: 0|req: 411/823] 10.0.0.159 () {34 vars in 816 bytes} [Fri Jul 24 00:59:50 2026] DELETE /resource_providers/a251e27c-2851-4a6b-96ae-f70926a0652e => generated 246 bytes in 19 msecs (HTTP/1.1 404) 6 headers in 231 bytes (1 switches on core 0)
2026-07-24 00:59:50.963 7 INFO placement.requestlog [None req-55edafeb-d685-4a62-bedd-8fa43d49ac32 72549b9df59b49a28628447f7b4057b2 5acdb1268aab41d89057804b12acf403 - - 6082f5ccd8584a99ae0aa9aab75e5495 6082f5ccd8584a99ae0aa9aab75e5495] 10.0.0.159 "GET /resource_providers/be57fa65-5ff7-4a8c-8aed-bc799af01016/aggregates" status: 404 len: 235 microversion: 1.1 [pid: 7|app: 0|req: 412/824] 10.0.0.159 () {32 vars in 816 bytes} [Fri Jul 24 00:59:50 2026] GET /resource_providers/be57fa65-5ff7-4a8c-8aed-bc799af01016/aggregates => generated 235 bytes in 8 msecs (HTTP/1.1 404) 5 headers in 202 bytes (1 switches on core 0)
2026-07-24 00:59:50.975 8 INFO placement.requestlog [None req-5a3c7595-35d7-4adf-b7e9-79c95996da4f 72549b9df59b49a28628447f7b4057b2 5acdb1268aab41d89057804b12acf403 - - 6082f5ccd8584a99ae0aa9aab75e5495 6082f5ccd8584a99ae0aa9aab75e5495] 10.0.0.159 "GET /resource_providers/be57fa65-5ff7-4a8c-8aed-bc799af01016/aggregates" status: 404 len: 235 microversion: 1.1 [pid: 8|app: 0|req: 413/825] 10.0.0.159 () {32 vars in 816 bytes} [Fri Jul 24 00:59:50 2026] GET /resource_providers/be57fa65-5ff7-4a8c-8aed-bc799af01016/aggregates => generated 235 bytes in 21 msecs (HTTP/1.1 404) 5 headers in 202 bytes (1 switches on core 0)
2026-07-24 00:59:50.981 7 INFO placement.requestlog [None req-e729fc90-9a28-443a-a9e1-740d4132a105 72549b9df59b49a28628447f7b4057b2 5acdb1268aab41d89057804b12acf403 - - 6082f5ccd8584a99ae0aa9aab75e5495 6082f5ccd8584a99ae0aa9aab75e5495] 10.0.0.159 "DELETE /resource_providers/be57fa65-5ff7-4a8c-8aed-bc799af01016" status: 404 len: 246 microversion: 1.1 [pid: 7|app: 0|req: 413/826] 10.0.0.159 () {34 vars in 816 bytes} [Fri Jul 24 00:59:50 2026] DELETE /resource_providers/be57fa65-5ff7-4a8c-8aed-bc799af01016 => generated 246 bytes in 7 msecs (HTTP/1.1 404) 6 headers in 231 bytes (1 switches on core 0)
2026-07-24 00:59:50.999 8 INFO placement.requestlog [None req-e9648349-d9f2-49ec-b012-09741638d59f 72549b9df59b49a28628447f7b4057b2 5acdb1268aab41d89057804b12acf403 - - 6082f5ccd8584a99ae0aa9aab75e5495 6082f5ccd8584a99ae0aa9aab75e5495] 10.0.0.159 "DELETE /resource_providers/be57fa65-5ff7-4a8c-8aed-bc799af01016" status: 404 len: 246 microversion: 1.1 [pid: 8|app: 0|req: 414/827] 10.0.0.159 () {34 vars in 816 bytes} [Fri Jul 24 00:59:50 2026] DELETE /resource_providers/be57fa65-5ff7-4a8c-8aed-bc799af01016 => generated 246 bytes in 15 msecs (HTTP/1.1 404) 6 headers in 231 bytes (1 switches on core 0)
2026-07-24 00:59:52.632 7 INFO placement.requestlog [None req-e6c4f039-c45d-4f54-936f-f6910ab5b854 72549b9df59b49a28628447f7b4057b2 5acdb1268aab41d89057804b12acf403 - - 6082f5ccd8584a99ae0aa9aab75e5495 6082f5ccd8584a99ae0aa9aab75e5495] 10.0.0.159 "GET /resource_providers/45e417c8-4f60-4d7e-a977-46d1e4359029/aggregates" status: 404 len: 235 microversion: 1.1 [pid: 7|app: 0|req: 414/828] 10.0.0.159 () {32 vars in 816 bytes} [Fri Jul 24 00:59:52 2026] GET /resource_providers/45e417c8-4f60-4d7e-a977-46d1e4359029/aggregates => generated 235 bytes in 15 msecs (HTTP/1.1 404) 5 headers in 202 bytes (1 switches on core 0)
2026-07-24 00:59:52.639 8 INFO placement.requestlog [None req-a53846f8-4fe1-4834-8eb3-14d0f306bb84 72549b9df59b49a28628447f7b4057b2 5acdb1268aab41d89057804b12acf403 - - 6082f5ccd8584a99ae0aa9aab75e5495 6082f5ccd8584a99ae0aa9aab75e5495] 10.0.0.159 "GET /resource_providers/45e417c8-4f60-4d7e-a977-46d1e4359029/aggregates" status: 404 len: 235 microversion: 1.1 [pid: 8|app: 0|req: 415/829] 10.0.0.159 () {32 vars in 816 bytes} [Fri Jul 24 00:59:52 2026] GET /resource_providers/45e417c8-4f60-4d7e-a977-46d1e4359029/aggregates => generated 235 bytes in 22 msecs (HTTP/1.1 404) 5 headers in 202 bytes (1 switches on core 0)
2026-07-24 00:59:52.668 7 INFO placement.requestlog [None req-a23775ba-2b6e-4dda-96bb-b66639f0e3c5 72549b9df59b49a28628447f7b4057b2 5acdb1268aab41d89057804b12acf403 - - 6082f5ccd8584a99ae0aa9aab75e5495 6082f5ccd8584a99ae0aa9aab75e5495] 10.0.0.159 "DELETE /resource_providers/45e417c8-4f60-4d7e-a977-46d1e4359029" status: 404 len: 246 microversion: 1.1 [pid: 7|app: 0|req: 415/830] 10.0.0.159 () {34 vars in 816 bytes} [Fri Jul 24 00:59:52 2026] DELETE /resource_providers/45e417c8-4f60-4d7e-a977-46d1e4359029 => generated 246 bytes in 14 msecs (HTTP/1.1 404) 6 headers in 231 bytes (1 switches on core 0)
2026-07-24 00:59:52.679 8 INFO placement.requestlog [None req-f6ca143c-858c-4040-85be-0d753aa25b33 72549b9df59b49a28628447f7b4057b2 5acdb1268aab41d89057804b12acf403 - - 6082f5ccd8584a99ae0aa9aab75e5495 6082f5ccd8584a99ae0aa9aab75e5495] 10.0.0.159 "DELETE /resource_providers/45e417c8-4f60-4d7e-a977-46d1e4359029" status: 404 len: 246 microversion: 1.1 [pid: 8|app: 0|req: 416/831] 10.0.0.159 () {34 vars in 816 bytes} [Fri Jul 24 00:59:52 2026] DELETE /resource_providers/45e417c8-4f60-4d7e-a977-46d1e4359029 => generated 246 bytes in 14 msecs (HTTP/1.1 404) 6 headers in 231 bytes (1 switches on core 0)
2026-07-24 00:59:53.380 7 INFO placement.requestlog [None req-01c17a73-0fb1-4cce-80a0-ff6cd0fd1ea5 72549b9df59b49a28628447f7b4057b2 5acdb1268aab41d89057804b12acf403 - - 6082f5ccd8584a99ae0aa9aab75e5495 6082f5ccd8584a99ae0aa9aab75e5495] 10.0.0.159 "GET /resource_providers/dbd6c7a5-f98e-4fe1-9789-ca5591758d3b/aggregates" status: 404 len: 235 microversion: 1.1 [pid: 7|app: 0|req: 416/832] 10.0.0.159 () {32 vars in 816 bytes} [Fri Jul 24 00:59:53 2026] GET /resource_providers/dbd6c7a5-f98e-4fe1-9789-ca5591758d3b/aggregates => generated 235 bytes in 10 msecs (HTTP/1.1 404) 5 headers in 202 bytes (1 switches on core 0)
2026-07-24 00:59:53.383 8 INFO placement.requestlog [None req-5ec94893-7ed1-44f0-95f0-89f907acb5c8 72549b9df59b49a28628447f7b4057b2 5acdb1268aab41d89057804b12acf403 - - 6082f5ccd8584a99ae0aa9aab75e5495 6082f5ccd8584a99ae0aa9aab75e5495] 10.0.0.159 "GET /resource_providers/dbd6c7a5-f98e-4fe1-9789-ca5591758d3b/aggregates" status: 404 len: 235 microversion: 1.1 [pid: 8|app: 0|req: 417/833] 10.0.0.159 () {32 vars in 816 bytes} [Fri Jul 24 00:59:53 2026] GET /resource_providers/dbd6c7a5-f98e-4fe1-9789-ca5591758d3b/aggregates => generated 235 bytes in 12 msecs (HTTP/1.1 404) 5 headers in 202 bytes (1 switches on core 0)
2026-07-24 00:59:53.401 7 INFO placement.requestlog [None req-9fa58d0f-9214-44b1-b048-179c1e5d8d98 72549b9df59b49a28628447f7b4057b2 5acdb1268aab41d89057804b12acf403 - - 6082f5ccd8584a99ae0aa9aab75e5495 6082f5ccd8584a99ae0aa9aab75e5495] 10.0.0.159 "DELETE /resource_providers/dbd6c7a5-f98e-4fe1-9789-ca5591758d3b" status: 404 len: 246 microversion: 1.1 [pid: 7|app: 0|req: 417/834] 10.0.0.159 () {34 vars in 816 bytes} [Fri Jul 24 00:59:53 2026] DELETE /resource_providers/dbd6c7a5-f98e-4fe1-9789-ca5591758d3b => generated 246 bytes in 11 msecs (HTTP/1.1 404) 6 headers in 231 bytes (1 switches on core 0)
2026-07-24 00:59:53.408 8 INFO placement.requestlog [None req-384dfbb5-03d3-4a06-8d07-7b787895d671 72549b9df59b49a28628447f7b4057b2 5acdb1268aab41d89057804b12acf403 - - 6082f5ccd8584a99ae0aa9aab75e5495 6082f5ccd8584a99ae0aa9aab75e5495] 10.0.0.159 "DELETE /resource_providers/dbd6c7a5-f98e-4fe1-9789-ca5591758d3b" status: 404 len: 246 microversion: 1.1 [pid: 8|app: 0|req: 418/835] 10.0.0.159 () {34 vars in 816 bytes} [Fri Jul 24 00:59:53 2026] DELETE /resource_providers/dbd6c7a5-f98e-4fe1-9789-ca5591758d3b => generated 246 bytes in 14 msecs (HTTP/1.1 404) 6 headers in 231 bytes (1 switches on core 0)
2026-07-24 00:59:55.147 8 INFO placement.requestlog [None req-75814c14-b669-4d01-9642-ec07b1541f7a - - - - - -] 10.0.0.46 "GET /" status: 200 len: 136 microversion: 1.0
2026-07-24 00:59:55.147 7 INFO placement.requestlog [None req-6097a099-29f4-4569-a1f5-6bd5f069986a - - - - - -] 10.0.0.46 "GET /" status: 200 len: 136 microversion: 1.0
2026-07-24 00:59:56.355 8 INFO placement.requestlog [None req-268bd55f-3fba-4b3a-bd91-e21a962c563b 72549b9df59b49a28628447f7b4057b2 5acdb1268aab41d89057804b12acf403 - - 6082f5ccd8584a99ae0aa9aab75e5495 6082f5ccd8584a99ae0aa9aab75e5495] 10.0.0.159 "GET /resource_providers/f9635e97-c534-4668-aaa1-8ee5dbeab6a6/aggregates" status: 404 len: 235 microversion: 1.1 [pid: 8|app: 0|req: 420/838] 10.0.0.159 () {32 vars in 816 bytes} [Fri Jul 24 00:59:56 2026] GET /resource_providers/f9635e97-c534-4668-aaa1-8ee5dbeab6a6/aggregates => generated 235 bytes in 9 msecs (HTTP/1.1 404) 5 headers in 202 bytes (1 switches on core 0)
2026-07-24 00:59:56.363 7 INFO placement.requestlog [None req-9dd03508-ecb8-4a54-a461-38797e1ea194 72549b9df59b49a28628447f7b4057b2 5acdb1268aab41d89057804b12acf403 - - 6082f5ccd8584a99ae0aa9aab75e5495 6082f5ccd8584a99ae0aa9aab75e5495] 10.0.0.159 "GET /resource_providers/f9635e97-c534-4668-aaa1-8ee5dbeab6a6/aggregates" status: 404 len: 235 microversion: 1.1 [pid: 7|app: 0|req: 419/839] 10.0.0.159 () {32 vars in 816 bytes} [Fri Jul 24 00:59:56 2026] GET /resource_providers/f9635e97-c534-4668-aaa1-8ee5dbeab6a6/aggregates => generated 235 bytes in 11 msecs (HTTP/1.1 404) 5 headers in 202 bytes (1 switches on core 0)
2026-07-24 00:59:56.385 8 INFO placement.requestlog [None req-717e4594-f941-4d57-8aed-3af3262f32d0 72549b9df59b49a28628447f7b4057b2 5acdb1268aab41d89057804b12acf403 - - 6082f5ccd8584a99ae0aa9aab75e5495 6082f5ccd8584a99ae0aa9aab75e5495] 10.0.0.159 "DELETE /resource_providers/f9635e97-c534-4668-aaa1-8ee5dbeab6a6" status: 404 len: 246 microversion: 1.1 [pid: 8|app: 0|req: 421/840] 10.0.0.159 () {34 vars in 816 bytes} [Fri Jul 24 00:59:56 2026] DELETE /resource_providers/f9635e97-c534-4668-aaa1-8ee5dbeab6a6 => generated 246 bytes in 10 msecs (HTTP/1.1 404) 6 headers in 231 bytes (1 switches on core 0)
2026-07-24 00:59:56.392 7 INFO placement.requestlog [None req-01de52f1-b745-4e00-98e3-33c89aedf9b8 72549b9df59b49a28628447f7b4057b2 5acdb1268aab41d89057804b12acf403 - - 6082f5ccd8584a99ae0aa9aab75e5495 6082f5ccd8584a99ae0aa9aab75e5495] 10.0.0.159 "DELETE /resource_providers/f9635e97-c534-4668-aaa1-8ee5dbeab6a6" status: 404 len: 246 microversion: 1.1 [pid: 7|app: 0|req: 420/841] 10.0.0.159 () {34 vars in 816 bytes} [Fri Jul 24 00:59:56 2026] DELETE /resource_providers/f9635e97-c534-4668-aaa1-8ee5dbeab6a6 => generated 246 bytes in 11 msecs (HTTP/1.1 404) 6 headers in 231 bytes (1 switches on core 0)
2026-07-24 00:59:59.479 7 INFO placement.requestlog [None req-21a2d442-6fa6-418c-b7df-07b4c252ad51 72549b9df59b49a28628447f7b4057b2 5acdb1268aab41d89057804b12acf403 - - 6082f5ccd8584a99ae0aa9aab75e5495 6082f5ccd8584a99ae0aa9aab75e5495] 10.0.0.159 "GET /resource_providers/72c08f8c-4c77-4304-b0fe-74c301a12145/aggregates" status: 404 len: 235 microversion: 1.1 [pid: 7|app: 0|req: 421/842] 10.0.0.159 () {32 vars in 816 bytes} [Fri Jul 24 00:59:59 2026] GET /resource_providers/72c08f8c-4c77-4304-b0fe-74c301a12145/aggregates => generated 235 bytes in 17 msecs (HTTP/1.1 404) 5 headers in 202 bytes (1 switches on core 0)
2026-07-24 00:59:59.483 8 INFO placement.requestlog [None req-b6f6e890-6f11-4ae0-985b-d9e460d57367 72549b9df59b49a28628447f7b4057b2 5acdb1268aab41d89057804b12acf403 - - 6082f5ccd8584a99ae0aa9aab75e5495 6082f5ccd8584a99ae0aa9aab75e5495] 10.0.0.159 "GET /resource_providers/72c08f8c-4c77-4304-b0fe-74c301a12145/aggregates" status: 404 len: 235 microversion: 1.1 [pid: 8|app: 0|req: 422/843] 10.0.0.159 () {32 vars in 816 bytes} [Fri Jul 24 00:59:59 2026] GET /resource_providers/72c08f8c-4c77-4304-b0fe-74c301a12145/aggregates => generated 235 bytes in 21 msecs (HTTP/1.1 404) 5 headers in 202 bytes (1 switches on core 0)
2026-07-24 00:59:59.506 8 INFO placement.requestlog [None req-e1273a19-5ba5-4cce-8c9a-89fa2bdd7216 72549b9df59b49a28628447f7b4057b2 5acdb1268aab41d89057804b12acf403 - - 6082f5ccd8584a99ae0aa9aab75e5495 6082f5ccd8584a99ae0aa9aab75e5495] 10.0.0.159 "DELETE /resource_providers/72c08f8c-4c77-4304-b0fe-74c301a12145" status: 404 len: 246 microversion: 1.1 [pid: 8|app: 0|req: 423/844] 10.0.0.159 () {34 vars in 816 bytes} [Fri Jul 24 00:59:59 2026] DELETE /resource_providers/72c08f8c-4c77-4304-b0fe-74c301a12145 => generated 246 bytes in 13 msecs (HTTP/1.1 404) 6 headers in 231 bytes (1 switches on core 0)
2026-07-24 00:59:59.508 7 INFO placement.requestlog [None req-0a6a6077-5ab6-4ea7-82d6-7e2c30aa892a 72549b9df59b49a28628447f7b4057b2 5acdb1268aab41d89057804b12acf403 - - 6082f5ccd8584a99ae0aa9aab75e5495 6082f5ccd8584a99ae0aa9aab75e5495] 10.0.0.159 "DELETE /resource_providers/72c08f8c-4c77-4304-b0fe-74c301a12145" status: 404 len: 246 microversion: 1.1 [pid: 7|app: 0|req: 422/845] 10.0.0.159 () {34 vars in 816 bytes} [Fri Jul 24 00:59:59 2026] DELETE /resource_providers/72c08f8c-4c77-4304-b0fe-74c301a12145 => generated 246 bytes in 15 msecs (HTTP/1.1 404) 6 headers in 231 bytes (1 switches on core 0)
2026-07-24 01:00:01.787 7 INFO placement.requestlog [None req-14af9dbb-8b61-49ca-9272-acb4ebbb0955 72549b9df59b49a28628447f7b4057b2 5acdb1268aab41d89057804b12acf403 - - 6082f5ccd8584a99ae0aa9aab75e5495 6082f5ccd8584a99ae0aa9aab75e5495] 10.0.0.159 "GET /resource_providers/e16cc832-cf0c-4273-bb0b-e0bbfe889e2a/aggregates" status: 404 len: 235 microversion: 1.1
2026-07-24 01:00:01.788 8 INFO placement.requestlog [None req-02a22d60-b90e-4153-9b81-cc3d9a291580 72549b9df59b49a28628447f7b4057b2 5acdb1268aab41d89057804b12acf403 - - 6082f5ccd8584a99ae0aa9aab75e5495 6082f5ccd8584a99ae0aa9aab75e5495] 10.0.0.159 "GET /resource_providers/e16cc832-cf0c-4273-bb0b-e0bbfe889e2a/aggregates" status: 404 len: 235 microversion: 1.1 [pid: 7|app: 0|req: 423/846] 10.0.0.159 () {32 vars in 816 bytes} [Fri Jul 24 01:00:01 2026] GET /resource_providers/e16cc832-cf0c-4273-bb0b-e0bbfe889e2a/aggregates => generated 235 bytes in 15 msecs (HTTP/1.1 404) 5 headers in 202 bytes (1 switches on core 0) [pid: 8|app: 0|req: 424/847] 10.0.0.159 () {32 vars in 816 bytes} [Fri Jul 24 01:00:01 2026] GET /resource_providers/e16cc832-cf0c-4273-bb0b-e0bbfe889e2a/aggregates => generated 235 bytes in 16 msecs (HTTP/1.1 404) 5 headers in 202 bytes (1 switches on core 0)
2026-07-24 01:00:01.815 8 INFO placement.requestlog [None req-4ec9f603-6a2c-4c55-b549-2af972d5ab80 72549b9df59b49a28628447f7b4057b2 5acdb1268aab41d89057804b12acf403 - - 6082f5ccd8584a99ae0aa9aab75e5495 6082f5ccd8584a99ae0aa9aab75e5495] 10.0.0.159 "DELETE /resource_providers/e16cc832-cf0c-4273-bb0b-e0bbfe889e2a" status: 404 len: 246 microversion: 1.1 [pid: 8|app: 0|req: 425/848] 10.0.0.159 () {34 vars in 816 bytes} [Fri Jul 24 01:00:01 2026] DELETE /resource_providers/e16cc832-cf0c-4273-bb0b-e0bbfe889e2a => generated 246 bytes in 12 msecs (HTTP/1.1 404) 6 headers in 231 bytes (1 switches on core 0)
2026-07-24 01:00:01.817 7 INFO placement.requestlog [None req-4cf24f5d-24cf-4d19-b540-73b720169525 72549b9df59b49a28628447f7b4057b2 5acdb1268aab41d89057804b12acf403 - - 6082f5ccd8584a99ae0aa9aab75e5495 6082f5ccd8584a99ae0aa9aab75e5495] 10.0.0.159 "DELETE /resource_providers/e16cc832-cf0c-4273-bb0b-e0bbfe889e2a" status: 404 len: 246 microversion: 1.1 [pid: 7|app: 0|req: 424/849] 10.0.0.159 () {34 vars in 816 bytes} [Fri Jul 24 01:00:01 2026] DELETE /resource_providers/e16cc832-cf0c-4273-bb0b-e0bbfe889e2a => generated 246 bytes in 15 msecs (HTTP/1.1 404) 6 headers in 231 bytes (1 switches on core 0)
2026-07-24 01:00:05.147 7 INFO placement.requestlog [None req-ff1df180-0352-4c7a-a063-e492092fd744 - - - - - -] 10.0.0.46 "GET /" status: 200 len: 136 microversion: 1.0
2026-07-24 01:00:05.147 8 INFO placement.requestlog [None req-1cdcdc5d-e71c-4879-940c-68bf85c0fdc4 - - - - - -] 10.0.0.46 "GET /" status: 200 len: 136 microversion: 1.0
2026-07-24 01:00:05.491 7 INFO placement.requestlog [req-4e60b032-ea5f-4b98-b265-bc3a070e6045 req-7b4dcc33-3b5e-49bc-a29d-43426474fc25 566097aefa2043cea7e7552337e4c38e 5acdb1268aab41d89057804b12acf403 - - 6082f5ccd8584a99ae0aa9aab75e5495 6082f5ccd8584a99ae0aa9aab75e5495] 10.0.0.171 "GET /allocation_candidates?limit=1000&resources=DISK_GB%3A1%2CMEMORY_MB%3A512%2CVCPU%3A1&root_required=%21COMPUTE_STATUS_DISABLED" status: 200 len: 2147 microversion: 1.36 [pid: 7|app: 0|req: 426/852] 10.0.0.171 () {34 vars in 1012 bytes} [Fri Jul 24 01:00:05 2026] GET /allocation_candidates?limit=1000&resources=DISK_GB%3A1%2CMEMORY_MB%3A512%2CVCPU%3A1&root_required=%21COMPUTE_STATUS_DISABLED => generated 2147 bytes in 45 msecs (HTTP/1.1 200) 8 headers in 297 bytes (1 switches on core 0)
2026-07-24 01:00:05.520 8 INFO placement.requestlog [req-4e60b032-ea5f-4b98-b265-bc3a070e6045 req-64549495-2ada-44d6-8c5c-9a016efa0ede 566097aefa2043cea7e7552337e4c38e 5acdb1268aab41d89057804b12acf403 - - 6082f5ccd8584a99ae0aa9aab75e5495 6082f5ccd8584a99ae0aa9aab75e5495] 10.0.0.171 "GET /allocations/fbfcd975-7717-4058-879a-e8f0cbda0211" status: 200 len: 19 microversion: 1.28 [pid: 8|app: 0|req: 427/853] 10.0.0.171 () {34 vars in 861 bytes} [Fri Jul 24 01:00:05 2026] GET /allocations/fbfcd975-7717-4058-879a-e8f0cbda0211 => generated 19 bytes in 11 msecs (HTTP/1.1 200) 8 headers in 295 bytes (1 switches on core 0)
2026-07-24 01:00:05.609 7 INFO placement.requestlog [req-4e60b032-ea5f-4b98-b265-bc3a070e6045 req-4bbd8c9a-2dff-4f90-8342-5168e6da6a5b 566097aefa2043cea7e7552337e4c38e 5acdb1268aab41d89057804b12acf403 - - 6082f5ccd8584a99ae0aa9aab75e5495 6082f5ccd8584a99ae0aa9aab75e5495] 10.0.0.171 "PUT /allocations/fbfcd975-7717-4058-879a-e8f0cbda0211" status: 204 len: 0 microversion: 1.36 [pid: 7|app: 0|req: 427/854] 10.0.0.171 () {38 vars in 914 bytes} [Fri Jul 24 01:00:05 2026] PUT /allocations/fbfcd975-7717-4058-879a-e8f0cbda0211 => generated 0 bytes in 83 msecs (HTTP/1.1 204) 5 headers in 199 bytes (1 switches on core 0)
2026-07-24 01:00:05.939 8 INFO placement.requestlog [req-4e60b032-ea5f-4b98-b265-bc3a070e6045 req-b5f57aee-2ae3-4b63-979e-b9cea6d69398 566097aefa2043cea7e7552337e4c38e 5acdb1268aab41d89057804b12acf403 - - 6082f5ccd8584a99ae0aa9aab75e5495 6082f5ccd8584a99ae0aa9aab75e5495] 199.204.45.138 "GET /allocations/fbfcd975-7717-4058-879a-e8f0cbda0211" status: 200 len: 257 microversion: 1.28 [pid: 8|app: 0|req: 428/855] 199.204.45.138 () {34 vars in 863 bytes} [Fri Jul 24 01:00:05 2026] GET /allocations/fbfcd975-7717-4058-879a-e8f0cbda0211 => generated 257 bytes in 26 msecs (HTTP/1.1 200) 8 headers in 296 bytes (1 switches on core 0)
2026-07-24 01:00:06.041 7 INFO placement.requestlog [req-4e60b032-ea5f-4b98-b265-bc3a070e6045 req-196dff3f-e1dd-4ec9-b43e-32f2c2260128 566097aefa2043cea7e7552337e4c38e 5acdb1268aab41d89057804b12acf403 - - 6082f5ccd8584a99ae0aa9aab75e5495 6082f5ccd8584a99ae0aa9aab75e5495] 199.204.45.138 "GET /resource_providers/bf19a05f-83d0-4005-96a6-ab5be5e1ae39/allocations" status: 200 len: 152 microversion: 1.0 [pid: 7|app: 0|req: 428/856] 199.204.45.138 () {32 vars in 857 bytes} [Fri Jul 24 01:00:06 2026] GET /resource_providers/bf19a05f-83d0-4005-96a6-ab5be5e1ae39/allocations => generated 152 bytes in 16 msecs (HTTP/1.1 200) 6 headers in 224 bytes (1 switches on core 0)
2026-07-24 01:00:06.067 8 INFO placement.requestlog [req-4e60b032-ea5f-4b98-b265-bc3a070e6045 req-9eba77a7-390c-4d44-8d25-7de28c6dbe77 566097aefa2043cea7e7552337e4c38e 5acdb1268aab41d89057804b12acf403 - - 6082f5ccd8584a99ae0aa9aab75e5495 6082f5ccd8584a99ae0aa9aab75e5495] 199.204.45.138 "GET /allocations/fbfcd975-7717-4058-879a-e8f0cbda0211" status: 200 len: 257 microversion: 1.28 [pid: 8|app: 0|req: 429/857] 199.204.45.138 () {34 vars in 863 bytes} [Fri Jul 24 01:00:06 2026] GET /allocations/fbfcd975-7717-4058-879a-e8f0cbda0211 => generated 257 bytes in 19 msecs (HTTP/1.1 200) 8 headers in 296 bytes (1 switches on core 0)
2026-07-24 01:00:15.151 7 INFO placement.requestlog [None req-ea78dfe1-c7f4-40aa-ab7f-3426db52f887 - - - - - -] 10.0.0.46 "GET /" status: 200 len: 136 microversion: 1.0
2026-07-24 01:00:15.152 8 INFO placement.requestlog [None req-758d9378-82f7-4f99-8b2d-19a139441e7d - - - - - -] 10.0.0.46 "GET /" status: 200 len: 136 microversion: 1.0
2026-07-24 01:00:16.085 7 INFO placement.requestlog [None req-66a7864f-f534-413f-9f76-c6063d9e56ab 72549b9df59b49a28628447f7b4057b2 5acdb1268aab41d89057804b12acf403 - - 6082f5ccd8584a99ae0aa9aab75e5495 6082f5ccd8584a99ae0aa9aab75e5495] 10.0.0.159 "GET /resource_providers/02236e95-e1a7-42f6-9a01-1f5e1f97cd12/aggregates" status: 404 len: 235 microversion: 1.1 [pid: 7|app: 0|req: 430/860] 10.0.0.159 () {32 vars in 816 bytes} [Fri Jul 24 01:00:16 2026] GET /resource_providers/02236e95-e1a7-42f6-9a01-1f5e1f97cd12/aggregates => generated 235 bytes in 9 msecs (HTTP/1.1 404) 5 headers in 202 bytes (1 switches on core 0)
2026-07-24 01:00:16.089 8 INFO placement.requestlog [None req-b5d7ff9b-b64e-423f-b4c2-d94a7a2e7317 72549b9df59b49a28628447f7b4057b2 5acdb1268aab41d89057804b12acf403 - - 6082f5ccd8584a99ae0aa9aab75e5495 6082f5ccd8584a99ae0aa9aab75e5495] 10.0.0.159 "GET /resource_providers/02236e95-e1a7-42f6-9a01-1f5e1f97cd12/aggregates" status: 404 len: 235 microversion: 1.1 [pid: 8|app: 0|req: 431/861] 10.0.0.159 () {32 vars in 816 bytes} [Fri Jul 24 01:00:16 2026] GET /resource_providers/02236e95-e1a7-42f6-9a01-1f5e1f97cd12/aggregates => generated 235 bytes in 12 msecs (HTTP/1.1 404) 5 headers in 202 bytes (1 switches on core 0)
2026-07-24 01:00:16.118 7 INFO placement.requestlog [None req-44f3e2e2-91e1-453e-aaea-dd7f2e9b317f 72549b9df59b49a28628447f7b4057b2 5acdb1268aab41d89057804b12acf403 - - 6082f5ccd8584a99ae0aa9aab75e5495 6082f5ccd8584a99ae0aa9aab75e5495] 10.0.0.159 "DELETE /resource_providers/02236e95-e1a7-42f6-9a01-1f5e1f97cd12" status: 404 len: 246 microversion: 1.1 [pid: 7|app: 0|req: 431/862] 10.0.0.159 () {34 vars in 816 bytes} [Fri Jul 24 01:00:16 2026] DELETE /resource_providers/02236e95-e1a7-42f6-9a01-1f5e1f97cd12 => generated 246 bytes in 12 msecs (HTTP/1.1 404) 6 headers in 231 bytes (1 switches on core 0)
2026-07-24 01:00:16.120 8 INFO placement.requestlog [None req-71b44dd9-f705-4cbe-9012-e6214ce0477e 72549b9df59b49a28628447f7b4057b2 5acdb1268aab41d89057804b12acf403 - - 6082f5ccd8584a99ae0aa9aab75e5495 6082f5ccd8584a99ae0aa9aab75e5495] 10.0.0.159 "DELETE /resource_providers/02236e95-e1a7-42f6-9a01-1f5e1f97cd12" status: 404 len: 246 microversion: 1.1 [pid: 8|app: 0|req: 432/863] 10.0.0.159 () {34 vars in 816 bytes} [Fri Jul 24 01:00:16 2026] DELETE /resource_providers/02236e95-e1a7-42f6-9a01-1f5e1f97cd12 => generated 246 bytes in 14 msecs (HTTP/1.1 404) 6 headers in 231 bytes (1 switches on core 0)
2026-07-24 01:00:16.896 7 INFO placement.requestlog [req-9568147a-21a4-4d1f-a0f0-d1d67e7ad76e req-7acf0acb-0513-4877-8e1e-10cfa0bad8d9 566097aefa2043cea7e7552337e4c38e 5acdb1268aab41d89057804b12acf403 - - 6082f5ccd8584a99ae0aa9aab75e5495 6082f5ccd8584a99ae0aa9aab75e5495] 199.204.45.138 "GET /resource_providers/bf19a05f-83d0-4005-96a6-ab5be5e1ae39/allocations" status: 200 len: 152 microversion: 1.0 [pid: 7|app: 0|req: 432/864] 199.204.45.138 () {32 vars in 857 bytes} [Fri Jul 24 01:00:16 2026] GET /resource_providers/bf19a05f-83d0-4005-96a6-ab5be5e1ae39/allocations => generated 152 bytes in 25 msecs (HTTP/1.1 200) 6 headers in 224 bytes (1 switches on core 0)
2026-07-24 01:00:16.939 8 INFO placement.requestlog [req-9568147a-21a4-4d1f-a0f0-d1d67e7ad76e req-efaacb06-3365-43c6-a1cc-3469c8f4b713 566097aefa2043cea7e7552337e4c38e 5acdb1268aab41d89057804b12acf403 - - 6082f5ccd8584a99ae0aa9aab75e5495 6082f5ccd8584a99ae0aa9aab75e5495] 199.204.45.138 "GET /resource_providers/bf19a05f-83d0-4005-96a6-ab5be5e1ae39/allocations" status: 200 len: 152 microversion: 1.0 [pid: 8|app: 0|req: 433/865] 199.204.45.138 () {32 vars in 857 bytes} [Fri Jul 24 01:00:16 2026] GET /resource_providers/bf19a05f-83d0-4005-96a6-ab5be5e1ae39/allocations => generated 152 bytes in 30 msecs (HTTP/1.1 200) 6 headers in 224 bytes (1 switches on core 0)
