2026-07-24 00:55:13.720 7 INFO placement.requestlog [req-3a55aeaa-141a-4b88-a1d3-5ccbc6055860 req-48d0ddcd-ea18-46fc-bccd-68a2bf9b5952 566097aefa2043cea7e7552337e4c38e 5acdb1268aab41d89057804b12acf403 - - 6082f5ccd8584a99ae0aa9aab75e5495 6082f5ccd8584a99ae0aa9aab75e5495] 199.204.45.138 "GET /resource_providers/bf19a05f-83d0-4005-96a6-ab5be5e1ae39/allocations" status: 200 len: 54 microversion: 1.0 [pid: 7|app: 0|req: 293/583] 199.204.45.138 () {32 vars in 857 bytes} [Fri Jul 24 00:55:13 2026] GET /resource_providers/bf19a05f-83d0-4005-96a6-ab5be5e1ae39/allocations => generated 54 bytes in 20 msecs (HTTP/1.1 200) 6 headers in 223 bytes (1 switches on core 0)
2026-07-24 00:55:13.748 8 INFO placement.requestlog [req-3a55aeaa-141a-4b88-a1d3-5ccbc6055860 req-e66421ec-3c85-4b76-a682-52b409787140 566097aefa2043cea7e7552337e4c38e 5acdb1268aab41d89057804b12acf403 - - 6082f5ccd8584a99ae0aa9aab75e5495 6082f5ccd8584a99ae0aa9aab75e5495] 199.204.45.138 "GET /resource_providers/bf19a05f-83d0-4005-96a6-ab5be5e1ae39/allocations" status: 200 len: 54 microversion: 1.0 [pid: 8|app: 0|req: 291/584] 199.204.45.138 () {32 vars in 857 bytes} [Fri Jul 24 00:55:13 2026] GET /resource_providers/bf19a05f-83d0-4005-96a6-ab5be5e1ae39/allocations => generated 54 bytes in 18 msecs (HTTP/1.1 200) 6 headers in 223 bytes (1 switches on core 0)
2026-07-24 00:55:15.147 8 INFO placement.requestlog [None req-1477cb7a-5da9-4803-be29-6f85084bc27c - - - - - -] 10.0.0.46 "GET /" status: 200 len: 136 microversion: 1.0
2026-07-24 00:55:15.147 7 INFO placement.requestlog [None req-21b0757b-f99d-4bdd-a9d3-44ab3a0371ba - - - - - -] 10.0.0.46 "GET /" status: 200 len: 136 microversion: 1.0
2026-07-24 00:55:25.147 7 INFO placement.requestlog [None req-b15b8703-7278-43a5-b819-0c0cd2caca16 - - - - - -] 10.0.0.46 "GET /" status: 200 len: 136 microversion: 1.0
2026-07-24 00:55:25.147 8 INFO placement.requestlog [None req-0190967a-6a5e-4d7a-ac54-b1b89150ef72 - - - - - -] 10.0.0.46 "GET /" status: 200 len: 136 microversion: 1.0
2026-07-24 00:55:35.147 7 INFO placement.requestlog [None req-9d7ddbdf-6f5c-4356-bff7-592294509c1a - - - - - -] 10.0.0.46 "GET /" status: 200 len: 136 microversion: 1.0
2026-07-24 00:55:35.147 8 INFO placement.requestlog [None req-db665774-2e01-4969-a8f5-fc681fd5a4f1 - - - - - -] 10.0.0.46 "GET /" status: 200 len: 136 microversion: 1.0
2026-07-24 00:55:45.147 7 INFO placement.requestlog [None req-9d758ebf-18ff-41a3-87be-6e418e8e0a68 - - - - - -] 10.0.0.46 "GET /" status: 200 len: 136 microversion: 1.0
2026-07-24 00:55:45.147 8 INFO placement.requestlog [None req-2ad75077-0f18-4f2f-9581-837acd9799cb - - - - - -] 10.0.0.46 "GET /" status: 200 len: 136 microversion: 1.0
2026-07-24 00:55:55.148 8 INFO placement.requestlog [None req-7010d164-7409-45b6-acae-8e44ac3085d1 - - - - - -] 10.0.0.46 "GET /" status: 200 len: 136 microversion: 1.0
2026-07-24 00:55:55.148 7 INFO placement.requestlog [None req-440bd3b1-7b00-499c-8770-2e44ca857203 - - - - - -] 10.0.0.46 "GET /" status: 200 len: 136 microversion: 1.0
2026-07-24 00:56:05.147 8 INFO placement.requestlog [None req-87698357-878a-4b10-933a-89290dd500ab - - - - - -] 10.0.0.46 "GET /" status: 200 len: 136 microversion: 1.0
2026-07-24 00:56:05.148 7 INFO placement.requestlog [None req-a2c69e2a-1335-443b-9942-08e235e86104 - - - - - -] 10.0.0.46 "GET /" status: 200 len: 136 microversion: 1.0
2026-07-24 00:56:13.870 8 INFO placement.requestlog [req-c1163007-8bb4-4ea0-8fc3-4b4a59343421 req-253220e4-6d03-4e7a-81e1-d11ac0d3974d 566097aefa2043cea7e7552337e4c38e 5acdb1268aab41d89057804b12acf403 - - 6082f5ccd8584a99ae0aa9aab75e5495 6082f5ccd8584a99ae0aa9aab75e5495] 199.204.45.138 "GET /resource_providers/bf19a05f-83d0-4005-96a6-ab5be5e1ae39/allocations" status: 200 len: 54 microversion: 1.0 [pid: 8|app: 0|req: 298/597] 199.204.45.138 () {32 vars in 857 bytes} [Fri Jul 24 00:56:13 2026] GET /resource_providers/bf19a05f-83d0-4005-96a6-ab5be5e1ae39/allocations => generated 54 bytes in 57 msecs (HTTP/1.1 200) 6 headers in 223 bytes (1 switches on core 0)
2026-07-24 00:56:13.903 7 INFO placement.requestlog [req-c1163007-8bb4-4ea0-8fc3-4b4a59343421 req-97d56146-9b77-429c-8579-c275106eb2d2 566097aefa2043cea7e7552337e4c38e 5acdb1268aab41d89057804b12acf403 - - 6082f5ccd8584a99ae0aa9aab75e5495 6082f5ccd8584a99ae0aa9aab75e5495] 199.204.45.138 "GET /resource_providers/bf19a05f-83d0-4005-96a6-ab5be5e1ae39/allocations" status: 200 len: 54 microversion: 1.0 [pid: 7|app: 0|req: 300/598] 199.204.45.138 () {32 vars in 857 bytes} [Fri Jul 24 00:56:13 2026] GET /resource_providers/bf19a05f-83d0-4005-96a6-ab5be5e1ae39/allocations => generated 54 bytes in 21 msecs (HTTP/1.1 200) 6 headers in 223 bytes (1 switches on core 0)
2026-07-24 00:56:15.147 7 INFO placement.requestlog [None req-55452f91-961c-4c00-9edb-002e846ea35f - - - - - -] 10.0.0.46 "GET /" status: 200 len: 136 microversion: 1.0
2026-07-24 00:56:15.148 8 INFO placement.requestlog [None req-361b6852-aa00-4605-9536-6f9d3c70bc43 - - - - - -] 10.0.0.46 "GET /" status: 200 len: 136 microversion: 1.0
2026-07-24 00:56:25.147 7 INFO placement.requestlog [None req-c2c5ecbc-acfc-4aec-9f00-ee32580af06e - - - - - -] 10.0.0.46 "GET /" status: 200 len: 136 microversion: 1.0
2026-07-24 00:56:25.147 8 INFO placement.requestlog [None req-65391ad9-84b8-42b2-983c-c6daf62c433a - - - - - -] 10.0.0.46 "GET /" status: 200 len: 136 microversion: 1.0
2026-07-24 00:56:35.147 8 INFO placement.requestlog [None req-0c288ea4-59ae-4626-b333-e1b8731f12d9 - - - - - -] 10.0.0.46 "GET /" status: 200 len: 136 microversion: 1.0
2026-07-24 00:56:35.147 7 INFO placement.requestlog [None req-bec12dc1-863b-401d-92d7-4fb81b61f439 - - - - - -] 10.0.0.46 "GET /" status: 200 len: 136 microversion: 1.0
2026-07-24 00:56:45.147 8 INFO placement.requestlog [None req-1e9095c1-06c5-4bbf-ac01-b3bd0b16f5f9 - - - - - -] 10.0.0.46 "GET /" status: 200 len: 136 microversion: 1.0
2026-07-24 00:56:45.147 7 INFO placement.requestlog [None req-6c71de94-0c7a-460d-85d7-d2f34141f3bb - - - - - -] 10.0.0.46 "GET /" status: 200 len: 136 microversion: 1.0
2026-07-24 00:56:55.148 8 INFO placement.requestlog [None req-ccbb0d1e-a836-4572-93e9-9e1333a95394 - - - - - -] 10.0.0.46 "GET /" status: 200 len: 136 microversion: 1.0
2026-07-24 00:56:55.148 7 INFO placement.requestlog [None req-92d26aa3-1277-4ca0-a50e-1aec3bea3bb4 - - - - - -] 10.0.0.46 "GET /" status: 200 len: 136 microversion: 1.0
2026-07-24 00:57:05.147 8 INFO placement.requestlog [None req-7ff92dee-2a4a-47e7-993b-760da63f2d71 - - - - - -] 10.0.0.46 "GET /" status: 200 len: 136 microversion: 1.0
2026-07-24 00:57:05.149 7 INFO placement.requestlog [None req-dab07ac1-940e-4a34-a23a-5136fa70943c - - - - - -] 10.0.0.46 "GET /" status: 200 len: 136 microversion: 1.0
2026-07-24 00:57:15.146 8 INFO placement.requestlog [None req-bb47351d-fdd2-4f75-987c-5aee9cfbae02 - - - - - -] 10.0.0.46 "GET /" status: 200 len: 136 microversion: 1.0
2026-07-24 00:57:15.147 7 INFO placement.requestlog [None req-6c89371d-d76f-4813-821a-3f3d61863514 - - - - - -] 10.0.0.46 "GET /" status: 200 len: 136 microversion: 1.0
2026-07-24 00:57:15.542 7 INFO placement.requestlog [req-dc2783ff-07ed-421d-a482-6a014d105ec7 req-991e00ad-71ec-4903-9554-6ef4a492f42f 566097aefa2043cea7e7552337e4c38e 5acdb1268aab41d89057804b12acf403 - - 6082f5ccd8584a99ae0aa9aab75e5495 6082f5ccd8584a99ae0aa9aab75e5495] 199.204.45.138 "GET /resource_providers/bf19a05f-83d0-4005-96a6-ab5be5e1ae39/allocations" status: 200 len: 54 microversion: 1.0 [pid: 7|app: 0|req: 308/613] 199.204.45.138 () {32 vars in 857 bytes} [Fri Jul 24 00:57:15 2026] GET /resource_providers/bf19a05f-83d0-4005-96a6-ab5be5e1ae39/allocations => generated 54 bytes in 19 msecs (HTTP/1.1 200) 6 headers in 223 bytes (1 switches on core 0)
2026-07-24 00:57:15.574 8 INFO placement.requestlog [req-dc2783ff-07ed-421d-a482-6a014d105ec7 req-3e875460-0eef-4afb-aa4b-61e8c3d732f0 566097aefa2043cea7e7552337e4c38e 5acdb1268aab41d89057804b12acf403 - - 6082f5ccd8584a99ae0aa9aab75e5495 6082f5ccd8584a99ae0aa9aab75e5495] 199.204.45.138 "GET /resource_providers/bf19a05f-83d0-4005-96a6-ab5be5e1ae39/allocations" status: 200 len: 54 microversion: 1.0 [pid: 8|app: 0|req: 306/614] 199.204.45.138 () {32 vars in 857 bytes} [Fri Jul 24 00:57:15 2026] GET /resource_providers/bf19a05f-83d0-4005-96a6-ab5be5e1ae39/allocations => generated 54 bytes in 20 msecs (HTTP/1.1 200) 6 headers in 223 bytes (1 switches on core 0)
2026-07-24 00:57:25.147 7 INFO placement.requestlog [None req-46ccca2a-ef17-4702-9879-ca692841c201 - - - - - -] 10.0.0.46 "GET /" status: 200 len: 136 microversion: 1.0
2026-07-24 00:57:25.147 8 INFO placement.requestlog [None req-d06a2f41-4aa8-44e4-ae86-0e967b4d9900 - - - - - -] 10.0.0.46 "GET /" status: 200 len: 136 microversion: 1.0
2026-07-24 00:57:35.147 7 INFO placement.requestlog [None req-b9069422-74fe-4869-b2ed-ab14e02d3bcf - - - - - -] 10.0.0.46 "GET /" status: 200 len: 136 microversion: 1.0
2026-07-24 00:57:35.148 8 INFO placement.requestlog [None req-a14f5ca0-fd71-46a5-bf6a-5a2716308290 - - - - - -] 10.0.0.46 "GET /" status: 200 len: 136 microversion: 1.0
2026-07-24 00:57:45.147 7 INFO placement.requestlog [None req-d4335855-06fb-4a8b-bab2-50e3f139e78d - - - - - -] 10.0.0.46 "GET /" status: 200 len: 136 microversion: 1.0
2026-07-24 00:57:45.147 8 INFO placement.requestlog [None req-b8d178ae-704b-45c9-800c-87f448c9c695 - - - - - -] 10.0.0.46 "GET /" status: 200 len: 136 microversion: 1.0
2026-07-24 00:57:55.147 8 INFO placement.requestlog [None req-c5e78ea6-47e8-4049-b348-f4205225cf90 - - - - - -] 10.0.0.46 "GET /" status: 200 len: 136 microversion: 1.0
2026-07-24 00:57:55.147 7 INFO placement.requestlog [None req-2f3f9977-e1b8-4bfc-bdca-b6e7636f3cb3 - - - - - -] 10.0.0.46 "GET /" status: 200 len: 136 microversion: 1.0
2026-07-24 00:58:05.147 7 INFO placement.requestlog [None req-018566e8-5eae-48ac-92df-5a1b0994ac9d - - - - - -] 10.0.0.46 "GET /" status: 200 len: 136 microversion: 1.0
2026-07-24 00:58:05.147 8 INFO placement.requestlog [None req-d791dd08-d818-40b1-946e-b41473d61b43 - - - - - -] 10.0.0.46 "GET /" status: 200 len: 136 microversion: 1.0
2026-07-24 00:58:15.146 7 INFO placement.requestlog [None req-c2b1caa2-d7e5-495c-b00b-cb0b948b313a - - - - - -] 10.0.0.46 "GET /" status: 200 len: 136 microversion: 1.0
2026-07-24 00:58:15.146 8 INFO placement.requestlog [None req-2783518c-48b3-4f23-ac3f-bb9c9d78b900 - - - - - -] 10.0.0.46 "GET /" status: 200 len: 136 microversion: 1.0
2026-07-24 00:58:15.803 7 INFO placement.requestlog [req-cf72a917-8aa7-4abd-99c7-0fc45b7d9f9d req-b4ff2146-45b3-4af4-a410-2771eb32bbf7 566097aefa2043cea7e7552337e4c38e 5acdb1268aab41d89057804b12acf403 - - 6082f5ccd8584a99ae0aa9aab75e5495 6082f5ccd8584a99ae0aa9aab75e5495] 199.204.45.138 "GET /resource_providers/bf19a05f-83d0-4005-96a6-ab5be5e1ae39/allocations" status: 200 len: 54 microversion: 1.0 [pid: 7|app: 0|req: 315/627] 199.204.45.138 () {32 vars in 857 bytes} [Fri Jul 24 00:58:15 2026] GET /resource_providers/bf19a05f-83d0-4005-96a6-ab5be5e1ae39/allocations => generated 54 bytes in 15 msecs (HTTP/1.1 200) 6 headers in 223 bytes (1 switches on core 0)
2026-07-24 00:58:15.844 8 INFO placement.requestlog [req-cf72a917-8aa7-4abd-99c7-0fc45b7d9f9d req-d9baeb62-5d76-4b62-bc09-5ac23a0c449d 566097aefa2043cea7e7552337e4c38e 5acdb1268aab41d89057804b12acf403 - - 6082f5ccd8584a99ae0aa9aab75e5495 6082f5ccd8584a99ae0aa9aab75e5495] 199.204.45.138 "GET /resource_providers/bf19a05f-83d0-4005-96a6-ab5be5e1ae39/allocations" status: 200 len: 54 microversion: 1.0 [pid: 8|app: 0|req: 313/628] 199.204.45.138 () {32 vars in 857 bytes} [Fri Jul 24 00:58:15 2026] GET /resource_providers/bf19a05f-83d0-4005-96a6-ab5be5e1ae39/allocations => generated 54 bytes in 30 msecs (HTTP/1.1 200) 6 headers in 223 bytes (1 switches on core 0)
2026-07-24 00:58:24.225 7 INFO placement.requestlog [req-eb77e179-aebb-47ba-92b4-9b78f5f22ffd req-7dd4a7b1-3749-428d-8514-fc0faf5ef6ed 566097aefa2043cea7e7552337e4c38e 5acdb1268aab41d89057804b12acf403 - - 6082f5ccd8584a99ae0aa9aab75e5495 6082f5ccd8584a99ae0aa9aab75e5495] 10.0.0.171 "GET /allocation_candidates?limit=1000&resources=DISK_GB%3A1%2CMEMORY_MB%3A512%2CVCPU%3A1&root_required=%21COMPUTE_STATUS_DISABLED" status: 200 len: 2147 microversion: 1.36 [pid: 7|app: 0|req: 316/629] 10.0.0.171 () {34 vars in 1012 bytes} [Fri Jul 24 00:58:23 2026] GET /allocation_candidates?limit=1000&resources=DISK_GB%3A1%2CMEMORY_MB%3A512%2CVCPU%3A1&root_required=%21COMPUTE_STATUS_DISABLED => generated 2147 bytes in 312 msecs (HTTP/1.1 200) 8 headers in 297 bytes (1 switches on core 0)
2026-07-24 00:58:24.265 8 INFO placement.requestlog [req-eb77e179-aebb-47ba-92b4-9b78f5f22ffd req-f2740489-f049-4eee-8fb2-dad618397c03 566097aefa2043cea7e7552337e4c38e 5acdb1268aab41d89057804b12acf403 - - 6082f5ccd8584a99ae0aa9aab75e5495 6082f5ccd8584a99ae0aa9aab75e5495] 10.0.0.171 "GET /allocations/886a675b-d8cd-480c-a29d-80fac927ad94" status: 200 len: 19 microversion: 1.28 [pid: 8|app: 0|req: 314/630] 10.0.0.171 () {34 vars in 861 bytes} [Fri Jul 24 00:58:24 2026] GET /allocations/886a675b-d8cd-480c-a29d-80fac927ad94 => generated 19 bytes in 14 msecs (HTTP/1.1 200) 8 headers in 295 bytes (1 switches on core 0)
2026-07-24 00:58:24.348 7 INFO placement.requestlog [req-eb77e179-aebb-47ba-92b4-9b78f5f22ffd req-85281a8a-3d28-4834-9405-67575f2a03fa 566097aefa2043cea7e7552337e4c38e 5acdb1268aab41d89057804b12acf403 - - 6082f5ccd8584a99ae0aa9aab75e5495 6082f5ccd8584a99ae0aa9aab75e5495] 10.0.0.171 "PUT /allocations/886a675b-d8cd-480c-a29d-80fac927ad94" status: 204 len: 0 microversion: 1.36 [pid: 7|app: 0|req: 317/631] 10.0.0.171 () {38 vars in 914 bytes} [Fri Jul 24 00:58:24 2026] PUT /allocations/886a675b-d8cd-480c-a29d-80fac927ad94 => generated 0 bytes in 74 msecs (HTTP/1.1 204) 5 headers in 199 bytes (1 switches on core 0)
2026-07-24 00:58:24.992 8 INFO placement.requestlog [req-eb77e179-aebb-47ba-92b4-9b78f5f22ffd req-c432bcd5-9fc2-4823-82f3-af79103810db 566097aefa2043cea7e7552337e4c38e 5acdb1268aab41d89057804b12acf403 - - 6082f5ccd8584a99ae0aa9aab75e5495 6082f5ccd8584a99ae0aa9aab75e5495] 199.204.45.138 "GET /allocations/886a675b-d8cd-480c-a29d-80fac927ad94" status: 200 len: 257 microversion: 1.28 [pid: 8|app: 0|req: 315/632] 199.204.45.138 () {34 vars in 863 bytes} [Fri Jul 24 00:58:24 2026] GET /allocations/886a675b-d8cd-480c-a29d-80fac927ad94 => generated 257 bytes in 26 msecs (HTTP/1.1 200) 8 headers in 296 bytes (1 switches on core 0)
2026-07-24 00:58:25.147 8 INFO placement.requestlog [None req-b15346bb-83d7-4b50-a4c6-6da8cc510f69 - - - - - -] 10.0.0.46 "GET /" status: 200 len: 136 microversion: 1.0
2026-07-24 00:58:25.149 8 INFO placement.requestlog [None req-6f22891f-82fd-47ea-9aa6-6fe20a1cc7ba - - - - - -] 10.0.0.46 "GET /" status: 200 len: 136 microversion: 1.0
2026-07-24 00:58:25.156 7 INFO placement.requestlog [req-eb77e179-aebb-47ba-92b4-9b78f5f22ffd req-9ffc49c1-1ad1-4a5f-bf5c-68f3196fce3f 566097aefa2043cea7e7552337e4c38e 5acdb1268aab41d89057804b12acf403 - - 6082f5ccd8584a99ae0aa9aab75e5495 6082f5ccd8584a99ae0aa9aab75e5495] 199.204.45.138 "GET /resource_providers/bf19a05f-83d0-4005-96a6-ab5be5e1ae39/allocations" status: 200 len: 152 microversion: 1.0 [pid: 7|app: 0|req: 318/635] 199.204.45.138 () {32 vars in 857 bytes} [Fri Jul 24 00:58:25 2026] GET /resource_providers/bf19a05f-83d0-4005-96a6-ab5be5e1ae39/allocations => generated 152 bytes in 24 msecs (HTTP/1.1 200) 6 headers in 224 bytes (1 switches on core 0)
2026-07-24 00:58:25.184 8 INFO placement.requestlog [req-eb77e179-aebb-47ba-92b4-9b78f5f22ffd req-16797ec3-c74a-4f40-90aa-ed98456a2de0 566097aefa2043cea7e7552337e4c38e 5acdb1268aab41d89057804b12acf403 - - 6082f5ccd8584a99ae0aa9aab75e5495 6082f5ccd8584a99ae0aa9aab75e5495] 199.204.45.138 "GET /allocations/886a675b-d8cd-480c-a29d-80fac927ad94" status: 200 len: 257 microversion: 1.28 [pid: 8|app: 0|req: 318/636] 199.204.45.138 () {34 vars in 863 bytes} [Fri Jul 24 00:58:25 2026] GET /allocations/886a675b-d8cd-480c-a29d-80fac927ad94 => generated 257 bytes in 18 msecs (HTTP/1.1 200) 8 headers in 296 bytes (1 switches on core 0)
2026-07-24 00:58:25.989 7 INFO placement.requestlog [None req-9011f402-c1ef-4fa5-bf66-f890f8a80072 72549b9df59b49a28628447f7b4057b2 5acdb1268aab41d89057804b12acf403 - - 6082f5ccd8584a99ae0aa9aab75e5495 6082f5ccd8584a99ae0aa9aab75e5495] 10.0.0.159 "GET /resource_providers/e4065b98-d6b4-4d8f-ab23-841da2fbb779/aggregates" status: 404 len: 235 microversion: 1.1 [pid: 7|app: 0|req: 319/637] 10.0.0.159 () {32 vars in 816 bytes} [Fri Jul 24 00:58:25 2026] GET /resource_providers/e4065b98-d6b4-4d8f-ab23-841da2fbb779/aggregates => generated 235 bytes in 225 msecs (HTTP/1.1 404) 5 headers in 202 bytes (1 switches on core 0)
2026-07-24 00:58:26.013 7 INFO placement.requestlog [None req-a2480b54-672b-48c4-a85c-e384b481d2c6 72549b9df59b49a28628447f7b4057b2 5acdb1268aab41d89057804b12acf403 - - 6082f5ccd8584a99ae0aa9aab75e5495 6082f5ccd8584a99ae0aa9aab75e5495] 10.0.0.159 "DELETE /resource_providers/e4065b98-d6b4-4d8f-ab23-841da2fbb779" status: 404 len: 246 microversion: 1.1 [pid: 7|app: 0|req: 320/638] 10.0.0.159 () {34 vars in 816 bytes} [Fri Jul 24 00:58:25 2026] DELETE /resource_providers/e4065b98-d6b4-4d8f-ab23-841da2fbb779 => generated 246 bytes in 17 msecs (HTTP/1.1 404) 6 headers in 231 bytes (1 switches on core 0)
2026-07-24 00:58:26.031 8 INFO placement.requestlog [None req-05d3d3fb-f2c2-466b-b7ec-466eaead65a1 72549b9df59b49a28628447f7b4057b2 5acdb1268aab41d89057804b12acf403 - - 6082f5ccd8584a99ae0aa9aab75e5495 6082f5ccd8584a99ae0aa9aab75e5495] 10.0.0.159 "GET /resource_providers/e4065b98-d6b4-4d8f-ab23-841da2fbb779/aggregates" status: 404 len: 235 microversion: 1.1 [pid: 8|app: 0|req: 319/639] 10.0.0.159 () {32 vars in 816 bytes} [Fri Jul 24 00:58:25 2026] GET /resource_providers/e4065b98-d6b4-4d8f-ab23-841da2fbb779/aggregates => generated 235 bytes in 266 msecs (HTTP/1.1 404) 5 headers in 202 bytes (1 switches on core 0)
2026-07-24 00:58:26.060 7 INFO placement.requestlog [None req-968fb24f-98cd-4a15-8aec-2f68e5865430 72549b9df59b49a28628447f7b4057b2 5acdb1268aab41d89057804b12acf403 - - 6082f5ccd8584a99ae0aa9aab75e5495 6082f5ccd8584a99ae0aa9aab75e5495] 10.0.0.159 "DELETE /resource_providers/e4065b98-d6b4-4d8f-ab23-841da2fbb779" status: 404 len: 246 microversion: 1.1 [pid: 7|app: 0|req: 321/640] 10.0.0.159 () {34 vars in 816 bytes} [Fri Jul 24 00:58:26 2026] DELETE /resource_providers/e4065b98-d6b4-4d8f-ab23-841da2fbb779 => generated 246 bytes in 19 msecs (HTTP/1.1 404) 6 headers in 231 bytes (1 switches on core 0)
2026-07-24 00:58:27.265 7 INFO placement.requestlog [None req-785229db-fec7-4344-b8b6-71580a4b70c5 72549b9df59b49a28628447f7b4057b2 5acdb1268aab41d89057804b12acf403 - - 6082f5ccd8584a99ae0aa9aab75e5495 6082f5ccd8584a99ae0aa9aab75e5495] 10.0.0.159 "GET /resource_providers/70b4b2c4-19bb-4cc1-987c-fdab78719d06/aggregates" status: 404 len: 235 microversion: 1.1 [pid: 7|app: 0|req: 322/641] 10.0.0.159 () {32 vars in 816 bytes} [Fri Jul 24 00:58:27 2026] GET /resource_providers/70b4b2c4-19bb-4cc1-987c-fdab78719d06/aggregates => generated 235 bytes in 190 msecs (HTTP/1.1 404) 5 headers in 202 bytes (1 switches on core 0)
2026-07-24 00:58:27.312 8 INFO placement.requestlog [None req-c686933a-ae2e-4d7c-b946-268899f2ce62 72549b9df59b49a28628447f7b4057b2 5acdb1268aab41d89057804b12acf403 - - 6082f5ccd8584a99ae0aa9aab75e5495 6082f5ccd8584a99ae0aa9aab75e5495] 10.0.0.159 "GET /resource_providers/70b4b2c4-19bb-4cc1-987c-fdab78719d06/aggregates" status: 404 len: 235 microversion: 1.1 [pid: 8|app: 0|req: 320/642] 10.0.0.159 () {32 vars in 816 bytes} [Fri Jul 24 00:58:27 2026] GET /resource_providers/70b4b2c4-19bb-4cc1-987c-fdab78719d06/aggregates => generated 235 bytes in 274 msecs (HTTP/1.1 404) 5 headers in 202 bytes (1 switches on core 0)
2026-07-24 00:58:27.818 7 INFO placement.requestlog [None req-6144d0dd-917f-4bc4-8f35-5fc044ba4cfb 72549b9df59b49a28628447f7b4057b2 5acdb1268aab41d89057804b12acf403 - - 6082f5ccd8584a99ae0aa9aab75e5495 6082f5ccd8584a99ae0aa9aab75e5495] 10.0.0.159 "DELETE /resource_providers/70b4b2c4-19bb-4cc1-987c-fdab78719d06" status: 404 len: 246 microversion: 1.1 [pid: 7|app: 0|req: 323/643] 10.0.0.159 () {34 vars in 816 bytes} [Fri Jul 24 00:58:27 2026] DELETE /resource_providers/70b4b2c4-19bb-4cc1-987c-fdab78719d06 => generated 246 bytes in 14 msecs (HTTP/1.1 404) 6 headers in 231 bytes (1 switches on core 0)
2026-07-24 00:58:27.819 8 INFO placement.requestlog [None req-255fd092-b722-48a1-9db7-27d1e4807c95 72549b9df59b49a28628447f7b4057b2 5acdb1268aab41d89057804b12acf403 - - 6082f5ccd8584a99ae0aa9aab75e5495 6082f5ccd8584a99ae0aa9aab75e5495] 10.0.0.159 "DELETE /resource_providers/70b4b2c4-19bb-4cc1-987c-fdab78719d06" status: 404 len: 246 microversion: 1.1 [pid: 8|app: 0|req: 321/644] 10.0.0.159 () {34 vars in 816 bytes} [Fri Jul 24 00:58:27 2026] DELETE /resource_providers/70b4b2c4-19bb-4cc1-987c-fdab78719d06 => generated 246 bytes in 14 msecs (HTTP/1.1 404) 6 headers in 231 bytes (1 switches on core 0)
2026-07-24 00:58:32.435 7 INFO placement.requestlog [req-ade0ddd6-cdc5-428e-a3cf-c59c30becc86 req-ab7fef54-c944-4844-8ee9-88c0a7e8f996 566097aefa2043cea7e7552337e4c38e 5acdb1268aab41d89057804b12acf403 - - 6082f5ccd8584a99ae0aa9aab75e5495 6082f5ccd8584a99ae0aa9aab75e5495] 10.0.0.171 "GET /allocation_candidates?limit=1000&resources=MEMORY_MB%3A512%2CVCPU%3A1&root_required=%21COMPUTE_STATUS_DISABLED" status: 200 len: 2135 microversion: 1.36 [pid: 7|app: 0|req: 324/645] 10.0.0.171 () {34 vars in 984 bytes} [Fri Jul 24 00:58:32 2026] GET /allocation_candidates?limit=1000&resources=MEMORY_MB%3A512%2CVCPU%3A1&root_required=%21COMPUTE_STATUS_DISABLED => generated 2135 bytes in 56 msecs (HTTP/1.1 200) 8 headers in 297 bytes (1 switches on core 0)
2026-07-24 00:58:32.493 8 INFO placement.requestlog [req-ade0ddd6-cdc5-428e-a3cf-c59c30becc86 req-1683ab5e-11ef-41fb-bed0-b758705332d4 566097aefa2043cea7e7552337e4c38e 5acdb1268aab41d89057804b12acf403 - - 6082f5ccd8584a99ae0aa9aab75e5495 6082f5ccd8584a99ae0aa9aab75e5495] 10.0.0.171 "GET /allocations/cd71cc5f-bde6-4980-b5de-4152e3e21ee6" status: 200 len: 19 microversion: 1.28 [pid: 8|app: 0|req: 322/646] 10.0.0.171 () {34 vars in 861 bytes} [Fri Jul 24 00:58:32 2026] GET /allocations/cd71cc5f-bde6-4980-b5de-4152e3e21ee6 => generated 19 bytes in 12 msecs (HTTP/1.1 200) 8 headers in 295 bytes (1 switches on core 0)
2026-07-24 00:58:32.579 7 INFO placement.requestlog [req-ade0ddd6-cdc5-428e-a3cf-c59c30becc86 req-84e9cf55-13c2-4d74-b117-beb47fcb5f51 566097aefa2043cea7e7552337e4c38e 5acdb1268aab41d89057804b12acf403 - - 6082f5ccd8584a99ae0aa9aab75e5495 6082f5ccd8584a99ae0aa9aab75e5495] 10.0.0.171 "PUT /allocations/cd71cc5f-bde6-4980-b5de-4152e3e21ee6" status: 204 len: 0 microversion: 1.36 [pid: 7|app: 0|req: 325/647] 10.0.0.171 () {38 vars in 914 bytes} [Fri Jul 24 00:58:32 2026] PUT /allocations/cd71cc5f-bde6-4980-b5de-4152e3e21ee6 => generated 0 bytes in 78 msecs (HTTP/1.1 204) 5 headers in 199 bytes (1 switches on core 0)
2026-07-24 00:58:33.130 8 INFO placement.requestlog [req-ade0ddd6-cdc5-428e-a3cf-c59c30becc86 req-c1094345-6193-4da2-ad94-a6fa30636ef5 566097aefa2043cea7e7552337e4c38e 5acdb1268aab41d89057804b12acf403 - - 6082f5ccd8584a99ae0aa9aab75e5495 6082f5ccd8584a99ae0aa9aab75e5495] 199.204.45.138 "GET /allocations/cd71cc5f-bde6-4980-b5de-4152e3e21ee6" status: 200 len: 243 microversion: 1.28 [pid: 8|app: 0|req: 323/648] 199.204.45.138 () {34 vars in 863 bytes} [Fri Jul 24 00:58:33 2026] GET /allocations/cd71cc5f-bde6-4980-b5de-4152e3e21ee6 => generated 243 bytes in 16 msecs (HTTP/1.1 200) 8 headers in 296 bytes (1 switches on core 0)
2026-07-24 00:58:33.253 7 INFO placement.requestlog [req-ade0ddd6-cdc5-428e-a3cf-c59c30becc86 req-f330adf4-f553-4033-9fe7-67a4f48ee635 566097aefa2043cea7e7552337e4c38e 5acdb1268aab41d89057804b12acf403 - - 6082f5ccd8584a99ae0aa9aab75e5495 6082f5ccd8584a99ae0aa9aab75e5495] 199.204.45.138 "GET /resource_providers/bf19a05f-83d0-4005-96a6-ab5be5e1ae39/allocations" status: 200 len: 238 microversion: 1.0 [pid: 7|app: 0|req: 326/649] 199.204.45.138 () {32 vars in 857 bytes} [Fri Jul 24 00:58:33 2026] GET /resource_providers/bf19a05f-83d0-4005-96a6-ab5be5e1ae39/allocations => generated 238 bytes in 19 msecs (HTTP/1.1 200) 6 headers in 224 bytes (1 switches on core 0)
2026-07-24 00:58:33.273 8 INFO placement.requestlog [req-ade0ddd6-cdc5-428e-a3cf-c59c30becc86 req-f1af85c7-b35a-4538-863b-b44ec9bda26b 566097aefa2043cea7e7552337e4c38e 5acdb1268aab41d89057804b12acf403 - - 6082f5ccd8584a99ae0aa9aab75e5495 6082f5ccd8584a99ae0aa9aab75e5495] 199.204.45.138 "GET /allocations/886a675b-d8cd-480c-a29d-80fac927ad94" status: 200 len: 257 microversion: 1.28 [pid: 8|app: 0|req: 324/650] 199.204.45.138 () {34 vars in 863 bytes} [Fri Jul 24 00:58:33 2026] GET /allocations/886a675b-d8cd-480c-a29d-80fac927ad94 => generated 257 bytes in 13 msecs (HTTP/1.1 200) 8 headers in 296 bytes (1 switches on core 0)
2026-07-24 00:58:33.296 7 INFO placement.requestlog [req-ade0ddd6-cdc5-428e-a3cf-c59c30becc86 req-58029959-ad38-4d2d-a5bb-c09a4d0a3f48 566097aefa2043cea7e7552337e4c38e 5acdb1268aab41d89057804b12acf403 - - 6082f5ccd8584a99ae0aa9aab75e5495 6082f5ccd8584a99ae0aa9aab75e5495] 199.204.45.138 "GET /allocations/cd71cc5f-bde6-4980-b5de-4152e3e21ee6" status: 200 len: 243 microversion: 1.28 [pid: 7|app: 0|req: 327/651] 199.204.45.138 () {34 vars in 863 bytes} [Fri Jul 24 00:58:33 2026] GET /allocations/cd71cc5f-bde6-4980-b5de-4152e3e21ee6 => generated 243 bytes in 18 msecs (HTTP/1.1 200) 8 headers in 296 bytes (1 switches on core 0)
2026-07-24 00:58:35.149 8 INFO placement.requestlog [None req-3707a27b-e86c-48e0-9f13-4eb0ce019b64 - - - - - -] 10.0.0.46 "GET /" status: 200 len: 136 microversion: 1.0
2026-07-24 00:58:35.150 7 INFO placement.requestlog [None req-839de9d7-9859-4593-a1b2-965bd4075fba - - - - - -] 10.0.0.46 "GET /" status: 200 len: 136 microversion: 1.0
2026-07-24 00:58:37.489 8 INFO placement.requestlog [None req-8bfe5d15-48e5-4b60-b478-58f6a299726a 72549b9df59b49a28628447f7b4057b2 5acdb1268aab41d89057804b12acf403 - - 6082f5ccd8584a99ae0aa9aab75e5495 6082f5ccd8584a99ae0aa9aab75e5495] 10.0.0.159 "GET /resource_providers/66182d53-2565-4a1c-b5a1-4c9601aa399f/aggregates" status: 404 len: 235 microversion: 1.1 [pid: 8|app: 0|req: 326/654] 10.0.0.159 () {32 vars in 816 bytes} [Fri Jul 24 00:58:37 2026] GET /resource_providers/66182d53-2565-4a1c-b5a1-4c9601aa399f/aggregates => generated 235 bytes in 11 msecs (HTTP/1.1 404) 5 headers in 202 bytes (1 switches on core 0)
2026-07-24 00:58:37.495 7 INFO placement.requestlog [None req-9ba00299-08dc-4a6f-82e3-c56af7eaad19 72549b9df59b49a28628447f7b4057b2 5acdb1268aab41d89057804b12acf403 - - 6082f5ccd8584a99ae0aa9aab75e5495 6082f5ccd8584a99ae0aa9aab75e5495] 10.0.0.159 "GET /resource_providers/66182d53-2565-4a1c-b5a1-4c9601aa399f/aggregates" status: 404 len: 235 microversion: 1.1 [pid: 7|app: 0|req: 329/655] 10.0.0.159 () {32 vars in 816 bytes} [Fri Jul 24 00:58:37 2026] GET /resource_providers/66182d53-2565-4a1c-b5a1-4c9601aa399f/aggregates => generated 235 bytes in 12 msecs (HTTP/1.1 404) 5 headers in 202 bytes (1 switches on core 0)
2026-07-24 00:58:37.505 8 INFO placement.requestlog [None req-6895f195-0fd1-4921-b09b-49594291d2d9 72549b9df59b49a28628447f7b4057b2 5acdb1268aab41d89057804b12acf403 - - 6082f5ccd8584a99ae0aa9aab75e5495 6082f5ccd8584a99ae0aa9aab75e5495] 10.0.0.159 "DELETE /resource_providers/66182d53-2565-4a1c-b5a1-4c9601aa399f" status: 404 len: 246 microversion: 1.1 [pid: 8|app: 0|req: 327/656] 10.0.0.159 () {34 vars in 816 bytes} [Fri Jul 24 00:58:37 2026] DELETE /resource_providers/66182d53-2565-4a1c-b5a1-4c9601aa399f => generated 246 bytes in 9 msecs (HTTP/1.1 404) 6 headers in 231 bytes (1 switches on core 0)
2026-07-24 00:58:37.523 7 INFO placement.requestlog [None req-0640e268-560e-4383-831e-857fc3ff9cf2 72549b9df59b49a28628447f7b4057b2 5acdb1268aab41d89057804b12acf403 - - 6082f5ccd8584a99ae0aa9aab75e5495 6082f5ccd8584a99ae0aa9aab75e5495] 10.0.0.159 "DELETE /resource_providers/66182d53-2565-4a1c-b5a1-4c9601aa399f" status: 404 len: 246 microversion: 1.1 [pid: 7|app: 0|req: 330/657] 10.0.0.159 () {34 vars in 816 bytes} [Fri Jul 24 00:58:37 2026] DELETE /resource_providers/66182d53-2565-4a1c-b5a1-4c9601aa399f => generated 246 bytes in 12 msecs (HTTP/1.1 404) 6 headers in 231 bytes (1 switches on core 0)
2026-07-24 00:58:41.086 8 INFO placement.requestlog [None req-f166264f-fe49-43ae-a735-b391cd342563 72549b9df59b49a28628447f7b4057b2 5acdb1268aab41d89057804b12acf403 - - 6082f5ccd8584a99ae0aa9aab75e5495 6082f5ccd8584a99ae0aa9aab75e5495] 10.0.0.159 "GET /resource_providers/c0babd15-b1ef-4f87-8e14-bd61d2d7e215/aggregates" status: 404 len: 235 microversion: 1.1 [pid: 8|app: 0|req: 328/658] 10.0.0.159 () {32 vars in 816 bytes} [Fri Jul 24 00:58:41 2026] GET /resource_providers/c0babd15-b1ef-4f87-8e14-bd61d2d7e215/aggregates => generated 235 bytes in 13 msecs (HTTP/1.1 404) 5 headers in 202 bytes (1 switches on core 0)
2026-07-24 00:58:41.100 7 INFO placement.requestlog [None req-9e473be9-165d-4230-afff-24ce04a4e7d5 72549b9df59b49a28628447f7b4057b2 5acdb1268aab41d89057804b12acf403 - - 6082f5ccd8584a99ae0aa9aab75e5495 6082f5ccd8584a99ae0aa9aab75e5495] 10.0.0.159 "GET /resource_providers/c0babd15-b1ef-4f87-8e14-bd61d2d7e215/aggregates" status: 404 len: 235 microversion: 1.1 [pid: 7|app: 0|req: 331/659] 10.0.0.159 () {32 vars in 816 bytes} [Fri Jul 24 00:58:41 2026] GET /resource_providers/c0babd15-b1ef-4f87-8e14-bd61d2d7e215/aggregates => generated 235 bytes in 17 msecs (HTTP/1.1 404) 5 headers in 202 bytes (1 switches on core 0)
2026-07-24 00:58:41.138 8 INFO placement.requestlog [None req-3d045980-3a65-4f82-97c2-2da8c9973970 72549b9df59b49a28628447f7b4057b2 5acdb1268aab41d89057804b12acf403 - - 6082f5ccd8584a99ae0aa9aab75e5495 6082f5ccd8584a99ae0aa9aab75e5495] 10.0.0.159 "DELETE /resource_providers/c0babd15-b1ef-4f87-8e14-bd61d2d7e215" status: 404 len: 246 microversion: 1.1 [pid: 8|app: 0|req: 329/660] 10.0.0.159 () {34 vars in 816 bytes} [Fri Jul 24 00:58:41 2026] DELETE /resource_providers/c0babd15-b1ef-4f87-8e14-bd61d2d7e215 => generated 246 bytes in 20 msecs (HTTP/1.1 404) 6 headers in 231 bytes (1 switches on core 0)
2026-07-24 00:58:41.139 7 INFO placement.requestlog [None req-f7489426-b5e4-4f45-9466-8d1a51a6e407 72549b9df59b49a28628447f7b4057b2 5acdb1268aab41d89057804b12acf403 - - 6082f5ccd8584a99ae0aa9aab75e5495 6082f5ccd8584a99ae0aa9aab75e5495] 10.0.0.159 "DELETE /resource_providers/c0babd15-b1ef-4f87-8e14-bd61d2d7e215" status: 404 len: 246 microversion: 1.1 [pid: 7|app: 0|req: 332/661] 10.0.0.159 () {34 vars in 816 bytes} [Fri Jul 24 00:58:41 2026] DELETE /resource_providers/c0babd15-b1ef-4f87-8e14-bd61d2d7e215 => generated 246 bytes in 12 msecs (HTTP/1.1 404) 6 headers in 231 bytes (1 switches on core 0)
2026-07-24 00:58:43.868 7 INFO placement.requestlog [None req-ffd54fed-81cc-475b-8c4b-91126b39e15a 72549b9df59b49a28628447f7b4057b2 5acdb1268aab41d89057804b12acf403 - - 6082f5ccd8584a99ae0aa9aab75e5495 6082f5ccd8584a99ae0aa9aab75e5495] 10.0.0.159 "GET /resource_providers/920319a5-f1a3-4471-9b21-526410395510/aggregates" status: 404 len: 235 microversion: 1.1 [pid: 7|app: 0|req: 333/662] 10.0.0.159 () {32 vars in 816 bytes} [Fri Jul 24 00:58:43 2026] GET /resource_providers/920319a5-f1a3-4471-9b21-526410395510/aggregates => generated 235 bytes in 13 msecs (HTTP/1.1 404) 5 headers in 202 bytes (1 switches on core 0)
2026-07-24 00:58:43.869 8 INFO placement.requestlog [None req-739dd835-fdbd-435a-be0e-90ea8380603b 72549b9df59b49a28628447f7b4057b2 5acdb1268aab41d89057804b12acf403 - - 6082f5ccd8584a99ae0aa9aab75e5495 6082f5ccd8584a99ae0aa9aab75e5495] 10.0.0.159 "GET /resource_providers/920319a5-f1a3-4471-9b21-526410395510/aggregates" status: 404 len: 235 microversion: 1.1 [pid: 8|app: 0|req: 330/663] 10.0.0.159 () {32 vars in 816 bytes} [Fri Jul 24 00:58:43 2026] GET /resource_providers/920319a5-f1a3-4471-9b21-526410395510/aggregates => generated 235 bytes in 14 msecs (HTTP/1.1 404) 5 headers in 202 bytes (1 switches on core 0)
2026-07-24 00:58:43.917 8 INFO placement.requestlog [None req-9cd38bca-2c3c-4c4d-afc5-5ea10bada628 72549b9df59b49a28628447f7b4057b2 5acdb1268aab41d89057804b12acf403 - - 6082f5ccd8584a99ae0aa9aab75e5495 6082f5ccd8584a99ae0aa9aab75e5495] 10.0.0.159 "DELETE /resource_providers/920319a5-f1a3-4471-9b21-526410395510" status: 404 len: 246 microversion: 1.1 [pid: 8|app: 0|req: 331/664] 10.0.0.159 () {34 vars in 816 bytes} [Fri Jul 24 00:58:43 2026] DELETE /resource_providers/920319a5-f1a3-4471-9b21-526410395510 => generated 246 bytes in 14 msecs (HTTP/1.1 404) 6 headers in 231 bytes (1 switches on core 0)
2026-07-24 00:58:43.921 7 INFO placement.requestlog [None req-f2311b55-a53a-40ad-a6a4-0dd418207af7 72549b9df59b49a28628447f7b4057b2 5acdb1268aab41d89057804b12acf403 - - 6082f5ccd8584a99ae0aa9aab75e5495 6082f5ccd8584a99ae0aa9aab75e5495] 10.0.0.159 "DELETE /resource_providers/920319a5-f1a3-4471-9b21-526410395510" status: 404 len: 246 microversion: 1.1 [pid: 7|app: 0|req: 334/665] 10.0.0.159 () {34 vars in 816 bytes} [Fri Jul 24 00:58:43 2026] DELETE /resource_providers/920319a5-f1a3-4471-9b21-526410395510 => generated 246 bytes in 18 msecs (HTTP/1.1 404) 6 headers in 231 bytes (1 switches on core 0)
2026-07-24 00:58:43.945 8 INFO placement.requestlog [req-e066ea43-54bc-4e87-9f60-64eb20e930a5 req-08bcf047-80b2-44dd-bf0d-9c0fc7c6001b 566097aefa2043cea7e7552337e4c38e 5acdb1268aab41d89057804b12acf403 - - 6082f5ccd8584a99ae0aa9aab75e5495 6082f5ccd8584a99ae0aa9aab75e5495] 199.204.45.138 "GET /resource_providers/bf19a05f-83d0-4005-96a6-ab5be5e1ae39/allocations" status: 200 len: 238 microversion: 1.0 [pid: 8|app: 0|req: 332/666] 199.204.45.138 () {32 vars in 857 bytes} [Fri Jul 24 00:58:43 2026] GET /resource_providers/bf19a05f-83d0-4005-96a6-ab5be5e1ae39/allocations => generated 238 bytes in 27 msecs (HTTP/1.1 200) 6 headers in 224 bytes (1 switches on core 0)
2026-07-24 00:58:43.970 7 INFO placement.requestlog [req-e066ea43-54bc-4e87-9f60-64eb20e930a5 req-2831b974-3a75-43b7-8ba4-dd7b7bd8c36c 566097aefa2043cea7e7552337e4c38e 5acdb1268aab41d89057804b12acf403 - - 6082f5ccd8584a99ae0aa9aab75e5495 6082f5ccd8584a99ae0aa9aab75e5495] 199.204.45.138 "GET /allocations/886a675b-d8cd-480c-a29d-80fac927ad94" status: 200 len: 257 microversion: 1.28 [pid: 7|app: 0|req: 335/667] 199.204.45.138 () {34 vars in 863 bytes} [Fri Jul 24 00:58:43 2026] GET /allocations/886a675b-d8cd-480c-a29d-80fac927ad94 => generated 257 bytes in 15 msecs (HTTP/1.1 200) 8 headers in 296 bytes (1 switches on core 0)
2026-07-24 00:58:43.998 8 INFO placement.requestlog [req-e066ea43-54bc-4e87-9f60-64eb20e930a5 req-1a1a36d6-b545-47ee-8ebd-9ebd47769896 566097aefa2043cea7e7552337e4c38e 5acdb1268aab41d89057804b12acf403 - - 6082f5ccd8584a99ae0aa9aab75e5495 6082f5ccd8584a99ae0aa9aab75e5495] 199.204.45.138 "GET /allocations/cd71cc5f-bde6-4980-b5de-4152e3e21ee6" status: 200 len: 243 microversion: 1.28 [pid: 8|app: 0|req: 333/668] 199.204.45.138 () {34 vars in 863 bytes} [Fri Jul 24 00:58:43 2026] GET /allocations/cd71cc5f-bde6-4980-b5de-4152e3e21ee6 => generated 243 bytes in 17 msecs (HTTP/1.1 200) 8 headers in 296 bytes (1 switches on core 0)
2026-07-24 00:58:44.110 7 INFO placement.requestlog [req-e066ea43-54bc-4e87-9f60-64eb20e930a5 req-02449d50-300c-4a5a-9623-57f008974ff0 566097aefa2043cea7e7552337e4c38e 5acdb1268aab41d89057804b12acf403 - - 6082f5ccd8584a99ae0aa9aab75e5495 6082f5ccd8584a99ae0aa9aab75e5495] 199.204.45.138 "DELETE /allocations/cd71cc5f-bde6-4980-b5de-4152e3e21ee6" status: 204 len: 0 microversion: 1.0 [pid: 7|app: 0|req: 336/669] 199.204.45.138 () {34 vars in 841 bytes} [Fri Jul 24 00:58:44 2026] DELETE /allocations/cd71cc5f-bde6-4980-b5de-4152e3e21ee6 => generated 0 bytes in 47 msecs (HTTP/1.1 204) 5 headers in 198 bytes (1 switches on core 0)
2026-07-24 00:58:44.574 8 INFO placement.requestlog [None req-ed7b6547-1bab-45b1-bfb9-5ba3447a8750 72549b9df59b49a28628447f7b4057b2 5acdb1268aab41d89057804b12acf403 - - 6082f5ccd8584a99ae0aa9aab75e5495 6082f5ccd8584a99ae0aa9aab75e5495] 10.0.0.159 "GET /resource_providers/93a06a39-83f8-4dfa-a4dd-50e1eeb83093/aggregates" status: 404 len: 235 microversion: 1.1 [pid: 8|app: 0|req: 334/670] 10.0.0.159 () {32 vars in 816 bytes} [Fri Jul 24 00:58:44 2026] GET /resource_providers/93a06a39-83f8-4dfa-a4dd-50e1eeb83093/aggregates => generated 235 bytes in 11 msecs (HTTP/1.1 404) 5 headers in 202 bytes (1 switches on core 0)
2026-07-24 00:58:44.578 7 INFO placement.requestlog [None req-5f06c210-8dbb-4dd7-88a0-6c68bf97c098 72549b9df59b49a28628447f7b4057b2 5acdb1268aab41d89057804b12acf403 - - 6082f5ccd8584a99ae0aa9aab75e5495 6082f5ccd8584a99ae0aa9aab75e5495] 10.0.0.159 "GET /resource_providers/93a06a39-83f8-4dfa-a4dd-50e1eeb83093/aggregates" status: 404 len: 235 microversion: 1.1 [pid: 7|app: 0|req: 337/671] 10.0.0.159 () {32 vars in 816 bytes} [Fri Jul 24 00:58:44 2026] GET /resource_providers/93a06a39-83f8-4dfa-a4dd-50e1eeb83093/aggregates => generated 235 bytes in 15 msecs (HTTP/1.1 404) 5 headers in 202 bytes (1 switches on core 0)
2026-07-24 00:58:44.601 8 INFO placement.requestlog [None req-5a3a19a1-ba53-4f8f-8d2a-15e39c0daf5f 72549b9df59b49a28628447f7b4057b2 5acdb1268aab41d89057804b12acf403 - - 6082f5ccd8584a99ae0aa9aab75e5495 6082f5ccd8584a99ae0aa9aab75e5495] 10.0.0.159 "DELETE /resource_providers/93a06a39-83f8-4dfa-a4dd-50e1eeb83093" status: 404 len: 246 microversion: 1.1 [pid: 8|app: 0|req: 335/672] 10.0.0.159 () {34 vars in 816 bytes} [Fri Jul 24 00:58:44 2026] DELETE /resource_providers/93a06a39-83f8-4dfa-a4dd-50e1eeb83093 => generated 246 bytes in 14 msecs (HTTP/1.1 404) 6 headers in 231 bytes (1 switches on core 0)
2026-07-24 00:58:44.609 7 INFO placement.requestlog [None req-e11722b6-2675-4e90-948f-81161cf6dbf5 72549b9df59b49a28628447f7b4057b2 5acdb1268aab41d89057804b12acf403 - - 6082f5ccd8584a99ae0aa9aab75e5495 6082f5ccd8584a99ae0aa9aab75e5495] 10.0.0.159 "DELETE /resource_providers/93a06a39-83f8-4dfa-a4dd-50e1eeb83093" status: 404 len: 246 microversion: 1.1 [pid: 7|app: 0|req: 338/673] 10.0.0.159 () {34 vars in 816 bytes} [Fri Jul 24 00:58:44 2026] DELETE /resource_providers/93a06a39-83f8-4dfa-a4dd-50e1eeb83093 => generated 246 bytes in 9 msecs (HTTP/1.1 404) 6 headers in 231 bytes (1 switches on core 0)
2026-07-24 00:58:45.146 8 INFO placement.requestlog [None req-dcdd40d1-7579-45d0-95bb-f83494953319 - - - - - -] 10.0.0.46 "GET /" status: 200 len: 136 microversion: 1.0
2026-07-24 00:58:45.147 7 INFO placement.requestlog [None req-b9e20137-9f67-4a0a-a3f7-d7897097375c - - - - - -] 10.0.0.46 "GET /" status: 200 len: 136 microversion: 1.0
2026-07-24 00:58:46.788 7 INFO placement.requestlog [None req-b5061250-4d12-4196-982f-a999a0fbe7dd 72549b9df59b49a28628447f7b4057b2 5acdb1268aab41d89057804b12acf403 - - 6082f5ccd8584a99ae0aa9aab75e5495 6082f5ccd8584a99ae0aa9aab75e5495] 10.0.0.159 "GET /resource_providers/4eec5fc3-12b3-461f-84b4-1016492df808/aggregates" status: 404 len: 235 microversion: 1.1 [pid: 7|app: 0|req: 340/676] 10.0.0.159 () {32 vars in 816 bytes} [Fri Jul 24 00:58:46 2026] GET /resource_providers/4eec5fc3-12b3-461f-84b4-1016492df808/aggregates => generated 235 bytes in 9 msecs (HTTP/1.1 404) 5 headers in 202 bytes (1 switches on core 0)
2026-07-24 00:58:46.789 8 INFO placement.requestlog [None req-08ab89c8-2136-45ca-83a0-6dc9ee0c92e7 72549b9df59b49a28628447f7b4057b2 5acdb1268aab41d89057804b12acf403 - - 6082f5ccd8584a99ae0aa9aab75e5495 6082f5ccd8584a99ae0aa9aab75e5495] 10.0.0.159 "GET /resource_providers/4eec5fc3-12b3-461f-84b4-1016492df808/aggregates" status: 404 len: 235 microversion: 1.1 [pid: 8|app: 0|req: 337/677] 10.0.0.159 () {32 vars in 816 bytes} [Fri Jul 24 00:58:46 2026] GET /resource_providers/4eec5fc3-12b3-461f-84b4-1016492df808/aggregates => generated 235 bytes in 10 msecs (HTTP/1.1 404) 5 headers in 202 bytes (1 switches on core 0)
2026-07-24 00:58:46.832 7 INFO placement.requestlog [None req-23532ec8-136d-4833-9c1f-39617036297a 72549b9df59b49a28628447f7b4057b2 5acdb1268aab41d89057804b12acf403 - - 6082f5ccd8584a99ae0aa9aab75e5495 6082f5ccd8584a99ae0aa9aab75e5495] 10.0.0.159 "DELETE /resource_providers/4eec5fc3-12b3-461f-84b4-1016492df808" status: 404 len: 246 microversion: 1.1
2026-07-24 00:58:46.832 8 INFO placement.requestlog [None req-8007c5f4-4caa-41b3-930b-cd91613d48d8 72549b9df59b49a28628447f7b4057b2 5acdb1268aab41d89057804b12acf403 - - 6082f5ccd8584a99ae0aa9aab75e5495 6082f5ccd8584a99ae0aa9aab75e5495] 10.0.0.159 "DELETE /resource_providers/4eec5fc3-12b3-461f-84b4-1016492df808" status: 404 len: 246 microversion: 1.1 [pid: 7|app: 0|req: 341/678] 10.0.0.159 () {34 vars in 816 bytes} [Fri Jul 24 00:58:46 2026] DELETE /resource_providers/4eec5fc3-12b3-461f-84b4-1016492df808 => generated 246 bytes in 18 msecs (HTTP/1.1 404) 6 headers in 231 bytes (1 switches on core 0) [pid: 8|app: 0|req: 338/679] 10.0.0.159 () {34 vars in 816 bytes} [Fri Jul 24 00:58:46 2026] DELETE /resource_providers/4eec5fc3-12b3-461f-84b4-1016492df808 => generated 246 bytes in 16 msecs (HTTP/1.1 404) 6 headers in 231 bytes (1 switches on core 0)
2026-07-24 00:58:48.879 7 INFO placement.requestlog [None req-5936a575-049e-4c9c-a7ea-796da18944b1 72549b9df59b49a28628447f7b4057b2 5acdb1268aab41d89057804b12acf403 - - 6082f5ccd8584a99ae0aa9aab75e5495 6082f5ccd8584a99ae0aa9aab75e5495] 10.0.0.159 "GET /resource_providers/fe83b269-d167-4eed-a7f3-a7ce52ea44b7/aggregates" status: 404 len: 235 microversion: 1.1 [pid: 7|app: 0|req: 342/680] 10.0.0.159 () {32 vars in 816 bytes} [Fri Jul 24 00:58:48 2026] GET /resource_providers/fe83b269-d167-4eed-a7f3-a7ce52ea44b7/aggregates => generated 235 bytes in 11 msecs (HTTP/1.1 404) 5 headers in 202 bytes (1 switches on core 0)
2026-07-24 00:58:48.884 8 INFO placement.requestlog [None req-6f767433-d0c0-4081-88cd-64b207ea4288 72549b9df59b49a28628447f7b4057b2 5acdb1268aab41d89057804b12acf403 - - 6082f5ccd8584a99ae0aa9aab75e5495 6082f5ccd8584a99ae0aa9aab75e5495] 10.0.0.159 "GET /resource_providers/fe83b269-d167-4eed-a7f3-a7ce52ea44b7/aggregates" status: 404 len: 235 microversion: 1.1 [pid: 8|app: 0|req: 339/681] 10.0.0.159 () {32 vars in 816 bytes} [Fri Jul 24 00:58:48 2026] GET /resource_providers/fe83b269-d167-4eed-a7f3-a7ce52ea44b7/aggregates => generated 235 bytes in 14 msecs (HTTP/1.1 404) 5 headers in 202 bytes (1 switches on core 0)
2026-07-24 00:58:48.907 8 INFO placement.requestlog [None req-8f4fd311-010e-4eef-82ff-1d4f87e0baf2 72549b9df59b49a28628447f7b4057b2 5acdb1268aab41d89057804b12acf403 - - 6082f5ccd8584a99ae0aa9aab75e5495 6082f5ccd8584a99ae0aa9aab75e5495] 10.0.0.159 "DELETE /resource_providers/fe83b269-d167-4eed-a7f3-a7ce52ea44b7" status: 404 len: 246 microversion: 1.1 [pid: 8|app: 0|req: 340/682] 10.0.0.159 () {34 vars in 816 bytes} [Fri Jul 24 00:58:48 2026] DELETE /resource_providers/fe83b269-d167-4eed-a7f3-a7ce52ea44b7 => generated 246 bytes in 12 msecs (HTTP/1.1 404) 6 headers in 231 bytes (1 switches on core 0)
2026-07-24 00:58:48.909 7 INFO placement.requestlog [None req-092cf38f-dabe-42e3-b492-ec15dd7df473 72549b9df59b49a28628447f7b4057b2 5acdb1268aab41d89057804b12acf403 - - 6082f5ccd8584a99ae0aa9aab75e5495 6082f5ccd8584a99ae0aa9aab75e5495] 10.0.0.159 "DELETE /resource_providers/fe83b269-d167-4eed-a7f3-a7ce52ea44b7" status: 404 len: 246 microversion: 1.1 [pid: 7|app: 0|req: 343/683] 10.0.0.159 () {34 vars in 816 bytes} [Fri Jul 24 00:58:48 2026] DELETE /resource_providers/fe83b269-d167-4eed-a7f3-a7ce52ea44b7 => generated 246 bytes in 15 msecs (HTTP/1.1 404) 6 headers in 231 bytes (1 switches on core 0)
2026-07-24 00:58:50.960 7 INFO placement.requestlog [None req-0e292004-6f9a-419e-95cd-ef22e6424bf4 72549b9df59b49a28628447f7b4057b2 5acdb1268aab41d89057804b12acf403 - - 6082f5ccd8584a99ae0aa9aab75e5495 6082f5ccd8584a99ae0aa9aab75e5495] 10.0.0.159 "GET /resource_providers/1ebc0b9b-80e3-4d58-aaf4-248177e5a5b8/aggregates" status: 404 len: 235 microversion: 1.1
2026-07-24 00:58:50.960 8 INFO placement.requestlog [None req-ea4623d9-36f4-4f73-99fd-def2330fe179 72549b9df59b49a28628447f7b4057b2 5acdb1268aab41d89057804b12acf403 - - 6082f5ccd8584a99ae0aa9aab75e5495 6082f5ccd8584a99ae0aa9aab75e5495] 10.0.0.159 "GET /resource_providers/1ebc0b9b-80e3-4d58-aaf4-248177e5a5b8/aggregates" status: 404 len: 235 microversion: 1.1 [pid: 7|app: 0|req: 344/684] 10.0.0.159 () {32 vars in 816 bytes} [Fri Jul 24 00:58:50 2026] GET /resource_providers/1ebc0b9b-80e3-4d58-aaf4-248177e5a5b8/aggregates => generated 235 bytes in 22 msecs (HTTP/1.1 404) 5 headers in 202 bytes (1 switches on core 0) [pid: 8|app: 0|req: 341/685] 10.0.0.159 () {32 vars in 816 bytes} [Fri Jul 24 00:58:50 2026] GET /resource_providers/1ebc0b9b-80e3-4d58-aaf4-248177e5a5b8/aggregates => generated 235 bytes in 22 msecs (HTTP/1.1 404) 5 headers in 202 bytes (1 switches on core 0)
2026-07-24 00:58:50.986 8 INFO placement.requestlog [None req-c0922bc4-94c1-4e3e-b2e2-858bd11b958b 72549b9df59b49a28628447f7b4057b2 5acdb1268aab41d89057804b12acf403 - - 6082f5ccd8584a99ae0aa9aab75e5495 6082f5ccd8584a99ae0aa9aab75e5495] 10.0.0.159 "DELETE /resource_providers/1ebc0b9b-80e3-4d58-aaf4-248177e5a5b8" status: 404 len: 246 microversion: 1.1 [pid: 8|app: 0|req: 342/686] 10.0.0.159 () {34 vars in 816 bytes} [Fri Jul 24 00:58:50 2026] DELETE /resource_providers/1ebc0b9b-80e3-4d58-aaf4-248177e5a5b8 => generated 246 bytes in 11 msecs (HTTP/1.1 404) 6 headers in 231 bytes (1 switches on core 0)
2026-07-24 00:58:50.990 7 INFO placement.requestlog [None req-b3d189b8-fe39-48bb-8ae9-66c6f61efe4f 72549b9df59b49a28628447f7b4057b2 5acdb1268aab41d89057804b12acf403 - - 6082f5ccd8584a99ae0aa9aab75e5495 6082f5ccd8584a99ae0aa9aab75e5495] 10.0.0.159 "DELETE /resource_providers/1ebc0b9b-80e3-4d58-aaf4-248177e5a5b8" status: 404 len: 246 microversion: 1.1 [pid: 7|app: 0|req: 345/687] 10.0.0.159 () {34 vars in 816 bytes} [Fri Jul 24 00:58:50 2026] DELETE /resource_providers/1ebc0b9b-80e3-4d58-aaf4-248177e5a5b8 => generated 246 bytes in 16 msecs (HTTP/1.1 404) 6 headers in 231 bytes (1 switches on core 0)
2026-07-24 00:58:55.147 8 INFO placement.requestlog [None req-c2952a3b-e890-465f-8438-b4aa3b527212 - - - - - -] 10.0.0.46 "GET /" status: 200 len: 136 microversion: 1.0
2026-07-24 00:58:55.149 7 INFO placement.requestlog [None req-a0f0eac8-603c-401a-bc63-dc7693b77f56 - - - - - -] 10.0.0.46 "GET /" status: 200 len: 136 microversion: 1.0
2026-07-24 00:58:57.012 8 INFO placement.requestlog [req-089c169a-51f7-4df8-8d82-27278eac6437 req-f4ff1eb6-bc30-4881-bb43-9682be1cddd2 566097aefa2043cea7e7552337e4c38e 5acdb1268aab41d89057804b12acf403 - - 6082f5ccd8584a99ae0aa9aab75e5495 6082f5ccd8584a99ae0aa9aab75e5495] 10.0.0.171 "GET /allocation_candidates?limit=1000&resources=DISK_GB%3A1%2CMEMORY_MB%3A512%2CVCPU%3A1&root_required=%21COMPUTE_STATUS_DISABLED" status: 200 len: 2149 microversion: 1.36 [pid: 8|app: 0|req: 344/690] 10.0.0.171 () {34 vars in 1012 bytes} [Fri Jul 24 00:58:56 2026] GET /allocation_candidates?limit=1000&resources=DISK_GB%3A1%2CMEMORY_MB%3A512%2CVCPU%3A1&root_required=%21COMPUTE_STATUS_DISABLED => generated 2149 bytes in 77 msecs (HTTP/1.1 200) 8 headers in 297 bytes (1 switches on core 0)
2026-07-24 00:58:57.053 7 INFO placement.requestlog [req-089c169a-51f7-4df8-8d82-27278eac6437 req-3e72d523-cef4-497a-888a-475fc852f8f0 566097aefa2043cea7e7552337e4c38e 5acdb1268aab41d89057804b12acf403 - - 6082f5ccd8584a99ae0aa9aab75e5495 6082f5ccd8584a99ae0aa9aab75e5495] 10.0.0.171 "GET /allocations/d67a7014-3fe4-4789-8c67-9c9ec21952f6" status: 200 len: 19 microversion: 1.28 [pid: 7|app: 0|req: 347/691] 10.0.0.171 () {34 vars in 861 bytes} [Fri Jul 24 00:58:57 2026] GET /allocations/d67a7014-3fe4-4789-8c67-9c9ec21952f6 => generated 19 bytes in 12 msecs (HTTP/1.1 200) 8 headers in 295 bytes (1 switches on core 0)
2026-07-24 00:58:57.167 8 INFO placement.requestlog [req-089c169a-51f7-4df8-8d82-27278eac6437 req-a79806ec-5d0f-4f30-839b-998cb82a2bb3 566097aefa2043cea7e7552337e4c38e 5acdb1268aab41d89057804b12acf403 - - 6082f5ccd8584a99ae0aa9aab75e5495 6082f5ccd8584a99ae0aa9aab75e5495] 10.0.0.171 "PUT /allocations/d67a7014-3fe4-4789-8c67-9c9ec21952f6" status: 204 len: 0 microversion: 1.36 [pid: 8|app: 0|req: 345/692] 10.0.0.171 () {38 vars in 914 bytes} [Fri Jul 24 00:58:57 2026] PUT /allocations/d67a7014-3fe4-4789-8c67-9c9ec21952f6 => generated 0 bytes in 105 msecs (HTTP/1.1 204) 5 headers in 199 bytes (1 switches on core 0)
2026-07-24 00:58:57.502 7 INFO placement.requestlog [req-089c169a-51f7-4df8-8d82-27278eac6437 req-4c70fc45-125e-4513-82cf-39114984cd07 566097aefa2043cea7e7552337e4c38e 5acdb1268aab41d89057804b12acf403 - - 6082f5ccd8584a99ae0aa9aab75e5495 6082f5ccd8584a99ae0aa9aab75e5495] 199.204.45.138 "GET /allocations/d67a7014-3fe4-4789-8c67-9c9ec21952f6" status: 200 len: 257 microversion: 1.28 [pid: 7|app: 0|req: 348/693] 199.204.45.138 () {34 vars in 863 bytes} [Fri Jul 24 00:58:57 2026] GET /allocations/d67a7014-3fe4-4789-8c67-9c9ec21952f6 => generated 257 bytes in 37 msecs (HTTP/1.1 200) 8 headers in 296 bytes (1 switches on core 0)
2026-07-24 00:58:57.673 8 INFO placement.requestlog [req-089c169a-51f7-4df8-8d82-27278eac6437 req-2590fdc3-cdbb-4788-814d-1d8931d5b7bb 566097aefa2043cea7e7552337e4c38e 5acdb1268aab41d89057804b12acf403 - - 6082f5ccd8584a99ae0aa9aab75e5495 6082f5ccd8584a99ae0aa9aab75e5495] 199.204.45.138 "GET /resource_providers/bf19a05f-83d0-4005-96a6-ab5be5e1ae39/allocations" status: 200 len: 252 microversion: 1.0 [pid: 8|app: 0|req: 346/694] 199.204.45.138 () {32 vars in 857 bytes} [Fri Jul 24 00:58:57 2026] GET /resource_providers/bf19a05f-83d0-4005-96a6-ab5be5e1ae39/allocations => generated 252 bytes in 34 msecs (HTTP/1.1 200) 6 headers in 224 bytes (1 switches on core 0)
