2026-07-14 19:14:37.019 7 INFO placement.requestlog [req-a8a93219-497a-4337-8b8d-4e0ba12e2a95 req-caddc11c-8a4e-4438-95aa-4e4777b280db 433240cf442c428286b53b223de2a29c a23054fb5e3f48669f7cf223c8400625 - - 5bcd0f4ecc9d4bb7bd475b5ec38c88cd 5bcd0f4ecc9d4bb7bd475b5ec38c88cd] 199.19.213.65 "GET /resource_providers/42fc0ab2-60cc-4752-b56b-a27b2a35c258/allocations" status: 200 len: 153 microversion: 1.0 [pid: 7|app: 0|req: 628/1264] 199.19.213.65 () {32 vars in 855 bytes} [Tue Jul 14 19:14:36 2026] GET /resource_providers/42fc0ab2-60cc-4752-b56b-a27b2a35c258/allocations => generated 153 bytes in 25 msecs (HTTP/1.1 200) 6 headers in 224 bytes (1 switches on core 0)
2026-07-14 19:14:37.082 8 INFO placement.requestlog [req-a8a93219-497a-4337-8b8d-4e0ba12e2a95 req-6cab0068-be54-4102-a49a-bd5d736b2a63 433240cf442c428286b53b223de2a29c a23054fb5e3f48669f7cf223c8400625 - - 5bcd0f4ecc9d4bb7bd475b5ec38c88cd 5bcd0f4ecc9d4bb7bd475b5ec38c88cd] 199.19.213.65 "GET /allocations/c9de49ab-981c-4e71-94c4-2596455483d4" status: 200 len: 258 microversion: 1.28 [pid: 8|app: 0|req: 637/1265] 199.19.213.65 () {34 vars in 861 bytes} [Tue Jul 14 19:14:37 2026] GET /allocations/c9de49ab-981c-4e71-94c4-2596455483d4 => generated 258 bytes in 38 msecs (HTTP/1.1 200) 8 headers in 296 bytes (1 switches on core 0)
2026-07-14 19:14:39.029 8 INFO placement.requestlog [None req-b23653ec-3594-44f5-8a9e-554ebf61a4a1 ba1f77c8f61344fc8fbfdfec8d413d20 a23054fb5e3f48669f7cf223c8400625 - - 5bcd0f4ecc9d4bb7bd475b5ec38c88cd 5bcd0f4ecc9d4bb7bd475b5ec38c88cd] 10.0.0.192 "GET /resource_providers/7a57a6a3-91a3-4aba-b2d3-3f92671198a2/aggregates" status: 404 len: 235 microversion: 1.1 [pid: 8|app: 0|req: 638/1266] 10.0.0.192 () {32 vars in 815 bytes} [Tue Jul 14 19:14:39 2026] GET /resource_providers/7a57a6a3-91a3-4aba-b2d3-3f92671198a2/aggregates => generated 235 bytes in 15 msecs (HTTP/1.1 404) 5 headers in 202 bytes (1 switches on core 0)
2026-07-14 19:14:39.030 7 INFO placement.requestlog [None req-de1585c6-feb7-4cc2-8a3a-0f473c26b455 ba1f77c8f61344fc8fbfdfec8d413d20 a23054fb5e3f48669f7cf223c8400625 - - 5bcd0f4ecc9d4bb7bd475b5ec38c88cd 5bcd0f4ecc9d4bb7bd475b5ec38c88cd] 10.0.0.192 "GET /resource_providers/7a57a6a3-91a3-4aba-b2d3-3f92671198a2/aggregates" status: 404 len: 235 microversion: 1.1 [pid: 7|app: 0|req: 629/1267] 10.0.0.192 () {32 vars in 815 bytes} [Tue Jul 14 19:14:39 2026] GET /resource_providers/7a57a6a3-91a3-4aba-b2d3-3f92671198a2/aggregates => generated 235 bytes in 17 msecs (HTTP/1.1 404) 5 headers in 202 bytes (1 switches on core 0)
2026-07-14 19:14:39.048 8 INFO placement.requestlog [None req-47595127-3d55-42e5-ab80-6d989977bfad ba1f77c8f61344fc8fbfdfec8d413d20 a23054fb5e3f48669f7cf223c8400625 - - 5bcd0f4ecc9d4bb7bd475b5ec38c88cd 5bcd0f4ecc9d4bb7bd475b5ec38c88cd] 10.0.0.192 "DELETE /resource_providers/7a57a6a3-91a3-4aba-b2d3-3f92671198a2" status: 404 len: 246 microversion: 1.1 [pid: 8|app: 0|req: 639/1268] 10.0.0.192 () {34 vars in 815 bytes} [Tue Jul 14 19:14:39 2026] DELETE /resource_providers/7a57a6a3-91a3-4aba-b2d3-3f92671198a2 => generated 246 bytes in 11 msecs (HTTP/1.1 404) 6 headers in 231 bytes (1 switches on core 0)
2026-07-14 19:14:39.062 7 INFO placement.requestlog [None req-be8b5449-1eac-4e06-9342-60cd3a1e01c7 ba1f77c8f61344fc8fbfdfec8d413d20 a23054fb5e3f48669f7cf223c8400625 - - 5bcd0f4ecc9d4bb7bd475b5ec38c88cd 5bcd0f4ecc9d4bb7bd475b5ec38c88cd] 10.0.0.192 "DELETE /resource_providers/7a57a6a3-91a3-4aba-b2d3-3f92671198a2" status: 404 len: 246 microversion: 1.1 [pid: 7|app: 0|req: 630/1269] 10.0.0.192 () {34 vars in 815 bytes} [Tue Jul 14 19:14:39 2026] DELETE /resource_providers/7a57a6a3-91a3-4aba-b2d3-3f92671198a2 => generated 246 bytes in 18 msecs (HTTP/1.1 404) 6 headers in 231 bytes (1 switches on core 0)
2026-07-14 19:14:41.068 8 INFO placement.requestlog [None req-9ebdb10c-1595-47aa-9e24-cf69997803bf ba1f77c8f61344fc8fbfdfec8d413d20 a23054fb5e3f48669f7cf223c8400625 - - 5bcd0f4ecc9d4bb7bd475b5ec38c88cd 5bcd0f4ecc9d4bb7bd475b5ec38c88cd] 10.0.0.192 "GET /resource_providers/43a52459-3e16-4307-b2b5-7bf40c307f2b/aggregates" status: 404 len: 235 microversion: 1.1 [pid: 8|app: 0|req: 640/1270] 10.0.0.192 () {32 vars in 815 bytes} [Tue Jul 14 19:14:41 2026] GET /resource_providers/43a52459-3e16-4307-b2b5-7bf40c307f2b/aggregates => generated 235 bytes in 14 msecs (HTTP/1.1 404) 5 headers in 202 bytes (1 switches on core 0)
2026-07-14 19:14:41.090 8 INFO placement.requestlog [None req-c670040b-e762-4023-abc8-9035f11f9a71 ba1f77c8f61344fc8fbfdfec8d413d20 a23054fb5e3f48669f7cf223c8400625 - - 5bcd0f4ecc9d4bb7bd475b5ec38c88cd 5bcd0f4ecc9d4bb7bd475b5ec38c88cd] 10.0.0.192 "DELETE /resource_providers/43a52459-3e16-4307-b2b5-7bf40c307f2b" status: 404 len: 246 microversion: 1.1 [pid: 8|app: 0|req: 641/1271] 10.0.0.192 () {34 vars in 815 bytes} [Tue Jul 14 19:14:41 2026] DELETE /resource_providers/43a52459-3e16-4307-b2b5-7bf40c307f2b => generated 246 bytes in 8 msecs (HTTP/1.1 404) 6 headers in 231 bytes (1 switches on core 0)
2026-07-14 19:14:41.094 7 INFO placement.requestlog [None req-5160c4c0-8526-4d57-a165-12fb9726b358 ba1f77c8f61344fc8fbfdfec8d413d20 a23054fb5e3f48669f7cf223c8400625 - - 5bcd0f4ecc9d4bb7bd475b5ec38c88cd 5bcd0f4ecc9d4bb7bd475b5ec38c88cd] 10.0.0.192 "GET /resource_providers/43a52459-3e16-4307-b2b5-7bf40c307f2b/aggregates" status: 404 len: 235 microversion: 1.1 [pid: 7|app: 0|req: 631/1272] 10.0.0.192 () {32 vars in 815 bytes} [Tue Jul 14 19:14:41 2026] GET /resource_providers/43a52459-3e16-4307-b2b5-7bf40c307f2b/aggregates => generated 235 bytes in 12 msecs (HTTP/1.1 404) 5 headers in 202 bytes (1 switches on core 0)
2026-07-14 19:14:41.109 8 INFO placement.requestlog [None req-2d038b35-261c-4314-b026-f16830e3a1d1 ba1f77c8f61344fc8fbfdfec8d413d20 a23054fb5e3f48669f7cf223c8400625 - - 5bcd0f4ecc9d4bb7bd475b5ec38c88cd 5bcd0f4ecc9d4bb7bd475b5ec38c88cd] 10.0.0.192 "GET /resource_providers/b7ae50eb-2a7f-4883-96b5-79aab28c746c/aggregates" status: 404 len: 235 microversion: 1.1 [pid: 8|app: 0|req: 642/1273] 10.0.0.192 () {32 vars in 815 bytes} [Tue Jul 14 19:14:41 2026] GET /resource_providers/b7ae50eb-2a7f-4883-96b5-79aab28c746c/aggregates => generated 235 bytes in 10 msecs (HTTP/1.1 404) 5 headers in 202 bytes (1 switches on core 0)
2026-07-14 19:14:41.125 8 INFO placement.requestlog [None req-926db585-415f-428a-9c83-98e581c5a37f ba1f77c8f61344fc8fbfdfec8d413d20 a23054fb5e3f48669f7cf223c8400625 - - 5bcd0f4ecc9d4bb7bd475b5ec38c88cd 5bcd0f4ecc9d4bb7bd475b5ec38c88cd] 10.0.0.192 "DELETE /resource_providers/b7ae50eb-2a7f-4883-96b5-79aab28c746c" status: 404 len: 246 microversion: 1.1 [pid: 8|app: 0|req: 643/1274] 10.0.0.192 () {34 vars in 815 bytes} [Tue Jul 14 19:14:41 2026] DELETE /resource_providers/b7ae50eb-2a7f-4883-96b5-79aab28c746c => generated 246 bytes in 8 msecs (HTTP/1.1 404) 6 headers in 231 bytes (1 switches on core 0)
2026-07-14 19:14:41.125 7 INFO placement.requestlog [None req-cdbe3bb5-3708-41f7-83e0-9ad8afab41da ba1f77c8f61344fc8fbfdfec8d413d20 a23054fb5e3f48669f7cf223c8400625 - - 5bcd0f4ecc9d4bb7bd475b5ec38c88cd 5bcd0f4ecc9d4bb7bd475b5ec38c88cd] 10.0.0.192 "DELETE /resource_providers/43a52459-3e16-4307-b2b5-7bf40c307f2b" status: 404 len: 246 microversion: 1.1 [pid: 7|app: 0|req: 632/1275] 10.0.0.192 () {34 vars in 815 bytes} [Tue Jul 14 19:14:41 2026] DELETE /resource_providers/43a52459-3e16-4307-b2b5-7bf40c307f2b => generated 246 bytes in 14 msecs (HTTP/1.1 404) 6 headers in 231 bytes (1 switches on core 0)
2026-07-14 19:14:41.136 8 INFO placement.requestlog [None req-1c45a5c9-74fc-4ecf-85fa-07a8139fcf11 ba1f77c8f61344fc8fbfdfec8d413d20 a23054fb5e3f48669f7cf223c8400625 - - 5bcd0f4ecc9d4bb7bd475b5ec38c88cd 5bcd0f4ecc9d4bb7bd475b5ec38c88cd] 10.0.0.192 "GET /resource_providers/ef188691-1cbe-464f-9f8d-7db26a618612/aggregates" status: 404 len: 235 microversion: 1.1 [pid: 8|app: 0|req: 644/1276] 10.0.0.192 () {32 vars in 815 bytes} [Tue Jul 14 19:14:41 2026] GET /resource_providers/ef188691-1cbe-464f-9f8d-7db26a618612/aggregates => generated 235 bytes in 6 msecs (HTTP/1.1 404) 5 headers in 202 bytes (1 switches on core 0)
2026-07-14 19:14:41.149 7 INFO placement.requestlog [None req-2ac2a818-d6d2-40e8-b3c5-98c31e66e84a ba1f77c8f61344fc8fbfdfec8d413d20 a23054fb5e3f48669f7cf223c8400625 - - 5bcd0f4ecc9d4bb7bd475b5ec38c88cd 5bcd0f4ecc9d4bb7bd475b5ec38c88cd] 10.0.0.192 "GET /resource_providers/b7ae50eb-2a7f-4883-96b5-79aab28c746c/aggregates" status: 404 len: 235 microversion: 1.1 [pid: 7|app: 0|req: 633/1277] 10.0.0.192 () {32 vars in 815 bytes} [Tue Jul 14 19:14:41 2026] GET /resource_providers/b7ae50eb-2a7f-4883-96b5-79aab28c746c/aggregates => generated 235 bytes in 14 msecs (HTTP/1.1 404) 5 headers in 202 bytes (1 switches on core 0)
2026-07-14 19:14:41.152 8 INFO placement.requestlog [None req-a3e957a9-c115-49f5-927d-05ea559f13ba ba1f77c8f61344fc8fbfdfec8d413d20 a23054fb5e3f48669f7cf223c8400625 - - 5bcd0f4ecc9d4bb7bd475b5ec38c88cd 5bcd0f4ecc9d4bb7bd475b5ec38c88cd] 10.0.0.192 "DELETE /resource_providers/ef188691-1cbe-464f-9f8d-7db26a618612" status: 404 len: 246 microversion: 1.1 [pid: 8|app: 0|req: 645/1278] 10.0.0.192 () {34 vars in 815 bytes} [Tue Jul 14 19:14:41 2026] DELETE /resource_providers/ef188691-1cbe-464f-9f8d-7db26a618612 => generated 246 bytes in 8 msecs (HTTP/1.1 404) 6 headers in 231 bytes (1 switches on core 0)
2026-07-14 19:14:41.254 7 INFO placement.requestlog [None req-0002b69b-861d-4f72-aa6a-8fac2cb0486a ba1f77c8f61344fc8fbfdfec8d413d20 a23054fb5e3f48669f7cf223c8400625 - - 5bcd0f4ecc9d4bb7bd475b5ec38c88cd 5bcd0f4ecc9d4bb7bd475b5ec38c88cd] 10.0.0.192 "DELETE /resource_providers/b7ae50eb-2a7f-4883-96b5-79aab28c746c" status: 404 len: 246 microversion: 1.1 [pid: 7|app: 0|req: 634/1279] 10.0.0.192 () {34 vars in 815 bytes} [Tue Jul 14 19:14:41 2026] DELETE /resource_providers/b7ae50eb-2a7f-4883-96b5-79aab28c746c => generated 246 bytes in 11 msecs (HTTP/1.1 404) 6 headers in 231 bytes (1 switches on core 0)
2026-07-14 19:14:41.258 8 INFO placement.requestlog [None req-3e27df5f-d876-4b78-a7a4-235653b53785 ba1f77c8f61344fc8fbfdfec8d413d20 a23054fb5e3f48669f7cf223c8400625 - - 5bcd0f4ecc9d4bb7bd475b5ec38c88cd 5bcd0f4ecc9d4bb7bd475b5ec38c88cd] 10.0.0.192 "GET /resource_providers/e82a43cf-4c8d-4595-8fdc-e9e316ae932a/aggregates" status: 404 len: 235 microversion: 1.1 [pid: 8|app: 0|req: 646/1280] 10.0.0.192 () {32 vars in 815 bytes} [Tue Jul 14 19:14:41 2026] GET /resource_providers/e82a43cf-4c8d-4595-8fdc-e9e316ae932a/aggregates => generated 235 bytes in 14 msecs (HTTP/1.1 404) 5 headers in 202 bytes (1 switches on core 0)
2026-07-14 19:14:41.280 8 INFO placement.requestlog [None req-d9ea373e-b71f-44f1-810e-4e12d7eedb0f ba1f77c8f61344fc8fbfdfec8d413d20 a23054fb5e3f48669f7cf223c8400625 - - 5bcd0f4ecc9d4bb7bd475b5ec38c88cd 5bcd0f4ecc9d4bb7bd475b5ec38c88cd] 10.0.0.192 "DELETE /resource_providers/e82a43cf-4c8d-4595-8fdc-e9e316ae932a" status: 404 len: 246 microversion: 1.1 [pid: 8|app: 0|req: 647/1281] 10.0.0.192 () {34 vars in 815 bytes} [Tue Jul 14 19:14:41 2026] DELETE /resource_providers/e82a43cf-4c8d-4595-8fdc-e9e316ae932a => generated 246 bytes in 11 msecs (HTTP/1.1 404) 6 headers in 231 bytes (1 switches on core 0)
2026-07-14 19:14:41.280 7 INFO placement.requestlog [None req-7b5bfb20-c111-4177-bb80-4640f277cba9 ba1f77c8f61344fc8fbfdfec8d413d20 a23054fb5e3f48669f7cf223c8400625 - - 5bcd0f4ecc9d4bb7bd475b5ec38c88cd 5bcd0f4ecc9d4bb7bd475b5ec38c88cd] 10.0.0.192 "GET /resource_providers/ef188691-1cbe-464f-9f8d-7db26a618612/aggregates" status: 404 len: 235 microversion: 1.1 [pid: 7|app: 0|req: 635/1282] 10.0.0.192 () {32 vars in 815 bytes} [Tue Jul 14 19:14:41 2026] GET /resource_providers/ef188691-1cbe-464f-9f8d-7db26a618612/aggregates => generated 235 bytes in 12 msecs (HTTP/1.1 404) 5 headers in 202 bytes (1 switches on core 0)
2026-07-14 19:14:41.298 8 INFO placement.requestlog [None req-0e87f993-cd7f-48c4-80e3-45834d44c555 ba1f77c8f61344fc8fbfdfec8d413d20 a23054fb5e3f48669f7cf223c8400625 - - 5bcd0f4ecc9d4bb7bd475b5ec38c88cd 5bcd0f4ecc9d4bb7bd475b5ec38c88cd] 10.0.0.192 "DELETE /resource_providers/ef188691-1cbe-464f-9f8d-7db26a618612" status: 404 len: 246 microversion: 1.1 [pid: 8|app: 0|req: 648/1283] 10.0.0.192 () {34 vars in 815 bytes} [Tue Jul 14 19:14:41 2026] DELETE /resource_providers/ef188691-1cbe-464f-9f8d-7db26a618612 => generated 246 bytes in 9 msecs (HTTP/1.1 404) 6 headers in 231 bytes (1 switches on core 0)
2026-07-14 19:14:41.315 7 INFO placement.requestlog [None req-6c8c178b-d387-4709-8a2b-af2ea3fe211c ba1f77c8f61344fc8fbfdfec8d413d20 a23054fb5e3f48669f7cf223c8400625 - - 5bcd0f4ecc9d4bb7bd475b5ec38c88cd 5bcd0f4ecc9d4bb7bd475b5ec38c88cd] 10.0.0.192 "GET /resource_providers/e82a43cf-4c8d-4595-8fdc-e9e316ae932a/aggregates" status: 404 len: 235 microversion: 1.1 [pid: 7|app: 0|req: 636/1284] 10.0.0.192 () {32 vars in 815 bytes} [Tue Jul 14 19:14:41 2026] GET /resource_providers/e82a43cf-4c8d-4595-8fdc-e9e316ae932a/aggregates => generated 235 bytes in 10 msecs (HTTP/1.1 404) 5 headers in 202 bytes (1 switches on core 0)
2026-07-14 19:14:41.333 8 INFO placement.requestlog [None req-51a84b70-3520-40d8-8b68-6fc09e4fdbec ba1f77c8f61344fc8fbfdfec8d413d20 a23054fb5e3f48669f7cf223c8400625 - - 5bcd0f4ecc9d4bb7bd475b5ec38c88cd 5bcd0f4ecc9d4bb7bd475b5ec38c88cd] 10.0.0.192 "DELETE /resource_providers/e82a43cf-4c8d-4595-8fdc-e9e316ae932a" status: 404 len: 246 microversion: 1.1 [pid: 8|app: 0|req: 649/1285] 10.0.0.192 () {34 vars in 815 bytes} [Tue Jul 14 19:14:41 2026] DELETE /resource_providers/e82a43cf-4c8d-4595-8fdc-e9e316ae932a => generated 246 bytes in 11 msecs (HTTP/1.1 404) 6 headers in 231 bytes (1 switches on core 0)
2026-07-14 19:14:41.477 8 INFO placement.requestlog [None req-659a252c-82c5-4acc-a36d-e455f3ae457c - - - - - -] 10.0.0.178 "GET /" status: 200 len: 136 microversion: 1.0
2026-07-14 19:14:41.477 7 INFO placement.requestlog [None req-2cea8e43-48b8-41eb-9b89-700083b70320 - - - - - -] 10.0.0.178 "GET /" status: 200 len: 136 microversion: 1.0
2026-07-14 19:14:42.511 8 INFO placement.requestlog [None req-e830b711-c6ef-4f06-88c4-9d188da73ae8 ba1f77c8f61344fc8fbfdfec8d413d20 a23054fb5e3f48669f7cf223c8400625 - - 5bcd0f4ecc9d4bb7bd475b5ec38c88cd 5bcd0f4ecc9d4bb7bd475b5ec38c88cd] 10.0.0.192 "GET /resource_providers/02708c17-e1f7-4211-a187-7a950f840736/aggregates" status: 404 len: 235 microversion: 1.1 [pid: 8|app: 0|req: 651/1288] 10.0.0.192 () {32 vars in 815 bytes} [Tue Jul 14 19:14:42 2026] GET /resource_providers/02708c17-e1f7-4211-a187-7a950f840736/aggregates => generated 235 bytes in 16 msecs (HTTP/1.1 404) 5 headers in 202 bytes (1 switches on core 0)
2026-07-14 19:14:42.519 7 INFO placement.requestlog [None req-d9eb2298-05cf-4f42-9a6b-8db4ea514454 ba1f77c8f61344fc8fbfdfec8d413d20 a23054fb5e3f48669f7cf223c8400625 - - 5bcd0f4ecc9d4bb7bd475b5ec38c88cd 5bcd0f4ecc9d4bb7bd475b5ec38c88cd] 10.0.0.192 "GET /resource_providers/02708c17-e1f7-4211-a187-7a950f840736/aggregates" status: 404 len: 235 microversion: 1.1 [pid: 7|app: 0|req: 638/1289] 10.0.0.192 () {32 vars in 815 bytes} [Tue Jul 14 19:14:42 2026] GET /resource_providers/02708c17-e1f7-4211-a187-7a950f840736/aggregates => generated 235 bytes in 24 msecs (HTTP/1.1 404) 5 headers in 202 bytes (1 switches on core 0)
2026-07-14 19:14:42.528 8 INFO placement.requestlog [None req-9a984bad-a38e-44b8-baee-f47eed94f8a3 ba1f77c8f61344fc8fbfdfec8d413d20 a23054fb5e3f48669f7cf223c8400625 - - 5bcd0f4ecc9d4bb7bd475b5ec38c88cd 5bcd0f4ecc9d4bb7bd475b5ec38c88cd] 10.0.0.192 "DELETE /resource_providers/02708c17-e1f7-4211-a187-7a950f840736" status: 404 len: 246 microversion: 1.1 [pid: 8|app: 0|req: 652/1290] 10.0.0.192 () {34 vars in 815 bytes} [Tue Jul 14 19:14:42 2026] DELETE /resource_providers/02708c17-e1f7-4211-a187-7a950f840736 => generated 246 bytes in 8 msecs (HTTP/1.1 404) 6 headers in 231 bytes (1 switches on core 0)
2026-07-14 19:14:42.540 7 INFO placement.requestlog [None req-37df5f0e-1fb8-4a65-b9a1-1d06fa30cf1a ba1f77c8f61344fc8fbfdfec8d413d20 a23054fb5e3f48669f7cf223c8400625 - - 5bcd0f4ecc9d4bb7bd475b5ec38c88cd 5bcd0f4ecc9d4bb7bd475b5ec38c88cd] 10.0.0.192 "DELETE /resource_providers/02708c17-e1f7-4211-a187-7a950f840736" status: 404 len: 246 microversion: 1.1 [pid: 7|app: 0|req: 639/1291] 10.0.0.192 () {34 vars in 815 bytes} [Tue Jul 14 19:14:42 2026] DELETE /resource_providers/02708c17-e1f7-4211-a187-7a950f840736 => generated 246 bytes in 12 msecs (HTTP/1.1 404) 6 headers in 231 bytes (1 switches on core 0)
2026-07-14 19:14:48.826 8 INFO placement.requestlog [None req-02e9874a-97de-4b26-ab77-a2519795dba9 ba1f77c8f61344fc8fbfdfec8d413d20 a23054fb5e3f48669f7cf223c8400625 - - 5bcd0f4ecc9d4bb7bd475b5ec38c88cd 5bcd0f4ecc9d4bb7bd475b5ec38c88cd] 10.0.0.192 "GET /resource_providers/b8a41737-ef23-44bb-a69c-0bea4cedaf13/aggregates" status: 404 len: 235 microversion: 1.1 [pid: 8|app: 0|req: 653/1292] 10.0.0.192 () {32 vars in 815 bytes} [Tue Jul 14 19:14:48 2026] GET /resource_providers/b8a41737-ef23-44bb-a69c-0bea4cedaf13/aggregates => generated 235 bytes in 14 msecs (HTTP/1.1 404) 5 headers in 202 bytes (1 switches on core 0)
2026-07-14 19:14:48.829 7 INFO placement.requestlog [None req-505ac705-818b-4c4b-9563-34657456f7e9 ba1f77c8f61344fc8fbfdfec8d413d20 a23054fb5e3f48669f7cf223c8400625 - - 5bcd0f4ecc9d4bb7bd475b5ec38c88cd 5bcd0f4ecc9d4bb7bd475b5ec38c88cd] 10.0.0.192 "GET /resource_providers/b8a41737-ef23-44bb-a69c-0bea4cedaf13/aggregates" status: 404 len: 235 microversion: 1.1 [pid: 7|app: 0|req: 640/1293] 10.0.0.192 () {32 vars in 815 bytes} [Tue Jul 14 19:14:48 2026] GET /resource_providers/b8a41737-ef23-44bb-a69c-0bea4cedaf13/aggregates => generated 235 bytes in 18 msecs (HTTP/1.1 404) 5 headers in 202 bytes (1 switches on core 0)
2026-07-14 19:14:48.859 7 INFO placement.requestlog [None req-d0ff3a13-7036-4c18-922a-99d4fe234b44 ba1f77c8f61344fc8fbfdfec8d413d20 a23054fb5e3f48669f7cf223c8400625 - - 5bcd0f4ecc9d4bb7bd475b5ec38c88cd 5bcd0f4ecc9d4bb7bd475b5ec38c88cd] 10.0.0.192 "DELETE /resource_providers/b8a41737-ef23-44bb-a69c-0bea4cedaf13" status: 404 len: 246 microversion: 1.1 [pid: 7|app: 0|req: 641/1294] 10.0.0.192 () {34 vars in 815 bytes} [Tue Jul 14 19:14:48 2026] DELETE /resource_providers/b8a41737-ef23-44bb-a69c-0bea4cedaf13 => generated 246 bytes in 10 msecs (HTTP/1.1 404) 6 headers in 231 bytes (1 switches on core 0)
2026-07-14 19:14:48.865 8 INFO placement.requestlog [None req-21b1aea2-f443-440c-bca3-be500dc307d5 ba1f77c8f61344fc8fbfdfec8d413d20 a23054fb5e3f48669f7cf223c8400625 - - 5bcd0f4ecc9d4bb7bd475b5ec38c88cd 5bcd0f4ecc9d4bb7bd475b5ec38c88cd] 10.0.0.192 "DELETE /resource_providers/b8a41737-ef23-44bb-a69c-0bea4cedaf13" status: 404 len: 246 microversion: 1.1 [pid: 8|app: 0|req: 654/1295] 10.0.0.192 () {34 vars in 815 bytes} [Tue Jul 14 19:14:48 2026] DELETE /resource_providers/b8a41737-ef23-44bb-a69c-0bea4cedaf13 => generated 246 bytes in 16 msecs (HTTP/1.1 404) 6 headers in 231 bytes (1 switches on core 0)
2026-07-14 19:14:49.108 7 INFO placement.requestlog [None req-41adf9a2-04a6-41d7-8304-83c4e02c3b60 ba1f77c8f61344fc8fbfdfec8d413d20 a23054fb5e3f48669f7cf223c8400625 - - 5bcd0f4ecc9d4bb7bd475b5ec38c88cd 5bcd0f4ecc9d4bb7bd475b5ec38c88cd] 10.0.0.192 "GET /resource_providers/51861dbe-e613-43b4-b2a9-8fadb7063cca/aggregates" status: 404 len: 235 microversion: 1.1 [pid: 7|app: 0|req: 642/1296] 10.0.0.192 () {32 vars in 815 bytes} [Tue Jul 14 19:14:49 2026] GET /resource_providers/51861dbe-e613-43b4-b2a9-8fadb7063cca/aggregates => generated 235 bytes in 19 msecs (HTTP/1.1 404) 5 headers in 202 bytes (1 switches on core 0)
2026-07-14 19:14:49.112 8 INFO placement.requestlog [None req-69f90884-1680-4da8-acf7-ec297263d2d9 ba1f77c8f61344fc8fbfdfec8d413d20 a23054fb5e3f48669f7cf223c8400625 - - 5bcd0f4ecc9d4bb7bd475b5ec38c88cd 5bcd0f4ecc9d4bb7bd475b5ec38c88cd] 10.0.0.192 "GET /resource_providers/51861dbe-e613-43b4-b2a9-8fadb7063cca/aggregates" status: 404 len: 235 microversion: 1.1 [pid: 8|app: 0|req: 655/1297] 10.0.0.192 () {32 vars in 815 bytes} [Tue Jul 14 19:14:49 2026] GET /resource_providers/51861dbe-e613-43b4-b2a9-8fadb7063cca/aggregates => generated 235 bytes in 16 msecs (HTTP/1.1 404) 5 headers in 202 bytes (1 switches on core 0)
2026-07-14 19:14:49.134 8 INFO placement.requestlog [None req-2f5e3e63-b9dc-4566-9647-c58044f7e956 ba1f77c8f61344fc8fbfdfec8d413d20 a23054fb5e3f48669f7cf223c8400625 - - 5bcd0f4ecc9d4bb7bd475b5ec38c88cd 5bcd0f4ecc9d4bb7bd475b5ec38c88cd] 10.0.0.192 "DELETE /resource_providers/51861dbe-e613-43b4-b2a9-8fadb7063cca" status: 404 len: 246 microversion: 1.1 [pid: 8|app: 0|req: 656/1298] 10.0.0.192 () {34 vars in 815 bytes} [Tue Jul 14 19:14:49 2026] DELETE /resource_providers/51861dbe-e613-43b4-b2a9-8fadb7063cca => generated 246 bytes in 9 msecs (HTTP/1.1 404) 6 headers in 231 bytes (1 switches on core 0)
2026-07-14 19:14:49.137 7 INFO placement.requestlog [None req-866463b0-0dbc-47e1-9244-6e7d214117c8 ba1f77c8f61344fc8fbfdfec8d413d20 a23054fb5e3f48669f7cf223c8400625 - - 5bcd0f4ecc9d4bb7bd475b5ec38c88cd 5bcd0f4ecc9d4bb7bd475b5ec38c88cd] 10.0.0.192 "DELETE /resource_providers/51861dbe-e613-43b4-b2a9-8fadb7063cca" status: 404 len: 246 microversion: 1.1 [pid: 7|app: 0|req: 643/1299] 10.0.0.192 () {34 vars in 815 bytes} [Tue Jul 14 19:14:49 2026] DELETE /resource_providers/51861dbe-e613-43b4-b2a9-8fadb7063cca => generated 246 bytes in 13 msecs (HTTP/1.1 404) 6 headers in 231 bytes (1 switches on core 0)
2026-07-14 19:14:50.219 8 INFO placement.requestlog [req-851ef5f1-926a-40a3-ad86-49cd67a4d2a0 req-075084a5-2394-4f05-aae6-47a1e637dc76 433240cf442c428286b53b223de2a29c a23054fb5e3f48669f7cf223c8400625 - - 5bcd0f4ecc9d4bb7bd475b5ec38c88cd 5bcd0f4ecc9d4bb7bd475b5ec38c88cd] 10.0.0.120 "GET /allocation_candidates?limit=1000&resources=DISK_GB%3A1%2CMEMORY_MB%3A512%2CVCPU%3A1&root_required=%21COMPUTE_STATUS_DISABLED" status: 200 len: 2190 microversion: 1.36 [pid: 8|app: 0|req: 657/1300] 10.0.0.120 () {34 vars in 1011 bytes} [Tue Jul 14 19:14:50 2026] GET /allocation_candidates?limit=1000&resources=DISK_GB%3A1%2CMEMORY_MB%3A512%2CVCPU%3A1&root_required=%21COMPUTE_STATUS_DISABLED => generated 2190 bytes in 195 msecs (HTTP/1.1 200) 8 headers in 297 bytes (1 switches on core 0)
2026-07-14 19:14:50.259 7 INFO placement.requestlog [req-851ef5f1-926a-40a3-ad86-49cd67a4d2a0 req-a4171d5a-7ea7-4824-9c15-1f4151424641 433240cf442c428286b53b223de2a29c a23054fb5e3f48669f7cf223c8400625 - - 5bcd0f4ecc9d4bb7bd475b5ec38c88cd 5bcd0f4ecc9d4bb7bd475b5ec38c88cd] 10.0.0.120 "GET /allocations/993c8b57-4eff-4144-bf82-487d171df3b4" status: 200 len: 19 microversion: 1.28 [pid: 7|app: 0|req: 644/1301] 10.0.0.120 () {34 vars in 860 bytes} [Tue Jul 14 19:14:50 2026] GET /allocations/993c8b57-4eff-4144-bf82-487d171df3b4 => generated 19 bytes in 13 msecs (HTTP/1.1 200) 8 headers in 295 bytes (1 switches on core 0)
2026-07-14 19:14:50.315 8 INFO placement.requestlog [req-851ef5f1-926a-40a3-ad86-49cd67a4d2a0 req-0636a56c-42bd-42e4-9804-a6be2363fc24 433240cf442c428286b53b223de2a29c a23054fb5e3f48669f7cf223c8400625 - - 5bcd0f4ecc9d4bb7bd475b5ec38c88cd 5bcd0f4ecc9d4bb7bd475b5ec38c88cd] 10.0.0.120 "PUT /allocations/993c8b57-4eff-4144-bf82-487d171df3b4" status: 204 len: 0 microversion: 1.36 [pid: 8|app: 0|req: 658/1302] 10.0.0.120 () {38 vars in 913 bytes} [Tue Jul 14 19:14:50 2026] PUT /allocations/993c8b57-4eff-4144-bf82-487d171df3b4 => generated 0 bytes in 49 msecs (HTTP/1.1 204) 5 headers in 199 bytes (1 switches on core 0)
2026-07-14 19:14:50.646 7 INFO placement.requestlog [req-851ef5f1-926a-40a3-ad86-49cd67a4d2a0 req-a28caf5d-8f47-4afe-a56c-8c93f26c1f12 433240cf442c428286b53b223de2a29c a23054fb5e3f48669f7cf223c8400625 - - 5bcd0f4ecc9d4bb7bd475b5ec38c88cd 5bcd0f4ecc9d4bb7bd475b5ec38c88cd] 199.19.213.65 "GET /allocations/993c8b57-4eff-4144-bf82-487d171df3b4" status: 200 len: 258 microversion: 1.28 [pid: 7|app: 0|req: 645/1303] 199.19.213.65 () {34 vars in 861 bytes} [Tue Jul 14 19:14:50 2026] GET /allocations/993c8b57-4eff-4144-bf82-487d171df3b4 => generated 258 bytes in 19 msecs (HTTP/1.1 200) 8 headers in 296 bytes (1 switches on core 0)
2026-07-14 19:14:50.767 8 INFO placement.requestlog [req-851ef5f1-926a-40a3-ad86-49cd67a4d2a0 req-e8686203-a6fb-4ebb-802d-cd50f4c84b81 433240cf442c428286b53b223de2a29c a23054fb5e3f48669f7cf223c8400625 - - 5bcd0f4ecc9d4bb7bd475b5ec38c88cd 5bcd0f4ecc9d4bb7bd475b5ec38c88cd] 199.19.213.65 "GET /resource_providers/42fc0ab2-60cc-4752-b56b-a27b2a35c258/allocations" status: 200 len: 253 microversion: 1.0 [pid: 8|app: 0|req: 659/1304] 199.19.213.65 () {32 vars in 855 bytes} [Tue Jul 14 19:14:50 2026] GET /resource_providers/42fc0ab2-60cc-4752-b56b-a27b2a35c258/allocations => generated 253 bytes in 13 msecs (HTTP/1.1 200) 6 headers in 224 bytes (1 switches on core 0)
2026-07-14 19:14:50.789 7 INFO placement.requestlog [req-851ef5f1-926a-40a3-ad86-49cd67a4d2a0 req-ad020fdf-994c-4e77-8ccf-4346fdd63521 433240cf442c428286b53b223de2a29c a23054fb5e3f48669f7cf223c8400625 - - 5bcd0f4ecc9d4bb7bd475b5ec38c88cd 5bcd0f4ecc9d4bb7bd475b5ec38c88cd] 199.19.213.65 "GET /allocations/c9de49ab-981c-4e71-94c4-2596455483d4" status: 200 len: 258 microversion: 1.28 [pid: 7|app: 0|req: 646/1305] 199.19.213.65 () {34 vars in 861 bytes} [Tue Jul 14 19:14:50 2026] GET /allocations/c9de49ab-981c-4e71-94c4-2596455483d4 => generated 258 bytes in 14 msecs (HTTP/1.1 200) 8 headers in 296 bytes (1 switches on core 0)
2026-07-14 19:14:50.814 8 INFO placement.requestlog [req-851ef5f1-926a-40a3-ad86-49cd67a4d2a0 req-b8f47ef8-60f4-4470-8155-badb68e39dfb 433240cf442c428286b53b223de2a29c a23054fb5e3f48669f7cf223c8400625 - - 5bcd0f4ecc9d4bb7bd475b5ec38c88cd 5bcd0f4ecc9d4bb7bd475b5ec38c88cd] 199.19.213.65 "GET /allocations/993c8b57-4eff-4144-bf82-487d171df3b4" status: 200 len: 258 microversion: 1.28 [pid: 8|app: 0|req: 660/1306] 199.19.213.65 () {34 vars in 861 bytes} [Tue Jul 14 19:14:50 2026] GET /allocations/993c8b57-4eff-4144-bf82-487d171df3b4 => generated 258 bytes in 16 msecs (HTTP/1.1 200) 8 headers in 296 bytes (1 switches on core 0)
2026-07-14 19:14:51.478 7 INFO placement.requestlog [None req-c6f54f65-dc2a-46b0-baea-28b7f1d13266 - - - - - -] 10.0.0.178 "GET /" status: 200 len: 136 microversion: 1.0
2026-07-14 19:14:51.478 8 INFO placement.requestlog [None req-b22eba9f-35f6-441e-bbfc-667e5041c2a7 - - - - - -] 10.0.0.178 "GET /" status: 200 len: 136 microversion: 1.0
2026-07-14 19:15:01.477 7 INFO placement.requestlog [None req-e78b994d-da1c-4c00-8a3d-60fe9346b143 - - - - - -] 10.0.0.178 "GET /" status: 200 len: 136 microversion: 1.0
2026-07-14 19:15:01.478 8 INFO placement.requestlog [None req-3bcccf53-6e12-48fe-ab13-0cba73eea3f1 - - - - - -] 10.0.0.178 "GET /" status: 200 len: 136 microversion: 1.0
2026-07-14 19:15:03.930 7 INFO placement.requestlog [req-ad110a72-07f8-4fb2-9a5b-b17505f36aa3 req-ade04fb6-f9ed-4437-90d2-0cbd2d6490ce 433240cf442c428286b53b223de2a29c a23054fb5e3f48669f7cf223c8400625 - - 5bcd0f4ecc9d4bb7bd475b5ec38c88cd 5bcd0f4ecc9d4bb7bd475b5ec38c88cd] 199.19.213.65 "GET /resource_providers/42fc0ab2-60cc-4752-b56b-a27b2a35c258/allocations" status: 200 len: 253 microversion: 1.0 [pid: 7|app: 0|req: 649/1311] 199.19.213.65 () {32 vars in 855 bytes} [Tue Jul 14 19:15:03 2026] GET /resource_providers/42fc0ab2-60cc-4752-b56b-a27b2a35c258/allocations => generated 253 bytes in 25 msecs (HTTP/1.1 200) 6 headers in 224 bytes (1 switches on core 0)
2026-07-14 19:15:03.971 8 INFO placement.requestlog [req-ad110a72-07f8-4fb2-9a5b-b17505f36aa3 req-e58b4903-2774-4ac2-b1c1-d2ffc6ecc2be 433240cf442c428286b53b223de2a29c a23054fb5e3f48669f7cf223c8400625 - - 5bcd0f4ecc9d4bb7bd475b5ec38c88cd 5bcd0f4ecc9d4bb7bd475b5ec38c88cd] 199.19.213.65 "GET /resource_providers/42fc0ab2-60cc-4752-b56b-a27b2a35c258/allocations" status: 200 len: 253 microversion: 1.0 [pid: 8|app: 0|req: 663/1312] 199.19.213.65 () {32 vars in 855 bytes} [Tue Jul 14 19:15:03 2026] GET /resource_providers/42fc0ab2-60cc-4752-b56b-a27b2a35c258/allocations => generated 253 bytes in 31 msecs (HTTP/1.1 200) 6 headers in 224 bytes (1 switches on core 0)
2026-07-14 19:15:03.994 7 INFO placement.requestlog [req-ad110a72-07f8-4fb2-9a5b-b17505f36aa3 req-1b0db6d3-d7aa-460f-9b1b-933d1c291ba3 433240cf442c428286b53b223de2a29c a23054fb5e3f48669f7cf223c8400625 - - 5bcd0f4ecc9d4bb7bd475b5ec38c88cd 5bcd0f4ecc9d4bb7bd475b5ec38c88cd] 199.19.213.65 "GET /allocations/c9de49ab-981c-4e71-94c4-2596455483d4" status: 200 len: 258 microversion: 1.28 [pid: 7|app: 0|req: 650/1313] 199.19.213.65 () {34 vars in 861 bytes} [Tue Jul 14 19:15:03 2026] GET /allocations/c9de49ab-981c-4e71-94c4-2596455483d4 => generated 258 bytes in 12 msecs (HTTP/1.1 200) 8 headers in 296 bytes (1 switches on core 0)
2026-07-14 19:15:04.016 8 INFO placement.requestlog [req-ad110a72-07f8-4fb2-9a5b-b17505f36aa3 req-c57cc063-dd62-4ce5-8c8d-ebce1cb1297e 433240cf442c428286b53b223de2a29c a23054fb5e3f48669f7cf223c8400625 - - 5bcd0f4ecc9d4bb7bd475b5ec38c88cd 5bcd0f4ecc9d4bb7bd475b5ec38c88cd] 199.19.213.65 "GET /allocations/993c8b57-4eff-4144-bf82-487d171df3b4" status: 200 len: 258 microversion: 1.28 [pid: 8|app: 0|req: 664/1314] 199.19.213.65 () {34 vars in 861 bytes} [Tue Jul 14 19:15:04 2026] GET /allocations/993c8b57-4eff-4144-bf82-487d171df3b4 => generated 258 bytes in 14 msecs (HTTP/1.1 200) 8 headers in 296 bytes (1 switches on core 0)
2026-07-14 19:15:11.478 8 INFO placement.requestlog [None req-2fef3f29-80a9-4ef4-afee-c7b96dab7986 - - - - - -] 10.0.0.178 "GET /" status: 200 len: 136 microversion: 1.0
2026-07-14 19:15:11.478 7 INFO placement.requestlog [None req-9aa32894-7569-4423-9358-b140c0589fe5 - - - - - -] 10.0.0.178 "GET /" status: 200 len: 136 microversion: 1.0
2026-07-14 19:15:21.477 7 INFO placement.requestlog [None req-e1573e14-2c16-42a7-a360-fff23090f91b - - - - - -] 10.0.0.178 "GET /" status: 200 len: 136 microversion: 1.0
2026-07-14 19:15:21.477 8 INFO placement.requestlog [None req-cae95ab9-0e8d-4fa6-ba5b-9e654d8c1948 - - - - - -] 10.0.0.178 "GET /" status: 200 len: 136 microversion: 1.0
2026-07-14 19:15:26.797 7 INFO placement.requestlog [req-9dba9170-e8a8-4da2-a49e-99c651f67478 req-fab32578-35d3-4ffb-a4eb-aa0b43654f5c 433240cf442c428286b53b223de2a29c a23054fb5e3f48669f7cf223c8400625 - - 5bcd0f4ecc9d4bb7bd475b5ec38c88cd 5bcd0f4ecc9d4bb7bd475b5ec38c88cd] 10.0.0.120 "GET /allocation_candidates?limit=1000&resources=MEMORY_MB%3A2048%2CVCPU%3A2&root_required=%21COMPUTE_STATUS_DISABLED" status: 200 len: 2178 microversion: 1.36 [pid: 7|app: 0|req: 653/1319] 10.0.0.120 () {34 vars in 985 bytes} [Tue Jul 14 19:15:26 2026] GET /allocation_candidates?limit=1000&resources=MEMORY_MB%3A2048%2CVCPU%3A2&root_required=%21COMPUTE_STATUS_DISABLED => generated 2178 bytes in 55 msecs (HTTP/1.1 200) 8 headers in 297 bytes (1 switches on core 0)
2026-07-14 19:15:26.849 8 INFO placement.requestlog [req-9dba9170-e8a8-4da2-a49e-99c651f67478 req-134137f0-14a8-48fa-a18e-7e76be5caa8d 433240cf442c428286b53b223de2a29c a23054fb5e3f48669f7cf223c8400625 - - 5bcd0f4ecc9d4bb7bd475b5ec38c88cd 5bcd0f4ecc9d4bb7bd475b5ec38c88cd] 10.0.0.120 "GET /allocations/040187f3-3e76-477a-abe5-11e82cb07579" status: 200 len: 19 microversion: 1.28 [pid: 8|app: 0|req: 667/1320] 10.0.0.120 () {34 vars in 860 bytes} [Tue Jul 14 19:15:26 2026] GET /allocations/040187f3-3e76-477a-abe5-11e82cb07579 => generated 19 bytes in 20 msecs (HTTP/1.1 200) 8 headers in 295 bytes (1 switches on core 0)
2026-07-14 19:15:27.028 7 INFO placement.requestlog [req-9dba9170-e8a8-4da2-a49e-99c651f67478 req-46e7b645-7572-4d7b-ae6f-c9ef9b998685 433240cf442c428286b53b223de2a29c a23054fb5e3f48669f7cf223c8400625 - - 5bcd0f4ecc9d4bb7bd475b5ec38c88cd 5bcd0f4ecc9d4bb7bd475b5ec38c88cd] 10.0.0.120 "PUT /allocations/040187f3-3e76-477a-abe5-11e82cb07579" status: 204 len: 0 microversion: 1.36 [pid: 7|app: 0|req: 654/1321] 10.0.0.120 () {38 vars in 913 bytes} [Tue Jul 14 19:15:26 2026] PUT /allocations/040187f3-3e76-477a-abe5-11e82cb07579 => generated 0 bytes in 168 msecs (HTTP/1.1 204) 5 headers in 199 bytes (1 switches on core 0)
2026-07-14 19:15:27.452 8 INFO placement.requestlog [req-9dba9170-e8a8-4da2-a49e-99c651f67478 req-62ab93f0-7ef9-497c-90af-922d139389c8 433240cf442c428286b53b223de2a29c a23054fb5e3f48669f7cf223c8400625 - - 5bcd0f4ecc9d4bb7bd475b5ec38c88cd 5bcd0f4ecc9d4bb7bd475b5ec38c88cd] 199.19.213.65 "GET /allocations/040187f3-3e76-477a-abe5-11e82cb07579" status: 200 len: 245 microversion: 1.28 [pid: 8|app: 0|req: 668/1322] 199.19.213.65 () {34 vars in 861 bytes} [Tue Jul 14 19:15:27 2026] GET /allocations/040187f3-3e76-477a-abe5-11e82cb07579 => generated 245 bytes in 14 msecs (HTTP/1.1 200) 8 headers in 296 bytes (1 switches on core 0)
2026-07-14 19:15:27.586 7 INFO placement.requestlog [req-9dba9170-e8a8-4da2-a49e-99c651f67478 req-9df3ba94-75f2-4516-9e53-eea538ce020f 433240cf442c428286b53b223de2a29c a23054fb5e3f48669f7cf223c8400625 - - 5bcd0f4ecc9d4bb7bd475b5ec38c88cd 5bcd0f4ecc9d4bb7bd475b5ec38c88cd] 199.19.213.65 "GET /resource_providers/42fc0ab2-60cc-4752-b56b-a27b2a35c258/allocations" status: 200 len: 340 microversion: 1.0 [pid: 7|app: 0|req: 655/1323] 199.19.213.65 () {32 vars in 855 bytes} [Tue Jul 14 19:15:27 2026] GET /resource_providers/42fc0ab2-60cc-4752-b56b-a27b2a35c258/allocations => generated 340 bytes in 25 msecs (HTTP/1.1 200) 6 headers in 224 bytes (1 switches on core 0)
2026-07-14 19:15:27.611 8 INFO placement.requestlog [req-9dba9170-e8a8-4da2-a49e-99c651f67478 req-504d80a2-adc2-48b6-abe6-2f3d2cbbd7f8 433240cf442c428286b53b223de2a29c a23054fb5e3f48669f7cf223c8400625 - - 5bcd0f4ecc9d4bb7bd475b5ec38c88cd 5bcd0f4ecc9d4bb7bd475b5ec38c88cd] 199.19.213.65 "GET /allocations/c9de49ab-981c-4e71-94c4-2596455483d4" status: 200 len: 258 microversion: 1.28 [pid: 8|app: 0|req: 669/1324] 199.19.213.65 () {34 vars in 861 bytes} [Tue Jul 14 19:15:27 2026] GET /allocations/c9de49ab-981c-4e71-94c4-2596455483d4 => generated 258 bytes in 15 msecs (HTTP/1.1 200) 8 headers in 296 bytes (1 switches on core 0)
2026-07-14 19:15:27.636 7 INFO placement.requestlog [req-9dba9170-e8a8-4da2-a49e-99c651f67478 req-281f2a98-9dad-4200-ac14-144ee06fde6c 433240cf442c428286b53b223de2a29c a23054fb5e3f48669f7cf223c8400625 - - 5bcd0f4ecc9d4bb7bd475b5ec38c88cd 5bcd0f4ecc9d4bb7bd475b5ec38c88cd] 199.19.213.65 "GET /allocations/040187f3-3e76-477a-abe5-11e82cb07579" status: 200 len: 245 microversion: 1.28 [pid: 7|app: 0|req: 656/1325] 199.19.213.65 () {34 vars in 861 bytes} [Tue Jul 14 19:15:27 2026] GET /allocations/040187f3-3e76-477a-abe5-11e82cb07579 => generated 245 bytes in 15 msecs (HTTP/1.1 200) 8 headers in 296 bytes (1 switches on core 0)
2026-07-14 19:15:27.665 8 INFO placement.requestlog [req-9dba9170-e8a8-4da2-a49e-99c651f67478 req-ec66a20f-6ead-4cd7-93ef-06562b50e49c 433240cf442c428286b53b223de2a29c a23054fb5e3f48669f7cf223c8400625 - - 5bcd0f4ecc9d4bb7bd475b5ec38c88cd 5bcd0f4ecc9d4bb7bd475b5ec38c88cd] 199.19.213.65 "GET /allocations/993c8b57-4eff-4144-bf82-487d171df3b4" status: 200 len: 258 microversion: 1.28 [pid: 8|app: 0|req: 670/1326] 199.19.213.65 () {34 vars in 861 bytes} [Tue Jul 14 19:15:27 2026] GET /allocations/993c8b57-4eff-4144-bf82-487d171df3b4 => generated 258 bytes in 18 msecs (HTTP/1.1 200) 8 headers in 296 bytes (1 switches on core 0)
2026-07-14 19:15:31.478 7 INFO placement.requestlog [None req-331c39ee-3c0f-4908-9757-f327dd3c90ea - - - - - -] 10.0.0.178 "GET /" status: 200 len: 136 microversion: 1.0
2026-07-14 19:15:31.477 8 INFO placement.requestlog [None req-4eef93d3-9ef1-4b0b-9a64-90f9a8354127 - - - - - -] 10.0.0.178 "GET /" status: 200 len: 136 microversion: 1.0
2026-07-14 19:15:41.477 8 INFO placement.requestlog [None req-15ab7aa7-5224-4a18-812d-e264bbead3e9 - - - - - -] 10.0.0.178 "GET /" status: 200 len: 136 microversion: 1.0
2026-07-14 19:15:41.477 7 INFO placement.requestlog [None req-fae55a06-dd13-430d-b440-1a79da5a0817 - - - - - -] 10.0.0.178 "GET /" status: 200 len: 136 microversion: 1.0
2026-07-14 19:15:51.477 8 INFO placement.requestlog [None req-99edb29a-afff-4743-b913-5fdaf71252a9 - - - - - -] 10.0.0.178 "GET /" status: 200 len: 136 microversion: 1.0
2026-07-14 19:15:51.478 7 INFO placement.requestlog [None req-d581e347-b8c1-4d17-a694-7eb6502bfc93 - - - - - -] 10.0.0.178 "GET /" status: 200 len: 136 microversion: 1.0
2026-07-14 19:16:01.477 8 INFO placement.requestlog [None req-949491a6-6bb2-4db8-ace2-08dcc3549410 - - - - - -] 10.0.0.178 "GET /" status: 200 len: 136 microversion: 1.0
2026-07-14 19:16:01.478 7 INFO placement.requestlog [None req-f280ea74-cc66-4793-a98b-cf641a79a562 - - - - - -] 10.0.0.178 "GET /" status: 200 len: 136 microversion: 1.0
2026-07-14 19:16:04.944 8 INFO placement.requestlog [req-a5cc5ce1-a5ba-4840-a1bb-12cbaffd6676 req-179a1452-b7fe-405b-9107-dc48a054ff9f 433240cf442c428286b53b223de2a29c a23054fb5e3f48669f7cf223c8400625 - - 5bcd0f4ecc9d4bb7bd475b5ec38c88cd 5bcd0f4ecc9d4bb7bd475b5ec38c88cd] 199.19.213.65 "GET /resource_providers/42fc0ab2-60cc-4752-b56b-a27b2a35c258/allocations" status: 200 len: 340 microversion: 1.0 [pid: 8|app: 0|req: 675/1335] 199.19.213.65 () {32 vars in 855 bytes} [Tue Jul 14 19:16:04 2026] GET /resource_providers/42fc0ab2-60cc-4752-b56b-a27b2a35c258/allocations => generated 340 bytes in 148 msecs (HTTP/1.1 200) 6 headers in 224 bytes (1 switches on core 0)
2026-07-14 19:16:04.973 7 INFO placement.requestlog [req-a5cc5ce1-a5ba-4840-a1bb-12cbaffd6676 req-34a7c746-81b2-48f0-9a96-cd2d8ac10a64 433240cf442c428286b53b223de2a29c a23054fb5e3f48669f7cf223c8400625 - - 5bcd0f4ecc9d4bb7bd475b5ec38c88cd 5bcd0f4ecc9d4bb7bd475b5ec38c88cd] 199.19.213.65 "GET /resource_providers?in_tree=42fc0ab2-60cc-4752-b56b-a27b2a35c258" status: 200 len: 798 microversion: 1.14 [pid: 7|app: 0|req: 661/1336] 199.19.213.65 () {34 vars in 890 bytes} [Tue Jul 14 19:16:04 2026] GET /resource_providers?in_tree=42fc0ab2-60cc-4752-b56b-a27b2a35c258 => generated 798 bytes in 18 msecs (HTTP/1.1 200) 6 headers in 225 bytes (1 switches on core 0)
2026-07-14 19:16:04.998 8 INFO placement.requestlog [req-a5cc5ce1-a5ba-4840-a1bb-12cbaffd6676 req-971246f8-bec5-441b-b9aa-c41aaa78df5a 433240cf442c428286b53b223de2a29c a23054fb5e3f48669f7cf223c8400625 - - 5bcd0f4ecc9d4bb7bd475b5ec38c88cd 5bcd0f4ecc9d4bb7bd475b5ec38c88cd] 199.19.213.65 "GET /resource_providers/42fc0ab2-60cc-4752-b56b-a27b2a35c258/inventories" status: 200 len: 401 microversion: 1.0 [pid: 8|app: 0|req: 676/1337] 199.19.213.65 () {32 vars in 855 bytes} [Tue Jul 14 19:16:04 2026] GET /resource_providers/42fc0ab2-60cc-4752-b56b-a27b2a35c258/inventories => generated 401 bytes in 16 msecs (HTTP/1.1 200) 6 headers in 224 bytes (1 switches on core 0)
2026-07-14 19:16:05.028 7 INFO placement.requestlog [req-a5cc5ce1-a5ba-4840-a1bb-12cbaffd6676 req-166ac34d-3d7f-46dd-996a-1be397ce9637 433240cf442c428286b53b223de2a29c a23054fb5e3f48669f7cf223c8400625 - - 5bcd0f4ecc9d4bb7bd475b5ec38c88cd 5bcd0f4ecc9d4bb7bd475b5ec38c88cd] 199.19.213.65 "GET /resource_providers/42fc0ab2-60cc-4752-b56b-a27b2a35c258/aggregates" status: 200 len: 54 microversion: 1.19 [pid: 7|app: 0|req: 662/1338] 199.19.213.65 () {34 vars in 897 bytes} [Tue Jul 14 19:16:05 2026] GET /resource_providers/42fc0ab2-60cc-4752-b56b-a27b2a35c258/aggregates => generated 54 bytes in 14 msecs (HTTP/1.1 200) 8 headers in 295 bytes (1 switches on core 0)
2026-07-14 19:16:05.067 8 INFO placement.requestlog [req-a5cc5ce1-a5ba-4840-a1bb-12cbaffd6676 req-30b52a92-3e17-4867-80d8-82b3dae1a18d 433240cf442c428286b53b223de2a29c a23054fb5e3f48669f7cf223c8400625 - - 5bcd0f4ecc9d4bb7bd475b5ec38c88cd 5bcd0f4ecc9d4bb7bd475b5ec38c88cd] 199.19.213.65 "GET /resource_providers/42fc0ab2-60cc-4752-b56b-a27b2a35c258/traits" status: 200 len: 1724 microversion: 1.6 [pid: 8|app: 0|req: 677/1339] 199.19.213.65 () {34 vars in 888 bytes} [Tue Jul 14 19:16:05 2026] GET /resource_providers/42fc0ab2-60cc-4752-b56b-a27b2a35c258/traits => generated 1724 bytes in 28 msecs (HTTP/1.1 200) 6 headers in 225 bytes (1 switches on core 0)
2026-07-14 19:16:05.092 7 INFO placement.requestlog [req-a5cc5ce1-a5ba-4840-a1bb-12cbaffd6676 req-b07ecfbf-8111-425c-baa9-a05df9aa2cb4 433240cf442c428286b53b223de2a29c a23054fb5e3f48669f7cf223c8400625 - - 5bcd0f4ecc9d4bb7bd475b5ec38c88cd 5bcd0f4ecc9d4bb7bd475b5ec38c88cd] 199.19.213.65 "GET /resource_providers/42fc0ab2-60cc-4752-b56b-a27b2a35c258/allocations" status: 200 len: 340 microversion: 1.0 [pid: 7|app: 0|req: 663/1340] 199.19.213.65 () {32 vars in 855 bytes} [Tue Jul 14 19:16:05 2026] GET /resource_providers/42fc0ab2-60cc-4752-b56b-a27b2a35c258/allocations => generated 340 bytes in 17 msecs (HTTP/1.1 200) 6 headers in 224 bytes (1 switches on core 0)
2026-07-14 19:16:05.120 8 INFO placement.requestlog [req-a5cc5ce1-a5ba-4840-a1bb-12cbaffd6676 req-e0b1b345-97bd-497f-bcc9-80160bbe07fd 433240cf442c428286b53b223de2a29c a23054fb5e3f48669f7cf223c8400625 - - 5bcd0f4ecc9d4bb7bd475b5ec38c88cd 5bcd0f4ecc9d4bb7bd475b5ec38c88cd] 199.19.213.65 "GET /allocations/c9de49ab-981c-4e71-94c4-2596455483d4" status: 200 len: 258 microversion: 1.28 [pid: 8|app: 0|req: 678/1341] 199.19.213.65 () {34 vars in 861 bytes} [Tue Jul 14 19:16:05 2026] GET /allocations/c9de49ab-981c-4e71-94c4-2596455483d4 => generated 258 bytes in 19 msecs (HTTP/1.1 200) 8 headers in 296 bytes (1 switches on core 0)
2026-07-14 19:16:05.145 7 INFO placement.requestlog [req-a5cc5ce1-a5ba-4840-a1bb-12cbaffd6676 req-710fe114-b075-461b-b8ab-fa533dbd5b88 433240cf442c428286b53b223de2a29c a23054fb5e3f48669f7cf223c8400625 - - 5bcd0f4ecc9d4bb7bd475b5ec38c88cd 5bcd0f4ecc9d4bb7bd475b5ec38c88cd] 199.19.213.65 "GET /allocations/040187f3-3e76-477a-abe5-11e82cb07579" status: 200 len: 245 microversion: 1.28 [pid: 7|app: 0|req: 664/1342] 199.19.213.65 () {34 vars in 861 bytes} [Tue Jul 14 19:16:05 2026] GET /allocations/040187f3-3e76-477a-abe5-11e82cb07579 => generated 245 bytes in 14 msecs (HTTP/1.1 200) 8 headers in 296 bytes (1 switches on core 0)
2026-07-14 19:16:05.174 8 INFO placement.requestlog [req-a5cc5ce1-a5ba-4840-a1bb-12cbaffd6676 req-2b55030d-d5d8-4427-b6a1-78b8395f86df 433240cf442c428286b53b223de2a29c a23054fb5e3f48669f7cf223c8400625 - - 5bcd0f4ecc9d4bb7bd475b5ec38c88cd 5bcd0f4ecc9d4bb7bd475b5ec38c88cd] 199.19.213.65 "GET /allocations/993c8b57-4eff-4144-bf82-487d171df3b4" status: 200 len: 258 microversion: 1.28 [pid: 8|app: 0|req: 679/1343] 199.19.213.65 () {34 vars in 861 bytes} [Tue Jul 14 19:16:05 2026] GET /allocations/993c8b57-4eff-4144-bf82-487d171df3b4 => generated 258 bytes in 12 msecs (HTTP/1.1 200) 8 headers in 296 bytes (1 switches on core 0)
2026-07-14 19:16:11.477 7 INFO placement.requestlog [None req-ab7c61e7-6be0-4d68-932a-945623351e12 - - - - - -] 10.0.0.178 "GET /" status: 200 len: 136 microversion: 1.0
2026-07-14 19:16:11.478 8 INFO placement.requestlog [None req-5935d213-ecb7-460c-8dac-ae3b1deeb4fe - - - - - -] 10.0.0.178 "GET /" status: 200 len: 136 microversion: 1.0
2026-07-14 19:16:21.479 7 INFO placement.requestlog [None req-e9be48a7-d799-4d1d-9eb7-b09dc4bf62a0 - - - - - -] 10.0.0.178 "GET /" status: 200 len: 136 microversion: 1.0
2026-07-14 19:16:21.479 8 INFO placement.requestlog [None req-75ab87af-757a-42f2-8812-7a08fca760ff - - - - - -] 10.0.0.178 "GET /" status: 200 len: 136 microversion: 1.0
2026-07-14 19:16:31.477 8 INFO placement.requestlog [None req-e06860d3-fc12-470b-a6cb-8ae0f64234f1 - - - - - -] 10.0.0.178 "GET /" status: 200 len: 136 microversion: 1.0
2026-07-14 19:16:31.477 7 INFO placement.requestlog [None req-8dcd88c6-5f34-458c-aa2e-ba202789866f - - - - - -] 10.0.0.178 "GET /" status: 200 len: 136 microversion: 1.0
2026-07-14 19:16:41.478 8 INFO placement.requestlog [None req-41fa4e04-cdce-431f-8ebe-f70ffbe99c85 - - - - - -] 10.0.0.178 "GET /" status: 200 len: 136 microversion: 1.0
2026-07-14 19:16:41.478 7 INFO placement.requestlog [None req-897d6fb3-dc69-4053-bb95-7b650298e596 - - - - - -] 10.0.0.178 "GET /" status: 200 len: 136 microversion: 1.0
2026-07-14 19:16:51.478 7 INFO placement.requestlog [None req-3cf37977-7db7-451f-ba3a-7a65b2a0bd5e - - - - - -] 10.0.0.178 "GET /" status: 200 len: 136 microversion: 1.0
2026-07-14 19:16:51.478 8 INFO placement.requestlog [None req-a98e7ca0-eb89-40ae-ac61-862030221ec3 - - - - - -] 10.0.0.178 "GET /" status: 200 len: 136 microversion: 1.0
2026-07-14 19:17:01.477 8 INFO placement.requestlog [None req-10f85358-5e31-46d5-bf02-8193637fb26a - - - - - -] 10.0.0.178 "GET /" status: 200 len: 136 microversion: 1.0
2026-07-14 19:17:01.478 7 INFO placement.requestlog [None req-07e70b0f-7b21-4e84-af34-e118cc10a79d - - - - - -] 10.0.0.178 "GET /" status: 200 len: 136 microversion: 1.0
2026-07-14 19:17:06.151 8 INFO placement.requestlog [req-0a5873e1-a78a-4bec-b4b1-46507d4f8090 req-d15e4e2c-9312-4c64-aaa9-10f04b5069bc 433240cf442c428286b53b223de2a29c a23054fb5e3f48669f7cf223c8400625 - - 5bcd0f4ecc9d4bb7bd475b5ec38c88cd 5bcd0f4ecc9d4bb7bd475b5ec38c88cd] 199.19.213.65 "GET /resource_providers/42fc0ab2-60cc-4752-b56b-a27b2a35c258/allocations" status: 200 len: 340 microversion: 1.0 [pid: 8|app: 0|req: 686/1356] 199.19.213.65 () {32 vars in 855 bytes} [Tue Jul 14 19:17:06 2026] GET /resource_providers/42fc0ab2-60cc-4752-b56b-a27b2a35c258/allocations => generated 340 bytes in 30 msecs (HTTP/1.1 200) 6 headers in 224 bytes (1 switches on core 0)
2026-07-14 19:17:06.186 7 INFO placement.requestlog [req-0a5873e1-a78a-4bec-b4b1-46507d4f8090 req-d39e3cdf-7194-4f0e-ac05-5eb32df144de 433240cf442c428286b53b223de2a29c a23054fb5e3f48669f7cf223c8400625 - - 5bcd0f4ecc9d4bb7bd475b5ec38c88cd 5bcd0f4ecc9d4bb7bd475b5ec38c88cd] 199.19.213.65 "GET /resource_providers/42fc0ab2-60cc-4752-b56b-a27b2a35c258/allocations" status: 200 len: 340 microversion: 1.0 [pid: 7|app: 0|req: 671/1357] 199.19.213.65 () {32 vars in 855 bytes} [Tue Jul 14 19:17:06 2026] GET /resource_providers/42fc0ab2-60cc-4752-b56b-a27b2a35c258/allocations => generated 340 bytes in 24 msecs (HTTP/1.1 200) 6 headers in 224 bytes (1 switches on core 0)
2026-07-14 19:17:06.211 8 INFO placement.requestlog [req-0a5873e1-a78a-4bec-b4b1-46507d4f8090 req-72430b97-fbb4-4171-8e0e-3389954adae3 433240cf442c428286b53b223de2a29c a23054fb5e3f48669f7cf223c8400625 - - 5bcd0f4ecc9d4bb7bd475b5ec38c88cd 5bcd0f4ecc9d4bb7bd475b5ec38c88cd] 199.19.213.65 "GET /allocations/c9de49ab-981c-4e71-94c4-2596455483d4" status: 200 len: 258 microversion: 1.28 [pid: 8|app: 0|req: 687/1358] 199.19.213.65 () {34 vars in 861 bytes} [Tue Jul 14 19:17:06 2026] GET /allocations/c9de49ab-981c-4e71-94c4-2596455483d4 => generated 258 bytes in 16 msecs (HTTP/1.1 200) 8 headers in 296 bytes (1 switches on core 0)
2026-07-14 19:17:06.235 7 INFO placement.requestlog [req-0a5873e1-a78a-4bec-b4b1-46507d4f8090 req-c7646461-f236-41db-9c4c-c6c1ddd605cf 433240cf442c428286b53b223de2a29c a23054fb5e3f48669f7cf223c8400625 - - 5bcd0f4ecc9d4bb7bd475b5ec38c88cd 5bcd0f4ecc9d4bb7bd475b5ec38c88cd] 199.19.213.65 "GET /allocations/040187f3-3e76-477a-abe5-11e82cb07579" status: 200 len: 245 microversion: 1.28 [pid: 7|app: 0|req: 672/1359] 199.19.213.65 () {34 vars in 861 bytes} [Tue Jul 14 19:17:06 2026] GET /allocations/040187f3-3e76-477a-abe5-11e82cb07579 => generated 245 bytes in 16 msecs (HTTP/1.1 200) 8 headers in 296 bytes (1 switches on core 0)
2026-07-14 19:17:06.258 8 INFO placement.requestlog [req-0a5873e1-a78a-4bec-b4b1-46507d4f8090 req-91167489-feee-4422-817c-81e58f4f4768 433240cf442c428286b53b223de2a29c a23054fb5e3f48669f7cf223c8400625 - - 5bcd0f4ecc9d4bb7bd475b5ec38c88cd 5bcd0f4ecc9d4bb7bd475b5ec38c88cd] 199.19.213.65 "GET /allocations/993c8b57-4eff-4144-bf82-487d171df3b4" status: 200 len: 258 microversion: 1.28 [pid: 8|app: 0|req: 688/1360] 199.19.213.65 () {34 vars in 861 bytes} [Tue Jul 14 19:17:06 2026] GET /allocations/993c8b57-4eff-4144-bf82-487d171df3b4 => generated 258 bytes in 16 msecs (HTTP/1.1 200) 8 headers in 296 bytes (1 switches on core 0)
2026-07-14 19:17:11.477 8 INFO placement.requestlog [None req-5500f63c-a72b-48cd-af9d-c11c4cf91614 - - - - - -] 10.0.0.178 "GET /" status: 200 len: 136 microversion: 1.0
2026-07-14 19:17:11.477 7 INFO placement.requestlog [None req-0e82beec-1f3b-4575-a8d0-76ec05985e7a - - - - - -] 10.0.0.178 "GET /" status: 200 len: 136 microversion: 1.0
2026-07-14 19:17:21.477 8 INFO placement.requestlog [None req-a5e7c21c-ffe0-430b-94c4-5365c4187477 - - - - - -] 10.0.0.178 "GET /" status: 200 len: 136 microversion: 1.0
2026-07-14 19:17:21.477 7 INFO placement.requestlog [None req-f99bb263-8647-461d-9e9a-0ea8af07a6b8 - - - - - -] 10.0.0.178 "GET /" status: 200 len: 136 microversion: 1.0
2026-07-14 19:17:31.476 8 INFO placement.requestlog [None req-7f5fa7bd-8670-4e51-815a-b9d9da00f45b - - - - - -] 10.0.0.178 "GET /" status: 200 len: 136 microversion: 1.0
2026-07-14 19:17:31.477 7 INFO placement.requestlog [None req-3a072467-ea91-4e25-85fa-44ea9cf4739b - - - - - -] 10.0.0.178 "GET /" status: 200 len: 136 microversion: 1.0
2026-07-14 19:17:41.477 8 INFO placement.requestlog [None req-d014e898-bad0-40f4-bc25-cd71f2bd6ba0 - - - - - -] 10.0.0.178 "GET /" status: 200 len: 136 microversion: 1.0
2026-07-14 19:17:41.477 7 INFO placement.requestlog [None req-00b20d43-c9bf-42ba-8839-dc66d79999e4 - - - - - -] 10.0.0.178 "GET /" status: 200 len: 136 microversion: 1.0
2026-07-14 19:17:42.730 8 INFO placement.requestlog [req-4087b0bc-5614-4de9-b2fb-54a6dd21c1e7 req-fd01ff9b-03c8-4ac4-ada5-d1ba56b8ae58 433240cf442c428286b53b223de2a29c a23054fb5e3f48669f7cf223c8400625 - - 5bcd0f4ecc9d4bb7bd475b5ec38c88cd 5bcd0f4ecc9d4bb7bd475b5ec38c88cd] 199.19.213.65 "GET /resource_providers/42fc0ab2-60cc-4752-b56b-a27b2a35c258/allocations" status: 200 len: 340 microversion: 1.0 [pid: 8|app: 0|req: 693/1369] 199.19.213.65 () {32 vars in 855 bytes} [Tue Jul 14 19:17:42 2026] GET /resource_providers/42fc0ab2-60cc-4752-b56b-a27b2a35c258/allocations => generated 340 bytes in 20 msecs (HTTP/1.1 200) 6 headers in 224 bytes (1 switches on core 0)
