2026-07-14 18:50:06.271 10 INFO neutron.db.ovn_revision_numbers_db [None req-003b7dc6-7b51-4649-b0bf-eb6d0e5618e2 a0a32db825bc45a2914b55810ab3dc5f b41d24f469744c7a8a87647ea724a352 - - default default] Successfully bumped revision number for resource 58703e62-7a3f-4fe0-a960-fc035689b450 (type: security_group_rules) to 0
2026-07-14 18:50:06.288 10 INFO neutron.wsgi [None req-840fca8b-86d6-4385-b130-8dc23cad1f09 7bbe5fbbecb04c67aaf0e51e1e70f88f 1df9047b14b549089d81bf61621eaab4 - - default default] 10.0.0.70 "DELETE /v2.0/security-groups/29a2a978-2ee8-49d4-8715-48e64e51b27c HTTP/1.1" status: 204 len: 168 time: 0.2525480
2026-07-14 18:50:06.292 10 INFO neutron.db.ovn_revision_numbers_db [None req-003b7dc6-7b51-4649-b0bf-eb6d0e5618e2 a0a32db825bc45a2914b55810ab3dc5f b41d24f469744c7a8a87647ea724a352 - - default default] Successfully bumped revision number for resource 8be9298c-c78d-4889-a6ea-bad939784a3b (type: security_group_rules) to 0
2026-07-14 18:50:06.316 10 INFO neutron.db.ovn_revision_numbers_db [None req-003b7dc6-7b51-4649-b0bf-eb6d0e5618e2 a0a32db825bc45a2914b55810ab3dc5f b41d24f469744c7a8a87647ea724a352 - - default default] Successfully bumped revision number for resource c9bad6e0-064b-4aad-8290-b10d23204506 (type: security_group_rules) to 0
2026-07-14 18:50:06.331 10 INFO neutron.db.ovn_revision_numbers_db [None req-003b7dc6-7b51-4649-b0bf-eb6d0e5618e2 a0a32db825bc45a2914b55810ab3dc5f b41d24f469744c7a8a87647ea724a352 - - default default] Successfully bumped revision number for resource d1407628-7291-4a4c-8891-7decea726c2a (type: security_group_rules) to 0
2026-07-14 18:50:06.354 9 INFO neutron.wsgi [None req-99931ce9-7cda-4126-b286-363c446f3cc0 ba7bd1e6b08e4c03ae3af78bf3eb6252 be81de3174bd4a669cd4b09f76541d55 - - default default] 10.0.0.70 "GET /v2.0/routers?not-tags=red%2Cblue HTTP/1.1" status: 200 len: 1573 time: 0.0951626
2026-07-14 18:50:06.427 10 INFO neutron.db.segments_db [None req-003b7dc6-7b51-4649-b0bf-eb6d0e5618e2 a0a32db825bc45a2914b55810ab3dc5f b41d24f469744c7a8a87647ea724a352 - - default default] Added segment 1b564b9c-2cd0-4933-a3be-042b00359e85 of type geneve for network 81d51ca9-a89c-4efd-80da-1ea252c898f2
2026-07-14 18:50:06.435 10 INFO neutron.wsgi [None req-bcf96138-9034-40c1-83cf-f35e1ac80e6f ba7bd1e6b08e4c03ae3af78bf3eb6252 be81de3174bd4a669cd4b09f76541d55 - - default default] 10.0.0.70 "GET /v2.0/routers?not-tags-any=blue HTTP/1.1" status: 200 len: 1573 time: 0.0759718
2026-07-14 18:50:06.525 9 INFO neutron.wsgi [None req-b762072f-5188-44f6-baa2-65372fe0f5de ba7bd1e6b08e4c03ae3af78bf3eb6252 be81de3174bd4a669cd4b09f76541d55 - - default default] 10.0.0.70 "GET /v2.0/routers?not-tags-any=red%2Cblue HTTP/1.1" status: 200 len: 1116 time: 0.0836170
2026-07-14 18:50:06.598 9 INFO neutron.db.ovn_revision_numbers_db [None req-adb112a6-0c62-477d-8cca-735343a9e5e1 7bbe5fbbecb04c67aaf0e51e1e70f88f 1df9047b14b549089d81bf61621eaab4 - - default default] Successfully bumped revision number for resource a3ea6936-6469-4ffb-a6ff-f734bbc85cec (type: security_groups) to 1
2026-07-14 18:50:06.619 9 INFO neutron.db.ovn_revision_numbers_db [None req-adb112a6-0c62-477d-8cca-735343a9e5e1 7bbe5fbbecb04c67aaf0e51e1e70f88f 1df9047b14b549089d81bf61621eaab4 - - default default] Successfully bumped revision number for resource 862edd5e-e103-479a-a911-cf4a6c63d3fd (type: security_group_rules) to 0
2026-07-14 18:50:06.625 10 INFO neutron.wsgi [None req-f554f8a5-b5f2-417d-b2e2-f2fc9fe5d552 ba7bd1e6b08e4c03ae3af78bf3eb6252 be81de3174bd4a669cd4b09f76541d55 - - default default] 10.0.0.70 "GET /v2.0/routers/c5d581b8-e59b-482f-998f-6f9ad5be1854 HTTP/1.1" status: 200 len: 660 time: 0.0923712
2026-07-14 18:50:06.636 10 INFO neutron.db.ovn_revision_numbers_db [None req-003b7dc6-7b51-4649-b0bf-eb6d0e5618e2 a0a32db825bc45a2914b55810ab3dc5f b41d24f469744c7a8a87647ea724a352 - - default default] Successfully bumped revision number for resource 81d51ca9-a89c-4efd-80da-1ea252c898f2 (type: networks) to 1
2026-07-14 18:50:06.636 9 INFO neutron.db.ovn_revision_numbers_db [None req-adb112a6-0c62-477d-8cca-735343a9e5e1 7bbe5fbbecb04c67aaf0e51e1e70f88f 1df9047b14b549089d81bf61621eaab4 - - default default] Successfully bumped revision number for resource b13fc368-9a10-465f-bb32-b5462a7b1aca (type: security_group_rules) to 0
2026-07-14 18:50:06.651 9 INFO neutron.db.ovn_revision_numbers_db [None req-adb112a6-0c62-477d-8cca-735343a9e5e1 7bbe5fbbecb04c67aaf0e51e1e70f88f 1df9047b14b549089d81bf61621eaab4 - - default default] Successfully bumped revision number for resource c4c0fafa-6343-4275-b835-f2031fd2a21a (type: security_group_rules) to 0
2026-07-14 18:50:06.665 9 INFO neutron.db.ovn_revision_numbers_db [None req-adb112a6-0c62-477d-8cca-735343a9e5e1 7bbe5fbbecb04c67aaf0e51e1e70f88f 1df9047b14b549089d81bf61621eaab4 - - default default] Successfully bumped revision number for resource dfca72bf-4ba5-49c3-9c45-c39c9f52a3ef (type: security_group_rules) to 0
2026-07-14 18:50:06.687 9 INFO neutron.wsgi [None req-adb112a6-0c62-477d-8cca-735343a9e5e1 7bbe5fbbecb04c67aaf0e51e1e70f88f 1df9047b14b549089d81bf61621eaab4 - - default default] 10.0.0.70 "GET /v2.0/security-groups?tenant_id=7afd1b624cd2416681bef670ab201bbf&name=default HTTP/1.1" status: 200 len: 2996 time: 0.2884135
2026-07-14 18:50:06.951 9 INFO neutron.wsgi [None req-baaba7fd-8dbf-4767-bcb2-8c3cccc6f69d 7bbe5fbbecb04c67aaf0e51e1e70f88f 1df9047b14b549089d81bf61621eaab4 - - default default] 10.0.0.70 "DELETE /v2.0/security-groups/a3ea6936-6469-4ffb-a6ff-f734bbc85cec HTTP/1.1" status: 204 len: 168 time: 0.2576222
2026-07-14 18:50:07.016 10 WARNING neutron.scheduler.dhcp_agent_scheduler [None req-003b7dc6-7b51-4649-b0bf-eb6d0e5618e2 a0a32db825bc45a2914b55810ab3dc5f b41d24f469744c7a8a87647ea724a352 - - default default] No more DHCP agents
2026-07-14 18:50:07.030 10 WARNING neutron.api.rpc.agentnotifiers.dhcp_rpc_agent_api [None req-003b7dc6-7b51-4649-b0bf-eb6d0e5618e2 a0a32db825bc45a2914b55810ab3dc5f b41d24f469744c7a8a87647ea724a352 - - default default] Unable to schedule network 81d51ca9-a89c-4efd-80da-1ea252c898f2: no agents available; will retry on subsequent port and subnet creation events.
2026-07-14 18:50:07.172 10 INFO neutron.db.ovn_revision_numbers_db [None req-003b7dc6-7b51-4649-b0bf-eb6d0e5618e2 a0a32db825bc45a2914b55810ab3dc5f b41d24f469744c7a8a87647ea724a352 - - default default] Successfully bumped revision number for resource c1d2c298-9ce8-47b0-9663-8777be6f8a87 (type: ports) to 1
2026-07-14 18:50:07.225 10 INFO neutron.wsgi [None req-003b7dc6-7b51-4649-b0bf-eb6d0e5618e2 a0a32db825bc45a2914b55810ab3dc5f b41d24f469744c7a8a87647ea724a352 - - default default] 10.0.0.70 "POST /v2.0/networks HTTP/1.1" status: 201 len: 830 time: 1.1929963
2026-07-14 18:50:07.227 10 INFO neutron.db.ovn_revision_numbers_db [None req-2c81382c-6699-4b6c-9582-7f63e6d6640e ba7bd1e6b08e4c03ae3af78bf3eb6252 be81de3174bd4a669cd4b09f76541d55 - - default default] Successfully bumped revision number for resource c5d581b8-e59b-482f-998f-6f9ad5be1854 (type: routers) to 2
2026-07-14 18:50:07.229 10 INFO neutron.wsgi [None req-2c81382c-6699-4b6c-9582-7f63e6d6640e ba7bd1e6b08e4c03ae3af78bf3eb6252 be81de3174bd4a669cd4b09f76541d55 - - default default] 10.0.0.70 "PUT /v2.0/routers/c5d581b8-e59b-482f-998f-6f9ad5be1854 HTTP/1.1" status: 200 len: 660 time: 0.5996029
2026-07-14 18:50:07.259 10 INFO neutron.wsgi [None req-ebe97528-51e8-4c66-98b1-5a2d078db87e ba7bd1e6b08e4c03ae3af78bf3eb6252 be81de3174bd4a669cd4b09f76541d55 - - default default] 10.0.0.70 "GET /v2.0/ports?device_id=c5d581b8-e59b-482f-998f-6f9ad5be1854 HTTP/1.1" status: 200 len: 205 time: 0.0245433
2026-07-14 18:50:07.311 9 INFO neutron.wsgi [None req-c009b5df-40d7-4d68-bc71-b7476720f1e7 a0a32db825bc45a2914b55810ab3dc5f b41d24f469744c7a8a87647ea724a352 - - default default] 10.0.0.70 "PUT /v2.0/networks/81d51ca9-a89c-4efd-80da-1ea252c898f2/tags HTTP/1.1" status: 200 len: 218 time: 0.0811756
2026-07-14 18:50:07.364 10 INFO neutron.wsgi [None req-9cf6206d-0c5d-4f3b-ba62-84eb3b46bb7e a0a32db825bc45a2914b55810ab3dc5f b41d24f469744c7a8a87647ea724a352 - - default default] 10.0.0.70 "GET /v2.0/networks/81d51ca9-a89c-4efd-80da-1ea252c898f2/tags HTTP/1.1" status: 200 len: 218 time: 0.0479581
2026-07-14 18:50:07.366 10 INFO neutron.db.ovn_revision_numbers_db [None req-e1ddab7e-9c48-4ef6-88ab-fbf16cef1f71 7bbe5fbbecb04c67aaf0e51e1e70f88f 1df9047b14b549089d81bf61621eaab4 - - default default] Successfully bumped revision number for resource 1f25a61b-6281-4855-87e7-13de4555f069 (type: security_groups) to 1
2026-07-14 18:50:07.388 10 INFO neutron.db.ovn_revision_numbers_db [None req-e1ddab7e-9c48-4ef6-88ab-fbf16cef1f71 7bbe5fbbecb04c67aaf0e51e1e70f88f 1df9047b14b549089d81bf61621eaab4 - - default default] Successfully bumped revision number for resource 6d6f8c16-3fa8-43fa-bea5-047fc1ed786b (type: security_group_rules) to 0
2026-07-14 18:50:07.425 10 INFO neutron.db.ovn_revision_numbers_db [None req-e1ddab7e-9c48-4ef6-88ab-fbf16cef1f71 7bbe5fbbecb04c67aaf0e51e1e70f88f 1df9047b14b549089d81bf61621eaab4 - - default default] Successfully bumped revision number for resource b3fffb54-bfbc-41d1-b013-00793a12d42b (type: security_group_rules) to 0
2026-07-14 18:50:07.433 10 INFO neutron.wsgi [None req-f9248ea2-3a00-4099-beac-b3cc2eb5169f a0a32db825bc45a2914b55810ab3dc5f b41d24f469744c7a8a87647ea724a352 - - default default] 10.0.0.70 "PUT /v2.0/networks/81d51ca9-a89c-4efd-80da-1ea252c898f2/tags/green HTTP/1.1" status: 201 len: 201 time: 0.0582530
2026-07-14 18:50:07.451 10 INFO neutron.db.ovn_revision_numbers_db [None req-e1ddab7e-9c48-4ef6-88ab-fbf16cef1f71 7bbe5fbbecb04c67aaf0e51e1e70f88f 1df9047b14b549089d81bf61621eaab4 - - default default] Successfully bumped revision number for resource b8cebe4c-1989-41f4-8765-39523c03f6c2 (type: security_group_rules) to 0
2026-07-14 18:50:07.476 10 INFO neutron.db.ovn_revision_numbers_db [None req-e1ddab7e-9c48-4ef6-88ab-fbf16cef1f71 7bbe5fbbecb04c67aaf0e51e1e70f88f 1df9047b14b549089d81bf61621eaab4 - - default default] Successfully bumped revision number for resource f9119b65-d616-447e-bd85-040d75be7fc8 (type: security_group_rules) to 0
2026-07-14 18:50:07.500 10 INFO neutron.wsgi [None req-e1ddab7e-9c48-4ef6-88ab-fbf16cef1f71 7bbe5fbbecb04c67aaf0e51e1e70f88f 1df9047b14b549089d81bf61621eaab4 - - default default] 10.0.0.70 "GET /v2.0/security-groups?tenant_id=12491834c1fe4c309fee539bdf703461&name=default HTTP/1.1" status: 200 len: 3000 time: 0.3448517
2026-07-14 18:50:07.508 9 INFO neutron.wsgi [None req-7cb94f8b-bf15-4f9b-bca2-3d1d7dc9698b a0a32db825bc45a2914b55810ab3dc5f b41d24f469744c7a8a87647ea724a352 - - default default] 10.0.0.70 "GET /v2.0/networks/81d51ca9-a89c-4efd-80da-1ea252c898f2/tags HTTP/1.1" status: 200 len: 227 time: 0.0583694
2026-07-14 18:50:07.546 9 INFO neutron.wsgi [None req-c10bd041-4d86-4257-9420-db2a6cf3448d ba7bd1e6b08e4c03ae3af78bf3eb6252 be81de3174bd4a669cd4b09f76541d55 - - default default] 10.0.0.70 "DELETE /v2.0/routers/c5d581b8-e59b-482f-998f-6f9ad5be1854 HTTP/1.1" status: 204 len: 168 time: 0.2791004
2026-07-14 18:50:07.554 9 INFO neutron.wsgi [None req-e33b4702-f084-496c-b60c-e0a1c0482054 a0a32db825bc45a2914b55810ab3dc5f b41d24f469744c7a8a87647ea724a352 - - default default] 10.0.0.70 "PUT /v2.0/networks/81d51ca9-a89c-4efd-80da-1ea252c898f2/tags/red HTTP/1.1" status: 201 len: 201 time: 0.0413725
2026-07-14 18:50:07.612 10 INFO neutron.wsgi [None req-bcb90c82-06c2-486d-801d-97b39f21539a ba7bd1e6b08e4c03ae3af78bf3eb6252 be81de3174bd4a669cd4b09f76541d55 - - default default] 10.0.0.70 "GET /v2.0/routers/eaed4318-dfbc-4a8f-9818-da3ffe9b7a73 HTTP/1.1" status: 200 len: 668 time: 0.0600147
2026-07-14 18:50:07.623 9 INFO neutron.wsgi [None req-dddd39e3-89e5-4a79-adfb-f4ce02d5af0c a0a32db825bc45a2914b55810ab3dc5f b41d24f469744c7a8a87647ea724a352 - - default default] 10.0.0.70 "GET /v2.0/networks/81d51ca9-a89c-4efd-80da-1ea252c898f2/tags HTTP/1.1" status: 200 len: 227 time: 0.0642364
2026-07-14 18:50:07.692 9 INFO neutron.wsgi [None req-19fa161b-efb9-4dad-9e4e-63d073e5ba07 a0a32db825bc45a2914b55810ab3dc5f b41d24f469744c7a8a87647ea724a352 - - default default] 10.0.0.70 "PUT /v2.0/networks/81d51ca9-a89c-4efd-80da-1ea252c898f2/tags/black.or.white HTTP/1.1" status: 201 len: 201 time: 0.0624313
2026-07-14 18:50:07.777 10 INFO neutron.wsgi [None req-710033e2-c2a2-476f-a777-cff3170ceaab a0a32db825bc45a2914b55810ab3dc5f b41d24f469744c7a8a87647ea724a352 - - default default] 10.0.0.70 "GET /v2.0/networks/81d51ca9-a89c-4efd-80da-1ea252c898f2/tags HTTP/1.1" status: 200 len: 245 time: 0.0788624
2026-07-14 18:50:07.829 9 INFO neutron.wsgi [None req-e259d436-4624-4305-9da9-d1c60e4c04df a0a32db825bc45a2914b55810ab3dc5f b41d24f469744c7a8a87647ea724a352 - - default default] 10.0.0.70 "PUT /v2.0/networks/81d51ca9-a89c-4efd-80da-1ea252c898f2/tags HTTP/1.1" status: 200 len: 230 time: 0.0478618
2026-07-14 18:50:07.882 9 INFO neutron.wsgi [None req-d8129c00-36d8-469d-88a4-666c71c7e901 a0a32db825bc45a2914b55810ab3dc5f b41d24f469744c7a8a87647ea724a352 - - default default] 10.0.0.70 "GET /v2.0/networks/81d51ca9-a89c-4efd-80da-1ea252c898f2/tags HTTP/1.1" status: 200 len: 230 time: 0.0432260
2026-07-14 18:50:07.913 10 INFO neutron.wsgi [None req-c7a25a20-6636-4067-a0c7-c4804c429a7c 7bbe5fbbecb04c67aaf0e51e1e70f88f 1df9047b14b549089d81bf61621eaab4 - - default default] 10.0.0.70 "DELETE /v2.0/security-groups/1f25a61b-6281-4855-87e7-13de4555f069 HTTP/1.1" status: 204 len: 168 time: 0.4070528
2026-07-14 18:50:07.937 9 INFO neutron.wsgi [None req-7695d5ec-d981-41b5-b535-9b135f29e92a a0a32db825bc45a2914b55810ab3dc5f b41d24f469744c7a8a87647ea724a352 - - default default] 10.0.0.70 "GET /v2.0/networks/81d51ca9-a89c-4efd-80da-1ea252c898f2/tags/red HTTP/1.1" status: 204 len: 168 time: 0.0491455
2026-07-14 18:50:07.989 9 INFO neutron.api.v2.resource [None req-3d74f275-8452-462f-8122-55c1a6f85b1b a0a32db825bc45a2914b55810ab3dc5f b41d24f469744c7a8a87647ea724a352 - - default default] show failed (client error): The resource could not be found.
2026-07-14 18:50:07.991 9 INFO neutron.wsgi [None req-3d74f275-8452-462f-8122-55c1a6f85b1b a0a32db825bc45a2914b55810ab3dc5f b41d24f469744c7a8a87647ea724a352 - - default default] 10.0.0.70 "GET /v2.0/networks/81d51ca9-a89c-4efd-80da-1ea252c898f2/tags/green HTTP/1.1" status: 404 len: 299 time: 0.0485458
2026-07-14 18:50:08.058 9 INFO neutron.wsgi [None req-357e4e84-500d-48a2-9582-bbb3ac5390eb a0a32db825bc45a2914b55810ab3dc5f b41d24f469744c7a8a87647ea724a352 - - default default] 10.0.0.70 "DELETE /v2.0/networks/81d51ca9-a89c-4efd-80da-1ea252c898f2/tags/red HTTP/1.1" status: 204 len: 168 time: 0.0610824
2026-07-14 18:50:08.371 9 INFO neutron.wsgi [None req-7ca3445f-6e41-4d49-9670-63301b50382d a0a32db825bc45a2914b55810ab3dc5f b41d24f469744c7a8a87647ea724a352 - - default default] 10.0.0.70 "GET /v2.0/networks/81d51ca9-a89c-4efd-80da-1ea252c898f2/tags HTTP/1.1" status: 200 len: 223 time: 0.3072743
2026-07-14 18:50:08.381 10 INFO neutron.db.ovn_revision_numbers_db [None req-acee85a6-4c49-426c-af98-53d204818fe2 ba7bd1e6b08e4c03ae3af78bf3eb6252 be81de3174bd4a669cd4b09f76541d55 - - default default] Successfully bumped revision number for resource eaed4318-dfbc-4a8f-9818-da3ffe9b7a73 (type: routers) to 2
2026-07-14 18:50:08.385 10 INFO neutron.wsgi [None req-acee85a6-4c49-426c-af98-53d204818fe2 ba7bd1e6b08e4c03ae3af78bf3eb6252 be81de3174bd4a669cd4b09f76541d55 - - default default] 10.0.0.70 "PUT /v2.0/routers/eaed4318-dfbc-4a8f-9818-da3ffe9b7a73 HTTP/1.1" status: 200 len: 668 time: 0.7639313
2026-07-14 18:50:08.411 10 INFO neutron.wsgi [None req-865da860-1b2c-4fbd-bc77-9528c5dc482f ba7bd1e6b08e4c03ae3af78bf3eb6252 be81de3174bd4a669cd4b09f76541d55 - - default default] 10.0.0.70 "GET /v2.0/ports?device_id=eaed4318-dfbc-4a8f-9818-da3ffe9b7a73 HTTP/1.1" status: 200 len: 205 time: 0.0209928
2026-07-14 18:50:08.414 9 INFO neutron.api.v2.resource [None req-8b4d5a21-8227-47cc-8b4a-c9ee693020cc a0a32db825bc45a2914b55810ab3dc5f b41d24f469744c7a8a87647ea724a352 - - default default] delete failed (client error): The resource could not be found.
2026-07-14 18:50:08.415 9 INFO neutron.wsgi [None req-8b4d5a21-8227-47cc-8b4a-c9ee693020cc a0a32db825bc45a2914b55810ab3dc5f b41d24f469744c7a8a87647ea724a352 - - default default] 10.0.0.70 "DELETE /v2.0/networks/81d51ca9-a89c-4efd-80da-1ea252c898f2/tags/green HTTP/1.1" status: 404 len: 299 time: 0.0397635
2026-07-14 18:50:08.512 9 INFO neutron.wsgi [None req-12d72acf-6446-4407-a999-d0205b2fa51a a0a32db825bc45a2914b55810ab3dc5f b41d24f469744c7a8a87647ea724a352 - - default default] 10.0.0.70 "DELETE /v2.0/networks/81d51ca9-a89c-4efd-80da-1ea252c898f2/tags HTTP/1.1" status: 204 len: 168 time: 0.0929101
2026-07-14 18:50:08.571 9 INFO neutron.wsgi [None req-79c7f1b3-863c-4d07-9795-037c7de0e347 a0a32db825bc45a2914b55810ab3dc5f b41d24f469744c7a8a87647ea724a352 - - default default] 10.0.0.70 "GET /v2.0/networks/81d51ca9-a89c-4efd-80da-1ea252c898f2/tags HTTP/1.1" status: 200 len: 205 time: 0.0521483
2026-07-14 18:50:08.686 10 INFO neutron.wsgi [None req-1fe893a3-dac5-42f9-8e1b-8c556ffce104 ba7bd1e6b08e4c03ae3af78bf3eb6252 be81de3174bd4a669cd4b09f76541d55 - - default default] 10.0.0.70 "DELETE /v2.0/routers/eaed4318-dfbc-4a8f-9818-da3ffe9b7a73 HTTP/1.1" status: 204 len: 168 time: 0.2696650
2026-07-14 18:50:08.743 10 INFO neutron.wsgi [None req-8c78ee48-e338-4544-b0b4-be911e501a43 ba7bd1e6b08e4c03ae3af78bf3eb6252 be81de3174bd4a669cd4b09f76541d55 - - default default] 10.0.0.70 "GET /v2.0/routers/b3111f9a-225d-445a-abe1-d8bbcc6b0ddc HTTP/1.1" status: 200 len: 677 time: 0.0506053
2026-07-14 18:50:08.945 9 INFO neutron.services.segments.plugin [-] Segment 1b564b9c-2cd0-4933-a3be-042b00359e85 resource provider aggregate not found
2026-07-14 18:50:08.952 9 INFO neutron.services.segments.plugin [-] Segment 1b564b9c-2cd0-4933-a3be-042b00359e85 resource provider aggregate not found
2026-07-14 18:50:08.972 9 INFO neutron.services.segments.plugin [-] Segment 1b564b9c-2cd0-4933-a3be-042b00359e85 resource provider not found; error: Placement Client Error (4xx): {"errors": [{"status": 404, "title": "Not Found", "detail": "The resource could not be found.\n\n No resource provider with uuid 1b564b9c-2cd0-4933-a3be-042b00359e85 found for delete ", "request_id": "req-8fdcd8cf-c7c3-4d0a-8751-591d16140ed7"}]}
2026-07-14 18:50:08.987 9 INFO neutron.services.segments.plugin [-] Segment 1b564b9c-2cd0-4933-a3be-042b00359e85 resource provider not found; error: Placement Client Error (4xx): {"errors": [{"status": 404, "title": "Not Found", "detail": "The resource could not be found.\n\n No resource provider with uuid 1b564b9c-2cd0-4933-a3be-042b00359e85 found for delete ", "request_id": "req-9a5eb17c-0cf0-40b5-954e-de838866096b"}]}
2026-07-14 18:50:09.021 9 INFO neutron.wsgi [None req-34d40188-597d-4967-8c48-1904d95e2eca a0a32db825bc45a2914b55810ab3dc5f b41d24f469744c7a8a87647ea724a352 - - default default] 10.0.0.70 "DELETE /v2.0/networks/81d51ca9-a89c-4efd-80da-1ea252c898f2 HTTP/1.1" status: 204 len: 168 time: 0.4414301
2026-07-14 18:50:09.269 10 INFO neutron.db.ovn_revision_numbers_db [None req-4e142118-f872-4717-ba46-a3a25de1d2ec ba7bd1e6b08e4c03ae3af78bf3eb6252 be81de3174bd4a669cd4b09f76541d55 - - default default] Successfully bumped revision number for resource b3111f9a-225d-445a-abe1-d8bbcc6b0ddc (type: routers) to 2
2026-07-14 18:50:09.274 10 INFO neutron.wsgi [None req-4e142118-f872-4717-ba46-a3a25de1d2ec ba7bd1e6b08e4c03ae3af78bf3eb6252 be81de3174bd4a669cd4b09f76541d55 - - default default] 10.0.0.70 "PUT /v2.0/routers/b3111f9a-225d-445a-abe1-d8bbcc6b0ddc HTTP/1.1" status: 200 len: 677 time: 0.5259421
2026-07-14 18:50:09.297 10 INFO neutron.wsgi [None req-81a29b54-880c-48d3-80d5-9247d83de2b3 ba7bd1e6b08e4c03ae3af78bf3eb6252 be81de3174bd4a669cd4b09f76541d55 - - default default] 10.0.0.70 "GET /v2.0/ports?device_id=b3111f9a-225d-445a-abe1-d8bbcc6b0ddc HTTP/1.1" status: 200 len: 205 time: 0.0183785
2026-07-14 18:50:09.527 10 INFO neutron.wsgi [None req-370bce58-1d4b-49a1-924f-6a59a5ca0840 ba7bd1e6b08e4c03ae3af78bf3eb6252 be81de3174bd4a669cd4b09f76541d55 - - default default] 10.0.0.70 "DELETE /v2.0/routers/b3111f9a-225d-445a-abe1-d8bbcc6b0ddc HTTP/1.1" status: 204 len: 168 time: 0.2254572
2026-07-14 18:50:09.582 9 INFO neutron.wsgi [None req-b9f50470-3c32-457c-bd9a-f39ab4880941 ba7bd1e6b08e4c03ae3af78bf3eb6252 be81de3174bd4a669cd4b09f76541d55 - - default default] 10.0.0.70 "GET /v2.0/routers/6dcaa73c-5732-4cfc-8456-c16813ca03c0 HTTP/1.1" status: 200 len: 662 time: 0.0510097
2026-07-14 18:50:09.996 10 INFO neutron.wsgi [None req-54ca4743-267e-4742-bbc2-f4851db25f5d 7bbe5fbbecb04c67aaf0e51e1e70f88f 1df9047b14b549089d81bf61621eaab4 - - default default] 10.0.0.70 "GET /v2.0/security-groups?tenant_id=b41d24f469744c7a8a87647ea724a352&name=default HTTP/1.1" status: 200 len: 2996 time: 0.2598608
2026-07-14 18:50:10.083 9 INFO neutron.db.ovn_revision_numbers_db [None req-e629dadd-b8d1-4c4a-a175-798054e2a382 ba7bd1e6b08e4c03ae3af78bf3eb6252 be81de3174bd4a669cd4b09f76541d55 - - default default] Successfully bumped revision number for resource 6dcaa73c-5732-4cfc-8456-c16813ca03c0 (type: routers) to 2
2026-07-14 18:50:10.087 9 INFO neutron.wsgi [None req-e629dadd-b8d1-4c4a-a175-798054e2a382 ba7bd1e6b08e4c03ae3af78bf3eb6252 be81de3174bd4a669cd4b09f76541d55 - - default default] 10.0.0.70 "PUT /v2.0/routers/6dcaa73c-5732-4cfc-8456-c16813ca03c0 HTTP/1.1" status: 200 len: 662 time: 0.5006514
2026-07-14 18:50:10.114 9 INFO neutron.wsgi [None req-61316ab3-0a20-4b8b-93d7-c75f67dfbf67 ba7bd1e6b08e4c03ae3af78bf3eb6252 be81de3174bd4a669cd4b09f76541d55 - - default default] 10.0.0.70 "GET /v2.0/ports?device_id=6dcaa73c-5732-4cfc-8456-c16813ca03c0 HTTP/1.1" status: 200 len: 205 time: 0.0226059
2026-07-14 18:50:10.353 10 INFO neutron.wsgi [None req-c3c6753e-1d7a-4c7d-a4c6-613beecd2cdc 7bbe5fbbecb04c67aaf0e51e1e70f88f 1df9047b14b549089d81bf61621eaab4 - - default default] 10.0.0.70 "DELETE /v2.0/security-groups/7f4e14fe-cbd3-47c0-8d39-7bc64f7abb98 HTTP/1.1" status: 204 len: 168 time: 0.3501172
2026-07-14 18:50:10.375 10 INFO neutron.wsgi [None req-f7e17998-b579-42de-956e-79a007c0d080 ba7bd1e6b08e4c03ae3af78bf3eb6252 be81de3174bd4a669cd4b09f76541d55 - - default default] 10.0.0.70 "DELETE /v2.0/routers/6dcaa73c-5732-4cfc-8456-c16813ca03c0 HTTP/1.1" status: 204 len: 168 time: 0.2549560
2026-07-14 18:50:10.449 10 INFO neutron.wsgi [None req-a8fdd022-4703-4a61-bf2a-f4854dd7a6b4 ba7bd1e6b08e4c03ae3af78bf3eb6252 be81de3174bd4a669cd4b09f76541d55 - - default default] 10.0.0.70 "GET /v2.0/routers/55f24981-1395-42f3-bab3-81e61424a128 HTTP/1.1" status: 200 len: 655 time: 0.0700991
2026-07-14 18:50:10.625 9 INFO neutron.db.ovn_revision_numbers_db [None req-4e46f2f6-ad0c-4af7-9fa8-e0b83249284e 7bbe5fbbecb04c67aaf0e51e1e70f88f 1df9047b14b549089d81bf61621eaab4 - - default default] Successfully bumped revision number for resource 1cfbea9c-ec2e-4ae3-bb16-89933bb0d399 (type: security_groups) to 1
2026-07-14 18:50:10.641 9 INFO neutron.db.ovn_revision_numbers_db [None req-4e46f2f6-ad0c-4af7-9fa8-e0b83249284e 7bbe5fbbecb04c67aaf0e51e1e70f88f 1df9047b14b549089d81bf61621eaab4 - - default default] Successfully bumped revision number for resource 2b35678b-2799-4bf5-bc2e-e8b9117ff55d (type: security_group_rules) to 0
2026-07-14 18:50:10.658 9 INFO neutron.db.ovn_revision_numbers_db [None req-4e46f2f6-ad0c-4af7-9fa8-e0b83249284e 7bbe5fbbecb04c67aaf0e51e1e70f88f 1df9047b14b549089d81bf61621eaab4 - - default default] Successfully bumped revision number for resource 7520febe-c7c6-47fa-a63d-722966fd0e7c (type: security_group_rules) to 0
2026-07-14 18:50:10.678 9 INFO neutron.db.ovn_revision_numbers_db [None req-4e46f2f6-ad0c-4af7-9fa8-e0b83249284e 7bbe5fbbecb04c67aaf0e51e1e70f88f 1df9047b14b549089d81bf61621eaab4 - - default default] Successfully bumped revision number for resource c0966894-70c6-40c9-9b2c-862774526623 (type: security_group_rules) to 0
2026-07-14 18:50:10.697 9 INFO neutron.db.ovn_revision_numbers_db [None req-4e46f2f6-ad0c-4af7-9fa8-e0b83249284e 7bbe5fbbecb04c67aaf0e51e1e70f88f 1df9047b14b549089d81bf61621eaab4 - - default default] Successfully bumped revision number for resource c4fb7736-54b5-4924-a632-3ace83a7c75b (type: security_group_rules) to 0
2026-07-14 18:50:10.725 9 INFO neutron.wsgi [None req-4e46f2f6-ad0c-4af7-9fa8-e0b83249284e 7bbe5fbbecb04c67aaf0e51e1e70f88f 1df9047b14b549089d81bf61621eaab4 - - default default] 10.0.0.70 "GET /v2.0/security-groups?tenant_id=63149dd9f5b840cea6df74519e120424&name=default HTTP/1.1" status: 200 len: 3000 time: 0.2559774
2026-07-14 18:50:10.941 10 INFO neutron.wsgi [None req-d42183d1-200d-4c58-9078-f0064f6a982a ba7bd1e6b08e4c03ae3af78bf3eb6252 be81de3174bd4a669cd4b09f76541d55 - - default default] 10.0.0.70 "PUT /v2.0/routers/55f24981-1395-42f3-bab3-81e61424a128 HTTP/1.1" status: 200 len: 655 time: 0.4884338
2026-07-14 18:50:10.970 10 INFO neutron.wsgi [None req-3d049539-a5b4-4aea-8ded-39e0c13569a6 ba7bd1e6b08e4c03ae3af78bf3eb6252 be81de3174bd4a669cd4b09f76541d55 - - default default] 10.0.0.70 "GET /v2.0/ports?device_id=55f24981-1395-42f3-bab3-81e61424a128 HTTP/1.1" status: 200 len: 205 time: 0.0251436
2026-07-14 18:50:10.983 9 INFO neutron.wsgi [None req-ad7cefb6-a46f-4e86-ab71-b4e78697bdb9 7bbe5fbbecb04c67aaf0e51e1e70f88f 1df9047b14b549089d81bf61621eaab4 - - default default] 10.0.0.70 "DELETE /v2.0/security-groups/1cfbea9c-ec2e-4ae3-bb16-89933bb0d399 HTTP/1.1" status: 204 len: 168 time: 0.2525663
2026-07-14 18:50:11.472 10 INFO neutron.wsgi [None req-8f5fd3ac-783c-4769-947c-465f7740c5f3 ba7bd1e6b08e4c03ae3af78bf3eb6252 be81de3174bd4a669cd4b09f76541d55 - - default default] 10.0.0.70 "DELETE /v2.0/routers/55f24981-1395-42f3-bab3-81e61424a128 HTTP/1.1" status: 204 len: 168 time: 0.4964631
2026-07-14 18:50:12.645 10 INFO neutron.db.ovn_revision_numbers_db [None req-86353ed3-bc92-432b-ad41-0b42e8c13e38 7bbe5fbbecb04c67aaf0e51e1e70f88f 1df9047b14b549089d81bf61621eaab4 - - default default] Successfully bumped revision number for resource 023fb17d-4004-4ab5-9bea-0b279c5a80ec (type: security_groups) to 1
2026-07-14 18:50:12.664 10 INFO neutron.db.ovn_revision_numbers_db [None req-86353ed3-bc92-432b-ad41-0b42e8c13e38 7bbe5fbbecb04c67aaf0e51e1e70f88f 1df9047b14b549089d81bf61621eaab4 - - default default] Successfully bumped revision number for resource 2f5039f7-2633-45b2-b4f5-fffd523abc50 (type: security_group_rules) to 0
2026-07-14 18:50:12.680 10 INFO neutron.db.ovn_revision_numbers_db [None req-86353ed3-bc92-432b-ad41-0b42e8c13e38 7bbe5fbbecb04c67aaf0e51e1e70f88f 1df9047b14b549089d81bf61621eaab4 - - default default] Successfully bumped revision number for resource 3d530c13-d042-46ad-af53-6f80de0cfab2 (type: security_group_rules) to 0
2026-07-14 18:50:12.697 10 INFO neutron.db.ovn_revision_numbers_db [None req-86353ed3-bc92-432b-ad41-0b42e8c13e38 7bbe5fbbecb04c67aaf0e51e1e70f88f 1df9047b14b549089d81bf61621eaab4 - - default default] Successfully bumped revision number for resource 555f413d-0b92-4771-bcd7-902f675cbe90 (type: security_group_rules) to 0
2026-07-14 18:50:12.713 10 INFO neutron.db.ovn_revision_numbers_db [None req-86353ed3-bc92-432b-ad41-0b42e8c13e38 7bbe5fbbecb04c67aaf0e51e1e70f88f 1df9047b14b549089d81bf61621eaab4 - - default default] Successfully bumped revision number for resource c42d2026-47a6-4087-a904-9064c1320362 (type: security_group_rules) to 0
2026-07-14 18:50:12.740 10 INFO neutron.wsgi [None req-86353ed3-bc92-432b-ad41-0b42e8c13e38 7bbe5fbbecb04c67aaf0e51e1e70f88f 1df9047b14b549089d81bf61621eaab4 - - default default] 10.0.0.70 "GET /v2.0/security-groups?tenant_id=87f5c6787fcd412496ce5ec823669234&name=default HTTP/1.1" status: 200 len: 3000 time: 0.2971578
2026-07-14 18:50:12.973 10 INFO neutron.wsgi [None req-d1087d8c-daf3-4581-8b94-747a70064d3a 7bbe5fbbecb04c67aaf0e51e1e70f88f 1df9047b14b549089d81bf61621eaab4 - - default default] 10.0.0.70 "DELETE /v2.0/security-groups/023fb17d-4004-4ab5-9bea-0b279c5a80ec HTTP/1.1" status: 204 len: 168 time: 0.2302129
2026-07-14 18:50:13.233 10 INFO neutron.db.ovn_revision_numbers_db [None req-e179b237-89ca-40ab-b547-c1e93a4551d9 84bf6570dd564453b6ba4967bdc139b2 36e517a9026b487192fb1678ba9c86b5 - - default default] Successfully bumped revision number for resource 0509d8fa-a8ef-49ea-8c04-513074ebc163 (type: security_groups) to 1
2026-07-14 18:50:13.251 10 INFO neutron.db.ovn_revision_numbers_db [None req-e179b237-89ca-40ab-b547-c1e93a4551d9 84bf6570dd564453b6ba4967bdc139b2 36e517a9026b487192fb1678ba9c86b5 - - default default] Successfully bumped revision number for resource 14acd9e5-0cbc-4110-979a-8b93e0d53b78 (type: security_group_rules) to 0
2026-07-14 18:50:13.273 10 INFO neutron.db.ovn_revision_numbers_db [None req-e179b237-89ca-40ab-b547-c1e93a4551d9 84bf6570dd564453b6ba4967bdc139b2 36e517a9026b487192fb1678ba9c86b5 - - default default] Successfully bumped revision number for resource 78498f46-265d-43e6-a1b6-cad63e86e06f (type: security_group_rules) to 0
2026-07-14 18:50:13.297 10 INFO neutron.db.ovn_revision_numbers_db [None req-e179b237-89ca-40ab-b547-c1e93a4551d9 84bf6570dd564453b6ba4967bdc139b2 36e517a9026b487192fb1678ba9c86b5 - - default default] Successfully bumped revision number for resource 85138c7c-755f-40b1-b63c-849b8de50138 (type: security_group_rules) to 0
2026-07-14 18:50:13.309 9 INFO neutron.db.ovn_revision_numbers_db [None req-8fc4a843-af0e-44ed-9f0e-39143c89fbdb 7bbe5fbbecb04c67aaf0e51e1e70f88f 1df9047b14b549089d81bf61621eaab4 - - default default] Successfully bumped revision number for resource 19997c8b-5986-4b39-8a78-0467c0be704d (type: security_groups) to 1
2026-07-14 18:50:13.315 10 INFO neutron.db.ovn_revision_numbers_db [None req-e179b237-89ca-40ab-b547-c1e93a4551d9 84bf6570dd564453b6ba4967bdc139b2 36e517a9026b487192fb1678ba9c86b5 - - default default] Successfully bumped revision number for resource 8e0f68a9-ed3a-46fe-b5e5-5fa417a77051 (type: security_group_rules) to 0
2026-07-14 18:50:13.325 9 INFO neutron.db.ovn_revision_numbers_db [None req-8fc4a843-af0e-44ed-9f0e-39143c89fbdb 7bbe5fbbecb04c67aaf0e51e1e70f88f 1df9047b14b549089d81bf61621eaab4 - - default default] Successfully bumped revision number for resource 4fb28bd2-bd25-4bf3-a58d-b12ba7182e7d (type: security_group_rules) to 0
2026-07-14 18:50:13.339 9 INFO neutron.db.ovn_revision_numbers_db [None req-8fc4a843-af0e-44ed-9f0e-39143c89fbdb 7bbe5fbbecb04c67aaf0e51e1e70f88f 1df9047b14b549089d81bf61621eaab4 - - default default] Successfully bumped revision number for resource 76dbaac0-7c9b-4461-a348-90a0f4dbda21 (type: security_group_rules) to 0
2026-07-14 18:50:13.353 9 INFO neutron.db.ovn_revision_numbers_db [None req-8fc4a843-af0e-44ed-9f0e-39143c89fbdb 7bbe5fbbecb04c67aaf0e51e1e70f88f 1df9047b14b549089d81bf61621eaab4 - - default default] Successfully bumped revision number for resource c3fb73ed-d6b4-41a0-b7b8-aa0a40ba1945 (type: security_group_rules) to 0
2026-07-14 18:50:13.369 9 INFO neutron.db.ovn_revision_numbers_db [None req-8fc4a843-af0e-44ed-9f0e-39143c89fbdb 7bbe5fbbecb04c67aaf0e51e1e70f88f 1df9047b14b549089d81bf61621eaab4 - - default default] Successfully bumped revision number for resource ce6a0754-4af4-4243-89ff-24914a61851d (type: security_group_rules) to 0
2026-07-14 18:50:13.393 9 INFO neutron.wsgi [None req-8fc4a843-af0e-44ed-9f0e-39143c89fbdb 7bbe5fbbecb04c67aaf0e51e1e70f88f 1df9047b14b549089d81bf61621eaab4 - - default default] 10.0.0.70 "GET /v2.0/security-groups?tenant_id=c283a0adebb249169265d9ca5513c493&name=default HTTP/1.1" status: 200 len: 3000 time: 0.2037270
2026-07-14 18:50:13.431 10 INFO neutron.db.ovn_revision_numbers_db [None req-e179b237-89ca-40ab-b547-c1e93a4551d9 84bf6570dd564453b6ba4967bdc139b2 36e517a9026b487192fb1678ba9c86b5 - - default default] Successfully bumped revision number for resource 23c71852-decb-489c-adc1-5424992615c8 (type: security_groups) to 1
2026-07-14 18:50:13.449 10 INFO neutron.db.ovn_revision_numbers_db [None req-e179b237-89ca-40ab-b547-c1e93a4551d9 84bf6570dd564453b6ba4967bdc139b2 36e517a9026b487192fb1678ba9c86b5 - - default default] Successfully bumped revision number for resource 11fa0b44-406b-44c8-b19a-d7bd68084a3d (type: security_group_rules) to 0
2026-07-14 18:50:13.466 10 INFO neutron.db.ovn_revision_numbers_db [None req-e179b237-89ca-40ab-b547-c1e93a4551d9 84bf6570dd564453b6ba4967bdc139b2 36e517a9026b487192fb1678ba9c86b5 - - default default] Successfully bumped revision number for resource 94f954c4-1ce1-4550-8856-781f2ba39a90 (type: security_group_rules) to 0
2026-07-14 18:50:13.486 10 INFO neutron.wsgi [None req-e179b237-89ca-40ab-b547-c1e93a4551d9 84bf6570dd564453b6ba4967bdc139b2 36e517a9026b487192fb1678ba9c86b5 - - default default] 10.0.0.70 "POST /v2.0/security-groups HTTP/1.1" status: 201 len: 1739 time: 0.6458924
2026-07-14 18:50:13.639 9 INFO neutron.db.ovn_revision_numbers_db [None req-bbe21d16-3c3f-43f0-92d2-a174bc06f1af 84bf6570dd564453b6ba4967bdc139b2 36e517a9026b487192fb1678ba9c86b5 - - default default] Successfully bumped revision number for resource 5b65e295-a97c-4cc0-b838-c3cb8165592e (type: security_groups) to 1
2026-07-14 18:50:13.660 9 INFO neutron.wsgi [None req-c657930b-1926-4d6c-9d0f-f4d8eaa7c55f 7bbe5fbbecb04c67aaf0e51e1e70f88f 1df9047b14b549089d81bf61621eaab4 - - default default] 10.0.0.70 "DELETE /v2.0/security-groups/19997c8b-5986-4b39-8a78-0467c0be704d HTTP/1.1" status: 204 len: 168 time: 0.2622380
2026-07-14 18:50:13.670 9 INFO neutron.db.ovn_revision_numbers_db [None req-bbe21d16-3c3f-43f0-92d2-a174bc06f1af 84bf6570dd564453b6ba4967bdc139b2 36e517a9026b487192fb1678ba9c86b5 - - default default] Successfully bumped revision number for resource 48c2ce24-5ad3-4675-acce-2daa76db1dae (type: security_group_rules) to 0
2026-07-14 18:50:13.691 9 INFO neutron.db.ovn_revision_numbers_db [None req-bbe21d16-3c3f-43f0-92d2-a174bc06f1af 84bf6570dd564453b6ba4967bdc139b2 36e517a9026b487192fb1678ba9c86b5 - - default default] Successfully bumped revision number for resource 6a93839a-4720-4ca6-ba58-d40a19320e8a (type: security_group_rules) to 0
2026-07-14 18:50:13.725 9 INFO neutron.wsgi [None req-bbe21d16-3c3f-43f0-92d2-a174bc06f1af 84bf6570dd564453b6ba4967bdc139b2 36e517a9026b487192fb1678ba9c86b5 - - default default] 10.0.0.70 "POST /v2.0/security-groups HTTP/1.1" status: 201 len: 1739 time: 0.2338259
2026-07-14 18:50:13.946 10 INFO neutron.db.ovn_revision_numbers_db [None req-c5fa7e3b-3ebe-4641-8c5b-52441ac00eeb 84bf6570dd564453b6ba4967bdc139b2 36e517a9026b487192fb1678ba9c86b5 - - default default] Successfully bumped revision number for resource 4bcaca99-333c-48a0-b74d-eb7598d84a4d (type: security_groups) to 1
2026-07-14 18:50:13.964 10 INFO neutron.db.ovn_revision_numbers_db [None req-ecf50ba0-9149-4a3f-8c0e-1cc7494bb2ce 7bbe5fbbecb04c67aaf0e51e1e70f88f 1df9047b14b549089d81bf61621eaab4 - - default default] Successfully bumped revision number for resource ce8a746a-ec7c-469c-a189-a08fafb25f80 (type: security_groups) to 1
2026-07-14 18:50:13.966 10 INFO neutron.db.ovn_revision_numbers_db [None req-c5fa7e3b-3ebe-4641-8c5b-52441ac00eeb 84bf6570dd564453b6ba4967bdc139b2 36e517a9026b487192fb1678ba9c86b5 - - default default] Successfully bumped revision number for resource 1c88a63c-418f-4318-ae7c-a1374f1dec7a (type: security_group_rules) to 0
2026-07-14 18:50:13.989 10 INFO neutron.db.ovn_revision_numbers_db [None req-c5fa7e3b-3ebe-4641-8c5b-52441ac00eeb 84bf6570dd564453b6ba4967bdc139b2 36e517a9026b487192fb1678ba9c86b5 - - default default] Successfully bumped revision number for resource 3b85a8a8-c937-4778-99c9-9b9de2f28ea9 (type: security_group_rules) to 0
2026-07-14 18:50:13.994 10 INFO neutron.db.ovn_revision_numbers_db [None req-ecf50ba0-9149-4a3f-8c0e-1cc7494bb2ce 7bbe5fbbecb04c67aaf0e51e1e70f88f 1df9047b14b549089d81bf61621eaab4 - - default default] Successfully bumped revision number for resource 0789aad5-5da8-46a9-8734-a7ff25f28aa9 (type: security_group_rules) to 0
2026-07-14 18:50:14.014 10 INFO neutron.wsgi [None req-c5fa7e3b-3ebe-4641-8c5b-52441ac00eeb 84bf6570dd564453b6ba4967bdc139b2 36e517a9026b487192fb1678ba9c86b5 - - default default] 10.0.0.70 "POST /v2.0/security-groups HTTP/1.1" status: 201 len: 1739 time: 0.2749343
2026-07-14 18:50:14.023 10 INFO neutron.db.ovn_revision_numbers_db [None req-ecf50ba0-9149-4a3f-8c0e-1cc7494bb2ce 7bbe5fbbecb04c67aaf0e51e1e70f88f 1df9047b14b549089d81bf61621eaab4 - - default default] Successfully bumped revision number for resource 0ed0da1d-3f1a-4470-8c75-3d48c3dc1aa6 (type: security_group_rules) to 0
2026-07-14 18:50:14.045 10 INFO neutron.db.ovn_revision_numbers_db [None req-ecf50ba0-9149-4a3f-8c0e-1cc7494bb2ce 7bbe5fbbecb04c67aaf0e51e1e70f88f 1df9047b14b549089d81bf61621eaab4 - - default default] Successfully bumped revision number for resource 7f0d97e8-d6b1-4d18-9d42-57b3bbaaae27 (type: security_group_rules) to 0
2026-07-14 18:50:14.060 10 INFO neutron.db.ovn_revision_numbers_db [None req-ecf50ba0-9149-4a3f-8c0e-1cc7494bb2ce 7bbe5fbbecb04c67aaf0e51e1e70f88f 1df9047b14b549089d81bf61621eaab4 - - default default] Successfully bumped revision number for resource bd6e3104-7673-4df0-835b-af62fb218138 (type: security_group_rules) to 0
2026-07-14 18:50:14.098 10 INFO neutron.wsgi [None req-ecf50ba0-9149-4a3f-8c0e-1cc7494bb2ce 7bbe5fbbecb04c67aaf0e51e1e70f88f 1df9047b14b549089d81bf61621eaab4 - - default default] 10.0.0.70 "GET /v2.0/security-groups?tenant_id=be81de3174bd4a669cd4b09f76541d55&name=default HTTP/1.1" status: 200 len: 3000 time: 0.2986357
2026-07-14 18:50:14.164 9 INFO neutron.db.ovn_revision_numbers_db [None req-96704c52-b165-44f8-be3e-f130a2deae72 84bf6570dd564453b6ba4967bdc139b2 36e517a9026b487192fb1678ba9c86b5 - - default default] Successfully bumped revision number for resource 99659c22-f188-423e-aca4-15e4906369c0 (type: security_groups) to 1
2026-07-14 18:50:14.182 9 INFO neutron.db.ovn_revision_numbers_db [None req-96704c52-b165-44f8-be3e-f130a2deae72 84bf6570dd564453b6ba4967bdc139b2 36e517a9026b487192fb1678ba9c86b5 - - default default] Successfully bumped revision number for resource 432070a1-e16c-4694-b36c-3af0e367fc95 (type: security_group_rules) to 0
2026-07-14 18:50:14.201 9 INFO neutron.db.ovn_revision_numbers_db [None req-96704c52-b165-44f8-be3e-f130a2deae72 84bf6570dd564453b6ba4967bdc139b2 36e517a9026b487192fb1678ba9c86b5 - - default default] Successfully bumped revision number for resource c3b38c3d-9894-491b-8b95-b0af465a2806 (type: security_group_rules) to 0
2026-07-14 18:50:14.219 9 INFO neutron.wsgi [None req-96704c52-b165-44f8-be3e-f130a2deae72 84bf6570dd564453b6ba4967bdc139b2 36e517a9026b487192fb1678ba9c86b5 - - default default] 10.0.0.70 "POST /v2.0/security-groups HTTP/1.1" status: 201 len: 1739 time: 0.1997342
2026-07-14 18:50:14.346 9 INFO neutron.wsgi [None req-424cf00d-b416-4b51-962f-a470e1633326 7bbe5fbbecb04c67aaf0e51e1e70f88f 1df9047b14b549089d81bf61621eaab4 - - default default] 10.0.0.70 "DELETE /v2.0/security-groups/ce8a746a-ec7c-469c-a189-a08fafb25f80 HTTP/1.1" status: 204 len: 168 time: 0.2422016
2026-07-14 18:50:14.373 9 INFO neutron.db.ovn_revision_numbers_db [None req-e9b58ae7-8d3f-42da-b12f-8f219f76586b 84bf6570dd564453b6ba4967bdc139b2 36e517a9026b487192fb1678ba9c86b5 - - default default] Successfully bumped revision number for resource d4013f0c-cb7f-4412-adb2-1e93fb5983dd (type: security_groups) to 1
2026-07-14 18:50:14.387 9 INFO neutron.db.ovn_revision_numbers_db [None req-e9b58ae7-8d3f-42da-b12f-8f219f76586b 84bf6570dd564453b6ba4967bdc139b2 36e517a9026b487192fb1678ba9c86b5 - - default default] Successfully bumped revision number for resource 1b6fb5a8-92b4-4103-a744-88169af5ea2c (type: security_group_rules) to 0
2026-07-14 18:50:14.409 9 INFO neutron.db.ovn_revision_numbers_db [None req-e9b58ae7-8d3f-42da-b12f-8f219f76586b 84bf6570dd564453b6ba4967bdc139b2 36e517a9026b487192fb1678ba9c86b5 - - default default] Successfully bumped revision number for resource a1f67885-6938-4883-b3cb-9376e38976ec (type: security_group_rules) to 0
2026-07-14 18:50:14.432 9 INFO neutron.wsgi [None req-e9b58ae7-8d3f-42da-b12f-8f219f76586b 84bf6570dd564453b6ba4967bdc139b2 36e517a9026b487192fb1678ba9c86b5 - - default default] 10.0.0.70 "POST /v2.0/security-groups HTTP/1.1" status: 201 len: 1739 time: 0.1859238
2026-07-14 18:50:14.462 9 INFO neutron.wsgi [None req-71b91760-d292-4cba-932e-03b0d9f453cf 84bf6570dd564453b6ba4967bdc139b2 36e517a9026b487192fb1678ba9c86b5 - - default default] 10.0.0.70 "PUT /v2.0/security-groups/23c71852-decb-489c-adc1-5424992615c8/tags HTTP/1.1" status: 200 len: 210 time: 0.0248389
2026-07-14 18:50:14.495 9 INFO neutron.wsgi [None req-60dfe1d2-8fcc-4db1-8361-60d62f2848c2 84bf6570dd564453b6ba4967bdc139b2 36e517a9026b487192fb1678ba9c86b5 - - default default] 10.0.0.70 "PUT /v2.0/security-groups/5b65e295-a97c-4cc0-b838-c3cb8165592e/tags HTTP/1.1" status: 200 len: 218 time: 0.0284541
2026-07-14 18:50:14.536 9 INFO neutron.wsgi [None req-5cee7ea8-4c8e-4de4-aada-807487beb011 84bf6570dd564453b6ba4967bdc139b2 36e517a9026b487192fb1678ba9c86b5 - - default default] 10.0.0.70 "PUT /v2.0/security-groups/4bcaca99-333c-48a0-b74d-eb7598d84a4d/tags HTTP/1.1" status: 200 len: 227 time: 0.0348041
2026-07-14 18:50:14.571 9 INFO neutron.wsgi [None req-dbb7a64d-6df3-4897-a51e-ed718beb51dc 84bf6570dd564453b6ba4967bdc139b2 36e517a9026b487192fb1678ba9c86b5 - - default default] 10.0.0.70 "PUT /v2.0/security-groups/99659c22-f188-423e-aca4-15e4906369c0/tags HTTP/1.1" status: 200 len: 212 time: 0.0281405
2026-07-14 18:50:14.635 9 INFO neutron.wsgi [None req-fb1705d7-4f1c-499c-af87-7d639c8e2490 84bf6570dd564453b6ba4967bdc139b2 36e517a9026b487192fb1678ba9c86b5 - - default default] 10.0.0.70 "GET /v2.0/security-groups?tags=red HTTP/1.1" status: 200 len: 4819 time: 0.0582826
2026-07-14 18:50:14.680 9 INFO neutron.wsgi [None req-d21bc5d3-2f0a-44e8-b4bf-862a54b79488 84bf6570dd564453b6ba4967bdc139b2 36e517a9026b487192fb1678ba9c86b5 - - default default] 10.0.0.70 "GET /v2.0/security-groups?tags=red%2Cblue HTTP/1.1" status: 200 len: 3293 time: 0.0399058
2026-07-14 18:50:14.745 9 INFO neutron.wsgi [None req-45cfa5de-f605-40d0-b7a6-6d9b01318832 84bf6570dd564453b6ba4967bdc139b2 36e517a9026b487192fb1678ba9c86b5 - - default default] 10.0.0.70 "GET /v2.0/security-groups?tags-any=blue HTTP/1.1" status: 200 len: 3293 time: 0.0608873
2026-07-14 18:50:14.804 9 INFO neutron.wsgi [None req-1ca0ae28-2109-4fb1-be9a-d283aba2ee78 84bf6570dd564453b6ba4967bdc139b2 36e517a9026b487192fb1678ba9c86b5 - - default default] 10.0.0.70 "GET /v2.0/security-groups?tags-any=red%2Cblue HTTP/1.1" status: 200 len: 4819 time: 0.0517695
2026-07-14 18:50:14.860 9 INFO neutron.wsgi [None req-dc553d6e-f355-4506-8d10-91dc98f27271 84bf6570dd564453b6ba4967bdc139b2 36e517a9026b487192fb1678ba9c86b5 - - default default] 10.0.0.70 "GET /v2.0/security-groups?not-tags=red HTTP/1.1" status: 200 len: 6049 time: 0.0507915
2026-07-14 18:50:14.914 9 INFO neutron.wsgi [None req-452bc4b0-bdde-4893-a574-7860b3e4cef1 84bf6570dd564453b6ba4967bdc139b2 36e517a9026b487192fb1678ba9c86b5 - - default default] 10.0.0.70 "GET /v2.0/security-groups?not-tags=red%2Cblue HTTP/1.1" status: 200 len: 7575 time: 0.0486102
2026-07-14 18:50:14.986 9 INFO neutron.wsgi [None req-bd846271-5657-4b4d-a049-9a72175f58f8 84bf6570dd564453b6ba4967bdc139b2 36e517a9026b487192fb1678ba9c86b5 - - default default] 10.0.0.70 "GET /v2.0/security-groups?not-tags-any=blue HTTP/1.1" status: 200 len: 7575 time: 0.0638304
2026-07-14 18:50:15.054 9 INFO neutron.wsgi [None req-76374ec3-5c24-4362-8fff-9a58288dff3d 84bf6570dd564453b6ba4967bdc139b2 36e517a9026b487192fb1678ba9c86b5 - - default default] 10.0.0.70 "GET /v2.0/security-groups?not-tags-any=red%2Cblue HTTP/1.1" status: 200 len: 6049 time: 0.0636773
2026-07-14 18:50:15.145 10 INFO neutron.db.ovn_revision_numbers_db [None req-e99cac90-ec21-46a5-b7d3-c592c65e05a0 c9a936ee42814ef8bd90f5e07aa3ddbe a3a431a3de8545e1a8b3c9c15f58b53a - - default default] Successfully bumped revision number for resource 0c853323-e644-403a-acdb-722909a3dea4 (type: security_groups) to 1
2026-07-14 18:50:15.159 10 INFO neutron.db.ovn_revision_numbers_db [None req-e99cac90-ec21-46a5-b7d3-c592c65e05a0 c9a936ee42814ef8bd90f5e07aa3ddbe a3a431a3de8545e1a8b3c9c15f58b53a - - default default] Successfully bumped revision number for resource 1f0713dd-30f5-4882-9aed-ce50c57a04c6 (type: security_group_rules) to 0
2026-07-14 18:50:15.183 10 INFO neutron.db.ovn_revision_numbers_db [None req-e99cac90-ec21-46a5-b7d3-c592c65e05a0 c9a936ee42814ef8bd90f5e07aa3ddbe a3a431a3de8545e1a8b3c9c15f58b53a - - default default] Successfully bumped revision number for resource 3a508225-402f-401d-8bd3-fa7fcd4c8e64 (type: security_group_rules) to 0
2026-07-14 18:50:15.202 9 INFO neutron.wsgi [None req-1f9347f4-4a99-49d4-a0c6-e21080f1c7da 84bf6570dd564453b6ba4967bdc139b2 36e517a9026b487192fb1678ba9c86b5 - - default default] 10.0.0.70 "DELETE /v2.0/security-groups/23c71852-decb-489c-adc1-5424992615c8 HTTP/1.1" status: 204 len: 168 time: 0.1412749
2026-07-14 18:50:15.205 10 INFO neutron.db.ovn_revision_numbers_db [None req-e99cac90-ec21-46a5-b7d3-c592c65e05a0 c9a936ee42814ef8bd90f5e07aa3ddbe a3a431a3de8545e1a8b3c9c15f58b53a - - default default] Successfully bumped revision number for resource 49617836-f2c3-4da4-806e-4eaee7aef9d4 (type: security_group_rules) to 0
2026-07-14 18:50:15.224 10 INFO neutron.db.ovn_revision_numbers_db [None req-e99cac90-ec21-46a5-b7d3-c592c65e05a0 c9a936ee42814ef8bd90f5e07aa3ddbe a3a431a3de8545e1a8b3c9c15f58b53a - - default default] Successfully bumped revision number for resource 515733df-6834-4edf-8a6b-3d89bba442fc (type: security_group_rules) to 0
2026-07-14 18:50:15.273 10 INFO neutron.db.segments_db [None req-e99cac90-ec21-46a5-b7d3-c592c65e05a0 c9a936ee42814ef8bd90f5e07aa3ddbe a3a431a3de8545e1a8b3c9c15f58b53a - - default default] Added segment 96e9f252-6073-4ea6-9d24-641f0148f4b8 of type geneve for network f1320547-86bf-4fe6-9057-c17a3881da99
2026-07-14 18:50:15.314 9 INFO neutron.wsgi [None req-1a3fda63-2ab7-4af6-89ef-163aeaf79a8f 84bf6570dd564453b6ba4967bdc139b2 36e517a9026b487192fb1678ba9c86b5 - - default default] 10.0.0.70 "DELETE /v2.0/security-groups/5b65e295-a97c-4cc0-b838-c3cb8165592e HTTP/1.1" status: 204 len: 168 time: 0.1053734
2026-07-14 18:50:15.438 10 INFO neutron.db.ovn_revision_numbers_db [None req-e99cac90-ec21-46a5-b7d3-c592c65e05a0 c9a936ee42814ef8bd90f5e07aa3ddbe a3a431a3de8545e1a8b3c9c15f58b53a - - default default] Successfully bumped revision number for resource f1320547-86bf-4fe6-9057-c17a3881da99 (type: networks) to 1
2026-07-14 18:50:15.439 9 INFO neutron.wsgi [None req-66119277-e16d-4dcd-b247-e8b3a736028e 84bf6570dd564453b6ba4967bdc139b2 36e517a9026b487192fb1678ba9c86b5 - - default default] 10.0.0.70 "DELETE /v2.0/security-groups/4bcaca99-333c-48a0-b74d-eb7598d84a4d HTTP/1.1" status: 204 len: 168 time: 0.1193612
2026-07-14 18:50:15.552 9 INFO neutron.wsgi [None req-665112eb-9176-4abc-852e-a4863f508c16 84bf6570dd564453b6ba4967bdc139b2 36e517a9026b487192fb1678ba9c86b5 - - default default] 10.0.0.70 "DELETE /v2.0/security-groups/99659c22-f188-423e-aca4-15e4906369c0 HTTP/1.1" status: 204 len: 168 time: 0.1079967
2026-07-14 18:50:15.665 9 INFO neutron.wsgi [None req-4590cd94-f8a7-4500-a8fa-d68353c44061 84bf6570dd564453b6ba4967bdc139b2 36e517a9026b487192fb1678ba9c86b5 - - default default] 10.0.0.70 "DELETE /v2.0/security-groups/d4013f0c-cb7f-4412-adb2-1e93fb5983dd HTTP/1.1" status: 204 len: 168 time: 0.1094036
2026-07-14 18:50:15.687 10 WARNING neutron.scheduler.dhcp_agent_scheduler [None req-e99cac90-ec21-46a5-b7d3-c592c65e05a0 c9a936ee42814ef8bd90f5e07aa3ddbe a3a431a3de8545e1a8b3c9c15f58b53a - - default default] No more DHCP agents
2026-07-14 18:50:15.688 10 WARNING neutron.api.rpc.agentnotifiers.dhcp_rpc_agent_api [None req-e99cac90-ec21-46a5-b7d3-c592c65e05a0 c9a936ee42814ef8bd90f5e07aa3ddbe a3a431a3de8545e1a8b3c9c15f58b53a - - default default] Unable to schedule network f1320547-86bf-4fe6-9057-c17a3881da99: no agents available; will retry on subsequent port and subnet creation events.
2026-07-14 18:50:15.775 10 INFO neutron.db.ovn_revision_numbers_db [None req-e99cac90-ec21-46a5-b7d3-c592c65e05a0 c9a936ee42814ef8bd90f5e07aa3ddbe a3a431a3de8545e1a8b3c9c15f58b53a - - default default] Successfully bumped revision number for resource 24b0aec0-ed5c-4e71-ae2e-0cf7ac198f8b (type: ports) to 1
2026-07-14 18:50:15.794 10 INFO neutron.wsgi [None req-e99cac90-ec21-46a5-b7d3-c592c65e05a0 c9a936ee42814ef8bd90f5e07aa3ddbe a3a431a3de8545e1a8b3c9c15f58b53a - - default default] 10.0.0.70 "POST /v2.0/networks HTTP/1.1" status: 201 len: 830 time: 0.9963303
2026-07-14 18:50:16.117 10 WARNING neutron.scheduler.dhcp_agent_scheduler [None req-dd184828-eed2-4217-a80d-b12b9d5c05ad c9a936ee42814ef8bd90f5e07aa3ddbe a3a431a3de8545e1a8b3c9c15f58b53a - - default default] No more DHCP agents
2026-07-14 18:50:16.118 10 WARNING neutron.api.rpc.agentnotifiers.dhcp_rpc_agent_api [None req-dd184828-eed2-4217-a80d-b12b9d5c05ad c9a936ee42814ef8bd90f5e07aa3ddbe a3a431a3de8545e1a8b3c9c15f58b53a - - default default] Unable to schedule network f1320547-86bf-4fe6-9057-c17a3881da99: no agents available; will retry on subsequent port and subnet creation events.
2026-07-14 18:50:16.623 10 INFO neutron.db.ovn_revision_numbers_db [None req-dd184828-eed2-4217-a80d-b12b9d5c05ad c9a936ee42814ef8bd90f5e07aa3ddbe a3a431a3de8545e1a8b3c9c15f58b53a - - default default] Successfully bumped revision number for resource 24b0aec0-ed5c-4e71-ae2e-0cf7ac198f8b (type: ports) to 2
2026-07-14 18:50:16.663 10 INFO neutron.db.ovn_revision_numbers_db [None req-dd184828-eed2-4217-a80d-b12b9d5c05ad c9a936ee42814ef8bd90f5e07aa3ddbe a3a431a3de8545e1a8b3c9c15f58b53a - - default default] Successfully bumped revision number for resource 49195bdb-db4c-4904-bda0-e30756a838c2 (type: subnets) to 0
2026-07-14 18:50:16.681 10 INFO neutron.wsgi [None req-dd184828-eed2-4217-a80d-b12b9d5c05ad c9a936ee42814ef8bd90f5e07aa3ddbe a3a431a3de8545e1a8b3c9c15f58b53a - - default default] 10.0.0.70 "POST /v2.0/subnets HTTP/1.1" status: 201 len: 801 time: 0.8813343
