2026-07-14 18:49:44.182 10 INFO neutron.db.ovn_revision_numbers_db [None req-b4100f51-ba8d-4433-a960-a1f2ff1f8b65 25c9c8a6fc5a495c83bd5a0be51db70d dd000348f57c4f3eba6379bc87bac2ff - - default default] Successfully bumped revision number for resource 43be3644-59a3-4a2d-9d89-ee8dcde918b4 (type: ports) to 1
2026-07-14 18:49:44.212 10 INFO neutron.wsgi [None req-b4100f51-ba8d-4433-a960-a1f2ff1f8b65 25c9c8a6fc5a495c83bd5a0be51db70d dd000348f57c4f3eba6379bc87bac2ff - - default default] 10.0.0.70 "POST /v2.0/networks HTTP/1.1" status: 201 len: 831 time: 0.9581985
2026-07-14 18:49:44.272 10 INFO neutron.wsgi [None req-11418a6a-96bb-49a4-a84c-5309a7f93e15 7bbe5fbbecb04c67aaf0e51e1e70f88f 1df9047b14b549089d81bf61621eaab4 - - default default] 10.0.0.70 "DELETE /v2.0/security-groups/043d11de-a44f-4316-8f08-a8eba984ab7c HTTP/1.1" status: 204 len: 168 time: 0.2363155
2026-07-14 18:49:44.445 9 INFO neutron.db.ovn_revision_numbers_db [None req-9a1cdb59-0a8e-44e3-b5c4-890a72ba9955 613384ca6e504e0ebc914cbcc4046d90 bbb4a4b5341a4652924b9c6b5dcd76d6 - - default default] Successfully bumped revision number for resource 4b14d1c8-1cc0-4e17-8489-617bbff585a6 (type: ports) to 2
2026-07-14 18:49:44.494 9 INFO neutron.db.ovn_revision_numbers_db [None req-9a1cdb59-0a8e-44e3-b5c4-890a72ba9955 613384ca6e504e0ebc914cbcc4046d90 bbb4a4b5341a4652924b9c6b5dcd76d6 - - default default] Successfully bumped revision number for resource e98b85ca-c283-40e3-9647-45f7a6993254 (type: subnets) to 0
2026-07-14 18:49:44.498 9 WARNING neutron.scheduler.dhcp_agent_scheduler [None req-a4f6f56d-9156-4d27-96c1-1befd010cd13 25c9c8a6fc5a495c83bd5a0be51db70d dd000348f57c4f3eba6379bc87bac2ff - - default default] No more DHCP agents
2026-07-14 18:49:44.502 9 WARNING neutron.api.rpc.agentnotifiers.dhcp_rpc_agent_api [None req-a4f6f56d-9156-4d27-96c1-1befd010cd13 25c9c8a6fc5a495c83bd5a0be51db70d dd000348f57c4f3eba6379bc87bac2ff - - default default] Unable to schedule network a784b4ea-486b-4f24-b981-e48bbd288830: no agents available; will retry on subsequent port and subnet creation events.
2026-07-14 18:49:44.517 9 INFO neutron.wsgi [None req-9a1cdb59-0a8e-44e3-b5c4-890a72ba9955 613384ca6e504e0ebc914cbcc4046d90 bbb4a4b5341a4652924b9c6b5dcd76d6 - - default default] 10.0.0.70 "POST /v2.0/subnets HTTP/1.1" status: 201 len: 804 time: 1.0238013 /var/lib/openstack/lib/python3.10/site-packages/pycadf/identifier.py:71: UserWarning: Invalid uuid: neutron. To ensure interoperability, identifiers should be a valid uuid. warnings.warn(('Invalid uuid: %s. To ensure interoperability, '
2026-07-14 18:49:44.620 9 INFO neutron.db.ovn_revision_numbers_db [None req-a4f6f56d-9156-4d27-96c1-1befd010cd13 25c9c8a6fc5a495c83bd5a0be51db70d dd000348f57c4f3eba6379bc87bac2ff - - default default] Successfully bumped revision number for resource 656f6944-e27b-4a35-b7ae-a96120778d20 (type: ports) to 1
2026-07-14 18:49:44.648 9 INFO neutron.wsgi [None req-a4f6f56d-9156-4d27-96c1-1befd010cd13 25c9c8a6fc5a495c83bd5a0be51db70d dd000348f57c4f3eba6379bc87bac2ff - - default default] 10.0.0.70 "POST /v2.0/ports HTTP/1.1" status: 201 len: 942 time: 0.4314477
2026-07-14 18:49:44.655 9 INFO neutron.db.segments_db [None req-fa958faf-546b-4484-8140-12da7513c496 613384ca6e504e0ebc914cbcc4046d90 bbb4a4b5341a4652924b9c6b5dcd76d6 - - default default] Added segment 1878b420-1df9-4510-9f55-59c7b85523e3 of type geneve for network e893cb7d-2730-4789-b084-89ac77161d1d
2026-07-14 18:49:44.767 9 INFO neutron.db.segments_db [None req-ed461fd8-7145-4e10-ab47-3788323f5ad9 25c9c8a6fc5a495c83bd5a0be51db70d dd000348f57c4f3eba6379bc87bac2ff - - default default] Added segment 52759511-a6c6-4bed-a8d8-6d720c7719a1 of type geneve for network 114a5425-6ddc-4cda-a014-fa0ab9cd6f97
2026-07-14 18:49:44.872 9 INFO neutron.db.ovn_revision_numbers_db [None req-fa958faf-546b-4484-8140-12da7513c496 613384ca6e504e0ebc914cbcc4046d90 bbb4a4b5341a4652924b9c6b5dcd76d6 - - default default] Successfully bumped revision number for resource e893cb7d-2730-4789-b084-89ac77161d1d (type: networks) to 1
2026-07-14 18:49:45.275 9 INFO neutron.db.ovn_revision_numbers_db [None req-ed461fd8-7145-4e10-ab47-3788323f5ad9 25c9c8a6fc5a495c83bd5a0be51db70d dd000348f57c4f3eba6379bc87bac2ff - - default default] Successfully bumped revision number for resource 114a5425-6ddc-4cda-a014-fa0ab9cd6f97 (type: networks) to 1
2026-07-14 18:49:45.420 9 WARNING neutron.scheduler.dhcp_agent_scheduler [None req-fa958faf-546b-4484-8140-12da7513c496 613384ca6e504e0ebc914cbcc4046d90 bbb4a4b5341a4652924b9c6b5dcd76d6 - - default default] No more DHCP agents
2026-07-14 18:49:45.425 9 WARNING neutron.api.rpc.agentnotifiers.dhcp_rpc_agent_api [None req-fa958faf-546b-4484-8140-12da7513c496 613384ca6e504e0ebc914cbcc4046d90 bbb4a4b5341a4652924b9c6b5dcd76d6 - - default default] Unable to schedule network e893cb7d-2730-4789-b084-89ac77161d1d: no agents available; will retry on subsequent port and subnet creation events.
2026-07-14 18:49:45.543 9 WARNING neutron.scheduler.dhcp_agent_scheduler [None req-ed461fd8-7145-4e10-ab47-3788323f5ad9 25c9c8a6fc5a495c83bd5a0be51db70d dd000348f57c4f3eba6379bc87bac2ff - - default default] No more DHCP agents
2026-07-14 18:49:45.548 9 WARNING neutron.api.rpc.agentnotifiers.dhcp_rpc_agent_api [None req-ed461fd8-7145-4e10-ab47-3788323f5ad9 25c9c8a6fc5a495c83bd5a0be51db70d dd000348f57c4f3eba6379bc87bac2ff - - default default] Unable to schedule network 114a5425-6ddc-4cda-a014-fa0ab9cd6f97: no agents available; will retry on subsequent port and subnet creation events.
2026-07-14 18:49:45.555 9 INFO neutron.db.ovn_revision_numbers_db [None req-fa958faf-546b-4484-8140-12da7513c496 613384ca6e504e0ebc914cbcc4046d90 bbb4a4b5341a4652924b9c6b5dcd76d6 - - default default] Successfully bumped revision number for resource 9ddd2824-cb15-47c1-894e-6e30f9e353f5 (type: ports) to 1
2026-07-14 18:49:45.590 9 INFO neutron.wsgi [None req-fa958faf-546b-4484-8140-12da7513c496 613384ca6e504e0ebc914cbcc4046d90 bbb4a4b5341a4652924b9c6b5dcd76d6 - - default default] 10.0.0.70 "POST /v2.0/networks HTTP/1.1" status: 201 len: 831 time: 1.0682402
2026-07-14 18:49:45.645 9 INFO neutron.db.ovn_revision_numbers_db [None req-ed461fd8-7145-4e10-ab47-3788323f5ad9 25c9c8a6fc5a495c83bd5a0be51db70d dd000348f57c4f3eba6379bc87bac2ff - - default default] Successfully bumped revision number for resource b1afa91e-74c5-479c-b912-460ebe580aed (type: ports) to 1
2026-07-14 18:49:45.705 9 INFO neutron.wsgi [None req-ed461fd8-7145-4e10-ab47-3788323f5ad9 25c9c8a6fc5a495c83bd5a0be51db70d dd000348f57c4f3eba6379bc87bac2ff - - default default] 10.0.0.70 "POST /v2.0/networks HTTP/1.1" status: 201 len: 830 time: 1.0503616
2026-07-14 18:49:45.856 10 WARNING neutron.scheduler.dhcp_agent_scheduler [None req-c0cd61ca-989a-41b2-b0f1-14698845a7d9 613384ca6e504e0ebc914cbcc4046d90 bbb4a4b5341a4652924b9c6b5dcd76d6 - - default default] No more DHCP agents
2026-07-14 18:49:45.861 10 WARNING neutron.api.rpc.agentnotifiers.dhcp_rpc_agent_api [None req-c0cd61ca-989a-41b2-b0f1-14698845a7d9 613384ca6e504e0ebc914cbcc4046d90 bbb4a4b5341a4652924b9c6b5dcd76d6 - - default default] Unable to schedule network e893cb7d-2730-4789-b084-89ac77161d1d: no agents available; will retry on subsequent port and subnet creation events.
2026-07-14 18:49:45.973 9 WARNING neutron.scheduler.dhcp_agent_scheduler [None req-31119e6a-b1f6-48a9-ae18-92e0e46d9aab 25c9c8a6fc5a495c83bd5a0be51db70d dd000348f57c4f3eba6379bc87bac2ff - - default default] No more DHCP agents
2026-07-14 18:49:45.975 9 WARNING neutron.api.rpc.agentnotifiers.dhcp_rpc_agent_api [None req-31119e6a-b1f6-48a9-ae18-92e0e46d9aab 25c9c8a6fc5a495c83bd5a0be51db70d dd000348f57c4f3eba6379bc87bac2ff - - default default] Unable to schedule network 114a5425-6ddc-4cda-a014-fa0ab9cd6f97: no agents available; will retry on subsequent port and subnet creation events.
2026-07-14 18:49:46.091 9 INFO neutron.db.ovn_revision_numbers_db [None req-31119e6a-b1f6-48a9-ae18-92e0e46d9aab 25c9c8a6fc5a495c83bd5a0be51db70d dd000348f57c4f3eba6379bc87bac2ff - - default default] Successfully bumped revision number for resource cfef6b5a-3e14-402a-aa5b-f22d67a8a701 (type: ports) to 1
2026-07-14 18:49:46.111 9 INFO neutron.wsgi [None req-31119e6a-b1f6-48a9-ae18-92e0e46d9aab 25c9c8a6fc5a495c83bd5a0be51db70d dd000348f57c4f3eba6379bc87bac2ff - - default default] 10.0.0.70 "POST /v2.0/ports HTTP/1.1" status: 201 len: 942 time: 0.4006836 /var/lib/openstack/lib/python3.10/site-packages/pycadf/identifier.py:71: UserWarning: Invalid uuid: neutron. To ensure interoperability, identifiers should be a valid uuid. warnings.warn(('Invalid uuid: %s. To ensure interoperability, '
2026-07-14 18:49:46.205 9 INFO neutron.db.segments_db [None req-45941764-41a4-49df-9e75-e1bb1d9a1b39 25c9c8a6fc5a495c83bd5a0be51db70d dd000348f57c4f3eba6379bc87bac2ff - - default default] Added segment dc7fe8bf-775b-4401-8f1f-d02f21fb990a of type geneve for network 5969b009-cd1b-4dba-89ea-24863022a6e0
2026-07-14 18:49:46.379 9 INFO neutron.db.ovn_revision_numbers_db [None req-45941764-41a4-49df-9e75-e1bb1d9a1b39 25c9c8a6fc5a495c83bd5a0be51db70d dd000348f57c4f3eba6379bc87bac2ff - - default default] Successfully bumped revision number for resource 5969b009-cd1b-4dba-89ea-24863022a6e0 (type: networks) to 1
2026-07-14 18:49:46.477 10 INFO neutron.db.ovn_revision_numbers_db [None req-c0cd61ca-989a-41b2-b0f1-14698845a7d9 613384ca6e504e0ebc914cbcc4046d90 bbb4a4b5341a4652924b9c6b5dcd76d6 - - default default] Successfully bumped revision number for resource 9ddd2824-cb15-47c1-894e-6e30f9e353f5 (type: ports) to 2
2026-07-14 18:49:46.544 10 INFO neutron.db.ovn_revision_numbers_db [None req-c0cd61ca-989a-41b2-b0f1-14698845a7d9 613384ca6e504e0ebc914cbcc4046d90 bbb4a4b5341a4652924b9c6b5dcd76d6 - - default default] Successfully bumped revision number for resource cdca4cca-36f7-4275-b151-f7c940844e9b (type: subnets) to 0
2026-07-14 18:49:46.562 10 INFO neutron.wsgi [None req-c0cd61ca-989a-41b2-b0f1-14698845a7d9 613384ca6e504e0ebc914cbcc4046d90 bbb4a4b5341a4652924b9c6b5dcd76d6 - - default default] 10.0.0.70 "POST /v2.0/subnets HTTP/1.1" status: 201 len: 804 time: 0.9677868
2026-07-14 18:49:46.598 9 WARNING neutron.scheduler.dhcp_agent_scheduler [None req-45941764-41a4-49df-9e75-e1bb1d9a1b39 25c9c8a6fc5a495c83bd5a0be51db70d dd000348f57c4f3eba6379bc87bac2ff - - default default] No more DHCP agents
2026-07-14 18:49:46.600 9 WARNING neutron.api.rpc.agentnotifiers.dhcp_rpc_agent_api [None req-45941764-41a4-49df-9e75-e1bb1d9a1b39 25c9c8a6fc5a495c83bd5a0be51db70d dd000348f57c4f3eba6379bc87bac2ff - - default default] Unable to schedule network 5969b009-cd1b-4dba-89ea-24863022a6e0: no agents available; will retry on subsequent port and subnet creation events.
2026-07-14 18:49:46.612 10 INFO neutron.wsgi [None req-501ae0e9-a058-40ce-8e59-b3a798acfab0 613384ca6e504e0ebc914cbcc4046d90 bbb4a4b5341a4652924b9c6b5dcd76d6 - - default default] 10.0.0.70 "PUT /v2.0/subnets/64010297-22e1-4e68-860c-b27adf1b88a5/tags HTTP/1.1" status: 200 len: 210 time: 0.0455396
2026-07-14 18:49:46.669 10 INFO neutron.wsgi [None req-fa75ad5a-10ba-4291-b732-17fd77b653df 613384ca6e504e0ebc914cbcc4046d90 bbb4a4b5341a4652924b9c6b5dcd76d6 - - default default] 10.0.0.70 "PUT /v2.0/subnets/137bc5af-6688-48b1-85da-42e0ffcf61d0/tags HTTP/1.1" status: 200 len: 218 time: 0.0518525
2026-07-14 18:49:46.682 9 INFO neutron.db.ovn_revision_numbers_db [None req-45941764-41a4-49df-9e75-e1bb1d9a1b39 25c9c8a6fc5a495c83bd5a0be51db70d dd000348f57c4f3eba6379bc87bac2ff - - default default] Successfully bumped revision number for resource 5776616d-5d03-41d4-a85c-d22cdeafdf3a (type: ports) to 1
2026-07-14 18:49:46.708 9 INFO neutron.wsgi [None req-45941764-41a4-49df-9e75-e1bb1d9a1b39 25c9c8a6fc5a495c83bd5a0be51db70d dd000348f57c4f3eba6379bc87bac2ff - - default default] 10.0.0.70 "POST /v2.0/networks HTTP/1.1" status: 201 len: 830 time: 0.5916898
2026-07-14 18:49:46.734 10 INFO neutron.wsgi [None req-9d1ac28d-fa51-4640-b4e9-95558e41cdbd 613384ca6e504e0ebc914cbcc4046d90 bbb4a4b5341a4652924b9c6b5dcd76d6 - - default default] 10.0.0.70 "PUT /v2.0/subnets/6cc6401c-c8c2-4f54-8cfb-9a6299409fa1/tags HTTP/1.1" status: 200 len: 227 time: 0.0612614
2026-07-14 18:49:46.801 10 INFO neutron.wsgi [None req-109ba1a3-0387-4741-9cf2-7c1de0b5a69b 613384ca6e504e0ebc914cbcc4046d90 bbb4a4b5341a4652924b9c6b5dcd76d6 - - default default] 10.0.0.70 "PUT /v2.0/subnets/e98b85ca-c283-40e3-9647-45f7a6993254/tags HTTP/1.1" status: 200 len: 212 time: 0.0614774
2026-07-14 18:49:46.895 10 INFO neutron.wsgi [None req-fbc945f1-81f5-4e8c-8d3e-026ee121cf1e 613384ca6e504e0ebc914cbcc4046d90 bbb4a4b5341a4652924b9c6b5dcd76d6 - - default default] 10.0.0.70 "GET /v2.0/subnets?tags=red HTTP/1.1" status: 200 len: 2027 time: 0.0850778
2026-07-14 18:49:47.006 10 INFO neutron.wsgi [None req-8849980f-093e-4d71-bbfd-13b8d408f699 613384ca6e504e0ebc914cbcc4046d90 bbb4a4b5341a4652924b9c6b5dcd76d6 - - default default] 10.0.0.70 "GET /v2.0/subnets?tags=red%2Cblue HTTP/1.1" status: 200 len: 1430 time: 0.1058872
2026-07-14 18:49:47.087 9 INFO neutron.wsgi [None req-9cdc4558-a844-4ff4-a9c6-c2cea995e50c 613384ca6e504e0ebc914cbcc4046d90 bbb4a4b5341a4652924b9c6b5dcd76d6 - - default default] 10.0.0.70 "GET /v2.0/subnets?tags-any=blue HTTP/1.1" status: 200 len: 1430 time: 0.0765727 /var/lib/openstack/lib/python3.10/site-packages/pycadf/identifier.py:71: UserWarning: Invalid uuid: neutron. To ensure interoperability, identifiers should be a valid uuid. warnings.warn(('Invalid uuid: %s. To ensure interoperability, '
2026-07-14 18:49:47.159 10 WARNING neutron.scheduler.dhcp_agent_scheduler [None req-3f50095d-8e37-49e8-8c0b-d7d91f02f91b 25c9c8a6fc5a495c83bd5a0be51db70d dd000348f57c4f3eba6379bc87bac2ff - - default default] No more DHCP agents
2026-07-14 18:49:47.162 10 WARNING neutron.api.rpc.agentnotifiers.dhcp_rpc_agent_api [None req-3f50095d-8e37-49e8-8c0b-d7d91f02f91b 25c9c8a6fc5a495c83bd5a0be51db70d dd000348f57c4f3eba6379bc87bac2ff - - default default] Unable to schedule network 5969b009-cd1b-4dba-89ea-24863022a6e0: no agents available; will retry on subsequent port and subnet creation events.
2026-07-14 18:49:47.171 10 INFO neutron.wsgi [None req-9687ab88-30d1-4960-ba73-dc14416f9286 613384ca6e504e0ebc914cbcc4046d90 bbb4a4b5341a4652924b9c6b5dcd76d6 - - default default] 10.0.0.70 "GET /v2.0/subnets?tags-any=red%2Cblue HTTP/1.1" status: 200 len: 2027 time: 0.0794008 /var/lib/openstack/lib/python3.10/site-packages/pycadf/identifier.py:71: UserWarning: Invalid uuid: neutron. To ensure interoperability, identifiers should be a valid uuid. warnings.warn(('Invalid uuid: %s. To ensure interoperability, '
2026-07-14 18:49:47.252 10 INFO neutron.wsgi [None req-fde9d990-a287-49a1-b418-48f46bf8d661 613384ca6e504e0ebc914cbcc4046d90 bbb4a4b5341a4652924b9c6b5dcd76d6 - - default default] 10.0.0.70 "GET /v2.0/subnets?not-tags=red HTTP/1.1" status: 200 len: 2018 time: 0.0729089
2026-07-14 18:49:47.330 10 INFO neutron.wsgi [None req-8e57bd61-c4cf-4b85-b8f2-f4400ac732ee 613384ca6e504e0ebc914cbcc4046d90 bbb4a4b5341a4652924b9c6b5dcd76d6 - - default default] 10.0.0.70 "GET /v2.0/subnets?not-tags=red%2Cblue HTTP/1.1" status: 200 len: 2615 time: 0.0737929
2026-07-14 18:49:47.353 10 INFO neutron.db.ovn_revision_numbers_db [None req-3f50095d-8e37-49e8-8c0b-d7d91f02f91b 25c9c8a6fc5a495c83bd5a0be51db70d dd000348f57c4f3eba6379bc87bac2ff - - default default] Successfully bumped revision number for resource 7085c4ce-d3cf-4db7-9ce8-cc7259750e49 (type: ports) to 1
2026-07-14 18:49:47.646 10 INFO neutron.wsgi [None req-3f50095d-8e37-49e8-8c0b-d7d91f02f91b 25c9c8a6fc5a495c83bd5a0be51db70d dd000348f57c4f3eba6379bc87bac2ff - - default default] 10.0.0.70 "POST /v2.0/ports HTTP/1.1" status: 201 len: 942 time: 0.9339933
2026-07-14 18:49:47.655 10 INFO neutron.wsgi [None req-3d398c58-797c-478b-bbf7-a9208fbea65b 613384ca6e504e0ebc914cbcc4046d90 bbb4a4b5341a4652924b9c6b5dcd76d6 - - default default] 10.0.0.70 "GET /v2.0/subnets?not-tags-any=blue HTTP/1.1" status: 200 len: 2615 time: 0.3036449
2026-07-14 18:49:47.703 10 INFO neutron.wsgi [None req-bcbe2b23-0e48-40bf-b66a-fade78863bd1 613384ca6e504e0ebc914cbcc4046d90 bbb4a4b5341a4652924b9c6b5dcd76d6 - - default default] 10.0.0.70 "GET /v2.0/subnets?not-tags-any=red%2Cblue HTTP/1.1" status: 200 len: 2018 time: 0.0428705
2026-07-14 18:49:47.772 9 INFO neutron.db.segments_db [None req-dd142a59-c96e-4017-a8d5-c3f4ae7e4db1 25c9c8a6fc5a495c83bd5a0be51db70d dd000348f57c4f3eba6379bc87bac2ff - - default default] Added segment 6a26dd7e-2119-4e58-a47a-f8d4d0ecaa50 of type geneve for network e2859dff-0de9-4288-a7ef-738c6c367423
2026-07-14 18:49:47.935 10 INFO neutron.wsgi [None req-6d95a860-a28c-47f2-bb16-2d1708f784b9 613384ca6e504e0ebc914cbcc4046d90 bbb4a4b5341a4652924b9c6b5dcd76d6 - - default default] 10.0.0.70 "DELETE /v2.0/subnets/64010297-22e1-4e68-860c-b27adf1b88a5 HTTP/1.1" status: 204 len: 168 time: 0.2259684
2026-07-14 18:49:47.980 9 INFO neutron.db.ovn_revision_numbers_db [None req-dd142a59-c96e-4017-a8d5-c3f4ae7e4db1 25c9c8a6fc5a495c83bd5a0be51db70d dd000348f57c4f3eba6379bc87bac2ff - - default default] Successfully bumped revision number for resource e2859dff-0de9-4288-a7ef-738c6c367423 (type: networks) to 1
2026-07-14 18:49:48.178 9 WARNING neutron.scheduler.dhcp_agent_scheduler [None req-dd142a59-c96e-4017-a8d5-c3f4ae7e4db1 25c9c8a6fc5a495c83bd5a0be51db70d dd000348f57c4f3eba6379bc87bac2ff - - default default] No more DHCP agents
2026-07-14 18:49:48.181 9 WARNING neutron.api.rpc.agentnotifiers.dhcp_rpc_agent_api [None req-dd142a59-c96e-4017-a8d5-c3f4ae7e4db1 25c9c8a6fc5a495c83bd5a0be51db70d dd000348f57c4f3eba6379bc87bac2ff - - default default] Unable to schedule network e2859dff-0de9-4288-a7ef-738c6c367423: no agents available; will retry on subsequent port and subnet creation events.
2026-07-14 18:49:48.183 10 INFO neutron.wsgi [None req-a3206689-d873-445c-8b97-8be4d5a61ee4 613384ca6e504e0ebc914cbcc4046d90 bbb4a4b5341a4652924b9c6b5dcd76d6 - - default default] 10.0.0.70 "DELETE /v2.0/subnets/137bc5af-6688-48b1-85da-42e0ffcf61d0 HTTP/1.1" status: 204 len: 168 time: 0.2444615
2026-07-14 18:49:48.276 9 INFO neutron.db.ovn_revision_numbers_db [None req-dd142a59-c96e-4017-a8d5-c3f4ae7e4db1 25c9c8a6fc5a495c83bd5a0be51db70d dd000348f57c4f3eba6379bc87bac2ff - - default default] Successfully bumped revision number for resource 002a5a77-7632-41a2-ada4-96de88cbd174 (type: ports) to 1
2026-07-14 18:49:48.301 9 INFO neutron.wsgi [None req-dd142a59-c96e-4017-a8d5-c3f4ae7e4db1 25c9c8a6fc5a495c83bd5a0be51db70d dd000348f57c4f3eba6379bc87bac2ff - - default default] 10.0.0.70 "POST /v2.0/networks HTTP/1.1" status: 201 len: 831 time: 0.6508360
2026-07-14 18:49:48.418 10 INFO neutron.wsgi [None req-e289c38a-17d3-478a-a043-4c0dffdfc31b 613384ca6e504e0ebc914cbcc4046d90 bbb4a4b5341a4652924b9c6b5dcd76d6 - - default default] 10.0.0.70 "DELETE /v2.0/subnets/6cc6401c-c8c2-4f54-8cfb-9a6299409fa1 HTTP/1.1" status: 204 len: 168 time: 0.2291691
2026-07-14 18:49:48.568 9 WARNING neutron.scheduler.dhcp_agent_scheduler [None req-26488a27-b6ee-4f57-8701-15ed50f0a7a8 25c9c8a6fc5a495c83bd5a0be51db70d dd000348f57c4f3eba6379bc87bac2ff - - default default] No more DHCP agents
2026-07-14 18:49:48.571 9 WARNING neutron.api.rpc.agentnotifiers.dhcp_rpc_agent_api [None req-26488a27-b6ee-4f57-8701-15ed50f0a7a8 25c9c8a6fc5a495c83bd5a0be51db70d dd000348f57c4f3eba6379bc87bac2ff - - default default] Unable to schedule network e2859dff-0de9-4288-a7ef-738c6c367423: no agents available; will retry on subsequent port and subnet creation events.
2026-07-14 18:49:48.647 10 INFO neutron.wsgi [None req-198546f1-fc27-448b-bf53-bf6622c8d471 613384ca6e504e0ebc914cbcc4046d90 bbb4a4b5341a4652924b9c6b5dcd76d6 - - default default] 10.0.0.70 "DELETE /v2.0/subnets/e98b85ca-c283-40e3-9647-45f7a6993254 HTTP/1.1" status: 204 len: 168 time: 0.2256854 /var/lib/openstack/lib/python3.10/site-packages/pycadf/identifier.py:71: UserWarning: Invalid uuid: neutron. To ensure interoperability, identifiers should be a valid uuid. warnings.warn(('Invalid uuid: %s. To ensure interoperability, '
2026-07-14 18:49:48.657 9 INFO neutron.db.ovn_revision_numbers_db [None req-26488a27-b6ee-4f57-8701-15ed50f0a7a8 25c9c8a6fc5a495c83bd5a0be51db70d dd000348f57c4f3eba6379bc87bac2ff - - default default] Successfully bumped revision number for resource 47789056-85b3-4e48-81f9-a4680c9b0a60 (type: ports) to 1
2026-07-14 18:49:48.688 9 INFO neutron.wsgi [None req-26488a27-b6ee-4f57-8701-15ed50f0a7a8 25c9c8a6fc5a495c83bd5a0be51db70d dd000348f57c4f3eba6379bc87bac2ff - - default default] 10.0.0.70 "POST /v2.0/ports HTTP/1.1" status: 201 len: 942 time: 0.3781371
2026-07-14 18:49:48.789 10 INFO neutron.db.segments_db [None req-e766c147-923c-4a65-b48a-76b148c76c23 25c9c8a6fc5a495c83bd5a0be51db70d dd000348f57c4f3eba6379bc87bac2ff - - default default] Added segment 601be4db-8269-4677-87ef-7ee023d166eb of type geneve for network 83a2a83f-fdc2-42d3-9f44-1a8499b08af8
2026-07-14 18:49:48.886 9 INFO neutron.wsgi [None req-9b6c3de6-3199-42ad-b77d-753ecbc9353b 613384ca6e504e0ebc914cbcc4046d90 bbb4a4b5341a4652924b9c6b5dcd76d6 - - default default] 10.0.0.70 "DELETE /v2.0/subnets/cdca4cca-36f7-4275-b151-f7c940844e9b HTTP/1.1" status: 204 len: 168 time: 0.2352564
2026-07-14 18:49:48.969 10 INFO neutron.db.ovn_revision_numbers_db [None req-e766c147-923c-4a65-b48a-76b148c76c23 25c9c8a6fc5a495c83bd5a0be51db70d dd000348f57c4f3eba6379bc87bac2ff - - default default] Successfully bumped revision number for resource 83a2a83f-fdc2-42d3-9f44-1a8499b08af8 (type: networks) to 1
2026-07-14 18:49:49.180 10 WARNING neutron.scheduler.dhcp_agent_scheduler [None req-e766c147-923c-4a65-b48a-76b148c76c23 25c9c8a6fc5a495c83bd5a0be51db70d dd000348f57c4f3eba6379bc87bac2ff - - default default] No more DHCP agents
2026-07-14 18:49:49.183 10 WARNING neutron.api.rpc.agentnotifiers.dhcp_rpc_agent_api [None req-e766c147-923c-4a65-b48a-76b148c76c23 25c9c8a6fc5a495c83bd5a0be51db70d dd000348f57c4f3eba6379bc87bac2ff - - default default] Unable to schedule network 83a2a83f-fdc2-42d3-9f44-1a8499b08af8: no agents available; will retry on subsequent port and subnet creation events.
2026-07-14 18:49:49.263 10 INFO neutron.db.ovn_revision_numbers_db [None req-e766c147-923c-4a65-b48a-76b148c76c23 25c9c8a6fc5a495c83bd5a0be51db70d dd000348f57c4f3eba6379bc87bac2ff - - default default] Successfully bumped revision number for resource 4111c18f-899a-4031-ac49-31aec641089f (type: ports) to 1
2026-07-14 18:49:49.283 10 INFO neutron.wsgi [None req-e766c147-923c-4a65-b48a-76b148c76c23 25c9c8a6fc5a495c83bd5a0be51db70d dd000348f57c4f3eba6379bc87bac2ff - - default default] 10.0.0.70 "POST /v2.0/networks HTTP/1.1" status: 201 len: 830 time: 0.5870218
2026-07-14 18:49:49.373 9 INFO neutron.services.segments.plugin [-] Segment cfa7a4b4-cf63-4571-9166-b13d03c04d1b resource provider aggregate not found
2026-07-14 18:49:49.380 9 INFO neutron.services.segments.plugin [-] Segment cfa7a4b4-cf63-4571-9166-b13d03c04d1b resource provider aggregate not found
2026-07-14 18:49:49.389 9 INFO neutron.services.segments.plugin [-] Segment cfa7a4b4-cf63-4571-9166-b13d03c04d1b resource provider not found; error: Placement Client Error (4xx): {"errors": [{"status": 404, "title": "Not Found", "detail": "The resource could not be found.\n\n No resource provider with uuid cfa7a4b4-cf63-4571-9166-b13d03c04d1b found for delete ", "request_id": "req-ffe43837-ed50-41aa-8ff3-1a24ebb63539"}]}
2026-07-14 18:49:49.395 9 INFO neutron.services.segments.plugin [-] Segment cfa7a4b4-cf63-4571-9166-b13d03c04d1b resource provider not found; error: Placement Client Error (4xx): {"errors": [{"status": 404, "title": "Not Found", "detail": "The resource could not be found.\n\n No resource provider with uuid cfa7a4b4-cf63-4571-9166-b13d03c04d1b found for delete ", "request_id": "req-8e0bfadb-5553-40e5-b4d7-f56e4ef2f067"}]}
2026-07-14 18:49:49.422 9 WARNING neutron.scheduler.dhcp_agent_scheduler [None req-ba88a17c-df72-444f-9f2c-bc6d70a16a12 32ad5cb10a7640be96859ed7ae438c9a 0a53f40bab81471a9243fd08552e17a5 - - default default] No more DHCP agents
2026-07-14 18:49:49.424 9 WARNING neutron.api.rpc.agentnotifiers.dhcp_rpc_agent_api [None req-ba88a17c-df72-444f-9f2c-bc6d70a16a12 32ad5cb10a7640be96859ed7ae438c9a 0a53f40bab81471a9243fd08552e17a5 - - default default] Unable to schedule network e68dbe2d-7d1c-43f2-9db5-00f2d13b166c: no agents available; will retry on subsequent port and subnet creation events.
2026-07-14 18:49:49.439 9 INFO neutron.wsgi [None req-d49c4c97-765e-4445-beff-a786c793b5ad 613384ca6e504e0ebc914cbcc4046d90 bbb4a4b5341a4652924b9c6b5dcd76d6 - - default default] 10.0.0.70 "DELETE /v2.0/networks/2fb853ea-378c-40b1-86b6-6b85373601cd HTTP/1.1" status: 204 len: 168 time: 0.5473552
2026-07-14 18:49:49.578 10 WARNING neutron.scheduler.dhcp_agent_scheduler [None req-dee2fc55-5e30-4c2d-87e7-d844a74c44fb 25c9c8a6fc5a495c83bd5a0be51db70d dd000348f57c4f3eba6379bc87bac2ff - - default default] No more DHCP agents
2026-07-14 18:49:49.581 10 WARNING neutron.api.rpc.agentnotifiers.dhcp_rpc_agent_api [None req-dee2fc55-5e30-4c2d-87e7-d844a74c44fb 25c9c8a6fc5a495c83bd5a0be51db70d dd000348f57c4f3eba6379bc87bac2ff - - default default] Unable to schedule network 83a2a83f-fdc2-42d3-9f44-1a8499b08af8: no agents available; will retry on subsequent port and subnet creation events.
2026-07-14 18:49:49.701 10 INFO neutron.db.ovn_revision_numbers_db [None req-dee2fc55-5e30-4c2d-87e7-d844a74c44fb 25c9c8a6fc5a495c83bd5a0be51db70d dd000348f57c4f3eba6379bc87bac2ff - - default default] Successfully bumped revision number for resource f674fe55-abfa-4ef4-9217-02b34892e3cc (type: ports) to 1
2026-07-14 18:49:49.728 10 INFO neutron.wsgi [None req-dee2fc55-5e30-4c2d-87e7-d844a74c44fb 25c9c8a6fc5a495c83bd5a0be51db70d dd000348f57c4f3eba6379bc87bac2ff - - default default] 10.0.0.70 "POST /v2.0/ports HTTP/1.1" status: 201 len: 942 time: 0.4388032 /var/lib/openstack/lib/python3.10/site-packages/pycadf/identifier.py:71: UserWarning: Invalid uuid: neutron. To ensure interoperability, identifiers should be a valid uuid. warnings.warn(('Invalid uuid: %s. To ensure interoperability, '
2026-07-14 18:49:49.786 10 INFO neutron.wsgi [None req-c37ed5cc-a6f9-4555-bf2e-cc2a8c026ed0 25c9c8a6fc5a495c83bd5a0be51db70d dd000348f57c4f3eba6379bc87bac2ff - - default default] 10.0.0.70 "PUT /v2.0/ports/656f6944-e27b-4a35-b7ae-a96120778d20/tags HTTP/1.1" status: 200 len: 210 time: 0.0522356
2026-07-14 18:49:49.808 9 INFO neutron.db.ovn_revision_numbers_db [None req-ba88a17c-df72-444f-9f2c-bc6d70a16a12 32ad5cb10a7640be96859ed7ae438c9a 0a53f40bab81471a9243fd08552e17a5 - - default default] Successfully bumped revision number for resource 1c172c58-61fd-4a54-bdeb-df805691d4cf (type: floatingips) to 0
2026-07-14 18:49:49.822 9 INFO neutron.wsgi [None req-ba88a17c-df72-444f-9f2c-bc6d70a16a12 32ad5cb10a7640be96859ed7ae438c9a 0a53f40bab81471a9243fd08552e17a5 - - default default] 10.0.0.70 "POST /v2.0/floatingips HTTP/1.1" status: 201 len: 751 time: 0.9762299
2026-07-14 18:49:49.848 10 INFO neutron.wsgi [None req-c5bade38-bd7c-425f-bbb9-407fbc188948 25c9c8a6fc5a495c83bd5a0be51db70d dd000348f57c4f3eba6379bc87bac2ff - - default default] 10.0.0.70 "PUT /v2.0/ports/cfef6b5a-3e14-402a-aa5b-f22d67a8a701/tags HTTP/1.1" status: 200 len: 218 time: 0.0546913
2026-07-14 18:49:49.900 10 INFO neutron.services.segments.plugin [-] Segment fc35ae62-b8e7-4bec-8113-7bac13cb8eb4 resource provider aggregate not found
2026-07-14 18:49:49.904 10 INFO neutron.services.segments.plugin [-] Segment fc35ae62-b8e7-4bec-8113-7bac13cb8eb4 resource provider aggregate not found
2026-07-14 18:49:49.915 9 INFO neutron.wsgi [None req-0441f354-9f67-43c4-b4e1-915d65cfaa45 25c9c8a6fc5a495c83bd5a0be51db70d dd000348f57c4f3eba6379bc87bac2ff - - default default] 10.0.0.70 "PUT /v2.0/ports/7085c4ce-d3cf-4db7-9ce8-cc7259750e49/tags HTTP/1.1" status: 200 len: 227 time: 0.0629582
2026-07-14 18:49:49.925 10 INFO neutron.services.segments.plugin [-] Segment fc35ae62-b8e7-4bec-8113-7bac13cb8eb4 resource provider not found; error: Placement Client Error (4xx): {"errors": [{"status": 404, "title": "Not Found", "detail": "The resource could not be found.\n\n No resource provider with uuid fc35ae62-b8e7-4bec-8113-7bac13cb8eb4 found for delete ", "request_id": "req-840e803e-6046-4e26-9a32-42d9a093e00a"}]}
2026-07-14 18:49:49.933 10 INFO neutron.services.segments.plugin [-] Segment fc35ae62-b8e7-4bec-8113-7bac13cb8eb4 resource provider not found; error: Placement Client Error (4xx): {"errors": [{"status": 404, "title": "Not Found", "detail": "The resource could not be found.\n\n No resource provider with uuid fc35ae62-b8e7-4bec-8113-7bac13cb8eb4 found for delete ", "request_id": "req-7ffc3622-9151-4dac-b338-7e5560d25f6f"}]}
2026-07-14 18:49:49.974 10 INFO neutron.wsgi [None req-b260d418-1fdb-4b01-b31a-882c50762c07 613384ca6e504e0ebc914cbcc4046d90 bbb4a4b5341a4652924b9c6b5dcd76d6 - - default default] 10.0.0.70 "DELETE /v2.0/networks/229c8bd5-21cf-41f7-9b1e-95085d10ac9c HTTP/1.1" status: 204 len: 168 time: 0.5295749
2026-07-14 18:49:49.986 10 INFO neutron.wsgi [None req-c56fe270-73ec-44e5-b1df-1f0b64d4ba4b 25c9c8a6fc5a495c83bd5a0be51db70d dd000348f57c4f3eba6379bc87bac2ff - - default default] 10.0.0.70 "PUT /v2.0/ports/47789056-85b3-4e48-81f9-a4680c9b0a60/tags HTTP/1.1" status: 200 len: 212 time: 0.0631702
2026-07-14 18:49:50.169 10 INFO neutron.wsgi [None req-9588b85a-4d27-4328-99f7-14a9d7324e08 25c9c8a6fc5a495c83bd5a0be51db70d dd000348f57c4f3eba6379bc87bac2ff - - default default] 10.0.0.70 "GET /v2.0/ports?tags=red HTTP/1.1" status: 200 len: 2448 time: 0.1775856
2026-07-14 18:49:50.232 10 INFO neutron.wsgi [None req-a3afdebd-6174-4915-98bb-641d702b2961 25c9c8a6fc5a495c83bd5a0be51db70d dd000348f57c4f3eba6379bc87bac2ff - - default default] 10.0.0.70 "GET /v2.0/ports?tags=red%2Cblue HTTP/1.1" status: 200 len: 1708 time: 0.0583513
2026-07-14 18:49:50.292 10 INFO neutron.wsgi [None req-47efe2bd-95e0-47b2-9383-730e54661696 25c9c8a6fc5a495c83bd5a0be51db70d dd000348f57c4f3eba6379bc87bac2ff - - default default] 10.0.0.70 "GET /v2.0/ports?tags-any=blue HTTP/1.1" status: 200 len: 1708 time: 0.0548465
2026-07-14 18:49:50.341 10 INFO neutron.wsgi [None req-cfef4752-a3ae-4bd1-8e3a-ece03c0ccb61 25c9c8a6fc5a495c83bd5a0be51db70d dd000348f57c4f3eba6379bc87bac2ff - - default default] 10.0.0.70 "GET /v2.0/ports?tags-any=red%2Cblue HTTP/1.1" status: 200 len: 2448 time: 0.0435355
2026-07-14 18:49:50.465 9 WARNING neutron.scheduler.dhcp_agent_scheduler [None req-01e09bd2-de3b-4cc4-8d67-42e345a7e78b 32ad5cb10a7640be96859ed7ae438c9a 0a53f40bab81471a9243fd08552e17a5 - - default default] No more DHCP agents
2026-07-14 18:49:50.469 9 WARNING neutron.api.rpc.agentnotifiers.dhcp_rpc_agent_api [None req-01e09bd2-de3b-4cc4-8d67-42e345a7e78b 32ad5cb10a7640be96859ed7ae438c9a 0a53f40bab81471a9243fd08552e17a5 - - default default] Unable to schedule network e68dbe2d-7d1c-43f2-9db5-00f2d13b166c: no agents available; will retry on subsequent port and subnet creation events.
2026-07-14 18:49:50.506 10 INFO neutron.wsgi [None req-bc03944c-f3d6-4c16-a250-d0f7e968bac8 25c9c8a6fc5a495c83bd5a0be51db70d dd000348f57c4f3eba6379bc87bac2ff - - default default] 10.0.0.70 "GET /v2.0/ports?not-tags=red HTTP/1.1" status: 200 len: 5463 time: 0.1568828
2026-07-14 18:49:50.554 10 INFO neutron.wsgi [-] 10.0.0.125 "GET / HTTP/1.1" status: 200 len: 246 time: 0.0013380
2026-07-14 18:49:50.555 10 INFO neutron.wsgi [-] 10.0.0.125 "GET / HTTP/1.1" status: 200 len: 246 time: 0.0010426
2026-07-14 18:49:50.595 10 INFO neutron.wsgi [None req-3f53b029-d291-4170-a4c4-bfcb2e77833a 25c9c8a6fc5a495c83bd5a0be51db70d dd000348f57c4f3eba6379bc87bac2ff - - default default] 10.0.0.70 "GET /v2.0/ports?not-tags=red%2Cblue HTTP/1.1" status: 200 len: 6203 time: 0.0807140
2026-07-14 18:49:50.674 10 INFO neutron.wsgi [None req-11b42d91-4cdd-42b1-85e6-0a58433ee6b5 25c9c8a6fc5a495c83bd5a0be51db70d dd000348f57c4f3eba6379bc87bac2ff - - default default] 10.0.0.70 "GET /v2.0/ports?not-tags-any=blue HTTP/1.1" status: 200 len: 6203 time: 0.0732706
2026-07-14 18:49:50.735 10 INFO neutron.wsgi [None req-1fc90590-6804-407c-9189-224119786575 25c9c8a6fc5a495c83bd5a0be51db70d dd000348f57c4f3eba6379bc87bac2ff - - default default] 10.0.0.70 "GET /v2.0/ports?not-tags-any=red%2Cblue HTTP/1.1" status: 200 len: 5463 time: 0.0553617
2026-07-14 18:49:50.754 9 INFO neutron.wsgi [None req-e663ff88-1b93-44bb-91f3-71d31a178fdb 613384ca6e504e0ebc914cbcc4046d90 bbb4a4b5341a4652924b9c6b5dcd76d6 - - default default] 10.0.0.70 "DELETE /v2.0/networks/7bf855b1-e8f2-4e6c-8ca5-c701b1f57deb HTTP/1.1" status: 204 len: 168 time: 0.7714608
2026-07-14 18:49:50.881 9 INFO neutron.db.ovn_revision_numbers_db [None req-01e09bd2-de3b-4cc4-8d67-42e345a7e78b 32ad5cb10a7640be96859ed7ae438c9a 0a53f40bab81471a9243fd08552e17a5 - - default default] Successfully bumped revision number for resource 152078cf-bf5f-4caa-9063-ba786596126c (type: floatingips) to 0
2026-07-14 18:49:50.895 9 INFO neutron.wsgi [None req-01e09bd2-de3b-4cc4-8d67-42e345a7e78b 32ad5cb10a7640be96859ed7ae438c9a 0a53f40bab81471a9243fd08552e17a5 - - default default] 10.0.0.70 "POST /v2.0/floatingips HTTP/1.1" status: 201 len: 751 time: 1.0675097
2026-07-14 18:49:51.074 10 INFO neutron.wsgi [None req-20d82c2c-4b91-45af-beda-f0a8612945a0 25c9c8a6fc5a495c83bd5a0be51db70d dd000348f57c4f3eba6379bc87bac2ff - - default default] 10.0.0.70 "DELETE /v2.0/ports/656f6944-e27b-4a35-b7ae-a96120778d20 HTTP/1.1" status: 204 len: 168 time: 0.3344135
2026-07-14 18:49:51.104 9 INFO neutron.wsgi [None req-1b5ad7d7-6d24-42e2-8644-2cb7e89b53b4 7bbe5fbbecb04c67aaf0e51e1e70f88f 1df9047b14b549089d81bf61621eaab4 - - default default] 10.0.0.37 "GET /v2.0/floatingips HTTP/1.1" status: 200 len: 1269 time: 0.0927877
2026-07-14 18:49:51.161 9 INFO neutron.wsgi [None req-a7e8e569-a161-42eb-93e9-380789dddee1 7bbe5fbbecb04c67aaf0e51e1e70f88f 1df9047b14b549089d81bf61621eaab4 - - default default] 10.0.0.37 "GET /v2.0/ports HTTP/1.1" status: 200 len: 16055 time: 0.0549212
2026-07-14 18:49:51.191 9 INFO neutron.wsgi [None req-144bcfa9-ef67-453e-b337-c7ecfaeb1ebb 7bbe5fbbecb04c67aaf0e51e1e70f88f 1df9047b14b549089d81bf61621eaab4 - - default default] 10.0.0.37 "GET /v2.0/agents HTTP/1.1" status: 200 len: 997 time: 0.0170350
2026-07-14 18:49:51.245 9 INFO neutron.wsgi [None req-4bcdc176-7ca9-49be-bf25-cff302168770 7bbe5fbbecb04c67aaf0e51e1e70f88f 1df9047b14b549089d81bf61621eaab4 - - default default] 10.0.0.37 "GET /v2.0/subnets HTTP/1.1" status: 200 len: 1437 time: 0.0526066
2026-07-14 18:49:51.264 9 INFO neutron.wsgi [None req-1db20424-2993-49c0-ba69-d2239ca88fef 7bbe5fbbecb04c67aaf0e51e1e70f88f 1df9047b14b549089d81bf61621eaab4 - - default default] 10.0.0.37 "GET /v2.0/subnetpools HTTP/1.1" status: 200 len: 193 time: 0.0120866
2026-07-14 18:49:51.297 10 INFO neutron.wsgi [None req-7b01fa45-cea7-4566-927d-dce4244ce967 613384ca6e504e0ebc914cbcc4046d90 bbb4a4b5341a4652924b9c6b5dcd76d6 - - default default] 10.0.0.70 "DELETE /v2.0/networks/551e1a52-7e78-4a9a-b766-671f2ca3ff5b HTTP/1.1" status: 204 len: 168 time: 0.5375316
2026-07-14 18:49:51.318 9 WARNING neutron.scheduler.dhcp_agent_scheduler [None req-b22122ac-ef8a-4e29-b053-8dd7596fff38 32ad5cb10a7640be96859ed7ae438c9a 0a53f40bab81471a9243fd08552e17a5 - - default default] No more DHCP agents
2026-07-14 18:49:51.324 9 WARNING neutron.api.rpc.agentnotifiers.dhcp_rpc_agent_api [None req-b22122ac-ef8a-4e29-b053-8dd7596fff38 32ad5cb10a7640be96859ed7ae438c9a 0a53f40bab81471a9243fd08552e17a5 - - default default] Unable to schedule network e68dbe2d-7d1c-43f2-9db5-00f2d13b166c: no agents available; will retry on subsequent port and subnet creation events.
2026-07-14 18:49:51.353 9 INFO neutron.wsgi [None req-8f9a4339-063d-4710-9df3-7cec54895c6a 7bbe5fbbecb04c67aaf0e51e1e70f88f 1df9047b14b549089d81bf61621eaab4 - - default default] 10.0.0.37 "GET /v2.0/security-groups HTTP/1.1" status: 200 len: 22363 time: 0.0866911
2026-07-14 18:49:51.397 10 INFO neutron.wsgi [None req-01ca41db-4e95-487c-88ce-8cc4b6a48edb 25c9c8a6fc5a495c83bd5a0be51db70d dd000348f57c4f3eba6379bc87bac2ff - - default default] 10.0.0.70 "DELETE /v2.0/ports/cfef6b5a-3e14-402a-aa5b-f22d67a8a701 HTTP/1.1" status: 204 len: 168 time: 0.3178144
2026-07-14 18:49:51.415 9 INFO neutron.services.segments.plugin [-] Segment 96c70160-eb30-4bfe-971d-55c19a19c727 resource provider aggregate not found
2026-07-14 18:49:51.423 9 INFO neutron.wsgi [None req-6131b192-6a47-43c1-bb97-a56eecd3385d 7bbe5fbbecb04c67aaf0e51e1e70f88f 1df9047b14b549089d81bf61621eaab4 - - default default] 10.0.0.37 "GET /v2.0/subnets HTTP/1.1" status: 200 len: 1437 time: 0.0616720
2026-07-14 18:49:51.424 9 INFO neutron.services.segments.plugin [-] Segment 96c70160-eb30-4bfe-971d-55c19a19c727 resource provider aggregate not found
2026-07-14 18:49:51.438 9 INFO neutron.services.segments.plugin [-] Segment 96c70160-eb30-4bfe-971d-55c19a19c727 resource provider not found; error: Placement Client Error (4xx): {"errors": [{"status": 404, "title": "Not Found", "detail": "The resource could not be found.\n\n No resource provider with uuid 96c70160-eb30-4bfe-971d-55c19a19c727 found for delete ", "request_id": "req-2f84dbcf-ed24-4912-ac40-d7b73f81b5af"}]}
2026-07-14 18:49:51.438 9 INFO neutron.services.segments.plugin [-] Segment 96c70160-eb30-4bfe-971d-55c19a19c727 resource provider not found; error: Placement Client Error (4xx): {"errors": [{"status": 404, "title": "Not Found", "detail": "The resource could not be found.\n\n No resource provider with uuid 96c70160-eb30-4bfe-971d-55c19a19c727 found for delete ", "request_id": "req-be0e0495-3d0c-4098-b683-89a094532b9c"}]}
2026-07-14 18:49:51.529 9 INFO neutron.wsgi [None req-b2a318e6-7d3e-4d55-ad5a-b36468f2ec2b 7bbe5fbbecb04c67aaf0e51e1e70f88f 1df9047b14b549089d81bf61621eaab4 - - default default] 10.0.0.37 "GET /v2.0/networks HTTP/1.1" status: 200 len: 6587 time: 0.1016915
2026-07-14 18:49:51.560 9 INFO neutron.wsgi [None req-5db26788-a368-417e-84da-3175aed64d1c 7bbe5fbbecb04c67aaf0e51e1e70f88f 1df9047b14b549089d81bf61621eaab4 - - default default] 10.0.0.37 "GET /v2.0/network-ip-availabilities HTTP/1.1" status: 200 len: 2885 time: 0.0255377
2026-07-14 18:49:51.590 9 INFO neutron.wsgi [None req-935b2874-f65b-4b11-8d4f-342a3919546c 7bbe5fbbecb04c67aaf0e51e1e70f88f 1df9047b14b549089d81bf61621eaab4 - - default default] 10.0.0.37 "GET /v2.0/routers HTTP/1.1" status: 200 len: 189 time: 0.0278342
2026-07-14 18:49:51.619 9 INFO neutron.wsgi [None req-4afeacc4-9e5f-4e8a-85ce-7a99544fa2b6 7bbe5fbbecb04c67aaf0e51e1e70f88f 1df9047b14b549089d81bf61621eaab4 - - default default] 10.0.0.37 "GET /v2.0/agents?binary=ovn-controller HTTP/1.1" status: 200 len: 591 time: 0.0280056
2026-07-14 18:49:51.780 9 INFO neutron.db.ovn_revision_numbers_db [None req-b22122ac-ef8a-4e29-b053-8dd7596fff38 32ad5cb10a7640be96859ed7ae438c9a 0a53f40bab81471a9243fd08552e17a5 - - default default] Successfully bumped revision number for resource d39520c7-3889-40c8-8983-0b2a129a2c4f (type: floatingips) to 0
2026-07-14 18:49:51.800 9 INFO neutron.wsgi [None req-b22122ac-ef8a-4e29-b053-8dd7596fff38 32ad5cb10a7640be96859ed7ae438c9a 0a53f40bab81471a9243fd08552e17a5 - - default default] 10.0.0.70 "POST /v2.0/floatingips HTTP/1.1" status: 201 len: 751 time: 0.8998919
2026-07-14 18:49:51.949 10 INFO neutron.wsgi [None req-7b063282-7d51-4e21-abb1-73768a3caec5 25c9c8a6fc5a495c83bd5a0be51db70d dd000348f57c4f3eba6379bc87bac2ff - - default default] 10.0.0.70 "DELETE /v2.0/ports/7085c4ce-d3cf-4db7-9ce8-cc7259750e49 HTTP/1.1" status: 204 len: 168 time: 0.5427225
2026-07-14 18:49:51.952 10 INFO neutron.services.segments.plugin [-] Segment 7cb8c097-88ba-4a7f-b292-1eeaf8e5f27d resource provider aggregate not found
2026-07-14 18:49:51.961 10 INFO neutron.services.segments.plugin [-] Segment 7cb8c097-88ba-4a7f-b292-1eeaf8e5f27d resource provider aggregate not found
2026-07-14 18:49:51.974 10 INFO neutron.services.segments.plugin [-] Segment 7cb8c097-88ba-4a7f-b292-1eeaf8e5f27d resource provider not found; error: Placement Client Error (4xx): {"errors": [{"status": 404, "title": "Not Found", "detail": "The resource could not be found.\n\n No resource provider with uuid 7cb8c097-88ba-4a7f-b292-1eeaf8e5f27d found for delete ", "request_id": "req-ff93adb3-e295-43bc-a645-f8661e113803"}]}
2026-07-14 18:49:51.981 10 INFO neutron.services.segments.plugin [-] Segment 7cb8c097-88ba-4a7f-b292-1eeaf8e5f27d resource provider not found; error: Placement Client Error (4xx): {"errors": [{"status": 404, "title": "Not Found", "detail": "The resource could not be found.\n\n No resource provider with uuid 7cb8c097-88ba-4a7f-b292-1eeaf8e5f27d found for delete ", "request_id": "req-ab2702a9-561e-4551-8a98-8cf5b16ce5d9"}]}
2026-07-14 18:49:52.067 10 INFO neutron.wsgi [None req-f4565284-d671-4c9b-9835-6e26657f5d7a 613384ca6e504e0ebc914cbcc4046d90 bbb4a4b5341a4652924b9c6b5dcd76d6 - - default default] 10.0.0.70 "DELETE /v2.0/networks/e893cb7d-2730-4789-b084-89ac77161d1d HTTP/1.1" status: 204 len: 168 time: 0.7619376
2026-07-14 18:49:52.175 9 WARNING neutron.scheduler.dhcp_agent_scheduler [None req-31a2377a-bbf8-44ae-b183-ff264b2c1679 32ad5cb10a7640be96859ed7ae438c9a 0a53f40bab81471a9243fd08552e17a5 - - default default] No more DHCP agents
2026-07-14 18:49:52.180 9 WARNING neutron.api.rpc.agentnotifiers.dhcp_rpc_agent_api [None req-31a2377a-bbf8-44ae-b183-ff264b2c1679 32ad5cb10a7640be96859ed7ae438c9a 0a53f40bab81471a9243fd08552e17a5 - - default default] Unable to schedule network e68dbe2d-7d1c-43f2-9db5-00f2d13b166c: no agents available; will retry on subsequent port and subnet creation events.
2026-07-14 18:49:52.262 9 INFO neutron.wsgi [None req-ef528b19-c8bd-459e-8995-35a0a240988b 25c9c8a6fc5a495c83bd5a0be51db70d dd000348f57c4f3eba6379bc87bac2ff - - default default] 10.0.0.70 "DELETE /v2.0/ports/47789056-85b3-4e48-81f9-a4680c9b0a60 HTTP/1.1" status: 204 len: 168 time: 0.3047001
2026-07-14 18:49:52.561 9 INFO neutron.db.ovn_revision_numbers_db [None req-31a2377a-bbf8-44ae-b183-ff264b2c1679 32ad5cb10a7640be96859ed7ae438c9a 0a53f40bab81471a9243fd08552e17a5 - - default default] Successfully bumped revision number for resource 96048c20-72e0-4ebd-ba5e-f013e0f24f6d (type: floatingips) to 0
2026-07-14 18:49:52.569 10 INFO neutron.wsgi [None req-f2f31b70-d220-476f-b814-2438398d15d1 25c9c8a6fc5a495c83bd5a0be51db70d dd000348f57c4f3eba6379bc87bac2ff - - default default] 10.0.0.70 "DELETE /v2.0/ports/f674fe55-abfa-4ef4-9217-02b34892e3cc HTTP/1.1" status: 204 len: 168 time: 0.2830689
2026-07-14 18:49:52.597 9 INFO neutron.wsgi [None req-31a2377a-bbf8-44ae-b183-ff264b2c1679 32ad5cb10a7640be96859ed7ae438c9a 0a53f40bab81471a9243fd08552e17a5 - - default default] 10.0.0.70 "POST /v2.0/floatingips HTTP/1.1" status: 201 len: 751 time: 0.7929182
2026-07-14 18:49:53.116 9 WARNING neutron.scheduler.dhcp_agent_scheduler [None req-054837f1-038d-4a6b-a234-cb3cda7d32a3 32ad5cb10a7640be96859ed7ae438c9a 0a53f40bab81471a9243fd08552e17a5 - - default default] No more DHCP agents
2026-07-14 18:49:53.122 9 WARNING neutron.api.rpc.agentnotifiers.dhcp_rpc_agent_api [None req-054837f1-038d-4a6b-a234-cb3cda7d32a3 32ad5cb10a7640be96859ed7ae438c9a 0a53f40bab81471a9243fd08552e17a5 - - default default] Unable to schedule network e68dbe2d-7d1c-43f2-9db5-00f2d13b166c: no agents available; will retry on subsequent port and subnet creation events.
2026-07-14 18:49:53.141 9 INFO neutron.wsgi [None req-91c0e79c-bf5b-482f-bedb-a6409755d11f 25c9c8a6fc5a495c83bd5a0be51db70d dd000348f57c4f3eba6379bc87bac2ff - - default default] 10.0.0.70 "DELETE /v2.0/networks/a784b4ea-486b-4f24-b981-e48bbd288830 HTTP/1.1" status: 204 len: 168 time: 0.5643420
2026-07-14 18:49:53.228 10 INFO neutron.wsgi [None req-d0e0c57a-5983-42ce-95f2-bf73d1bfd09b 7bbe5fbbecb04c67aaf0e51e1e70f88f 1df9047b14b549089d81bf61621eaab4 - - default default] 10.0.0.70 "GET /v2.0/security-groups?tenant_id=bbb4a4b5341a4652924b9c6b5dcd76d6&name=default HTTP/1.1" status: 200 len: 2996 time: 0.2573903
2026-07-14 18:49:53.507 9 INFO neutron.services.segments.plugin [-] Segment 53cc7002-7575-490d-a2e1-7aeba37c10e2 resource provider aggregate not found
2026-07-14 18:49:53.514 9 INFO neutron.services.segments.plugin [-] Segment 53cc7002-7575-490d-a2e1-7aeba37c10e2 resource provider aggregate not found
2026-07-14 18:49:53.526 9 INFO neutron.services.segments.plugin [-] Segment 53cc7002-7575-490d-a2e1-7aeba37c10e2 resource provider not found; error: Placement Client Error (4xx): {"errors": [{"status": 404, "title": "Not Found", "detail": "The resource could not be found.\n\n No resource provider with uuid 53cc7002-7575-490d-a2e1-7aeba37c10e2 found for delete ", "request_id": "req-2bb745d4-4aa9-497f-8160-d6f0c708dd5e"}]}
2026-07-14 18:49:53.533 9 INFO neutron.services.segments.plugin [-] Segment 53cc7002-7575-490d-a2e1-7aeba37c10e2 resource provider not found; error: Placement Client Error (4xx): {"errors": [{"status": 404, "title": "Not Found", "detail": "The resource could not be found.\n\n No resource provider with uuid 53cc7002-7575-490d-a2e1-7aeba37c10e2 found for delete ", "request_id": "req-83668a86-5b1e-4f1f-9f8d-2435b61b49ba"}]}
2026-07-14 18:49:53.550 10 INFO neutron.wsgi [None req-3282430d-46a6-4027-a419-989b7c549f5b 7bbe5fbbecb04c67aaf0e51e1e70f88f 1df9047b14b549089d81bf61621eaab4 - - default default] 10.0.0.70 "DELETE /v2.0/security-groups/cb4a40a1-a432-4aa9-87b0-a30201b35be4 HTTP/1.1" status: 204 len: 168 time: 0.3186858
2026-07-14 18:49:53.616 10 INFO neutron.wsgi [None req-a4eeca6e-d8ed-4fd8-91d9-0f8af11bc9f7 25c9c8a6fc5a495c83bd5a0be51db70d dd000348f57c4f3eba6379bc87bac2ff - - default default] 10.0.0.70 "DELETE /v2.0/networks/114a5425-6ddc-4cda-a014-fa0ab9cd6f97 HTTP/1.1" status: 204 len: 168 time: 0.4683063
2026-07-14 18:49:53.783 9 INFO neutron.db.ovn_revision_numbers_db [None req-054837f1-038d-4a6b-a234-cb3cda7d32a3 32ad5cb10a7640be96859ed7ae438c9a 0a53f40bab81471a9243fd08552e17a5 - - default default] Successfully bumped revision number for resource 24483f4a-1fe6-4198-bdfe-b6dffabcdace (type: floatingips) to 0
2026-07-14 18:49:53.800 9 INFO neutron.wsgi [None req-054837f1-038d-4a6b-a234-cb3cda7d32a3 32ad5cb10a7640be96859ed7ae438c9a 0a53f40bab81471a9243fd08552e17a5 - - default default] 10.0.0.70 "POST /v2.0/floatingips HTTP/1.1" status: 201 len: 751 time: 1.1948500
2026-07-14 18:49:53.822 9 INFO neutron.db.ovn_revision_numbers_db [None req-610dee02-4288-4b71-bce4-4d1e4bc21d3d 7bbe5fbbecb04c67aaf0e51e1e70f88f 1df9047b14b549089d81bf61621eaab4 - - default default] Successfully bumped revision number for resource 83a2dc65-36eb-43f5-acd8-9decad08cc9f (type: security_groups) to 1
2026-07-14 18:49:53.835 9 INFO neutron.db.ovn_revision_numbers_db [None req-610dee02-4288-4b71-bce4-4d1e4bc21d3d 7bbe5fbbecb04c67aaf0e51e1e70f88f 1df9047b14b549089d81bf61621eaab4 - - default default] Successfully bumped revision number for resource 52f810d4-97f7-4735-8a53-8d5cb4f506a4 (type: security_group_rules) to 0
2026-07-14 18:49:53.851 9 INFO neutron.db.ovn_revision_numbers_db [None req-610dee02-4288-4b71-bce4-4d1e4bc21d3d 7bbe5fbbecb04c67aaf0e51e1e70f88f 1df9047b14b549089d81bf61621eaab4 - - default default] Successfully bumped revision number for resource 862ddb1e-33d1-481d-89a9-5dc3d05424d4 (type: security_group_rules) to 0
2026-07-14 18:49:53.853 10 INFO neutron.wsgi [None req-23aab7db-3198-4d29-8313-4e81bbb6c02c 32ad5cb10a7640be96859ed7ae438c9a 0a53f40bab81471a9243fd08552e17a5 - - default default] 10.0.0.70 "PUT /v2.0/floatingips/1c172c58-61fd-4a54-bdeb-df805691d4cf/tags HTTP/1.1" status: 200 len: 210 time: 0.0487177
2026-07-14 18:49:53.865 9 INFO neutron.db.ovn_revision_numbers_db [None req-610dee02-4288-4b71-bce4-4d1e4bc21d3d 7bbe5fbbecb04c67aaf0e51e1e70f88f 1df9047b14b549089d81bf61621eaab4 - - default default] Successfully bumped revision number for resource a7813b27-63dd-4817-ba77-a5811cec6dac (type: security_group_rules) to 0
2026-07-14 18:49:53.879 9 INFO neutron.db.ovn_revision_numbers_db [None req-610dee02-4288-4b71-bce4-4d1e4bc21d3d 7bbe5fbbecb04c67aaf0e51e1e70f88f 1df9047b14b549089d81bf61621eaab4 - - default default] Successfully bumped revision number for resource c78b290e-598e-4acb-8ab6-b42dab5abb40 (type: security_group_rules) to 0
2026-07-14 18:49:53.900 9 INFO neutron.wsgi [None req-610dee02-4288-4b71-bce4-4d1e4bc21d3d 7bbe5fbbecb04c67aaf0e51e1e70f88f 1df9047b14b549089d81bf61621eaab4 - - default default] 10.0.0.70 "GET /v2.0/security-groups?tenant_id=386b65122d4c4d03bd8f2a591c036348&name=default HTTP/1.1" status: 200 len: 2996 time: 0.2348742
2026-07-14 18:49:53.909 10 INFO neutron.wsgi [None req-b4dd2087-20fd-4396-aefd-fd9b8bd9eaf8 32ad5cb10a7640be96859ed7ae438c9a 0a53f40bab81471a9243fd08552e17a5 - - default default] 10.0.0.70 "PUT /v2.0/floatingips/152078cf-bf5f-4caa-9063-ba786596126c/tags HTTP/1.1" status: 200 len: 218 time: 0.0515904
2026-07-14 18:49:53.968 9 INFO neutron.wsgi [None req-de5e2aae-1e4b-4d12-8c6d-210668d90fa4 32ad5cb10a7640be96859ed7ae438c9a 0a53f40bab81471a9243fd08552e17a5 - - default default] 10.0.0.70 "PUT /v2.0/floatingips/d39520c7-3889-40c8-8983-0b2a129a2c4f/tags HTTP/1.1" status: 200 len: 227 time: 0.0544369
2026-07-14 18:49:54.021 10 INFO neutron.services.segments.plugin [-] Segment 1878b420-1df9-4510-9f55-59c7b85523e3 resource provider aggregate not found
2026-07-14 18:49:54.031 10 INFO neutron.services.segments.plugin [-] Segment 1878b420-1df9-4510-9f55-59c7b85523e3 resource provider aggregate not found
2026-07-14 18:49:54.051 10 INFO neutron.services.segments.plugin [-] Segment 1878b420-1df9-4510-9f55-59c7b85523e3 resource provider not found; error: Placement Client Error (4xx): {"errors": [{"status": 404, "title": "Not Found", "detail": "The resource could not be found.\n\n No resource provider with uuid 1878b420-1df9-4510-9f55-59c7b85523e3 found for delete ", "request_id": "req-b2169dfa-a480-4f24-8cc2-f34fd3ec3aa6"}]}
