2026-07-14 18:48:53.287 9 WARNING neutron.scheduler.dhcp_agent_scheduler [req-293c0311-ac75-48d0-91a8-f5dbc7b13499 req-940f102c-d06f-40dc-8359-31e2516f66a4 a76751fb022347e6ad996490b1890857 d8d6d082c61f4a50b23da9fd296a7327 - - default default] No more DHCP agents /var/lib/openstack/lib/python3.10/site-packages/pycadf/identifier.py:71: UserWarning: Invalid uuid: neutron. To ensure interoperability, identifiers should be a valid uuid. warnings.warn(('Invalid uuid: %s. To ensure interoperability, '
2026-07-14 18:48:53.294 9 WARNING neutron.api.rpc.agentnotifiers.dhcp_rpc_agent_api [req-293c0311-ac75-48d0-91a8-f5dbc7b13499 req-940f102c-d06f-40dc-8359-31e2516f66a4 a76751fb022347e6ad996490b1890857 d8d6d082c61f4a50b23da9fd296a7327 - - default default] Unable to schedule network 343b1eb0-75c6-42bb-abb6-8f43cfa8a9f8: no agents available; will retry on subsequent port and subnet creation events.
2026-07-14 18:48:53.346 9 INFO neutron.wsgi [req-1af8495f-714f-4fbd-870f-03871b905d4d req-5c7503d3-4fc7-4ad6-824e-d9e6fda04744 fbdf7851f9c94b56ac70889996fcc51b 3c2831423196499c831ba94af63a04aa - - default default] 10.0.0.200 "GET /v2.0/security-groups?id=470f63b7-42df-4e3b-bf8b-50dec4a88f7f&fields=id&fields=name HTTP/1.1" status: 200 len: 313 time: 0.0605218
2026-07-14 18:48:53.406 10 INFO neutron.wsgi [None req-714cae15-ea85-4fb4-9fe9-90a5e3c58ffe 7e5e442939fc4200a3e8f574bae9c194 301558547aaa4d1d8d33b39f9e0227ae - - default default] 10.0.0.70 "POST /v2.0/trunks HTTP/1.1" status: 201 len: 608 time: 0.2077470
2026-07-14 18:48:53.484 9 INFO neutron.db.ovn_revision_numbers_db [None req-cbdc17c6-ae3e-4f79-aa33-e7b02d562982 72c5f0bc0db94412bece0ab9f01de6be c52e8e415a5942cf89d03a155f39df02 - - default default] Successfully bumped revision number for resource 1a5a6da6-6562-446a-9b0f-867909866b2c (type: routers) to 1
2026-07-14 18:48:53.493 10 INFO neutron.db.segments_db [None req-837ac31d-f38b-4d79-9fd6-be8403925d65 7e5e442939fc4200a3e8f574bae9c194 301558547aaa4d1d8d33b39f9e0227ae - - default default] Added segment 81dfe175-4525-46ce-995f-066fb31edc53 of type geneve for network 099c4885-52ae-474c-9d30-f9b62c6ed05d
2026-07-14 18:48:53.500 9 INFO neutron.wsgi [None req-cbdc17c6-ae3e-4f79-aa33-e7b02d562982 72c5f0bc0db94412bece0ab9f01de6be c52e8e415a5942cf89d03a155f39df02 - - default default] 10.0.0.70 "POST /v2.0/routers HTTP/1.1" status: 201 len: 686 time: 0.2227702
2026-07-14 18:48:53.552 9 INFO neutron.db.ovn_revision_numbers_db [req-293c0311-ac75-48d0-91a8-f5dbc7b13499 req-940f102c-d06f-40dc-8359-31e2516f66a4 a76751fb022347e6ad996490b1890857 d8d6d082c61f4a50b23da9fd296a7327 - - default default] Successfully bumped revision number for resource a1773bf1-fc86-458c-90be-43bda7fa96ed (type: ports) to 1
2026-07-14 18:48:53.576 9 INFO neutron.wsgi [req-293c0311-ac75-48d0-91a8-f5dbc7b13499 req-940f102c-d06f-40dc-8359-31e2516f66a4 a76751fb022347e6ad996490b1890857 d8d6d082c61f4a50b23da9fd296a7327 - - default default] 199.204.45.210 "POST /v2.0/ports HTTP/1.1" status: 201 len: 1201 time: 0.7534046
2026-07-14 18:48:53.662 10 INFO neutron.db.ovn_revision_numbers_db [None req-837ac31d-f38b-4d79-9fd6-be8403925d65 7e5e442939fc4200a3e8f574bae9c194 301558547aaa4d1d8d33b39f9e0227ae - - default default] Successfully bumped revision number for resource 099c4885-52ae-474c-9d30-f9b62c6ed05d (type: networks) to 1
2026-07-14 18:48:53.851 10 WARNING neutron.scheduler.dhcp_agent_scheduler [None req-837ac31d-f38b-4d79-9fd6-be8403925d65 7e5e442939fc4200a3e8f574bae9c194 301558547aaa4d1d8d33b39f9e0227ae - - default default] No more DHCP agents
2026-07-14 18:48:53.853 10 WARNING neutron.api.rpc.agentnotifiers.dhcp_rpc_agent_api [None req-837ac31d-f38b-4d79-9fd6-be8403925d65 7e5e442939fc4200a3e8f574bae9c194 301558547aaa4d1d8d33b39f9e0227ae - - default default] Unable to schedule network 099c4885-52ae-474c-9d30-f9b62c6ed05d: no agents available; will retry on subsequent port and subnet creation events.
2026-07-14 18:48:53.923 9 WARNING neutron.scheduler.dhcp_agent_scheduler [None req-459a8e60-3e19-45a8-9b68-3e0f07545b0f 72c5f0bc0db94412bece0ab9f01de6be c52e8e415a5942cf89d03a155f39df02 - - default default] No more DHCP agents
2026-07-14 18:48:53.925 9 WARNING neutron.api.rpc.agentnotifiers.dhcp_rpc_agent_api [None req-459a8e60-3e19-45a8-9b68-3e0f07545b0f 72c5f0bc0db94412bece0ab9f01de6be c52e8e415a5942cf89d03a155f39df02 - - default default] Unable to schedule network ef56bfaa-a6f9-4c6a-b55d-80f197604232: no agents available; will retry on subsequent port and subnet creation events.
2026-07-14 18:48:53.942 10 INFO neutron.db.ovn_revision_numbers_db [None req-837ac31d-f38b-4d79-9fd6-be8403925d65 7e5e442939fc4200a3e8f574bae9c194 301558547aaa4d1d8d33b39f9e0227ae - - default default] Successfully bumped revision number for resource 095a1ab3-bb48-47dc-ba5c-7a967bb0932e (type: ports) to 1
2026-07-14 18:48:53.969 10 INFO neutron.wsgi [None req-837ac31d-f38b-4d79-9fd6-be8403925d65 7e5e442939fc4200a3e8f574bae9c194 301558547aaa4d1d8d33b39f9e0227ae - - default default] 10.0.0.70 "POST /v2.0/networks HTTP/1.1" status: 201 len: 830 time: 0.5572186 /var/lib/openstack/lib/python3.10/site-packages/pycadf/identifier.py:71: UserWarning: Invalid uuid: neutron. To ensure interoperability, identifiers should be a valid uuid. warnings.warn(('Invalid uuid: %s. To ensure interoperability, '
2026-07-14 18:48:54.078 10 INFO neutron.wsgi [req-75f33437-e983-4d55-b303-359f1885d873 req-55984239-f221-4dc4-b7e5-17bc722fa77a a76751fb022347e6ad996490b1890857 d8d6d082c61f4a50b23da9fd296a7327 - - default default] 10.0.0.200 "GET /v2.0/ports?device_id=de06d98b-24b5-497e-937b-16fe342ee26a HTTP/1.1" status: 200 len: 1212 time: 0.1072056
2026-07-14 18:48:54.131 9 INFO neutron.db.ovn_revision_numbers_db [req-293c0311-ac75-48d0-91a8-f5dbc7b13499 req-d657a87a-f6f2-4760-ad99-51daaadcf125 bc039332a626462b80a111b4b2ecb280 929db5240b3249239d5e1afb01ba49bf - - 836454d2791c49c1902648f62b0f7497 836454d2791c49c1902648f62b0f7497] Successfully bumped revision number for resource a1773bf1-fc86-458c-90be-43bda7fa96ed (type: ports) to 2
2026-07-14 18:48:54.150 10 INFO neutron.wsgi [req-75f33437-e983-4d55-b303-359f1885d873 req-ef43a586-aa2e-4767-872c-2bc6aebc82d4 a76751fb022347e6ad996490b1890857 d8d6d082c61f4a50b23da9fd296a7327 - - default default] 10.0.0.200 "GET /v2.0/security-groups?id=e67878d3-0a04-459b-a146-df4efe83d7e6&id=6d15574c-d0cf-4f48-b57f-2572cb45c41c&fields=id&fields=name HTTP/1.1" status: 200 len: 405 time: 0.0524356
2026-07-14 18:48:54.229 9 INFO neutron.db.ovn_revision_numbers_db [None req-459a8e60-3e19-45a8-9b68-3e0f07545b0f 72c5f0bc0db94412bece0ab9f01de6be c52e8e415a5942cf89d03a155f39df02 - - default default] Successfully bumped revision number for resource 96404183-3ea9-4a21-b9c6-4877a0dd4e10 (type: ports) to 1
2026-07-14 18:48:54.272 9 INFO neutron.wsgi [None req-459a8e60-3e19-45a8-9b68-3e0f07545b0f 72c5f0bc0db94412bece0ab9f01de6be c52e8e415a5942cf89d03a155f39df02 - - default default] 10.0.0.70 "POST /v2.0/ports HTTP/1.1" status: 201 len: 1150 time: 0.7660847
2026-07-14 18:48:54.405 9 WARNING neutron.scheduler.dhcp_agent_scheduler [None req-1afcb36d-6e1b-4051-83bb-04858cce9df4 7e5e442939fc4200a3e8f574bae9c194 301558547aaa4d1d8d33b39f9e0227ae - - default default] No more DHCP agents
2026-07-14 18:48:54.407 9 WARNING neutron.api.rpc.agentnotifiers.dhcp_rpc_agent_api [None req-1afcb36d-6e1b-4051-83bb-04858cce9df4 7e5e442939fc4200a3e8f574bae9c194 301558547aaa4d1d8d33b39f9e0227ae - - default default] Unable to schedule network 099c4885-52ae-474c-9d30-f9b62c6ed05d: no agents available; will retry on subsequent port and subnet creation events. /var/lib/openstack/lib/python3.10/site-packages/pycadf/identifier.py:71: UserWarning: Invalid uuid: neutron. To ensure interoperability, identifiers should be a valid uuid. warnings.warn(('Invalid uuid: %s. To ensure interoperability, '
2026-07-14 18:48:54.468 9 INFO neutron.wsgi [req-940975e0-b015-4c00-b343-72722b6f28cd req-c027cf73-cd29-4c17-9b7e-f4981508e311 fbdf7851f9c94b56ac70889996fcc51b 3c2831423196499c831ba94af63a04aa - - default default] 10.0.0.200 "GET /v2.0/ports?device_id=8579ab7a-0fb4-437e-b7ef-00522a2445ed HTTP/1.1" status: 200 len: 1172 time: 0.0513566
2026-07-14 18:48:54.538 9 INFO neutron.db.ovn_revision_numbers_db [req-293c0311-ac75-48d0-91a8-f5dbc7b13499 req-d657a87a-f6f2-4760-ad99-51daaadcf125 bc039332a626462b80a111b4b2ecb280 929db5240b3249239d5e1afb01ba49bf - - 836454d2791c49c1902648f62b0f7497 836454d2791c49c1902648f62b0f7497] Successfully bumped revision number for resource a1773bf1-fc86-458c-90be-43bda7fa96ed (type: ports) to 2
2026-07-14 18:48:54.551 9 INFO neutron.wsgi [req-940975e0-b015-4c00-b343-72722b6f28cd req-3f666d29-4537-442f-8caa-6891a5d7cacf fbdf7851f9c94b56ac70889996fcc51b 3c2831423196499c831ba94af63a04aa - - default default] 10.0.0.200 "GET /v2.0/security-groups?id=470f63b7-42df-4e3b-bf8b-50dec4a88f7f&fields=id&fields=name HTTP/1.1" status: 200 len: 313 time: 0.0736728
2026-07-14 18:48:54.560 9 INFO neutron.db.ovn_revision_numbers_db [None req-1afcb36d-6e1b-4051-83bb-04858cce9df4 7e5e442939fc4200a3e8f574bae9c194 301558547aaa4d1d8d33b39f9e0227ae - - default default] Successfully bumped revision number for resource 9a10a8fe-dc66-46d7-b61e-155d5169d522 (type: ports) to 1
2026-07-14 18:48:54.563 9 INFO neutron.wsgi [req-293c0311-ac75-48d0-91a8-f5dbc7b13499 req-d657a87a-f6f2-4760-ad99-51daaadcf125 bc039332a626462b80a111b4b2ecb280 929db5240b3249239d5e1afb01ba49bf - - 836454d2791c49c1902648f62b0f7497 836454d2791c49c1902648f62b0f7497] 199.204.45.210 "PUT /v2.0/ports/a1773bf1-fc86-458c-90be-43bda7fa96ed HTTP/1.1" status: 200 len: 1419 time: 0.9812980
2026-07-14 18:48:54.592 9 INFO neutron.wsgi [None req-1afcb36d-6e1b-4051-83bb-04858cce9df4 7e5e442939fc4200a3e8f574bae9c194 301558547aaa4d1d8d33b39f9e0227ae - - default default] 10.0.0.70 "POST /v2.0/ports HTTP/1.1" status: 201 len: 942 time: 0.6136439
2026-07-14 18:48:54.596 9 INFO neutron.notifiers.nova [-] Nova event matching ['req-dea50c30-244d-4864-a8a2-b10919df53f1'] response: {'name': 'network-changed', 'server_uuid': 'de06d98b-24b5-497e-937b-16fe342ee26a', 'tag': 'a1773bf1-fc86-458c-90be-43bda7fa96ed', 'status': 'completed', 'code': 200}
2026-07-14 18:48:54.636 9 INFO neutron.wsgi [req-293c0311-ac75-48d0-91a8-f5dbc7b13499 req-625fb260-a27e-4d1d-a775-b7eb16fad891 bc039332a626462b80a111b4b2ecb280 929db5240b3249239d5e1afb01ba49bf - - 836454d2791c49c1902648f62b0f7497 836454d2791c49c1902648f62b0f7497] 199.204.45.210 "GET /v2.0/ports?tenant_id=d8d6d082c61f4a50b23da9fd296a7327&device_id=de06d98b-24b5-497e-937b-16fe342ee26a HTTP/1.1" status: 200 len: 1450 time: 0.0355225
2026-07-14 18:48:54.669 9 INFO neutron.wsgi [req-293c0311-ac75-48d0-91a8-f5dbc7b13499 req-27870c20-02ea-46b0-8308-ebdd30556edd bc039332a626462b80a111b4b2ecb280 929db5240b3249239d5e1afb01ba49bf - - 836454d2791c49c1902648f62b0f7497 836454d2791c49c1902648f62b0f7497] 199.204.45.210 "GET /v2.0/floatingips?fixed_ip_address=10.100.0.13&port_id=a1773bf1-fc86-458c-90be-43bda7fa96ed HTTP/1.1" status: 200 len: 217 time: 0.0256991
2026-07-14 18:48:54.705 9 INFO neutron.wsgi [req-293c0311-ac75-48d0-91a8-f5dbc7b13499 req-d2cfd0ef-4138-4e4e-9fc4-2e2f254684dd bc039332a626462b80a111b4b2ecb280 929db5240b3249239d5e1afb01ba49bf - - 836454d2791c49c1902648f62b0f7497 836454d2791c49c1902648f62b0f7497] 199.204.45.210 "GET /v2.0/subnets?id=eb1edd82-6842-4fb4-803a-f9a84cee801f HTTP/1.1" status: 200 len: 865 time: 0.0305824
2026-07-14 18:48:54.734 9 INFO neutron.wsgi [req-293c0311-ac75-48d0-91a8-f5dbc7b13499 req-bc5496c8-b094-45c0-9046-b5820662fb7f bc039332a626462b80a111b4b2ecb280 929db5240b3249239d5e1afb01ba49bf - - 836454d2791c49c1902648f62b0f7497 836454d2791c49c1902648f62b0f7497] 199.204.45.210 "GET /v2.0/ports?network_id=343b1eb0-75c6-42bb-abb6-8f43cfa8a9f8&device_owner=network%3Adhcp HTTP/1.1" status: 200 len: 210 time: 0.0203884
2026-07-14 18:48:54.804 9 INFO neutron.wsgi [req-293c0311-ac75-48d0-91a8-f5dbc7b13499 req-f27e2e0d-9b9c-4f5e-998a-09c6434b9b25 bc039332a626462b80a111b4b2ecb280 929db5240b3249239d5e1afb01ba49bf - - 836454d2791c49c1902648f62b0f7497 836454d2791c49c1902648f62b0f7497] 199.204.45.210 "GET /v2.0/networks/343b1eb0-75c6-42bb-abb6-8f43cfa8a9f8?fields=segments HTTP/1.1" status: 200 len: 212 time: 0.0616469
2026-07-14 18:48:54.811 10 INFO neutron.db.ovn_revision_numbers_db [None req-45bef88b-b2ff-465b-9a85-e440bbc239f3 72c5f0bc0db94412bece0ab9f01de6be c52e8e415a5942cf89d03a155f39df02 - - default default] Successfully bumped revision number for resource 96404183-3ea9-4a21-b9c6-4877a0dd4e10 (type: router_ports) to 2
2026-07-14 18:48:54.880 9 INFO neutron.wsgi [req-293c0311-ac75-48d0-91a8-f5dbc7b13499 req-493e0f02-456b-4b7f-8743-b2da9aba0a2c bc039332a626462b80a111b4b2ecb280 929db5240b3249239d5e1afb01ba49bf - - 836454d2791c49c1902648f62b0f7497 836454d2791c49c1902648f62b0f7497] 199.204.45.210 "GET /v2.0/networks/343b1eb0-75c6-42bb-abb6-8f43cfa8a9f8?fields=provider%3Aphysical_network&fields=provider%3Anetwork_type HTTP/1.1" status: 200 len: 277 time: 0.0692048
2026-07-14 18:48:54.886 10 INFO neutron.wsgi [None req-ee05874b-8888-4604-9eef-638b865d8f0d 7e5e442939fc4200a3e8f574bae9c194 301558547aaa4d1d8d33b39f9e0227ae - - default default] 10.0.0.70 "POST /v2.0/trunks HTTP/1.1" status: 201 len: 608 time: 0.2891860 /var/lib/openstack/lib/python3.10/site-packages/pycadf/identifier.py:71: UserWarning: Invalid uuid: neutron. To ensure interoperability, identifiers should be a valid uuid. warnings.warn(('Invalid uuid: %s. To ensure interoperability, '
2026-07-14 18:48:54.992 9 INFO neutron.wsgi [req-858f5966-fd3b-47d6-93f1-c74f800bbd28 req-0ad84928-2c90-4c2b-a6e2-415b234437e4 bc039332a626462b80a111b4b2ecb280 929db5240b3249239d5e1afb01ba49bf - - 836454d2791c49c1902648f62b0f7497 836454d2791c49c1902648f62b0f7497] 199.204.45.210 "GET /v2.0/ports?tenant_id=d8d6d082c61f4a50b23da9fd296a7327&device_id=de06d98b-24b5-497e-937b-16fe342ee26a HTTP/1.1" status: 200 len: 1450 time: 0.0546477
2026-07-14 18:48:55.080 9 INFO neutron.wsgi [req-858f5966-fd3b-47d6-93f1-c74f800bbd28 req-a5b6aa8d-efd9-47b4-8cd1-2f9a24721cc5 bc039332a626462b80a111b4b2ecb280 929db5240b3249239d5e1afb01ba49bf - - 836454d2791c49c1902648f62b0f7497 836454d2791c49c1902648f62b0f7497] 199.204.45.210 "GET /v2.0/networks?id=343b1eb0-75c6-42bb-abb6-8f43cfa8a9f8 HTTP/1.1" status: 200 len: 970 time: 0.0805857
2026-07-14 18:48:55.084 10 INFO neutron.db.segments_db [None req-2526c67d-d1eb-40c3-855c-49b655b6619e 7e5e442939fc4200a3e8f574bae9c194 301558547aaa4d1d8d33b39f9e0227ae - - default default] Added segment aedddb74-4401-4892-b4f0-1133a48ca00f of type geneve for network 7af95c24-fad0-4ebb-8a91-3a2105655065
2026-07-14 18:48:55.100 10 INFO neutron.db.ovn_revision_numbers_db [None req-45bef88b-b2ff-465b-9a85-e440bbc239f3 72c5f0bc0db94412bece0ab9f01de6be c52e8e415a5942cf89d03a155f39df02 - - default default] Successfully bumped revision number for resource 96404183-3ea9-4a21-b9c6-4877a0dd4e10 (type: ports) to 2
2026-07-14 18:48:55.105 9 INFO neutron.wsgi [req-858f5966-fd3b-47d6-93f1-c74f800bbd28 req-9286b1e9-b80d-4055-b42d-222ca561188c bc039332a626462b80a111b4b2ecb280 929db5240b3249239d5e1afb01ba49bf - - 836454d2791c49c1902648f62b0f7497 836454d2791c49c1902648f62b0f7497] 199.204.45.210 "GET /v2.0/floatingips?fixed_ip_address=10.100.0.13&port_id=a1773bf1-fc86-458c-90be-43bda7fa96ed HTTP/1.1" status: 200 len: 217 time: 0.0192196
2026-07-14 18:48:55.139 9 INFO neutron.wsgi [req-63dc0604-88af-419a-9bc6-a0d95e5d5782 req-08a4fd9a-408a-4be3-b095-11913fe27b8f bc039332a626462b80a111b4b2ecb280 929db5240b3249239d5e1afb01ba49bf - - 836454d2791c49c1902648f62b0f7497 836454d2791c49c1902648f62b0f7497] 199.204.45.210 "GET /v2.0/ports?device_id=de06d98b-24b5-497e-937b-16fe342ee26a HTTP/1.1" status: 200 len: 1450 time: 0.0362945
2026-07-14 18:48:55.144 9 INFO neutron.wsgi [req-858f5966-fd3b-47d6-93f1-c74f800bbd28 req-e6515d81-151c-4d8d-995b-3bab64037105 bc039332a626462b80a111b4b2ecb280 929db5240b3249239d5e1afb01ba49bf - - 836454d2791c49c1902648f62b0f7497 836454d2791c49c1902648f62b0f7497] 199.204.45.210 "GET /v2.0/subnets?id=eb1edd82-6842-4fb4-803a-f9a84cee801f HTTP/1.1" status: 200 len: 865 time: 0.0343657
2026-07-14 18:48:55.178 9 INFO neutron.wsgi [req-858f5966-fd3b-47d6-93f1-c74f800bbd28 req-3dba4ffa-927a-4d03-9ed1-447ffe424940 bc039332a626462b80a111b4b2ecb280 929db5240b3249239d5e1afb01ba49bf - - 836454d2791c49c1902648f62b0f7497 836454d2791c49c1902648f62b0f7497] 199.204.45.210 "GET /v2.0/ports?network_id=343b1eb0-75c6-42bb-abb6-8f43cfa8a9f8&device_owner=network%3Adhcp HTTP/1.1" status: 200 len: 210 time: 0.0258048
2026-07-14 18:48:55.209 9 INFO neutron.wsgi [req-63dc0604-88af-419a-9bc6-a0d95e5d5782 req-7a4f33c4-212c-49cc-89f5-c21ad69919df bc039332a626462b80a111b4b2ecb280 929db5240b3249239d5e1afb01ba49bf - - 836454d2791c49c1902648f62b0f7497 836454d2791c49c1902648f62b0f7497] 199.204.45.210 "GET /v2.0/security-groups?id=e67878d3-0a04-459b-a146-df4efe83d7e6&id=6d15574c-d0cf-4f48-b57f-2572cb45c41c&fields=id&fields=name HTTP/1.1" status: 200 len: 405 time: 0.0584681
2026-07-14 18:48:55.261 9 INFO neutron.wsgi [req-858f5966-fd3b-47d6-93f1-c74f800bbd28 req-a3172f4c-9b88-4880-a7df-007146979cc7 bc039332a626462b80a111b4b2ecb280 929db5240b3249239d5e1afb01ba49bf - - 836454d2791c49c1902648f62b0f7497 836454d2791c49c1902648f62b0f7497] 199.204.45.210 "GET /v2.0/networks/343b1eb0-75c6-42bb-abb6-8f43cfa8a9f8?fields=segments HTTP/1.1" status: 200 len: 212 time: 0.0732303
2026-07-14 18:48:55.267 9 INFO neutron.wsgi [req-df62d072-14fc-4cee-a838-52afb1f84aad req-989bdb37-b4d9-4d44-85f0-de02f8183591 a76751fb022347e6ad996490b1890857 d8d6d082c61f4a50b23da9fd296a7327 - - default default] 10.0.0.200 "GET /v2.0/ports?device_id=de06d98b-24b5-497e-937b-16fe342ee26a HTTP/1.1" status: 200 len: 1212 time: 0.0458715
2026-07-14 18:48:55.337 10 INFO neutron.db.ovn_revision_numbers_db [None req-2526c67d-d1eb-40c3-855c-49b655b6619e 7e5e442939fc4200a3e8f574bae9c194 301558547aaa4d1d8d33b39f9e0227ae - - default default] Successfully bumped revision number for resource 7af95c24-fad0-4ebb-8a91-3a2105655065 (type: networks) to 1
2026-07-14 18:48:55.352 9 INFO neutron.wsgi [req-df62d072-14fc-4cee-a838-52afb1f84aad req-10a8448a-f57e-4ff0-afb8-106d3a964e49 a76751fb022347e6ad996490b1890857 d8d6d082c61f4a50b23da9fd296a7327 - - default default] 10.0.0.200 "GET /v2.0/security-groups?id=e67878d3-0a04-459b-a146-df4efe83d7e6&id=6d15574c-d0cf-4f48-b57f-2572cb45c41c&fields=id&fields=name HTTP/1.1" status: 200 len: 405 time: 0.0780981
2026-07-14 18:48:55.365 9 INFO neutron.wsgi [req-858f5966-fd3b-47d6-93f1-c74f800bbd28 req-b02087c2-ffb1-485a-b309-69e34623e8d4 bc039332a626462b80a111b4b2ecb280 929db5240b3249239d5e1afb01ba49bf - - 836454d2791c49c1902648f62b0f7497 836454d2791c49c1902648f62b0f7497] 199.204.45.210 "GET /v2.0/networks/343b1eb0-75c6-42bb-abb6-8f43cfa8a9f8?fields=provider%3Aphysical_network&fields=provider%3Anetwork_type HTTP/1.1" status: 200 len: 277 time: 0.0978060
2026-07-14 18:48:55.599 10 WARNING neutron.scheduler.dhcp_agent_scheduler [None req-2526c67d-d1eb-40c3-855c-49b655b6619e 7e5e442939fc4200a3e8f574bae9c194 301558547aaa4d1d8d33b39f9e0227ae - - default default] No more DHCP agents
2026-07-14 18:48:55.603 10 WARNING neutron.api.rpc.agentnotifiers.dhcp_rpc_agent_api [None req-2526c67d-d1eb-40c3-855c-49b655b6619e 7e5e442939fc4200a3e8f574bae9c194 301558547aaa4d1d8d33b39f9e0227ae - - default default] Unable to schedule network 7af95c24-fad0-4ebb-8a91-3a2105655065: no agents available; will retry on subsequent port and subnet creation events.
2026-07-14 18:48:55.681 10 INFO neutron.wsgi [req-e52faa7b-40f6-41ee-9147-aace728f881e req-54d96d52-c730-4bc1-bcf0-006ced191b61 fbdf7851f9c94b56ac70889996fcc51b 3c2831423196499c831ba94af63a04aa - - default default] 10.0.0.200 "GET /v2.0/ports?device_id=8579ab7a-0fb4-437e-b7ef-00522a2445ed HTTP/1.1" status: 200 len: 1172 time: 0.0615258
2026-07-14 18:48:55.986 10 INFO neutron.db.ovn_revision_numbers_db [None req-2526c67d-d1eb-40c3-855c-49b655b6619e 7e5e442939fc4200a3e8f574bae9c194 301558547aaa4d1d8d33b39f9e0227ae - - default default] Successfully bumped revision number for resource 1e259f2c-58ca-4d9f-a4d1-a241c10f5d50 (type: ports) to 1
2026-07-14 18:48:55.990 10 INFO neutron.wsgi [req-e52faa7b-40f6-41ee-9147-aace728f881e req-0614cdd2-19ac-491a-9478-814e8f6d4e32 fbdf7851f9c94b56ac70889996fcc51b 3c2831423196499c831ba94af63a04aa - - default default] 10.0.0.200 "GET /v2.0/security-groups?id=470f63b7-42df-4e3b-bf8b-50dec4a88f7f&fields=id&fields=name HTTP/1.1" status: 200 len: 313 time: 0.2954741
2026-07-14 18:48:56.047 10 INFO neutron.wsgi [None req-2526c67d-d1eb-40c3-855c-49b655b6619e 7e5e442939fc4200a3e8f574bae9c194 301558547aaa4d1d8d33b39f9e0227ae - - default default] 10.0.0.70 "POST /v2.0/networks HTTP/1.1" status: 201 len: 830 time: 1.1533153 /var/lib/openstack/lib/python3.10/site-packages/pycadf/identifier.py:71: UserWarning: Invalid uuid: neutron. To ensure interoperability, identifiers should be a valid uuid. warnings.warn(('Invalid uuid: %s. To ensure interoperability, '
2026-07-14 18:48:56.136 10 INFO neutron.db.ovn_revision_numbers_db [None req-45bef88b-b2ff-465b-9a85-e440bbc239f3 72c5f0bc0db94412bece0ab9f01de6be c52e8e415a5942cf89d03a155f39df02 - - default default] Successfully bumped revision number for resource 96404183-3ea9-4a21-b9c6-4877a0dd4e10 (type: router_ports) to 2
2026-07-14 18:48:56.338 10 INFO neutron.db.ovn_revision_numbers_db [None req-45bef88b-b2ff-465b-9a85-e440bbc239f3 72c5f0bc0db94412bece0ab9f01de6be c52e8e415a5942cf89d03a155f39df02 - - default default] Successfully bumped revision number for resource 96404183-3ea9-4a21-b9c6-4877a0dd4e10 (type: ports) to 2
2026-07-14 18:48:56.349 10 WARNING neutron.scheduler.dhcp_agent_scheduler [None req-194f0e56-5be0-418c-8ebe-79ec8ed54489 7e5e442939fc4200a3e8f574bae9c194 301558547aaa4d1d8d33b39f9e0227ae - - default default] No more DHCP agents
2026-07-14 18:48:56.354 10 WARNING neutron.api.rpc.agentnotifiers.dhcp_rpc_agent_api [None req-194f0e56-5be0-418c-8ebe-79ec8ed54489 7e5e442939fc4200a3e8f574bae9c194 301558547aaa4d1d8d33b39f9e0227ae - - default default] Unable to schedule network 7af95c24-fad0-4ebb-8a91-3a2105655065: no agents available; will retry on subsequent port and subnet creation events.
2026-07-14 18:48:56.461 10 WARNING neutron.scheduler.dhcp_agent_scheduler [None req-45bef88b-b2ff-465b-9a85-e440bbc239f3 72c5f0bc0db94412bece0ab9f01de6be c52e8e415a5942cf89d03a155f39df02 - - default default] No more DHCP agents
2026-07-14 18:48:56.462 10 WARNING neutron.api.rpc.agentnotifiers.dhcp_rpc_agent_api [None req-45bef88b-b2ff-465b-9a85-e440bbc239f3 72c5f0bc0db94412bece0ab9f01de6be c52e8e415a5942cf89d03a155f39df02 - - default default] Unable to schedule network ef56bfaa-a6f9-4c6a-b55d-80f197604232: no agents available; will retry on subsequent port and subnet creation events.
2026-07-14 18:48:56.465 10 INFO neutron.db.ovn_revision_numbers_db [None req-194f0e56-5be0-418c-8ebe-79ec8ed54489 7e5e442939fc4200a3e8f574bae9c194 301558547aaa4d1d8d33b39f9e0227ae - - default default] Successfully bumped revision number for resource 81c6adbf-d2d6-4e12-b72b-c277d29877b9 (type: ports) to 1
2026-07-14 18:48:56.507 10 INFO neutron.wsgi [None req-194f0e56-5be0-418c-8ebe-79ec8ed54489 7e5e442939fc4200a3e8f574bae9c194 301558547aaa4d1d8d33b39f9e0227ae - - default default] 10.0.0.70 "POST /v2.0/ports HTTP/1.1" status: 201 len: 942 time: 0.4539859
2026-07-14 18:48:56.556 9 INFO neutron.wsgi [req-f0d9dfcf-159e-41ad-83e1-58ebc657f87d req-3c5e22f1-0e2d-4269-85c7-633af1e5a86a a76751fb022347e6ad996490b1890857 d8d6d082c61f4a50b23da9fd296a7327 - - default default] 10.0.0.200 "GET /v2.0/ports?device_id=de06d98b-24b5-497e-937b-16fe342ee26a HTTP/1.1" status: 200 len: 1212 time: 0.1143045
2026-07-14 18:48:56.647 10 INFO neutron.db.ovn_revision_numbers_db [None req-45bef88b-b2ff-465b-9a85-e440bbc239f3 72c5f0bc0db94412bece0ab9f01de6be c52e8e415a5942cf89d03a155f39df02 - - default default] Successfully bumped revision number for resource 96404183-3ea9-4a21-b9c6-4877a0dd4e10 (type: router_ports) to 2
2026-07-14 18:48:56.650 10 INFO neutron.wsgi [None req-45bef88b-b2ff-465b-9a85-e440bbc239f3 72c5f0bc0db94412bece0ab9f01de6be c52e8e415a5942cf89d03a155f39df02 - - default default] 10.0.0.70 "PUT /v2.0/routers/1a5a6da6-6562-446a-9b0f-867909866b2c/add_router_interface HTTP/1.1" status: 200 len: 503 time: 2.3712513 /var/lib/openstack/lib/python3.10/site-packages/pycadf/identifier.py:71: UserWarning: Invalid uuid: neutron. To ensure interoperability, identifiers should be a valid uuid. warnings.warn(('Invalid uuid: %s. To ensure interoperability, '
2026-07-14 18:48:56.769 10 INFO neutron.wsgi [None req-6fef1ee3-73de-41dd-b637-58e51e419968 72c5f0bc0db94412bece0ab9f01de6be c52e8e415a5942cf89d03a155f39df02 - - default default] 10.0.0.70 "GET /v2.0/ports/96404183-3ea9-4a21-b9c6-4877a0dd4e10 HTTP/1.1" status: 200 len: 1206 time: 0.1134429
2026-07-14 18:48:56.916 9 INFO neutron.wsgi [req-f0d9dfcf-159e-41ad-83e1-58ebc657f87d req-37b793a3-6238-4c90-a6b8-a6c67dcafa4f a76751fb022347e6ad996490b1890857 d8d6d082c61f4a50b23da9fd296a7327 - - default default] 10.0.0.200 "GET /v2.0/security-groups?id=e67878d3-0a04-459b-a146-df4efe83d7e6&id=6d15574c-d0cf-4f48-b57f-2572cb45c41c&fields=id&fields=name HTTP/1.1" status: 200 len: 405 time: 0.3450005
2026-07-14 18:48:57.046 9 INFO neutron.wsgi [None req-faea8348-45c3-4fc0-aba4-e3a72b0824a0 7e5e442939fc4200a3e8f574bae9c194 301558547aaa4d1d8d33b39f9e0227ae - - default default] 10.0.0.70 "POST /v2.0/trunks HTTP/1.1" status: 201 len: 608 time: 0.5334859 /var/lib/openstack/lib/python3.10/site-packages/pycadf/identifier.py:71: UserWarning: Invalid uuid: neutron. To ensure interoperability, identifiers should be a valid uuid. warnings.warn(('Invalid uuid: %s. To ensure interoperability, '
2026-07-14 18:48:57.076 9 INFO neutron.wsgi [None req-0d43e920-c7cc-4637-9419-c1bb0f116576 7e5e442939fc4200a3e8f574bae9c194 301558547aaa4d1d8d33b39f9e0227ae - - default default] 10.0.0.70 "PUT /v2.0/trunks/d42c0910-bf64-4e8e-9f61-0cc613f43856/tags HTTP/1.1" status: 200 len: 210 time: 0.0254395
2026-07-14 18:48:57.106 9 INFO neutron.wsgi [None req-545ed9df-3639-43fd-b2a2-d8e07fca4fc2 7e5e442939fc4200a3e8f574bae9c194 301558547aaa4d1d8d33b39f9e0227ae - - default default] 10.0.0.70 "PUT /v2.0/trunks/da0f85fb-e9dd-4552-b289-d8968b2a25ff/tags HTTP/1.1" status: 200 len: 218 time: 0.0256019
2026-07-14 18:48:57.142 9 INFO neutron.wsgi [None req-fe872a28-c8c2-4a17-bf7c-948d49b86f1f 7e5e442939fc4200a3e8f574bae9c194 301558547aaa4d1d8d33b39f9e0227ae - - default default] 10.0.0.70 "PUT /v2.0/trunks/d0993e90-f393-4dae-a833-548e3debbb94/tags HTTP/1.1" status: 200 len: 227 time: 0.0315008
2026-07-14 18:48:57.171 9 INFO neutron.wsgi [None req-2d1c42d9-c4cb-49ce-9f8f-223beeea1356 7e5e442939fc4200a3e8f574bae9c194 301558547aaa4d1d8d33b39f9e0227ae - - default default] 10.0.0.70 "PUT /v2.0/trunks/de9f1631-3391-4dc3-b7ed-c7625421b0a8/tags HTTP/1.1" status: 200 len: 212 time: 0.0249362
2026-07-14 18:48:57.183 10 INFO neutron.wsgi [req-7ad2458a-701f-477a-96f9-58921d93b9cb req-31c774af-878e-4ba6-9859-50d987012226 fbdf7851f9c94b56ac70889996fcc51b 3c2831423196499c831ba94af63a04aa - - default default] 10.0.0.200 "GET /v2.0/ports?device_id=8579ab7a-0fb4-437e-b7ef-00522a2445ed HTTP/1.1" status: 200 len: 1172 time: 0.1132071
2026-07-14 18:48:57.197 9 INFO neutron.wsgi [None req-d65fb9b0-a245-4619-97a5-b022e4f9c543 7e5e442939fc4200a3e8f574bae9c194 301558547aaa4d1d8d33b39f9e0227ae - - default default] 10.0.0.70 "GET /v2.0/trunks?tags=red HTTP/1.1" status: 200 len: 1447 time: 0.0194478
2026-07-14 18:48:57.219 9 INFO neutron.wsgi [None req-4132ee17-acb3-4a26-bb96-6f004e57d393 7e5e442939fc4200a3e8f574bae9c194 301558547aaa4d1d8d33b39f9e0227ae - - default default] 10.0.0.70 "GET /v2.0/trunks?tags=red%2Cblue HTTP/1.1" status: 200 len: 1041 time: 0.0167727
2026-07-14 18:48:57.242 9 INFO neutron.wsgi [None req-50c129b0-65ca-49c1-961b-1f99929c63c6 7e5e442939fc4200a3e8f574bae9c194 301558547aaa4d1d8d33b39f9e0227ae - - default default] 10.0.0.70 "GET /v2.0/trunks?tags-any=blue HTTP/1.1" status: 200 len: 1041 time: 0.0152624
2026-07-14 18:48:57.251 10 INFO neutron.wsgi [req-7ad2458a-701f-477a-96f9-58921d93b9cb req-6cb32291-ad69-41f8-8794-992e48018fb0 fbdf7851f9c94b56ac70889996fcc51b 3c2831423196499c831ba94af63a04aa - - default default] 10.0.0.200 "GET /v2.0/security-groups?id=470f63b7-42df-4e3b-bf8b-50dec4a88f7f&fields=id&fields=name HTTP/1.1" status: 200 len: 313 time: 0.0515060
2026-07-14 18:48:57.262 9 INFO neutron.wsgi [None req-964d04b8-e8cf-49a9-a20a-d2975835c5a7 7e5e442939fc4200a3e8f574bae9c194 301558547aaa4d1d8d33b39f9e0227ae - - default default] 10.0.0.70 "GET /v2.0/trunks?tags-any=red%2Cblue HTTP/1.1" status: 200 len: 1447 time: 0.0152485
2026-07-14 18:48:57.296 9 INFO neutron.wsgi [None req-acd61b77-31be-4eeb-b9fa-cb4c41ecb576 7e5e442939fc4200a3e8f574bae9c194 301558547aaa4d1d8d33b39f9e0227ae - - default default] 10.0.0.70 "GET /v2.0/trunks?not-tags=red HTTP/1.1" status: 200 len: 1013 time: 0.0280187
2026-07-14 18:48:57.319 9 INFO neutron.wsgi [None req-fdd09fe4-2bc8-4851-9335-67dc525c1f26 7e5e442939fc4200a3e8f574bae9c194 301558547aaa4d1d8d33b39f9e0227ae - - default default] 10.0.0.70 "GET /v2.0/trunks?not-tags=red%2Cblue HTTP/1.1" status: 200 len: 1419 time: 0.0191715
2026-07-14 18:48:57.345 9 INFO neutron.wsgi [None req-17b6f21b-279c-4c39-a9f9-cba0cfb984ac 7e5e442939fc4200a3e8f574bae9c194 301558547aaa4d1d8d33b39f9e0227ae - - default default] 10.0.0.70 "GET /v2.0/trunks?not-tags-any=blue HTTP/1.1" status: 200 len: 1419 time: 0.0214686
2026-07-14 18:48:57.393 10 INFO neutron.wsgi [None req-49dc71e7-c47b-49a1-998e-1345d65b8738 7e5e442939fc4200a3e8f574bae9c194 301558547aaa4d1d8d33b39f9e0227ae - - default default] 10.0.0.70 "GET /v2.0/trunks?not-tags-any=red%2Cblue HTTP/1.1" status: 200 len: 1013 time: 0.0431066
2026-07-14 18:48:57.427 9 INFO neutron.wsgi [None req-b2c5cdd1-d2bd-4614-b70b-034843c7860c 7e5e442939fc4200a3e8f574bae9c194 301558547aaa4d1d8d33b39f9e0227ae - - default default] 10.0.0.70 "GET /v2.0/trunks/d42c0910-bf64-4e8e-9f61-0cc613f43856 HTTP/1.1" status: 200 len: 608 time: 0.0265443
2026-07-14 18:48:57.490 10 INFO neutron.wsgi [None req-f2c787b2-0545-4427-896a-e0c0385d5d1e 72c5f0bc0db94412bece0ab9f01de6be c52e8e415a5942cf89d03a155f39df02 - - default default] 10.0.0.70 "PUT /v2.0/routers/1a5a6da6-6562-446a-9b0f-867909866b2c/remove_router_interface HTTP/1.1" status: 200 len: 503 time: 0.7149477 /var/lib/openstack/lib/python3.10/site-packages/pycadf/identifier.py:71: UserWarning: Invalid uuid: neutron. To ensure interoperability, identifiers should be a valid uuid. warnings.warn(('Invalid uuid: %s. To ensure interoperability, '
2026-07-14 18:48:57.528 9 INFO neutron.wsgi [None req-a07e24b1-446b-4390-a9e2-02a3c7cd9acf 7e5e442939fc4200a3e8f574bae9c194 301558547aaa4d1d8d33b39f9e0227ae - - default default] 10.0.0.70 "GET /v2.0/ports/d6033638-1062-434a-be98-158979151ee1 HTTP/1.1" status: 200 len: 1020 time: 0.0967312
2026-07-14 18:48:57.565 10 INFO neutron.api.v2.resource [None req-21d06eeb-8387-4cec-b77b-fe332ac12795 72c5f0bc0db94412bece0ab9f01de6be c52e8e415a5942cf89d03a155f39df02 - - default default] remove_router_interface failed (client error): The resource could not be found.
2026-07-14 18:48:57.566 10 INFO neutron.wsgi [None req-21d06eeb-8387-4cec-b77b-fe332ac12795 72c5f0bc0db94412bece0ab9f01de6be c52e8e415a5942cf89d03a155f39df02 - - default default] 10.0.0.70 "PUT /v2.0/routers/1a5a6da6-6562-446a-9b0f-867909866b2c/remove_router_interface HTTP/1.1" status: 404 len: 398 time: 0.0713120
2026-07-14 18:48:57.591 9 INFO neutron.wsgi [None req-e86e140b-4036-4a6b-b9d0-b25c961aaa7d 72c5f0bc0db94412bece0ab9f01de6be c52e8e415a5942cf89d03a155f39df02 - - default default] 10.0.0.70 "GET /v2.0/ports?device_id=1a5a6da6-6562-446a-9b0f-867909866b2c HTTP/1.1" status: 200 len: 205 time: 0.0186195
2026-07-14 18:48:57.621 9 INFO neutron.wsgi [None req-d056bf37-98dc-4fba-95d0-6b7dadccb821 7e5e442939fc4200a3e8f574bae9c194 301558547aaa4d1d8d33b39f9e0227ae - - default default] 10.0.0.70 "DELETE /v2.0/trunks/d42c0910-bf64-4e8e-9f61-0cc613f43856 HTTP/1.1" status: 204 len: 168 time: 0.0884290
2026-07-14 18:48:57.653 10 INFO neutron.wsgi [None req-9f09887c-6e65-4a5a-aac2-c1cd0496b052 7e5e442939fc4200a3e8f574bae9c194 301558547aaa4d1d8d33b39f9e0227ae - - default default] 10.0.0.70 "GET /v2.0/trunks/da0f85fb-e9dd-4552-b289-d8968b2a25ff HTTP/1.1" status: 200 len: 616 time: 0.0270846
2026-07-14 18:48:57.755 9 INFO neutron.wsgi [None req-048f0c66-3ea7-4d75-b890-f1f10569565b 7e5e442939fc4200a3e8f574bae9c194 301558547aaa4d1d8d33b39f9e0227ae - - default default] 10.0.0.70 "GET /v2.0/ports/23717018-8c6e-480d-81e6-59d7df9feecb HTTP/1.1" status: 200 len: 1020 time: 0.0958836
2026-07-14 18:48:57.831 10 INFO neutron.wsgi [None req-88786c4e-1f13-47ee-831a-4baa37bcacb8 72c5f0bc0db94412bece0ab9f01de6be c52e8e415a5942cf89d03a155f39df02 - - default default] 10.0.0.70 "DELETE /v2.0/routers/1a5a6da6-6562-446a-9b0f-867909866b2c HTTP/1.1" status: 204 len: 168 time: 0.2351959
2026-07-14 18:48:57.851 9 INFO neutron.wsgi [None req-8c186a49-4e8a-4e05-bbfa-90c49ae06461 7e5e442939fc4200a3e8f574bae9c194 301558547aaa4d1d8d33b39f9e0227ae - - default default] 10.0.0.70 "DELETE /v2.0/trunks/da0f85fb-e9dd-4552-b289-d8968b2a25ff HTTP/1.1" status: 204 len: 168 time: 0.0922532
2026-07-14 18:48:57.874 9 INFO neutron.wsgi [None req-d43d2775-e88c-433c-a0c7-4f7c073867f7 7e5e442939fc4200a3e8f574bae9c194 301558547aaa4d1d8d33b39f9e0227ae - - default default] 10.0.0.70 "GET /v2.0/trunks/d0993e90-f393-4dae-a833-548e3debbb94 HTTP/1.1" status: 200 len: 625 time: 0.0184262
2026-07-14 18:48:57.976 9 INFO neutron.wsgi [None req-30a6ddd6-95f5-4b69-ab9e-bdbbd77db82b 7e5e442939fc4200a3e8f574bae9c194 301558547aaa4d1d8d33b39f9e0227ae - - default default] 10.0.0.70 "GET /v2.0/ports/0304509a-73a4-4366-a775-8cd05f3c7f14 HTTP/1.1" status: 200 len: 1020 time: 0.0965166
2026-07-14 18:48:58.049 9 INFO neutron.wsgi [req-0f735987-e864-47e0-9cf3-873205748c37 req-bd10f4d2-6833-48cf-a4c1-a27e79422253 a76751fb022347e6ad996490b1890857 d8d6d082c61f4a50b23da9fd296a7327 - - default default] 10.0.0.200 "GET /v2.0/ports?device_id=de06d98b-24b5-497e-937b-16fe342ee26a HTTP/1.1" status: 200 len: 1212 time: 0.0528538
2026-07-14 18:48:58.098 10 INFO neutron.wsgi [None req-ba7d01dd-31e3-4de8-9c90-6c6cc22e9011 72c5f0bc0db94412bece0ab9f01de6be c52e8e415a5942cf89d03a155f39df02 - - default default] 10.0.0.70 "DELETE /v2.0/subnets/429e0550-fc0e-480d-8804-399b37ff7bfb HTTP/1.1" status: 204 len: 168 time: 0.2603259
2026-07-14 18:48:58.119 9 INFO neutron.wsgi [req-0f735987-e864-47e0-9cf3-873205748c37 req-d1568c55-ed7c-476d-a566-4cd7c8bdb78b a76751fb022347e6ad996490b1890857 d8d6d082c61f4a50b23da9fd296a7327 - - default default] 10.0.0.200 "GET /v2.0/security-groups?id=e67878d3-0a04-459b-a146-df4efe83d7e6&id=6d15574c-d0cf-4f48-b57f-2572cb45c41c&fields=id&fields=name HTTP/1.1" status: 200 len: 405 time: 0.0545275
2026-07-14 18:48:58.123 9 INFO neutron.wsgi [None req-e58dcd10-2b60-4292-baba-f1d7a6cd065d 7e5e442939fc4200a3e8f574bae9c194 301558547aaa4d1d8d33b39f9e0227ae - - default default] 10.0.0.70 "DELETE /v2.0/trunks/d0993e90-f393-4dae-a833-548e3debbb94 HTTP/1.1" status: 204 len: 168 time: 0.1414542
2026-07-14 18:48:58.146 9 INFO neutron.wsgi [None req-e67401ab-c02d-492b-bbe6-866bb95f3aa5 7e5e442939fc4200a3e8f574bae9c194 301558547aaa4d1d8d33b39f9e0227ae - - default default] 10.0.0.70 "GET /v2.0/trunks/de9f1631-3391-4dc3-b7ed-c7625421b0a8 HTTP/1.1" status: 200 len: 610 time: 0.0176148
2026-07-14 18:48:58.239 9 INFO neutron.wsgi [None req-046f4303-4d48-473a-9eb1-4cba19dd7107 7e5e442939fc4200a3e8f574bae9c194 301558547aaa4d1d8d33b39f9e0227ae - - default default] 10.0.0.70 "GET /v2.0/ports/9a10a8fe-dc66-46d7-b61e-155d5169d522 HTTP/1.1" status: 200 len: 1020 time: 0.0886712
2026-07-14 18:48:58.269 10 WARNING neutron.plugins.ml2.drivers.ovn.mech_driver.ovsdb.ovn_client [None req-7ccc5585-02c5-47af-ba20-a251c21aa15d - - - - - -] No hosting information found for port 705c8832-a58e-4bdf-a800-4ea486ce9a41: RuntimeError: No hosting information found for port 705c8832-a58e-4bdf-a800-4ea486ce9a41
2026-07-14 18:48:58.269 10 INFO neutron.plugins.ml2.drivers.ovn.mech_driver.mech_driver [None req-7ccc5585-02c5-47af-ba20-a251c21aa15d - - - - - -] OVN reports status up for port: 1e087e54-f8ce-4241-bcfb-c1b7e2ca82e2
2026-07-14 18:48:58.290 10 INFO neutron.plugins.ml2.plugin [None req-7ccc5585-02c5-47af-ba20-a251c21aa15d - - - - - -] Attempt 1 to provision port 1e087e54-f8ce-4241-bcfb-c1b7e2ca82e2
2026-07-14 18:48:58.326 9 INFO neutron.wsgi [None req-5c709c43-cf4d-46fd-b79f-8d59967f5a9c 7e5e442939fc4200a3e8f574bae9c194 301558547aaa4d1d8d33b39f9e0227ae - - default default] 10.0.0.70 "DELETE /v2.0/trunks/de9f1631-3391-4dc3-b7ed-c7625421b0a8 HTTP/1.1" status: 204 len: 168 time: 0.0819156
2026-07-14 18:48:58.351 9 INFO neutron.wsgi [None req-a1cf4cd5-5d21-4f14-8764-223b20df9604 7e5e442939fc4200a3e8f574bae9c194 301558547aaa4d1d8d33b39f9e0227ae - - default default] 10.0.0.70 "GET /v2.0/trunks/24e0c19a-f5dc-4858-93c7-e7e77b45c92b HTTP/1.1" status: 200 len: 603 time: 0.0207276
2026-07-14 18:48:58.367 10 INFO neutron.wsgi [req-5de27f9e-50de-4bf6-902d-cda76a88a5e7 req-39cf053b-c99f-484c-8a6b-c0bbbd932157 fbdf7851f9c94b56ac70889996fcc51b 3c2831423196499c831ba94af63a04aa - - default default] 10.0.0.200 "GET /v2.0/ports?device_id=8579ab7a-0fb4-437e-b7ef-00522a2445ed HTTP/1.1" status: 200 len: 1172 time: 0.0531733
2026-07-14 18:48:58.441 9 INFO neutron.wsgi [None req-2ae6c77f-d4e4-421b-bf60-3d3da8ccc45f 7e5e442939fc4200a3e8f574bae9c194 301558547aaa4d1d8d33b39f9e0227ae - - default default] 10.0.0.70 "GET /v2.0/ports/81c6adbf-d2d6-4e12-b72b-c277d29877b9 HTTP/1.1" status: 200 len: 1020 time: 0.0844314
2026-07-14 18:48:58.451 10 INFO neutron.notifiers.nova [-] Nova event matching ['req-ba4c4f6e-2195-4624-af0d-897ae3488e83'] response: {'server_uuid': '8579ab7a-0fb4-437e-b7ef-00522a2445ed', 'name': 'network-vif-plugged', 'status': 'completed', 'tag': '1e087e54-f8ce-4241-bcfb-c1b7e2ca82e2', 'code': 200}
2026-07-14 18:48:58.455 10 INFO neutron.wsgi [req-5de27f9e-50de-4bf6-902d-cda76a88a5e7 req-c57918d2-f7fa-4344-ab15-65880780e3eb fbdf7851f9c94b56ac70889996fcc51b 3c2831423196499c831ba94af63a04aa - - default default] 10.0.0.200 "GET /v2.0/security-groups?id=470f63b7-42df-4e3b-bf8b-50dec4a88f7f&fields=id&fields=name HTTP/1.1" status: 200 len: 313 time: 0.0818441
2026-07-14 18:48:58.550 10 INFO neutron.services.segments.plugin [-] Segment 2a7a8fa3-a4e3-458a-801c-18486c5cf3b6 resource provider aggregate not found
2026-07-14 18:48:58.555 10 INFO neutron.services.segments.plugin [-] Segment 2a7a8fa3-a4e3-458a-801c-18486c5cf3b6 resource provider aggregate not found
2026-07-14 18:48:58.558 9 INFO neutron.wsgi [None req-df710633-b409-401d-9d16-7975e29956a7 7e5e442939fc4200a3e8f574bae9c194 301558547aaa4d1d8d33b39f9e0227ae - - default default] 10.0.0.70 "DELETE /v2.0/trunks/24e0c19a-f5dc-4858-93c7-e7e77b45c92b HTTP/1.1" status: 204 len: 168 time: 0.1122317
2026-07-14 18:48:58.578 10 INFO neutron.services.segments.plugin [-] Segment 2a7a8fa3-a4e3-458a-801c-18486c5cf3b6 resource provider not found; error: Placement Client Error (4xx): {"errors": [{"status": 404, "title": "Not Found", "detail": "The resource could not be found.\n\n No resource provider with uuid 2a7a8fa3-a4e3-458a-801c-18486c5cf3b6 found for delete ", "request_id": "req-59aeef77-7be3-4193-b4f2-4e8d681f4d00"}]}
2026-07-14 18:48:58.580 10 INFO neutron.services.segments.plugin [-] Segment 2a7a8fa3-a4e3-458a-801c-18486c5cf3b6 resource provider not found; error: Placement Client Error (4xx): {"errors": [{"status": 404, "title": "Not Found", "detail": "The resource could not be found.\n\n No resource provider with uuid 2a7a8fa3-a4e3-458a-801c-18486c5cf3b6 found for delete ", "request_id": "req-c356391f-ecae-4ec5-8555-402349a549f7"}]}
2026-07-14 18:48:58.610 10 INFO neutron.wsgi [None req-826e4d73-82da-4b83-8302-de75407a785d 72c5f0bc0db94412bece0ab9f01de6be c52e8e415a5942cf89d03a155f39df02 - - default default] 10.0.0.70 "DELETE /v2.0/networks/ef56bfaa-a6f9-4c6a-b55d-80f197604232 HTTP/1.1" status: 204 len: 168 time: 0.5077181
2026-07-14 18:48:58.709 10 INFO neutron.db.ovn_revision_numbers_db [None req-7ccc5585-02c5-47af-ba20-a251c21aa15d - - - - - -] Successfully bumped revision number for resource 1e087e54-f8ce-4241-bcfb-c1b7e2ca82e2 (type: ports) to 4
2026-07-14 18:48:58.723 10 INFO neutron.db.segments_db [None req-e899d20c-f93e-4cbd-aa49-16ff0f64f545 72c5f0bc0db94412bece0ab9f01de6be c52e8e415a5942cf89d03a155f39df02 - - default default] Added segment 4d33e93e-c99f-4065-b407-e0ead6b1eeac of type geneve for network 7a3243a6-8926-4e3f-b551-e08d9c3f5215
2026-07-14 18:48:58.785 10 INFO neutron.plugins.ml2.drivers.ovn.mech_driver.mech_driver [None req-7ccc5585-02c5-47af-ba20-a251c21aa15d - - - - - -] OVN reports status up for port: 96404183-3ea9-4a21-b9c6-4877a0dd4e10
2026-07-14 18:48:58.820 9 INFO neutron.wsgi [None req-6c591ee2-a501-493d-806a-a69ce9177f65 7e5e442939fc4200a3e8f574bae9c194 301558547aaa4d1d8d33b39f9e0227ae - - default default] 10.0.0.70 "DELETE /v2.0/ports/d6033638-1062-434a-be98-158979151ee1 HTTP/1.1" status: 204 len: 168 time: 0.2558029
2026-07-14 18:48:58.830 10 INFO neutron.plugins.ml2.drivers.ovn.mech_driver.mech_driver [None req-7ccc5585-02c5-47af-ba20-a251c21aa15d - - - - - -] OVN reports status up for port: a1773bf1-fc86-458c-90be-43bda7fa96ed
2026-07-14 18:48:58.848 10 INFO neutron.plugins.ml2.plugin [None req-7ccc5585-02c5-47af-ba20-a251c21aa15d - - - - - -] Attempt 1 to provision port a1773bf1-fc86-458c-90be-43bda7fa96ed
2026-07-14 18:48:58.994 10 INFO neutron.db.ovn_revision_numbers_db [None req-e899d20c-f93e-4cbd-aa49-16ff0f64f545 72c5f0bc0db94412bece0ab9f01de6be c52e8e415a5942cf89d03a155f39df02 - - default default] Successfully bumped revision number for resource 7a3243a6-8926-4e3f-b551-e08d9c3f5215 (type: networks) to 1
2026-07-14 18:48:59.123 9 INFO neutron.wsgi [None req-c86bf8e3-abc4-4b7b-9e44-5b55f47df1d3 7e5e442939fc4200a3e8f574bae9c194 301558547aaa4d1d8d33b39f9e0227ae - - default default] 10.0.0.70 "DELETE /v2.0/ports/23717018-8c6e-480d-81e6-59d7df9feecb HTTP/1.1" status: 204 len: 168 time: 0.2937205
2026-07-14 18:48:59.238 9 INFO neutron.wsgi [req-e522b661-f8e6-4d77-94fb-0a69c981bebd req-f47b5882-9b30-4a1a-b84f-30e6543916ca a76751fb022347e6ad996490b1890857 d8d6d082c61f4a50b23da9fd296a7327 - - default default] 10.0.0.200 "GET /v2.0/ports?device_id=de06d98b-24b5-497e-937b-16fe342ee26a HTTP/1.1" status: 200 len: 1214 time: 0.0464833
2026-07-14 18:48:59.267 10 WARNING neutron.scheduler.dhcp_agent_scheduler [None req-e899d20c-f93e-4cbd-aa49-16ff0f64f545 72c5f0bc0db94412bece0ab9f01de6be c52e8e415a5942cf89d03a155f39df02 - - default default] No more DHCP agents
2026-07-14 18:48:59.272 10 WARNING neutron.api.rpc.agentnotifiers.dhcp_rpc_agent_api [None req-e899d20c-f93e-4cbd-aa49-16ff0f64f545 72c5f0bc0db94412bece0ab9f01de6be c52e8e415a5942cf89d03a155f39df02 - - default default] Unable to schedule network 7a3243a6-8926-4e3f-b551-e08d9c3f5215: no agents available; will retry on subsequent port and subnet creation events.
2026-07-14 18:48:59.309 10 INFO neutron.db.ovn_revision_numbers_db [None req-7ccc5585-02c5-47af-ba20-a251c21aa15d - - - - - -] Successfully bumped revision number for resource a1773bf1-fc86-458c-90be-43bda7fa96ed (type: ports) to 4
2026-07-14 18:48:59.337 9 INFO neutron.wsgi [req-e522b661-f8e6-4d77-94fb-0a69c981bebd req-5aac450a-572b-4d1b-96ad-8530e9a67abc a76751fb022347e6ad996490b1890857 d8d6d082c61f4a50b23da9fd296a7327 - - default default] 10.0.0.200 "GET /v2.0/security-groups?id=e67878d3-0a04-459b-a146-df4efe83d7e6&id=6d15574c-d0cf-4f48-b57f-2572cb45c41c&fields=id&fields=name HTTP/1.1" status: 200 len: 405 time: 0.0909350
2026-07-14 18:48:59.414 9 INFO neutron.wsgi [None req-587b39e5-a14a-4117-9c02-53d2cf729467 7e5e442939fc4200a3e8f574bae9c194 301558547aaa4d1d8d33b39f9e0227ae - - default default] 10.0.0.70 "DELETE /v2.0/ports/0304509a-73a4-4366-a775-8cd05f3c7f14 HTTP/1.1" status: 204 len: 168 time: 0.2820375 /var/lib/openstack/lib/python3.10/site-packages/pycadf/identifier.py:71: UserWarning: Invalid uuid: neutron. To ensure interoperability, identifiers should be a valid uuid. warnings.warn(('Invalid uuid: %s. To ensure interoperability, '
2026-07-14 18:48:59.661 10 INFO neutron.wsgi [req-d8028edc-b1b2-4cd5-ac4f-2b24201701da req-4813a866-4526-498e-a4a7-f8a0cf63bae7 fbdf7851f9c94b56ac70889996fcc51b 3c2831423196499c831ba94af63a04aa - - default default] 10.0.0.200 "GET /v2.0/ports?device_id=8579ab7a-0fb4-437e-b7ef-00522a2445ed HTTP/1.1" status: 200 len: 1174 time: 0.0742600 /var/lib/openstack/lib/python3.10/site-packages/pycadf/identifier.py:71: UserWarning: Invalid uuid: neutron. To ensure interoperability, identifiers should be a valid uuid. warnings.warn(('Invalid uuid: %s. To ensure interoperability, '
2026-07-14 18:48:59.685 10 INFO neutron.db.ovn_revision_numbers_db [None req-e899d20c-f93e-4cbd-aa49-16ff0f64f545 72c5f0bc0db94412bece0ab9f01de6be c52e8e415a5942cf89d03a155f39df02 - - default default] Successfully bumped revision number for resource 772bbe0d-35e2-4590-9f42-39bbea19e4de (type: ports) to 1
2026-07-14 18:48:59.702 9 INFO neutron.wsgi [None req-5554002b-9712-41fc-a45e-4755e278c556 7e5e442939fc4200a3e8f574bae9c194 301558547aaa4d1d8d33b39f9e0227ae - - default default] 10.0.0.70 "DELETE /v2.0/ports/9a10a8fe-dc66-46d7-b61e-155d5169d522 HTTP/1.1" status: 204 len: 168 time: 0.2825344
2026-07-14 18:48:59.712 10 INFO neutron.wsgi [req-d8028edc-b1b2-4cd5-ac4f-2b24201701da req-b4261b4c-a962-43a5-8ac7-2f85a89630cc fbdf7851f9c94b56ac70889996fcc51b 3c2831423196499c831ba94af63a04aa - - default default] 10.0.0.200 "GET /v2.0/security-groups?id=470f63b7-42df-4e3b-bf8b-50dec4a88f7f&fields=id&fields=name HTTP/1.1" status: 200 len: 313 time: 0.0446482
2026-07-14 18:48:59.717 10 INFO neutron.wsgi [None req-e899d20c-f93e-4cbd-aa49-16ff0f64f545 72c5f0bc0db94412bece0ab9f01de6be c52e8e415a5942cf89d03a155f39df02 - - default default] 10.0.0.70 "POST /v2.0/networks HTTP/1.1" status: 201 len: 828 time: 1.0996890
2026-07-14 18:48:59.888 9 INFO neutron.wsgi [req-5c8e9190-f70d-4e76-ad96-4f53e41569c9 req-9adb64ad-bc9a-438c-a2ad-50132c70f4f8 fbdf7851f9c94b56ac70889996fcc51b 3c2831423196499c831ba94af63a04aa - - default default] 10.0.0.200 "GET /v2.0/ports?device_id=8579ab7a-0fb4-437e-b7ef-00522a2445ed HTTP/1.1" status: 200 len: 1174 time: 0.1109576
2026-07-14 18:48:59.958 9 INFO neutron.wsgi [req-5c8e9190-f70d-4e76-ad96-4f53e41569c9 req-62949e6f-421e-4499-95d7-3fd5d4cfce77 fbdf7851f9c94b56ac70889996fcc51b 3c2831423196499c831ba94af63a04aa - - default default] 10.0.0.200 "GET /v2.0/security-groups?id=470f63b7-42df-4e3b-bf8b-50dec4a88f7f&fields=id&fields=name HTTP/1.1" status: 200 len: 313 time: 0.0532448
2026-07-14 18:48:59.999 9 INFO neutron.wsgi [None req-b5e3d129-3bd5-43b7-ae54-bba82808cc51 7e5e442939fc4200a3e8f574bae9c194 301558547aaa4d1d8d33b39f9e0227ae - - default default] 10.0.0.70 "DELETE /v2.0/ports/81c6adbf-d2d6-4e12-b72b-c277d29877b9 HTTP/1.1" status: 204 len: 168 time: 0.2927189
2026-07-14 18:49:00.002 10 WARNING neutron.scheduler.dhcp_agent_scheduler [None req-50b4cf86-aec5-4bbf-8ee2-20bd4d319eee 72c5f0bc0db94412bece0ab9f01de6be c52e8e415a5942cf89d03a155f39df02 - - default default] No more DHCP agents
2026-07-14 18:49:00.017 10 WARNING neutron.api.rpc.agentnotifiers.dhcp_rpc_agent_api [None req-50b4cf86-aec5-4bbf-8ee2-20bd4d319eee 72c5f0bc0db94412bece0ab9f01de6be c52e8e415a5942cf89d03a155f39df02 - - default default] Unable to schedule network 7a3243a6-8926-4e3f-b551-e08d9c3f5215: no agents available; will retry on subsequent port and subnet creation events.
2026-07-14 18:49:00.036 9 INFO neutron.wsgi [None req-155ba5ac-4871-4191-bba1-01f834a34e4f 29e009206f814067a0b67e431eea1138 3ad863a485044dbf91befd41c70635d8 - - default default] 10.0.0.70 "GET /v2.0/ports?device_id=8579ab7a-0fb4-437e-b7ef-00522a2445ed HTTP/1.1" status: 200 len: 1408 time: 0.0359423
2026-07-14 18:49:00.299 9 INFO neutron.db.l3_db [None req-da66af77-b237-4ad0-8caa-d7028f103bac fbdf7851f9c94b56ac70889996fcc51b 3c2831423196499c831ba94af63a04aa - - default default] Floating IP c7e833f7-1212-4fe1-8d46-687d206605ec associated. External IP: 10.96.250.206, port: 1e087e54-f8ce-4241-bcfb-c1b7e2ca82e2.
2026-07-14 18:49:00.479 9 INFO neutron.db.ovn_revision_numbers_db [None req-da66af77-b237-4ad0-8caa-d7028f103bac fbdf7851f9c94b56ac70889996fcc51b 3c2831423196499c831ba94af63a04aa - - default default] Successfully bumped revision number for resource c7e833f7-1212-4fe1-8d46-687d206605ec (type: floatingips) to 4
2026-07-14 18:49:00.528 10 INFO neutron.notifiers.nova [-] Nova event matching ['req-adcf1d37-5996-4b2a-92e3-7608579ef397'] response: {'server_uuid': '8579ab7a-0fb4-437e-b7ef-00522a2445ed', 'name': 'network-vif-plugged', 'status': 'completed', 'tag': '1e087e54-f8ce-4241-bcfb-c1b7e2ca82e2', 'code': 200}
2026-07-14 18:49:00.528 10 INFO neutron.notifiers.nova [-] Nova event matching ['req-adcf1d37-5996-4b2a-92e3-7608579ef397'] response: {'server_uuid': 'de06d98b-24b5-497e-937b-16fe342ee26a', 'name': 'network-vif-plugged', 'status': 'completed', 'tag': 'a1773bf1-fc86-458c-90be-43bda7fa96ed', 'code': 200}
2026-07-14 18:49:00.528 10 INFO neutron.notifiers.nova [-] Nova event matching ['req-adcf1d37-5996-4b2a-92e3-7608579ef397'] response: {'server_uuid': 'de06d98b-24b5-497e-937b-16fe342ee26a', 'name': 'network-vif-plugged', 'status': 'completed', 'tag': 'a1773bf1-fc86-458c-90be-43bda7fa96ed', 'code': 200}
2026-07-14 18:49:00.578 9 INFO neutron.db.ovn_revision_numbers_db [None req-da66af77-b237-4ad0-8caa-d7028f103bac fbdf7851f9c94b56ac70889996fcc51b 3c2831423196499c831ba94af63a04aa - - default default] Successfully bumped revision number for resource c7e833f7-1212-4fe1-8d46-687d206605ec (type: floatingips) to 5
2026-07-14 18:49:00.593 10 INFO neutron.services.segments.plugin [-] Segment 78414e80-f0b2-4081-bf73-627383396aac resource provider aggregate not found
