2026-07-14 18:46:04.704 9 INFO neutron.db.ovn_revision_numbers_db [None req-2990c951-b62f-4a7d-81af-ab4a70e37fc6 7bbe5fbbecb04c67aaf0e51e1e70f88f 1df9047b14b549089d81bf61621eaab4 - - default default] Successfully bumped revision number for resource 42e04705-658b-478d-bb0f-188e88c23ec9 (type: router_ports) to 1
2026-07-14 18:46:04.707 9 INFO neutron.plugins.ml2.plugin [None req-715a825c-8b9b-440a-a22e-2dd40be042ea - - - - - -] Attempt 1 to provision port 42e04705-658b-478d-bb0f-188e88c23ec9
2026-07-14 18:46:04.808 9 INFO neutron.db.ovn_revision_numbers_db [None req-2990c951-b62f-4a7d-81af-ab4a70e37fc6 7bbe5fbbecb04c67aaf0e51e1e70f88f 1df9047b14b549089d81bf61621eaab4 - - default default] Successfully bumped revision number for resource 35224251-6e02-4381-9ccb-0e7531256858 (type: routers) to 2
2026-07-14 18:46:04.819 9 INFO neutron.wsgi [None req-2990c951-b62f-4a7d-81af-ab4a70e37fc6 7bbe5fbbecb04c67aaf0e51e1e70f88f 1df9047b14b549089d81bf61621eaab4 - - default default] 10.0.0.70 "POST /v2.0/routers HTTP/1.1" status: 201 len: 877 time: 1.5094280
2026-07-14 18:46:05.353 9 WARNING neutron.scheduler.dhcp_agent_scheduler [None req-16829075-2b92-4db9-a8b8-62413867f7fb 7bbe5fbbecb04c67aaf0e51e1e70f88f 1df9047b14b549089d81bf61621eaab4 - - default default] No more DHCP agents
2026-07-14 18:46:05.355 9 WARNING neutron.api.rpc.agentnotifiers.dhcp_rpc_agent_api [None req-16829075-2b92-4db9-a8b8-62413867f7fb 7bbe5fbbecb04c67aaf0e51e1e70f88f 1df9047b14b549089d81bf61621eaab4 - - default default] Unable to schedule network f67df47c-e361-4fab-a5e7-0cdb5e0afbbd: no agents available; will retry on subsequent port and subnet creation events.
2026-07-14 18:46:05.407 10 INFO neutron.plugins.ml2.drivers.ovn.mech_driver.mech_driver [None req-7ccc5585-02c5-47af-ba20-a251c21aa15d - - - - - -] OVN reports status up for port: 0e495a75-de0a-4752-89dd-344126b7aa8b
2026-07-14 18:46:05.411 9 INFO neutron.plugins.ml2.drivers.ovn.mech_driver.ovsdb.ovsdb_monitor [-] Router 1b55b021-5fdb-42d4-8a56-fbf0d467f821 is bound to host instance
2026-07-14 18:46:05.450 10 INFO neutron.plugins.ml2.plugin [None req-7ccc5585-02c5-47af-ba20-a251c21aa15d - - - - - -] Attempt 1 to provision port 0e495a75-de0a-4752-89dd-344126b7aa8b
2026-07-14 18:46:05.497 10 INFO neutron.db.ovn_revision_numbers_db [None req-36ec34fb-19bd-447a-92ea-a642040531b6 7bbe5fbbecb04c67aaf0e51e1e70f88f 1df9047b14b549089d81bf61621eaab4 - - default default] Successfully bumped revision number for resource 0e495a75-de0a-4752-89dd-344126b7aa8b (type: router_ports) to 1
2026-07-14 18:46:05.555 10 INFO neutron.db.ovn_revision_numbers_db [None req-1ae99ec9-08bf-4ee6-a32e-326fbb62298c 7bbe5fbbecb04c67aaf0e51e1e70f88f 1df9047b14b549089d81bf61621eaab4 - - default default] Successfully bumped revision number for resource 1e9ceb01-1532-4be7-b792-ac64ed8fd483 (type: security_groups) to 1
2026-07-14 18:46:05.556 9 INFO neutron.wsgi [-] 10.0.0.125 "GET / HTTP/1.1" status: 200 len: 246 time: 0.0014322
2026-07-14 18:46:05.558 9 INFO neutron.wsgi [-] 10.0.0.125 "GET / HTTP/1.1" status: 200 len: 246 time: 0.0011711
2026-07-14 18:46:05.590 10 INFO neutron.db.ovn_revision_numbers_db [None req-1ae99ec9-08bf-4ee6-a32e-326fbb62298c 7bbe5fbbecb04c67aaf0e51e1e70f88f 1df9047b14b549089d81bf61621eaab4 - - default default] Successfully bumped revision number for resource 2fcbdd87-422d-45ed-b53d-282aaa9be056 (type: security_group_rules) to 0
2026-07-14 18:46:05.622 9 INFO neutron.db.ovn_revision_numbers_db [None req-16829075-2b92-4db9-a8b8-62413867f7fb 7bbe5fbbecb04c67aaf0e51e1e70f88f 1df9047b14b549089d81bf61621eaab4 - - default default] Successfully bumped revision number for resource 9bf5940a-6478-4a6e-a952-9141208a46e0 (type: ports) to 1
2026-07-14 18:46:05.634 10 INFO neutron.db.ovn_revision_numbers_db [None req-1ae99ec9-08bf-4ee6-a32e-326fbb62298c 7bbe5fbbecb04c67aaf0e51e1e70f88f 1df9047b14b549089d81bf61621eaab4 - - default default] Successfully bumped revision number for resource d78f0b65-c118-48c0-8c83-d6b2de0069cd (type: security_group_rules) to 0
2026-07-14 18:46:05.653 10 INFO neutron.db.ovn_revision_numbers_db [None req-36ec34fb-19bd-447a-92ea-a642040531b6 7bbe5fbbecb04c67aaf0e51e1e70f88f 1df9047b14b549089d81bf61621eaab4 - - default default] Successfully bumped revision number for resource 1b55b021-5fdb-42d4-8a56-fbf0d467f821 (type: routers) to 2
2026-07-14 18:46:05.671 10 INFO neutron.db.ovn_revision_numbers_db [None req-1ae99ec9-08bf-4ee6-a32e-326fbb62298c 7bbe5fbbecb04c67aaf0e51e1e70f88f 1df9047b14b549089d81bf61621eaab4 - - default default] Successfully bumped revision number for resource ec7cac63-5fe5-4c15-b646-a798b277b11a (type: security_group_rules) to 0
2026-07-14 18:46:05.683 10 INFO neutron.wsgi [None req-36ec34fb-19bd-447a-92ea-a642040531b6 7bbe5fbbecb04c67aaf0e51e1e70f88f 1df9047b14b549089d81bf61621eaab4 - - default default] 10.0.0.70 "POST /v2.0/routers HTTP/1.1" status: 201 len: 871 time: 2.3254633
2026-07-14 18:46:05.724 10 INFO neutron.db.ovn_revision_numbers_db [None req-1ae99ec9-08bf-4ee6-a32e-326fbb62298c 7bbe5fbbecb04c67aaf0e51e1e70f88f 1df9047b14b549089d81bf61621eaab4 - - default default] Successfully bumped revision number for resource ede889d9-4e90-4a22-95a8-940267e9084c (type: security_group_rules) to 0
2026-07-14 18:46:05.909 10 INFO neutron.db.segments_db [None req-1ae99ec9-08bf-4ee6-a32e-326fbb62298c 7bbe5fbbecb04c67aaf0e51e1e70f88f 1df9047b14b549089d81bf61621eaab4 - - default default] Added segment c4dadce3-3e39-4079-a38c-0bb7031ec9e9 of type geneve for network 0a6dc6a1-91ab-41ab-92c5-871bfeed7acb
2026-07-14 18:46:05.968 10 INFO neutron.db.ovn_revision_numbers_db [None req-e871f2bc-b14b-4dc4-a993-f0f966322190 7bbe5fbbecb04c67aaf0e51e1e70f88f 1df9047b14b549089d81bf61621eaab4 - - default default] Successfully bumped revision number for resource 4d05b29b-aaca-4aa6-aa98-1bb963b12c56 (type: router_ports) to 1
2026-07-14 18:46:06.031 10 INFO neutron.db.ovn_revision_numbers_db [None req-598bd44b-5048-4a7e-9acf-8c6e6ddca4d5 - - - - - -] Successfully bumped revision number for resource 42e04705-658b-478d-bb0f-188e88c23ec9 (type: ports) to 1
2026-07-14 18:46:06.121 10 INFO neutron.db.ovn_revision_numbers_db [None req-e871f2bc-b14b-4dc4-a993-f0f966322190 7bbe5fbbecb04c67aaf0e51e1e70f88f 1df9047b14b549089d81bf61621eaab4 - - default default] Successfully bumped revision number for resource c3af221e-4fa2-4746-9a91-1618f0086ae8 (type: routers) to 2
2026-07-14 18:46:06.182 10 INFO neutron.wsgi [None req-e871f2bc-b14b-4dc4-a993-f0f966322190 7bbe5fbbecb04c67aaf0e51e1e70f88f 1df9047b14b549089d81bf61621eaab4 - - default default] 10.0.0.70 "POST /v2.0/routers HTTP/1.1" status: 201 len: 881 time: 2.5996087
2026-07-14 18:46:06.192 9 INFO neutron.db.ovn_revision_numbers_db [None req-5427e4f2-8949-4fd1-9fe3-cd6f083cbab9 - - - - - -] Successfully bumped revision number for resource 0e495a75-de0a-4752-89dd-344126b7aa8b (type: ports) to 1
2026-07-14 18:46:06.207 10 INFO neutron.db.ovn_revision_numbers_db [None req-1ae99ec9-08bf-4ee6-a32e-326fbb62298c 7bbe5fbbecb04c67aaf0e51e1e70f88f 1df9047b14b549089d81bf61621eaab4 - - default default] Successfully bumped revision number for resource 0a6dc6a1-91ab-41ab-92c5-871bfeed7acb (type: networks) to 1
2026-07-14 18:46:06.423 9 INFO neutron.db.ovn_revision_numbers_db [None req-16829075-2b92-4db9-a8b8-62413867f7fb 7bbe5fbbecb04c67aaf0e51e1e70f88f 1df9047b14b549089d81bf61621eaab4 - - default default] Successfully bumped revision number for resource 9bf5940a-6478-4a6e-a952-9141208a46e0 (type: router_ports) to 1
2026-07-14 18:46:06.539 10 WARNING neutron.scheduler.dhcp_agent_scheduler [None req-1ae99ec9-08bf-4ee6-a32e-326fbb62298c 7bbe5fbbecb04c67aaf0e51e1e70f88f 1df9047b14b549089d81bf61621eaab4 - - default default] No more DHCP agents
2026-07-14 18:46:06.549 10 WARNING neutron.api.rpc.agentnotifiers.dhcp_rpc_agent_api [None req-1ae99ec9-08bf-4ee6-a32e-326fbb62298c 7bbe5fbbecb04c67aaf0e51e1e70f88f 1df9047b14b549089d81bf61621eaab4 - - default default] Unable to schedule network 0a6dc6a1-91ab-41ab-92c5-871bfeed7acb: no agents available; will retry on subsequent port and subnet creation events.
2026-07-14 18:46:06.664 9 INFO neutron.db.ovn_revision_numbers_db [None req-16829075-2b92-4db9-a8b8-62413867f7fb 7bbe5fbbecb04c67aaf0e51e1e70f88f 1df9047b14b549089d81bf61621eaab4 - - default default] Successfully bumped revision number for resource 9bf5940a-6478-4a6e-a952-9141208a46e0 (type: ports) to 1
2026-07-14 18:46:06.786 9 INFO neutron.db.ovn_revision_numbers_db [None req-5427e4f2-8949-4fd1-9fe3-cd6f083cbab9 - - - - - -] Successfully bumped revision number for resource 0e495a75-de0a-4752-89dd-344126b7aa8b (type: router_ports) to 3
2026-07-14 18:46:06.822 10 WARNING neutron.scheduler.dhcp_agent_scheduler [None req-bb49eedd-290c-4d1a-997d-f39d08a43162 7bbe5fbbecb04c67aaf0e51e1e70f88f 1df9047b14b549089d81bf61621eaab4 - - default default] No more DHCP agents
2026-07-14 18:46:06.823 9 WARNING neutron.scheduler.dhcp_agent_scheduler [None req-16829075-2b92-4db9-a8b8-62413867f7fb 7bbe5fbbecb04c67aaf0e51e1e70f88f 1df9047b14b549089d81bf61621eaab4 - - default default] No more DHCP agents
2026-07-14 18:46:06.843 9 WARNING neutron.api.rpc.agentnotifiers.dhcp_rpc_agent_api [None req-16829075-2b92-4db9-a8b8-62413867f7fb 7bbe5fbbecb04c67aaf0e51e1e70f88f 1df9047b14b549089d81bf61621eaab4 - - default default] Unable to schedule network f67df47c-e361-4fab-a5e7-0cdb5e0afbbd: no agents available; will retry on subsequent port and subnet creation events.
2026-07-14 18:46:06.845 10 WARNING neutron.api.rpc.agentnotifiers.dhcp_rpc_agent_api [None req-bb49eedd-290c-4d1a-997d-f39d08a43162 7bbe5fbbecb04c67aaf0e51e1e70f88f 1df9047b14b549089d81bf61621eaab4 - - default default] Unable to schedule network f2326210-55b3-49e8-b2f6-24b523c8080e: no agents available; will retry on subsequent port and subnet creation events.
2026-07-14 18:46:06.861 10 INFO neutron.db.ovn_revision_numbers_db [None req-1ae99ec9-08bf-4ee6-a32e-326fbb62298c 7bbe5fbbecb04c67aaf0e51e1e70f88f 1df9047b14b549089d81bf61621eaab4 - - default default] Successfully bumped revision number for resource 5e51af33-d6b7-486f-9423-12068f13c1e1 (type: ports) to 1
2026-07-14 18:46:06.869 10 INFO neutron.db.ovn_revision_numbers_db [None req-598bd44b-5048-4a7e-9acf-8c6e6ddca4d5 - - - - - -] Successfully bumped revision number for resource 42e04705-658b-478d-bb0f-188e88c23ec9 (type: router_ports) to 3
2026-07-14 18:46:06.902 10 INFO neutron.wsgi [None req-1ae99ec9-08bf-4ee6-a32e-326fbb62298c 7bbe5fbbecb04c67aaf0e51e1e70f88f 1df9047b14b549089d81bf61621eaab4 - - default default] 10.0.0.70 "POST /v2.0/networks HTTP/1.1" status: 201 len: 951 time: 1.9216189
2026-07-14 18:46:07.110 9 INFO neutron.db.ovn_revision_numbers_db [None req-5427e4f2-8949-4fd1-9fe3-cd6f083cbab9 - - - - - -] Successfully bumped revision number for resource 0e495a75-de0a-4752-89dd-344126b7aa8b (type: ports) to 2
2026-07-14 18:46:07.119 9 WARNING neutron.scheduler.dhcp_agent_scheduler [None req-186456ac-2bff-4f04-80d7-1b3dd284e6dc 7bbe5fbbecb04c67aaf0e51e1e70f88f 1df9047b14b549089d81bf61621eaab4 - - default default] No more DHCP agents
2026-07-14 18:46:07.123 9 WARNING neutron.api.rpc.agentnotifiers.dhcp_rpc_agent_api [None req-186456ac-2bff-4f04-80d7-1b3dd284e6dc 7bbe5fbbecb04c67aaf0e51e1e70f88f 1df9047b14b549089d81bf61621eaab4 - - default default] Unable to schedule network 2ad2948d-95cb-4fbb-bec5-88d5d64799fd: no agents available; will retry on subsequent port and subnet creation events.
2026-07-14 18:46:07.132 10 INFO neutron.db.ovn_revision_numbers_db [None req-bb49eedd-290c-4d1a-997d-f39d08a43162 7bbe5fbbecb04c67aaf0e51e1e70f88f 1df9047b14b549089d81bf61621eaab4 - - default default] Successfully bumped revision number for resource ca5b02ce-11c1-494a-ba90-a0e34717ada5 (type: ports) to 1
2026-07-14 18:46:07.187 10 INFO neutron.db.ovn_revision_numbers_db [None req-598bd44b-5048-4a7e-9acf-8c6e6ddca4d5 - - - - - -] Successfully bumped revision number for resource 42e04705-658b-478d-bb0f-188e88c23ec9 (type: ports) to 2
2026-07-14 18:46:07.261 10 WARNING neutron.scheduler.dhcp_agent_scheduler [None req-988c8b17-c553-4684-b53f-e3866b77a890 7bbe5fbbecb04c67aaf0e51e1e70f88f 1df9047b14b549089d81bf61621eaab4 - - default default] No more DHCP agents
2026-07-14 18:46:07.266 10 WARNING neutron.api.rpc.agentnotifiers.dhcp_rpc_agent_api [None req-988c8b17-c553-4684-b53f-e3866b77a890 7bbe5fbbecb04c67aaf0e51e1e70f88f 1df9047b14b549089d81bf61621eaab4 - - default default] Unable to schedule network 0a6dc6a1-91ab-41ab-92c5-871bfeed7acb: no agents available; will retry on subsequent port and subnet creation events.
2026-07-14 18:46:07.480 9 INFO neutron.db.ovn_revision_numbers_db [None req-186456ac-2bff-4f04-80d7-1b3dd284e6dc 7bbe5fbbecb04c67aaf0e51e1e70f88f 1df9047b14b549089d81bf61621eaab4 - - default default] Successfully bumped revision number for resource d634d99d-6686-4217-b7ee-42387045ebb4 (type: ports) to 1
2026-07-14 18:46:07.723 10 INFO neutron.db.ovn_revision_numbers_db [None req-598bd44b-5048-4a7e-9acf-8c6e6ddca4d5 - - - - - -] Successfully bumped revision number for resource 42e04705-658b-478d-bb0f-188e88c23ec9 (type: ports) to 4
2026-07-14 18:46:07.723 9 INFO neutron.plugins.ml2.drivers.ovn.mech_driver.mech_driver [None req-715a825c-8b9b-440a-a22e-2dd40be042ea - - - - - -] OVN reports status up for port: 9bf5940a-6478-4a6e-a952-9141208a46e0
2026-07-14 18:46:07.731 9 INFO neutron.db.ovn_revision_numbers_db [None req-5427e4f2-8949-4fd1-9fe3-cd6f083cbab9 - - - - - -] Successfully bumped revision number for resource 0e495a75-de0a-4752-89dd-344126b7aa8b (type: ports) to 4
2026-07-14 18:46:07.740 9 INFO neutron.plugins.ml2.plugin [None req-715a825c-8b9b-440a-a22e-2dd40be042ea - - - - - -] Attempt 1 to provision port 9bf5940a-6478-4a6e-a952-9141208a46e0
2026-07-14 18:46:08.119 10 INFO neutron.db.ovn_revision_numbers_db [None req-bb49eedd-290c-4d1a-997d-f39d08a43162 7bbe5fbbecb04c67aaf0e51e1e70f88f 1df9047b14b549089d81bf61621eaab4 - - default default] Successfully bumped revision number for resource ca5b02ce-11c1-494a-ba90-a0e34717ada5 (type: router_ports) to 1
2026-07-14 18:46:08.351 10 INFO neutron.db.ovn_revision_numbers_db [None req-598bd44b-5048-4a7e-9acf-8c6e6ddca4d5 - - - - - -] Successfully bumped revision number for resource 42e04705-658b-478d-bb0f-188e88c23ec9 (type: router_ports) to 4
2026-07-14 18:46:08.369 10 INFO neutron.db.ovn_revision_numbers_db [None req-bb49eedd-290c-4d1a-997d-f39d08a43162 7bbe5fbbecb04c67aaf0e51e1e70f88f 1df9047b14b549089d81bf61621eaab4 - - default default] Successfully bumped revision number for resource ca5b02ce-11c1-494a-ba90-a0e34717ada5 (type: ports) to 1
2026-07-14 18:46:08.374 10 INFO neutron.db.ovn_revision_numbers_db [None req-988c8b17-c553-4684-b53f-e3866b77a890 7bbe5fbbecb04c67aaf0e51e1e70f88f 1df9047b14b549089d81bf61621eaab4 - - default default] Successfully bumped revision number for resource 5e51af33-d6b7-486f-9423-12068f13c1e1 (type: ports) to 2
2026-07-14 18:46:08.387 10 INFO neutron.plugins.ml2.drivers.ovn.mech_driver.ovsdb.ovsdb_monitor [None req-598bd44b-5048-4a7e-9acf-8c6e6ddca4d5 - - - - - -] Router c3af221e-4fa2-4746-9a91-1618f0086ae8 is bound to host instance
2026-07-14 18:46:08.478 10 INFO neutron.db.ovn_revision_numbers_db [None req-988c8b17-c553-4684-b53f-e3866b77a890 7bbe5fbbecb04c67aaf0e51e1e70f88f 1df9047b14b549089d81bf61621eaab4 - - default default] Successfully bumped revision number for resource bc387fdb-5bbc-4685-a374-387472629057 (type: subnets) to 0
2026-07-14 18:46:08.512 10 INFO neutron.wsgi [None req-988c8b17-c553-4684-b53f-e3866b77a890 7bbe5fbbecb04c67aaf0e51e1e70f88f 1df9047b14b549089d81bf61621eaab4 - - default default] 10.0.0.70 "POST /v2.0/subnets HTTP/1.1" status: 201 len: 871 time: 1.6030731
2026-07-14 18:46:08.515 10 WARNING neutron.scheduler.dhcp_agent_scheduler [None req-bb49eedd-290c-4d1a-997d-f39d08a43162 7bbe5fbbecb04c67aaf0e51e1e70f88f 1df9047b14b549089d81bf61621eaab4 - - default default] No more DHCP agents
2026-07-14 18:46:08.528 10 WARNING neutron.api.rpc.agentnotifiers.dhcp_rpc_agent_api [None req-bb49eedd-290c-4d1a-997d-f39d08a43162 7bbe5fbbecb04c67aaf0e51e1e70f88f 1df9047b14b549089d81bf61621eaab4 - - default default] Unable to schedule network f2326210-55b3-49e8-b2f6-24b523c8080e: no agents available; will retry on subsequent port and subnet creation events.
2026-07-14 18:46:08.549 9 INFO neutron.db.ovn_revision_numbers_db [None req-5427e4f2-8949-4fd1-9fe3-cd6f083cbab9 - - - - - -] Successfully bumped revision number for resource 0e495a75-de0a-4752-89dd-344126b7aa8b (type: router_ports) to 4
2026-07-14 18:46:08.665 10 INFO neutron.plugins.ml2.drivers.ovn.mech_driver.mech_driver [None req-7ccc5585-02c5-47af-ba20-a251c21aa15d - - - - - -] OVN reports status up for port: 4d05b29b-aaca-4aa6-aa98-1bb963b12c56
2026-07-14 18:46:08.675 9 INFO neutron.db.ovn_revision_numbers_db [None req-16829075-2b92-4db9-a8b8-62413867f7fb 7bbe5fbbecb04c67aaf0e51e1e70f88f 1df9047b14b549089d81bf61621eaab4 - - default default] Successfully bumped revision number for resource 9bf5940a-6478-4a6e-a952-9141208a46e0 (type: router_ports) to 1
2026-07-14 18:46:08.677 9 INFO neutron.wsgi [None req-16829075-2b92-4db9-a8b8-62413867f7fb 7bbe5fbbecb04c67aaf0e51e1e70f88f 1df9047b14b549089d81bf61621eaab4 - - default default] 10.0.0.70 "PUT /v2.0/routers/35224251-6e02-4381-9ccb-0e7531256858/add_router_interface HTTP/1.1" status: 200 len: 503 time: 3.8532484
2026-07-14 18:46:08.678 9 INFO neutron.db.ovn_revision_numbers_db [None req-186456ac-2bff-4f04-80d7-1b3dd284e6dc 7bbe5fbbecb04c67aaf0e51e1e70f88f 1df9047b14b549089d81bf61621eaab4 - - default default] Successfully bumped revision number for resource d634d99d-6686-4217-b7ee-42387045ebb4 (type: router_ports) to 1
2026-07-14 18:46:08.711 9 INFO neutron.db.ovn_revision_numbers_db [None req-715a825c-8b9b-440a-a22e-2dd40be042ea - - - - - -] Successfully bumped revision number for resource 9bf5940a-6478-4a6e-a952-9141208a46e0 (type: ports) to 2
2026-07-14 18:46:08.721 10 INFO neutron.plugins.ml2.plugin [None req-7ccc5585-02c5-47af-ba20-a251c21aa15d - - - - - -] Attempt 1 to provision port 4d05b29b-aaca-4aa6-aa98-1bb963b12c56
2026-07-14 18:46:08.900 9 INFO neutron.db.ovn_revision_numbers_db [None req-186456ac-2bff-4f04-80d7-1b3dd284e6dc 7bbe5fbbecb04c67aaf0e51e1e70f88f 1df9047b14b549089d81bf61621eaab4 - - default default] Successfully bumped revision number for resource d634d99d-6686-4217-b7ee-42387045ebb4 (type: ports) to 1
2026-07-14 18:46:08.977 9 INFO neutron.db.ovn_revision_numbers_db [None req-715a825c-8b9b-440a-a22e-2dd40be042ea - - - - - -] Successfully bumped revision number for resource 9bf5940a-6478-4a6e-a952-9141208a46e0 (type: router_ports) to 2
2026-07-14 18:46:09.075 9 WARNING neutron.scheduler.dhcp_agent_scheduler [None req-186456ac-2bff-4f04-80d7-1b3dd284e6dc 7bbe5fbbecb04c67aaf0e51e1e70f88f 1df9047b14b549089d81bf61621eaab4 - - default default] No more DHCP agents
2026-07-14 18:46:09.078 9 WARNING neutron.api.rpc.agentnotifiers.dhcp_rpc_agent_api [None req-186456ac-2bff-4f04-80d7-1b3dd284e6dc 7bbe5fbbecb04c67aaf0e51e1e70f88f 1df9047b14b549089d81bf61621eaab4 - - default default] Unable to schedule network 2ad2948d-95cb-4fbb-bec5-88d5d64799fd: no agents available; will retry on subsequent port and subnet creation events.
2026-07-14 18:46:09.468 9 INFO neutron.db.ovn_revision_numbers_db [None req-e9e556b8-f9fc-45e7-a897-f3cc601d3d61 0ec03b69f9d347b5a57e816125238b9e 0f723fae42e2479ea96e5a1fdc81335c - - default default] Successfully bumped revision number for resource 9b615884-7534-432e-974d-f6f08da9c9a6 (type: security_groups) to 1
2026-07-14 18:46:09.645 9 INFO neutron.db.ovn_revision_numbers_db [None req-e9e556b8-f9fc-45e7-a897-f3cc601d3d61 0ec03b69f9d347b5a57e816125238b9e 0f723fae42e2479ea96e5a1fdc81335c - - default default] Successfully bumped revision number for resource a93c77ab-e359-416a-b7e4-3a97e516b4b5 (type: security_group_rules) to 0
2026-07-14 18:46:09.681 9 INFO neutron.db.ovn_revision_numbers_db [None req-e9e556b8-f9fc-45e7-a897-f3cc601d3d61 0ec03b69f9d347b5a57e816125238b9e 0f723fae42e2479ea96e5a1fdc81335c - - default default] Successfully bumped revision number for resource fe44aa29-ace5-4cec-8b68-08d6fb4727a1 (type: security_group_rules) to 0
2026-07-14 18:46:09.696 10 WARNING neutron.scheduler.dhcp_agent_scheduler [None req-62bf9716-88c2-4fb8-9182-af204c74ca83 7bbe5fbbecb04c67aaf0e51e1e70f88f 1df9047b14b549089d81bf61621eaab4 - - default default] No more DHCP agents
2026-07-14 18:46:09.706 10 WARNING neutron.api.rpc.agentnotifiers.dhcp_rpc_agent_api [None req-62bf9716-88c2-4fb8-9182-af204c74ca83 7bbe5fbbecb04c67aaf0e51e1e70f88f 1df9047b14b549089d81bf61621eaab4 - - default default] Unable to schedule network e68dbe2d-7d1c-43f2-9db5-00f2d13b166c: no agents available; will retry on subsequent port and subnet creation events.
2026-07-14 18:46:09.709 9 INFO neutron.wsgi [None req-e9e556b8-f9fc-45e7-a897-f3cc601d3d61 0ec03b69f9d347b5a57e816125238b9e 0f723fae42e2479ea96e5a1fdc81335c - - default default] 10.0.0.70 "POST /v2.0/security-groups HTTP/1.1" status: 201 len: 1793 time: 0.4062853
2026-07-14 18:46:09.864 10 INFO neutron.db.ovn_revision_numbers_db [None req-598bd44b-5048-4a7e-9acf-8c6e6ddca4d5 - - - - - -] Successfully bumped revision number for resource 4d05b29b-aaca-4aa6-aa98-1bb963b12c56 (type: ports) to 1
2026-07-14 18:46:09.912 9 INFO neutron.db.ovn_revision_numbers_db [None req-2f2f6b0d-f3a4-45ba-822c-08f83cbea98f 0ec03b69f9d347b5a57e816125238b9e 0f723fae42e2479ea96e5a1fdc81335c - - default default] Successfully bumped revision number for resource 2a679dcb-f8fb-45d9-941b-c8043af0fed2 (type: security_group_rules) to 0
2026-07-14 18:46:09.962 9 INFO neutron.wsgi [None req-2f2f6b0d-f3a4-45ba-822c-08f83cbea98f 0ec03b69f9d347b5a57e816125238b9e 0f723fae42e2479ea96e5a1fdc81335c - - default default] 10.0.0.70 "POST /v2.0/security-group-rules HTTP/1.1" status: 201 len: 764 time: 0.2461758
2026-07-14 18:46:10.027 9 INFO neutron.db.ovn_revision_numbers_db [None req-186456ac-2bff-4f04-80d7-1b3dd284e6dc 7bbe5fbbecb04c67aaf0e51e1e70f88f 1df9047b14b549089d81bf61621eaab4 - - default default] Successfully bumped revision number for resource d634d99d-6686-4217-b7ee-42387045ebb4 (type: router_ports) to 1
2026-07-14 18:46:10.030 9 INFO neutron.wsgi [None req-186456ac-2bff-4f04-80d7-1b3dd284e6dc 7bbe5fbbecb04c67aaf0e51e1e70f88f 1df9047b14b549089d81bf61621eaab4 - - default default] 10.0.0.70 "PUT /v2.0/routers/c3af221e-4fa2-4746-9a91-1618f0086ae8/add_router_interface HTTP/1.1" status: 200 len: 503 time: 3.8389413
2026-07-14 18:46:10.093 10 INFO neutron.db.ovn_revision_numbers_db [None req-62bf9716-88c2-4fb8-9182-af204c74ca83 7bbe5fbbecb04c67aaf0e51e1e70f88f 1df9047b14b549089d81bf61621eaab4 - - default default] Successfully bumped revision number for resource 8e7e8595-094c-4a07-9c21-f7a4689ed9ff (type: ports) to 1
2026-07-14 18:46:10.141 9 INFO neutron.db.ovn_revision_numbers_db [None req-0e5cc241-fbd9-4c28-bb6a-51de6f109b63 0ec03b69f9d347b5a57e816125238b9e 0f723fae42e2479ea96e5a1fdc81335c - - default default] Successfully bumped revision number for resource e4e8bdaf-01d5-48f2-8d52-d03a16f0ae05 (type: security_group_rules) to 0
2026-07-14 18:46:10.174 9 INFO neutron.wsgi [None req-0e5cc241-fbd9-4c28-bb6a-51de6f109b63 0ec03b69f9d347b5a57e816125238b9e 0f723fae42e2479ea96e5a1fdc81335c - - default default] 10.0.0.70 "POST /v2.0/security-group-rules HTTP/1.1" status: 201 len: 769 time: 0.2048337
2026-07-14 18:46:10.241 10 INFO neutron.db.ovn_revision_numbers_db [None req-bb49eedd-290c-4d1a-997d-f39d08a43162 7bbe5fbbecb04c67aaf0e51e1e70f88f 1df9047b14b549089d81bf61621eaab4 - - default default] Successfully bumped revision number for resource ca5b02ce-11c1-494a-ba90-a0e34717ada5 (type: router_ports) to 1
2026-07-14 18:46:10.245 10 INFO neutron.wsgi [None req-bb49eedd-290c-4d1a-997d-f39d08a43162 7bbe5fbbecb04c67aaf0e51e1e70f88f 1df9047b14b549089d81bf61621eaab4 - - default default] 10.0.0.70 "PUT /v2.0/routers/1b55b021-5fdb-42d4-8a56-fbf0d467f821/add_router_interface HTTP/1.1" status: 200 len: 503 time: 4.5500250
2026-07-14 18:46:10.467 10 INFO neutron.db.ovn_revision_numbers_db [None req-598bd44b-5048-4a7e-9acf-8c6e6ddca4d5 - - - - - -] Successfully bumped revision number for resource 4d05b29b-aaca-4aa6-aa98-1bb963b12c56 (type: router_ports) to 3
2026-07-14 18:46:10.484 9 WARNING neutron.scheduler.dhcp_agent_scheduler [None req-fe1c6bad-f141-416b-b3a6-2fb19c0f8359 0ec03b69f9d347b5a57e816125238b9e 0f723fae42e2479ea96e5a1fdc81335c - - default default] No more DHCP agents
2026-07-14 18:46:10.488 9 WARNING neutron.api.rpc.agentnotifiers.dhcp_rpc_agent_api [None req-fe1c6bad-f141-416b-b3a6-2fb19c0f8359 0ec03b69f9d347b5a57e816125238b9e 0f723fae42e2479ea96e5a1fdc81335c - - default default] Unable to schedule network e68dbe2d-7d1c-43f2-9db5-00f2d13b166c: no agents available; will retry on subsequent port and subnet creation events.
2026-07-14 18:46:10.638 10 INFO neutron.db.ovn_revision_numbers_db [None req-598bd44b-5048-4a7e-9acf-8c6e6ddca4d5 - - - - - -] Successfully bumped revision number for resource 4d05b29b-aaca-4aa6-aa98-1bb963b12c56 (type: ports) to 2
2026-07-14 18:46:10.696 9 INFO neutron.db.ovn_revision_numbers_db [None req-92753c25-fb1f-43a6-b2d2-edf511f975a2 c12237a6dfff49e5a1a00114cd389b73 902619cb266e42ccb2abf91dd60f5a8e - - default default] Successfully bumped revision number for resource 51a80d37-979f-49e7-8dee-7d113e32803f (type: security_groups) to 1
2026-07-14 18:46:10.733 9 INFO neutron.db.ovn_revision_numbers_db [None req-92753c25-fb1f-43a6-b2d2-edf511f975a2 c12237a6dfff49e5a1a00114cd389b73 902619cb266e42ccb2abf91dd60f5a8e - - default default] Successfully bumped revision number for resource 57b1c04b-07de-49d4-bb49-60a7b3cd2954 (type: security_group_rules) to 0
2026-07-14 18:46:10.769 9 INFO neutron.db.ovn_revision_numbers_db [None req-92753c25-fb1f-43a6-b2d2-edf511f975a2 c12237a6dfff49e5a1a00114cd389b73 902619cb266e42ccb2abf91dd60f5a8e - - default default] Successfully bumped revision number for resource 6f055ac5-1764-4207-b2fc-bf60cb947f9e (type: security_group_rules) to 0
2026-07-14 18:46:10.816 9 INFO neutron.wsgi [None req-92753c25-fb1f-43a6-b2d2-edf511f975a2 c12237a6dfff49e5a1a00114cd389b73 902619cb266e42ccb2abf91dd60f5a8e - - default default] 10.0.0.70 "POST /v2.0/security-groups HTTP/1.1" status: 201 len: 1796 time: 0.2576706
2026-07-14 18:46:10.833 9 INFO neutron.db.ovn_revision_numbers_db [None req-fe1c6bad-f141-416b-b3a6-2fb19c0f8359 0ec03b69f9d347b5a57e816125238b9e 0f723fae42e2479ea96e5a1fdc81335c - - default default] Successfully bumped revision number for resource cce0d737-78e2-4565-acfe-e1f6185cdf64 (type: floatingips) to 0
2026-07-14 18:46:10.858 9 INFO neutron.wsgi [None req-fe1c6bad-f141-416b-b3a6-2fb19c0f8359 0ec03b69f9d347b5a57e816125238b9e 0f723fae42e2479ea96e5a1fdc81335c - - default default] 10.0.0.70 "POST /v2.0/floatingips HTTP/1.1" status: 201 len: 751 time: 0.6795413
2026-07-14 18:46:10.899 9 INFO neutron.db.ovn_revision_numbers_db [None req-66a7cff6-6ddf-4e6a-b7ba-b41ee5a7201a f2a4766ad7254dff986262a22cbf99cc 721a37cd13c9407d96d05a0964cc13f3 - - default default] Successfully bumped revision number for resource e41727ca-8187-43eb-8b0b-8d5a3fec4597 (type: security_groups) to 1
2026-07-14 18:46:10.911 9 INFO neutron.db.ovn_revision_numbers_db [None req-66a7cff6-6ddf-4e6a-b7ba-b41ee5a7201a f2a4766ad7254dff986262a22cbf99cc 721a37cd13c9407d96d05a0964cc13f3 - - default default] Successfully bumped revision number for resource 12e10ac4-db32-460c-b45a-6f48e9e042bd (type: security_group_rules) to 0
2026-07-14 18:46:10.925 9 INFO neutron.db.ovn_revision_numbers_db [None req-66a7cff6-6ddf-4e6a-b7ba-b41ee5a7201a f2a4766ad7254dff986262a22cbf99cc 721a37cd13c9407d96d05a0964cc13f3 - - default default] Successfully bumped revision number for resource d1d2a594-133c-4223-b606-5fbf8be92748 (type: security_group_rules) to 0
2026-07-14 18:46:10.956 9 INFO neutron.wsgi [None req-66a7cff6-6ddf-4e6a-b7ba-b41ee5a7201a f2a4766ad7254dff986262a22cbf99cc 721a37cd13c9407d96d05a0964cc13f3 - - default default] 10.0.0.70 "POST /v2.0/security-groups HTTP/1.1" status: 201 len: 1797 time: 0.2254364
2026-07-14 18:46:11.025 10 INFO neutron.db.ovn_revision_numbers_db [None req-62bf9716-88c2-4fb8-9182-af204c74ca83 7bbe5fbbecb04c67aaf0e51e1e70f88f 1df9047b14b549089d81bf61621eaab4 - - default default] Successfully bumped revision number for resource 8e7e8595-094c-4a07-9c21-f7a4689ed9ff (type: router_ports) to 1
2026-07-14 18:46:11.104 10 INFO neutron.db.ovn_revision_numbers_db [None req-134f8fc3-3dff-4eb5-a336-420dba321a86 c12237a6dfff49e5a1a00114cd389b73 902619cb266e42ccb2abf91dd60f5a8e - - default default] Successfully bumped revision number for resource c11026ff-ba5a-4567-9122-6e82a3ada895 (type: security_group_rules) to 0
2026-07-14 18:46:11.108 9 INFO neutron.db.ovn_revision_numbers_db [None req-36392e73-4f33-4d0a-8903-63a265e833d5 f2a4766ad7254dff986262a22cbf99cc 721a37cd13c9407d96d05a0964cc13f3 - - default default] Successfully bumped revision number for resource 132c420e-7e2b-485f-aa5b-c0caf96dd5b9 (type: security_group_rules) to 0
2026-07-14 18:46:11.134 9 INFO neutron.wsgi [None req-36392e73-4f33-4d0a-8903-63a265e833d5 f2a4766ad7254dff986262a22cbf99cc 721a37cd13c9407d96d05a0964cc13f3 - - default default] 10.0.0.70 "POST /v2.0/security-group-rules HTTP/1.1" status: 201 len: 764 time: 0.1727347
2026-07-14 18:46:11.149 10 INFO neutron.wsgi [None req-134f8fc3-3dff-4eb5-a336-420dba321a86 c12237a6dfff49e5a1a00114cd389b73 902619cb266e42ccb2abf91dd60f5a8e - - default default] 10.0.0.70 "POST /v2.0/security-group-rules HTTP/1.1" status: 201 len: 764 time: 0.3256426
2026-07-14 18:46:11.152 10 INFO neutron.db.ovn_revision_numbers_db [None req-62bf9716-88c2-4fb8-9182-af204c74ca83 7bbe5fbbecb04c67aaf0e51e1e70f88f 1df9047b14b549089d81bf61621eaab4 - - default default] Successfully bumped revision number for resource b9d626c7-4ec9-40bf-b134-b0892f2045e6 (type: routers) to 2
2026-07-14 18:46:11.183 10 INFO neutron.wsgi [None req-62bf9716-88c2-4fb8-9182-af204c74ca83 7bbe5fbbecb04c67aaf0e51e1e70f88f 1df9047b14b549089d81bf61621eaab4 - - default default] 10.0.0.70 "POST /v2.0/routers HTTP/1.1" status: 201 len: 882 time: 2.6617494
2026-07-14 18:46:11.202 10 INFO neutron.db.ovn_revision_numbers_db [None req-598bd44b-5048-4a7e-9acf-8c6e6ddca4d5 - - - - - -] Successfully bumped revision number for resource 4d05b29b-aaca-4aa6-aa98-1bb963b12c56 (type: ports) to 4
2026-07-14 18:46:11.407 10 INFO neutron.db.ovn_revision_numbers_db [None req-957f7c06-edd7-4fd8-b1c8-ef1e097340f8 c12237a6dfff49e5a1a00114cd389b73 902619cb266e42ccb2abf91dd60f5a8e - - default default] Successfully bumped revision number for resource cd44812b-ce30-4e3a-bcfb-fd24feefced5 (type: security_group_rules) to 0
2026-07-14 18:46:11.441 10 INFO neutron.wsgi [None req-957f7c06-edd7-4fd8-b1c8-ef1e097340f8 c12237a6dfff49e5a1a00114cd389b73 902619cb266e42ccb2abf91dd60f5a8e - - default default] 10.0.0.70 "POST /v2.0/security-group-rules HTTP/1.1" status: 201 len: 769 time: 0.2857654
2026-07-14 18:46:11.443 9 INFO neutron.db.ovn_revision_numbers_db [None req-44136e06-6848-49db-a704-e0d5d001b23e f2a4766ad7254dff986262a22cbf99cc 721a37cd13c9407d96d05a0964cc13f3 - - default default] Successfully bumped revision number for resource 5cc44f4c-811f-4d79-9fe2-c1cd55d9e5d6 (type: security_group_rules) to 0
2026-07-14 18:46:11.481 9 INFO neutron.wsgi [None req-44136e06-6848-49db-a704-e0d5d001b23e f2a4766ad7254dff986262a22cbf99cc 721a37cd13c9407d96d05a0964cc13f3 - - default default] 10.0.0.70 "POST /v2.0/security-group-rules HTTP/1.1" status: 201 len: 769 time: 0.3424978
2026-07-14 18:46:11.526 10 INFO neutron.db.ovn_revision_numbers_db [None req-598bd44b-5048-4a7e-9acf-8c6e6ddca4d5 - - - - - -] Successfully bumped revision number for resource 4d05b29b-aaca-4aa6-aa98-1bb963b12c56 (type: router_ports) to 4
2026-07-14 18:46:11.564 10 INFO neutron.plugins.ml2.drivers.ovn.mech_driver.ovsdb.ovsdb_monitor [None req-598bd44b-5048-4a7e-9acf-8c6e6ddca4d5 - - - - - -] Router b9d626c7-4ec9-40bf-b134-b0892f2045e6 is bound to host instance
2026-07-14 18:46:11.836 9 INFO neutron.wsgi [req-d4e649e7-37f0-4185-8d0e-dbd5f5ca4356 req-70640d49-e80e-4927-807e-0fddda584e97 0ec03b69f9d347b5a57e816125238b9e 0f723fae42e2479ea96e5a1fdc81335c - - default default] 10.0.0.200 "GET /v2.0/security-groups?name=tempest-securitygroup--421105914&fields=id&tenant_id=0f723fae42e2479ea96e5a1fdc81335c HTTP/1.1" status: 200 len: 267 time: 0.0796423
2026-07-14 18:46:11.841 9 WARNING neutron.scheduler.dhcp_agent_scheduler [None req-8df8adad-7689-484f-b86d-628571b48c5d f2a4766ad7254dff986262a22cbf99cc 721a37cd13c9407d96d05a0964cc13f3 - - default default] No more DHCP agents
2026-07-14 18:46:11.843 9 WARNING neutron.api.rpc.agentnotifiers.dhcp_rpc_agent_api [None req-8df8adad-7689-484f-b86d-628571b48c5d f2a4766ad7254dff986262a22cbf99cc 721a37cd13c9407d96d05a0964cc13f3 - - default default] Unable to schedule network e68dbe2d-7d1c-43f2-9db5-00f2d13b166c: no agents available; will retry on subsequent port and subnet creation events.
2026-07-14 18:46:11.885 9 WARNING neutron.scheduler.dhcp_agent_scheduler [None req-502c639e-4dfb-49ee-a847-01f44e0f3e68 7bbe5fbbecb04c67aaf0e51e1e70f88f 1df9047b14b549089d81bf61621eaab4 - - default default] No more DHCP agents
2026-07-14 18:46:11.897 9 WARNING neutron.api.rpc.agentnotifiers.dhcp_rpc_agent_api [None req-502c639e-4dfb-49ee-a847-01f44e0f3e68 7bbe5fbbecb04c67aaf0e51e1e70f88f 1df9047b14b549089d81bf61621eaab4 - - default default] Unable to schedule network 0a6dc6a1-91ab-41ab-92c5-871bfeed7acb: no agents available; will retry on subsequent port and subnet creation events.
2026-07-14 18:46:11.939 10 WARNING neutron.scheduler.dhcp_agent_scheduler [None req-a7d29ace-e192-4efb-aee4-c7cdb3dec4a9 c12237a6dfff49e5a1a00114cd389b73 902619cb266e42ccb2abf91dd60f5a8e - - default default] No more DHCP agents
2026-07-14 18:46:11.945 10 WARNING neutron.api.rpc.agentnotifiers.dhcp_rpc_agent_api [None req-a7d29ace-e192-4efb-aee4-c7cdb3dec4a9 c12237a6dfff49e5a1a00114cd389b73 902619cb266e42ccb2abf91dd60f5a8e - - default default] Unable to schedule network e68dbe2d-7d1c-43f2-9db5-00f2d13b166c: no agents available; will retry on subsequent port and subnet creation events.
2026-07-14 18:46:11.992 10 INFO neutron.plugins.ml2.drivers.ovn.mech_driver.mech_driver [None req-7ccc5585-02c5-47af-ba20-a251c21aa15d - - - - - -] OVN reports status up for port: d634d99d-6686-4217-b7ee-42387045ebb4
2026-07-14 18:46:12.021 10 INFO neutron.plugins.ml2.plugin [None req-7ccc5585-02c5-47af-ba20-a251c21aa15d - - - - - -] Attempt 1 to provision port d634d99d-6686-4217-b7ee-42387045ebb4
2026-07-14 18:46:12.046 9 INFO neutron.wsgi [req-d4e649e7-37f0-4185-8d0e-dbd5f5ca4356 req-78d743e4-b863-420d-8022-e0c1e568807f 0ec03b69f9d347b5a57e816125238b9e 0f723fae42e2479ea96e5a1fdc81335c - - default default] 10.0.0.200 "GET /v2.0/networks?id=f67df47c-e361-4fab-a5e7-0cdb5e0afbbd HTTP/1.1" status: 200 len: 875 time: 0.2003324
2026-07-14 18:46:12.084 9 INFO neutron.wsgi [req-d4e649e7-37f0-4185-8d0e-dbd5f5ca4356 req-034babc9-58b4-49c9-86df-d7fc95c50d0a 0ec03b69f9d347b5a57e816125238b9e 0f723fae42e2479ea96e5a1fdc81335c - - default default] 10.0.0.200 "GET /v2.0/quotas/0f723fae42e2479ea96e5a1fdc81335c HTTP/1.1" status: 200 len: 386 time: 0.0267737
2026-07-14 18:46:12.257 9 INFO neutron.db.ovn_revision_numbers_db [None req-502c639e-4dfb-49ee-a847-01f44e0f3e68 7bbe5fbbecb04c67aaf0e51e1e70f88f 1df9047b14b549089d81bf61621eaab4 - - default default] Successfully bumped revision number for resource b57cc00f-c980-4a3b-8826-98f478e42d3f (type: ports) to 1
2026-07-14 18:46:12.263 9 INFO neutron.wsgi [req-d4e649e7-37f0-4185-8d0e-dbd5f5ca4356 req-217f6aac-7f2c-4a44-944e-c4d24ed1edc8 0ec03b69f9d347b5a57e816125238b9e 0f723fae42e2479ea96e5a1fdc81335c - - default default] 10.0.0.200 "GET /v2.0/ports?tenant_id=0f723fae42e2479ea96e5a1fdc81335c&fields=id HTTP/1.1" status: 200 len: 302 time: 0.1678772
2026-07-14 18:46:12.576 9 INFO neutron.db.ovn_revision_numbers_db [None req-8df8adad-7689-484f-b86d-628571b48c5d f2a4766ad7254dff986262a22cbf99cc 721a37cd13c9407d96d05a0964cc13f3 - - default default] Successfully bumped revision number for resource 93109af7-1c7a-41b0-b887-3ed3e7111d42 (type: floatingips) to 0
2026-07-14 18:46:12.592 9 INFO neutron.wsgi [None req-8df8adad-7689-484f-b86d-628571b48c5d f2a4766ad7254dff986262a22cbf99cc 721a37cd13c9407d96d05a0964cc13f3 - - default default] 10.0.0.70 "POST /v2.0/floatingips HTTP/1.1" status: 201 len: 751 time: 1.1061358
2026-07-14 18:46:12.611 10 INFO neutron.db.ovn_revision_numbers_db [None req-a7d29ace-e192-4efb-aee4-c7cdb3dec4a9 c12237a6dfff49e5a1a00114cd389b73 902619cb266e42ccb2abf91dd60f5a8e - - default default] Successfully bumped revision number for resource e7e86cde-635c-4667-b767-da0dba85c4ed (type: floatingips) to 0
2026-07-14 18:46:12.628 10 INFO neutron.db.ovn_revision_numbers_db [None req-598bd44b-5048-4a7e-9acf-8c6e6ddca4d5 - - - - - -] Successfully bumped revision number for resource 8e7e8595-094c-4a07-9c21-f7a4689ed9ff (type: ports) to 1
2026-07-14 18:46:12.639 10 INFO neutron.wsgi [None req-a7d29ace-e192-4efb-aee4-c7cdb3dec4a9 c12237a6dfff49e5a1a00114cd389b73 902619cb266e42ccb2abf91dd60f5a8e - - default default] 10.0.0.70 "POST /v2.0/floatingips HTTP/1.1" status: 201 len: 751 time: 1.1927037
2026-07-14 18:46:12.715 10 INFO neutron.db.ovn_revision_numbers_db [None req-7ccc5585-02c5-47af-ba20-a251c21aa15d - - - - - -] Successfully bumped revision number for resource d634d99d-6686-4217-b7ee-42387045ebb4 (type: ports) to 2
2026-07-14 18:46:12.744 9 INFO neutron.wsgi [req-d4e649e7-37f0-4185-8d0e-dbd5f5ca4356 req-2e2a7e28-2079-453b-9058-01a30fce695d bc039332a626462b80a111b4b2ecb280 929db5240b3249239d5e1afb01ba49bf - - 836454d2791c49c1902648f62b0f7497 836454d2791c49c1902648f62b0f7497] 10.0.0.200 "GET /v2.0/extensions HTTP/1.1" status: 200 len: 16525 time: 0.0703623
2026-07-14 18:46:12.837 9 INFO neutron.wsgi [req-d4e649e7-37f0-4185-8d0e-dbd5f5ca4356 req-ed0c93d4-577a-4f49-8847-91da1e949e38 bc039332a626462b80a111b4b2ecb280 929db5240b3249239d5e1afb01ba49bf - - 836454d2791c49c1902648f62b0f7497 836454d2791c49c1902648f62b0f7497] 10.0.0.200 "GET /v2.0/networks/f67df47c-e361-4fab-a5e7-0cdb5e0afbbd?fields=segments HTTP/1.1" status: 200 len: 212 time: 0.0793371
2026-07-14 18:46:12.958 9 INFO neutron.wsgi [req-d4e649e7-37f0-4185-8d0e-dbd5f5ca4356 req-9887e287-d5f2-4c75-828b-100ba4bf8838 bc039332a626462b80a111b4b2ecb280 929db5240b3249239d5e1afb01ba49bf - - 836454d2791c49c1902648f62b0f7497 836454d2791c49c1902648f62b0f7497] 10.0.0.200 "GET /v2.0/networks/f67df47c-e361-4fab-a5e7-0cdb5e0afbbd?fields=provider%3Aphysical_network&fields=provider%3Anetwork_type HTTP/1.1" status: 200 len: 277 time: 0.1145017
2026-07-14 18:46:12.979 10 INFO neutron.db.ovn_revision_numbers_db [None req-7ccc5585-02c5-47af-ba20-a251c21aa15d - - - - - -] Successfully bumped revision number for resource d634d99d-6686-4217-b7ee-42387045ebb4 (type: router_ports) to 2
2026-07-14 18:46:13.107 9 INFO neutron.db.ovn_revision_numbers_db [None req-502c639e-4dfb-49ee-a847-01f44e0f3e68 7bbe5fbbecb04c67aaf0e51e1e70f88f 1df9047b14b549089d81bf61621eaab4 - - default default] Successfully bumped revision number for resource b57cc00f-c980-4a3b-8826-98f478e42d3f (type: router_ports) to 1
2026-07-14 18:46:13.277 9 INFO neutron.wsgi [req-7671b67f-a506-4c28-a687-8fcd82a6e25d req-3c7785ca-09ed-4c80-80bd-dc1f1e7000cf 0ec03b69f9d347b5a57e816125238b9e 0f723fae42e2479ea96e5a1fdc81335c - - default default] 10.0.0.200 "GET /v2.0/ports?device_id=d3f32a75-4aa7-48ae-abbe-79070d078c55 HTTP/1.1" status: 200 len: 210 time: 0.0521350
2026-07-14 18:46:13.343 9 INFO neutron.db.ovn_revision_numbers_db [None req-502c639e-4dfb-49ee-a847-01f44e0f3e68 7bbe5fbbecb04c67aaf0e51e1e70f88f 1df9047b14b549089d81bf61621eaab4 - - default default] Successfully bumped revision number for resource b57cc00f-c980-4a3b-8826-98f478e42d3f (type: ports) to 1
2026-07-14 18:46:13.417 10 INFO neutron.db.ovn_revision_numbers_db [None req-598bd44b-5048-4a7e-9acf-8c6e6ddca4d5 - - - - - -] Successfully bumped revision number for resource 8e7e8595-094c-4a07-9c21-f7a4689ed9ff (type: router_ports) to 3
2026-07-14 18:46:13.445 9 WARNING neutron.scheduler.dhcp_agent_scheduler [None req-502c639e-4dfb-49ee-a847-01f44e0f3e68 7bbe5fbbecb04c67aaf0e51e1e70f88f 1df9047b14b549089d81bf61621eaab4 - - default default] No more DHCP agents
2026-07-14 18:46:13.447 9 WARNING neutron.api.rpc.agentnotifiers.dhcp_rpc_agent_api [None req-502c639e-4dfb-49ee-a847-01f44e0f3e68 7bbe5fbbecb04c67aaf0e51e1e70f88f 1df9047b14b549089d81bf61621eaab4 - - default default] Unable to schedule network 0a6dc6a1-91ab-41ab-92c5-871bfeed7acb: no agents available; will retry on subsequent port and subnet creation events.
2026-07-14 18:46:13.570 10 INFO neutron.db.ovn_revision_numbers_db [None req-598bd44b-5048-4a7e-9acf-8c6e6ddca4d5 - - - - - -] Successfully bumped revision number for resource 8e7e8595-094c-4a07-9c21-f7a4689ed9ff (type: ports) to 2
2026-07-14 18:46:13.633 10 INFO neutron.wsgi [req-7d1e642a-1945-44ab-9edf-d07743590ae5 req-eecb7edd-9ca0-4b2a-949a-d8b76eeeba82 f2a4766ad7254dff986262a22cbf99cc 721a37cd13c9407d96d05a0964cc13f3 - - default default] 10.0.0.200 "GET /v2.0/security-groups?name=tempest-securitygroup--2095724354&fields=id&tenant_id=721a37cd13c9407d96d05a0964cc13f3 HTTP/1.1" status: 200 len: 267 time: 0.0504673
2026-07-14 18:46:13.759 10 INFO neutron.wsgi [req-7d1e642a-1945-44ab-9edf-d07743590ae5 req-df406d70-c56a-4a5d-a07b-42b446b85869 f2a4766ad7254dff986262a22cbf99cc 721a37cd13c9407d96d05a0964cc13f3 - - default default] 10.0.0.200 "GET /v2.0/networks?id=f2326210-55b3-49e8-b2f6-24b523c8080e HTTP/1.1" status: 200 len: 869 time: 0.1163347
2026-07-14 18:46:13.779 10 INFO neutron.wsgi [req-7d1e642a-1945-44ab-9edf-d07743590ae5 req-72b497d0-34a9-4a35-a5f9-eaafa025e758 f2a4766ad7254dff986262a22cbf99cc 721a37cd13c9407d96d05a0964cc13f3 - - default default] 10.0.0.200 "GET /v2.0/quotas/721a37cd13c9407d96d05a0964cc13f3 HTTP/1.1" status: 200 len: 386 time: 0.0152323
2026-07-14 18:46:13.953 10 INFO neutron.wsgi [req-7d1e642a-1945-44ab-9edf-d07743590ae5 req-2ba9e644-3935-42ea-a3e5-3c101b83a07b f2a4766ad7254dff986262a22cbf99cc 721a37cd13c9407d96d05a0964cc13f3 - - default default] 10.0.0.200 "GET /v2.0/ports?tenant_id=721a37cd13c9407d96d05a0964cc13f3&fields=id HTTP/1.1" status: 200 len: 302 time: 0.1667004
2026-07-14 18:46:13.972 10 INFO neutron.db.ovn_revision_numbers_db [None req-598bd44b-5048-4a7e-9acf-8c6e6ddca4d5 - - - - - -] Successfully bumped revision number for resource 8e7e8595-094c-4a07-9c21-f7a4689ed9ff (type: ports) to 4
2026-07-14 18:46:14.242 9 WARNING neutron.plugins.ml2.drivers.ovn.mech_driver.ovsdb.ovn_client [None req-715a825c-8b9b-440a-a22e-2dd40be042ea - - - - - -] No hosting information found for port 9bf5940a-6478-4a6e-a952-9141208a46e0: RuntimeError: No hosting information found for port 9bf5940a-6478-4a6e-a952-9141208a46e0
2026-07-14 18:46:14.244 9 INFO neutron.plugins.ml2.drivers.ovn.mech_driver.mech_driver [None req-715a825c-8b9b-440a-a22e-2dd40be042ea - - - - - -] OVN reports status up for port: ca5b02ce-11c1-494a-ba90-a0e34717ada5
2026-07-14 18:46:14.265 9 INFO neutron.plugins.ml2.plugin [None req-715a825c-8b9b-440a-a22e-2dd40be042ea - - - - - -] Attempt 1 to provision port ca5b02ce-11c1-494a-ba90-a0e34717ada5
2026-07-14 18:46:14.278 10 INFO neutron.db.ovn_revision_numbers_db [None req-598bd44b-5048-4a7e-9acf-8c6e6ddca4d5 - - - - - -] Successfully bumped revision number for resource 8e7e8595-094c-4a07-9c21-f7a4689ed9ff (type: router_ports) to 4
2026-07-14 18:46:14.432 10 INFO neutron.wsgi [req-7d1e642a-1945-44ab-9edf-d07743590ae5 req-7edc91dd-cf83-4d15-8fe4-7b49f7cc06a4 bc039332a626462b80a111b4b2ecb280 929db5240b3249239d5e1afb01ba49bf - - 836454d2791c49c1902648f62b0f7497 836454d2791c49c1902648f62b0f7497] 10.0.0.200 "GET /v2.0/extensions HTTP/1.1" status: 200 len: 16525 time: 0.1089480
2026-07-14 18:46:14.510 10 INFO neutron.wsgi [req-7d1e642a-1945-44ab-9edf-d07743590ae5 req-22a52b1a-19cb-4225-8ca4-8f92cf02106d bc039332a626462b80a111b4b2ecb280 929db5240b3249239d5e1afb01ba49bf - - 836454d2791c49c1902648f62b0f7497 836454d2791c49c1902648f62b0f7497] 10.0.0.200 "GET /v2.0/networks/f2326210-55b3-49e8-b2f6-24b523c8080e?fields=segments HTTP/1.1" status: 200 len: 212 time: 0.0731015
2026-07-14 18:46:14.534 9 INFO neutron.db.ovn_revision_numbers_db [None req-502c639e-4dfb-49ee-a847-01f44e0f3e68 7bbe5fbbecb04c67aaf0e51e1e70f88f 1df9047b14b549089d81bf61621eaab4 - - default default] Successfully bumped revision number for resource b57cc00f-c980-4a3b-8826-98f478e42d3f (type: router_ports) to 1
2026-07-14 18:46:14.537 9 INFO neutron.wsgi [None req-502c639e-4dfb-49ee-a847-01f44e0f3e68 7bbe5fbbecb04c67aaf0e51e1e70f88f 1df9047b14b549089d81bf61621eaab4 - - default default] 10.0.0.70 "PUT /v2.0/routers/b9d626c7-4ec9-40bf-b134-b0892f2045e6/add_router_interface HTTP/1.1" status: 200 len: 503 time: 3.3461244
2026-07-14 18:46:14.567 10 INFO neutron.wsgi [req-7d1e642a-1945-44ab-9edf-d07743590ae5 req-3b9772f2-d2ec-449f-a1a3-c798ad2effcd bc039332a626462b80a111b4b2ecb280 929db5240b3249239d5e1afb01ba49bf - - 836454d2791c49c1902648f62b0f7497 836454d2791c49c1902648f62b0f7497] 10.0.0.200 "GET /v2.0/networks/f2326210-55b3-49e8-b2f6-24b523c8080e?fields=provider%3Aphysical_network&fields=provider%3Anetwork_type HTTP/1.1" status: 200 len: 277 time: 0.0499849
2026-07-14 18:46:14.582 9 INFO neutron.wsgi [req-73dc6865-31e1-4337-aa45-67f9d3cbb266 req-06487f0a-3344-438b-9e44-6291124956f6 0ec03b69f9d347b5a57e816125238b9e 0f723fae42e2479ea96e5a1fdc81335c - - default default] 10.0.0.200 "GET /v2.0/ports?device_id=d3f32a75-4aa7-48ae-abbe-79070d078c55 HTTP/1.1" status: 200 len: 210 time: 0.0382988
2026-07-14 18:46:14.646 9 INFO neutron.db.ovn_revision_numbers_db [None req-715a825c-8b9b-440a-a22e-2dd40be042ea - - - - - -] Successfully bumped revision number for resource ca5b02ce-11c1-494a-ba90-a0e34717ada5 (type: ports) to 2
2026-07-14 18:46:14.779 9 INFO neutron.wsgi [req-5e760e8c-e670-4c68-8d36-68a1d98b23ab req-4a32bdfc-ea87-4554-bd42-ed8c4c431947 f2a4766ad7254dff986262a22cbf99cc 721a37cd13c9407d96d05a0964cc13f3 - - default default] 10.0.0.200 "GET /v2.0/ports?device_id=7182c4eb-207e-4387-8579-4c5575655cdd HTTP/1.1" status: 200 len: 210 time: 0.0252409
2026-07-14 18:46:14.809 9 INFO neutron.db.ovn_revision_numbers_db [None req-715a825c-8b9b-440a-a22e-2dd40be042ea - - - - - -] Successfully bumped revision number for resource ca5b02ce-11c1-494a-ba90-a0e34717ada5 (type: router_ports) to 2
2026-07-14 18:46:14.862 9 INFO neutron.wsgi [req-d4e649e7-37f0-4185-8d0e-dbd5f5ca4356 req-9f606d22-9bb2-496a-a5f6-ee607bbedbf4 0ec03b69f9d347b5a57e816125238b9e 0f723fae42e2479ea96e5a1fdc81335c - - default default] 199.204.45.210 "GET /v2.0/networks?id=f67df47c-e361-4fab-a5e7-0cdb5e0afbbd HTTP/1.1" status: 200 len: 875 time: 0.1543906
2026-07-14 18:46:14.949 9 INFO neutron.wsgi [req-d4e649e7-37f0-4185-8d0e-dbd5f5ca4356 req-d08c2348-2b6c-42bb-899f-93f66b5faf9e 0ec03b69f9d347b5a57e816125238b9e 0f723fae42e2479ea96e5a1fdc81335c - - default default] 199.204.45.210 "GET /v2.0/security-groups?fields=id&fields=name&tenant_id=0f723fae42e2479ea96e5a1fdc81335c HTTP/1.1" status: 200 len: 379 time: 0.0633345
2026-07-14 18:46:15.201 10 INFO neutron.db.ovn_revision_numbers_db [req-f6e9580d-7e56-46d4-955a-a1fccafbef3f req-cf832f84-dcb5-4e5f-bbcd-9a4cf7f4ea61 f5634168446f4c5d949dd9f30b6b7640 d86bcfde8df2409ea724b59f4607673d - - default default] Successfully bumped revision number for resource 6cf7d2f7-4077-4038-8ff4-e0b4b7ce6d81 (type: security_groups) to 1
2026-07-14 18:46:15.219 10 INFO neutron.db.ovn_revision_numbers_db [req-f6e9580d-7e56-46d4-955a-a1fccafbef3f req-cf832f84-dcb5-4e5f-bbcd-9a4cf7f4ea61 f5634168446f4c5d949dd9f30b6b7640 d86bcfde8df2409ea724b59f4607673d - - default default] Successfully bumped revision number for resource 0b641851-9acd-4ee1-8952-45a7e753a8a4 (type: security_group_rules) to 0
2026-07-14 18:46:15.238 10 INFO neutron.db.ovn_revision_numbers_db [req-f6e9580d-7e56-46d4-955a-a1fccafbef3f req-cf832f84-dcb5-4e5f-bbcd-9a4cf7f4ea61 f5634168446f4c5d949dd9f30b6b7640 d86bcfde8df2409ea724b59f4607673d - - default default] Successfully bumped revision number for resource 31c89a28-5ea5-40d3-9df2-378a25ca742c (type: security_group_rules) to 0
2026-07-14 18:46:15.272 10 INFO neutron.wsgi [req-f6e9580d-7e56-46d4-955a-a1fccafbef3f req-cf832f84-dcb5-4e5f-bbcd-9a4cf7f4ea61 f5634168446f4c5d949dd9f30b6b7640 d86bcfde8df2409ea724b59f4607673d - - default default] 10.0.0.200 "POST /v2.0/security-groups HTTP/1.1" status: 201 len: 1827 time: 0.2114995
2026-07-14 18:46:15.346 9 INFO neutron.wsgi [req-049a6a38-05c1-4a78-853f-0a8aa1417649 req-6e49eaab-8016-4cca-8ea9-e15b50cd4615 f5634168446f4c5d949dd9f30b6b7640 d86bcfde8df2409ea724b59f4607673d - - default default] 10.0.0.200 "GET /v2.0/security-groups/6cf7d2f7-4077-4038-8ff4-e0b4b7ce6d81 HTTP/1.1" status: 200 len: 1822 time: 0.0515187
2026-07-14 18:46:15.441 9 WARNING neutron.scheduler.dhcp_agent_scheduler [req-d4e649e7-37f0-4185-8d0e-dbd5f5ca4356 req-19ed547e-e41d-4365-b6e3-1775ae9d45f6 0ec03b69f9d347b5a57e816125238b9e 0f723fae42e2479ea96e5a1fdc81335c - - default default] No more DHCP agents
2026-07-14 18:46:15.446 9 WARNING neutron.api.rpc.agentnotifiers.dhcp_rpc_agent_api [req-d4e649e7-37f0-4185-8d0e-dbd5f5ca4356 req-19ed547e-e41d-4365-b6e3-1775ae9d45f6 0ec03b69f9d347b5a57e816125238b9e 0f723fae42e2479ea96e5a1fdc81335c - - default default] Unable to schedule network f67df47c-e361-4fab-a5e7-0cdb5e0afbbd: no agents available; will retry on subsequent port and subnet creation events.
