2026-07-14 18:49:33.029 9 INFO neutron.wsgi [req-1b4bd881-3890-4dee-859b-93b545b6afe1 req-d6190a5c-684d-4c43-b6d6-81375f3c2b4b bc039332a626462b80a111b4b2ecb280 929db5240b3249239d5e1afb01ba49bf - - 836454d2791c49c1902648f62b0f7497 836454d2791c49c1902648f62b0f7497] 10.0.0.200 "GET /v2.0/networks/b9227e9e-321d-439d-b121-b62ed845ef0a?fields=provider%3Aphysical_network&fields=provider%3Anetwork_type HTTP/1.1" status: 200 len: 277 time: 0.0730522
2026-07-14 18:49:33.086 10 INFO neutron.wsgi [None req-624316fe-549d-4ac7-a6c2-4ecc93730107 17aa007116bb4dd2a5662bafe8328080 7554f6722f6d46cf8082d35010abdbfe - - default default] 10.0.0.70 "GET /v2.0/networks?not-tags-any=red%2Cblue HTTP/1.1" status: 200 len: 2069 time: 0.1366613
2026-07-14 18:49:33.191 10 INFO neutron.wsgi [req-aa67850d-426e-4e6d-83ba-fa4c0dd5acf1 req-03da282b-f623-4703-ae50-2319d697863f 51057ac50efd49fea94c59dfd313f6ea 704ca95536d240089d89f018d296e8ac - - default default] 10.0.0.200 "GET /v2.0/ports?device_id=64c6a654-d930-4d52-8437-575f408ac21b HTTP/1.1" status: 200 len: 210 time: 0.0294750
2026-07-14 18:49:33.205 9 INFO neutron.wsgi [None req-c2a740cc-54a2-4713-8332-4b3112990645 7bbe5fbbecb04c67aaf0e51e1e70f88f 1df9047b14b549089d81bf61621eaab4 - - default default] 10.0.0.70 "GET /v2.0/security-groups?tenant_id=9ad8df64b990498896c8247958444470&name=default HTTP/1.1" status: 200 len: 2996 time: 0.0425599
2026-07-14 18:49:33.433 9 INFO neutron.wsgi [None req-7a874d0d-80fb-4280-b2c5-c9d539d8292e 7bbe5fbbecb04c67aaf0e51e1e70f88f 1df9047b14b549089d81bf61621eaab4 - - default default] 10.0.0.70 "DELETE /v2.0/security-groups/798303eb-9ada-459d-bd9a-e2f68466e988 HTTP/1.1" status: 204 len: 168 time: 0.2233605
2026-07-14 18:49:33.611 10 INFO neutron.services.segments.plugin [-] Segment 71cfb834-b0e9-4651-bf81-d45b496c6298 resource provider aggregate not found
2026-07-14 18:49:33.620 10 INFO neutron.services.segments.plugin [-] Segment 71cfb834-b0e9-4651-bf81-d45b496c6298 resource provider aggregate not found
2026-07-14 18:49:33.638 10 INFO neutron.services.segments.plugin [-] Segment 71cfb834-b0e9-4651-bf81-d45b496c6298 resource provider not found; error: Placement Client Error (4xx): {"errors": [{"status": 404, "title": "Not Found", "detail": "The resource could not be found.\n\n No resource provider with uuid 71cfb834-b0e9-4651-bf81-d45b496c6298 found for delete ", "request_id": "req-eb090b12-5a5f-413f-a2a5-4cafe4b6143b"}]}
2026-07-14 18:49:33.652 10 INFO neutron.services.segments.plugin [-] Segment 71cfb834-b0e9-4651-bf81-d45b496c6298 resource provider not found; error: Placement Client Error (4xx): {"errors": [{"status": 404, "title": "Not Found", "detail": "The resource could not be found.\n\n No resource provider with uuid 71cfb834-b0e9-4651-bf81-d45b496c6298 found for delete ", "request_id": "req-3587972c-b917-45d9-b5de-17cd5eb8dd3a"}]}
2026-07-14 18:49:33.672 10 INFO neutron.wsgi [None req-db43a406-f823-43c1-8c6f-e264b394750d 17aa007116bb4dd2a5662bafe8328080 7554f6722f6d46cf8082d35010abdbfe - - default default] 10.0.0.70 "DELETE /v2.0/networks/e8b023b0-33c9-472c-a4e7-df51ac9ed386 HTTP/1.1" status: 204 len: 168 time: 0.5793669
2026-07-14 18:49:33.935 9 INFO neutron.wsgi [req-1b4bd881-3890-4dee-859b-93b545b6afe1 req-82fe24a2-86ab-44be-a0a8-64afb7f85f8b 51057ac50efd49fea94c59dfd313f6ea 704ca95536d240089d89f018d296e8ac - - default default] 199.204.45.210 "GET /v2.0/networks?id=b9227e9e-321d-439d-b121-b62ed845ef0a HTTP/1.1" status: 200 len: 872 time: 0.0843430
2026-07-14 18:49:34.110 10 INFO neutron.wsgi [None req-faa633e9-96ba-4b51-ba89-5a56a333d6c8 17aa007116bb4dd2a5662bafe8328080 7554f6722f6d46cf8082d35010abdbfe - - default default] 10.0.0.70 "DELETE /v2.0/networks/4d66f0b7-e6bf-49cf-96a4-3e8ea9336e6a HTTP/1.1" status: 204 len: 168 time: 0.4263580
2026-07-14 18:49:34.282 9 INFO neutron.wsgi [req-a69bfe8c-68f3-493a-98f4-daaf4e353b0c req-b8b8accd-fbeb-457d-b2d1-0671a30f2b64 51057ac50efd49fea94c59dfd313f6ea 704ca95536d240089d89f018d296e8ac - - default default] 10.0.0.200 "GET /v2.0/ports?device_id=64c6a654-d930-4d52-8437-575f408ac21b HTTP/1.1" status: 200 len: 210 time: 0.0280759
2026-07-14 18:49:34.332 9 WARNING neutron.scheduler.dhcp_agent_scheduler [req-1b4bd881-3890-4dee-859b-93b545b6afe1 req-5e3dc34f-63d1-4e26-a209-e747c5d7615e 51057ac50efd49fea94c59dfd313f6ea 704ca95536d240089d89f018d296e8ac - - default default] No more DHCP agents
2026-07-14 18:49:34.334 9 WARNING neutron.api.rpc.agentnotifiers.dhcp_rpc_agent_api [req-1b4bd881-3890-4dee-859b-93b545b6afe1 req-5e3dc34f-63d1-4e26-a209-e747c5d7615e 51057ac50efd49fea94c59dfd313f6ea 704ca95536d240089d89f018d296e8ac - - default default] Unable to schedule network b9227e9e-321d-439d-b121-b62ed845ef0a: no agents available; will retry on subsequent port and subnet creation events.
2026-07-14 18:49:34.507 10 INFO neutron.wsgi [None req-7400bd1b-893c-4938-aa4d-00f0be45703f 17aa007116bb4dd2a5662bafe8328080 7554f6722f6d46cf8082d35010abdbfe - - default default] 10.0.0.70 "DELETE /v2.0/networks/405c25e0-f0ad-49a9-ad54-ffccc757a8bd HTTP/1.1" status: 204 len: 168 time: 0.3907301 /var/lib/openstack/lib/python3.10/site-packages/pycadf/identifier.py:71: UserWarning: Invalid uuid: neutron. To ensure interoperability, identifiers should be a valid uuid. warnings.warn(('Invalid uuid: %s. To ensure interoperability, '
2026-07-14 18:49:34.520 9 INFO neutron.db.ovn_revision_numbers_db [req-1b4bd881-3890-4dee-859b-93b545b6afe1 req-5e3dc34f-63d1-4e26-a209-e747c5d7615e 51057ac50efd49fea94c59dfd313f6ea 704ca95536d240089d89f018d296e8ac - - default default] Successfully bumped revision number for resource 0be51409-eb37-4341-b2ac-dfd622324f50 (type: ports) to 1
2026-07-14 18:49:34.564 9 INFO neutron.wsgi [req-1b4bd881-3890-4dee-859b-93b545b6afe1 req-5e3dc34f-63d1-4e26-a209-e747c5d7615e 51057ac50efd49fea94c59dfd313f6ea 704ca95536d240089d89f018d296e8ac - - default default] 199.204.45.210 "POST /v2.0/ports HTTP/1.1" status: 201 len: 1158 time: 0.6224802
2026-07-14 18:49:35.063 9 INFO neutron.services.segments.plugin [-] Segment 9c6c4f1a-ba29-4e90-aaa8-5049e6b563b4 resource provider aggregate not found
2026-07-14 18:49:35.069 9 INFO neutron.services.segments.plugin [-] Segment 9c6c4f1a-ba29-4e90-aaa8-5049e6b563b4 resource provider aggregate not found
2026-07-14 18:49:35.081 9 INFO neutron.services.segments.plugin [-] Segment 9c6c4f1a-ba29-4e90-aaa8-5049e6b563b4 resource provider not found; error: Placement Client Error (4xx): {"errors": [{"status": 404, "title": "Not Found", "detail": "The resource could not be found.\n\n No resource provider with uuid 9c6c4f1a-ba29-4e90-aaa8-5049e6b563b4 found for delete ", "request_id": "req-8a0064b8-e17f-4662-bf33-80b84fd5b3d3"}]}
2026-07-14 18:49:35.087 9 INFO neutron.services.segments.plugin [-] Segment 9c6c4f1a-ba29-4e90-aaa8-5049e6b563b4 resource provider not found; error: Placement Client Error (4xx): {"errors": [{"status": 404, "title": "Not Found", "detail": "The resource could not be found.\n\n No resource provider with uuid 9c6c4f1a-ba29-4e90-aaa8-5049e6b563b4 found for delete ", "request_id": "req-9eb048d3-f759-4cf4-8039-f3183efd1124"}]}
2026-07-14 18:49:35.122 9 INFO neutron.wsgi [None req-6ffee581-5168-4645-a8d8-9317d67baf5d 17aa007116bb4dd2a5662bafe8328080 7554f6722f6d46cf8082d35010abdbfe - - default default] 10.0.0.70 "DELETE /v2.0/networks/c561801d-1446-4599-8052-d8d7d3a414da HTTP/1.1" status: 204 len: 168 time: 0.6095181
2026-07-14 18:49:35.182 9 INFO neutron.db.ovn_revision_numbers_db [req-1b4bd881-3890-4dee-859b-93b545b6afe1 req-bffeb606-0973-477a-9bf5-ea3bc6c9825e bc039332a626462b80a111b4b2ecb280 929db5240b3249239d5e1afb01ba49bf - - 836454d2791c49c1902648f62b0f7497 836454d2791c49c1902648f62b0f7497] Successfully bumped revision number for resource 0be51409-eb37-4341-b2ac-dfd622324f50 (type: ports) to 2
2026-07-14 18:49:35.403 9 INFO neutron.db.ovn_revision_numbers_db [req-1b4bd881-3890-4dee-859b-93b545b6afe1 req-bffeb606-0973-477a-9bf5-ea3bc6c9825e bc039332a626462b80a111b4b2ecb280 929db5240b3249239d5e1afb01ba49bf - - 836454d2791c49c1902648f62b0f7497 836454d2791c49c1902648f62b0f7497] Successfully bumped revision number for resource 0be51409-eb37-4341-b2ac-dfd622324f50 (type: ports) to 2
2026-07-14 18:49:35.422 9 INFO neutron.wsgi [req-1b4bd881-3890-4dee-859b-93b545b6afe1 req-bffeb606-0973-477a-9bf5-ea3bc6c9825e bc039332a626462b80a111b4b2ecb280 929db5240b3249239d5e1afb01ba49bf - - 836454d2791c49c1902648f62b0f7497 836454d2791c49c1902648f62b0f7497] 199.204.45.210 "PUT /v2.0/ports/0be51409-eb37-4341-b2ac-dfd622324f50 HTTP/1.1" status: 200 len: 1376 time: 0.8500075
2026-07-14 18:49:35.442 10 INFO neutron.wsgi [req-4919a1fd-50d4-4b5a-b6e8-e4b86c2e91d4 req-1f37e06e-44be-45fd-8a65-1bbb4980144b 51057ac50efd49fea94c59dfd313f6ea 704ca95536d240089d89f018d296e8ac - - default default] 10.0.0.200 "GET /v2.0/ports?device_id=64c6a654-d930-4d52-8437-575f408ac21b HTTP/1.1" status: 200 len: 1168 time: 0.1005490 /var/lib/openstack/lib/python3.10/site-packages/pycadf/identifier.py:71: UserWarning: Invalid uuid: neutron. To ensure interoperability, identifiers should be a valid uuid. warnings.warn(('Invalid uuid: %s. To ensure interoperability, '
2026-07-14 18:49:35.465 9 INFO neutron.notifiers.nova [-] Nova event matching ['req-dc94a9fd-1536-4040-9c26-9d521020d0cc'] response: {'name': 'network-changed', 'server_uuid': '64c6a654-d930-4d52-8437-575f408ac21b', 'tag': '0be51409-eb37-4341-b2ac-dfd622324f50', 'status': 'completed', 'code': 200}
2026-07-14 18:49:35.492 9 INFO neutron.wsgi [req-1b4bd881-3890-4dee-859b-93b545b6afe1 req-fc542299-d496-451f-a58d-0763c379505a bc039332a626462b80a111b4b2ecb280 929db5240b3249239d5e1afb01ba49bf - - 836454d2791c49c1902648f62b0f7497 836454d2791c49c1902648f62b0f7497] 199.204.45.210 "GET /v2.0/ports?tenant_id=704ca95536d240089d89f018d296e8ac&device_id=64c6a654-d930-4d52-8437-575f408ac21b HTTP/1.1" status: 200 len: 1407 time: 0.0396299
2026-07-14 18:49:35.527 9 INFO neutron.wsgi [req-1b4bd881-3890-4dee-859b-93b545b6afe1 req-f5be0c6b-8fcb-4dc8-9eb4-af15407dd2a5 bc039332a626462b80a111b4b2ecb280 929db5240b3249239d5e1afb01ba49bf - - 836454d2791c49c1902648f62b0f7497 836454d2791c49c1902648f62b0f7497] 199.204.45.210 "GET /v2.0/floatingips?fixed_ip_address=10.100.0.4&port_id=0be51409-eb37-4341-b2ac-dfd622324f50 HTTP/1.1" status: 200 len: 217 time: 0.0289204
2026-07-14 18:49:35.532 10 INFO neutron.wsgi [req-4919a1fd-50d4-4b5a-b6e8-e4b86c2e91d4 req-e9942169-f009-4e49-8c5b-7a38f3fae562 51057ac50efd49fea94c59dfd313f6ea 704ca95536d240089d89f018d296e8ac - - default default] 10.0.0.200 "GET /v2.0/security-groups?id=043d11de-a44f-4316-8f08-a8eba984ab7c&fields=id&fields=name HTTP/1.1" status: 200 len: 286 time: 0.0769122
2026-07-14 18:49:35.553 9 INFO neutron.wsgi [-] 10.0.0.125 "GET / HTTP/1.1" status: 200 len: 246 time: 0.0013287
2026-07-14 18:49:35.555 9 INFO neutron.wsgi [-] 10.0.0.125 "GET / HTTP/1.1" status: 200 len: 246 time: 0.0009637
2026-07-14 18:49:35.579 9 INFO neutron.wsgi [req-1b4bd881-3890-4dee-859b-93b545b6afe1 req-fd06db70-57fb-4fa5-b6bb-95fa4e50e453 bc039332a626462b80a111b4b2ecb280 929db5240b3249239d5e1afb01ba49bf - - 836454d2791c49c1902648f62b0f7497 836454d2791c49c1902648f62b0f7497] 199.204.45.210 "GET /v2.0/subnets?id=104891c8-00cf-40e2-9a1f-93c884898d3f HTTP/1.1" status: 200 len: 866 time: 0.0390887
2026-07-14 18:49:35.611 9 INFO neutron.wsgi [req-1b4bd881-3890-4dee-859b-93b545b6afe1 req-5c6f5dc5-38f9-4079-b6b0-f3e5b94c3364 bc039332a626462b80a111b4b2ecb280 929db5240b3249239d5e1afb01ba49bf - - 836454d2791c49c1902648f62b0f7497 836454d2791c49c1902648f62b0f7497] 199.204.45.210 "GET /v2.0/ports?network_id=b9227e9e-321d-439d-b121-b62ed845ef0a&device_owner=network%3Adhcp HTTP/1.1" status: 200 len: 210 time: 0.0223496
2026-07-14 18:49:35.665 10 INFO neutron.services.segments.plugin [-] Segment 51271505-e3a8-44d2-95c3-bccb3321b76e resource provider aggregate not found
2026-07-14 18:49:35.684 10 INFO neutron.services.segments.plugin [-] Segment 51271505-e3a8-44d2-95c3-bccb3321b76e resource provider aggregate not found
2026-07-14 18:49:35.689 10 INFO neutron.services.segments.plugin [-] Segment 51271505-e3a8-44d2-95c3-bccb3321b76e resource provider not found; error: Placement Client Error (4xx): {"errors": [{"status": 404, "title": "Not Found", "detail": "The resource could not be found.\n\n No resource provider with uuid 51271505-e3a8-44d2-95c3-bccb3321b76e found for delete ", "request_id": "req-31440eed-8956-44ed-9a26-ddca63afa300"}]}
2026-07-14 18:49:35.693 9 INFO neutron.wsgi [req-1b4bd881-3890-4dee-859b-93b545b6afe1 req-bcdc1945-8895-4808-b66c-c89b2af23fe8 bc039332a626462b80a111b4b2ecb280 929db5240b3249239d5e1afb01ba49bf - - 836454d2791c49c1902648f62b0f7497 836454d2791c49c1902648f62b0f7497] 199.204.45.210 "GET /v2.0/networks/b9227e9e-321d-439d-b121-b62ed845ef0a?fields=segments HTTP/1.1" status: 200 len: 212 time: 0.0754228
2026-07-14 18:49:35.709 10 INFO neutron.services.segments.plugin [-] Segment 0f9b87b4-483b-4c74-a14e-256dfa218de6 resource provider aggregate not found
2026-07-14 18:49:35.714 10 INFO neutron.services.segments.plugin [-] Segment 51271505-e3a8-44d2-95c3-bccb3321b76e resource provider not found; error: Placement Client Error (4xx): {"errors": [{"status": 404, "title": "Not Found", "detail": "The resource could not be found.\n\n No resource provider with uuid 51271505-e3a8-44d2-95c3-bccb3321b76e found for delete ", "request_id": "req-f7bcefbb-3420-4a8b-b6d1-66cae9488f59"}]}
2026-07-14 18:49:35.732 10 INFO neutron.services.segments.plugin [-] Segment 0f9b87b4-483b-4c74-a14e-256dfa218de6 resource provider aggregate not found
2026-07-14 18:49:35.739 10 INFO neutron.services.segments.plugin [-] Segment 0f9b87b4-483b-4c74-a14e-256dfa218de6 resource provider not found; error: Placement Client Error (4xx): {"errors": [{"status": 404, "title": "Not Found", "detail": "The resource could not be found.\n\n No resource provider with uuid 0f9b87b4-483b-4c74-a14e-256dfa218de6 found for delete ", "request_id": "req-0adbcd55-e972-4680-b056-488a0bd026e8"}]}
2026-07-14 18:49:35.754 10 INFO neutron.services.segments.plugin [-] Segment 0f9b87b4-483b-4c74-a14e-256dfa218de6 resource provider not found; error: Placement Client Error (4xx): {"errors": [{"status": 404, "title": "Not Found", "detail": "The resource could not be found.\n\n No resource provider with uuid 0f9b87b4-483b-4c74-a14e-256dfa218de6 found for delete ", "request_id": "req-774a5c86-58c3-40f5-ad38-5035f21156f1"}]}
2026-07-14 18:49:35.775 9 INFO neutron.wsgi [req-1b4bd881-3890-4dee-859b-93b545b6afe1 req-f46e9de9-bd7a-4ff0-8be0-8824dc07a30a bc039332a626462b80a111b4b2ecb280 929db5240b3249239d5e1afb01ba49bf - - 836454d2791c49c1902648f62b0f7497 836454d2791c49c1902648f62b0f7497] 199.204.45.210 "GET /v2.0/networks/b9227e9e-321d-439d-b121-b62ed845ef0a?fields=provider%3Aphysical_network&fields=provider%3Anetwork_type HTTP/1.1" status: 200 len: 277 time: 0.0760729
2026-07-14 18:49:35.817 10 INFO neutron.wsgi [None req-208bf631-a24b-4fb2-b01c-a372d168b1d6 17aa007116bb4dd2a5662bafe8328080 7554f6722f6d46cf8082d35010abdbfe - - default default] 10.0.0.70 "DELETE /v2.0/networks/1a7bfa2e-6fad-4627-8e09-16b1a0fb8f85 HTTP/1.1" status: 204 len: 168 time: 0.6880746
2026-07-14 18:49:35.858 9 INFO neutron.wsgi [req-f4dffbbe-4a44-449a-9dea-0a01081c4b8c req-b61d2dbf-818a-4ad2-a50a-9effb6fbac6f bc039332a626462b80a111b4b2ecb280 929db5240b3249239d5e1afb01ba49bf - - 836454d2791c49c1902648f62b0f7497 836454d2791c49c1902648f62b0f7497] 199.204.45.210 "GET /v2.0/ports?tenant_id=704ca95536d240089d89f018d296e8ac&device_id=64c6a654-d930-4d52-8437-575f408ac21b HTTP/1.1" status: 200 len: 1407 time: 0.0371571
2026-07-14 18:49:35.944 9 INFO neutron.wsgi [req-f4dffbbe-4a44-449a-9dea-0a01081c4b8c req-a49c8a16-ab3e-492e-9ea7-26161a818a29 bc039332a626462b80a111b4b2ecb280 929db5240b3249239d5e1afb01ba49bf - - 836454d2791c49c1902648f62b0f7497 836454d2791c49c1902648f62b0f7497] 199.204.45.210 "GET /v2.0/networks?id=b9227e9e-321d-439d-b121-b62ed845ef0a HTTP/1.1" status: 200 len: 971 time: 0.0779145
2026-07-14 18:49:35.979 9 INFO neutron.wsgi [req-f4dffbbe-4a44-449a-9dea-0a01081c4b8c req-4d88b518-38e7-491a-b491-c1ad461355f3 bc039332a626462b80a111b4b2ecb280 929db5240b3249239d5e1afb01ba49bf - - 836454d2791c49c1902648f62b0f7497 836454d2791c49c1902648f62b0f7497] 199.204.45.210 "GET /v2.0/floatingips?fixed_ip_address=10.100.0.4&port_id=0be51409-eb37-4341-b2ac-dfd622324f50 HTTP/1.1" status: 200 len: 217 time: 0.0248952
2026-07-14 18:49:36.023 9 INFO neutron.wsgi [req-f4dffbbe-4a44-449a-9dea-0a01081c4b8c req-378d0cc6-f802-45aa-ae9d-a04c878ceb92 bc039332a626462b80a111b4b2ecb280 929db5240b3249239d5e1afb01ba49bf - - 836454d2791c49c1902648f62b0f7497 836454d2791c49c1902648f62b0f7497] 199.204.45.210 "GET /v2.0/subnets?id=104891c8-00cf-40e2-9a1f-93c884898d3f HTTP/1.1" status: 200 len: 866 time: 0.0357935
2026-07-14 18:49:36.064 9 INFO neutron.wsgi [req-f4dffbbe-4a44-449a-9dea-0a01081c4b8c req-a8d1f8ed-d111-48b2-9e23-e43fdee31ae8 bc039332a626462b80a111b4b2ecb280 929db5240b3249239d5e1afb01ba49bf - - 836454d2791c49c1902648f62b0f7497 836454d2791c49c1902648f62b0f7497] 199.204.45.210 "GET /v2.0/ports?network_id=b9227e9e-321d-439d-b121-b62ed845ef0a&device_owner=network%3Adhcp HTTP/1.1" status: 200 len: 210 time: 0.0325212
2026-07-14 18:49:36.064 10 WARNING neutron.plugins.ml2.drivers.ovn.mech_driver.ovsdb.ovn_client [None req-7ccc5585-02c5-47af-ba20-a251c21aa15d - - - - - -] No hosting information found for port c886e5c6-e388-4d05-805f-b2b65e98b6c7: RuntimeError: No hosting information found for port c886e5c6-e388-4d05-805f-b2b65e98b6c7
2026-07-14 18:49:36.065 10 INFO neutron.plugins.ml2.drivers.ovn.mech_driver.mech_driver [None req-7ccc5585-02c5-47af-ba20-a251c21aa15d - - - - - -] OVN reports status up for port: 0be51409-eb37-4341-b2ac-dfd622324f50
2026-07-14 18:49:36.080 10 INFO neutron.plugins.ml2.plugin [None req-7ccc5585-02c5-47af-ba20-a251c21aa15d - - - - - -] Attempt 1 to provision port 0be51409-eb37-4341-b2ac-dfd622324f50
2026-07-14 18:49:36.142 9 INFO neutron.wsgi [req-f4dffbbe-4a44-449a-9dea-0a01081c4b8c req-92c4b4ed-8e5e-480f-9183-fd0c59731798 bc039332a626462b80a111b4b2ecb280 929db5240b3249239d5e1afb01ba49bf - - 836454d2791c49c1902648f62b0f7497 836454d2791c49c1902648f62b0f7497] 199.204.45.210 "GET /v2.0/networks/b9227e9e-321d-439d-b121-b62ed845ef0a?fields=segments HTTP/1.1" status: 200 len: 212 time: 0.0725906
2026-07-14 18:49:36.224 9 INFO neutron.wsgi [req-f4dffbbe-4a44-449a-9dea-0a01081c4b8c req-f02f51fe-00d1-48dd-92e7-a0be2655271e bc039332a626462b80a111b4b2ecb280 929db5240b3249239d5e1afb01ba49bf - - 836454d2791c49c1902648f62b0f7497 836454d2791c49c1902648f62b0f7497] 199.204.45.210 "GET /v2.0/networks/b9227e9e-321d-439d-b121-b62ed845ef0a?fields=provider%3Aphysical_network&fields=provider%3Anetwork_type HTTP/1.1" status: 200 len: 277 time: 0.0751872
2026-07-14 18:49:36.265 10 INFO neutron.notifiers.nova [-] Nova event matching ['req-c0b49be0-f04b-4b65-80c4-e2fffb047f33'] response: {'server_uuid': '64c6a654-d930-4d52-8437-575f408ac21b', 'name': 'network-vif-plugged', 'status': 'completed', 'tag': '0be51409-eb37-4341-b2ac-dfd622324f50', 'code': 200}
2026-07-14 18:49:36.416 10 INFO neutron.db.ovn_revision_numbers_db [None req-7ccc5585-02c5-47af-ba20-a251c21aa15d - - - - - -] Successfully bumped revision number for resource 0be51409-eb37-4341-b2ac-dfd622324f50 (type: ports) to 4 /var/lib/openstack/lib/python3.10/site-packages/pycadf/identifier.py:71: UserWarning: Invalid uuid: neutron. To ensure interoperability, identifiers should be a valid uuid. warnings.warn(('Invalid uuid: %s. To ensure interoperability, '
2026-07-14 18:49:36.638 10 INFO neutron.wsgi [req-676f0a28-892b-4d09-81c3-7fc79cb36ec0 req-cdc8d735-0cdb-427d-b118-1274b662d579 51057ac50efd49fea94c59dfd313f6ea 704ca95536d240089d89f018d296e8ac - - default default] 10.0.0.200 "GET /v2.0/ports?device_id=64c6a654-d930-4d52-8437-575f408ac21b HTTP/1.1" status: 200 len: 1170 time: 0.0438743
2026-07-14 18:49:36.677 10 INFO neutron.wsgi [req-676f0a28-892b-4d09-81c3-7fc79cb36ec0 req-c69717fe-d56d-4582-93c6-46daf107a431 51057ac50efd49fea94c59dfd313f6ea 704ca95536d240089d89f018d296e8ac - - default default] 10.0.0.200 "GET /v2.0/security-groups?id=043d11de-a44f-4316-8f08-a8eba984ab7c&fields=id&fields=name HTTP/1.1" status: 200 len: 286 time: 0.0337713
2026-07-14 18:49:37.094 9 INFO neutron.wsgi [None req-4f12fbb3-c2d2-4254-a48e-d0e0731845e8 7bbe5fbbecb04c67aaf0e51e1e70f88f 1df9047b14b549089d81bf61621eaab4 - - default default] 10.0.0.70 "GET /v2.0/security-groups?tenant_id=7554f6722f6d46cf8082d35010abdbfe&name=default HTTP/1.1" status: 200 len: 2996 time: 0.2452376
2026-07-14 18:49:37.330 9 INFO neutron.wsgi [None req-8c74ee8c-c8ae-4feb-9ea2-9094ace7ed30 7bbe5fbbecb04c67aaf0e51e1e70f88f 1df9047b14b549089d81bf61621eaab4 - - default default] 10.0.0.70 "DELETE /v2.0/security-groups/79a3e0ee-33d1-48c9-9307-b42b62bc1107 HTTP/1.1" status: 204 len: 168 time: 0.2240176
2026-07-14 18:49:37.612 9 INFO neutron.db.ovn_revision_numbers_db [None req-dd2d036c-7d82-4a26-ac34-bd94834d4a4e 7bbe5fbbecb04c67aaf0e51e1e70f88f 1df9047b14b549089d81bf61621eaab4 - - default default] Successfully bumped revision number for resource b87bcbff-62f0-4c64-b571-9f42a83945e5 (type: security_groups) to 1
2026-07-14 18:49:37.625 9 INFO neutron.db.ovn_revision_numbers_db [None req-dd2d036c-7d82-4a26-ac34-bd94834d4a4e 7bbe5fbbecb04c67aaf0e51e1e70f88f 1df9047b14b549089d81bf61621eaab4 - - default default] Successfully bumped revision number for resource 25bd85ee-4fb6-4af8-9b3d-bc11104bcc25 (type: security_group_rules) to 0
2026-07-14 18:49:37.640 9 INFO neutron.db.ovn_revision_numbers_db [None req-dd2d036c-7d82-4a26-ac34-bd94834d4a4e 7bbe5fbbecb04c67aaf0e51e1e70f88f 1df9047b14b549089d81bf61621eaab4 - - default default] Successfully bumped revision number for resource 307b4b5e-608e-46a0-a516-85fd7b5e46ea (type: security_group_rules) to 0
2026-07-14 18:49:37.655 9 INFO neutron.db.ovn_revision_numbers_db [None req-dd2d036c-7d82-4a26-ac34-bd94834d4a4e 7bbe5fbbecb04c67aaf0e51e1e70f88f 1df9047b14b549089d81bf61621eaab4 - - default default] Successfully bumped revision number for resource 92042921-a8bb-4544-a56f-05d3e5717605 (type: security_group_rules) to 0
2026-07-14 18:49:37.668 9 INFO neutron.db.ovn_revision_numbers_db [None req-dd2d036c-7d82-4a26-ac34-bd94834d4a4e 7bbe5fbbecb04c67aaf0e51e1e70f88f 1df9047b14b549089d81bf61621eaab4 - - default default] Successfully bumped revision number for resource a8082a7e-3ee5-4daf-9907-c28f965efbd1 (type: security_group_rules) to 0
2026-07-14 18:49:37.695 9 INFO neutron.wsgi [None req-dd2d036c-7d82-4a26-ac34-bd94834d4a4e 7bbe5fbbecb04c67aaf0e51e1e70f88f 1df9047b14b549089d81bf61621eaab4 - - default default] 10.0.0.70 "GET /v2.0/security-groups?tenant_id=22665f3331c8406aa1b74e670562724a&name=default HTTP/1.1" status: 200 len: 2996 time: 0.2030480
2026-07-14 18:49:37.762 10 INFO neutron.services.segments.plugin [-] Segment 1dd704a6-7ecb-43ed-9bdb-25e8474e70e5 resource provider aggregate not found
2026-07-14 18:49:37.783 10 INFO neutron.services.segments.plugin [-] Segment 1dd704a6-7ecb-43ed-9bdb-25e8474e70e5 resource provider aggregate not found
2026-07-14 18:49:37.792 10 INFO neutron.services.segments.plugin [-] Segment 1dd704a6-7ecb-43ed-9bdb-25e8474e70e5 resource provider not found; error: Placement Client Error (4xx): {"errors": [{"status": 404, "title": "Not Found", "detail": "The resource could not be found.\n\n No resource provider with uuid 1dd704a6-7ecb-43ed-9bdb-25e8474e70e5 found for delete ", "request_id": "req-667f71d1-0024-4d02-acd3-70076464348d"}]}
2026-07-14 18:49:37.793 9 INFO neutron.wsgi [req-1d7a922b-df35-4b10-8b59-ac2cfaf095d3 req-dd15ec46-cc64-46e3-848d-dce7e884334b 51057ac50efd49fea94c59dfd313f6ea 704ca95536d240089d89f018d296e8ac - - default default] 10.0.0.200 "GET /v2.0/ports?device_id=64c6a654-d930-4d52-8437-575f408ac21b HTTP/1.1" status: 200 len: 1170 time: 0.0427954
2026-07-14 18:49:37.803 10 INFO neutron.services.segments.plugin [-] Segment 1dd704a6-7ecb-43ed-9bdb-25e8474e70e5 resource provider not found; error: Placement Client Error (4xx): {"errors": [{"status": 404, "title": "Not Found", "detail": "The resource could not be found.\n\n No resource provider with uuid 1dd704a6-7ecb-43ed-9bdb-25e8474e70e5 found for delete ", "request_id": "req-d752a234-ebf4-4278-a031-20dc47ed596b"}]}
2026-07-14 18:49:37.857 9 INFO neutron.wsgi [req-1d7a922b-df35-4b10-8b59-ac2cfaf095d3 req-fda7ffbf-dcc6-4e2c-a183-77bf4d8a8563 51057ac50efd49fea94c59dfd313f6ea 704ca95536d240089d89f018d296e8ac - - default default] 10.0.0.200 "GET /v2.0/security-groups?id=043d11de-a44f-4316-8f08-a8eba984ab7c&fields=id&fields=name HTTP/1.1" status: 200 len: 286 time: 0.0542853
2026-07-14 18:49:37.945 9 INFO neutron.wsgi [None req-7751db11-e247-45dc-a66f-cb8212cb2048 7bbe5fbbecb04c67aaf0e51e1e70f88f 1df9047b14b549089d81bf61621eaab4 - - default default] 10.0.0.70 "DELETE /v2.0/security-groups/b87bcbff-62f0-4c64-b571-9f42a83945e5 HTTP/1.1" status: 204 len: 168 time: 0.2452033
2026-07-14 18:49:38.111 10 INFO neutron.db.ovn_revision_numbers_db [None req-002773c1-e557-441e-982a-06c5b23550c6 613384ca6e504e0ebc914cbcc4046d90 bbb4a4b5341a4652924b9c6b5dcd76d6 - - default default] Successfully bumped revision number for resource cb4a40a1-a432-4aa9-87b0-a30201b35be4 (type: security_groups) to 1
2026-07-14 18:49:38.128 10 INFO neutron.db.ovn_revision_numbers_db [None req-002773c1-e557-441e-982a-06c5b23550c6 613384ca6e504e0ebc914cbcc4046d90 bbb4a4b5341a4652924b9c6b5dcd76d6 - - default default] Successfully bumped revision number for resource 0d32c5c3-fa3b-4e98-a15a-28b1339526bb (type: security_group_rules) to 0
2026-07-14 18:49:38.142 10 INFO neutron.db.ovn_revision_numbers_db [None req-002773c1-e557-441e-982a-06c5b23550c6 613384ca6e504e0ebc914cbcc4046d90 bbb4a4b5341a4652924b9c6b5dcd76d6 - - default default] Successfully bumped revision number for resource 7ea4ed55-7d78-473a-8a44-0125271bee8b (type: security_group_rules) to 0
2026-07-14 18:49:38.160 10 INFO neutron.db.ovn_revision_numbers_db [None req-002773c1-e557-441e-982a-06c5b23550c6 613384ca6e504e0ebc914cbcc4046d90 bbb4a4b5341a4652924b9c6b5dcd76d6 - - default default] Successfully bumped revision number for resource 913c286a-2b69-412e-bf0f-614e5a2c3d41 (type: security_group_rules) to 0
2026-07-14 18:49:38.191 10 INFO neutron.db.ovn_revision_numbers_db [None req-002773c1-e557-441e-982a-06c5b23550c6 613384ca6e504e0ebc914cbcc4046d90 bbb4a4b5341a4652924b9c6b5dcd76d6 - - default default] Successfully bumped revision number for resource 9726f1a4-2eef-4da7-8428-c23b175aab8d (type: security_group_rules) to 0
2026-07-14 18:49:38.256 10 INFO neutron.db.segments_db [None req-002773c1-e557-441e-982a-06c5b23550c6 613384ca6e504e0ebc914cbcc4046d90 bbb4a4b5341a4652924b9c6b5dcd76d6 - - default default] Added segment cfa7a4b4-cf63-4571-9166-b13d03c04d1b of type geneve for network 2fb853ea-378c-40b1-86b6-6b85373601cd
2026-07-14 18:49:38.316 10 INFO neutron.notifiers.nova [-] Nova event matching ['req-1cb7c07e-4daf-46c7-afdd-7445b23d0473'] response: {'server_uuid': '64c6a654-d930-4d52-8437-575f408ac21b', 'name': 'network-vif-plugged', 'status': 'completed', 'tag': '0be51409-eb37-4341-b2ac-dfd622324f50', 'code': 200}
2026-07-14 18:49:38.337 10 INFO neutron.db.ovn_revision_numbers_db [None req-629d9f54-6e14-405f-96c4-807af1faa316 7bbe5fbbecb04c67aaf0e51e1e70f88f 1df9047b14b549089d81bf61621eaab4 - - default default] Successfully bumped revision number for resource 5d7efd94-ffcf-4e9e-a557-98b077e849d4 (type: security_groups) to 1
2026-07-14 18:49:38.357 10 INFO neutron.db.ovn_revision_numbers_db [None req-629d9f54-6e14-405f-96c4-807af1faa316 7bbe5fbbecb04c67aaf0e51e1e70f88f 1df9047b14b549089d81bf61621eaab4 - - default default] Successfully bumped revision number for resource 6e20bf15-d3f3-4ca0-9072-a3d60e45ce70 (type: security_group_rules) to 0
2026-07-14 18:49:38.398 10 INFO neutron.db.ovn_revision_numbers_db [None req-629d9f54-6e14-405f-96c4-807af1faa316 7bbe5fbbecb04c67aaf0e51e1e70f88f 1df9047b14b549089d81bf61621eaab4 - - default default] Successfully bumped revision number for resource 96f70f14-8c06-4ee8-8aaa-86bb61b0660e (type: security_group_rules) to 0
2026-07-14 18:49:38.429 10 INFO neutron.plugins.ml2.drivers.ovn.mech_driver.mech_driver [None req-7ccc5585-02c5-47af-ba20-a251c21aa15d - - - - - -] OVN reports status down for port: 0be51409-eb37-4341-b2ac-dfd622324f50
2026-07-14 18:49:38.443 10 INFO neutron.db.ovn_revision_numbers_db [None req-629d9f54-6e14-405f-96c4-807af1faa316 7bbe5fbbecb04c67aaf0e51e1e70f88f 1df9047b14b549089d81bf61621eaab4 - - default default] Successfully bumped revision number for resource b53b4f6e-a1bb-4e6c-8da1-3a198e3b47bb (type: security_group_rules) to 0
2026-07-14 18:49:38.457 10 INFO neutron.db.ovn_revision_numbers_db [None req-002773c1-e557-441e-982a-06c5b23550c6 613384ca6e504e0ebc914cbcc4046d90 bbb4a4b5341a4652924b9c6b5dcd76d6 - - default default] Successfully bumped revision number for resource 2fb853ea-378c-40b1-86b6-6b85373601cd (type: networks) to 1
2026-07-14 18:49:38.479 10 INFO neutron.db.ovn_revision_numbers_db [None req-629d9f54-6e14-405f-96c4-807af1faa316 7bbe5fbbecb04c67aaf0e51e1e70f88f 1df9047b14b549089d81bf61621eaab4 - - default default] Successfully bumped revision number for resource bcff8e3f-be1c-4ca9-be2b-a16b7b74a448 (type: security_group_rules) to 0
2026-07-14 18:49:38.531 10 INFO neutron.wsgi [None req-629d9f54-6e14-405f-96c4-807af1faa316 7bbe5fbbecb04c67aaf0e51e1e70f88f 1df9047b14b549089d81bf61621eaab4 - - default default] 10.0.0.70 "GET /v2.0/security-groups?tenant_id=72bc31f44e6648889d1c0d9fbc5db34d&name=default HTTP/1.1" status: 200 len: 2996 time: 0.3686783
2026-07-14 18:49:38.757 9 INFO neutron.wsgi [req-6835be01-8095-4e76-92d5-2085540fcf5d req-12bd03ba-ed91-4e07-aa13-7fdf6b76a6c6 51057ac50efd49fea94c59dfd313f6ea 704ca95536d240089d89f018d296e8ac - - default default] 10.0.0.200 "GET /v2.0/ports?device_id=64c6a654-d930-4d52-8437-575f408ac21b HTTP/1.1" status: 200 len: 1170 time: 0.3740838
2026-07-14 18:49:38.763 9 INFO neutron.wsgi [req-93e5eb76-7de2-41df-8919-73619a04c051 req-96df33b7-4da0-4009-adbf-13ff6664c679 51057ac50efd49fea94c59dfd313f6ea 704ca95536d240089d89f018d296e8ac - - default default] 199.204.45.210 "GET /v2.0/ports?device_id=64c6a654-d930-4d52-8437-575f408ac21b HTTP/1.1" status: 200 len: 1168 time: 0.0503011
2026-07-14 18:49:38.770 10 WARNING neutron.scheduler.dhcp_agent_scheduler [None req-002773c1-e557-441e-982a-06c5b23550c6 613384ca6e504e0ebc914cbcc4046d90 bbb4a4b5341a4652924b9c6b5dcd76d6 - - default default] No more DHCP agents
2026-07-14 18:49:38.775 10 WARNING neutron.api.rpc.agentnotifiers.dhcp_rpc_agent_api [None req-002773c1-e557-441e-982a-06c5b23550c6 613384ca6e504e0ebc914cbcc4046d90 bbb4a4b5341a4652924b9c6b5dcd76d6 - - default default] Unable to schedule network 2fb853ea-378c-40b1-86b6-6b85373601cd: no agents available; will retry on subsequent port and subnet creation events.
2026-07-14 18:49:38.809 9 INFO neutron.wsgi [req-6835be01-8095-4e76-92d5-2085540fcf5d req-f71eb7fe-e34a-4d1c-a6b9-fad6a73217af 51057ac50efd49fea94c59dfd313f6ea 704ca95536d240089d89f018d296e8ac - - default default] 10.0.0.200 "GET /v2.0/security-groups?id=043d11de-a44f-4316-8f08-a8eba984ab7c&fields=id&fields=name HTTP/1.1" status: 200 len: 286 time: 0.0454922
2026-07-14 18:49:38.901 10 INFO neutron.db.ovn_revision_numbers_db [None req-002773c1-e557-441e-982a-06c5b23550c6 613384ca6e504e0ebc914cbcc4046d90 bbb4a4b5341a4652924b9c6b5dcd76d6 - - default default] Successfully bumped revision number for resource be2f1cdb-34a3-4932-b715-eb822e5e8fdf (type: ports) to 1
2026-07-14 18:49:38.932 10 INFO neutron.wsgi [None req-002773c1-e557-441e-982a-06c5b23550c6 613384ca6e504e0ebc914cbcc4046d90 bbb4a4b5341a4652924b9c6b5dcd76d6 - - default default] 10.0.0.70 "POST /v2.0/networks HTTP/1.1" status: 201 len: 831 time: 1.0791645
2026-07-14 18:49:38.933 10 INFO neutron.db.ovn_revision_numbers_db [None req-7ccc5585-02c5-47af-ba20-a251c21aa15d - - - - - -] Successfully bumped revision number for resource 0be51409-eb37-4341-b2ac-dfd622324f50 (type: ports) to 5
2026-07-14 18:49:38.965 10 INFO neutron.wsgi [None req-52ca2dfe-1031-49f6-8d00-60aaa5997157 7bbe5fbbecb04c67aaf0e51e1e70f88f 1df9047b14b549089d81bf61621eaab4 - - default default] 10.0.0.70 "DELETE /v2.0/security-groups/5d7efd94-ffcf-4e9e-a557-98b077e849d4 HTTP/1.1" status: 204 len: 168 time: 0.4256213
2026-07-14 18:49:39.100 9 INFO neutron.wsgi [req-93e5eb76-7de2-41df-8919-73619a04c051 req-1e649066-435d-40fa-9a3e-e804c72ef03c 51057ac50efd49fea94c59dfd313f6ea 704ca95536d240089d89f018d296e8ac - - default default] 199.204.45.210 "DELETE /v2.0/ports/0be51409-eb37-4341-b2ac-dfd622324f50 HTTP/1.1" status: 204 len: 173 time: 0.3305619
2026-07-14 18:49:39.130 9 INFO neutron.notifiers.nova [-] Nova event matching ['req-13b09858-5d61-4029-a975-5a0084fd6e69'] response: {'server_uuid': '64c6a654-d930-4d52-8437-575f408ac21b', 'name': 'network-vif-deleted', 'tag': '0be51409-eb37-4341-b2ac-dfd622324f50', 'status': 'completed', 'code': 200}
2026-07-14 18:49:39.225 10 WARNING neutron.scheduler.dhcp_agent_scheduler [None req-bd3375e1-1d88-4be0-8ef0-b8247b6f0bce 613384ca6e504e0ebc914cbcc4046d90 bbb4a4b5341a4652924b9c6b5dcd76d6 - - default default] No more DHCP agents
2026-07-14 18:49:39.228 10 WARNING neutron.api.rpc.agentnotifiers.dhcp_rpc_agent_api [None req-bd3375e1-1d88-4be0-8ef0-b8247b6f0bce 613384ca6e504e0ebc914cbcc4046d90 bbb4a4b5341a4652924b9c6b5dcd76d6 - - default default] Unable to schedule network 2fb853ea-378c-40b1-86b6-6b85373601cd: no agents available; will retry on subsequent port and subnet creation events.
2026-07-14 18:49:39.693 10 INFO neutron.db.ovn_revision_numbers_db [None req-bd3375e1-1d88-4be0-8ef0-b8247b6f0bce 613384ca6e504e0ebc914cbcc4046d90 bbb4a4b5341a4652924b9c6b5dcd76d6 - - default default] Successfully bumped revision number for resource be2f1cdb-34a3-4932-b715-eb822e5e8fdf (type: ports) to 2
2026-07-14 18:49:39.723 10 INFO neutron.db.ovn_revision_numbers_db [None req-bd3375e1-1d88-4be0-8ef0-b8247b6f0bce 613384ca6e504e0ebc914cbcc4046d90 bbb4a4b5341a4652924b9c6b5dcd76d6 - - default default] Successfully bumped revision number for resource 64010297-22e1-4e68-860c-b27adf1b88a5 (type: subnets) to 0
2026-07-14 18:49:39.738 10 INFO neutron.wsgi [None req-bd3375e1-1d88-4be0-8ef0-b8247b6f0bce 613384ca6e504e0ebc914cbcc4046d90 bbb4a4b5341a4652924b9c6b5dcd76d6 - - default default] 10.0.0.70 "POST /v2.0/subnets HTTP/1.1" status: 201 len: 801 time: 0.7981064 /var/lib/openstack/lib/python3.10/site-packages/pycadf/identifier.py:71: UserWarning: Invalid uuid: neutron. To ensure interoperability, identifiers should be a valid uuid. warnings.warn(('Invalid uuid: %s. To ensure interoperability, '
2026-07-14 18:49:39.830 10 INFO neutron.db.segments_db [None req-8525b434-2ee3-42e3-b438-ae07bb124515 613384ca6e504e0ebc914cbcc4046d90 bbb4a4b5341a4652924b9c6b5dcd76d6 - - default default] Added segment fc35ae62-b8e7-4bec-8113-7bac13cb8eb4 of type geneve for network 229c8bd5-21cf-41f7-9b1e-95085d10ac9c
2026-07-14 18:49:39.993 10 INFO neutron.db.ovn_revision_numbers_db [None req-8525b434-2ee3-42e3-b438-ae07bb124515 613384ca6e504e0ebc914cbcc4046d90 bbb4a4b5341a4652924b9c6b5dcd76d6 - - default default] Successfully bumped revision number for resource 229c8bd5-21cf-41f7-9b1e-95085d10ac9c (type: networks) to 1
2026-07-14 18:49:40.193 10 WARNING neutron.scheduler.dhcp_agent_scheduler [None req-8525b434-2ee3-42e3-b438-ae07bb124515 613384ca6e504e0ebc914cbcc4046d90 bbb4a4b5341a4652924b9c6b5dcd76d6 - - default default] No more DHCP agents
2026-07-14 18:49:40.196 10 WARNING neutron.api.rpc.agentnotifiers.dhcp_rpc_agent_api [None req-8525b434-2ee3-42e3-b438-ae07bb124515 613384ca6e504e0ebc914cbcc4046d90 bbb4a4b5341a4652924b9c6b5dcd76d6 - - default default] Unable to schedule network 229c8bd5-21cf-41f7-9b1e-95085d10ac9c: no agents available; will retry on subsequent port and subnet creation events.
2026-07-14 18:49:40.293 10 INFO neutron.db.ovn_revision_numbers_db [None req-8525b434-2ee3-42e3-b438-ae07bb124515 613384ca6e504e0ebc914cbcc4046d90 bbb4a4b5341a4652924b9c6b5dcd76d6 - - default default] Successfully bumped revision number for resource 0002808d-a7f0-4bd0-8c9a-479675f4a946 (type: ports) to 1
2026-07-14 18:49:40.314 10 INFO neutron.wsgi [None req-8525b434-2ee3-42e3-b438-ae07bb124515 613384ca6e504e0ebc914cbcc4046d90 bbb4a4b5341a4652924b9c6b5dcd76d6 - - default default] 10.0.0.70 "POST /v2.0/networks HTTP/1.1" status: 201 len: 831 time: 0.5699711
2026-07-14 18:49:40.355 10 INFO neutron.notifiers.nova [-] Nova event matching ['req-43c86685-96ca-4f0c-9761-524feec2abbc'] response: {'server_uuid': '64c6a654-d930-4d52-8437-575f408ac21b', 'name': 'network-vif-unplugged', 'status': 'completed', 'tag': '0be51409-eb37-4341-b2ac-dfd622324f50', 'code': 200}
2026-07-14 18:49:40.356 10 INFO neutron.notifiers.nova [-] Nova event matching ['req-43c86685-96ca-4f0c-9761-524feec2abbc'] response: {'server_uuid': '64c6a654-d930-4d52-8437-575f408ac21b', 'name': 'network-vif-plugged', 'status': 'completed', 'tag': '0be51409-eb37-4341-b2ac-dfd622324f50', 'code': 200}
2026-07-14 18:49:40.597 9 WARNING neutron.scheduler.dhcp_agent_scheduler [None req-74093d17-5260-4cbd-bf80-29f5c8c4fc09 613384ca6e504e0ebc914cbcc4046d90 bbb4a4b5341a4652924b9c6b5dcd76d6 - - default default] No more DHCP agents
2026-07-14 18:49:40.600 9 WARNING neutron.api.rpc.agentnotifiers.dhcp_rpc_agent_api [None req-74093d17-5260-4cbd-bf80-29f5c8c4fc09 613384ca6e504e0ebc914cbcc4046d90 bbb4a4b5341a4652924b9c6b5dcd76d6 - - default default] Unable to schedule network 229c8bd5-21cf-41f7-9b1e-95085d10ac9c: no agents available; will retry on subsequent port and subnet creation events.
2026-07-14 18:49:41.150 9 INFO neutron.db.ovn_revision_numbers_db [None req-74093d17-5260-4cbd-bf80-29f5c8c4fc09 613384ca6e504e0ebc914cbcc4046d90 bbb4a4b5341a4652924b9c6b5dcd76d6 - - default default] Successfully bumped revision number for resource 0002808d-a7f0-4bd0-8c9a-479675f4a946 (type: ports) to 2
2026-07-14 18:49:41.185 9 INFO neutron.db.ovn_revision_numbers_db [None req-74093d17-5260-4cbd-bf80-29f5c8c4fc09 613384ca6e504e0ebc914cbcc4046d90 bbb4a4b5341a4652924b9c6b5dcd76d6 - - default default] Successfully bumped revision number for resource 137bc5af-6688-48b1-85da-42e0ffcf61d0 (type: subnets) to 0
2026-07-14 18:49:41.210 9 INFO neutron.wsgi [None req-74093d17-5260-4cbd-bf80-29f5c8c4fc09 613384ca6e504e0ebc914cbcc4046d90 bbb4a4b5341a4652924b9c6b5dcd76d6 - - default default] 10.0.0.70 "POST /v2.0/subnets HTTP/1.1" status: 201 len: 804 time: 0.8912256
2026-07-14 18:49:41.305 9 INFO neutron.db.segments_db [None req-7abda42a-bef9-4291-8a1c-6b4edb91b36d 613384ca6e504e0ebc914cbcc4046d90 bbb4a4b5341a4652924b9c6b5dcd76d6 - - default default] Added segment 96c70160-eb30-4bfe-971d-55c19a19c727 of type geneve for network 7bf855b1-e8f2-4e6c-8ca5-c701b1f57deb
2026-07-14 18:49:41.469 9 INFO neutron.db.ovn_revision_numbers_db [None req-7abda42a-bef9-4291-8a1c-6b4edb91b36d 613384ca6e504e0ebc914cbcc4046d90 bbb4a4b5341a4652924b9c6b5dcd76d6 - - default default] Successfully bumped revision number for resource 7bf855b1-e8f2-4e6c-8ca5-c701b1f57deb (type: networks) to 1
2026-07-14 18:49:41.706 9 WARNING neutron.scheduler.dhcp_agent_scheduler [None req-7abda42a-bef9-4291-8a1c-6b4edb91b36d 613384ca6e504e0ebc914cbcc4046d90 bbb4a4b5341a4652924b9c6b5dcd76d6 - - default default] No more DHCP agents
2026-07-14 18:49:41.709 9 WARNING neutron.api.rpc.agentnotifiers.dhcp_rpc_agent_api [None req-7abda42a-bef9-4291-8a1c-6b4edb91b36d 613384ca6e504e0ebc914cbcc4046d90 bbb4a4b5341a4652924b9c6b5dcd76d6 - - default default] Unable to schedule network 7bf855b1-e8f2-4e6c-8ca5-c701b1f57deb: no agents available; will retry on subsequent port and subnet creation events.
2026-07-14 18:49:41.805 9 INFO neutron.db.ovn_revision_numbers_db [None req-7abda42a-bef9-4291-8a1c-6b4edb91b36d 613384ca6e504e0ebc914cbcc4046d90 bbb4a4b5341a4652924b9c6b5dcd76d6 - - default default] Successfully bumped revision number for resource b3711def-5218-48f3-a518-38dc3c17bfc2 (type: ports) to 1
2026-07-14 18:49:41.828 9 INFO neutron.wsgi [None req-7abda42a-bef9-4291-8a1c-6b4edb91b36d 613384ca6e504e0ebc914cbcc4046d90 bbb4a4b5341a4652924b9c6b5dcd76d6 - - default default] 10.0.0.70 "POST /v2.0/networks HTTP/1.1" status: 201 len: 831 time: 0.6106708
2026-07-14 18:49:42.094 10 INFO neutron.wsgi [None req-d92bbed1-a52d-4418-9696-caa23a62f7c8 7bbe5fbbecb04c67aaf0e51e1e70f88f 1df9047b14b549089d81bf61621eaab4 - - default default] 10.0.0.70 "PUT /v2.0/routers/1c487eca-c24c-4957-8935-b4298eb6856c/remove_router_interface HTTP/1.1" status: 200 len: 503 time: 0.9911253 /var/lib/openstack/lib/python3.10/site-packages/pycadf/identifier.py:71: UserWarning: Invalid uuid: neutron. To ensure interoperability, identifiers should be a valid uuid. warnings.warn(('Invalid uuid: %s. To ensure interoperability, '
2026-07-14 18:49:42.146 9 WARNING neutron.scheduler.dhcp_agent_scheduler [None req-6aff806e-261e-48df-926c-75923545596b 613384ca6e504e0ebc914cbcc4046d90 bbb4a4b5341a4652924b9c6b5dcd76d6 - - default default] No more DHCP agents
2026-07-14 18:49:42.149 9 WARNING neutron.api.rpc.agentnotifiers.dhcp_rpc_agent_api [None req-6aff806e-261e-48df-926c-75923545596b 613384ca6e504e0ebc914cbcc4046d90 bbb4a4b5341a4652924b9c6b5dcd76d6 - - default default] Unable to schedule network 7bf855b1-e8f2-4e6c-8ca5-c701b1f57deb: no agents available; will retry on subsequent port and subnet creation events.
2026-07-14 18:49:42.681 9 INFO neutron.db.ovn_revision_numbers_db [None req-6aff806e-261e-48df-926c-75923545596b 613384ca6e504e0ebc914cbcc4046d90 bbb4a4b5341a4652924b9c6b5dcd76d6 - - default default] Successfully bumped revision number for resource b3711def-5218-48f3-a518-38dc3c17bfc2 (type: ports) to 2
2026-07-14 18:49:42.729 9 INFO neutron.db.ovn_revision_numbers_db [None req-6aff806e-261e-48df-926c-75923545596b 613384ca6e504e0ebc914cbcc4046d90 bbb4a4b5341a4652924b9c6b5dcd76d6 - - default default] Successfully bumped revision number for resource 6cc6401c-c8c2-4f54-8cfb-9a6299409fa1 (type: subnets) to 0
2026-07-14 18:49:42.747 9 INFO neutron.wsgi [None req-6aff806e-261e-48df-926c-75923545596b 613384ca6e504e0ebc914cbcc4046d90 bbb4a4b5341a4652924b9c6b5dcd76d6 - - default default] 10.0.0.70 "POST /v2.0/subnets HTTP/1.1" status: 201 len: 804 time: 0.9151781
2026-07-14 18:49:42.872 9 INFO neutron.db.segments_db [None req-7f0f51e7-c57f-4611-944f-ad56b69c3f71 613384ca6e504e0ebc914cbcc4046d90 bbb4a4b5341a4652924b9c6b5dcd76d6 - - default default] Added segment 7cb8c097-88ba-4a7f-b292-1eeaf8e5f27d of type geneve for network 551e1a52-7e78-4a9a-b766-671f2ca3ff5b
2026-07-14 18:49:42.973 10 INFO neutron.wsgi [None req-395203cf-fef4-4a0b-bb9b-77c2f0536674 7bbe5fbbecb04c67aaf0e51e1e70f88f 1df9047b14b549089d81bf61621eaab4 - - default default] 10.0.0.70 "DELETE /v2.0/routers/1c487eca-c24c-4957-8935-b4298eb6856c HTTP/1.1" status: 204 len: 168 time: 0.8590426
2026-07-14 18:49:43.067 9 INFO neutron.db.ovn_revision_numbers_db [None req-7f0f51e7-c57f-4611-944f-ad56b69c3f71 613384ca6e504e0ebc914cbcc4046d90 bbb4a4b5341a4652924b9c6b5dcd76d6 - - default default] Successfully bumped revision number for resource 551e1a52-7e78-4a9a-b766-671f2ca3ff5b (type: networks) to 1
2026-07-14 18:49:43.208 10 INFO neutron.wsgi [None req-16909e7f-417d-41cf-8f7f-659d0aade3ac 7bbe5fbbecb04c67aaf0e51e1e70f88f 1df9047b14b549089d81bf61621eaab4 - - default default] 10.0.0.70 "DELETE /v2.0/subnets/104891c8-00cf-40e2-9a1f-93c884898d3f HTTP/1.1" status: 204 len: 168 time: 0.2305291
2026-07-14 18:49:43.316 9 WARNING neutron.scheduler.dhcp_agent_scheduler [None req-7f0f51e7-c57f-4611-944f-ad56b69c3f71 613384ca6e504e0ebc914cbcc4046d90 bbb4a4b5341a4652924b9c6b5dcd76d6 - - default default] No more DHCP agents
2026-07-14 18:49:43.320 9 WARNING neutron.api.rpc.agentnotifiers.dhcp_rpc_agent_api [None req-7f0f51e7-c57f-4611-944f-ad56b69c3f71 613384ca6e504e0ebc914cbcc4046d90 bbb4a4b5341a4652924b9c6b5dcd76d6 - - default default] Unable to schedule network 551e1a52-7e78-4a9a-b766-671f2ca3ff5b: no agents available; will retry on subsequent port and subnet creation events.
2026-07-14 18:49:43.446 9 INFO neutron.db.ovn_revision_numbers_db [None req-7f0f51e7-c57f-4611-944f-ad56b69c3f71 613384ca6e504e0ebc914cbcc4046d90 bbb4a4b5341a4652924b9c6b5dcd76d6 - - default default] Successfully bumped revision number for resource 4b14d1c8-1cc0-4e17-8489-617bbff585a6 (type: ports) to 1
2026-07-14 18:49:43.484 9 INFO neutron.wsgi [None req-7f0f51e7-c57f-4611-944f-ad56b69c3f71 613384ca6e504e0ebc914cbcc4046d90 bbb4a4b5341a4652924b9c6b5dcd76d6 - - default default] 10.0.0.70 "POST /v2.0/networks HTTP/1.1" status: 201 len: 831 time: 0.7282951
2026-07-14 18:49:43.560 10 INFO neutron.db.ovn_revision_numbers_db [None req-b4100f51-ba8d-4433-a960-a1f2ff1f8b65 25c9c8a6fc5a495c83bd5a0be51db70d dd000348f57c4f3eba6379bc87bac2ff - - default default] Successfully bumped revision number for resource f06bc8e7-cc78-45b9-a128-8a8bcc6530ea (type: security_groups) to 1
2026-07-14 18:49:43.577 10 INFO neutron.db.ovn_revision_numbers_db [None req-b4100f51-ba8d-4433-a960-a1f2ff1f8b65 25c9c8a6fc5a495c83bd5a0be51db70d dd000348f57c4f3eba6379bc87bac2ff - - default default] Successfully bumped revision number for resource 41a35271-c992-4447-b8e7-ced72b25eac3 (type: security_group_rules) to 0
2026-07-14 18:49:43.593 10 INFO neutron.db.ovn_revision_numbers_db [None req-b4100f51-ba8d-4433-a960-a1f2ff1f8b65 25c9c8a6fc5a495c83bd5a0be51db70d dd000348f57c4f3eba6379bc87bac2ff - - default default] Successfully bumped revision number for resource 59c4269d-9a25-4169-a3ad-97ce4340eb3a (type: security_group_rules) to 0
2026-07-14 18:49:43.608 10 INFO neutron.db.ovn_revision_numbers_db [None req-b4100f51-ba8d-4433-a960-a1f2ff1f8b65 25c9c8a6fc5a495c83bd5a0be51db70d dd000348f57c4f3eba6379bc87bac2ff - - default default] Successfully bumped revision number for resource 743e8b1e-e3ee-4e17-984f-0fb7a18f0f62 (type: security_group_rules) to 0
2026-07-14 18:49:43.625 10 INFO neutron.db.ovn_revision_numbers_db [None req-b4100f51-ba8d-4433-a960-a1f2ff1f8b65 25c9c8a6fc5a495c83bd5a0be51db70d dd000348f57c4f3eba6379bc87bac2ff - - default default] Successfully bumped revision number for resource 9fc371e3-82ef-4acd-a673-7edb6521f659 (type: security_group_rules) to 0
2026-07-14 18:49:43.685 10 INFO neutron.db.segments_db [None req-b4100f51-ba8d-4433-a960-a1f2ff1f8b65 25c9c8a6fc5a495c83bd5a0be51db70d dd000348f57c4f3eba6379bc87bac2ff - - default default] Added segment 53cc7002-7575-490d-a2e1-7aeba37c10e2 of type geneve for network a784b4ea-486b-4f24-b981-e48bbd288830
2026-07-14 18:49:43.738 9 INFO neutron.services.segments.plugin [-] Segment 2f654919-b128-43db-864f-fba56b86129d resource provider aggregate not found
2026-07-14 18:49:43.743 9 INFO neutron.services.segments.plugin [-] Segment 2f654919-b128-43db-864f-fba56b86129d resource provider aggregate not found
2026-07-14 18:49:43.764 9 INFO neutron.services.segments.plugin [-] Segment 2f654919-b128-43db-864f-fba56b86129d resource provider not found; error: Placement Client Error (4xx): {"errors": [{"status": 404, "title": "Not Found", "detail": "The resource could not be found.\n\n No resource provider with uuid 2f654919-b128-43db-864f-fba56b86129d found for delete ", "request_id": "req-5693c85e-be25-4790-8112-a5619d715b2d"}]}
2026-07-14 18:49:43.768 9 INFO neutron.services.segments.plugin [-] Segment 2f654919-b128-43db-864f-fba56b86129d resource provider not found; error: Placement Client Error (4xx): {"errors": [{"status": 404, "title": "Not Found", "detail": "The resource could not be found.\n\n No resource provider with uuid 2f654919-b128-43db-864f-fba56b86129d found for delete ", "request_id": "req-54acd5e1-7d98-4682-a281-f1690d86eb72"}]}
2026-07-14 18:49:43.799 9 INFO neutron.wsgi [None req-927285fa-e418-44f2-b674-208067f10eff 7bbe5fbbecb04c67aaf0e51e1e70f88f 1df9047b14b549089d81bf61621eaab4 - - default default] 10.0.0.70 "DELETE /v2.0/networks/b9227e9e-321d-439d-b121-b62ed845ef0a HTTP/1.1" status: 204 len: 168 time: 0.5840533
2026-07-14 18:49:43.862 9 WARNING neutron.scheduler.dhcp_agent_scheduler [None req-9a1cdb59-0a8e-44e3-b5c4-890a72ba9955 613384ca6e504e0ebc914cbcc4046d90 bbb4a4b5341a4652924b9c6b5dcd76d6 - - default default] No more DHCP agents
2026-07-14 18:49:43.864 9 WARNING neutron.api.rpc.agentnotifiers.dhcp_rpc_agent_api [None req-9a1cdb59-0a8e-44e3-b5c4-890a72ba9955 613384ca6e504e0ebc914cbcc4046d90 bbb4a4b5341a4652924b9c6b5dcd76d6 - - default default] Unable to schedule network 551e1a52-7e78-4a9a-b766-671f2ca3ff5b: no agents available; will retry on subsequent port and subnet creation events.
2026-07-14 18:49:43.874 10 INFO neutron.db.ovn_revision_numbers_db [None req-b4100f51-ba8d-4433-a960-a1f2ff1f8b65 25c9c8a6fc5a495c83bd5a0be51db70d dd000348f57c4f3eba6379bc87bac2ff - - default default] Successfully bumped revision number for resource a784b4ea-486b-4f24-b981-e48bbd288830 (type: networks) to 1
2026-07-14 18:49:44.029 10 INFO neutron.wsgi [None req-b4800619-4796-44ab-b108-3969feea01c1 7bbe5fbbecb04c67aaf0e51e1e70f88f 1df9047b14b549089d81bf61621eaab4 - - default default] 10.0.0.70 "GET /v2.0/security-groups?tenant_id=704ca95536d240089d89f018d296e8ac&name=default HTTP/1.1" status: 200 len: 2996 time: 0.0599778
2026-07-14 18:49:44.075 10 WARNING neutron.scheduler.dhcp_agent_scheduler [None req-b4100f51-ba8d-4433-a960-a1f2ff1f8b65 25c9c8a6fc5a495c83bd5a0be51db70d dd000348f57c4f3eba6379bc87bac2ff - - default default] No more DHCP agents
2026-07-14 18:49:44.079 10 WARNING neutron.api.rpc.agentnotifiers.dhcp_rpc_agent_api [None req-b4100f51-ba8d-4433-a960-a1f2ff1f8b65 25c9c8a6fc5a495c83bd5a0be51db70d dd000348f57c4f3eba6379bc87bac2ff - - default default] Unable to schedule network a784b4ea-486b-4f24-b981-e48bbd288830: no agents available; will retry on subsequent port and subnet creation events.
