2026-07-14 18:46:44.543 9 INFO neutron.db.ovn_revision_numbers_db [None req-653a4b85-8277-4108-9f05-358601d2cf7a 2acfdd57eb984c3eb9f7c9387c840304 9b40799b104246719afee4a997a8e2d5 - - default default] Successfully bumped revision number for resource d2e063d1-641b-4853-b4ca-2c3c7dd28e2c (type: networks) to 1
2026-07-14 18:46:44.589 10 INFO neutron.plugins.ml2.drivers.ovn.mech_driver.mech_driver [None req-7ccc5585-02c5-47af-ba20-a251c21aa15d - - - - - -] OVN reports status up for port: 62301602-1998-47b9-bf61-f01aab5a8230
2026-07-14 18:46:44.614 10 INFO neutron.plugins.ml2.plugin [None req-7ccc5585-02c5-47af-ba20-a251c21aa15d - - - - - -] Attempt 1 to provision port 62301602-1998-47b9-bf61-f01aab5a8230
2026-07-14 18:46:44.642 10 INFO neutron.db.ovn_revision_numbers_db [None req-14d6dbde-a9b9-4b05-9ac3-ca3c9fbe6556 7bbe5fbbecb04c67aaf0e51e1e70f88f 1df9047b14b549089d81bf61621eaab4 - - default default] Successfully bumped revision number for resource 62301602-1998-47b9-bf61-f01aab5a8230 (type: router_ports) to 1
2026-07-14 18:46:44.652 9 INFO neutron.plugins.ml2.drivers.ovn.mech_driver.mech_driver [None req-715a825c-8b9b-440a-a22e-2dd40be042ea - - - - - -] OVN reports status up for port: f02870bc-91e7-4cb2-bd68-2d30891559a5
2026-07-14 18:46:44.674 9 INFO neutron.plugins.ml2.plugin [None req-715a825c-8b9b-440a-a22e-2dd40be042ea - - - - - -] Attempt 1 to provision port f02870bc-91e7-4cb2-bd68-2d30891559a5
2026-07-14 18:46:44.797 10 INFO neutron.db.ovn_revision_numbers_db [None req-598bd44b-5048-4a7e-9acf-8c6e6ddca4d5 - - - - - -] Successfully bumped revision number for resource b19d22f7-c4f8-4a0c-92a0-41b34917a935 (type: ports) to 4
2026-07-14 18:46:44.805 9 WARNING neutron.scheduler.dhcp_agent_scheduler [None req-653a4b85-8277-4108-9f05-358601d2cf7a 2acfdd57eb984c3eb9f7c9387c840304 9b40799b104246719afee4a997a8e2d5 - - default default] No more DHCP agents
2026-07-14 18:46:44.808 9 WARNING neutron.api.rpc.agentnotifiers.dhcp_rpc_agent_api [None req-653a4b85-8277-4108-9f05-358601d2cf7a 2acfdd57eb984c3eb9f7c9387c840304 9b40799b104246719afee4a997a8e2d5 - - default default] Unable to schedule network d2e063d1-641b-4853-b4ca-2c3c7dd28e2c: no agents available; will retry on subsequent port and subnet creation events.
2026-07-14 18:46:44.936 9 INFO neutron.db.ovn_revision_numbers_db [None req-653a4b85-8277-4108-9f05-358601d2cf7a 2acfdd57eb984c3eb9f7c9387c840304 9b40799b104246719afee4a997a8e2d5 - - default default] Successfully bumped revision number for resource 160289e1-308e-4ec4-a8aa-51ee18e0d7ee (type: ports) to 1
2026-07-14 18:46:44.978 9 INFO neutron.wsgi [None req-653a4b85-8277-4108-9f05-358601d2cf7a 2acfdd57eb984c3eb9f7c9387c840304 9b40799b104246719afee4a997a8e2d5 - - default default] 10.0.0.70 "POST /v2.0/networks HTTP/1.1" status: 201 len: 847 time: 0.6951389
2026-07-14 18:46:44.988 10 INFO neutron.db.ovn_revision_numbers_db [None req-14d6dbde-a9b9-4b05-9ac3-ca3c9fbe6556 7bbe5fbbecb04c67aaf0e51e1e70f88f 1df9047b14b549089d81bf61621eaab4 - - default default] Successfully bumped revision number for resource 62301602-1998-47b9-bf61-f01aab5a8230 (type: ports) to 1
2026-07-14 18:46:45.068 9 INFO neutron.db.ovn_revision_numbers_db [None req-715a825c-8b9b-440a-a22e-2dd40be042ea - - - - - -] Successfully bumped revision number for resource f02870bc-91e7-4cb2-bd68-2d30891559a5 (type: ports) to 6
2026-07-14 18:46:45.212 10 WARNING neutron.scheduler.dhcp_agent_scheduler [None req-14d6dbde-a9b9-4b05-9ac3-ca3c9fbe6556 7bbe5fbbecb04c67aaf0e51e1e70f88f 1df9047b14b549089d81bf61621eaab4 - - default default] No more DHCP agents
2026-07-14 18:46:45.222 10 WARNING neutron.api.rpc.agentnotifiers.dhcp_rpc_agent_api [None req-14d6dbde-a9b9-4b05-9ac3-ca3c9fbe6556 7bbe5fbbecb04c67aaf0e51e1e70f88f 1df9047b14b549089d81bf61621eaab4 - - default default] Unable to schedule network fdee7f85-47af-4d41-a5c4-1d8e10d3d22b: no agents available; will retry on subsequent port and subnet creation events.
2026-07-14 18:46:45.291 10 INFO neutron.db.ovn_revision_numbers_db [None req-7ccc5585-02c5-47af-ba20-a251c21aa15d - - - - - -] Successfully bumped revision number for resource 62301602-1998-47b9-bf61-f01aab5a8230 (type: ports) to 2 /var/lib/openstack/lib/python3.10/site-packages/pycadf/identifier.py:71: UserWarning: Invalid uuid: neutron. To ensure interoperability, identifiers should be a valid uuid. warnings.warn(('Invalid uuid: %s. To ensure interoperability, '
2026-07-14 18:46:45.379 10 INFO neutron.db.ovn_revision_numbers_db [None req-598bd44b-5048-4a7e-9acf-8c6e6ddca4d5 - - - - - -] Successfully bumped revision number for resource b19d22f7-c4f8-4a0c-92a0-41b34917a935 (type: router_ports) to 4
2026-07-14 18:46:45.420 10 INFO neutron.db.ovn_revision_numbers_db [None req-1b4233b1-d484-4cb7-a902-5f93732316b5 2acfdd57eb984c3eb9f7c9387c840304 9b40799b104246719afee4a997a8e2d5 - - default default] Successfully bumped revision number for resource d2e063d1-641b-4853-b4ca-2c3c7dd28e2c (type: networks) to 2
2026-07-14 18:46:45.425 10 INFO neutron.wsgi [None req-1b4233b1-d484-4cb7-a902-5f93732316b5 2acfdd57eb984c3eb9f7c9387c840304 9b40799b104246719afee4a997a8e2d5 - - default default] 10.0.0.70 "PUT /v2.0/networks/d2e063d1-641b-4853-b4ca-2c3c7dd28e2c HTTP/1.1" status: 200 len: 792 time: 0.4408200
2026-07-14 18:46:45.476 9 INFO neutron.db.ovn_revision_numbers_db [None req-6c7d4546-934c-4692-b6e6-b64aec86ab2d 7bbe5fbbecb04c67aaf0e51e1e70f88f 1df9047b14b549089d81bf61621eaab4 - - default default] Successfully bumped revision number for resource 78852868-7d9f-4ff8-b38e-8f46753483cd (type: security_groups) to 1
2026-07-14 18:46:45.505 9 INFO neutron.db.ovn_revision_numbers_db [None req-6c7d4546-934c-4692-b6e6-b64aec86ab2d 7bbe5fbbecb04c67aaf0e51e1e70f88f 1df9047b14b549089d81bf61621eaab4 - - default default] Successfully bumped revision number for resource 48fb31af-263a-4094-bbba-c096c9587c08 (type: security_group_rules) to 0
2026-07-14 18:46:45.526 9 INFO neutron.db.ovn_revision_numbers_db [None req-6c7d4546-934c-4692-b6e6-b64aec86ab2d 7bbe5fbbecb04c67aaf0e51e1e70f88f 1df9047b14b549089d81bf61621eaab4 - - default default] Successfully bumped revision number for resource 805315b4-c233-427c-8254-14ec3002a962 (type: security_group_rules) to 0
2026-07-14 18:46:45.561 9 INFO neutron.db.ovn_revision_numbers_db [None req-6c7d4546-934c-4692-b6e6-b64aec86ab2d 7bbe5fbbecb04c67aaf0e51e1e70f88f 1df9047b14b549089d81bf61621eaab4 - - default default] Successfully bumped revision number for resource 929498ee-ba8e-4e9c-b55c-ab2d33b59025 (type: security_group_rules) to 0
2026-07-14 18:46:45.578 10 INFO neutron.db.ovn_revision_numbers_db [None req-7ccc5585-02c5-47af-ba20-a251c21aa15d - - - - - -] Successfully bumped revision number for resource 62301602-1998-47b9-bf61-f01aab5a8230 (type: router_ports) to 2
2026-07-14 18:46:45.596 9 INFO neutron.db.ovn_revision_numbers_db [None req-6c7d4546-934c-4692-b6e6-b64aec86ab2d 7bbe5fbbecb04c67aaf0e51e1e70f88f 1df9047b14b549089d81bf61621eaab4 - - default default] Successfully bumped revision number for resource cf07f261-6a9a-4a10-815b-8650df8bc8d2 (type: security_group_rules) to 0
2026-07-14 18:46:45.637 9 INFO neutron.wsgi [None req-6c7d4546-934c-4692-b6e6-b64aec86ab2d 7bbe5fbbecb04c67aaf0e51e1e70f88f 1df9047b14b549089d81bf61621eaab4 - - default default] 10.0.0.70 "GET /v2.0/security-groups?tenant_id=7d1de4a7485c488a955c876b4092ae32&name=default HTTP/1.1" status: 200 len: 2996 time: 0.4814425
2026-07-14 18:46:45.779 9 WARNING neutron.scheduler.dhcp_agent_scheduler [None req-1ba36f88-cc00-4832-9a74-29580edaec8f 2acfdd57eb984c3eb9f7c9387c840304 9b40799b104246719afee4a997a8e2d5 - - default default] No more DHCP agents
2026-07-14 18:46:45.783 9 WARNING neutron.api.rpc.agentnotifiers.dhcp_rpc_agent_api [None req-1ba36f88-cc00-4832-9a74-29580edaec8f 2acfdd57eb984c3eb9f7c9387c840304 9b40799b104246719afee4a997a8e2d5 - - default default] Unable to schedule network d2e063d1-641b-4853-b4ca-2c3c7dd28e2c: no agents available; will retry on subsequent port and subnet creation events.
2026-07-14 18:46:45.826 9 INFO neutron.db.ovn_revision_numbers_db [None req-1ba36f88-cc00-4832-9a74-29580edaec8f 2acfdd57eb984c3eb9f7c9387c840304 9b40799b104246719afee4a997a8e2d5 - - default default] Successfully bumped revision number for resource 94e62d07-7200-440e-8ba2-702152e122da (type: subnets) to 0
2026-07-14 18:46:45.843 9 INFO neutron.wsgi [None req-1ba36f88-cc00-4832-9a74-29580edaec8f 2acfdd57eb984c3eb9f7c9387c840304 9b40799b104246719afee4a997a8e2d5 - - default default] 10.0.0.70 "POST /v2.0/subnets HTTP/1.1" status: 201 len: 821 time: 0.4108043
2026-07-14 18:46:45.857 9 INFO neutron.notifiers.nova [-] Nova event matching ['req-f56e6f98-0da7-4e70-a40e-ac1b19680a53'] response: {'server_uuid': 'd3f32a75-4aa7-48ae-abbe-79070d078c55', 'name': 'network-vif-plugged', 'status': 'completed', 'tag': 'f02870bc-91e7-4cb2-bd68-2d30891559a5', 'code': 200}
2026-07-14 18:46:45.858 9 INFO neutron.notifiers.nova [-] Nova event matching ['req-f56e6f98-0da7-4e70-a40e-ac1b19680a53'] response: {'server_uuid': 'd3f32a75-4aa7-48ae-abbe-79070d078c55', 'name': 'network-vif-plugged', 'status': 'completed', 'tag': 'f02870bc-91e7-4cb2-bd68-2d30891559a5', 'code': 200}
2026-07-14 18:46:45.958 9 INFO neutron.wsgi [None req-5c84c124-e098-41c8-bcf4-96bb7ccbbaec 7bbe5fbbecb04c67aaf0e51e1e70f88f 1df9047b14b549089d81bf61621eaab4 - - default default] 10.0.0.70 "DELETE /v2.0/security-groups/78852868-7d9f-4ff8-b38e-8f46753483cd HTTP/1.1" status: 204 len: 168 time: 0.3074465
2026-07-14 18:46:46.201 10 INFO neutron.db.ovn_revision_numbers_db [None req-14d6dbde-a9b9-4b05-9ac3-ca3c9fbe6556 7bbe5fbbecb04c67aaf0e51e1e70f88f 1df9047b14b549089d81bf61621eaab4 - - default default] Successfully bumped revision number for resource 62301602-1998-47b9-bf61-f01aab5a8230 (type: router_ports) to 2
2026-07-14 18:46:46.203 10 INFO neutron.wsgi [None req-14d6dbde-a9b9-4b05-9ac3-ca3c9fbe6556 7bbe5fbbecb04c67aaf0e51e1e70f88f 1df9047b14b549089d81bf61621eaab4 - - default default] 10.0.0.70 "PUT /v2.0/routers/76c48618-4cbc-4f43-b3dd-65e9bf8aa201/add_router_interface HTTP/1.1" status: 200 len: 503 time: 3.9299731
2026-07-14 18:46:46.218 10 INFO neutron.db.ovn_revision_numbers_db [None req-a7c92ee7-0377-4fad-b82f-99ba97c7ece8 7bbe5fbbecb04c67aaf0e51e1e70f88f 1df9047b14b549089d81bf61621eaab4 - - default default] Successfully bumped revision number for resource 1eb1a643-fda1-47bd-aab5-d846cc46fdc4 (type: security_groups) to 1
2026-07-14 18:46:46.228 10 INFO neutron.db.ovn_revision_numbers_db [None req-a7c92ee7-0377-4fad-b82f-99ba97c7ece8 7bbe5fbbecb04c67aaf0e51e1e70f88f 1df9047b14b549089d81bf61621eaab4 - - default default] Successfully bumped revision number for resource 4bd8ae0f-df39-4356-9a35-f3df5e4c45bb (type: security_group_rules) to 0
2026-07-14 18:46:46.238 10 INFO neutron.db.ovn_revision_numbers_db [None req-a7c92ee7-0377-4fad-b82f-99ba97c7ece8 7bbe5fbbecb04c67aaf0e51e1e70f88f 1df9047b14b549089d81bf61621eaab4 - - default default] Successfully bumped revision number for resource 61facce7-1d40-49d7-9685-ec97e62a6a5e (type: security_group_rules) to 0
2026-07-14 18:46:46.250 10 INFO neutron.db.ovn_revision_numbers_db [None req-a7c92ee7-0377-4fad-b82f-99ba97c7ece8 7bbe5fbbecb04c67aaf0e51e1e70f88f 1df9047b14b549089d81bf61621eaab4 - - default default] Successfully bumped revision number for resource 9a791dd3-6f72-4c2c-b405-d874dd27e244 (type: security_group_rules) to 0
2026-07-14 18:46:46.260 10 INFO neutron.db.ovn_revision_numbers_db [None req-a7c92ee7-0377-4fad-b82f-99ba97c7ece8 7bbe5fbbecb04c67aaf0e51e1e70f88f 1df9047b14b549089d81bf61621eaab4 - - default default] Successfully bumped revision number for resource dd06b014-3f25-42b3-8703-9cb0bfc16e57 (type: security_group_rules) to 0
2026-07-14 18:46:46.276 10 INFO neutron.wsgi [None req-a7c92ee7-0377-4fad-b82f-99ba97c7ece8 7bbe5fbbecb04c67aaf0e51e1e70f88f 1df9047b14b549089d81bf61621eaab4 - - default default] 10.0.0.70 "GET /v2.0/security-groups?tenant_id=221dce1cccb54dc3b31e7a58ff32f913&name=default HTTP/1.1" status: 200 len: 2996 time: 0.2110248
2026-07-14 18:46:46.493 10 INFO neutron.wsgi [None req-772e440e-ad21-4003-aaff-02c248129a43 7bbe5fbbecb04c67aaf0e51e1e70f88f 1df9047b14b549089d81bf61621eaab4 - - default default] 10.0.0.70 "DELETE /v2.0/security-groups/1eb1a643-fda1-47bd-aab5-d846cc46fdc4 HTTP/1.1" status: 204 len: 168 time: 0.2058692
2026-07-14 18:46:46.649 9 INFO neutron.db.ovn_revision_numbers_db [None req-53ac0f9e-10b1-4b03-ac02-29707164565a 2acfdd57eb984c3eb9f7c9387c840304 9b40799b104246719afee4a997a8e2d5 - - default default] Successfully bumped revision number for resource 160289e1-308e-4ec4-a8aa-51ee18e0d7ee (type: ports) to 2
2026-07-14 18:46:46.703 9 INFO neutron.db.ovn_revision_numbers_db [None req-53ac0f9e-10b1-4b03-ac02-29707164565a 2acfdd57eb984c3eb9f7c9387c840304 9b40799b104246719afee4a997a8e2d5 - - default default] Successfully bumped revision number for resource 94e62d07-7200-440e-8ba2-702152e122da (type: subnets) to 1
2026-07-14 18:46:46.705 9 INFO neutron.wsgi [None req-53ac0f9e-10b1-4b03-ac02-29707164565a 2acfdd57eb984c3eb9f7c9387c840304 9b40799b104246719afee4a997a8e2d5 - - default default] 10.0.0.70 "PUT /v2.0/subnets/94e62d07-7200-440e-8ba2-702152e122da HTTP/1.1" status: 200 len: 826 time: 0.8579941
2026-07-14 18:46:47.054 10 INFO neutron.db.ovn_revision_numbers_db [None req-8760e3d3-ed80-4928-b4bc-0e8a150bb36b 838df892d5424d7689c7becf5067f474 cb13ab6acc6a4ecc80685c001f94cbd1 - - default default] Successfully bumped revision number for resource 93958b68-f735-45ce-99b0-f18d54665a91 (type: security_groups) to 1
2026-07-14 18:46:47.073 10 INFO neutron.db.ovn_revision_numbers_db [None req-8760e3d3-ed80-4928-b4bc-0e8a150bb36b 838df892d5424d7689c7becf5067f474 cb13ab6acc6a4ecc80685c001f94cbd1 - - default default] Successfully bumped revision number for resource 137e21fe-4cf9-40bc-b6ca-544053d2dd60 (type: security_group_rules) to 0
2026-07-14 18:46:47.089 10 INFO neutron.db.ovn_revision_numbers_db [None req-8760e3d3-ed80-4928-b4bc-0e8a150bb36b 838df892d5424d7689c7becf5067f474 cb13ab6acc6a4ecc80685c001f94cbd1 - - default default] Successfully bumped revision number for resource 99f03eca-99f7-4bad-82c4-5d0b7c60db4d (type: security_group_rules) to 0
2026-07-14 18:46:47.111 10 INFO neutron.wsgi [None req-8760e3d3-ed80-4928-b4bc-0e8a150bb36b 838df892d5424d7689c7becf5067f474 cb13ab6acc6a4ecc80685c001f94cbd1 - - default default] 10.0.0.70 "POST /v2.0/security-groups HTTP/1.1" status: 201 len: 1796 time: 0.2179966
2026-07-14 18:46:47.226 10 INFO neutron.db.ovn_revision_numbers_db [None req-3d2c484b-6649-44e6-a47b-53c8794359c2 838df892d5424d7689c7becf5067f474 cb13ab6acc6a4ecc80685c001f94cbd1 - - default default] Successfully bumped revision number for resource b330b694-f511-4a56-9323-7b239a330af2 (type: security_group_rules) to 0
2026-07-14 18:46:47.251 10 INFO neutron.wsgi [None req-3d2c484b-6649-44e6-a47b-53c8794359c2 838df892d5424d7689c7becf5067f474 cb13ab6acc6a4ecc80685c001f94cbd1 - - default default] 10.0.0.70 "POST /v2.0/security-group-rules HTTP/1.1" status: 201 len: 764 time: 0.1347497
2026-07-14 18:46:47.265 9 INFO neutron.services.segments.plugin [-] Segment 1d28d62d-a809-4378-958a-53adc98a0a2a resource provider aggregate not found
2026-07-14 18:46:47.282 9 INFO neutron.services.segments.plugin [-] Segment 1d28d62d-a809-4378-958a-53adc98a0a2a resource provider aggregate not found
2026-07-14 18:46:47.292 9 INFO neutron.services.segments.plugin [-] Segment 1d28d62d-a809-4378-958a-53adc98a0a2a resource provider not found; error: Placement Client Error (4xx): {"errors": [{"status": 404, "title": "Not Found", "detail": "The resource could not be found.\n\n No resource provider with uuid 1d28d62d-a809-4378-958a-53adc98a0a2a found for delete ", "request_id": "req-374b5044-f46b-4539-938a-1848243ecfc6"}]}
2026-07-14 18:46:47.306 9 INFO neutron.services.segments.plugin [-] Segment 1d28d62d-a809-4378-958a-53adc98a0a2a resource provider not found; error: Placement Client Error (4xx): {"errors": [{"status": 404, "title": "Not Found", "detail": "The resource could not be found.\n\n No resource provider with uuid 1d28d62d-a809-4378-958a-53adc98a0a2a found for delete ", "request_id": "req-af96b397-53c2-4f87-b321-5e036e54c87a"}]}
2026-07-14 18:46:47.327 9 INFO neutron.wsgi [None req-6f970519-ff9d-4d47-91d6-520956bb69b5 2acfdd57eb984c3eb9f7c9387c840304 9b40799b104246719afee4a997a8e2d5 - - default default] 10.0.0.70 "DELETE /v2.0/networks/d2e063d1-641b-4853-b4ca-2c3c7dd28e2c HTTP/1.1" status: 204 len: 168 time: 0.6169679
2026-07-14 18:46:47.348 10 INFO neutron.pecan_wsgi.hooks.translation [None req-d2c5ed3d-d861-42b4-b391-dea1d08fb765 2acfdd57eb984c3eb9f7c9387c840304 9b40799b104246719afee4a997a8e2d5 - - default default] DELETE failed (client error): The resource could not be found.
2026-07-14 18:46:47.351 10 INFO neutron.wsgi [None req-d2c5ed3d-d861-42b4-b391-dea1d08fb765 2acfdd57eb984c3eb9f7c9387c840304 9b40799b104246719afee4a997a8e2d5 - - default default] 10.0.0.70 "DELETE /v2.0/networks/d2e063d1-641b-4853-b4ca-2c3c7dd28e2c HTTP/1.1" status: 404 len: 339 time: 0.0192485
2026-07-14 18:46:47.413 10 INFO neutron.db.ovn_revision_numbers_db [None req-e0b96203-a4dd-4c5c-bc5d-ab9abe687b31 838df892d5424d7689c7becf5067f474 cb13ab6acc6a4ecc80685c001f94cbd1 - - default default] Successfully bumped revision number for resource ef42ecea-65a4-49db-8588-be41af7fc461 (type: security_group_rules) to 0
2026-07-14 18:46:47.443 10 INFO neutron.wsgi [None req-e0b96203-a4dd-4c5c-bc5d-ab9abe687b31 838df892d5424d7689c7becf5067f474 cb13ab6acc6a4ecc80685c001f94cbd1 - - default default] 10.0.0.70 "POST /v2.0/security-group-rules HTTP/1.1" status: 201 len: 769 time: 0.1777070
2026-07-14 18:46:47.467 9 INFO neutron.wsgi [None req-8468cfa9-a61d-4284-8e41-f475288aedc6 2acfdd57eb984c3eb9f7c9387c840304 9b40799b104246719afee4a997a8e2d5 - - default default] 10.0.0.70 "GET /v2.0/networks?router%3Aexternal=True HTTP/1.1" status: 200 len: 845 time: 0.1106217
2026-07-14 18:46:47.518 9 INFO neutron.wsgi [None req-fc034f12-dac8-441f-bd2d-de87972ae263 2acfdd57eb984c3eb9f7c9387c840304 9b40799b104246719afee4a997a8e2d5 - - default default] 10.0.0.70 "GET /v2.0/subnets?network_id=e68dbe2d-7d1c-43f2-9db5-00f2d13b166c HTTP/1.1" status: 200 len: 820 time: 0.0459635
2026-07-14 18:46:47.528 9 INFO neutron.wsgi [None req-ebfddd50-d2f1-4925-8a42-3955d445c72b 2acfdd57eb984c3eb9f7c9387c840304 9b40799b104246719afee4a997a8e2d5 - - default default] 10.0.0.70 "GET /v2.0/extensions HTTP/1.1" status: 200 len: 16520 time: 0.0050011
2026-07-14 18:46:47.656 10 INFO neutron.wsgi [None req-2808b09c-1f9b-4f76-b63b-dc58ffc49ba1 2acfdd57eb984c3eb9f7c9387c840304 9b40799b104246719afee4a997a8e2d5 - - default default] 10.0.0.70 "GET /v2.0/networks HTTP/1.1" status: 200 len: 1507 time: 0.1237857
2026-07-14 18:46:47.743 10 INFO neutron.wsgi [None req-a1cd02e6-32f6-44f2-b70a-ce8c0efb331f 2acfdd57eb984c3eb9f7c9387c840304 9b40799b104246719afee4a997a8e2d5 - - default default] 10.0.0.70 "GET /v2.0/subnets HTTP/1.1" status: 200 len: 1460 time: 0.0821147
2026-07-14 18:46:47.846 10 WARNING neutron.scheduler.dhcp_agent_scheduler [None req-b693a8ec-027e-4fdd-82d3-147f57c2a765 838df892d5424d7689c7becf5067f474 cb13ab6acc6a4ecc80685c001f94cbd1 - - default default] No more DHCP agents
2026-07-14 18:46:47.848 10 WARNING neutron.api.rpc.agentnotifiers.dhcp_rpc_agent_api [None req-b693a8ec-027e-4fdd-82d3-147f57c2a765 838df892d5424d7689c7becf5067f474 cb13ab6acc6a4ecc80685c001f94cbd1 - - default default] Unable to schedule network e68dbe2d-7d1c-43f2-9db5-00f2d13b166c: no agents available; will retry on subsequent port and subnet creation events.
2026-07-14 18:46:47.855 9 INFO neutron.wsgi [None req-94136854-d5b8-4b3d-b759-5dc8292ffcde 2acfdd57eb984c3eb9f7c9387c840304 9b40799b104246719afee4a997a8e2d5 - - default default] 10.0.0.70 "GET /v2.0/networks/99a685b5-0336-4358-8d2c-caafcdd28601 HTTP/1.1" status: 200 len: 866 time: 0.0898120
2026-07-14 18:46:47.908 9 INFO neutron.wsgi [None req-231306bd-433d-430e-a670-5a5485a7cf97 2acfdd57eb984c3eb9f7c9387c840304 9b40799b104246719afee4a997a8e2d5 - - default default] 10.0.0.70 "GET /v2.0/subnets/3ff6501d-589e-4286-8c59-ba30e3048995 HTTP/1.1" status: 200 len: 843 time: 0.0452228
2026-07-14 18:46:47.940 9 INFO neutron.pecan_wsgi.hooks.translation [None req-51f52109-b801-4e18-88b8-2f5ceb88f45b 2acfdd57eb984c3eb9f7c9387c840304 9b40799b104246719afee4a997a8e2d5 - - default default] DELETE failed (client error): The resource could not be found.
2026-07-14 18:46:47.943 9 INFO neutron.wsgi [None req-51f52109-b801-4e18-88b8-2f5ceb88f45b 2acfdd57eb984c3eb9f7c9387c840304 9b40799b104246719afee4a997a8e2d5 - - default default] 10.0.0.70 "DELETE /v2.0/subnets/94e62d07-7200-440e-8ba2-702152e122da HTTP/1.1" status: 404 len: 337 time: 0.0245187
2026-07-14 18:46:47.967 10 INFO neutron.pecan_wsgi.hooks.translation [None req-9064f831-81ba-4a2a-8cc9-581d24726030 2acfdd57eb984c3eb9f7c9387c840304 9b40799b104246719afee4a997a8e2d5 - - default default] DELETE failed (client error): The resource could not be found.
2026-07-14 18:46:47.969 10 INFO neutron.wsgi [None req-9064f831-81ba-4a2a-8cc9-581d24726030 2acfdd57eb984c3eb9f7c9387c840304 9b40799b104246719afee4a997a8e2d5 - - default default] 10.0.0.70 "DELETE /v2.0/networks/d2e063d1-641b-4853-b4ca-2c3c7dd28e2c HTTP/1.1" status: 404 len: 339 time: 0.0203981
2026-07-14 18:46:48.280 10 INFO neutron.wsgi [None req-3a52c8f5-25e0-4a9c-b6b1-b9210b55bc5e 2acfdd57eb984c3eb9f7c9387c840304 9b40799b104246719afee4a997a8e2d5 - - default default] 10.0.0.70 "DELETE /v2.0/subnets/3ff6501d-589e-4286-8c59-ba30e3048995 HTTP/1.1" status: 204 len: 168 time: 0.3068776
2026-07-14 18:46:48.345 10 INFO neutron.db.ovn_revision_numbers_db [None req-b693a8ec-027e-4fdd-82d3-147f57c2a765 838df892d5424d7689c7becf5067f474 cb13ab6acc6a4ecc80685c001f94cbd1 - - default default] Successfully bumped revision number for resource 9f4e42e1-44a2-4ba4-9cd3-c308a828be8c (type: floatingips) to 0
2026-07-14 18:46:48.360 10 INFO neutron.wsgi [None req-b693a8ec-027e-4fdd-82d3-147f57c2a765 838df892d5424d7689c7becf5067f474 cb13ab6acc6a4ecc80685c001f94cbd1 - - default default] 10.0.0.70 "POST /v2.0/floatingips HTTP/1.1" status: 201 len: 751 time: 0.9128840
2026-07-14 18:46:48.696 10 INFO neutron.services.segments.plugin [-] Segment dfef6fbf-3da7-43db-bdc2-a2c45852d486 resource provider aggregate not found
2026-07-14 18:46:48.703 10 INFO neutron.services.segments.plugin [-] Segment dfef6fbf-3da7-43db-bdc2-a2c45852d486 resource provider aggregate not found
2026-07-14 18:46:48.719 10 INFO neutron.services.segments.plugin [-] Segment dfef6fbf-3da7-43db-bdc2-a2c45852d486 resource provider not found; error: Placement Client Error (4xx): {"errors": [{"status": 404, "title": "Not Found", "detail": "The resource could not be found.\n\n No resource provider with uuid dfef6fbf-3da7-43db-bdc2-a2c45852d486 found for delete ", "request_id": "req-7977ee27-b545-4ca9-9d03-b5c05879536e"}]}
2026-07-14 18:46:48.724 10 INFO neutron.services.segments.plugin [-] Segment dfef6fbf-3da7-43db-bdc2-a2c45852d486 resource provider not found; error: Placement Client Error (4xx): {"errors": [{"status": 404, "title": "Not Found", "detail": "The resource could not be found.\n\n No resource provider with uuid dfef6fbf-3da7-43db-bdc2-a2c45852d486 found for delete ", "request_id": "req-6103110a-bb83-49c6-937e-fc0434c70242"}]}
2026-07-14 18:46:48.755 10 INFO neutron.wsgi [None req-7222bc3d-e506-4a16-9c23-b9081bfd4c5b 2acfdd57eb984c3eb9f7c9387c840304 9b40799b104246719afee4a997a8e2d5 - - default default] 10.0.0.70 "DELETE /v2.0/networks/99a685b5-0336-4358-8d2c-caafcdd28601 HTTP/1.1" status: 204 len: 168 time: 0.4691782
2026-07-14 18:46:48.858 10 INFO neutron.wsgi [req-ac900b33-5914-4d30-9cf3-1d40b812e5cc req-de25d75f-adf0-4ff7-a413-64c9f7e76639 838df892d5424d7689c7becf5067f474 cb13ab6acc6a4ecc80685c001f94cbd1 - - default default] 10.0.0.200 "GET /v2.0/security-groups?name=tempest-securitygroup--2126324645&fields=id&tenant_id=cb13ab6acc6a4ecc80685c001f94cbd1 HTTP/1.1" status: 200 len: 267 time: 0.0368142
2026-07-14 18:46:48.956 10 INFO neutron.wsgi [req-ac900b33-5914-4d30-9cf3-1d40b812e5cc req-b944f2da-0761-4f97-84a2-6f19fcaf5418 838df892d5424d7689c7becf5067f474 cb13ab6acc6a4ecc80685c001f94cbd1 - - default default] 10.0.0.200 "GET /v2.0/networks?id=fdee7f85-47af-4d41-a5c4-1d8e10d3d22b HTTP/1.1" status: 200 len: 883 time: 0.0925221
2026-07-14 18:46:48.986 10 INFO neutron.wsgi [req-ac900b33-5914-4d30-9cf3-1d40b812e5cc req-33e7b3df-a60d-483a-aad1-37123381b106 838df892d5424d7689c7becf5067f474 cb13ab6acc6a4ecc80685c001f94cbd1 - - default default] 10.0.0.200 "GET /v2.0/quotas/cb13ab6acc6a4ecc80685c001f94cbd1 HTTP/1.1" status: 200 len: 386 time: 0.0182836
2026-07-14 18:46:49.093 10 INFO neutron.wsgi [req-ac900b33-5914-4d30-9cf3-1d40b812e5cc req-9e612419-f49b-46bd-8b8f-b70fa5d11dc8 838df892d5424d7689c7becf5067f474 cb13ab6acc6a4ecc80685c001f94cbd1 - - default default] 10.0.0.200 "GET /v2.0/ports?tenant_id=cb13ab6acc6a4ecc80685c001f94cbd1&fields=id HTTP/1.1" status: 200 len: 302 time: 0.0962253
2026-07-14 18:46:49.177 10 INFO neutron.wsgi [req-ac900b33-5914-4d30-9cf3-1d40b812e5cc req-0e7fb5f4-421c-4795-9108-1d642d648ab8 bc039332a626462b80a111b4b2ecb280 929db5240b3249239d5e1afb01ba49bf - - 836454d2791c49c1902648f62b0f7497 836454d2791c49c1902648f62b0f7497] 10.0.0.200 "GET /v2.0/networks/fdee7f85-47af-4d41-a5c4-1d8e10d3d22b?fields=segments HTTP/1.1" status: 200 len: 212 time: 0.0713422
2026-07-14 18:46:49.246 10 INFO neutron.wsgi [req-ac900b33-5914-4d30-9cf3-1d40b812e5cc req-6cf1e5c7-dfe5-421b-81f7-241c8187619c bc039332a626462b80a111b4b2ecb280 929db5240b3249239d5e1afb01ba49bf - - 836454d2791c49c1902648f62b0f7497 836454d2791c49c1902648f62b0f7497] 10.0.0.200 "GET /v2.0/networks/fdee7f85-47af-4d41-a5c4-1d8e10d3d22b?fields=provider%3Aphysical_network&fields=provider%3Anetwork_type HTTP/1.1" status: 200 len: 277 time: 0.0638947
2026-07-14 18:46:49.386 9 INFO neutron.wsgi [req-7b90a6c9-dcd6-40af-8006-fcfc04fa0720 req-dfb387d0-bb2d-4957-adcf-0c221aa537f9 838df892d5424d7689c7becf5067f474 cb13ab6acc6a4ecc80685c001f94cbd1 - - default default] 10.0.0.200 "GET /v2.0/ports?device_id=d6ee00fd-5e98-47b7-a726-32e4dd6cc8bd HTTP/1.1" status: 200 len: 210 time: 0.0255208
2026-07-14 18:46:49.755 9 INFO neutron.wsgi [None req-a24c78d1-bbb8-4c6a-bb48-efe2bb2d1343 7bbe5fbbecb04c67aaf0e51e1e70f88f 1df9047b14b549089d81bf61621eaab4 - - default default] 10.0.0.70 "GET /v2.0/security-groups?tenant_id=9b40799b104246719afee4a997a8e2d5&name=default HTTP/1.1" status: 200 len: 2996 time: 0.4181478
2026-07-14 18:46:49.998 9 INFO neutron.wsgi [None req-479915aa-dd2d-495c-8039-b40fe9480727 7bbe5fbbecb04c67aaf0e51e1e70f88f 1df9047b14b549089d81bf61621eaab4 - - default default] 10.0.0.70 "DELETE /v2.0/security-groups/7dc2ae4e-589e-401c-83a7-23f9c34bf967 HTTP/1.1" status: 204 len: 168 time: 0.2370715
2026-07-14 18:46:50.320 9 INFO neutron.wsgi [req-ac900b33-5914-4d30-9cf3-1d40b812e5cc req-301981cf-6061-481b-9265-24d6141623ff 838df892d5424d7689c7becf5067f474 cb13ab6acc6a4ecc80685c001f94cbd1 - - default default] 199.204.45.210 "GET /v2.0/networks?id=fdee7f85-47af-4d41-a5c4-1d8e10d3d22b HTTP/1.1" status: 200 len: 883 time: 0.1210496
2026-07-14 18:46:50.402 9 INFO neutron.wsgi [req-ac900b33-5914-4d30-9cf3-1d40b812e5cc req-ab892ca6-4b1b-4697-896c-9659001ded8c 838df892d5424d7689c7becf5067f474 cb13ab6acc6a4ecc80685c001f94cbd1 - - default default] 199.204.45.210 "GET /v2.0/security-groups?fields=id&fields=name&tenant_id=cb13ab6acc6a4ecc80685c001f94cbd1 HTTP/1.1" status: 200 len: 380 time: 0.0777788
2026-07-14 18:46:50.495 10 INFO neutron.wsgi [req-93d4e76c-39df-4635-b3ee-ddb03f8fce04 req-acd7fbb8-e997-431c-9ea6-cd86f67c6c63 838df892d5424d7689c7becf5067f474 cb13ab6acc6a4ecc80685c001f94cbd1 - - default default] 10.0.0.200 "GET /v2.0/ports?device_id=d6ee00fd-5e98-47b7-a726-32e4dd6cc8bd HTTP/1.1" status: 200 len: 210 time: 0.0250301
2026-07-14 18:46:50.554 10 INFO neutron.wsgi [-] 10.0.0.125 "GET / HTTP/1.1" status: 200 len: 246 time: 0.0017197
2026-07-14 18:46:50.556 10 INFO neutron.wsgi [-] 10.0.0.125 "GET / HTTP/1.1" status: 200 len: 246 time: 0.0012906
2026-07-14 18:46:50.846 9 WARNING neutron.scheduler.dhcp_agent_scheduler [req-ac900b33-5914-4d30-9cf3-1d40b812e5cc req-f6867bf0-b3e8-419a-9c5d-16e35a161070 838df892d5424d7689c7becf5067f474 cb13ab6acc6a4ecc80685c001f94cbd1 - - default default] No more DHCP agents
2026-07-14 18:46:50.848 9 WARNING neutron.api.rpc.agentnotifiers.dhcp_rpc_agent_api [req-ac900b33-5914-4d30-9cf3-1d40b812e5cc req-f6867bf0-b3e8-419a-9c5d-16e35a161070 838df892d5424d7689c7becf5067f474 cb13ab6acc6a4ecc80685c001f94cbd1 - - default default] Unable to schedule network fdee7f85-47af-4d41-a5c4-1d8e10d3d22b: no agents available; will retry on subsequent port and subnet creation events.
2026-07-14 18:46:51.056 9 INFO neutron.db.ovn_revision_numbers_db [req-ac900b33-5914-4d30-9cf3-1d40b812e5cc req-f6867bf0-b3e8-419a-9c5d-16e35a161070 838df892d5424d7689c7becf5067f474 cb13ab6acc6a4ecc80685c001f94cbd1 - - default default] Successfully bumped revision number for resource 15e9b6a9-4372-4c43-af8e-20847a7bded2 (type: ports) to 1
2026-07-14 18:46:51.079 9 INFO neutron.wsgi [req-ac900b33-5914-4d30-9cf3-1d40b812e5cc req-f6867bf0-b3e8-419a-9c5d-16e35a161070 838df892d5424d7689c7becf5067f474 cb13ab6acc6a4ecc80685c001f94cbd1 - - default default] 199.204.45.210 "POST /v2.0/ports HTTP/1.1" status: 201 len: 1158 time: 0.6683168 /var/lib/openstack/lib/python3.10/site-packages/pycadf/identifier.py:71: UserWarning: Invalid uuid: neutron. To ensure interoperability, identifiers should be a valid uuid. warnings.warn(('Invalid uuid: %s. To ensure interoperability, '
2026-07-14 18:46:51.204 9 INFO neutron.wsgi [None req-2a89233c-eb44-44be-bec8-b51f6e57f34c 7bbe5fbbecb04c67aaf0e51e1e70f88f 1df9047b14b549089d81bf61621eaab4 - - default default] 10.0.0.37 "GET /v2.0/networks HTTP/1.1" status: 200 len: 3880 time: 0.2651289
2026-07-14 18:46:51.261 9 INFO neutron.wsgi [None req-a4a95614-a145-48ab-a909-7dd2a186f0ab 7bbe5fbbecb04c67aaf0e51e1e70f88f 1df9047b14b549089d81bf61621eaab4 - - default default] 10.0.0.37 "GET /v2.0/ports HTTP/1.1" status: 200 len: 16054 time: 0.0500026
2026-07-14 18:46:51.301 10 INFO neutron.db.ovn_revision_numbers_db [None req-22c3be7a-6db6-47ff-aeef-c92c5484cd02 7bbe5fbbecb04c67aaf0e51e1e70f88f 1df9047b14b549089d81bf61621eaab4 - - default default] Successfully bumped revision number for resource a735370b-08e7-44ed-9459-12aa965fbfea (type: security_groups) to 1
2026-07-14 18:46:51.320 9 INFO neutron.wsgi [None req-fa476e54-4db2-4981-98fe-72538943c7b0 7bbe5fbbecb04c67aaf0e51e1e70f88f 1df9047b14b549089d81bf61621eaab4 - - default default] 10.0.0.37 "GET /v2.0/agents HTTP/1.1" status: 200 len: 997 time: 0.0454915
2026-07-14 18:46:51.338 10 INFO neutron.db.ovn_revision_numbers_db [None req-22c3be7a-6db6-47ff-aeef-c92c5484cd02 7bbe5fbbecb04c67aaf0e51e1e70f88f 1df9047b14b549089d81bf61621eaab4 - - default default] Successfully bumped revision number for resource 2a00515f-8d1c-443e-8c5a-8247c1de5fbe (type: security_group_rules) to 0
2026-07-14 18:46:51.339 9 INFO neutron.wsgi [None req-9d1a3e37-32fa-4627-9bc9-517db665c893 7bbe5fbbecb04c67aaf0e51e1e70f88f 1df9047b14b549089d81bf61621eaab4 - - default default] 10.0.0.37 "GET /v2.0/network-ip-availabilities HTTP/1.1" status: 200 len: 2252 time: 0.0161436
2026-07-14 18:46:51.358 10 INFO neutron.db.ovn_revision_numbers_db [None req-22c3be7a-6db6-47ff-aeef-c92c5484cd02 7bbe5fbbecb04c67aaf0e51e1e70f88f 1df9047b14b549089d81bf61621eaab4 - - default default] Successfully bumped revision number for resource 5b336513-d7e0-4160-8dad-0bf6749058ea (type: security_group_rules) to 0
2026-07-14 18:46:51.378 10 INFO neutron.db.ovn_revision_numbers_db [None req-22c3be7a-6db6-47ff-aeef-c92c5484cd02 7bbe5fbbecb04c67aaf0e51e1e70f88f 1df9047b14b549089d81bf61621eaab4 - - default default] Successfully bumped revision number for resource af9e9075-88ef-4e70-a1c9-d58902154f25 (type: security_group_rules) to 0
2026-07-14 18:46:51.390 9 INFO neutron.wsgi [None req-e4d83a4f-1e45-4159-8f6d-97f8fa61ad9d 7bbe5fbbecb04c67aaf0e51e1e70f88f 1df9047b14b549089d81bf61621eaab4 - - default default] 10.0.0.37 "GET /v2.0/subnets HTTP/1.1" status: 200 len: 2759 time: 0.0483637
2026-07-14 18:46:51.393 10 INFO neutron.db.ovn_revision_numbers_db [None req-22c3be7a-6db6-47ff-aeef-c92c5484cd02 7bbe5fbbecb04c67aaf0e51e1e70f88f 1df9047b14b549089d81bf61621eaab4 - - default default] Successfully bumped revision number for resource b63e798d-944e-441d-96c1-69d5514b3a4a (type: security_group_rules) to 0
2026-07-14 18:46:51.417 10 INFO neutron.wsgi [None req-22c3be7a-6db6-47ff-aeef-c92c5484cd02 7bbe5fbbecb04c67aaf0e51e1e70f88f 1df9047b14b549089d81bf61621eaab4 - - default default] 10.0.0.70 "GET /v2.0/security-groups?tenant_id=daf09471a10a4ae3960eb5a14ebaa13b&name=default HTTP/1.1" status: 200 len: 2996 time: 0.3389935
2026-07-14 18:46:51.564 9 INFO neutron.wsgi [None req-024e0d72-10c1-4e43-8213-6e0ed92167f3 7bbe5fbbecb04c67aaf0e51e1e70f88f 1df9047b14b549089d81bf61621eaab4 - - default default] 10.0.0.37 "GET /v2.0/routers HTTP/1.1" status: 200 len: 1545 time: 0.1724350 /var/lib/openstack/lib/python3.10/site-packages/pycadf/identifier.py:71: UserWarning: Invalid uuid: neutron. To ensure interoperability, identifiers should be a valid uuid. warnings.warn(('Invalid uuid: %s. To ensure interoperability, '
2026-07-14 18:46:51.580 9 INFO neutron.wsgi [None req-37ccf2b3-51e8-47b0-8073-469e1fc2fddb 7bbe5fbbecb04c67aaf0e51e1e70f88f 1df9047b14b549089d81bf61621eaab4 - - default default] 10.0.0.37 "GET /v2.0/agents?binary=ovn-controller HTTP/1.1" status: 200 len: 591 time: 0.0152657
2026-07-14 18:46:51.656 10 INFO neutron.wsgi [None req-d4e6ba91-b179-4371-b731-84b043bc00bb 7bbe5fbbecb04c67aaf0e51e1e70f88f 1df9047b14b549089d81bf61621eaab4 - - default default] 10.0.0.70 "DELETE /v2.0/security-groups/a735370b-08e7-44ed-9459-12aa965fbfea HTTP/1.1" status: 204 len: 168 time: 0.2264078
2026-07-14 18:46:51.658 9 INFO neutron.wsgi [None req-ab200ca3-0f07-4448-851b-fb4d7428675f 7bbe5fbbecb04c67aaf0e51e1e70f88f 1df9047b14b549089d81bf61621eaab4 - - default default] 10.0.0.37 "GET /v2.0/floatingips HTTP/1.1" status: 200 len: 1574 time: 0.0752017
2026-07-14 18:46:51.705 10 WARNING neutron.plugins.ml2.drivers.ovn.mech_driver.ovsdb.ovn_client [None req-7ccc5585-02c5-47af-ba20-a251c21aa15d - - - - - -] No hosting information found for port 62301602-1998-47b9-bf61-f01aab5a8230: RuntimeError: No hosting information found for port 62301602-1998-47b9-bf61-f01aab5a8230
2026-07-14 18:46:51.772 9 INFO neutron.wsgi [None req-c8cb5fc9-5d18-43bf-aba5-06c24d170375 7bbe5fbbecb04c67aaf0e51e1e70f88f 1df9047b14b549089d81bf61621eaab4 - - default default] 10.0.0.37 "GET /v2.0/security-groups HTTP/1.1" status: 200 len: 27837 time: 0.1123366
2026-07-14 18:46:51.776 9 INFO neutron.wsgi [req-64dbbcac-2b59-4d3b-b9ba-97f6304ad95c req-28ac9a05-646c-40bb-be17-9ed5154d4e38 838df892d5424d7689c7becf5067f474 cb13ab6acc6a4ecc80685c001f94cbd1 - - default default] 10.0.0.200 "GET /v2.0/ports?device_id=d6ee00fd-5e98-47b7-a726-32e4dd6cc8bd HTTP/1.1" status: 200 len: 1168 time: 0.1912394
2026-07-14 18:46:51.833 9 INFO neutron.wsgi [None req-c81acad5-3697-4ebc-9361-487d941984ad 7bbe5fbbecb04c67aaf0e51e1e70f88f 1df9047b14b549089d81bf61621eaab4 - - default default] 10.0.0.37 "GET /v2.0/subnets HTTP/1.1" status: 200 len: 2759 time: 0.0511019
2026-07-14 18:46:51.843 9 INFO neutron.db.ovn_revision_numbers_db [req-ac900b33-5914-4d30-9cf3-1d40b812e5cc req-abf17133-ada3-4875-a463-1cc53c6495f7 bc039332a626462b80a111b4b2ecb280 929db5240b3249239d5e1afb01ba49bf - - 836454d2791c49c1902648f62b0f7497 836454d2791c49c1902648f62b0f7497] Successfully bumped revision number for resource 15e9b6a9-4372-4c43-af8e-20847a7bded2 (type: ports) to 2
2026-07-14 18:46:51.852 9 INFO neutron.wsgi [req-64dbbcac-2b59-4d3b-b9ba-97f6304ad95c req-916b12f8-a132-481e-89bb-d7dab0c07691 838df892d5424d7689c7becf5067f474 cb13ab6acc6a4ecc80685c001f94cbd1 - - default default] 10.0.0.200 "GET /v2.0/security-groups?id=93958b68-f735-45ce-99b0-f18d54665a91&fields=id&fields=name HTTP/1.1" status: 200 len: 313 time: 0.0623550
2026-07-14 18:46:51.853 9 INFO neutron.wsgi [None req-69fed82c-2f0c-4b10-a218-17d2ffce1aed 7bbe5fbbecb04c67aaf0e51e1e70f88f 1df9047b14b549089d81bf61621eaab4 - - default default] 10.0.0.37 "GET /v2.0/subnetpools HTTP/1.1" status: 200 len: 193 time: 0.0181546
2026-07-14 18:46:52.104 9 INFO neutron.db.ovn_revision_numbers_db [req-ac900b33-5914-4d30-9cf3-1d40b812e5cc req-abf17133-ada3-4875-a463-1cc53c6495f7 bc039332a626462b80a111b4b2ecb280 929db5240b3249239d5e1afb01ba49bf - - 836454d2791c49c1902648f62b0f7497 836454d2791c49c1902648f62b0f7497] Successfully bumped revision number for resource 15e9b6a9-4372-4c43-af8e-20847a7bded2 (type: ports) to 2
2026-07-14 18:46:52.117 9 INFO neutron.wsgi [req-ac900b33-5914-4d30-9cf3-1d40b812e5cc req-abf17133-ada3-4875-a463-1cc53c6495f7 bc039332a626462b80a111b4b2ecb280 929db5240b3249239d5e1afb01ba49bf - - 836454d2791c49c1902648f62b0f7497 836454d2791c49c1902648f62b0f7497] 199.204.45.210 "PUT /v2.0/ports/15e9b6a9-4372-4c43-af8e-20847a7bded2 HTTP/1.1" status: 200 len: 1376 time: 1.0284245
2026-07-14 18:46:52.154 9 INFO neutron.notifiers.nova [-] Nova event matching ['req-86c231ae-2099-4878-ba25-1b9b82c850e5'] response: {'name': 'network-changed', 'server_uuid': 'd6ee00fd-5e98-47b7-a726-32e4dd6cc8bd', 'tag': '15e9b6a9-4372-4c43-af8e-20847a7bded2', 'status': 'completed', 'code': 200} /var/lib/openstack/lib/python3.10/site-packages/pycadf/identifier.py:71: UserWarning: Invalid uuid: neutron. To ensure interoperability, identifiers should be a valid uuid. warnings.warn(('Invalid uuid: %s. To ensure interoperability, '
2026-07-14 18:46:52.193 9 INFO neutron.wsgi [req-ac900b33-5914-4d30-9cf3-1d40b812e5cc req-1867d1f2-36a0-451d-9d61-fb63cc615fce bc039332a626462b80a111b4b2ecb280 929db5240b3249239d5e1afb01ba49bf - - 836454d2791c49c1902648f62b0f7497 836454d2791c49c1902648f62b0f7497] 199.204.45.210 "GET /v2.0/ports?tenant_id=cb13ab6acc6a4ecc80685c001f94cbd1&device_id=d6ee00fd-5e98-47b7-a726-32e4dd6cc8bd HTTP/1.1" status: 200 len: 1407 time: 0.0346570
2026-07-14 18:46:52.220 9 INFO neutron.wsgi [req-ac900b33-5914-4d30-9cf3-1d40b812e5cc req-a9f769f5-0174-428b-bd37-c7461a050233 bc039332a626462b80a111b4b2ecb280 929db5240b3249239d5e1afb01ba49bf - - 836454d2791c49c1902648f62b0f7497 836454d2791c49c1902648f62b0f7497] 199.204.45.210 "GET /v2.0/floatingips?fixed_ip_address=10.100.0.4&port_id=15e9b6a9-4372-4c43-af8e-20847a7bded2 HTTP/1.1" status: 200 len: 217 time: 0.0210929
2026-07-14 18:46:52.274 9 INFO neutron.wsgi [req-ac900b33-5914-4d30-9cf3-1d40b812e5cc req-d31d0e47-f402-418e-a603-9e2a04207058 bc039332a626462b80a111b4b2ecb280 929db5240b3249239d5e1afb01ba49bf - - 836454d2791c49c1902648f62b0f7497 836454d2791c49c1902648f62b0f7497] 199.204.45.210 "GET /v2.0/subnets?id=7d12ad6e-9721-48e0-9e46-e7e1c44d14f4 HTTP/1.1" status: 200 len: 877 time: 0.0458357
2026-07-14 18:46:52.285 10 INFO neutron.db.ovn_revision_numbers_db [None req-99326b48-836b-4d10-bc2a-b9ed58c237a8 470afe182f544331a805d20fcbfb68c9 8260b0efd9ea4587b48f40b34b2427bf - - default default] Successfully bumped revision number for resource 5140b322-1689-4c3d-8ec3-16ece087be31 (type: security_groups) to 1
2026-07-14 18:46:52.303 9 INFO neutron.wsgi [req-ac900b33-5914-4d30-9cf3-1d40b812e5cc req-5bcf6950-d0df-4eeb-9edd-57cc07e4121c bc039332a626462b80a111b4b2ecb280 929db5240b3249239d5e1afb01ba49bf - - 836454d2791c49c1902648f62b0f7497 836454d2791c49c1902648f62b0f7497] 199.204.45.210 "GET /v2.0/ports?network_id=fdee7f85-47af-4d41-a5c4-1d8e10d3d22b&device_owner=network%3Adhcp HTTP/1.1" status: 200 len: 210 time: 0.0211406
2026-07-14 18:46:52.306 10 INFO neutron.db.ovn_revision_numbers_db [None req-99326b48-836b-4d10-bc2a-b9ed58c237a8 470afe182f544331a805d20fcbfb68c9 8260b0efd9ea4587b48f40b34b2427bf - - default default] Successfully bumped revision number for resource 37140099-cd35-418a-b013-3d62c709e97c (type: security_group_rules) to 0
2026-07-14 18:46:52.322 10 INFO neutron.db.ovn_revision_numbers_db [None req-99326b48-836b-4d10-bc2a-b9ed58c237a8 470afe182f544331a805d20fcbfb68c9 8260b0efd9ea4587b48f40b34b2427bf - - default default] Successfully bumped revision number for resource 490a3abb-fdee-4604-ad68-ae3066485329 (type: security_group_rules) to 0
2026-07-14 18:46:52.339 10 INFO neutron.db.ovn_revision_numbers_db [None req-99326b48-836b-4d10-bc2a-b9ed58c237a8 470afe182f544331a805d20fcbfb68c9 8260b0efd9ea4587b48f40b34b2427bf - - default default] Successfully bumped revision number for resource 87ffa9bf-231b-455f-8c15-138209582bfc (type: security_group_rules) to 0
2026-07-14 18:46:52.358 10 INFO neutron.db.ovn_revision_numbers_db [None req-99326b48-836b-4d10-bc2a-b9ed58c237a8 470afe182f544331a805d20fcbfb68c9 8260b0efd9ea4587b48f40b34b2427bf - - default default] Successfully bumped revision number for resource d17538e6-08ce-47d1-94c6-a45143afffd5 (type: security_group_rules) to 0
2026-07-14 18:46:52.371 9 INFO neutron.wsgi [req-ac900b33-5914-4d30-9cf3-1d40b812e5cc req-e448c7a5-b86d-451a-8c71-8a1547e56f24 bc039332a626462b80a111b4b2ecb280 929db5240b3249239d5e1afb01ba49bf - - 836454d2791c49c1902648f62b0f7497 836454d2791c49c1902648f62b0f7497] 199.204.45.210 "GET /v2.0/networks/fdee7f85-47af-4d41-a5c4-1d8e10d3d22b?fields=segments HTTP/1.1" status: 200 len: 212 time: 0.0605216
2026-07-14 18:46:52.417 10 INFO neutron.db.segments_db [None req-99326b48-836b-4d10-bc2a-b9ed58c237a8 470afe182f544331a805d20fcbfb68c9 8260b0efd9ea4587b48f40b34b2427bf - - default default] Added segment 88111125-5240-46ee-8b5b-af514ca146d9 of type geneve for network c76910b2-07de-4004-af7b-8c1763a081c6
2026-07-14 18:46:52.461 9 INFO neutron.wsgi [req-ac900b33-5914-4d30-9cf3-1d40b812e5cc req-59d940de-cfb5-4b3d-a5ac-a3d56cad059a bc039332a626462b80a111b4b2ecb280 929db5240b3249239d5e1afb01ba49bf - - 836454d2791c49c1902648f62b0f7497 836454d2791c49c1902648f62b0f7497] 199.204.45.210 "GET /v2.0/networks/fdee7f85-47af-4d41-a5c4-1d8e10d3d22b?fields=provider%3Aphysical_network&fields=provider%3Anetwork_type HTTP/1.1" status: 200 len: 277 time: 0.0863402
2026-07-14 18:46:52.536 9 INFO neutron.wsgi [req-416933b2-7d3c-4725-9806-f6659e904c45 req-455d0206-bea7-4af7-ab46-f5b372f7abb8 bc039332a626462b80a111b4b2ecb280 929db5240b3249239d5e1afb01ba49bf - - 836454d2791c49c1902648f62b0f7497 836454d2791c49c1902648f62b0f7497] 199.204.45.210 "GET /v2.0/ports?tenant_id=cb13ab6acc6a4ecc80685c001f94cbd1&device_id=d6ee00fd-5e98-47b7-a726-32e4dd6cc8bd HTTP/1.1" status: 200 len: 1407 time: 0.0328217
2026-07-14 18:46:52.589 10 INFO neutron.db.ovn_revision_numbers_db [None req-99326b48-836b-4d10-bc2a-b9ed58c237a8 470afe182f544331a805d20fcbfb68c9 8260b0efd9ea4587b48f40b34b2427bf - - default default] Successfully bumped revision number for resource c76910b2-07de-4004-af7b-8c1763a081c6 (type: networks) to 1
2026-07-14 18:46:52.610 9 INFO neutron.wsgi [req-416933b2-7d3c-4725-9806-f6659e904c45 req-bf5c0d8f-2db3-4891-afee-7dbaabb585f3 bc039332a626462b80a111b4b2ecb280 929db5240b3249239d5e1afb01ba49bf - - 836454d2791c49c1902648f62b0f7497 836454d2791c49c1902648f62b0f7497] 199.204.45.210 "GET /v2.0/networks?id=fdee7f85-47af-4d41-a5c4-1d8e10d3d22b HTTP/1.1" status: 200 len: 982 time: 0.0638170
2026-07-14 18:46:52.643 9 INFO neutron.wsgi [req-416933b2-7d3c-4725-9806-f6659e904c45 req-5bf60073-ec37-466a-a84f-85b0f6171fa9 bc039332a626462b80a111b4b2ecb280 929db5240b3249239d5e1afb01ba49bf - - 836454d2791c49c1902648f62b0f7497 836454d2791c49c1902648f62b0f7497] 199.204.45.210 "GET /v2.0/floatingips?fixed_ip_address=10.100.0.4&port_id=15e9b6a9-4372-4c43-af8e-20847a7bded2 HTTP/1.1" status: 200 len: 217 time: 0.0250978
2026-07-14 18:46:52.655 10 INFO neutron.plugins.ml2.drivers.ovn.mech_driver.mech_driver [None req-7ccc5585-02c5-47af-ba20-a251c21aa15d - - - - - -] OVN reports status up for port: 15e9b6a9-4372-4c43-af8e-20847a7bded2
2026-07-14 18:46:52.686 9 INFO neutron.wsgi [req-416933b2-7d3c-4725-9806-f6659e904c45 req-9765c8b6-b6b6-450e-913c-ab746aa17592 bc039332a626462b80a111b4b2ecb280 929db5240b3249239d5e1afb01ba49bf - - 836454d2791c49c1902648f62b0f7497 836454d2791c49c1902648f62b0f7497] 199.204.45.210 "GET /v2.0/subnets?id=7d12ad6e-9721-48e0-9e46-e7e1c44d14f4 HTTP/1.1" status: 200 len: 877 time: 0.0331299
2026-07-14 18:46:52.686 10 INFO neutron.plugins.ml2.plugin [None req-7ccc5585-02c5-47af-ba20-a251c21aa15d - - - - - -] Attempt 1 to provision port 15e9b6a9-4372-4c43-af8e-20847a7bded2
2026-07-14 18:46:52.726 9 INFO neutron.wsgi [req-416933b2-7d3c-4725-9806-f6659e904c45 req-a0f9ee0b-6ae1-4cf0-aa44-8e778205962c bc039332a626462b80a111b4b2ecb280 929db5240b3249239d5e1afb01ba49bf - - 836454d2791c49c1902648f62b0f7497 836454d2791c49c1902648f62b0f7497] 199.204.45.210 "GET /v2.0/ports?network_id=fdee7f85-47af-4d41-a5c4-1d8e10d3d22b&device_owner=network%3Adhcp HTTP/1.1" status: 200 len: 210 time: 0.0346198
2026-07-14 18:46:52.808 9 INFO neutron.wsgi [req-416933b2-7d3c-4725-9806-f6659e904c45 req-10678f00-7739-4f77-af46-cad0ac993063 bc039332a626462b80a111b4b2ecb280 929db5240b3249239d5e1afb01ba49bf - - 836454d2791c49c1902648f62b0f7497 836454d2791c49c1902648f62b0f7497] 199.204.45.210 "GET /v2.0/networks/fdee7f85-47af-4d41-a5c4-1d8e10d3d22b?fields=segments HTTP/1.1" status: 200 len: 212 time: 0.0768883
2026-07-14 18:46:52.900 9 INFO neutron.wsgi [req-416933b2-7d3c-4725-9806-f6659e904c45 req-2f17b19b-f17a-48a2-9988-fa8a95ef41c9 bc039332a626462b80a111b4b2ecb280 929db5240b3249239d5e1afb01ba49bf - - 836454d2791c49c1902648f62b0f7497 836454d2791c49c1902648f62b0f7497] 199.204.45.210 "GET /v2.0/networks/fdee7f85-47af-4d41-a5c4-1d8e10d3d22b?fields=provider%3Aphysical_network&fields=provider%3Anetwork_type HTTP/1.1" status: 200 len: 277 time: 0.0866241
2026-07-14 18:46:53.017 10 INFO neutron.wsgi [req-ffb44054-e4c1-4210-b59c-4b354add5cd3 req-b8add7ea-8aaf-4cf8-b25d-f40b7baf7357 838df892d5424d7689c7becf5067f474 cb13ab6acc6a4ecc80685c001f94cbd1 - - default default] 10.0.0.200 "GET /v2.0/ports?device_id=d6ee00fd-5e98-47b7-a726-32e4dd6cc8bd HTTP/1.1" status: 200 len: 1168 time: 0.0572593
2026-07-14 18:46:53.045 10 WARNING neutron.scheduler.dhcp_agent_scheduler [None req-99326b48-836b-4d10-bc2a-b9ed58c237a8 470afe182f544331a805d20fcbfb68c9 8260b0efd9ea4587b48f40b34b2427bf - - default default] No more DHCP agents
2026-07-14 18:46:53.057 10 WARNING neutron.api.rpc.agentnotifiers.dhcp_rpc_agent_api [None req-99326b48-836b-4d10-bc2a-b9ed58c237a8 470afe182f544331a805d20fcbfb68c9 8260b0efd9ea4587b48f40b34b2427bf - - default default] Unable to schedule network c76910b2-07de-4004-af7b-8c1763a081c6: no agents available; will retry on subsequent port and subnet creation events.
2026-07-14 18:46:53.134 10 INFO neutron.notifiers.nova [-] Nova event matching ['req-3a9b7629-3f55-4378-8b13-ec996ab9c879'] response: {'server_uuid': 'd6ee00fd-5e98-47b7-a726-32e4dd6cc8bd', 'name': 'network-vif-plugged', 'status': 'completed', 'tag': '15e9b6a9-4372-4c43-af8e-20847a7bded2', 'code': 200}
2026-07-14 18:46:53.140 10 INFO neutron.wsgi [req-ffb44054-e4c1-4210-b59c-4b354add5cd3 req-a1535432-cb85-4f29-963a-a7bbe668430f 838df892d5424d7689c7becf5067f474 cb13ab6acc6a4ecc80685c001f94cbd1 - - default default] 10.0.0.200 "GET /v2.0/security-groups?id=93958b68-f735-45ce-99b0-f18d54665a91&fields=id&fields=name HTTP/1.1" status: 200 len: 313 time: 0.1087899
2026-07-14 18:46:53.209 10 INFO neutron.db.ovn_revision_numbers_db [None req-99326b48-836b-4d10-bc2a-b9ed58c237a8 470afe182f544331a805d20fcbfb68c9 8260b0efd9ea4587b48f40b34b2427bf - - default default] Successfully bumped revision number for resource e124f5cf-30cf-4ce9-b7ff-3a8e2dd9fb57 (type: ports) to 1
2026-07-14 18:46:53.230 9 INFO neutron.wsgi [req-2f72369f-2018-48bb-971d-eb85da8dd5da req-b0b989d8-40b0-4bb2-906f-082f08cd636d bc039332a626462b80a111b4b2ecb280 929db5240b3249239d5e1afb01ba49bf - - 836454d2791c49c1902648f62b0f7497 836454d2791c49c1902648f62b0f7497] 10.0.0.54 "GET /v2.0/ports?device_id=d3f32a75-4aa7-48ae-abbe-79070d078c55 HTTP/1.1" status: 200 len: 1409 time: 0.0438972
2026-07-14 18:46:53.242 10 INFO neutron.wsgi [None req-99326b48-836b-4d10-bc2a-b9ed58c237a8 470afe182f544331a805d20fcbfb68c9 8260b0efd9ea4587b48f40b34b2427bf - - default default] 10.0.0.70 "POST /v2.0/networks HTTP/1.1" status: 201 len: 844 time: 1.4010184
2026-07-14 18:46:53.280 9 INFO neutron.wsgi [req-2f72369f-2018-48bb-971d-eb85da8dd5da req-46ef994e-9351-46cb-ba1d-7239c19257c2 bc039332a626462b80a111b4b2ecb280 929db5240b3249239d5e1afb01ba49bf - - 836454d2791c49c1902648f62b0f7497 836454d2791c49c1902648f62b0f7497] 10.0.0.54 "GET /v2.0/security-groups?id=9b615884-7534-432e-974d-f6f08da9c9a6&fields=id&fields=name HTTP/1.1" status: 200 len: 312 time: 0.0445912
2026-07-14 18:46:53.450 10 INFO neutron.db.ovn_revision_numbers_db [None req-7ccc5585-02c5-47af-ba20-a251c21aa15d - - - - - -] Successfully bumped revision number for resource 15e9b6a9-4372-4c43-af8e-20847a7bded2 (type: ports) to 4
2026-07-14 18:46:53.643 10 WARNING neutron.scheduler.dhcp_agent_scheduler [None req-dd1dcdc8-ff5a-4052-9aed-8ca1f317fc77 470afe182f544331a805d20fcbfb68c9 8260b0efd9ea4587b48f40b34b2427bf - - default default] No more DHCP agents
2026-07-14 18:46:53.645 10 WARNING neutron.api.rpc.agentnotifiers.dhcp_rpc_agent_api [None req-dd1dcdc8-ff5a-4052-9aed-8ca1f317fc77 470afe182f544331a805d20fcbfb68c9 8260b0efd9ea4587b48f40b34b2427bf - - default default] Unable to schedule network c76910b2-07de-4004-af7b-8c1763a081c6: no agents available; will retry on subsequent port and subnet creation events.
2026-07-14 18:46:53.750 10 INFO neutron.db.ovn_revision_numbers_db [None req-dd1dcdc8-ff5a-4052-9aed-8ca1f317fc77 470afe182f544331a805d20fcbfb68c9 8260b0efd9ea4587b48f40b34b2427bf - - default default] Successfully bumped revision number for resource c41986e3-e500-450f-b74e-4b159e56bd80 (type: ports) to 1
