2026-07-14 18:49:00.602 9 INFO neutron.wsgi [None req-da66af77-b237-4ad0-8caa-d7028f103bac fbdf7851f9c94b56ac70889996fcc51b 3c2831423196499c831ba94af63a04aa - - default default] 10.0.0.70 "PUT /v2.0/floatingips/c7e833f7-1212-4fe1-8d46-687d206605ec HTTP/1.1" status: 200 len: 1050 time: 0.5622938
2026-07-14 18:49:00.610 10 INFO neutron.services.segments.plugin [-] Segment 78414e80-f0b2-4081-bf73-627383396aac resource provider aggregate not found
2026-07-14 18:49:00.620 10 INFO neutron.services.segments.plugin [-] Segment 78414e80-f0b2-4081-bf73-627383396aac resource provider not found; error: Placement Client Error (4xx): {"errors": [{"status": 404, "title": "Not Found", "detail": "The resource could not be found.\n\n No resource provider with uuid 78414e80-f0b2-4081-bf73-627383396aac found for delete ", "request_id": "req-51717e66-bcc8-4e76-a168-583b688ef34f"}]}
2026-07-14 18:49:00.637 10 INFO neutron.wsgi [req-27d63b1d-2a4e-4bad-8101-e1626749c019 req-6297f3c6-536f-4dbd-b4b1-86ea0db473c4 a76751fb022347e6ad996490b1890857 d8d6d082c61f4a50b23da9fd296a7327 - - default default] 10.0.0.200 "GET /v2.0/ports?device_id=de06d98b-24b5-497e-937b-16fe342ee26a HTTP/1.1" status: 200 len: 1214 time: 0.2209427
2026-07-14 18:49:00.648 10 INFO neutron.wsgi [None req-9cffb454-659a-4f7f-8122-99a1d0a08632 7e5e442939fc4200a3e8f574bae9c194 301558547aaa4d1d8d33b39f9e0227ae - - default default] 10.0.0.70 "DELETE /v2.0/networks/31830b5f-f1fd-4006-b850-5291e0c6862d HTTP/1.1" status: 204 len: 168 time: 0.6423607
2026-07-14 18:49:00.649 9 INFO neutron.wsgi [None req-9c7db8a4-3354-48ce-9172-377d56f643d5 fbdf7851f9c94b56ac70889996fcc51b 3c2831423196499c831ba94af63a04aa - - default default] 10.0.0.70 "GET /v2.0/floatingips/c7e833f7-1212-4fe1-8d46-687d206605ec HTTP/1.1" status: 200 len: 1052 time: 0.0404975 /var/lib/openstack/lib/python3.10/site-packages/pycadf/identifier.py:71: UserWarning: Invalid uuid: neutron. To ensure interoperability, identifiers should be a valid uuid. warnings.warn(('Invalid uuid: %s. To ensure interoperability, '
2026-07-14 18:49:00.661 9 INFO neutron.notifiers.nova [-] Nova event matching ['req-197fa1cd-cb00-4e9d-9436-0ecc6ca6c312'] response: {'name': 'network-changed', 'server_uuid': '8579ab7a-0fb4-437e-b7ef-00522a2445ed', 'tag': '1e087e54-f8ce-4241-bcfb-c1b7e2ca82e2', 'status': 'completed', 'code': 200}
2026-07-14 18:49:00.690 10 INFO neutron.services.segments.plugin [-] Segment 78414e80-f0b2-4081-bf73-627383396aac resource provider not found; error: Placement Client Error (4xx): {"errors": [{"status": 404, "title": "Not Found", "detail": "The resource could not be found.\n\n No resource provider with uuid 78414e80-f0b2-4081-bf73-627383396aac found for delete ", "request_id": "req-ac2328fe-6e0d-4bc0-88b4-6e1bbf3b239f"}]}
2026-07-14 18:49:00.715 9 INFO neutron.wsgi [req-2ebfb924-a5c5-4566-b47e-b7dd27964989 req-34a490e7-b2ea-4aec-9995-e2ae7b435625 bc039332a626462b80a111b4b2ecb280 929db5240b3249239d5e1afb01ba49bf - - 836454d2791c49c1902648f62b0f7497 836454d2791c49c1902648f62b0f7497] 199.204.45.210 "GET /v2.0/ports?tenant_id=3c2831423196499c831ba94af63a04aa&device_id=8579ab7a-0fb4-437e-b7ef-00522a2445ed HTTP/1.1" status: 200 len: 1413 time: 0.0336645
2026-07-14 18:49:00.718 10 INFO neutron.wsgi [req-27d63b1d-2a4e-4bad-8101-e1626749c019 req-5f8bbec1-5bb1-4438-8b0f-4376705bfa51 a76751fb022347e6ad996490b1890857 d8d6d082c61f4a50b23da9fd296a7327 - - default default] 10.0.0.200 "GET /v2.0/security-groups?id=e67878d3-0a04-459b-a146-df4efe83d7e6&id=6d15574c-d0cf-4f48-b57f-2572cb45c41c&fields=id&fields=name HTTP/1.1" status: 200 len: 405 time: 0.0676415
2026-07-14 18:49:00.794 10 INFO neutron.db.ovn_revision_numbers_db [None req-50b4cf86-aec5-4bbf-8ee2-20bd4d319eee 72c5f0bc0db94412bece0ab9f01de6be c52e8e415a5942cf89d03a155f39df02 - - default default] Successfully bumped revision number for resource 772bbe0d-35e2-4590-9f42-39bbea19e4de (type: ports) to 2
2026-07-14 18:49:00.809 9 INFO neutron.wsgi [req-2ebfb924-a5c5-4566-b47e-b7dd27964989 req-4cec2978-33c9-40bd-8339-2eb6622e4d15 bc039332a626462b80a111b4b2ecb280 929db5240b3249239d5e1afb01ba49bf - - 836454d2791c49c1902648f62b0f7497 836454d2791c49c1902648f62b0f7497] 199.204.45.210 "GET /v2.0/networks?id=eca71c28-54f8-494b-a0ef-5e939c1e1ec3 HTTP/1.1" status: 200 len: 959 time: 0.0882649
2026-07-14 18:49:00.825 10 INFO neutron.db.ovn_revision_numbers_db [None req-50b4cf86-aec5-4bbf-8ee2-20bd4d319eee 72c5f0bc0db94412bece0ab9f01de6be c52e8e415a5942cf89d03a155f39df02 - - default default] Successfully bumped revision number for resource 91e3896c-6026-44a6-bf0d-95d96cbd026a (type: subnets) to 0
2026-07-14 18:49:00.843 10 INFO neutron.wsgi [None req-50b4cf86-aec5-4bbf-8ee2-20bd4d319eee 72c5f0bc0db94412bece0ab9f01de6be c52e8e415a5942cf89d03a155f39df02 - - default default] 10.0.0.70 "POST /v2.0/subnets HTTP/1.1" status: 201 len: 801 time: 1.1215427
2026-07-14 18:49:01.046 10 INFO neutron.db.ovn_revision_numbers_db [None req-8847eaf8-5dc0-4cdc-9e95-9688fada9d35 72c5f0bc0db94412bece0ab9f01de6be c52e8e415a5942cf89d03a155f39df02 - - default default] Successfully bumped revision number for resource 40da417e-a5e3-4868-9ef2-6b3dadf2037d (type: routers) to 1
2026-07-14 18:49:01.068 10 INFO neutron.wsgi [None req-8847eaf8-5dc0-4cdc-9e95-9688fada9d35 72c5f0bc0db94412bece0ab9f01de6be c52e8e415a5942cf89d03a155f39df02 - - default default] 10.0.0.70 "POST /v2.0/routers HTTP/1.1" status: 201 len: 687 time: 0.2160172
2026-07-14 18:49:01.127 9 INFO neutron.wsgi [req-2ebfb924-a5c5-4566-b47e-b7dd27964989 req-de7a762c-23c6-4a06-9bbb-53211b1929e2 bc039332a626462b80a111b4b2ecb280 929db5240b3249239d5e1afb01ba49bf - - 836454d2791c49c1902648f62b0f7497 836454d2791c49c1902648f62b0f7497] 199.204.45.210 "GET /v2.0/floatingips?fixed_ip_address=10.100.0.13&port_id=1e087e54-f8ce-4241-bcfb-c1b7e2ca82e2 HTTP/1.1" status: 200 len: 1060 time: 0.3101907
2026-07-14 18:49:01.168 9 INFO neutron.wsgi [req-2ebfb924-a5c5-4566-b47e-b7dd27964989 req-8ec09321-bb23-4bee-b1f1-6d8b86160ceb bc039332a626462b80a111b4b2ecb280 929db5240b3249239d5e1afb01ba49bf - - 836454d2791c49c1902648f62b0f7497 836454d2791c49c1902648f62b0f7497] 199.204.45.210 "GET /v2.0/subnets?id=95516a5e-968b-4b59-a0b5-80b8224916bd HTTP/1.1" status: 200 len: 853 time: 0.0324728
2026-07-14 18:49:01.211 9 INFO neutron.wsgi [req-2ebfb924-a5c5-4566-b47e-b7dd27964989 req-462d474f-3e5c-4954-a281-92450189fc8a bc039332a626462b80a111b4b2ecb280 929db5240b3249239d5e1afb01ba49bf - - 836454d2791c49c1902648f62b0f7497 836454d2791c49c1902648f62b0f7497] 199.204.45.210 "GET /v2.0/ports?network_id=eca71c28-54f8-494b-a0ef-5e939c1e1ec3&device_owner=network%3Adhcp HTTP/1.1" status: 200 len: 210 time: 0.0362129
2026-07-14 18:49:01.321 9 INFO neutron.wsgi [req-2ebfb924-a5c5-4566-b47e-b7dd27964989 req-e7bd42c1-d4eb-4cbf-94b4-c3725f3d8c70 bc039332a626462b80a111b4b2ecb280 929db5240b3249239d5e1afb01ba49bf - - 836454d2791c49c1902648f62b0f7497 836454d2791c49c1902648f62b0f7497] 199.204.45.210 "GET /v2.0/networks/eca71c28-54f8-494b-a0ef-5e939c1e1ec3?fields=segments HTTP/1.1" status: 200 len: 212 time: 0.0978191
2026-07-14 18:49:01.415 9 INFO neutron.services.segments.plugin [-] Segment 24f42d3f-24d6-4931-8697-53cace751b6d resource provider aggregate not found
2026-07-14 18:49:01.419 9 INFO neutron.services.segments.plugin [-] Segment 24f42d3f-24d6-4931-8697-53cace751b6d resource provider aggregate not found
2026-07-14 18:49:01.439 9 INFO neutron.services.segments.plugin [-] Segment 24f42d3f-24d6-4931-8697-53cace751b6d resource provider not found; error: Placement Client Error (4xx): {"errors": [{"status": 404, "title": "Not Found", "detail": "The resource could not be found.\n\n No resource provider with uuid 24f42d3f-24d6-4931-8697-53cace751b6d found for delete ", "request_id": "req-9838ecae-833d-4f8c-bad2-af1d0ba531c2"}]}
2026-07-14 18:49:01.446 9 INFO neutron.wsgi [req-2ebfb924-a5c5-4566-b47e-b7dd27964989 req-8c18a4ca-6ac2-45c1-be6f-fa3f9bc75fb8 bc039332a626462b80a111b4b2ecb280 929db5240b3249239d5e1afb01ba49bf - - 836454d2791c49c1902648f62b0f7497 836454d2791c49c1902648f62b0f7497] 199.204.45.210 "GET /v2.0/networks/eca71c28-54f8-494b-a0ef-5e939c1e1ec3?fields=provider%3Aphysical_network&fields=provider%3Anetwork_type HTTP/1.1" status: 200 len: 277 time: 0.1134605
2026-07-14 18:49:01.467 9 INFO neutron.services.segments.plugin [-] Segment 24f42d3f-24d6-4931-8697-53cace751b6d resource provider not found; error: Placement Client Error (4xx): {"errors": [{"status": 404, "title": "Not Found", "detail": "The resource could not be found.\n\n No resource provider with uuid 24f42d3f-24d6-4931-8697-53cace751b6d found for delete ", "request_id": "req-bb656993-9c00-475f-9932-021fe790986c"}]}
2026-07-14 18:49:01.492 9 INFO neutron.wsgi [None req-f77ab1a2-e59e-4604-8740-8976360d5247 7e5e442939fc4200a3e8f574bae9c194 301558547aaa4d1d8d33b39f9e0227ae - - default default] 10.0.0.70 "DELETE /v2.0/networks/cf157011-ecd9-4f0d-80ea-fa62ea70d8b8 HTTP/1.1" status: 204 len: 168 time: 0.8386564
2026-07-14 18:49:01.616 10 WARNING neutron.scheduler.dhcp_agent_scheduler [None req-45f5ee0e-2cd2-4a6f-a267-59a87ccb9be6 72c5f0bc0db94412bece0ab9f01de6be c52e8e415a5942cf89d03a155f39df02 - - default default] No more DHCP agents
2026-07-14 18:49:01.619 10 WARNING neutron.api.rpc.agentnotifiers.dhcp_rpc_agent_api [None req-45f5ee0e-2cd2-4a6f-a267-59a87ccb9be6 72c5f0bc0db94412bece0ab9f01de6be c52e8e415a5942cf89d03a155f39df02 - - default default] Unable to schedule network 7a3243a6-8926-4e3f-b551-e08d9c3f5215: no agents available; will retry on subsequent port and subnet creation events.
2026-07-14 18:49:01.892 10 INFO neutron.db.ovn_revision_numbers_db [None req-45f5ee0e-2cd2-4a6f-a267-59a87ccb9be6 72c5f0bc0db94412bece0ab9f01de6be c52e8e415a5942cf89d03a155f39df02 - - default default] Successfully bumped revision number for resource 88294465-1006-482c-8ea7-36be4a5a9f3d (type: ports) to 1
2026-07-14 18:49:01.908 9 INFO neutron.wsgi [req-50a66290-93ec-4539-b87c-0452cd468bfc req-aca7b622-233b-4269-b581-cfb262fcb097 a76751fb022347e6ad996490b1890857 d8d6d082c61f4a50b23da9fd296a7327 - - default default] 10.0.0.200 "GET /v2.0/ports?device_id=de06d98b-24b5-497e-937b-16fe342ee26a HTTP/1.1" status: 200 len: 1214 time: 0.1061199
2026-07-14 18:49:01.962 9 INFO neutron.wsgi [req-50a66290-93ec-4539-b87c-0452cd468bfc req-f51b8739-a0bf-4fb7-a238-1ff719c4cdef a76751fb022347e6ad996490b1890857 d8d6d082c61f4a50b23da9fd296a7327 - - default default] 10.0.0.200 "GET /v2.0/security-groups?id=e67878d3-0a04-459b-a146-df4efe83d7e6&id=6d15574c-d0cf-4f48-b57f-2572cb45c41c&fields=id&fields=name HTTP/1.1" status: 200 len: 405 time: 0.0429442
2026-07-14 18:49:02.044 10 INFO neutron.wsgi [None req-db5724b7-b94f-4acc-8a5b-2896e80e88b3 7e5e442939fc4200a3e8f574bae9c194 301558547aaa4d1d8d33b39f9e0227ae - - default default] 10.0.0.70 "DELETE /v2.0/networks/86e98eeb-b5e8-44f6-8ae5-5af26efc87bd HTTP/1.1" status: 204 len: 168 time: 0.5460639
2026-07-14 18:49:02.108 10 INFO neutron.wsgi [req-e25e5417-e933-4778-a840-675440be73fd req-4a319b84-9788-4d1f-8f61-2b93509cb429 a76751fb022347e6ad996490b1890857 d8d6d082c61f4a50b23da9fd296a7327 - - default default] 10.0.0.200 "GET /v2.0/ports?device_id=de06d98b-24b5-497e-937b-16fe342ee26a HTTP/1.1" status: 200 len: 1214 time: 0.0528605
2026-07-14 18:49:02.363 9 INFO neutron.plugins.ml2.drivers.ovn.mech_driver.mech_driver [None req-715a825c-8b9b-440a-a22e-2dd40be042ea - - - - - -] OVN reports status up for port: 88294465-1006-482c-8ea7-36be4a5a9f3d
2026-07-14 18:49:02.384 10 INFO neutron.db.ovn_revision_numbers_db [None req-45f5ee0e-2cd2-4a6f-a267-59a87ccb9be6 72c5f0bc0db94412bece0ab9f01de6be c52e8e415a5942cf89d03a155f39df02 - - default default] Successfully bumped revision number for resource 88294465-1006-482c-8ea7-36be4a5a9f3d (type: router_ports) to 1
2026-07-14 18:49:02.389 9 INFO neutron.plugins.ml2.plugin [None req-715a825c-8b9b-440a-a22e-2dd40be042ea - - - - - -] Attempt 1 to provision port 88294465-1006-482c-8ea7-36be4a5a9f3d
2026-07-14 18:49:02.473 9 INFO neutron.db.l3_db [None req-78704c2b-38df-4385-8259-1132832d6422 a76751fb022347e6ad996490b1890857 d8d6d082c61f4a50b23da9fd296a7327 - - default default] Floating IP 42b1a835-c023-42ea-919d-2f35b86c860a associated. External IP: 10.96.250.203, port: a1773bf1-fc86-458c-90be-43bda7fa96ed.
2026-07-14 18:49:02.535 10 INFO neutron.db.ovn_revision_numbers_db [None req-45f5ee0e-2cd2-4a6f-a267-59a87ccb9be6 72c5f0bc0db94412bece0ab9f01de6be c52e8e415a5942cf89d03a155f39df02 - - default default] Successfully bumped revision number for resource 88294465-1006-482c-8ea7-36be4a5a9f3d (type: ports) to 1
2026-07-14 18:49:02.603 10 WARNING neutron.scheduler.dhcp_agent_scheduler [None req-45f5ee0e-2cd2-4a6f-a267-59a87ccb9be6 72c5f0bc0db94412bece0ab9f01de6be c52e8e415a5942cf89d03a155f39df02 - - default default] No more DHCP agents
2026-07-14 18:49:02.604 10 WARNING neutron.api.rpc.agentnotifiers.dhcp_rpc_agent_api [None req-45f5ee0e-2cd2-4a6f-a267-59a87ccb9be6 72c5f0bc0db94412bece0ab9f01de6be c52e8e415a5942cf89d03a155f39df02 - - default default] Unable to schedule network 7a3243a6-8926-4e3f-b551-e08d9c3f5215: no agents available; will retry on subsequent port and subnet creation events.
2026-07-14 18:49:02.651 10 INFO neutron.services.segments.plugin [-] Segment 30512c33-4217-429a-861b-d36c292b6651 resource provider aggregate not found
2026-07-14 18:49:02.675 10 INFO neutron.services.segments.plugin [-] Segment 30512c33-4217-429a-861b-d36c292b6651 resource provider not found; error: Placement Client Error (4xx): {"errors": [{"status": 404, "title": "Not Found", "detail": "The resource could not be found.\n\n No resource provider with uuid 30512c33-4217-429a-861b-d36c292b6651 found for delete ", "request_id": "req-f2c2614a-d43e-4129-b455-03cf7ab3791b"}]}
2026-07-14 18:49:02.707 10 INFO neutron.services.segments.plugin [-] Segment 30512c33-4217-429a-861b-d36c292b6651 resource provider aggregate not found
2026-07-14 18:49:02.778 10 INFO neutron.services.segments.plugin [-] Segment 30512c33-4217-429a-861b-d36c292b6651 resource provider not found; error: Placement Client Error (4xx): {"errors": [{"status": 404, "title": "Not Found", "detail": "The resource could not be found.\n\n No resource provider with uuid 30512c33-4217-429a-861b-d36c292b6651 found for delete ", "request_id": "req-3ef90155-96ef-4ef7-83bf-32cefc5bfbbc"}]}
2026-07-14 18:49:02.789 10 INFO neutron.db.ovn_revision_numbers_db [None req-45f5ee0e-2cd2-4a6f-a267-59a87ccb9be6 72c5f0bc0db94412bece0ab9f01de6be c52e8e415a5942cf89d03a155f39df02 - - default default] Successfully bumped revision number for resource 88294465-1006-482c-8ea7-36be4a5a9f3d (type: router_ports) to 2
2026-07-14 18:49:02.791 10 INFO neutron.wsgi [None req-45f5ee0e-2cd2-4a6f-a267-59a87ccb9be6 72c5f0bc0db94412bece0ab9f01de6be c52e8e415a5942cf89d03a155f39df02 - - default default] 10.0.0.70 "PUT /v2.0/routers/40da417e-a5e3-4868-9ef2-6b3dadf2037d/add_router_interface HTTP/1.1" status: 200 len: 503 time: 1.7192914
2026-07-14 18:49:02.810 9 INFO neutron.wsgi [None req-04ce00bf-42cd-40fb-94c1-830ac024b87a 7e5e442939fc4200a3e8f574bae9c194 301558547aaa4d1d8d33b39f9e0227ae - - default default] 10.0.0.70 "DELETE /v2.0/networks/099c4885-52ae-474c-9d30-f9b62c6ed05d HTTP/1.1" status: 204 len: 168 time: 0.7544234
2026-07-14 18:49:02.815 9 INFO neutron.db.ovn_revision_numbers_db [None req-78704c2b-38df-4385-8259-1132832d6422 a76751fb022347e6ad996490b1890857 d8d6d082c61f4a50b23da9fd296a7327 - - default default] Successfully bumped revision number for resource 42b1a835-c023-42ea-919d-2f35b86c860a (type: floatingips) to 1
2026-07-14 18:49:02.837 10 INFO neutron.wsgi [None req-d49b5368-5909-4dc6-88c1-0cce090a4dbc 72c5f0bc0db94412bece0ab9f01de6be c52e8e415a5942cf89d03a155f39df02 - - default default] 10.0.0.70 "GET /v2.0/ports/88294465-1006-482c-8ea7-36be4a5a9f3d HTTP/1.1" status: 200 len: 1137 time: 0.0415359
2026-07-14 18:49:02.947 9 INFO neutron.db.ovn_revision_numbers_db [None req-715a825c-8b9b-440a-a22e-2dd40be042ea - - - - - -] Successfully bumped revision number for resource 88294465-1006-482c-8ea7-36be4a5a9f3d (type: ports) to 2
2026-07-14 18:49:02.988 9 INFO neutron.db.ovn_revision_numbers_db [None req-78704c2b-38df-4385-8259-1132832d6422 a76751fb022347e6ad996490b1890857 d8d6d082c61f4a50b23da9fd296a7327 - - default default] Successfully bumped revision number for resource 42b1a835-c023-42ea-919d-2f35b86c860a (type: floatingips) to 2
2026-07-14 18:49:03.009 9 INFO neutron.wsgi [None req-f6bfc0a5-e6b5-43bd-93b8-d66b6ac93b29 72c5f0bc0db94412bece0ab9f01de6be c52e8e415a5942cf89d03a155f39df02 - - default default] 10.0.0.70 "GET /v2.0/ports/88294465-1006-482c-8ea7-36be4a5a9f3d HTTP/1.1" status: 200 len: 1137 time: 0.1660621
2026-07-14 18:49:03.038 9 INFO neutron.wsgi [None req-78704c2b-38df-4385-8259-1132832d6422 a76751fb022347e6ad996490b1890857 d8d6d082c61f4a50b23da9fd296a7327 - - default default] 10.0.0.70 "PUT /v2.0/floatingips/42b1a835-c023-42ea-919d-2f35b86c860a HTTP/1.1" status: 200 len: 1050 time: 0.9210060
2026-07-14 18:49:03.093 9 INFO neutron.notifiers.nova [-] Nova event matching ['req-b4ed6050-f25b-4bb5-b670-05cff9355a90'] response: {'name': 'network-changed', 'server_uuid': 'de06d98b-24b5-497e-937b-16fe342ee26a', 'tag': 'a1773bf1-fc86-458c-90be-43bda7fa96ed', 'status': 'completed', 'code': 200}
2026-07-14 18:49:03.155 9 INFO neutron.db.ovn_revision_numbers_db [None req-715a825c-8b9b-440a-a22e-2dd40be042ea - - - - - -] Successfully bumped revision number for resource 88294465-1006-482c-8ea7-36be4a5a9f3d (type: router_ports) to 2
2026-07-14 18:49:03.179 9 INFO neutron.wsgi [req-2eb27fc6-ac7f-499c-b5db-605ce7f33ab6 req-dea3272b-b17e-404c-8952-24af40fd242c bc039332a626462b80a111b4b2ecb280 929db5240b3249239d5e1afb01ba49bf - - 836454d2791c49c1902648f62b0f7497 836454d2791c49c1902648f62b0f7497] 199.204.45.210 "GET /v2.0/ports?tenant_id=d8d6d082c61f4a50b23da9fd296a7327&device_id=de06d98b-24b5-497e-937b-16fe342ee26a HTTP/1.1" status: 200 len: 1452 time: 0.0499110
2026-07-14 18:49:03.267 10 INFO neutron.wsgi [None req-87e437ee-72c7-426c-b6a1-eb182c237bd4 7e5e442939fc4200a3e8f574bae9c194 301558547aaa4d1d8d33b39f9e0227ae - - default default] 10.0.0.70 "DELETE /v2.0/networks/7af95c24-fad0-4ebb-8a91-3a2105655065 HTTP/1.1" status: 204 len: 168 time: 0.4530115
2026-07-14 18:49:03.270 9 INFO neutron.wsgi [req-2eb27fc6-ac7f-499c-b5db-605ce7f33ab6 req-0679a75f-6640-48df-b540-b065afce8d8b bc039332a626462b80a111b4b2ecb280 929db5240b3249239d5e1afb01ba49bf - - 836454d2791c49c1902648f62b0f7497 836454d2791c49c1902648f62b0f7497] 199.204.45.210 "GET /v2.0/networks?id=343b1eb0-75c6-42bb-abb6-8f43cfa8a9f8 HTTP/1.1" status: 200 len: 970 time: 0.0754702
2026-07-14 18:49:03.311 9 INFO neutron.wsgi [req-2eb27fc6-ac7f-499c-b5db-605ce7f33ab6 req-f729f4f6-89df-4e86-9643-740de67a2882 bc039332a626462b80a111b4b2ecb280 929db5240b3249239d5e1afb01ba49bf - - 836454d2791c49c1902648f62b0f7497 836454d2791c49c1902648f62b0f7497] 199.204.45.210 "GET /v2.0/floatingips?fixed_ip_address=10.100.0.13&port_id=a1773bf1-fc86-458c-90be-43bda7fa96ed HTTP/1.1" status: 200 len: 1060 time: 0.0356677
2026-07-14 18:49:03.348 9 INFO neutron.wsgi [req-2eb27fc6-ac7f-499c-b5db-605ce7f33ab6 req-ec808659-2bda-4241-a98e-04b2a34c00a2 bc039332a626462b80a111b4b2ecb280 929db5240b3249239d5e1afb01ba49bf - - 836454d2791c49c1902648f62b0f7497 836454d2791c49c1902648f62b0f7497] 199.204.45.210 "GET /v2.0/subnets?id=eb1edd82-6842-4fb4-803a-f9a84cee801f HTTP/1.1" status: 200 len: 865 time: 0.0320313
2026-07-14 18:49:03.372 9 INFO neutron.wsgi [req-2eb27fc6-ac7f-499c-b5db-605ce7f33ab6 req-0ffb6fc7-838e-420a-b924-308d7f857261 bc039332a626462b80a111b4b2ecb280 929db5240b3249239d5e1afb01ba49bf - - 836454d2791c49c1902648f62b0f7497 836454d2791c49c1902648f62b0f7497] 199.204.45.210 "GET /v2.0/ports?network_id=343b1eb0-75c6-42bb-abb6-8f43cfa8a9f8&device_owner=network%3Adhcp HTTP/1.1" status: 200 len: 210 time: 0.0195465
2026-07-14 18:49:03.434 9 INFO neutron.wsgi [req-2eb27fc6-ac7f-499c-b5db-605ce7f33ab6 req-66844c5b-ecbd-42c5-98ab-9377b2aefb53 bc039332a626462b80a111b4b2ecb280 929db5240b3249239d5e1afb01ba49bf - - 836454d2791c49c1902648f62b0f7497 836454d2791c49c1902648f62b0f7497] 199.204.45.210 "GET /v2.0/networks/343b1eb0-75c6-42bb-abb6-8f43cfa8a9f8?fields=segments HTTP/1.1" status: 200 len: 212 time: 0.0570519
2026-07-14 18:49:03.462 9 INFO neutron.services.segments.plugin [-] Segment 81dfe175-4525-46ce-995f-066fb31edc53 resource provider aggregate not found
2026-07-14 18:49:03.488 9 INFO neutron.services.segments.plugin [-] Segment 81dfe175-4525-46ce-995f-066fb31edc53 resource provider aggregate not found
2026-07-14 18:49:03.494 9 INFO neutron.services.segments.plugin [-] Segment 81dfe175-4525-46ce-995f-066fb31edc53 resource provider not found; error: Placement Client Error (4xx): {"errors": [{"status": 404, "title": "Not Found", "detail": "The resource could not be found.\n\n No resource provider with uuid 81dfe175-4525-46ce-995f-066fb31edc53 found for delete ", "request_id": "req-afba2eb5-707d-4db8-b720-a92ea5ee0668"}]}
2026-07-14 18:49:03.508 9 INFO neutron.services.segments.plugin [-] Segment 81dfe175-4525-46ce-995f-066fb31edc53 resource provider not found; error: Placement Client Error (4xx): {"errors": [{"status": 404, "title": "Not Found", "detail": "The resource could not be found.\n\n No resource provider with uuid 81dfe175-4525-46ce-995f-066fb31edc53 found for delete ", "request_id": "req-cf5c1f63-934d-4b50-ab92-838553c4f6b7"}]}
2026-07-14 18:49:03.523 9 INFO neutron.wsgi [req-2eb27fc6-ac7f-499c-b5db-605ce7f33ab6 req-56bff655-b958-48f5-b39c-6fddbfa9224e bc039332a626462b80a111b4b2ecb280 929db5240b3249239d5e1afb01ba49bf - - 836454d2791c49c1902648f62b0f7497 836454d2791c49c1902648f62b0f7497] 199.204.45.210 "GET /v2.0/networks/343b1eb0-75c6-42bb-abb6-8f43cfa8a9f8?fields=provider%3Aphysical_network&fields=provider%3Anetwork_type HTTP/1.1" status: 200 len: 277 time: 0.0835268
2026-07-14 18:49:03.672 10 INFO neutron.wsgi [None req-e607d068-b65a-4704-b60a-5bd542c6b4bb 72c5f0bc0db94412bece0ab9f01de6be c52e8e415a5942cf89d03a155f39df02 - - default default] 10.0.0.70 "PUT /v2.0/routers/40da417e-a5e3-4868-9ef2-6b3dadf2037d/remove_router_interface HTTP/1.1" status: 200 len: 503 time: 0.6522748
2026-07-14 18:49:03.699 9 INFO neutron.wsgi [None req-170e8c0a-2427-47d7-9870-862eb65d429f 72c5f0bc0db94412bece0ab9f01de6be c52e8e415a5942cf89d03a155f39df02 - - default default] 10.0.0.70 "GET /v2.0/ports?device_id=40da417e-a5e3-4868-9ef2-6b3dadf2037d HTTP/1.1" status: 200 len: 205 time: 0.0177963
2026-07-14 18:49:03.930 9 INFO neutron.wsgi [None req-bd39d4d2-51b3-42e4-9ec5-76925dd12329 72c5f0bc0db94412bece0ab9f01de6be c52e8e415a5942cf89d03a155f39df02 - - default default] 10.0.0.70 "DELETE /v2.0/routers/40da417e-a5e3-4868-9ef2-6b3dadf2037d HTTP/1.1" status: 204 len: 168 time: 0.2248085
2026-07-14 18:49:04.165 9 INFO neutron.wsgi [None req-b494bdf3-ff5f-41ff-b25f-ba70255937c0 72c5f0bc0db94412bece0ab9f01de6be c52e8e415a5942cf89d03a155f39df02 - - default default] 10.0.0.70 "DELETE /v2.0/subnets/91e3896c-6026-44a6-bf0d-95d96cbd026a HTTP/1.1" status: 204 len: 168 time: 0.2276471 /var/lib/openstack/lib/python3.10/site-packages/pycadf/identifier.py:71: UserWarning: Invalid uuid: neutron. To ensure interoperability, identifiers should be a valid uuid. warnings.warn(('Invalid uuid: %s. To ensure interoperability, '
2026-07-14 18:49:04.457 10 INFO neutron.db.ovn_revision_numbers_db [None req-bf9ec240-0c30-4932-985e-7abf244e39cc 7bbe5fbbecb04c67aaf0e51e1e70f88f 1df9047b14b549089d81bf61621eaab4 - - default default] Successfully bumped revision number for resource 7adddcee-a5df-4370-b766-30fbef6a1d97 (type: security_groups) to 1
2026-07-14 18:49:04.474 10 INFO neutron.db.ovn_revision_numbers_db [None req-bf9ec240-0c30-4932-985e-7abf244e39cc 7bbe5fbbecb04c67aaf0e51e1e70f88f 1df9047b14b549089d81bf61621eaab4 - - default default] Successfully bumped revision number for resource 21030667-2a4a-4fc7-960b-629b0fe1918a (type: security_group_rules) to 0
2026-07-14 18:49:04.488 10 INFO neutron.db.ovn_revision_numbers_db [None req-bf9ec240-0c30-4932-985e-7abf244e39cc 7bbe5fbbecb04c67aaf0e51e1e70f88f 1df9047b14b549089d81bf61621eaab4 - - default default] Successfully bumped revision number for resource 61f99e73-b271-48a4-b140-2a77bee4675f (type: security_group_rules) to 0
2026-07-14 18:49:04.504 10 INFO neutron.db.ovn_revision_numbers_db [None req-bf9ec240-0c30-4932-985e-7abf244e39cc 7bbe5fbbecb04c67aaf0e51e1e70f88f 1df9047b14b549089d81bf61621eaab4 - - default default] Successfully bumped revision number for resource 9754ccfd-cb01-4b26-903a-9c29f2c3bf67 (type: security_group_rules) to 0
2026-07-14 18:49:04.517 10 INFO neutron.db.ovn_revision_numbers_db [None req-bf9ec240-0c30-4932-985e-7abf244e39cc 7bbe5fbbecb04c67aaf0e51e1e70f88f 1df9047b14b549089d81bf61621eaab4 - - default default] Successfully bumped revision number for resource d2911b3f-47ff-4dea-8a76-5a0bb14ad167 (type: security_group_rules) to 0
2026-07-14 18:49:04.547 10 INFO neutron.wsgi [None req-bf9ec240-0c30-4932-985e-7abf244e39cc 7bbe5fbbecb04c67aaf0e51e1e70f88f 1df9047b14b549089d81bf61621eaab4 - - default default] 10.0.0.70 "GET /v2.0/security-groups?tenant_id=5139331d85054ae0966cd497b8819101&name=default HTTP/1.1" status: 200 len: 2996 time: 0.4588284
2026-07-14 18:49:04.616 9 INFO neutron.wsgi [None req-a2e7dba2-ebc2-46ac-a2be-d444bfd70bd4 72c5f0bc0db94412bece0ab9f01de6be c52e8e415a5942cf89d03a155f39df02 - - default default] 10.0.0.70 "DELETE /v2.0/networks/7a3243a6-8926-4e3f-b551-e08d9c3f5215 HTTP/1.1" status: 204 len: 168 time: 0.4452250
2026-07-14 18:49:04.902 10 INFO neutron.services.segments.plugin [-] Segment aedddb74-4401-4892-b4f0-1133a48ca00f resource provider aggregate not found
2026-07-14 18:49:04.911 10 INFO neutron.services.segments.plugin [-] Segment aedddb74-4401-4892-b4f0-1133a48ca00f resource provider aggregate not found
2026-07-14 18:49:04.926 10 INFO neutron.services.segments.plugin [-] Segment aedddb74-4401-4892-b4f0-1133a48ca00f resource provider not found; error: Placement Client Error (4xx): {"errors": [{"status": 404, "title": "Not Found", "detail": "The resource could not be found.\n\n No resource provider with uuid aedddb74-4401-4892-b4f0-1133a48ca00f found for delete ", "request_id": "req-f9eabe27-21d2-4a8c-bfe2-4cf0a6a93b2a"}]}
2026-07-14 18:49:04.969 10 INFO neutron.services.segments.plugin [-] Segment aedddb74-4401-4892-b4f0-1133a48ca00f resource provider not found; error: Placement Client Error (4xx): {"errors": [{"status": 404, "title": "Not Found", "detail": "The resource could not be found.\n\n No resource provider with uuid aedddb74-4401-4892-b4f0-1133a48ca00f found for delete ", "request_id": "req-fcbb6e4c-826f-4ef8-ba90-6b8bf37b105f"}]}
2026-07-14 18:49:05.264 10 INFO neutron.wsgi [None req-67472d44-7df2-4006-8042-74f10179ed0c 7bbe5fbbecb04c67aaf0e51e1e70f88f 1df9047b14b549089d81bf61621eaab4 - - default default] 10.0.0.70 "DELETE /v2.0/security-groups/7adddcee-a5df-4370-b766-30fbef6a1d97 HTTP/1.1" status: 204 len: 168 time: 0.7090936
2026-07-14 18:49:05.441 10 INFO neutron.wsgi [None req-05b1d9c0-01ff-4324-9597-80edf12e492c 7bbe5fbbecb04c67aaf0e51e1e70f88f 1df9047b14b549089d81bf61621eaab4 - - default default] 10.0.0.70 "GET /v2.0/security-groups?tenant_id=301558547aaa4d1d8d33b39f9e0227ae&name=default HTTP/1.1" status: 200 len: 2996 time: 0.0516882
2026-07-14 18:49:05.515 9 INFO neutron.services.segments.plugin [-] Segment 4d33e93e-c99f-4065-b407-e0ead6b1eeac resource provider aggregate not found
2026-07-14 18:49:05.516 10 WARNING neutron.scheduler.dhcp_agent_scheduler [None req-f61346f7-8ba2-4bf7-be30-ab6aef79f97c 72c5f0bc0db94412bece0ab9f01de6be c52e8e415a5942cf89d03a155f39df02 - - default default] No more DHCP agents
2026-07-14 18:49:05.520 10 WARNING neutron.api.rpc.agentnotifiers.dhcp_rpc_agent_api [None req-f61346f7-8ba2-4bf7-be30-ab6aef79f97c 72c5f0bc0db94412bece0ab9f01de6be c52e8e415a5942cf89d03a155f39df02 - - default default] Unable to schedule network e68dbe2d-7d1c-43f2-9db5-00f2d13b166c: no agents available; will retry on subsequent port and subnet creation events.
2026-07-14 18:49:05.533 9 INFO neutron.services.segments.plugin [-] Segment 4d33e93e-c99f-4065-b407-e0ead6b1eeac resource provider aggregate not found
2026-07-14 18:49:05.538 9 INFO neutron.services.segments.plugin [-] Segment 4d33e93e-c99f-4065-b407-e0ead6b1eeac resource provider not found; error: Placement Client Error (4xx): {"errors": [{"status": 404, "title": "Not Found", "detail": "The resource could not be found.\n\n No resource provider with uuid 4d33e93e-c99f-4065-b407-e0ead6b1eeac found for delete ", "request_id": "req-af273c81-9978-4be6-80e3-3c510a826e83"}]}
2026-07-14 18:49:05.553 10 INFO neutron.wsgi [-] 10.0.0.125 "GET / HTTP/1.1" status: 200 len: 246 time: 0.0014913
2026-07-14 18:49:05.556 9 INFO neutron.wsgi [-] 10.0.0.125 "GET / HTTP/1.1" status: 200 len: 246 time: 0.0036836
2026-07-14 18:49:05.558 9 INFO neutron.services.segments.plugin [-] Segment 4d33e93e-c99f-4065-b407-e0ead6b1eeac resource provider not found; error: Placement Client Error (4xx): {"errors": [{"status": 404, "title": "Not Found", "detail": "The resource could not be found.\n\n No resource provider with uuid 4d33e93e-c99f-4065-b407-e0ead6b1eeac found for delete ", "request_id": "req-c12d84d9-4391-432b-befd-183e4c18ca42"}]}
2026-07-14 18:49:05.706 10 INFO neutron.db.ovn_revision_numbers_db [None req-f61346f7-8ba2-4bf7-be30-ab6aef79f97c 72c5f0bc0db94412bece0ab9f01de6be c52e8e415a5942cf89d03a155f39df02 - - default default] Successfully bumped revision number for resource cdc6a85e-0008-45aa-aad9-5f0901d48308 (type: ports) to 1
2026-07-14 18:49:05.773 10 INFO neutron.wsgi [None req-3a5ed48c-b9dc-4f8e-89f4-35eff14699cc 7bbe5fbbecb04c67aaf0e51e1e70f88f 1df9047b14b549089d81bf61621eaab4 - - default default] 10.0.0.70 "DELETE /v2.0/security-groups/ef017acf-7a33-4db5-bc65-04c04fd536a1 HTTP/1.1" status: 204 len: 168 time: 0.3237023
2026-07-14 18:49:06.136 9 INFO neutron.db.ovn_revision_numbers_db [None req-2bb58c72-3926-4918-a677-a582a49a5a72 7bbe5fbbecb04c67aaf0e51e1e70f88f 1df9047b14b549089d81bf61621eaab4 - - default default] Successfully bumped revision number for resource d6634bda-94d1-4d37-9d51-bf8baf4b5c31 (type: security_groups) to 1
2026-07-14 18:49:06.153 9 INFO neutron.db.ovn_revision_numbers_db [None req-2bb58c72-3926-4918-a677-a582a49a5a72 7bbe5fbbecb04c67aaf0e51e1e70f88f 1df9047b14b549089d81bf61621eaab4 - - default default] Successfully bumped revision number for resource 12d420e1-c456-4b14-b4f9-94d4efbfdd31 (type: security_group_rules) to 0
2026-07-14 18:49:06.177 9 INFO neutron.db.ovn_revision_numbers_db [None req-2bb58c72-3926-4918-a677-a582a49a5a72 7bbe5fbbecb04c67aaf0e51e1e70f88f 1df9047b14b549089d81bf61621eaab4 - - default default] Successfully bumped revision number for resource 14545b5f-8deb-4c68-bfe3-01105c87880d (type: security_group_rules) to 0
2026-07-14 18:49:06.194 9 INFO neutron.db.ovn_revision_numbers_db [None req-2bb58c72-3926-4918-a677-a582a49a5a72 7bbe5fbbecb04c67aaf0e51e1e70f88f 1df9047b14b549089d81bf61621eaab4 - - default default] Successfully bumped revision number for resource 64cb2525-ab3c-420b-823f-4849c1fbd931 (type: security_group_rules) to 0
2026-07-14 18:49:06.213 9 INFO neutron.db.ovn_revision_numbers_db [None req-2bb58c72-3926-4918-a677-a582a49a5a72 7bbe5fbbecb04c67aaf0e51e1e70f88f 1df9047b14b549089d81bf61621eaab4 - - default default] Successfully bumped revision number for resource a4fb5332-42c1-45f9-9ca5-a2456ce3a947 (type: security_group_rules) to 0
2026-07-14 18:49:06.242 9 INFO neutron.wsgi [None req-2bb58c72-3926-4918-a677-a582a49a5a72 7bbe5fbbecb04c67aaf0e51e1e70f88f 1df9047b14b549089d81bf61621eaab4 - - default default] 10.0.0.70 "GET /v2.0/security-groups?tenant_id=b20db0e5c81147868ed548ece0944604&name=default HTTP/1.1" status: 200 len: 2996 time: 0.2826335
2026-07-14 18:49:06.351 10 INFO neutron.plugins.ml2.drivers.ovn.mech_driver.mech_driver [None req-7ccc5585-02c5-47af-ba20-a251c21aa15d - - - - - -] OVN reports status up for port: cdc6a85e-0008-45aa-aad9-5f0901d48308
2026-07-14 18:49:06.368 10 INFO neutron.plugins.ml2.plugin [None req-7ccc5585-02c5-47af-ba20-a251c21aa15d - - - - - -] Attempt 1 to provision port cdc6a85e-0008-45aa-aad9-5f0901d48308
2026-07-14 18:49:06.387 10 INFO neutron.db.ovn_revision_numbers_db [None req-f61346f7-8ba2-4bf7-be30-ab6aef79f97c 72c5f0bc0db94412bece0ab9f01de6be c52e8e415a5942cf89d03a155f39df02 - - default default] Successfully bumped revision number for resource cdc6a85e-0008-45aa-aad9-5f0901d48308 (type: router_ports) to 1
2026-07-14 18:49:06.458 10 INFO neutron.db.ovn_revision_numbers_db [None req-f61346f7-8ba2-4bf7-be30-ab6aef79f97c 72c5f0bc0db94412bece0ab9f01de6be c52e8e415a5942cf89d03a155f39df02 - - default default] Successfully bumped revision number for resource 3499e018-ed60-4f3d-a65e-6eb10531982c (type: routers) to 2
2026-07-14 18:49:06.471 9 INFO neutron.wsgi [None req-d375fd8d-3865-4a7e-9282-13561d7608db 7bbe5fbbecb04c67aaf0e51e1e70f88f 1df9047b14b549089d81bf61621eaab4 - - default default] 10.0.0.70 "DELETE /v2.0/security-groups/d6634bda-94d1-4d37-9d51-bf8baf4b5c31 HTTP/1.1" status: 204 len: 168 time: 0.2238240
2026-07-14 18:49:06.472 10 INFO neutron.wsgi [None req-f61346f7-8ba2-4bf7-be30-ab6aef79f97c 72c5f0bc0db94412bece0ab9f01de6be c52e8e415a5942cf89d03a155f39df02 - - default default] 10.0.0.70 "POST /v2.0/routers HTTP/1.1" status: 201 len: 868 time: 1.8485386
2026-07-14 18:49:06.798 9 INFO neutron.wsgi [None req-f4b0ef16-b5a8-4f3b-9333-fc9579d1873d 72c5f0bc0db94412bece0ab9f01de6be c52e8e415a5942cf89d03a155f39df02 - - default default] 10.0.0.70 "GET /v2.0/routers/3499e018-ed60-4f3d-a65e-6eb10531982c HTTP/1.1" status: 200 len: 869 time: 0.3206489
2026-07-14 18:49:06.922 9 INFO neutron.wsgi [None req-d0bd19da-2a2b-47ba-9527-d577c5e4071c 72c5f0bc0db94412bece0ab9f01de6be c52e8e415a5942cf89d03a155f39df02 - - default default] 10.0.0.70 "GET /v2.0/routers HTTP/1.1" status: 200 len: 872 time: 0.1175654
2026-07-14 18:49:07.423 9 INFO neutron.db.ovn_revision_numbers_db [None req-d7799d79-8783-4dbe-993f-54cfecc350f3 72c5f0bc0db94412bece0ab9f01de6be c52e8e415a5942cf89d03a155f39df02 - - default default] Successfully bumped revision number for resource 3499e018-ed60-4f3d-a65e-6eb10531982c (type: routers) to 3
2026-07-14 18:49:07.426 9 INFO neutron.wsgi [None req-d7799d79-8783-4dbe-993f-54cfecc350f3 72c5f0bc0db94412bece0ab9f01de6be c52e8e415a5942cf89d03a155f39df02 - - default default] 10.0.0.70 "PUT /v2.0/routers/3499e018-ed60-4f3d-a65e-6eb10531982c HTTP/1.1" status: 200 len: 876 time: 0.4978254
2026-07-14 18:49:07.503 9 INFO neutron.wsgi [None req-e5587cfd-d932-45e6-bcf3-312da5b7595c 72c5f0bc0db94412bece0ab9f01de6be c52e8e415a5942cf89d03a155f39df02 - - default default] 10.0.0.70 "GET /v2.0/routers/3499e018-ed60-4f3d-a65e-6eb10531982c HTTP/1.1" status: 200 len: 876 time: 0.0729122
2026-07-14 18:49:07.530 9 INFO neutron.wsgi [None req-a4efa3a5-c1ec-4d07-b5ba-f073603b16ab 72c5f0bc0db94412bece0ab9f01de6be c52e8e415a5942cf89d03a155f39df02 - - default default] 10.0.0.70 "GET /v2.0/ports?device_id=3499e018-ed60-4f3d-a65e-6eb10531982c HTTP/1.1" status: 200 len: 205 time: 0.0207913
2026-07-14 18:49:07.650 9 WARNING neutron.plugins.ml2.drivers.ovn.mech_driver.ovsdb.ovn_client [None req-715a825c-8b9b-440a-a22e-2dd40be042ea - - - - - -] No port found with ID 88294465-1006-482c-8ea7-36be4a5a9f3d: RuntimeError: No port found with ID 88294465-1006-482c-8ea7-36be4a5a9f3d
2026-07-14 18:49:08.195 9 INFO neutron.wsgi [None req-fb84d9fb-fe13-4ebc-944e-85da64cd039c 72c5f0bc0db94412bece0ab9f01de6be c52e8e415a5942cf89d03a155f39df02 - - default default] 10.0.0.70 "DELETE /v2.0/routers/3499e018-ed60-4f3d-a65e-6eb10531982c HTTP/1.1" status: 204 len: 168 time: 0.6605313 /var/lib/openstack/lib/python3.10/site-packages/pycadf/identifier.py:71: UserWarning: Invalid uuid: neutron. To ensure interoperability, identifiers should be a valid uuid. warnings.warn(('Invalid uuid: %s. To ensure interoperability, '
2026-07-14 18:49:08.222 9 INFO neutron.wsgi [None req-2a710e0e-e39b-46c5-9785-9ab3b97e72fb 72c5f0bc0db94412bece0ab9f01de6be c52e8e415a5942cf89d03a155f39df02 - - default default] 10.0.0.70 "GET /v2.0/ports?device_id=3499e018-ed60-4f3d-a65e-6eb10531982c HTTP/1.1" status: 200 len: 205 time: 0.0225251
2026-07-14 18:49:08.253 9 INFO neutron.api.v2.resource [None req-e87e9995-21b5-4336-be18-e536c65f6d67 72c5f0bc0db94412bece0ab9f01de6be c52e8e415a5942cf89d03a155f39df02 - - default default] delete failed (client error): The resource could not be found.
2026-07-14 18:49:08.254 9 INFO neutron.wsgi [None req-e87e9995-21b5-4336-be18-e536c65f6d67 72c5f0bc0db94412bece0ab9f01de6be c52e8e415a5942cf89d03a155f39df02 - - default default] 10.0.0.70 "DELETE /v2.0/routers/3499e018-ed60-4f3d-a65e-6eb10531982c HTTP/1.1" status: 404 len: 336 time: 0.0263336
2026-07-14 18:49:08.278 9 INFO neutron.wsgi [None req-e961c73b-0076-4e33-ba72-9f04665c8768 72c5f0bc0db94412bece0ab9f01de6be c52e8e415a5942cf89d03a155f39df02 - - default default] 10.0.0.70 "GET /v2.0/ports?device_id=40da417e-a5e3-4868-9ef2-6b3dadf2037d HTTP/1.1" status: 200 len: 205 time: 0.0199428
2026-07-14 18:49:08.303 9 INFO neutron.api.v2.resource [None req-d66729b0-13b3-4fb8-a041-db4e36ca9595 72c5f0bc0db94412bece0ab9f01de6be c52e8e415a5942cf89d03a155f39df02 - - default default] delete failed (client error): The resource could not be found.
2026-07-14 18:49:08.305 9 INFO neutron.wsgi [None req-d66729b0-13b3-4fb8-a041-db4e36ca9595 72c5f0bc0db94412bece0ab9f01de6be c52e8e415a5942cf89d03a155f39df02 - - default default] 10.0.0.70 "DELETE /v2.0/routers/40da417e-a5e3-4868-9ef2-6b3dadf2037d HTTP/1.1" status: 404 len: 336 time: 0.0222588
2026-07-14 18:49:08.329 9 INFO neutron.pecan_wsgi.hooks.translation [None req-16e56427-8c6e-46fd-a8fe-ee26daa2d23c 72c5f0bc0db94412bece0ab9f01de6be c52e8e415a5942cf89d03a155f39df02 - - default default] DELETE failed (client error): The resource could not be found.
2026-07-14 18:49:08.332 9 INFO neutron.wsgi [None req-16e56427-8c6e-46fd-a8fe-ee26daa2d23c 72c5f0bc0db94412bece0ab9f01de6be c52e8e415a5942cf89d03a155f39df02 - - default default] 10.0.0.70 "DELETE /v2.0/subnets/91e3896c-6026-44a6-bf0d-95d96cbd026a HTTP/1.1" status: 404 len: 337 time: 0.0221832
2026-07-14 18:49:08.358 9 INFO neutron.wsgi [None req-519448aa-ffbf-4f3b-86b4-74ecc5510691 72c5f0bc0db94412bece0ab9f01de6be c52e8e415a5942cf89d03a155f39df02 - - default default] 10.0.0.70 "GET /v2.0/ports?device_id=1a5a6da6-6562-446a-9b0f-867909866b2c HTTP/1.1" status: 200 len: 205 time: 0.0206218
2026-07-14 18:49:08.385 9 INFO neutron.api.v2.resource [None req-46123a92-edb7-4735-baca-b50523919025 72c5f0bc0db94412bece0ab9f01de6be c52e8e415a5942cf89d03a155f39df02 - - default default] delete failed (client error): The resource could not be found.
2026-07-14 18:49:08.387 9 INFO neutron.wsgi [None req-46123a92-edb7-4735-baca-b50523919025 72c5f0bc0db94412bece0ab9f01de6be c52e8e415a5942cf89d03a155f39df02 - - default default] 10.0.0.70 "DELETE /v2.0/routers/1a5a6da6-6562-446a-9b0f-867909866b2c HTTP/1.1" status: 404 len: 336 time: 0.0249109
2026-07-14 18:49:08.406 9 INFO neutron.pecan_wsgi.hooks.translation [None req-741e4a63-575b-4f27-b7b9-cdd3023b3d43 72c5f0bc0db94412bece0ab9f01de6be c52e8e415a5942cf89d03a155f39df02 - - default default] DELETE failed (client error): The resource could not be found.
2026-07-14 18:49:08.408 9 INFO neutron.wsgi [None req-741e4a63-575b-4f27-b7b9-cdd3023b3d43 72c5f0bc0db94412bece0ab9f01de6be c52e8e415a5942cf89d03a155f39df02 - - default default] 10.0.0.70 "DELETE /v2.0/subnets/429e0550-fc0e-480d-8804-399b37ff7bfb HTTP/1.1" status: 404 len: 337 time: 0.0168829
2026-07-14 18:49:08.439 9 INFO neutron.wsgi [None req-a945437c-b345-41cc-8a83-d43110b8ad5e 72c5f0bc0db94412bece0ab9f01de6be c52e8e415a5942cf89d03a155f39df02 - - default default] 10.0.0.70 "GET /v2.0/ports?device_id=5387ca1c-15de-4476-993e-e62d480c529a HTTP/1.1" status: 200 len: 205 time: 0.0256453
2026-07-14 18:49:08.487 10 INFO neutron.api.v2.resource [None req-013bd84a-5f7e-45db-952c-f66905bb4b8b 72c5f0bc0db94412bece0ab9f01de6be c52e8e415a5942cf89d03a155f39df02 - - default default] delete failed (client error): The resource could not be found.
2026-07-14 18:49:08.489 10 INFO neutron.wsgi [None req-013bd84a-5f7e-45db-952c-f66905bb4b8b 72c5f0bc0db94412bece0ab9f01de6be c52e8e415a5942cf89d03a155f39df02 - - default default] 10.0.0.70 "DELETE /v2.0/routers/5387ca1c-15de-4476-993e-e62d480c529a HTTP/1.1" status: 404 len: 336 time: 0.0441844
2026-07-14 18:49:08.522 9 INFO neutron.pecan_wsgi.hooks.translation [None req-4fc93cd9-38f2-4df9-aaad-0157da1feacf 72c5f0bc0db94412bece0ab9f01de6be c52e8e415a5942cf89d03a155f39df02 - - default default] DELETE failed (client error): The resource could not be found.
2026-07-14 18:49:08.526 9 INFO neutron.wsgi [None req-4fc93cd9-38f2-4df9-aaad-0157da1feacf 72c5f0bc0db94412bece0ab9f01de6be c52e8e415a5942cf89d03a155f39df02 - - default default] 10.0.0.70 "DELETE /v2.0/subnets/fceea780-0ed0-4436-9e83-8dc3670cb8c3 HTTP/1.1" status: 404 len: 337 time: 0.0309401
2026-07-14 18:49:08.554 9 INFO neutron.pecan_wsgi.hooks.translation [None req-bb46f49a-184f-4849-b13e-b153d53c9f70 72c5f0bc0db94412bece0ab9f01de6be c52e8e415a5942cf89d03a155f39df02 - - default default] DELETE failed (client error): The resource could not be found.
2026-07-14 18:49:08.558 9 INFO neutron.wsgi [None req-bb46f49a-184f-4849-b13e-b153d53c9f70 72c5f0bc0db94412bece0ab9f01de6be c52e8e415a5942cf89d03a155f39df02 - - default default] 10.0.0.70 "DELETE /v2.0/subnets/8d59c876-0544-49eb-a077-f92821e90db6 HTTP/1.1" status: 404 len: 337 time: 0.0249438
2026-07-14 18:49:09.284 10 INFO neutron.wsgi [None req-6e8b07eb-17c4-4883-a288-3ae7009388fe 7bbe5fbbecb04c67aaf0e51e1e70f88f 1df9047b14b549089d81bf61621eaab4 - - default default] 10.0.0.70 "GET /v2.0/security-groups?tenant_id=c52e8e415a5942cf89d03a155f39df02&name=default HTTP/1.1" status: 200 len: 2996 time: 0.2252162
2026-07-14 18:49:09.480 10 INFO neutron.wsgi [None req-305841ad-50a6-474b-a319-e7bf8786d853 7bbe5fbbecb04c67aaf0e51e1e70f88f 1df9047b14b549089d81bf61621eaab4 - - default default] 10.0.0.70 "DELETE /v2.0/security-groups/31fa91c0-4aad-4633-a1bc-3a9571982832 HTTP/1.1" status: 204 len: 168 time: 0.1906054
2026-07-14 18:49:10.220 9 INFO neutron.db.ovn_revision_numbers_db [None req-39318ec9-b3f7-4a8e-8721-416d3c73cc93 78bf162c056f495f85c0e4684b83e767 4219814bb9af47548df4475932b72cfe - - default default] Successfully bumped revision number for resource f239c4ea-24b5-4b61-9a2a-498b1b8adffb (type: security_groups) to 1
2026-07-14 18:49:10.236 9 INFO neutron.db.ovn_revision_numbers_db [None req-39318ec9-b3f7-4a8e-8721-416d3c73cc93 78bf162c056f495f85c0e4684b83e767 4219814bb9af47548df4475932b72cfe - - default default] Successfully bumped revision number for resource 42c6a4b5-e6ec-4f8a-98a2-d5134e9f6ec8 (type: security_group_rules) to 0
2026-07-14 18:49:10.252 9 INFO neutron.db.ovn_revision_numbers_db [None req-39318ec9-b3f7-4a8e-8721-416d3c73cc93 78bf162c056f495f85c0e4684b83e767 4219814bb9af47548df4475932b72cfe - - default default] Successfully bumped revision number for resource 7135dfa0-a066-49d7-8a16-00e54c80cf6f (type: security_group_rules) to 0
2026-07-14 18:49:10.266 9 INFO neutron.db.ovn_revision_numbers_db [None req-39318ec9-b3f7-4a8e-8721-416d3c73cc93 78bf162c056f495f85c0e4684b83e767 4219814bb9af47548df4475932b72cfe - - default default] Successfully bumped revision number for resource 83ab50c9-c2b4-4cea-8c56-0401f47c0a69 (type: security_group_rules) to 0
2026-07-14 18:49:10.282 9 INFO neutron.db.ovn_revision_numbers_db [None req-39318ec9-b3f7-4a8e-8721-416d3c73cc93 78bf162c056f495f85c0e4684b83e767 4219814bb9af47548df4475932b72cfe - - default default] Successfully bumped revision number for resource be1ca2b0-4687-44cd-829c-606923d02a3d (type: security_group_rules) to 0
2026-07-14 18:49:10.341 9 INFO neutron.db.segments_db [None req-39318ec9-b3f7-4a8e-8721-416d3c73cc93 78bf162c056f495f85c0e4684b83e767 4219814bb9af47548df4475932b72cfe - - default default] Added segment 03171d2e-5086-4c57-b635-70c43e0c664a of type geneve for network 1cdc2abd-ac46-4350-a771-074ca0cf6607
2026-07-14 18:49:10.496 9 INFO neutron.db.ovn_revision_numbers_db [None req-39318ec9-b3f7-4a8e-8721-416d3c73cc93 78bf162c056f495f85c0e4684b83e767 4219814bb9af47548df4475932b72cfe - - default default] Successfully bumped revision number for resource 1cdc2abd-ac46-4350-a771-074ca0cf6607 (type: networks) to 1
2026-07-14 18:49:10.641 9 WARNING neutron.scheduler.dhcp_agent_scheduler [None req-39318ec9-b3f7-4a8e-8721-416d3c73cc93 78bf162c056f495f85c0e4684b83e767 4219814bb9af47548df4475932b72cfe - - default default] No more DHCP agents
2026-07-14 18:49:10.643 9 WARNING neutron.api.rpc.agentnotifiers.dhcp_rpc_agent_api [None req-39318ec9-b3f7-4a8e-8721-416d3c73cc93 78bf162c056f495f85c0e4684b83e767 4219814bb9af47548df4475932b72cfe - - default default] Unable to schedule network 1cdc2abd-ac46-4350-a771-074ca0cf6607: no agents available; will retry on subsequent port and subnet creation events.
2026-07-14 18:49:10.724 9 INFO neutron.db.ovn_revision_numbers_db [None req-39318ec9-b3f7-4a8e-8721-416d3c73cc93 78bf162c056f495f85c0e4684b83e767 4219814bb9af47548df4475932b72cfe - - default default] Successfully bumped revision number for resource e67b3c7e-0de8-490f-a202-982184d2d501 (type: ports) to 1
2026-07-14 18:49:10.749 9 INFO neutron.wsgi [None req-39318ec9-b3f7-4a8e-8721-416d3c73cc93 78bf162c056f495f85c0e4684b83e767 4219814bb9af47548df4475932b72cfe - - default default] 10.0.0.70 "POST /v2.0/networks HTTP/1.1" status: 201 len: 831 time: 0.8349009
2026-07-14 18:49:10.823 9 INFO neutron.wsgi [req-73686c7d-765d-44f4-ba3e-b58b9483fe51 req-63eff318-145b-4329-81f0-ab9adab50b05 bc039332a626462b80a111b4b2ecb280 929db5240b3249239d5e1afb01ba49bf - - 836454d2791c49c1902648f62b0f7497 836454d2791c49c1902648f62b0f7497] 10.0.0.54 "GET /v2.0/ports?device_id=8579ab7a-0fb4-437e-b7ef-00522a2445ed HTTP/1.1" status: 200 len: 1413 time: 0.0463548
2026-07-14 18:49:10.886 9 INFO neutron.wsgi [req-73686c7d-765d-44f4-ba3e-b58b9483fe51 req-ed972b0f-a000-4e58-87ae-917ea6671ff5 bc039332a626462b80a111b4b2ecb280 929db5240b3249239d5e1afb01ba49bf - - 836454d2791c49c1902648f62b0f7497 836454d2791c49c1902648f62b0f7497] 10.0.0.54 "GET /v2.0/security-groups?id=470f63b7-42df-4e3b-bf8b-50dec4a88f7f&fields=id&fields=name HTTP/1.1" status: 200 len: 313 time: 0.0542381
2026-07-14 18:49:11.034 9 WARNING neutron.scheduler.dhcp_agent_scheduler [None req-17187a34-86c0-4376-b5fb-854b0756569e 78bf162c056f495f85c0e4684b83e767 4219814bb9af47548df4475932b72cfe - - default default] No more DHCP agents
2026-07-14 18:49:11.038 9 WARNING neutron.api.rpc.agentnotifiers.dhcp_rpc_agent_api [None req-17187a34-86c0-4376-b5fb-854b0756569e 78bf162c056f495f85c0e4684b83e767 4219814bb9af47548df4475932b72cfe - - default default] Unable to schedule network 1cdc2abd-ac46-4350-a771-074ca0cf6607: no agents available; will retry on subsequent port and subnet creation events.
2026-07-14 18:49:11.063 10 WARNING neutron.plugins.ml2.drivers.ovn.mech_driver.ovsdb.ovn_client [None req-7ccc5585-02c5-47af-ba20-a251c21aa15d - - - - - -] No port found with ID cdc6a85e-0008-45aa-aad9-5f0901d48308: RuntimeError: No port found with ID cdc6a85e-0008-45aa-aad9-5f0901d48308
2026-07-14 18:49:11.148 9 INFO neutron.db.ovn_revision_numbers_db [None req-17187a34-86c0-4376-b5fb-854b0756569e 78bf162c056f495f85c0e4684b83e767 4219814bb9af47548df4475932b72cfe - - default default] Successfully bumped revision number for resource f42af43d-6955-4cd3-be59-ce626f24d18c (type: ports) to 1
2026-07-14 18:49:11.174 9 INFO neutron.wsgi [None req-17187a34-86c0-4376-b5fb-854b0756569e 78bf162c056f495f85c0e4684b83e767 4219814bb9af47548df4475932b72cfe - - default default] 10.0.0.70 "POST /v2.0/ports HTTP/1.1" status: 201 len: 942 time: 0.4191368 /var/lib/openstack/lib/python3.10/site-packages/pycadf/identifier.py:71: UserWarning: Invalid uuid: neutron. To ensure interoperability, identifiers should be a valid uuid. warnings.warn(('Invalid uuid: %s. To ensure interoperability, '
2026-07-14 18:49:11.228 9 INFO neutron.wsgi [None req-8ed8eba4-9a54-4327-8a5f-8169305e79c1 78bf162c056f495f85c0e4684b83e767 4219814bb9af47548df4475932b72cfe - - default default] 10.0.0.70 "PUT /v2.0/ports/f42af43d-6955-4cd3-be59-ce626f24d18c/tags HTTP/1.1" status: 200 len: 218 time: 0.0452881
2026-07-14 18:49:11.263 9 INFO neutron.wsgi [None req-57836bb6-fdaf-4fd8-9714-107c14a2c149 78bf162c056f495f85c0e4684b83e767 4219814bb9af47548df4475932b72cfe - - default default] 10.0.0.70 "GET /v2.0/ports/f42af43d-6955-4cd3-be59-ce626f24d18c/tags HTTP/1.1" status: 200 len: 218 time: 0.0293074
2026-07-14 18:49:11.322 9 INFO neutron.wsgi [None req-6d892c4c-c01a-46e3-a98f-35ad65c767d5 78bf162c056f495f85c0e4684b83e767 4219814bb9af47548df4475932b72cfe - - default default] 10.0.0.70 "PUT /v2.0/ports/f42af43d-6955-4cd3-be59-ce626f24d18c/tags/green HTTP/1.1" status: 201 len: 201 time: 0.0547440
2026-07-14 18:49:11.366 9 INFO neutron.wsgi [None req-dbbbc4a5-4e4f-4625-b429-a8fad34ee077 78bf162c056f495f85c0e4684b83e767 4219814bb9af47548df4475932b72cfe - - default default] 10.0.0.70 "GET /v2.0/ports/f42af43d-6955-4cd3-be59-ce626f24d18c/tags HTTP/1.1" status: 200 len: 227 time: 0.0386934
2026-07-14 18:49:11.412 10 INFO neutron.wsgi [None req-f5b52b84-ca64-4704-a066-ba1cc982230b 78bf162c056f495f85c0e4684b83e767 4219814bb9af47548df4475932b72cfe - - default default] 10.0.0.70 "PUT /v2.0/ports/f42af43d-6955-4cd3-be59-ce626f24d18c/tags/red HTTP/1.1" status: 201 len: 201 time: 0.0364060
2026-07-14 18:49:11.446 9 INFO neutron.wsgi [None req-fad0eb43-2533-4f4b-ae1c-83b5182a865c 78bf162c056f495f85c0e4684b83e767 4219814bb9af47548df4475932b72cfe - - default default] 10.0.0.70 "GET /v2.0/ports/f42af43d-6955-4cd3-be59-ce626f24d18c/tags HTTP/1.1" status: 200 len: 227 time: 0.0251055
