2026-07-14 18:48:28.171 10 INFO neutron.db.ovn_revision_numbers_db [None req-4bc029b5-abfe-4747-8c36-b4e1c0c3952d d0bda35bef0c433880e9e977128724e4 f9e488d77bbc4188aa626b7019006dab - - default default] Successfully bumped revision number for resource 981f156a-3ebc-47f5-b092-8d60fffb2a7a (type: ports) to 1
2026-07-14 18:48:28.203 10 INFO neutron.wsgi [None req-4bc029b5-abfe-4747-8c36-b4e1c0c3952d d0bda35bef0c433880e9e977128724e4 f9e488d77bbc4188aa626b7019006dab - - default default] 10.0.0.70 "POST /v2.0/ports HTTP/1.1" status: 201 len: 1127 time: 0.5636597
2026-07-14 18:48:28.505 9 INFO neutron.wsgi [req-6381cbdf-9da5-47b8-a893-404a742690eb req-41df2d0d-5799-460f-9a53-0f34dae4e1e6 bc039332a626462b80a111b4b2ecb280 929db5240b3249239d5e1afb01ba49bf - - 836454d2791c49c1902648f62b0f7497 836454d2791c49c1902648f62b0f7497] 199.204.45.210 "GET /v2.0/networks/eca71c28-54f8-494b-a0ef-5e939c1e1ec3?fields=segments HTTP/1.1" status: 200 len: 212 time: 0.3360827
2026-07-14 18:48:28.540 10 INFO neutron.wsgi [None req-fb571d41-48ff-4003-8b15-a45c3d461853 d0bda35bef0c433880e9e977128724e4 f9e488d77bbc4188aa626b7019006dab - - default default] 10.0.0.70 "DELETE /v2.0/ports/981f156a-3ebc-47f5-b092-8d60fffb2a7a HTTP/1.1" status: 204 len: 168 time: 0.3313990
2026-07-14 18:48:28.563 10 INFO neutron.pecan_wsgi.hooks.translation [None req-a093df05-83e5-451e-b4fd-785a159794ef d0bda35bef0c433880e9e977128724e4 f9e488d77bbc4188aa626b7019006dab - - default default] GET failed (client error): The resource could not be found.
2026-07-14 18:48:28.565 10 INFO neutron.wsgi [None req-a093df05-83e5-451e-b4fd-785a159794ef d0bda35bef0c433880e9e977128724e4 f9e488d77bbc4188aa626b7019006dab - - default default] 10.0.0.70 "GET /v2.0/ports/981f156a-3ebc-47f5-b092-8d60fffb2a7a HTTP/1.1" status: 404 len: 333 time: 0.0199339
2026-07-14 18:48:28.610 9 INFO neutron.wsgi [req-6381cbdf-9da5-47b8-a893-404a742690eb req-d029e09f-36e6-46e6-acf4-47f933225088 bc039332a626462b80a111b4b2ecb280 929db5240b3249239d5e1afb01ba49bf - - 836454d2791c49c1902648f62b0f7497 836454d2791c49c1902648f62b0f7497] 199.204.45.210 "GET /v2.0/networks/eca71c28-54f8-494b-a0ef-5e939c1e1ec3?fields=provider%3Aphysical_network&fields=provider%3Anetwork_type HTTP/1.1" status: 200 len: 277 time: 0.0974874
2026-07-14 18:48:28.798 10 INFO neutron.wsgi [None req-935f310b-6920-4d3e-acc9-9291e68827b8 d0bda35bef0c433880e9e977128724e4 f9e488d77bbc4188aa626b7019006dab - - default default] 10.0.0.70 "DELETE /v2.0/subnets/bd6e4f62-4a92-4d9b-bee2-b3013cb1eb1f HTTP/1.1" status: 204 len: 168 time: 0.2268791
2026-07-14 18:48:28.928 9 INFO neutron.db.ovn_revision_numbers_db [None req-03635d03-d11d-4347-b2e0-35c80b271af8 adc92ab8cce247db9ef8ab0c3a748258 d074a456bf164b57bddde366f0409b84 - - default default] Successfully bumped revision number for resource d97bda9a-e379-4f08-9cec-5354c37a93a6 (type: ports) to 2
2026-07-14 18:48:28.964 9 INFO neutron.db.ovn_revision_numbers_db [None req-03635d03-d11d-4347-b2e0-35c80b271af8 adc92ab8cce247db9ef8ab0c3a748258 d074a456bf164b57bddde366f0409b84 - - default default] Successfully bumped revision number for resource e14d5100-7c16-4e6c-9f5c-b2a33333a40f (type: subnets) to 0
2026-07-14 18:48:28.986 9 INFO neutron.wsgi [None req-03635d03-d11d-4347-b2e0-35c80b271af8 adc92ab8cce247db9ef8ab0c3a748258 d074a456bf164b57bddde366f0409b84 - - default default] 10.0.0.70 "POST /v2.0/subnets HTTP/1.1" status: 201 len: 822 time: 1.1949363
2026-07-14 18:48:29.200 10 INFO neutron.services.segments.plugin [-] Segment 229a05b8-e4c4-43ae-9a54-622c0a14335d resource provider aggregate not found
2026-07-14 18:48:29.211 10 INFO neutron.services.segments.plugin [-] Segment 229a05b8-e4c4-43ae-9a54-622c0a14335d resource provider aggregate not found
2026-07-14 18:48:29.218 10 INFO neutron.services.segments.plugin [-] Segment 229a05b8-e4c4-43ae-9a54-622c0a14335d resource provider not found; error: Placement Client Error (4xx): {"errors": [{"status": 404, "title": "Not Found", "detail": "The resource could not be found.\n\n No resource provider with uuid 229a05b8-e4c4-43ae-9a54-622c0a14335d found for delete ", "request_id": "req-00f27dba-e415-452e-ae38-0a6dbb36bc2a"}]}
2026-07-14 18:48:29.228 10 INFO neutron.services.segments.plugin [-] Segment 229a05b8-e4c4-43ae-9a54-622c0a14335d resource provider not found; error: Placement Client Error (4xx): {"errors": [{"status": 404, "title": "Not Found", "detail": "The resource could not be found.\n\n No resource provider with uuid 229a05b8-e4c4-43ae-9a54-622c0a14335d found for delete ", "request_id": "req-01c3ef4f-dcd4-4f84-b2ea-092350acc601"}]}
2026-07-14 18:48:29.249 10 INFO neutron.wsgi [None req-efc6aac6-a1f2-49f0-89bc-122c9af30374 d0bda35bef0c433880e9e977128724e4 f9e488d77bbc4188aa626b7019006dab - - default default] 10.0.0.70 "DELETE /v2.0/networks/a255c251-3eb1-4cdd-9e1e-68d2a4bc468c HTTP/1.1" status: 204 len: 168 time: 0.4459212
2026-07-14 18:48:29.359 9 INFO neutron.wsgi [None req-f778f135-5a4c-41f8-8782-a2d79ed22039 adc92ab8cce247db9ef8ab0c3a748258 d074a456bf164b57bddde366f0409b84 - - default default] 10.0.0.70 "POST /v2.0/rbac-policies HTTP/1.1" status: 201 len: 523 time: 0.3687065 /var/lib/openstack/lib/python3.10/site-packages/pycadf/identifier.py:71: UserWarning: Invalid uuid: neutron. To ensure interoperability, identifiers should be a valid uuid. warnings.warn(('Invalid uuid: %s. To ensure interoperability, '
2026-07-14 18:48:29.521 10 WARNING neutron.scheduler.dhcp_agent_scheduler [None req-5e5081c2-ae45-4b15-9893-2941efc8140c d0bda35bef0c433880e9e977128724e4 f9e488d77bbc4188aa626b7019006dab - - default default] No more DHCP agents
2026-07-14 18:48:29.525 10 WARNING neutron.api.rpc.agentnotifiers.dhcp_rpc_agent_api [None req-5e5081c2-ae45-4b15-9893-2941efc8140c d0bda35bef0c433880e9e977128724e4 f9e488d77bbc4188aa626b7019006dab - - default default] Unable to schedule network b751c138-0c36-41b2-a7d1-1fe532e00845: no agents available; will retry on subsequent port and subnet creation events.
2026-07-14 18:48:29.640 10 INFO neutron.db.ovn_revision_numbers_db [None req-5e5081c2-ae45-4b15-9893-2941efc8140c d0bda35bef0c433880e9e977128724e4 f9e488d77bbc4188aa626b7019006dab - - default default] Successfully bumped revision number for resource 1cecf02b-193b-4ee2-8034-e1b67227a03f (type: ports) to 1
2026-07-14 18:48:29.660 10 INFO neutron.db.ovn_revision_numbers_db [None req-15eaa9b7-a476-4d21-8db9-ed1193977739 7bbe5fbbecb04c67aaf0e51e1e70f88f 1df9047b14b549089d81bf61621eaab4 - - default default] Successfully bumped revision number for resource 264ad77e-46fa-447e-8204-866b0131f213 (type: security_groups) to 1
2026-07-14 18:48:29.667 10 INFO neutron.wsgi [None req-5e5081c2-ae45-4b15-9893-2941efc8140c d0bda35bef0c433880e9e977128724e4 f9e488d77bbc4188aa626b7019006dab - - default default] 10.0.0.70 "POST /v2.0/ports HTTP/1.1" status: 201 len: 977 time: 0.4087768 /var/lib/openstack/lib/python3.10/site-packages/pycadf/identifier.py:71: UserWarning: Invalid uuid: neutron. To ensure interoperability, identifiers should be a valid uuid. warnings.warn(('Invalid uuid: %s. To ensure interoperability, '
2026-07-14 18:48:29.678 10 INFO neutron.db.ovn_revision_numbers_db [None req-15eaa9b7-a476-4d21-8db9-ed1193977739 7bbe5fbbecb04c67aaf0e51e1e70f88f 1df9047b14b549089d81bf61621eaab4 - - default default] Successfully bumped revision number for resource 0fb9758e-70b7-415c-b5f3-c5438318c198 (type: security_group_rules) to 0
2026-07-14 18:48:29.703 10 INFO neutron.db.ovn_revision_numbers_db [None req-15eaa9b7-a476-4d21-8db9-ed1193977739 7bbe5fbbecb04c67aaf0e51e1e70f88f 1df9047b14b549089d81bf61621eaab4 - - default default] Successfully bumped revision number for resource 51fd8af9-cb76-48a6-81fa-cae0cbf8b949 (type: security_group_rules) to 0
2026-07-14 18:48:29.723 10 INFO neutron.db.ovn_revision_numbers_db [None req-15eaa9b7-a476-4d21-8db9-ed1193977739 7bbe5fbbecb04c67aaf0e51e1e70f88f 1df9047b14b549089d81bf61621eaab4 - - default default] Successfully bumped revision number for resource 755f6d8a-4edd-4712-9531-c010b3550c68 (type: security_group_rules) to 0
2026-07-14 18:48:29.746 10 INFO neutron.db.ovn_revision_numbers_db [None req-15eaa9b7-a476-4d21-8db9-ed1193977739 7bbe5fbbecb04c67aaf0e51e1e70f88f 1df9047b14b549089d81bf61621eaab4 - - default default] Successfully bumped revision number for resource 878c75f1-89fe-4ac8-8ce1-70473d4d145a (type: security_group_rules) to 0
2026-07-14 18:48:29.773 10 INFO neutron.wsgi [None req-15eaa9b7-a476-4d21-8db9-ed1193977739 7bbe5fbbecb04c67aaf0e51e1e70f88f 1df9047b14b549089d81bf61621eaab4 - - default default] 10.0.0.70 "GET /v2.0/security-groups?tenant_id=d8aa19453aa4462c88bc27088c71a588&name=default HTTP/1.1" status: 200 len: 2996 time: 0.4684880
2026-07-14 18:48:29.888 9 INFO neutron.wsgi [None req-0077b8e2-d6bc-427a-841b-61a52ccb6134 5576bf3135f5474db026b7fe5cf2e4ec 1f5cd2df6fce4fa8aebc7f8f1a12a4cd - - default default] 10.0.0.70 "GET /v2.0/networks/e9b7b156-d8d1-4822-8379-dca791a44804 HTTP/1.1" status: 200 len: 847 time: 0.1287761
2026-07-14 18:48:29.906 10 INFO neutron.plugins.ml2.drivers.ovn.mech_driver.mech_driver [None req-7ccc5585-02c5-47af-ba20-a251c21aa15d - - - - - -] OVN reports status down for port: 1cecf02b-193b-4ee2-8034-e1b67227a03f
2026-07-14 18:48:29.957 10 INFO neutron.db.ovn_revision_numbers_db [None req-b0fb44d7-d0b0-43d5-bb09-a0113071d7a9 d0bda35bef0c433880e9e977128724e4 f9e488d77bbc4188aa626b7019006dab - - default default] Successfully bumped revision number for resource 1cecf02b-193b-4ee2-8034-e1b67227a03f (type: ports) to 2
2026-07-14 18:48:29.971 10 INFO neutron.wsgi [None req-b0fb44d7-d0b0-43d5-bb09-a0113071d7a9 d0bda35bef0c433880e9e977128724e4 f9e488d77bbc4188aa626b7019006dab - - default default] 10.0.0.70 "PUT /v2.0/ports/1cecf02b-193b-4ee2-8034-e1b67227a03f HTTP/1.1" status: 200 len: 946 time: 0.2988863 /var/lib/openstack/lib/python3.10/site-packages/pycadf/identifier.py:71: UserWarning: Invalid uuid: neutron. To ensure interoperability, identifiers should be a valid uuid. warnings.warn(('Invalid uuid: %s. To ensure interoperability, '
2026-07-14 18:48:30.040 9 INFO neutron.wsgi [None req-44c08e86-2026-4265-91cd-1b723a88cbe2 7bbe5fbbecb04c67aaf0e51e1e70f88f 1df9047b14b549089d81bf61621eaab4 - - default default] 10.0.0.70 "DELETE /v2.0/security-groups/264ad77e-46fa-447e-8204-866b0131f213 HTTP/1.1" status: 204 len: 168 time: 0.2600453
2026-07-14 18:48:30.422 10 INFO neutron.wsgi [None req-807290aa-3568-4bae-ad17-79f8e28925da d0bda35bef0c433880e9e977128724e4 f9e488d77bbc4188aa626b7019006dab - - default default] 10.0.0.70 "DELETE /v2.0/ports/1cecf02b-193b-4ee2-8034-e1b67227a03f HTTP/1.1" status: 204 len: 168 time: 0.4460983
2026-07-14 18:48:30.450 9 INFO neutron.pecan_wsgi.hooks.translation [None req-e51aa777-28e4-4642-a1f5-0acf3683e130 e1a086e1a30746b791b052290f6257d3 394638b2046b45d8bb3fdc5418731174 - - default default] GET failed (client error): The resource could not be found.
2026-07-14 18:48:30.452 9 INFO neutron.wsgi [None req-e51aa777-28e4-4642-a1f5-0acf3683e130 e1a086e1a30746b791b052290f6257d3 394638b2046b45d8bb3fdc5418731174 - - default default] 10.0.0.70 "GET /v2.0/networks/e9b7b156-d8d1-4822-8379-dca791a44804 HTTP/1.1" status: 404 len: 339 time: 0.1494524
2026-07-14 18:48:30.490 10 INFO neutron.wsgi [None req-2b0f0ecc-f436-44f1-8137-05d632eb3430 d0bda35bef0c433880e9e977128724e4 f9e488d77bbc4188aa626b7019006dab - - default default] 10.0.0.70 "GET /v2.0/ports HTTP/1.1" status: 200 len: 1733 time: 0.0642245
2026-07-14 18:48:30.511 10 INFO neutron.pecan_wsgi.hooks.translation [None req-90c59dc6-796c-48b9-b8d4-413a2d2a87f3 d0bda35bef0c433880e9e977128724e4 f9e488d77bbc4188aa626b7019006dab - - default default] GET failed (client error): The resource could not be found.
2026-07-14 18:48:30.513 10 INFO neutron.wsgi [None req-90c59dc6-796c-48b9-b8d4-413a2d2a87f3 d0bda35bef0c433880e9e977128724e4 f9e488d77bbc4188aa626b7019006dab - - default default] 10.0.0.70 "GET /v2.0/ports/1cecf02b-193b-4ee2-8034-e1b67227a03f HTTP/1.1" status: 404 len: 333 time: 0.0179603
2026-07-14 18:48:30.563 10 INFO neutron.wsgi [None req-5b52cc9c-e797-4983-838f-0836dfa3b133 d0bda35bef0c433880e9e977128724e4 f9e488d77bbc4188aa626b7019006dab - - default default] 10.0.0.70 "GET /v2.0/ports HTTP/1.1" status: 200 len: 1733 time: 0.0446343
2026-07-14 18:48:30.599 10 INFO neutron.wsgi [None req-36118bf8-33eb-4367-9212-868748259829 d0bda35bef0c433880e9e977128724e4 f9e488d77bbc4188aa626b7019006dab - - default default] 10.0.0.70 "GET /v2.0/ports/e681d14b-3233-4722-8979-2ad57deea933 HTTP/1.1" status: 200 len: 973 time: 0.0300605
2026-07-14 18:48:30.624 10 INFO neutron.pecan_wsgi.hooks.translation [None req-f5f780fa-9581-457d-b3f9-d2f8a6a96a04 d0bda35bef0c433880e9e977128724e4 f9e488d77bbc4188aa626b7019006dab - - default default] DELETE failed (client error): The resource could not be found.
2026-07-14 18:48:30.626 10 INFO neutron.wsgi [None req-f5f780fa-9581-457d-b3f9-d2f8a6a96a04 d0bda35bef0c433880e9e977128724e4 f9e488d77bbc4188aa626b7019006dab - - default default] 10.0.0.70 "DELETE /v2.0/ports/981f156a-3ebc-47f5-b092-8d60fffb2a7a HTTP/1.1" status: 404 len: 333 time: 0.0210254
2026-07-14 18:48:30.649 10 INFO neutron.pecan_wsgi.hooks.translation [None req-8e44ea8c-6bc6-4ade-84b5-efc907727cd3 d0bda35bef0c433880e9e977128724e4 f9e488d77bbc4188aa626b7019006dab - - default default] DELETE failed (client error): The resource could not be found.
2026-07-14 18:48:30.652 10 INFO neutron.wsgi [None req-8e44ea8c-6bc6-4ade-84b5-efc907727cd3 d0bda35bef0c433880e9e977128724e4 f9e488d77bbc4188aa626b7019006dab - - default default] 10.0.0.70 "DELETE /v2.0/subnets/bd6e4f62-4a92-4d9b-bee2-b3013cb1eb1f HTTP/1.1" status: 404 len: 337 time: 0.0217175
2026-07-14 18:48:30.676 10 INFO neutron.pecan_wsgi.hooks.translation [None req-58a1bba0-354e-46df-9218-ffe33b79a5c6 d0bda35bef0c433880e9e977128724e4 f9e488d77bbc4188aa626b7019006dab - - default default] DELETE failed (client error): The resource could not be found.
2026-07-14 18:48:30.678 10 INFO neutron.wsgi [None req-58a1bba0-354e-46df-9218-ffe33b79a5c6 d0bda35bef0c433880e9e977128724e4 f9e488d77bbc4188aa626b7019006dab - - default default] 10.0.0.70 "DELETE /v2.0/subnets/5ae3c4b9-0c03-4a15-8744-4c81b70d30b2 HTTP/1.1" status: 404 len: 337 time: 0.0210800
2026-07-14 18:48:30.993 9 INFO neutron.wsgi [None req-fcd482f9-07e6-4fdb-9266-2d2f7f607a3d d0bda35bef0c433880e9e977128724e4 f9e488d77bbc4188aa626b7019006dab - - default default] 10.0.0.70 "DELETE /v2.0/ports/e681d14b-3233-4722-8979-2ad57deea933 HTTP/1.1" status: 204 len: 168 time: 0.3097892
2026-07-14 18:48:31.117 9 INFO neutron.services.segments.plugin [-] Segment 627542a7-731c-414c-bb08-a28cd28b1316 resource provider aggregate not found
2026-07-14 18:48:31.122 9 INFO neutron.services.segments.plugin [-] Segment 627542a7-731c-414c-bb08-a28cd28b1316 resource provider aggregate not found
2026-07-14 18:48:31.138 9 INFO neutron.services.segments.plugin [-] Segment 627542a7-731c-414c-bb08-a28cd28b1316 resource provider not found; error: Placement Client Error (4xx): {"errors": [{"status": 404, "title": "Not Found", "detail": "The resource could not be found.\n\n No resource provider with uuid 627542a7-731c-414c-bb08-a28cd28b1316 found for delete ", "request_id": "req-a8a105c4-c964-4817-a16d-c011dec08948"}]}
2026-07-14 18:48:31.139 9 INFO neutron.services.segments.plugin [-] Segment 627542a7-731c-414c-bb08-a28cd28b1316 resource provider not found; error: Placement Client Error (4xx): {"errors": [{"status": 404, "title": "Not Found", "detail": "The resource could not be found.\n\n No resource provider with uuid 627542a7-731c-414c-bb08-a28cd28b1316 found for delete ", "request_id": "req-63cf78e6-ef48-4836-a9bd-d7882b4893b4"}]}
2026-07-14 18:48:31.166 9 INFO neutron.wsgi [None req-2b48b01d-e537-47b4-9583-65b72d66c415 adc92ab8cce247db9ef8ab0c3a748258 d074a456bf164b57bddde366f0409b84 - - default default] 10.0.0.70 "DELETE /v2.0/networks/e9b7b156-d8d1-4822-8379-dca791a44804 HTTP/1.1" status: 204 len: 168 time: 0.7098141
2026-07-14 18:48:31.203 10 INFO neutron.pecan_wsgi.hooks.translation [None req-d7c54837-d785-475f-b5f2-10009e2d021a adc92ab8cce247db9ef8ab0c3a748258 d074a456bf164b57bddde366f0409b84 - - default default] DELETE failed (client error): The resource could not be found.
2026-07-14 18:48:31.205 10 INFO neutron.wsgi [None req-d7c54837-d785-475f-b5f2-10009e2d021a adc92ab8cce247db9ef8ab0c3a748258 d074a456bf164b57bddde366f0409b84 - - default default] 10.0.0.70 "DELETE /v2.0/subnets/9b2ed70c-e539-4e4e-bfab-025a4014c690 HTTP/1.1" status: 404 len: 337 time: 0.0307357
2026-07-14 18:48:31.227 9 INFO neutron.pecan_wsgi.hooks.translation [None req-0fab590d-0a0c-4606-92bd-22582985cb67 adc92ab8cce247db9ef8ab0c3a748258 d074a456bf164b57bddde366f0409b84 - - default default] DELETE failed (client error): The resource could not be found.
2026-07-14 18:48:31.229 9 INFO neutron.wsgi [None req-0fab590d-0a0c-4606-92bd-22582985cb67 adc92ab8cce247db9ef8ab0c3a748258 d074a456bf164b57bddde366f0409b84 - - default default] 10.0.0.70 "DELETE /v2.0/subnets/5016da20-389d-423b-85c6-62cd81c3356d HTTP/1.1" status: 404 len: 337 time: 0.0191116
2026-07-14 18:48:31.250 9 INFO neutron.pecan_wsgi.hooks.translation [None req-971b6c3f-5001-4807-8eff-517b48557121 adc92ab8cce247db9ef8ab0c3a748258 d074a456bf164b57bddde366f0409b84 - - default default] DELETE failed (client error): The resource could not be found.
2026-07-14 18:48:31.252 9 INFO neutron.wsgi [None req-971b6c3f-5001-4807-8eff-517b48557121 adc92ab8cce247db9ef8ab0c3a748258 d074a456bf164b57bddde366f0409b84 - - default default] 10.0.0.70 "DELETE /v2.0/subnets/e14d5100-7c16-4e6c-9f5c-b2a33333a40f HTTP/1.1" status: 404 len: 337 time: 0.0183406
2026-07-14 18:48:31.418 10 INFO neutron.services.segments.plugin [-] Segment c01e2b10-598f-484f-8d40-0119991e5f0e resource provider aggregate not found
2026-07-14 18:48:31.423 10 INFO neutron.services.segments.plugin [-] Segment c01e2b10-598f-484f-8d40-0119991e5f0e resource provider aggregate not found
2026-07-14 18:48:31.437 10 INFO neutron.services.segments.plugin [-] Segment c01e2b10-598f-484f-8d40-0119991e5f0e resource provider not found; error: Placement Client Error (4xx): {"errors": [{"status": 404, "title": "Not Found", "detail": "The resource could not be found.\n\n No resource provider with uuid c01e2b10-598f-484f-8d40-0119991e5f0e found for delete ", "request_id": "req-08408b33-4711-4220-b4db-296bdd0a464f"}]}
2026-07-14 18:48:31.443 10 INFO neutron.services.segments.plugin [-] Segment c01e2b10-598f-484f-8d40-0119991e5f0e resource provider not found; error: Placement Client Error (4xx): {"errors": [{"status": 404, "title": "Not Found", "detail": "The resource could not be found.\n\n No resource provider with uuid c01e2b10-598f-484f-8d40-0119991e5f0e found for delete ", "request_id": "req-c0d6d9d2-38c9-4ff8-bcca-c7b0af6c0caa"}]}
2026-07-14 18:48:31.464 10 INFO neutron.wsgi [None req-c1f779fb-c4b8-443e-a7e6-1ddf109af5fd d0bda35bef0c433880e9e977128724e4 f9e488d77bbc4188aa626b7019006dab - - default default] 10.0.0.70 "DELETE /v2.0/networks/b751c138-0c36-41b2-a7d1-1fe532e00845 HTTP/1.1" status: 204 len: 168 time: 0.4642181
2026-07-14 18:48:32.139 10 INFO neutron.wsgi [None req-2a85a442-a16f-4878-a97d-333aa3d7f58d 7bbe5fbbecb04c67aaf0e51e1e70f88f 1df9047b14b549089d81bf61621eaab4 - - default default] 10.0.0.70 "GET /v2.0/security-groups?tenant_id=f9e488d77bbc4188aa626b7019006dab&name=default HTTP/1.1" status: 200 len: 2996 time: 0.1902549
2026-07-14 18:48:32.236 9 INFO neutron.db.ovn_revision_numbers_db [None req-cdfaee4f-212c-4b40-a648-7ee0b0e851f2 7bbe5fbbecb04c67aaf0e51e1e70f88f 1df9047b14b549089d81bf61621eaab4 - - default default] Successfully bumped revision number for resource 6d741568-6524-468a-9d77-77e09e9676c8 (type: security_groups) to 1
2026-07-14 18:48:32.257 9 INFO neutron.db.ovn_revision_numbers_db [None req-cdfaee4f-212c-4b40-a648-7ee0b0e851f2 7bbe5fbbecb04c67aaf0e51e1e70f88f 1df9047b14b549089d81bf61621eaab4 - - default default] Successfully bumped revision number for resource 3cccaa37-f29b-45b9-a625-58ce75a37e57 (type: security_group_rules) to 0
2026-07-14 18:48:32.259 9 INFO neutron.db.ovn_revision_numbers_db [None req-8bff7931-8311-4d8f-9a41-566c5a2518cd 7bbe5fbbecb04c67aaf0e51e1e70f88f 1df9047b14b549089d81bf61621eaab4 - - default default] Successfully bumped revision number for resource 6f02dfeb-be47-44ab-bde8-a22f1210e11b (type: security_groups) to 1
2026-07-14 18:48:32.275 9 INFO neutron.db.ovn_revision_numbers_db [None req-cdfaee4f-212c-4b40-a648-7ee0b0e851f2 7bbe5fbbecb04c67aaf0e51e1e70f88f 1df9047b14b549089d81bf61621eaab4 - - default default] Successfully bumped revision number for resource 62f16102-9835-45a8-824b-692b6cee0fd7 (type: security_group_rules) to 0
2026-07-14 18:48:32.279 9 INFO neutron.db.ovn_revision_numbers_db [None req-8bff7931-8311-4d8f-9a41-566c5a2518cd 7bbe5fbbecb04c67aaf0e51e1e70f88f 1df9047b14b549089d81bf61621eaab4 - - default default] Successfully bumped revision number for resource 0b48abf9-97c2-4be7-a0fb-1ba30269b55a (type: security_group_rules) to 0
2026-07-14 18:48:32.293 9 INFO neutron.db.ovn_revision_numbers_db [None req-cdfaee4f-212c-4b40-a648-7ee0b0e851f2 7bbe5fbbecb04c67aaf0e51e1e70f88f 1df9047b14b549089d81bf61621eaab4 - - default default] Successfully bumped revision number for resource 82c9894c-d84a-46cc-989f-5b828cce26c7 (type: security_group_rules) to 0
2026-07-14 18:48:32.295 9 INFO neutron.db.ovn_revision_numbers_db [None req-8bff7931-8311-4d8f-9a41-566c5a2518cd 7bbe5fbbecb04c67aaf0e51e1e70f88f 1df9047b14b549089d81bf61621eaab4 - - default default] Successfully bumped revision number for resource 7a697d87-3680-4a15-9418-7d52c7cafc16 (type: security_group_rules) to 0
2026-07-14 18:48:32.312 9 INFO neutron.db.ovn_revision_numbers_db [None req-8bff7931-8311-4d8f-9a41-566c5a2518cd 7bbe5fbbecb04c67aaf0e51e1e70f88f 1df9047b14b549089d81bf61621eaab4 - - default default] Successfully bumped revision number for resource f69fe44b-a02d-4331-9db2-0a7b3084dd08 (type: security_group_rules) to 0
2026-07-14 18:48:32.319 9 INFO neutron.db.ovn_revision_numbers_db [None req-cdfaee4f-212c-4b40-a648-7ee0b0e851f2 7bbe5fbbecb04c67aaf0e51e1e70f88f 1df9047b14b549089d81bf61621eaab4 - - default default] Successfully bumped revision number for resource b106a159-e95b-4d13-98d5-cdb629b0482a (type: security_group_rules) to 0
2026-07-14 18:48:32.331 9 INFO neutron.db.ovn_revision_numbers_db [None req-8bff7931-8311-4d8f-9a41-566c5a2518cd 7bbe5fbbecb04c67aaf0e51e1e70f88f 1df9047b14b549089d81bf61621eaab4 - - default default] Successfully bumped revision number for resource feea5c08-b192-47ad-affe-a8fe54e4fc37 (type: security_group_rules) to 0
2026-07-14 18:48:32.356 9 INFO neutron.wsgi [None req-8bff7931-8311-4d8f-9a41-566c5a2518cd 7bbe5fbbecb04c67aaf0e51e1e70f88f 1df9047b14b549089d81bf61621eaab4 - - default default] 10.0.0.70 "GET /v2.0/security-groups?tenant_id=394638b2046b45d8bb3fdc5418731174&name=default HTTP/1.1" status: 200 len: 2996 time: 0.2811749
2026-07-14 18:48:32.375 10 INFO neutron.wsgi [None req-069f03d9-16ae-4390-8155-403c309c2710 7bbe5fbbecb04c67aaf0e51e1e70f88f 1df9047b14b549089d81bf61621eaab4 - - default default] 10.0.0.70 "DELETE /v2.0/security-groups/9416e2ce-7dbb-4bc2-9734-89cd988ab659 HTTP/1.1" status: 204 len: 168 time: 0.2314534
2026-07-14 18:48:32.393 9 INFO neutron.db.segments_db [None req-cdfaee4f-212c-4b40-a648-7ee0b0e851f2 7bbe5fbbecb04c67aaf0e51e1e70f88f 1df9047b14b549089d81bf61621eaab4 - - default default] Added segment 942ab0a8-4f7b-469d-92bc-aa5632f9663e of type geneve for network 343b1eb0-75c6-42bb-abb6-8f43cfa8a9f8
2026-07-14 18:48:32.585 9 INFO neutron.db.ovn_revision_numbers_db [None req-cdfaee4f-212c-4b40-a648-7ee0b0e851f2 7bbe5fbbecb04c67aaf0e51e1e70f88f 1df9047b14b549089d81bf61621eaab4 - - default default] Successfully bumped revision number for resource 343b1eb0-75c6-42bb-abb6-8f43cfa8a9f8 (type: networks) to 1
2026-07-14 18:48:32.698 9 INFO neutron.wsgi [None req-58373d48-e51a-4428-a543-1cf2de62b98b 7bbe5fbbecb04c67aaf0e51e1e70f88f 1df9047b14b549089d81bf61621eaab4 - - default default] 10.0.0.70 "DELETE /v2.0/security-groups/6f02dfeb-be47-44ab-bde8-a22f1210e11b HTTP/1.1" status: 204 len: 168 time: 0.3372660
2026-07-14 18:48:32.755 9 WARNING neutron.scheduler.dhcp_agent_scheduler [None req-cdfaee4f-212c-4b40-a648-7ee0b0e851f2 7bbe5fbbecb04c67aaf0e51e1e70f88f 1df9047b14b549089d81bf61621eaab4 - - default default] No more DHCP agents
2026-07-14 18:48:32.758 9 WARNING neutron.api.rpc.agentnotifiers.dhcp_rpc_agent_api [None req-cdfaee4f-212c-4b40-a648-7ee0b0e851f2 7bbe5fbbecb04c67aaf0e51e1e70f88f 1df9047b14b549089d81bf61621eaab4 - - default default] Unable to schedule network 343b1eb0-75c6-42bb-abb6-8f43cfa8a9f8: no agents available; will retry on subsequent port and subnet creation events.
2026-07-14 18:48:32.833 9 INFO neutron.db.ovn_revision_numbers_db [None req-cdfaee4f-212c-4b40-a648-7ee0b0e851f2 7bbe5fbbecb04c67aaf0e51e1e70f88f 1df9047b14b549089d81bf61621eaab4 - - default default] Successfully bumped revision number for resource d88bf5b8-19a5-46ae-8709-c06a7b10b010 (type: ports) to 1
2026-07-14 18:48:32.850 9 INFO neutron.wsgi [None req-cdfaee4f-212c-4b40-a648-7ee0b0e851f2 7bbe5fbbecb04c67aaf0e51e1e70f88f 1df9047b14b549089d81bf61621eaab4 - - default default] 10.0.0.70 "POST /v2.0/networks HTTP/1.1" status: 201 len: 942 time: 0.9899964
2026-07-14 18:48:33.005 9 INFO neutron.db.ovn_revision_numbers_db [None req-56552c5e-8fa4-41d5-96ca-89747225b9a4 7bbe5fbbecb04c67aaf0e51e1e70f88f 1df9047b14b549089d81bf61621eaab4 - - default default] Successfully bumped revision number for resource 8bb501e8-56ee-497a-b02b-09ce01ebd861 (type: security_groups) to 1
2026-07-14 18:48:33.023 9 WARNING neutron.scheduler.dhcp_agent_scheduler [None req-73bbb0c0-0493-4389-80ba-df1f0c720cf7 7bbe5fbbecb04c67aaf0e51e1e70f88f 1df9047b14b549089d81bf61621eaab4 - - default default] No more DHCP agents
2026-07-14 18:48:33.027 9 WARNING neutron.api.rpc.agentnotifiers.dhcp_rpc_agent_api [None req-73bbb0c0-0493-4389-80ba-df1f0c720cf7 7bbe5fbbecb04c67aaf0e51e1e70f88f 1df9047b14b549089d81bf61621eaab4 - - default default] Unable to schedule network 343b1eb0-75c6-42bb-abb6-8f43cfa8a9f8: no agents available; will retry on subsequent port and subnet creation events.
2026-07-14 18:48:33.032 9 INFO neutron.db.ovn_revision_numbers_db [None req-56552c5e-8fa4-41d5-96ca-89747225b9a4 7bbe5fbbecb04c67aaf0e51e1e70f88f 1df9047b14b549089d81bf61621eaab4 - - default default] Successfully bumped revision number for resource 00a7a696-4cc8-47b5-a87a-dc0f6507865a (type: security_group_rules) to 0
2026-07-14 18:48:33.062 9 INFO neutron.db.ovn_revision_numbers_db [None req-56552c5e-8fa4-41d5-96ca-89747225b9a4 7bbe5fbbecb04c67aaf0e51e1e70f88f 1df9047b14b549089d81bf61621eaab4 - - default default] Successfully bumped revision number for resource 6378c82c-13e7-4fd3-a9b3-ced256338a6c (type: security_group_rules) to 0
2026-07-14 18:48:33.088 9 INFO neutron.db.ovn_revision_numbers_db [None req-56552c5e-8fa4-41d5-96ca-89747225b9a4 7bbe5fbbecb04c67aaf0e51e1e70f88f 1df9047b14b549089d81bf61621eaab4 - - default default] Successfully bumped revision number for resource 660d741a-6066-431b-8b16-008a9b7067b9 (type: security_group_rules) to 0
2026-07-14 18:48:33.110 9 INFO neutron.db.ovn_revision_numbers_db [None req-56552c5e-8fa4-41d5-96ca-89747225b9a4 7bbe5fbbecb04c67aaf0e51e1e70f88f 1df9047b14b549089d81bf61621eaab4 - - default default] Successfully bumped revision number for resource 8fdfcad3-d389-489c-940a-cb6498b9a37d (type: security_group_rules) to 0
2026-07-14 18:48:33.145 9 INFO neutron.wsgi [None req-56552c5e-8fa4-41d5-96ca-89747225b9a4 7bbe5fbbecb04c67aaf0e51e1e70f88f 1df9047b14b549089d81bf61621eaab4 - - default default] 10.0.0.70 "GET /v2.0/security-groups?tenant_id=1f5cd2df6fce4fa8aebc7f8f1a12a4cd&name=default HTTP/1.1" status: 200 len: 2996 time: 0.2796717
2026-07-14 18:48:33.453 9 INFO neutron.wsgi [None req-3fa437ca-b5df-45f7-a6d8-e4f62c948cc0 7bbe5fbbecb04c67aaf0e51e1e70f88f 1df9047b14b549089d81bf61621eaab4 - - default default] 10.0.0.70 "DELETE /v2.0/security-groups/8bb501e8-56ee-497a-b02b-09ce01ebd861 HTTP/1.1" status: 204 len: 168 time: 0.3032556
2026-07-14 18:48:33.570 10 INFO neutron.wsgi [None req-a6b3dfee-2c97-4cd7-a68f-301905e90e8a 7bbe5fbbecb04c67aaf0e51e1e70f88f 1df9047b14b549089d81bf61621eaab4 - - default default] 10.0.0.70 "GET /v2.0/security-groups?tenant_id=d074a456bf164b57bddde366f0409b84&name=default HTTP/1.1" status: 200 len: 2996 time: 0.0348060
2026-07-14 18:48:33.590 9 INFO neutron.db.ovn_revision_numbers_db [None req-73bbb0c0-0493-4389-80ba-df1f0c720cf7 7bbe5fbbecb04c67aaf0e51e1e70f88f 1df9047b14b549089d81bf61621eaab4 - - default default] Successfully bumped revision number for resource d88bf5b8-19a5-46ae-8709-c06a7b10b010 (type: ports) to 2
2026-07-14 18:48:33.632 9 INFO neutron.db.ovn_revision_numbers_db [None req-73bbb0c0-0493-4389-80ba-df1f0c720cf7 7bbe5fbbecb04c67aaf0e51e1e70f88f 1df9047b14b549089d81bf61621eaab4 - - default default] Successfully bumped revision number for resource eb1edd82-6842-4fb4-803a-f9a84cee801f (type: subnets) to 0
2026-07-14 18:48:33.648 9 INFO neutron.wsgi [None req-73bbb0c0-0493-4389-80ba-df1f0c720cf7 7bbe5fbbecb04c67aaf0e51e1e70f88f 1df9047b14b549089d81bf61621eaab4 - - default default] 10.0.0.70 "POST /v2.0/subnets HTTP/1.1" status: 201 len: 862 time: 0.7913387
2026-07-14 18:48:33.785 10 INFO neutron.wsgi [None req-69acf039-5bb8-44eb-9dd6-2a523448ee30 7bbe5fbbecb04c67aaf0e51e1e70f88f 1df9047b14b549089d81bf61621eaab4 - - default default] 10.0.0.70 "DELETE /v2.0/security-groups/f1306700-948e-406f-a697-c39fa0ae273b HTTP/1.1" status: 204 len: 168 time: 0.2102931
2026-07-14 18:48:34.118 9 WARNING neutron.scheduler.dhcp_agent_scheduler [None req-e21db2b3-36aa-469d-b373-ce9c4d698354 7bbe5fbbecb04c67aaf0e51e1e70f88f 1df9047b14b549089d81bf61621eaab4 - - default default] No more DHCP agents
2026-07-14 18:48:34.122 9 WARNING neutron.api.rpc.agentnotifiers.dhcp_rpc_agent_api [None req-e21db2b3-36aa-469d-b373-ce9c4d698354 7bbe5fbbecb04c67aaf0e51e1e70f88f 1df9047b14b549089d81bf61621eaab4 - - default default] Unable to schedule network e68dbe2d-7d1c-43f2-9db5-00f2d13b166c: no agents available; will retry on subsequent port and subnet creation events.
2026-07-14 18:48:34.311 9 INFO neutron.db.ovn_revision_numbers_db [None req-e21db2b3-36aa-469d-b373-ce9c4d698354 7bbe5fbbecb04c67aaf0e51e1e70f88f 1df9047b14b549089d81bf61621eaab4 - - default default] Successfully bumped revision number for resource 933f4d9c-1b02-43a6-af39-5b849bdeea83 (type: ports) to 1
2026-07-14 18:48:34.628 9 INFO neutron.db.ovn_revision_numbers_db [None req-4f62a717-2106-400b-8771-15a7ab15c8c3 72c5f0bc0db94412bece0ab9f01de6be c52e8e415a5942cf89d03a155f39df02 - - default default] Successfully bumped revision number for resource 31fa91c0-4aad-4633-a1bc-3a9571982832 (type: security_groups) to 1
2026-07-14 18:48:34.654 9 INFO neutron.db.ovn_revision_numbers_db [None req-4f62a717-2106-400b-8771-15a7ab15c8c3 72c5f0bc0db94412bece0ab9f01de6be c52e8e415a5942cf89d03a155f39df02 - - default default] Successfully bumped revision number for resource 1aa320dc-a172-4997-b435-578a1eb3ebfc (type: security_group_rules) to 0
2026-07-14 18:48:34.958 9 INFO neutron.db.ovn_revision_numbers_db [None req-4f62a717-2106-400b-8771-15a7ab15c8c3 72c5f0bc0db94412bece0ab9f01de6be c52e8e415a5942cf89d03a155f39df02 - - default default] Successfully bumped revision number for resource 3fb68541-d1e1-424b-a2e4-edef7af51d47 (type: security_group_rules) to 0
2026-07-14 18:48:34.981 9 INFO neutron.db.ovn_revision_numbers_db [None req-4f62a717-2106-400b-8771-15a7ab15c8c3 72c5f0bc0db94412bece0ab9f01de6be c52e8e415a5942cf89d03a155f39df02 - - default default] Successfully bumped revision number for resource b9c0956a-fdd7-47cf-96f5-e9f77d4100f0 (type: security_group_rules) to 0
2026-07-14 18:48:35.020 9 INFO neutron.db.ovn_revision_numbers_db [None req-4f62a717-2106-400b-8771-15a7ab15c8c3 72c5f0bc0db94412bece0ab9f01de6be c52e8e415a5942cf89d03a155f39df02 - - default default] Successfully bumped revision number for resource c5eaeced-a7bd-4d27-b171-958c1b4c51ec (type: security_group_rules) to 0
2026-07-14 18:48:35.101 9 INFO neutron.db.segments_db [None req-4f62a717-2106-400b-8771-15a7ab15c8c3 72c5f0bc0db94412bece0ab9f01de6be c52e8e415a5942cf89d03a155f39df02 - - default default] Added segment db0d02b9-2f8c-400f-b643-0d97ba943b6d of type geneve for network e4a58188-835e-4b30-a425-36b92d9b6df1
2026-07-14 18:48:35.349 9 INFO neutron.db.ovn_revision_numbers_db [None req-4f62a717-2106-400b-8771-15a7ab15c8c3 72c5f0bc0db94412bece0ab9f01de6be c52e8e415a5942cf89d03a155f39df02 - - default default] Successfully bumped revision number for resource e4a58188-835e-4b30-a425-36b92d9b6df1 (type: networks) to 1
2026-07-14 18:48:35.413 9 INFO neutron.plugins.ml2.drivers.ovn.mech_driver.mech_driver [None req-715a825c-8b9b-440a-a22e-2dd40be042ea - - - - - -] OVN reports status up for port: 933f4d9c-1b02-43a6-af39-5b849bdeea83
2026-07-14 18:48:35.434 9 INFO neutron.plugins.ml2.drivers.ovn.mech_driver.ovsdb.ovsdb_monitor [None req-5427e4f2-8949-4fd1-9fe3-cd6f083cbab9 - - - - - -] Router c202db74-0084-449f-8062-0109a853fcf0 is bound to host instance
2026-07-14 18:48:35.474 9 INFO neutron.plugins.ml2.plugin [None req-715a825c-8b9b-440a-a22e-2dd40be042ea - - - - - -] Attempt 1 to provision port 933f4d9c-1b02-43a6-af39-5b849bdeea83
2026-07-14 18:48:35.526 9 INFO neutron.db.ovn_revision_numbers_db [None req-e21db2b3-36aa-469d-b373-ce9c4d698354 7bbe5fbbecb04c67aaf0e51e1e70f88f 1df9047b14b549089d81bf61621eaab4 - - default default] Successfully bumped revision number for resource 933f4d9c-1b02-43a6-af39-5b849bdeea83 (type: router_ports) to 1
2026-07-14 18:48:35.555 10 INFO neutron.wsgi [-] 10.0.0.125 "GET / HTTP/1.1" status: 200 len: 246 time: 0.0023365
2026-07-14 18:48:35.559 10 INFO neutron.wsgi [-] 10.0.0.125 "GET / HTTP/1.1" status: 200 len: 246 time: 0.0024321
2026-07-14 18:48:35.716 9 INFO neutron.db.ovn_revision_numbers_db [None req-e21db2b3-36aa-469d-b373-ce9c4d698354 7bbe5fbbecb04c67aaf0e51e1e70f88f 1df9047b14b549089d81bf61621eaab4 - - default default] Successfully bumped revision number for resource c202db74-0084-449f-8062-0109a853fcf0 (type: routers) to 2
2026-07-14 18:48:35.744 9 WARNING neutron.scheduler.dhcp_agent_scheduler [None req-4f62a717-2106-400b-8771-15a7ab15c8c3 72c5f0bc0db94412bece0ab9f01de6be c52e8e415a5942cf89d03a155f39df02 - - default default] No more DHCP agents
2026-07-14 18:48:35.748 9 INFO neutron.wsgi [None req-e21db2b3-36aa-469d-b373-ce9c4d698354 7bbe5fbbecb04c67aaf0e51e1e70f88f 1df9047b14b549089d81bf61621eaab4 - - default default] 10.0.0.70 "POST /v2.0/routers HTTP/1.1" status: 201 len: 873 time: 2.0940721
2026-07-14 18:48:35.755 9 WARNING neutron.api.rpc.agentnotifiers.dhcp_rpc_agent_api [None req-4f62a717-2106-400b-8771-15a7ab15c8c3 72c5f0bc0db94412bece0ab9f01de6be c52e8e415a5942cf89d03a155f39df02 - - default default] Unable to schedule network e4a58188-835e-4b30-a425-36b92d9b6df1: no agents available; will retry on subsequent port and subnet creation events.
2026-07-14 18:48:35.862 9 INFO neutron.db.ovn_revision_numbers_db [None req-4f62a717-2106-400b-8771-15a7ab15c8c3 72c5f0bc0db94412bece0ab9f01de6be c52e8e415a5942cf89d03a155f39df02 - - default default] Successfully bumped revision number for resource 92360d51-8d06-4729-9a94-fbfcf291fd83 (type: ports) to 1
2026-07-14 18:48:35.900 9 INFO neutron.wsgi [None req-4f62a717-2106-400b-8771-15a7ab15c8c3 72c5f0bc0db94412bece0ab9f01de6be c52e8e415a5942cf89d03a155f39df02 - - default default] 10.0.0.70 "POST /v2.0/networks HTTP/1.1" status: 201 len: 828 time: 1.6452234
2026-07-14 18:48:36.042 9 INFO neutron.db.segments_db [None req-f1e88a5d-acd2-470a-9723-e1ad219e2c2f 72c5f0bc0db94412bece0ab9f01de6be c52e8e415a5942cf89d03a155f39df02 - - default default] Added segment 89eec005-53af-4cfd-becf-2b55ea0712b2 of type geneve for network cf57dbab-020c-47c6-8ad5-3314162aa663
2026-07-14 18:48:36.250 9 INFO neutron.wsgi [req-30e1db7d-dd98-4da6-a392-9180a7eb80f0 req-81d17b1d-b25c-48de-a87b-e6292d6c7f44 bc039332a626462b80a111b4b2ecb280 929db5240b3249239d5e1afb01ba49bf - - 836454d2791c49c1902648f62b0f7497 836454d2791c49c1902648f62b0f7497] 10.0.0.54 "GET /v2.0/ports?device_id=75e37a48-3740-49c9-8af9-c25d2f46e055 HTTP/1.1" status: 200 len: 1413 time: 0.0859423
2026-07-14 18:48:36.261 10 WARNING neutron.scheduler.dhcp_agent_scheduler [None req-c3f872f0-4727-423d-89c9-2553dadab66e 7bbe5fbbecb04c67aaf0e51e1e70f88f 1df9047b14b549089d81bf61621eaab4 - - default default] No more DHCP agents
2026-07-14 18:48:36.264 10 WARNING neutron.api.rpc.agentnotifiers.dhcp_rpc_agent_api [None req-c3f872f0-4727-423d-89c9-2553dadab66e 7bbe5fbbecb04c67aaf0e51e1e70f88f 1df9047b14b549089d81bf61621eaab4 - - default default] Unable to schedule network 343b1eb0-75c6-42bb-abb6-8f43cfa8a9f8: no agents available; will retry on subsequent port and subnet creation events.
2026-07-14 18:48:36.304 9 INFO neutron.db.ovn_revision_numbers_db [None req-f1e88a5d-acd2-470a-9723-e1ad219e2c2f 72c5f0bc0db94412bece0ab9f01de6be c52e8e415a5942cf89d03a155f39df02 - - default default] Successfully bumped revision number for resource cf57dbab-020c-47c6-8ad5-3314162aa663 (type: networks) to 1
2026-07-14 18:48:36.328 9 INFO neutron.wsgi [req-30e1db7d-dd98-4da6-a392-9180a7eb80f0 req-455dd172-7edf-4261-ab65-84fc96ceefc9 bc039332a626462b80a111b4b2ecb280 929db5240b3249239d5e1afb01ba49bf - - 836454d2791c49c1902648f62b0f7497 836454d2791c49c1902648f62b0f7497] 10.0.0.54 "GET /v2.0/security-groups?id=75c4bfd8-d928-4160-a424-a81cb85fd4e4&fields=id&fields=name HTTP/1.1" status: 200 len: 313 time: 0.0700529
2026-07-14 18:48:36.444 10 INFO neutron.db.ovn_revision_numbers_db [None req-c3f872f0-4727-423d-89c9-2553dadab66e 7bbe5fbbecb04c67aaf0e51e1e70f88f 1df9047b14b549089d81bf61621eaab4 - - default default] Successfully bumped revision number for resource 5a3ec5fa-22c1-4942-be87-0921ffe997ae (type: ports) to 1
2026-07-14 18:48:36.463 9 INFO neutron.db.ovn_revision_numbers_db [None req-5427e4f2-8949-4fd1-9fe3-cd6f083cbab9 - - - - - -] Successfully bumped revision number for resource 933f4d9c-1b02-43a6-af39-5b849bdeea83 (type: ports) to 1
2026-07-14 18:48:36.568 9 WARNING neutron.scheduler.dhcp_agent_scheduler [None req-f1e88a5d-acd2-470a-9723-e1ad219e2c2f 72c5f0bc0db94412bece0ab9f01de6be c52e8e415a5942cf89d03a155f39df02 - - default default] No more DHCP agents
2026-07-14 18:48:36.572 9 WARNING neutron.api.rpc.agentnotifiers.dhcp_rpc_agent_api [None req-f1e88a5d-acd2-470a-9723-e1ad219e2c2f 72c5f0bc0db94412bece0ab9f01de6be c52e8e415a5942cf89d03a155f39df02 - - default default] Unable to schedule network cf57dbab-020c-47c6-8ad5-3314162aa663: no agents available; will retry on subsequent port and subnet creation events.
2026-07-14 18:48:36.728 9 INFO neutron.db.ovn_revision_numbers_db [None req-f1e88a5d-acd2-470a-9723-e1ad219e2c2f 72c5f0bc0db94412bece0ab9f01de6be c52e8e415a5942cf89d03a155f39df02 - - default default] Successfully bumped revision number for resource 0ff536ea-4eb1-459f-98bd-f4de000b0733 (type: ports) to 1
2026-07-14 18:48:36.761 9 INFO neutron.wsgi [None req-f1e88a5d-acd2-470a-9723-e1ad219e2c2f 72c5f0bc0db94412bece0ab9f01de6be c52e8e415a5942cf89d03a155f39df02 - - default default] 10.0.0.70 "POST /v2.0/networks HTTP/1.1" status: 201 len: 829 time: 0.8545957
2026-07-14 18:48:36.882 9 INFO neutron.db.ovn_revision_numbers_db [None req-5427e4f2-8949-4fd1-9fe3-cd6f083cbab9 - - - - - -] Successfully bumped revision number for resource 933f4d9c-1b02-43a6-af39-5b849bdeea83 (type: router_ports) to 3
2026-07-14 18:48:36.972 10 INFO neutron.db.ovn_revision_numbers_db [None req-c3f872f0-4727-423d-89c9-2553dadab66e 7bbe5fbbecb04c67aaf0e51e1e70f88f 1df9047b14b549089d81bf61621eaab4 - - default default] Successfully bumped revision number for resource 5a3ec5fa-22c1-4942-be87-0921ffe997ae (type: router_ports) to 1
2026-07-14 18:48:37.159 10 WARNING neutron.scheduler.dhcp_agent_scheduler [None req-fd0ae658-a372-43f4-b52b-5e5c285b81b0 72c5f0bc0db94412bece0ab9f01de6be c52e8e415a5942cf89d03a155f39df02 - - default default] No more DHCP agents
2026-07-14 18:48:37.164 10 WARNING neutron.api.rpc.agentnotifiers.dhcp_rpc_agent_api [None req-fd0ae658-a372-43f4-b52b-5e5c285b81b0 72c5f0bc0db94412bece0ab9f01de6be c52e8e415a5942cf89d03a155f39df02 - - default default] Unable to schedule network e4a58188-835e-4b30-a425-36b92d9b6df1: no agents available; will retry on subsequent port and subnet creation events.
2026-07-14 18:48:37.213 10 INFO neutron.db.ovn_revision_numbers_db [None req-c3f872f0-4727-423d-89c9-2553dadab66e 7bbe5fbbecb04c67aaf0e51e1e70f88f 1df9047b14b549089d81bf61621eaab4 - - default default] Successfully bumped revision number for resource 5a3ec5fa-22c1-4942-be87-0921ffe997ae (type: ports) to 1
2026-07-14 18:48:37.252 9 INFO neutron.db.ovn_revision_numbers_db [None req-5427e4f2-8949-4fd1-9fe3-cd6f083cbab9 - - - - - -] Successfully bumped revision number for resource 933f4d9c-1b02-43a6-af39-5b849bdeea83 (type: ports) to 2
2026-07-14 18:48:37.306 10 WARNING neutron.scheduler.dhcp_agent_scheduler [None req-c3f872f0-4727-423d-89c9-2553dadab66e 7bbe5fbbecb04c67aaf0e51e1e70f88f 1df9047b14b549089d81bf61621eaab4 - - default default] No more DHCP agents
2026-07-14 18:48:37.308 10 WARNING neutron.api.rpc.agentnotifiers.dhcp_rpc_agent_api [None req-c3f872f0-4727-423d-89c9-2553dadab66e 7bbe5fbbecb04c67aaf0e51e1e70f88f 1df9047b14b549089d81bf61621eaab4 - - default default] Unable to schedule network 343b1eb0-75c6-42bb-abb6-8f43cfa8a9f8: no agents available; will retry on subsequent port and subnet creation events.
2026-07-14 18:48:37.549 9 INFO neutron.db.ovn_revision_numbers_db [None req-5427e4f2-8949-4fd1-9fe3-cd6f083cbab9 - - - - - -] Successfully bumped revision number for resource 933f4d9c-1b02-43a6-af39-5b849bdeea83 (type: ports) to 4
2026-07-14 18:48:37.712 9 INFO neutron.wsgi [None req-e1e526e9-d97a-4363-a5d7-bfdb5ed41ee4 29e009206f814067a0b67e431eea1138 3ad863a485044dbf91befd41c70635d8 - - default default] 10.0.0.70 "GET /v2.0/ports?project_id=3c2831423196499c831ba94af63a04aa&network_id=eca71c28-54f8-494b-a0ef-5e939c1e1ec3 HTTP/1.1" status: 200 len: 3514 time: 0.0648487
2026-07-14 18:48:37.839 9 INFO neutron.db.ovn_revision_numbers_db [None req-5427e4f2-8949-4fd1-9fe3-cd6f083cbab9 - - - - - -] Successfully bumped revision number for resource 933f4d9c-1b02-43a6-af39-5b849bdeea83 (type: router_ports) to 4
2026-07-14 18:48:37.841 10 INFO neutron.db.ovn_revision_numbers_db [None req-fd0ae658-a372-43f4-b52b-5e5c285b81b0 72c5f0bc0db94412bece0ab9f01de6be c52e8e415a5942cf89d03a155f39df02 - - default default] Successfully bumped revision number for resource 92360d51-8d06-4729-9a94-fbfcf291fd83 (type: ports) to 2
2026-07-14 18:48:37.842 9 INFO neutron.plugins.ml2.drivers.ovn.mech_driver.mech_driver [None req-715a825c-8b9b-440a-a22e-2dd40be042ea - - - - - -] OVN reports status up for port: 5a3ec5fa-22c1-4942-be87-0921ffe997ae
2026-07-14 18:48:37.860 9 INFO neutron.plugins.ml2.plugin [None req-715a825c-8b9b-440a-a22e-2dd40be042ea - - - - - -] Attempt 1 to provision port 5a3ec5fa-22c1-4942-be87-0921ffe997ae
2026-07-14 18:48:37.904 10 INFO neutron.db.ovn_revision_numbers_db [None req-fd0ae658-a372-43f4-b52b-5e5c285b81b0 72c5f0bc0db94412bece0ab9f01de6be c52e8e415a5942cf89d03a155f39df02 - - default default] Successfully bumped revision number for resource 8d59c876-0544-49eb-a077-f92821e90db6 (type: subnets) to 0
2026-07-14 18:48:37.922 10 INFO neutron.wsgi [None req-fd0ae658-a372-43f4-b52b-5e5c285b81b0 72c5f0bc0db94412bece0ab9f01de6be c52e8e415a5942cf89d03a155f39df02 - - default default] 10.0.0.70 "POST /v2.0/subnets HTTP/1.1" status: 201 len: 801 time: 1.1571150
2026-07-14 18:48:38.026 10 INFO neutron.wsgi [None req-ccca38dd-56fb-4648-a1d4-9356fc292b0b 29e009206f814067a0b67e431eea1138 3ad863a485044dbf91befd41c70635d8 - - default default] 10.0.0.70 "GET /v2.0/subnets?network_id=e68dbe2d-7d1c-43f2-9db5-00f2d13b166c HTTP/1.1" status: 200 len: 838 time: 0.0694346
2026-07-14 18:48:38.099 10 INFO neutron.db.ovn_revision_numbers_db [None req-c3f872f0-4727-423d-89c9-2553dadab66e 7bbe5fbbecb04c67aaf0e51e1e70f88f 1df9047b14b549089d81bf61621eaab4 - - default default] Successfully bumped revision number for resource 5a3ec5fa-22c1-4942-be87-0921ffe997ae (type: router_ports) to 1
2026-07-14 18:48:38.102 10 INFO neutron.wsgi [None req-c3f872f0-4727-423d-89c9-2553dadab66e 7bbe5fbbecb04c67aaf0e51e1e70f88f 1df9047b14b549089d81bf61621eaab4 - - default default] 10.0.0.70 "PUT /v2.0/routers/c202db74-0084-449f-8062-0109a853fcf0/add_router_interface HTTP/1.1" status: 200 len: 503 time: 2.3480978
2026-07-14 18:48:38.349 10 INFO neutron.db.l3_db [None req-c641af37-6cad-4f2e-a44c-f55cdc171e45 fbdf7851f9c94b56ac70889996fcc51b 3c2831423196499c831ba94af63a04aa - - default default] Floating IP c7e833f7-1212-4fe1-8d46-687d206605ec disassociated. External IP: 10.96.250.206, port: 854fe104-293c-4c1c-969e-2440a35d2d90.
2026-07-14 18:48:38.353 9 WARNING neutron.scheduler.dhcp_agent_scheduler [None req-e3e8cad7-fef3-4390-aa49-13a41e473e6d 72c5f0bc0db94412bece0ab9f01de6be c52e8e415a5942cf89d03a155f39df02 - - default default] No more DHCP agents
2026-07-14 18:48:38.362 9 INFO neutron.wsgi [None req-56c69812-5235-4fd8-8e80-36c52d163ed4 3b6d2294b8d84aaca41bd6bc074004e7 67a2e8b01638497fb43b5613c08e1cf4 - - default default] 10.0.0.70 "POST /v2.0/subnetpools HTTP/1.1" status: 201 len: 715 time: 0.2596116
2026-07-14 18:48:38.363 9 WARNING neutron.api.rpc.agentnotifiers.dhcp_rpc_agent_api [None req-e3e8cad7-fef3-4390-aa49-13a41e473e6d 72c5f0bc0db94412bece0ab9f01de6be c52e8e415a5942cf89d03a155f39df02 - - default default] Unable to schedule network cf57dbab-020c-47c6-8ad5-3314162aa663: no agents available; will retry on subsequent port and subnet creation events.
2026-07-14 18:48:38.365 9 INFO neutron.db.ovn_revision_numbers_db [None req-715a825c-8b9b-440a-a22e-2dd40be042ea - - - - - -] Successfully bumped revision number for resource 5a3ec5fa-22c1-4942-be87-0921ffe997ae (type: ports) to 2
2026-07-14 18:48:38.416 10 INFO neutron.db.ovn_revision_numbers_db [None req-c641af37-6cad-4f2e-a44c-f55cdc171e45 fbdf7851f9c94b56ac70889996fcc51b 3c2831423196499c831ba94af63a04aa - - default default] Successfully bumped revision number for resource c7e833f7-1212-4fe1-8d46-687d206605ec (type: floatingips) to 2
2026-07-14 18:48:38.521 10 INFO neutron.wsgi [None req-c641af37-6cad-4f2e-a44c-f55cdc171e45 fbdf7851f9c94b56ac70889996fcc51b 3c2831423196499c831ba94af63a04aa - - default default] 10.0.0.70 "PUT /v2.0/floatingips/c7e833f7-1212-4fe1-8d46-687d206605ec HTTP/1.1" status: 200 len: 748 time: 0.3132684 /var/lib/openstack/lib/python3.10/site-packages/pycadf/identifier.py:71: UserWarning: Invalid uuid: neutron. To ensure interoperability, identifiers should be a valid uuid. warnings.warn(('Invalid uuid: %s. To ensure interoperability, '
2026-07-14 18:48:38.559 9 INFO neutron.wsgi [None req-0c92fdfb-039a-4cbc-b7a5-7b7042f4955c 3b6d2294b8d84aaca41bd6bc074004e7 67a2e8b01638497fb43b5613c08e1cf4 - - default default] 10.0.0.70 "POST /v2.0/subnetpools HTTP/1.1" status: 201 len: 715 time: 0.1928608
2026-07-14 18:48:38.565 10 INFO neutron.notifiers.nova [-] Nova event matching ['req-3071aea7-f10d-4214-9835-c123108fcf28'] response: {'name': 'network-changed', 'server_uuid': '75e37a48-3740-49c9-8af9-c25d2f46e055', 'tag': '854fe104-293c-4c1c-969e-2440a35d2d90', 'status': 'completed', 'code': 200}
2026-07-14 18:48:38.571 10 INFO neutron.wsgi [None req-57ef0317-4365-407d-83cb-66c9728c5d0c fbdf7851f9c94b56ac70889996fcc51b 3c2831423196499c831ba94af63a04aa - - default default] 10.0.0.70 "GET /v2.0/floatingips/c7e833f7-1212-4fe1-8d46-687d206605ec HTTP/1.1" status: 200 len: 746 time: 0.0422931
2026-07-14 18:48:38.672 9 INFO neutron.wsgi [req-ba71efd7-5e45-4880-b4c4-6caa595f64a8 req-a56e6c26-b689-42f2-a69d-7535783b2f09 bc039332a626462b80a111b4b2ecb280 929db5240b3249239d5e1afb01ba49bf - - 836454d2791c49c1902648f62b0f7497 836454d2791c49c1902648f62b0f7497] 199.204.45.210 "GET /v2.0/ports?tenant_id=3c2831423196499c831ba94af63a04aa&device_id=75e37a48-3740-49c9-8af9-c25d2f46e055 HTTP/1.1" status: 200 len: 1413 time: 0.0706964
2026-07-14 18:48:38.688 9 INFO neutron.db.ovn_revision_numbers_db [None req-715a825c-8b9b-440a-a22e-2dd40be042ea - - - - - -] Successfully bumped revision number for resource 5a3ec5fa-22c1-4942-be87-0921ffe997ae (type: router_ports) to 2
2026-07-14 18:48:38.748 9 INFO neutron.wsgi [None req-542175bf-d12d-416c-aa7f-0a14162d268b 3b6d2294b8d84aaca41bd6bc074004e7 67a2e8b01638497fb43b5613c08e1cf4 - - default default] 10.0.0.70 "POST /v2.0/subnetpools HTTP/1.1" status: 201 len: 715 time: 0.1748276
2026-07-14 18:48:38.788 9 INFO neutron.wsgi [req-ba71efd7-5e45-4880-b4c4-6caa595f64a8 req-012a040e-e2d4-4185-aaba-40e558efa547 bc039332a626462b80a111b4b2ecb280 929db5240b3249239d5e1afb01ba49bf - - 836454d2791c49c1902648f62b0f7497 836454d2791c49c1902648f62b0f7497] 199.204.45.210 "GET /v2.0/networks?id=eca71c28-54f8-494b-a0ef-5e939c1e1ec3 HTTP/1.1" status: 200 len: 959 time: 0.1067293
2026-07-14 18:48:38.813 10 INFO neutron.wsgi [None req-1b96aece-77ec-4e14-88e9-a0926a4f6d02 3b6d2294b8d84aaca41bd6bc074004e7 67a2e8b01638497fb43b5613c08e1cf4 - - default default] 10.0.0.70 "POST /v2.0/subnetpools HTTP/1.1" status: 201 len: 715 time: 0.0594668
2026-07-14 18:48:38.833 9 INFO neutron.wsgi [req-ba71efd7-5e45-4880-b4c4-6caa595f64a8 req-3a257f4f-260c-4915-b9b1-a94c8658010f bc039332a626462b80a111b4b2ecb280 929db5240b3249239d5e1afb01ba49bf - - 836454d2791c49c1902648f62b0f7497 836454d2791c49c1902648f62b0f7497] 199.204.45.210 "GET /v2.0/floatingips?fixed_ip_address=10.100.0.12&port_id=854fe104-293c-4c1c-969e-2440a35d2d90 HTTP/1.1" status: 200 len: 217 time: 0.0377958
2026-07-14 18:48:38.883 9 INFO neutron.wsgi [req-ba71efd7-5e45-4880-b4c4-6caa595f64a8 req-3f7f8b1c-5d54-459d-9ca2-317797015364 bc039332a626462b80a111b4b2ecb280 929db5240b3249239d5e1afb01ba49bf - - 836454d2791c49c1902648f62b0f7497 836454d2791c49c1902648f62b0f7497] 199.204.45.210 "GET /v2.0/subnets?id=95516a5e-968b-4b59-a0b5-80b8224916bd HTTP/1.1" status: 200 len: 853 time: 0.0415418
