2026-07-14 18:53:53.242 9 INFO neutron.pecan_wsgi.hooks.translation [None req-34f0483f-9822-4a7c-bfde-751a49e40368 2b33aa9313fb48969ba77e385b8cb73a 3c68b5dea2894892b2d496d3143ee174 - - default default] GET failed (client error): The resource could not be found.
2026-07-14 18:53:53.244 9 INFO neutron.wsgi [None req-34f0483f-9822-4a7c-bfde-751a49e40368 2b33aa9313fb48969ba77e385b8cb73a 3c68b5dea2894892b2d496d3143ee174 - - default default] 10.0.0.70 "GET /v2.0/subnets/0154b591-e6dd-4836-90b6-4f3197ddf9f5 HTTP/1.1" status: 404 len: 337 time: 0.0217655
2026-07-14 18:53:53.505 10 INFO neutron.wsgi [None req-a94ecaec-87eb-4d47-a69b-d81d6f91ce3a 2b33aa9313fb48969ba77e385b8cb73a 3c68b5dea2894892b2d496d3143ee174 - - default default] 10.0.0.70 "DELETE /v2.0/subnets/a4045908-ea45-40cb-b148-3438e9c9138b HTTP/1.1" status: 204 len: 168 time: 0.2514617
2026-07-14 18:53:53.529 10 INFO neutron.pecan_wsgi.hooks.translation [None req-94131dee-157b-42b2-bc85-cf7ab1ccd359 2b33aa9313fb48969ba77e385b8cb73a 3c68b5dea2894892b2d496d3143ee174 - - default default] GET failed (client error): The resource could not be found.
2026-07-14 18:53:53.531 10 INFO neutron.wsgi [None req-94131dee-157b-42b2-bc85-cf7ab1ccd359 2b33aa9313fb48969ba77e385b8cb73a 3c68b5dea2894892b2d496d3143ee174 - - default default] 10.0.0.70 "GET /v2.0/subnets/a4045908-ea45-40cb-b148-3438e9c9138b HTTP/1.1" status: 404 len: 337 time: 0.0199938
2026-07-14 18:53:53.944 10 INFO neutron.wsgi [None req-2f973e5e-544e-4b9e-a346-420f2cab682c 2b33aa9313fb48969ba77e385b8cb73a 3c68b5dea2894892b2d496d3143ee174 - - default default] 10.0.0.70 "DELETE /v2.0/networks/5b2dd174-c7c4-4f13-8905-c1874fa64285 HTTP/1.1" status: 204 len: 168 time: 0.4083674
2026-07-14 18:53:53.945 10 INFO neutron.services.segments.plugin [-] Segment 1d59db35-4094-43b5-9772-8ed875669e9e resource provider aggregate not found
2026-07-14 18:53:53.962 10 INFO neutron.services.segments.plugin [-] Segment 1d59db35-4094-43b5-9772-8ed875669e9e resource provider aggregate not found
2026-07-14 18:53:53.968 10 INFO neutron.services.segments.plugin [-] Segment 1d59db35-4094-43b5-9772-8ed875669e9e resource provider not found; error: Placement Client Error (4xx): {"errors": [{"status": 404, "title": "Not Found", "detail": "The resource could not be found.\n\n No resource provider with uuid 1d59db35-4094-43b5-9772-8ed875669e9e found for delete ", "request_id": "req-5c45ed4a-135c-4cad-8a73-8ab6d9af0cdb"}]}
2026-07-14 18:53:53.973 9 INFO neutron.pecan_wsgi.hooks.translation [None req-98354983-345c-4c99-a3ba-6d99c6ac74cb 2b33aa9313fb48969ba77e385b8cb73a 3c68b5dea2894892b2d496d3143ee174 - - default default] GET failed (client error): The resource could not be found.
2026-07-14 18:53:53.978 9 INFO neutron.wsgi [None req-98354983-345c-4c99-a3ba-6d99c6ac74cb 2b33aa9313fb48969ba77e385b8cb73a 3c68b5dea2894892b2d496d3143ee174 - - default default] 10.0.0.70 "GET /v2.0/networks/5b2dd174-c7c4-4f13-8905-c1874fa64285 HTTP/1.1" status: 404 len: 339 time: 0.0271943
2026-07-14 18:53:53.979 10 INFO neutron.services.segments.plugin [-] Segment 1d59db35-4094-43b5-9772-8ed875669e9e resource provider not found; error: Placement Client Error (4xx): {"errors": [{"status": 404, "title": "Not Found", "detail": "The resource could not be found.\n\n No resource provider with uuid 1d59db35-4094-43b5-9772-8ed875669e9e found for delete ", "request_id": "req-39ead20e-15e5-4e77-a261-4c3d4dcea14d"}]}
2026-07-14 18:53:54.207 9 INFO neutron.wsgi [None req-3e20c3af-4261-4368-8025-1441883d6c53 2b33aa9313fb48969ba77e385b8cb73a 3c68b5dea2894892b2d496d3143ee174 - - default default] 10.0.0.70 "DELETE /v2.0/subnets/3260c5b3-abfc-4172-a1b9-80ece26cd284 HTTP/1.1" status: 204 len: 168 time: 0.2213154
2026-07-14 18:53:54.240 10 INFO neutron.pecan_wsgi.hooks.translation [None req-6b378567-2d6e-45e4-917a-eaf1d462966f 2b33aa9313fb48969ba77e385b8cb73a 3c68b5dea2894892b2d496d3143ee174 - - default default] GET failed (client error): The resource could not be found.
2026-07-14 18:53:54.243 10 INFO neutron.wsgi [None req-6b378567-2d6e-45e4-917a-eaf1d462966f 2b33aa9313fb48969ba77e385b8cb73a 3c68b5dea2894892b2d496d3143ee174 - - default default] 10.0.0.70 "GET /v2.0/subnets/3260c5b3-abfc-4172-a1b9-80ece26cd284 HTTP/1.1" status: 404 len: 337 time: 0.0308721
2026-07-14 18:53:54.493 10 INFO neutron.wsgi [None req-e89f9523-3446-403b-95b1-56d84aeb84a5 2b33aa9313fb48969ba77e385b8cb73a 3c68b5dea2894892b2d496d3143ee174 - - default default] 10.0.0.70 "DELETE /v2.0/subnets/61544d46-2417-4150-ad3a-0104399d9442 HTTP/1.1" status: 204 len: 168 time: 0.2437184
2026-07-14 18:53:54.517 10 INFO neutron.pecan_wsgi.hooks.translation [None req-79a70e01-ac7d-4436-aa64-0920e3b3d5b6 2b33aa9313fb48969ba77e385b8cb73a 3c68b5dea2894892b2d496d3143ee174 - - default default] GET failed (client error): The resource could not be found.
2026-07-14 18:53:54.519 10 INFO neutron.wsgi [None req-79a70e01-ac7d-4436-aa64-0920e3b3d5b6 2b33aa9313fb48969ba77e385b8cb73a 3c68b5dea2894892b2d496d3143ee174 - - default default] 10.0.0.70 "GET /v2.0/subnets/61544d46-2417-4150-ad3a-0104399d9442 HTTP/1.1" status: 404 len: 337 time: 0.0195463
2026-07-14 18:53:54.919 10 INFO neutron.wsgi [None req-9d9816ea-c769-4ccb-9542-1f43960de6ac 2b33aa9313fb48969ba77e385b8cb73a 3c68b5dea2894892b2d496d3143ee174 - - default default] 10.0.0.70 "DELETE /v2.0/networks/0f0e4518-d36d-4ce5-9b68-bb98cd3d3b31 HTTP/1.1" status: 204 len: 168 time: 0.3959348
2026-07-14 18:53:54.949 9 INFO neutron.pecan_wsgi.hooks.translation [None req-7a0f79b3-ba66-4418-8300-8c2e04c92e1b 2b33aa9313fb48969ba77e385b8cb73a 3c68b5dea2894892b2d496d3143ee174 - - default default] GET failed (client error): The resource could not be found.
2026-07-14 18:53:54.952 9 INFO neutron.wsgi [None req-7a0f79b3-ba66-4418-8300-8c2e04c92e1b 2b33aa9313fb48969ba77e385b8cb73a 3c68b5dea2894892b2d496d3143ee174 - - default default] 10.0.0.70 "GET /v2.0/networks/0f0e4518-d36d-4ce5-9b68-bb98cd3d3b31 HTTP/1.1" status: 404 len: 339 time: 0.0262032
2026-07-14 18:53:55.165 10 INFO neutron.wsgi [None req-fe8c090f-5b3a-479d-bc67-868b17acb486 2b33aa9313fb48969ba77e385b8cb73a 3c68b5dea2894892b2d496d3143ee174 - - default default] 10.0.0.70 "DELETE /v2.0/subnets/130ca1a5-8540-413b-9a74-4ff38553baa2 HTTP/1.1" status: 204 len: 168 time: 0.2067447
2026-07-14 18:53:55.187 10 INFO neutron.pecan_wsgi.hooks.translation [None req-bc921b12-7090-445e-91ed-ee0175de9f40 2b33aa9313fb48969ba77e385b8cb73a 3c68b5dea2894892b2d496d3143ee174 - - default default] GET failed (client error): The resource could not be found.
2026-07-14 18:53:55.189 10 INFO neutron.wsgi [None req-bc921b12-7090-445e-91ed-ee0175de9f40 2b33aa9313fb48969ba77e385b8cb73a 3c68b5dea2894892b2d496d3143ee174 - - default default] 10.0.0.70 "GET /v2.0/subnets/130ca1a5-8540-413b-9a74-4ff38553baa2 HTTP/1.1" status: 404 len: 337 time: 0.0179913
2026-07-14 18:53:55.395 10 INFO neutron.wsgi [None req-9ccfc46a-e9cc-4bfb-b569-62e9a59b49cc 2b33aa9313fb48969ba77e385b8cb73a 3c68b5dea2894892b2d496d3143ee174 - - default default] 10.0.0.70 "DELETE /v2.0/subnets/4d42e03a-0968-411a-9a2d-3619d3dd0f52 HTTP/1.1" status: 204 len: 168 time: 0.2015665
2026-07-14 18:53:55.418 10 INFO neutron.pecan_wsgi.hooks.translation [None req-11f270bf-02be-4780-90a5-08d3960e7975 2b33aa9313fb48969ba77e385b8cb73a 3c68b5dea2894892b2d496d3143ee174 - - default default] GET failed (client error): The resource could not be found.
2026-07-14 18:53:55.420 10 INFO neutron.wsgi [None req-11f270bf-02be-4780-90a5-08d3960e7975 2b33aa9313fb48969ba77e385b8cb73a 3c68b5dea2894892b2d496d3143ee174 - - default default] 10.0.0.70 "GET /v2.0/subnets/4d42e03a-0968-411a-9a2d-3619d3dd0f52 HTTP/1.1" status: 404 len: 337 time: 0.0194938
2026-07-14 18:53:55.813 10 INFO neutron.wsgi [None req-a1ef4d51-6c46-4e0c-98a9-579191f22274 2b33aa9313fb48969ba77e385b8cb73a 3c68b5dea2894892b2d496d3143ee174 - - default default] 10.0.0.70 "DELETE /v2.0/networks/be65014d-d6b5-4fd1-869d-80e9646a4222 HTTP/1.1" status: 204 len: 168 time: 0.3887465
2026-07-14 18:53:55.833 9 INFO neutron.pecan_wsgi.hooks.translation [None req-9c4ec410-1cd7-4193-95d3-0e5da3e0cde4 2b33aa9313fb48969ba77e385b8cb73a 3c68b5dea2894892b2d496d3143ee174 - - default default] GET failed (client error): The resource could not be found.
2026-07-14 18:53:55.834 9 INFO neutron.wsgi [None req-9c4ec410-1cd7-4193-95d3-0e5da3e0cde4 2b33aa9313fb48969ba77e385b8cb73a 3c68b5dea2894892b2d496d3143ee174 - - default default] 10.0.0.70 "GET /v2.0/networks/be65014d-d6b5-4fd1-869d-80e9646a4222 HTTP/1.1" status: 404 len: 339 time: 0.0160210
2026-07-14 18:53:55.989 10 INFO neutron.services.segments.plugin [-] Segment 84d78a74-6d4f-4083-8e97-431b7bf1d9ba resource provider aggregate not found
2026-07-14 18:53:56.003 10 INFO neutron.services.segments.plugin [-] Segment 84d78a74-6d4f-4083-8e97-431b7bf1d9ba resource provider aggregate not found
2026-07-14 18:53:56.009 10 INFO neutron.services.segments.plugin [-] Segment 84d78a74-6d4f-4083-8e97-431b7bf1d9ba resource provider not found; error: Placement Client Error (4xx): {"errors": [{"status": 404, "title": "Not Found", "detail": "The resource could not be found.\n\n No resource provider with uuid 84d78a74-6d4f-4083-8e97-431b7bf1d9ba found for delete ", "request_id": "req-df56ae31-3122-4b03-8351-04062724440f"}]}
2026-07-14 18:53:56.029 10 INFO neutron.services.segments.plugin [-] Segment ae1605fe-2b19-486c-8796-f363b441a307 resource provider aggregate not found
2026-07-14 18:53:56.038 10 INFO neutron.services.segments.plugin [-] Segment 84d78a74-6d4f-4083-8e97-431b7bf1d9ba resource provider not found; error: Placement Client Error (4xx): {"errors": [{"status": 404, "title": "Not Found", "detail": "The resource could not be found.\n\n No resource provider with uuid 84d78a74-6d4f-4083-8e97-431b7bf1d9ba found for delete ", "request_id": "req-8daafc79-39e1-44b0-af67-501242f3d606"}]}
2026-07-14 18:53:56.054 10 INFO neutron.services.segments.plugin [-] Segment ae1605fe-2b19-486c-8796-f363b441a307 resource provider not found; error: Placement Client Error (4xx): {"errors": [{"status": 404, "title": "Not Found", "detail": "The resource could not be found.\n\n No resource provider with uuid ae1605fe-2b19-486c-8796-f363b441a307 found for delete ", "request_id": "req-45429b31-a634-497b-a35f-0becd119d418"}]}
2026-07-14 18:53:56.060 10 INFO neutron.services.segments.plugin [-] Segment ae1605fe-2b19-486c-8796-f363b441a307 resource provider aggregate not found
2026-07-14 18:53:56.080 10 INFO neutron.services.segments.plugin [-] Segment ae1605fe-2b19-486c-8796-f363b441a307 resource provider not found; error: Placement Client Error (4xx): {"errors": [{"status": 404, "title": "Not Found", "detail": "The resource could not be found.\n\n No resource provider with uuid ae1605fe-2b19-486c-8796-f363b441a307 found for delete ", "request_id": "req-0520ce9b-f7f8-4f55-88fa-784d843e4bfb"}]}
2026-07-14 18:53:58.206 9 INFO neutron.db.ovn_revision_numbers_db [None req-c8df4ed2-83ea-4231-8b6e-f85f3676e8c5 7bbe5fbbecb04c67aaf0e51e1e70f88f 1df9047b14b549089d81bf61621eaab4 - - default default] Successfully bumped revision number for resource b41ea77b-38a5-4939-a734-f03dd2954be4 (type: security_groups) to 1
2026-07-14 18:53:58.220 9 INFO neutron.db.ovn_revision_numbers_db [None req-c8df4ed2-83ea-4231-8b6e-f85f3676e8c5 7bbe5fbbecb04c67aaf0e51e1e70f88f 1df9047b14b549089d81bf61621eaab4 - - default default] Successfully bumped revision number for resource 38bf0443-1bcf-48d7-92da-f51d2ca63ed0 (type: security_group_rules) to 0
2026-07-14 18:53:58.234 9 INFO neutron.db.ovn_revision_numbers_db [None req-c8df4ed2-83ea-4231-8b6e-f85f3676e8c5 7bbe5fbbecb04c67aaf0e51e1e70f88f 1df9047b14b549089d81bf61621eaab4 - - default default] Successfully bumped revision number for resource 3e78243d-15ca-4276-9b64-faf67ee05397 (type: security_group_rules) to 0
2026-07-14 18:53:58.249 9 INFO neutron.db.ovn_revision_numbers_db [None req-c8df4ed2-83ea-4231-8b6e-f85f3676e8c5 7bbe5fbbecb04c67aaf0e51e1e70f88f 1df9047b14b549089d81bf61621eaab4 - - default default] Successfully bumped revision number for resource 42ae5bae-7f33-4cf8-bc77-a054d1f4ef39 (type: security_group_rules) to 0
2026-07-14 18:53:58.265 9 INFO neutron.db.ovn_revision_numbers_db [None req-c8df4ed2-83ea-4231-8b6e-f85f3676e8c5 7bbe5fbbecb04c67aaf0e51e1e70f88f 1df9047b14b549089d81bf61621eaab4 - - default default] Successfully bumped revision number for resource 8a82c05b-a450-40d5-a3a2-226cad9c5553 (type: security_group_rules) to 0
2026-07-14 18:53:58.290 9 INFO neutron.wsgi [None req-c8df4ed2-83ea-4231-8b6e-f85f3676e8c5 7bbe5fbbecb04c67aaf0e51e1e70f88f 1df9047b14b549089d81bf61621eaab4 - - default default] 10.0.0.70 "GET /v2.0/security-groups?tenant_id=89fea83586974e6190301ba9bfac57cb&name=default HTTP/1.1" status: 200 len: 3000 time: 0.4353604
2026-07-14 18:53:58.505 9 INFO neutron.wsgi [None req-7682afd4-2df3-4ed0-b3af-4786c9d1e96a 7bbe5fbbecb04c67aaf0e51e1e70f88f 1df9047b14b549089d81bf61621eaab4 - - default default] 10.0.0.70 "DELETE /v2.0/security-groups/b41ea77b-38a5-4939-a734-f03dd2954be4 HTTP/1.1" status: 204 len: 168 time: 0.2095475
2026-07-14 18:53:58.721 10 INFO neutron.db.ovn_revision_numbers_db [None req-005f5c80-31f2-4912-a0ae-4217fd6b6401 7bbe5fbbecb04c67aaf0e51e1e70f88f 1df9047b14b549089d81bf61621eaab4 - - default default] Successfully bumped revision number for resource 641dddd2-1752-4529-8daf-8b542544c203 (type: security_groups) to 1
2026-07-14 18:53:58.736 10 INFO neutron.db.ovn_revision_numbers_db [None req-005f5c80-31f2-4912-a0ae-4217fd6b6401 7bbe5fbbecb04c67aaf0e51e1e70f88f 1df9047b14b549089d81bf61621eaab4 - - default default] Successfully bumped revision number for resource 21096562-fced-42a0-bcb3-fa22b3953404 (type: security_group_rules) to 0
2026-07-14 18:53:58.756 10 INFO neutron.db.ovn_revision_numbers_db [None req-005f5c80-31f2-4912-a0ae-4217fd6b6401 7bbe5fbbecb04c67aaf0e51e1e70f88f 1df9047b14b549089d81bf61621eaab4 - - default default] Successfully bumped revision number for resource 3c4122f5-f20b-4f24-901b-28ae0c70e603 (type: security_group_rules) to 0
2026-07-14 18:53:58.774 10 INFO neutron.db.ovn_revision_numbers_db [None req-005f5c80-31f2-4912-a0ae-4217fd6b6401 7bbe5fbbecb04c67aaf0e51e1e70f88f 1df9047b14b549089d81bf61621eaab4 - - default default] Successfully bumped revision number for resource a545521a-9a46-4c69-beba-e831a0fac891 (type: security_group_rules) to 0
2026-07-14 18:53:58.787 10 INFO neutron.db.ovn_revision_numbers_db [None req-005f5c80-31f2-4912-a0ae-4217fd6b6401 7bbe5fbbecb04c67aaf0e51e1e70f88f 1df9047b14b549089d81bf61621eaab4 - - default default] Successfully bumped revision number for resource e6a125ad-7aab-4537-9721-fea9e3f4e81d (type: security_group_rules) to 0
2026-07-14 18:53:58.810 10 INFO neutron.wsgi [None req-005f5c80-31f2-4912-a0ae-4217fd6b6401 7bbe5fbbecb04c67aaf0e51e1e70f88f 1df9047b14b549089d81bf61621eaab4 - - default default] 10.0.0.70 "GET /v2.0/security-groups?tenant_id=49db6f89754e4e058725bcfde0791c45&name=default HTTP/1.1" status: 200 len: 3000 time: 0.1965239
2026-07-14 18:53:59.046 10 INFO neutron.wsgi [None req-09888aef-163c-461c-b435-3a5ca30e6510 7bbe5fbbecb04c67aaf0e51e1e70f88f 1df9047b14b549089d81bf61621eaab4 - - default default] 10.0.0.70 "DELETE /v2.0/security-groups/641dddd2-1752-4529-8daf-8b542544c203 HTTP/1.1" status: 204 len: 168 time: 0.2308571
2026-07-14 18:53:59.323 9 INFO neutron.db.ovn_revision_numbers_db [None req-27c2f28a-f23a-404b-82e3-0a167944bb11 7bbe5fbbecb04c67aaf0e51e1e70f88f 1df9047b14b549089d81bf61621eaab4 - - default default] Successfully bumped revision number for resource 6a8fa377-a59b-4796-9f4c-368b2c71124f (type: security_groups) to 1
2026-07-14 18:53:59.344 9 INFO neutron.db.ovn_revision_numbers_db [None req-27c2f28a-f23a-404b-82e3-0a167944bb11 7bbe5fbbecb04c67aaf0e51e1e70f88f 1df9047b14b549089d81bf61621eaab4 - - default default] Successfully bumped revision number for resource 105cef99-6afa-454b-8c9c-f024e4cb440d (type: security_group_rules) to 0
2026-07-14 18:53:59.365 9 INFO neutron.db.ovn_revision_numbers_db [None req-27c2f28a-f23a-404b-82e3-0a167944bb11 7bbe5fbbecb04c67aaf0e51e1e70f88f 1df9047b14b549089d81bf61621eaab4 - - default default] Successfully bumped revision number for resource 4582c60d-2b07-4ac2-a9a1-a7f675e64383 (type: security_group_rules) to 0
2026-07-14 18:53:59.382 9 INFO neutron.db.ovn_revision_numbers_db [None req-27c2f28a-f23a-404b-82e3-0a167944bb11 7bbe5fbbecb04c67aaf0e51e1e70f88f 1df9047b14b549089d81bf61621eaab4 - - default default] Successfully bumped revision number for resource 5f2c7377-c08b-47e5-a078-3ee92b1f13c9 (type: security_group_rules) to 0
2026-07-14 18:53:59.400 9 INFO neutron.db.ovn_revision_numbers_db [None req-27c2f28a-f23a-404b-82e3-0a167944bb11 7bbe5fbbecb04c67aaf0e51e1e70f88f 1df9047b14b549089d81bf61621eaab4 - - default default] Successfully bumped revision number for resource f7d9d578-7d69-468a-bdba-d191f0765e9f (type: security_group_rules) to 0
2026-07-14 18:53:59.421 9 INFO neutron.wsgi [None req-27c2f28a-f23a-404b-82e3-0a167944bb11 7bbe5fbbecb04c67aaf0e51e1e70f88f 1df9047b14b549089d81bf61621eaab4 - - default default] 10.0.0.70 "GET /v2.0/security-groups?tenant_id=ed9479d4ab2f4afb91d3dcd8d760cf48&name=default HTTP/1.1" status: 200 len: 3000 time: 0.2050803
2026-07-14 18:53:59.631 9 INFO neutron.wsgi [None req-914bad5e-891c-412e-bf4d-16c8c65adaf6 7bbe5fbbecb04c67aaf0e51e1e70f88f 1df9047b14b549089d81bf61621eaab4 - - default default] 10.0.0.70 "DELETE /v2.0/security-groups/6a8fa377-a59b-4796-9f4c-368b2c71124f HTTP/1.1" status: 204 len: 168 time: 0.2032475
2026-07-14 18:53:59.916 9 INFO neutron.db.ovn_revision_numbers_db [None req-72f36a22-2928-496f-8550-b9abe668ded5 7bbe5fbbecb04c67aaf0e51e1e70f88f 1df9047b14b549089d81bf61621eaab4 - - default default] Successfully bumped revision number for resource 2df07fb3-e889-4a0b-88ea-43ae758b68dc (type: security_groups) to 1
2026-07-14 18:53:59.944 9 INFO neutron.db.ovn_revision_numbers_db [None req-72f36a22-2928-496f-8550-b9abe668ded5 7bbe5fbbecb04c67aaf0e51e1e70f88f 1df9047b14b549089d81bf61621eaab4 - - default default] Successfully bumped revision number for resource 005afeca-133d-4d08-9d24-b249615d14b8 (type: security_group_rules) to 0
2026-07-14 18:53:59.970 9 INFO neutron.db.ovn_revision_numbers_db [None req-72f36a22-2928-496f-8550-b9abe668ded5 7bbe5fbbecb04c67aaf0e51e1e70f88f 1df9047b14b549089d81bf61621eaab4 - - default default] Successfully bumped revision number for resource 147175f5-83e6-4245-af41-696ba4dc05d4 (type: security_group_rules) to 0
2026-07-14 18:53:59.990 9 INFO neutron.db.ovn_revision_numbers_db [None req-72f36a22-2928-496f-8550-b9abe668ded5 7bbe5fbbecb04c67aaf0e51e1e70f88f 1df9047b14b549089d81bf61621eaab4 - - default default] Successfully bumped revision number for resource 44bc080b-cdca-49bc-8c1b-7bd89863102d (type: security_group_rules) to 0
2026-07-14 18:54:00.014 9 INFO neutron.db.ovn_revision_numbers_db [None req-72f36a22-2928-496f-8550-b9abe668ded5 7bbe5fbbecb04c67aaf0e51e1e70f88f 1df9047b14b549089d81bf61621eaab4 - - default default] Successfully bumped revision number for resource afd50b1a-0882-4a8a-b666-11b1b8204330 (type: security_group_rules) to 0
2026-07-14 18:54:00.044 9 INFO neutron.wsgi [None req-72f36a22-2928-496f-8550-b9abe668ded5 7bbe5fbbecb04c67aaf0e51e1e70f88f 1df9047b14b549089d81bf61621eaab4 - - default default] 10.0.0.70 "GET /v2.0/security-groups?tenant_id=94c05328d8bc4559abefdaa253dacad4&name=default HTTP/1.1" status: 200 len: 3000 time: 0.2417850
2026-07-14 18:54:00.253 9 INFO neutron.wsgi [None req-6d8e4741-4fb8-4b7a-9244-df065e6dbb51 7bbe5fbbecb04c67aaf0e51e1e70f88f 1df9047b14b549089d81bf61621eaab4 - - default default] 10.0.0.70 "DELETE /v2.0/security-groups/2df07fb3-e889-4a0b-88ea-43ae758b68dc HTTP/1.1" status: 204 len: 168 time: 0.2007048
2026-07-14 18:54:00.507 10 INFO neutron.db.ovn_revision_numbers_db [None req-40931e3b-a86c-4fc7-8c5a-16978ba88303 7bbe5fbbecb04c67aaf0e51e1e70f88f 1df9047b14b549089d81bf61621eaab4 - - default default] Successfully bumped revision number for resource 737889bd-3d3c-4be2-8ee3-6ee8ada1e191 (type: security_groups) to 1
2026-07-14 18:54:00.521 10 INFO neutron.db.ovn_revision_numbers_db [None req-40931e3b-a86c-4fc7-8c5a-16978ba88303 7bbe5fbbecb04c67aaf0e51e1e70f88f 1df9047b14b549089d81bf61621eaab4 - - default default] Successfully bumped revision number for resource 3d8b3528-e402-4e2f-a338-5e35ff6e93f0 (type: security_group_rules) to 0
2026-07-14 18:54:00.537 10 INFO neutron.db.ovn_revision_numbers_db [None req-40931e3b-a86c-4fc7-8c5a-16978ba88303 7bbe5fbbecb04c67aaf0e51e1e70f88f 1df9047b14b549089d81bf61621eaab4 - - default default] Successfully bumped revision number for resource 4d5334a0-dd4b-428e-ab95-5863822c19e6 (type: security_group_rules) to 0
2026-07-14 18:54:00.556 10 INFO neutron.db.ovn_revision_numbers_db [None req-40931e3b-a86c-4fc7-8c5a-16978ba88303 7bbe5fbbecb04c67aaf0e51e1e70f88f 1df9047b14b549089d81bf61621eaab4 - - default default] Successfully bumped revision number for resource 4ecfb854-9986-44ab-ba09-47012f2f2183 (type: security_group_rules) to 0
2026-07-14 18:54:00.570 10 INFO neutron.db.ovn_revision_numbers_db [None req-40931e3b-a86c-4fc7-8c5a-16978ba88303 7bbe5fbbecb04c67aaf0e51e1e70f88f 1df9047b14b549089d81bf61621eaab4 - - default default] Successfully bumped revision number for resource d2800c09-8aab-4665-b591-f2b8231108da (type: security_group_rules) to 0
2026-07-14 18:54:00.594 10 INFO neutron.wsgi [None req-40931e3b-a86c-4fc7-8c5a-16978ba88303 7bbe5fbbecb04c67aaf0e51e1e70f88f 1df9047b14b549089d81bf61621eaab4 - - default default] 10.0.0.70 "GET /v2.0/security-groups?tenant_id=4abc24a6828147cd94a949837114fdc2&name=default HTTP/1.1" status: 200 len: 3000 time: 0.1916528
2026-07-14 18:54:00.785 9 INFO neutron.wsgi [None req-33394885-fedb-4ffb-a7dd-6a602e663ee6 7bbe5fbbecb04c67aaf0e51e1e70f88f 1df9047b14b549089d81bf61621eaab4 - - default default] 10.0.0.70 "DELETE /v2.0/security-groups/737889bd-3d3c-4be2-8ee3-6ee8ada1e191 HTTP/1.1" status: 204 len: 168 time: 0.1860640
2026-07-14 18:54:01.009 10 INFO neutron.wsgi [None req-b851fa2f-1187-4533-ab88-a32a44db998e 7bbe5fbbecb04c67aaf0e51e1e70f88f 1df9047b14b549089d81bf61621eaab4 - - default default] 10.0.0.70 "GET /v2.0/security-groups?tenant_id=3c68b5dea2894892b2d496d3143ee174&name=default HTTP/1.1" status: 200 len: 3000 time: 0.0512130
2026-07-14 18:54:01.221 10 INFO neutron.wsgi [None req-22985006-5e2b-4873-bdad-8c05bd8fd68c 7bbe5fbbecb04c67aaf0e51e1e70f88f 1df9047b14b549089d81bf61621eaab4 - - default default] 10.0.0.70 "DELETE /v2.0/security-groups/64eb2d9b-d3a3-4bf6-a694-257e051f2016 HTTP/1.1" status: 204 len: 168 time: 0.2064009
2026-07-14 18:54:01.487 10 INFO neutron.db.ovn_revision_numbers_db [None req-705405fc-c754-4dab-b2d3-a54b1a516010 7bbe5fbbecb04c67aaf0e51e1e70f88f 1df9047b14b549089d81bf61621eaab4 - - default default] Successfully bumped revision number for resource 1aa54416-26d5-4323-b253-65ea2f76034b (type: security_groups) to 1
2026-07-14 18:54:01.504 10 INFO neutron.db.ovn_revision_numbers_db [None req-705405fc-c754-4dab-b2d3-a54b1a516010 7bbe5fbbecb04c67aaf0e51e1e70f88f 1df9047b14b549089d81bf61621eaab4 - - default default] Successfully bumped revision number for resource 21224c37-16d1-4640-9b11-ab6f17baabf8 (type: security_group_rules) to 0
2026-07-14 18:54:01.519 10 INFO neutron.db.ovn_revision_numbers_db [None req-705405fc-c754-4dab-b2d3-a54b1a516010 7bbe5fbbecb04c67aaf0e51e1e70f88f 1df9047b14b549089d81bf61621eaab4 - - default default] Successfully bumped revision number for resource 61ba7db7-6e70-4f4b-96c4-f7e2a4626764 (type: security_group_rules) to 0
2026-07-14 18:54:01.538 10 INFO neutron.db.ovn_revision_numbers_db [None req-705405fc-c754-4dab-b2d3-a54b1a516010 7bbe5fbbecb04c67aaf0e51e1e70f88f 1df9047b14b549089d81bf61621eaab4 - - default default] Successfully bumped revision number for resource bcc25d5b-ee4e-4906-92f3-3f0e5f6d7b05 (type: security_group_rules) to 0
2026-07-14 18:54:01.552 10 INFO neutron.db.ovn_revision_numbers_db [None req-705405fc-c754-4dab-b2d3-a54b1a516010 7bbe5fbbecb04c67aaf0e51e1e70f88f 1df9047b14b549089d81bf61621eaab4 - - default default] Successfully bumped revision number for resource ce38c5f8-49aa-4d84-b8d4-c813648807c4 (type: security_group_rules) to 0
2026-07-14 18:54:01.575 10 INFO neutron.wsgi [None req-705405fc-c754-4dab-b2d3-a54b1a516010 7bbe5fbbecb04c67aaf0e51e1e70f88f 1df9047b14b549089d81bf61621eaab4 - - default default] 10.0.0.70 "GET /v2.0/security-groups?tenant_id=b62feead5c7d4c4b8b9572d32e414138&name=default HTTP/1.1" status: 200 len: 3000 time: 0.1929071
2026-07-14 18:54:01.782 10 INFO neutron.wsgi [None req-86440746-8eae-4802-91b2-47de7c0ccc3e 7bbe5fbbecb04c67aaf0e51e1e70f88f 1df9047b14b549089d81bf61621eaab4 - - default default] 10.0.0.70 "DELETE /v2.0/security-groups/1aa54416-26d5-4323-b253-65ea2f76034b HTTP/1.1" status: 204 len: 168 time: 0.2023466
2026-07-14 18:54:04.537 9 INFO neutron.wsgi [None req-fac37982-ea7e-4f6d-8d15-7e13f2894385 7bbe5fbbecb04c67aaf0e51e1e70f88f 1df9047b14b549089d81bf61621eaab4 - - default default] 10.0.0.70 "GET /v2.0/networks HTTP/1.1" status: 200 len: 2369 time: 0.2370362
2026-07-14 18:54:05.556 9 INFO neutron.wsgi [-] 10.0.0.125 "GET / HTTP/1.1" status: 200 len: 246 time: 0.0029011
2026-07-14 18:54:05.557 10 INFO neutron.wsgi [-] 10.0.0.125 "GET / HTTP/1.1" status: 200 len: 246 time: 0.0039589
2026-07-14 18:54:05.668 10 INFO neutron.wsgi [None req-20c0d1de-cc20-4fce-8d0d-6426bdc3e5d0 7bbe5fbbecb04c67aaf0e51e1e70f88f 1df9047b14b549089d81bf61621eaab4 - - default default] 10.0.0.70 "GET /v2.0/floatingips HTTP/1.1" status: 200 len: 212 time: 0.0321145
2026-07-14 18:54:05.701 10 INFO neutron.wsgi [None req-3f490d73-aa69-4990-8507-e07f448e46d3 7bbe5fbbecb04c67aaf0e51e1e70f88f 1df9047b14b549089d81bf61621eaab4 - - default default] 10.0.0.70 "GET /v2.0/routers HTTP/1.1" status: 200 len: 208 time: 0.0297413
2026-07-14 18:54:05.760 10 INFO neutron.wsgi [None req-dd955e76-350a-44c2-8220-bd3d34ad902b 7bbe5fbbecb04c67aaf0e51e1e70f88f 1df9047b14b549089d81bf61621eaab4 - - default default] 10.0.0.70 "GET /v2.0/ports HTTP/1.1" status: 200 len: 5370 time: 0.0534585
2026-07-14 18:54:05.805 9 INFO neutron.wsgi [None req-d2e6a97b-1715-40d5-bb52-a9f3d5d4bd68 7bbe5fbbecb04c67aaf0e51e1e70f88f 1df9047b14b549089d81bf61621eaab4 - - default default] 10.0.0.70 "GET /v2.0/subnets HTTP/1.1" status: 200 len: 1456 time: 0.0387247
2026-07-14 18:54:05.866 9 INFO neutron.wsgi [None req-4fc85aa3-7a22-4b45-92e3-e72100bafed0 7bbe5fbbecb04c67aaf0e51e1e70f88f 1df9047b14b549089d81bf61621eaab4 - - default default] 10.0.0.70 "GET /v2.0/networks HTTP/1.1" status: 200 len: 2369 time: 0.0558553
2026-07-14 18:54:05.922 9 INFO neutron.wsgi [None req-8dbb2309-c91a-4e82-aba4-55a474be3601 7bbe5fbbecb04c67aaf0e51e1e70f88f 1df9047b14b549089d81bf61621eaab4 - - default default] 10.0.0.70 "GET /v2.0/security-groups HTTP/1.1" status: 200 len: 16822 time: 0.0503154
2026-07-14 18:54:05.946 10 INFO neutron.wsgi [None req-8e4e0de1-78bc-4c0e-88c4-0c4d6253b74b 7bbe5fbbecb04c67aaf0e51e1e70f88f 1df9047b14b549089d81bf61621eaab4 - - default default] 10.0.0.70 "GET /v2.0/subnetpools HTTP/1.1" status: 200 len: 212 time: 0.0174098
2026-07-14 18:54:20.555 9 INFO neutron.wsgi [-] 10.0.0.125 "GET / HTTP/1.1" status: 200 len: 246 time: 0.0023999
2026-07-14 18:54:20.556 10 INFO neutron.wsgi [-] 10.0.0.125 "GET / HTTP/1.1" status: 200 len: 246 time: 0.0035071
2026-07-14 18:54:35.553 9 INFO neutron.wsgi [-] 10.0.0.125 "GET / HTTP/1.1" status: 200 len: 246 time: 0.0016530
2026-07-14 18:54:35.554 10 INFO neutron.wsgi [-] 10.0.0.125 "GET / HTTP/1.1" status: 200 len: 246 time: 0.0022917
2026-07-14 18:54:50.553 10 INFO neutron.wsgi [-] 10.0.0.125 "GET / HTTP/1.1" status: 200 len: 246 time: 0.0015678
2026-07-14 18:54:50.555 10 INFO neutron.wsgi [-] 10.0.0.125 "GET / HTTP/1.1" status: 200 len: 246 time: 0.0011168
2026-07-14 18:54:51.041 9 INFO neutron.wsgi [None req-2bf4b887-563c-461d-b78b-8424bdec6178 7bbe5fbbecb04c67aaf0e51e1e70f88f 1df9047b14b549089d81bf61621eaab4 - - default default] 10.0.0.37 "GET /v2.0/routers HTTP/1.1" status: 200 len: 189 time: 0.1067958
2026-07-14 18:54:51.096 9 INFO neutron.wsgi [None req-c9197ed1-648c-432c-b0e5-a7b50d8b1e0b 7bbe5fbbecb04c67aaf0e51e1e70f88f 1df9047b14b549089d81bf61621eaab4 - - default default] 10.0.0.37 "GET /v2.0/agents?binary=ovn-controller HTTP/1.1" status: 200 len: 591 time: 0.0536351
2026-07-14 18:54:51.131 9 INFO neutron.wsgi [None req-a250bada-4ff9-47fd-9f30-fdf2a7a1a785 7bbe5fbbecb04c67aaf0e51e1e70f88f 1df9047b14b549089d81bf61621eaab4 - - default default] 10.0.0.37 "GET /v2.0/subnets HTTP/1.1" status: 200 len: 1437 time: 0.0344121
2026-07-14 18:54:51.142 9 INFO neutron.wsgi [None req-e846015c-d058-487b-8bc7-3f8d3ba9dd71 7bbe5fbbecb04c67aaf0e51e1e70f88f 1df9047b14b549089d81bf61621eaab4 - - default default] 10.0.0.37 "GET /v2.0/subnetpools HTTP/1.1" status: 200 len: 193 time: 0.0100906
2026-07-14 18:54:51.183 9 INFO neutron.wsgi [None req-960d0538-535f-41e5-9829-c16d8f166918 7bbe5fbbecb04c67aaf0e51e1e70f88f 1df9047b14b549089d81bf61621eaab4 - - default default] 10.0.0.37 "GET /v2.0/ports HTTP/1.1" status: 200 len: 5351 time: 0.0398014
2026-07-14 18:54:51.244 9 INFO neutron.wsgi [None req-6f96cf24-df9e-46f4-82d9-44ff2f088d52 7bbe5fbbecb04c67aaf0e51e1e70f88f 1df9047b14b549089d81bf61621eaab4 - - default default] 10.0.0.37 "GET /v2.0/networks HTTP/1.1" status: 200 len: 2350 time: 0.0585327
2026-07-14 18:54:51.262 9 INFO neutron.wsgi [None req-e79a3b06-5b50-4396-9c54-6eef59e62878 7bbe5fbbecb04c67aaf0e51e1e70f88f 1df9047b14b549089d81bf61621eaab4 - - default default] 10.0.0.37 "GET /v2.0/agents HTTP/1.1" status: 200 len: 997 time: 0.0169485
2026-07-14 18:54:51.276 9 INFO neutron.wsgi [None req-b5c8da35-c45d-4f26-ba0a-48edeafaee8c 7bbe5fbbecb04c67aaf0e51e1e70f88f 1df9047b14b549089d81bf61621eaab4 - - default default] 10.0.0.37 "GET /v2.0/network-ip-availabilities HTTP/1.1" status: 200 len: 1280 time: 0.0129986
2026-07-14 18:54:51.333 9 INFO neutron.wsgi [None req-ebe24440-0e8e-40cd-beea-7d836158504f 7bbe5fbbecb04c67aaf0e51e1e70f88f 1df9047b14b549089d81bf61621eaab4 - - default default] 10.0.0.37 "GET /v2.0/security-groups HTTP/1.1" status: 200 len: 16803 time: 0.0561633
2026-07-14 18:54:51.359 9 INFO neutron.wsgi [None req-52a9f23c-3888-4289-884e-477b4a8d1446 7bbe5fbbecb04c67aaf0e51e1e70f88f 1df9047b14b549089d81bf61621eaab4 - - default default] 10.0.0.37 "GET /v2.0/floatingips HTTP/1.1" status: 200 len: 193 time: 0.0196097
2026-07-14 18:54:51.387 9 INFO neutron.wsgi [None req-876d1f12-6d22-497e-8b64-d12da88fe2bf 7bbe5fbbecb04c67aaf0e51e1e70f88f 1df9047b14b549089d81bf61621eaab4 - - default default] 10.0.0.37 "GET /v2.0/subnets HTTP/1.1" status: 200 len: 1437 time: 0.0270593
2026-07-14 18:55:05.554 9 INFO neutron.wsgi [-] 10.0.0.125 "GET / HTTP/1.1" status: 200 len: 246 time: 0.0020764
2026-07-14 18:55:05.555 10 INFO neutron.wsgi [-] 10.0.0.125 "GET / HTTP/1.1" status: 200 len: 246 time: 0.0019865
2026-07-14 18:55:20.554 10 INFO neutron.wsgi [-] 10.0.0.125 "GET / HTTP/1.1" status: 200 len: 246 time: 0.0018625
2026-07-14 18:55:20.556 9 INFO neutron.wsgi [-] 10.0.0.125 "GET / HTTP/1.1" status: 200 len: 246 time: 0.0033734
2026-07-14 18:55:35.555 10 INFO neutron.wsgi [-] 10.0.0.125 "GET / HTTP/1.1" status: 200 len: 246 time: 0.0034444
2026-07-14 18:55:35.556 9 INFO neutron.wsgi [-] 10.0.0.125 "GET / HTTP/1.1" status: 200 len: 246 time: 0.0044541
2026-07-14 18:55:50.555 10 INFO neutron.wsgi [-] 10.0.0.125 "GET / HTTP/1.1" status: 200 len: 246 time: 0.0026751
2026-07-14 18:55:50.558 10 INFO neutron.wsgi [-] 10.0.0.125 "GET / HTTP/1.1" status: 200 len: 246 time: 0.0020342
2026-07-14 18:55:51.053 9 INFO neutron.wsgi [None req-06af8888-e7d8-4a17-8c05-654466dccf69 7bbe5fbbecb04c67aaf0e51e1e70f88f 1df9047b14b549089d81bf61621eaab4 - - default default] 10.0.0.37 "GET /v2.0/routers HTTP/1.1" status: 200 len: 189 time: 0.1173847
2026-07-14 18:55:51.096 9 INFO neutron.wsgi [None req-c4d42fe5-0ac9-48cb-b687-9000d715495b 7bbe5fbbecb04c67aaf0e51e1e70f88f 1df9047b14b549089d81bf61621eaab4 - - default default] 10.0.0.37 "GET /v2.0/agents?binary=ovn-controller HTTP/1.1" status: 200 len: 591 time: 0.0397151
2026-07-14 18:55:51.139 9 INFO neutron.wsgi [None req-b84040f5-ba2e-482a-9261-44a85ca92586 7bbe5fbbecb04c67aaf0e51e1e70f88f 1df9047b14b549089d81bf61621eaab4 - - default default] 10.0.0.37 "GET /v2.0/subnets HTTP/1.1" status: 200 len: 1437 time: 0.0428913
2026-07-14 18:55:51.150 9 INFO neutron.wsgi [None req-e9fe95a9-3441-4787-8a2b-41a1e1e80caa 7bbe5fbbecb04c67aaf0e51e1e70f88f 1df9047b14b549089d81bf61621eaab4 - - default default] 10.0.0.37 "GET /v2.0/subnetpools HTTP/1.1" status: 200 len: 193 time: 0.0091147
2026-07-14 18:55:51.195 9 INFO neutron.wsgi [None req-eccc532d-48a7-412f-84ed-1ffe941c66dd 7bbe5fbbecb04c67aaf0e51e1e70f88f 1df9047b14b549089d81bf61621eaab4 - - default default] 10.0.0.37 "GET /v2.0/security-groups HTTP/1.1" status: 200 len: 16803 time: 0.0452430
2026-07-14 18:55:51.220 9 INFO neutron.wsgi [None req-791e59b8-8adb-4b62-96f9-ad7ebb005412 7bbe5fbbecb04c67aaf0e51e1e70f88f 1df9047b14b549089d81bf61621eaab4 - - default default] 10.0.0.37 "GET /v2.0/agents HTTP/1.1" status: 200 len: 997 time: 0.0150802
2026-07-14 18:55:51.254 9 INFO neutron.wsgi [None req-5f0eaa92-6572-409d-9636-1e6d3cf67746 7bbe5fbbecb04c67aaf0e51e1e70f88f 1df9047b14b549089d81bf61621eaab4 - - default default] 10.0.0.37 "GET /v2.0/subnets HTTP/1.1" status: 200 len: 1437 time: 0.0323548
2026-07-14 18:55:51.322 9 INFO neutron.wsgi [None req-aaaf1843-e01c-4225-aa24-97b8ece5575a 7bbe5fbbecb04c67aaf0e51e1e70f88f 1df9047b14b549089d81bf61621eaab4 - - default default] 10.0.0.37 "GET /v2.0/networks HTTP/1.1" status: 200 len: 2350 time: 0.0669315
2026-07-14 18:55:51.347 9 INFO neutron.wsgi [None req-7eba1e9e-e2b4-4bf0-8390-312142a015a3 7bbe5fbbecb04c67aaf0e51e1e70f88f 1df9047b14b549089d81bf61621eaab4 - - default default] 10.0.0.37 "GET /v2.0/floatingips HTTP/1.1" status: 200 len: 193 time: 0.0227220
2026-07-14 18:55:51.379 9 INFO neutron.wsgi [None req-7b3052fa-5a59-4e55-a317-da1b1bcd042c 7bbe5fbbecb04c67aaf0e51e1e70f88f 1df9047b14b549089d81bf61621eaab4 - - default default] 10.0.0.37 "GET /v2.0/ports HTTP/1.1" status: 200 len: 5351 time: 0.0305874
2026-07-14 18:55:51.395 9 INFO neutron.wsgi [None req-a083d040-f316-4ba7-a221-3d1d640aedef 7bbe5fbbecb04c67aaf0e51e1e70f88f 1df9047b14b549089d81bf61621eaab4 - - default default] 10.0.0.37 "GET /v2.0/network-ip-availabilities HTTP/1.1" status: 200 len: 1280 time: 0.0112565
2026-07-14 18:56:05.554 9 INFO neutron.wsgi [-] 10.0.0.125 "GET / HTTP/1.1" status: 200 len: 246 time: 0.0025692
2026-07-14 18:56:05.557 9 INFO neutron.wsgi [-] 10.0.0.125 "GET / HTTP/1.1" status: 200 len: 246 time: 0.0021179
2026-07-14 18:56:20.249 15 INFO neutron.plugins.ml2.drivers.ovn.mech_driver.ovsdb.maintenance [None req-15f9bd6f-ff79-4c3a-951e-fa7ad7c8ea71 - - - - - -] Maintenance task: Synchronization finished (took 0.14 seconds)
2026-07-14 18:56:20.554 10 INFO neutron.wsgi [-] 10.0.0.125 "GET / HTTP/1.1" status: 200 len: 246 time: 0.0018005
2026-07-14 18:56:20.556 9 INFO neutron.wsgi [-] 10.0.0.125 "GET / HTTP/1.1" status: 200 len: 246 time: 0.0027952
2026-07-14 18:56:35.558 9 INFO neutron.wsgi [-] 10.0.0.125 "GET / HTTP/1.1" status: 200 len: 246 time: 0.0019090
2026-07-14 18:56:35.558 10 INFO neutron.wsgi [-] 10.0.0.125 "GET / HTTP/1.1" status: 200 len: 246 time: 0.0019791
2026-07-14 18:56:50.558 10 INFO neutron.wsgi [-] 10.0.0.125 "GET / HTTP/1.1" status: 200 len: 246 time: 0.0031745
2026-07-14 18:56:50.561 9 INFO neutron.wsgi [-] 10.0.0.125 "GET / HTTP/1.1" status: 200 len: 246 time: 0.0058744
2026-07-14 18:56:51.068 9 INFO neutron.wsgi [None req-df20bde5-7d8b-4c71-a2df-615d637b293c 7bbe5fbbecb04c67aaf0e51e1e70f88f 1df9047b14b549089d81bf61621eaab4 - - default default] 10.0.0.37 "GET /v2.0/ports HTTP/1.1" status: 200 len: 5351 time: 0.1371250
2026-07-14 18:56:51.090 9 INFO neutron.wsgi [None req-9bda8e4c-ecdd-4e33-9b22-bfab96ade620 7bbe5fbbecb04c67aaf0e51e1e70f88f 1df9047b14b549089d81bf61621eaab4 - - default default] 10.0.0.37 "GET /v2.0/network-ip-availabilities HTTP/1.1" status: 200 len: 1280 time: 0.0167546
2026-07-14 18:56:51.128 9 INFO neutron.wsgi [None req-7f85fbc2-448c-4752-bd98-57a27efd0919 7bbe5fbbecb04c67aaf0e51e1e70f88f 1df9047b14b549089d81bf61621eaab4 - - default default] 10.0.0.37 "GET /v2.0/subnets HTTP/1.1" status: 200 len: 1437 time: 0.0367229
2026-07-14 18:56:51.145 9 INFO neutron.wsgi [None req-a6aaffeb-5cbb-469e-bb4b-d5504c8cd243 7bbe5fbbecb04c67aaf0e51e1e70f88f 1df9047b14b549089d81bf61621eaab4 - - default default] 10.0.0.37 "GET /v2.0/subnetpools HTTP/1.1" status: 200 len: 193 time: 0.0157087
2026-07-14 18:56:51.205 9 INFO neutron.wsgi [None req-322d2b7c-c79e-45b9-bd60-2c3717fa08d0 7bbe5fbbecb04c67aaf0e51e1e70f88f 1df9047b14b549089d81bf61621eaab4 - - default default] 10.0.0.37 "GET /v2.0/security-groups HTTP/1.1" status: 200 len: 16803 time: 0.0592151
2026-07-14 18:56:51.251 9 INFO neutron.wsgi [None req-c59b66af-4a64-4e29-b218-e8b08d48d2fc 7bbe5fbbecb04c67aaf0e51e1e70f88f 1df9047b14b549089d81bf61621eaab4 - - default default] 10.0.0.37 "GET /v2.0/agents HTTP/1.1" status: 200 len: 997 time: 0.0397990
2026-07-14 18:56:51.284 9 INFO neutron.wsgi [None req-36ff1095-cf30-4974-b05f-0a01225f67c0 7bbe5fbbecb04c67aaf0e51e1e70f88f 1df9047b14b549089d81bf61621eaab4 - - default default] 10.0.0.37 "GET /v2.0/subnets HTTP/1.1" status: 200 len: 1437 time: 0.0327671
2026-07-14 18:56:51.316 9 INFO neutron.wsgi [None req-ebd16e56-3e01-49d1-84e5-ddb7e21b9935 7bbe5fbbecb04c67aaf0e51e1e70f88f 1df9047b14b549089d81bf61621eaab4 - - default default] 10.0.0.37 "GET /v2.0/floatingips HTTP/1.1" status: 200 len: 193 time: 0.0284708
2026-07-14 18:56:51.392 9 INFO neutron.wsgi [None req-d4ab3382-c902-4cf0-b17c-09b6aca32fa5 7bbe5fbbecb04c67aaf0e51e1e70f88f 1df9047b14b549089d81bf61621eaab4 - - default default] 10.0.0.37 "GET /v2.0/networks HTTP/1.1" status: 200 len: 2350 time: 0.0754142
2026-07-14 18:56:51.411 9 INFO neutron.wsgi [None req-b897399e-0368-4256-9d92-e893a4aebeb3 7bbe5fbbecb04c67aaf0e51e1e70f88f 1df9047b14b549089d81bf61621eaab4 - - default default] 10.0.0.37 "GET /v2.0/routers HTTP/1.1" status: 200 len: 189 time: 0.0167840
2026-07-14 18:56:51.419 9 INFO neutron.wsgi [None req-272f73a6-81eb-431e-aacd-8702b0a40beb 7bbe5fbbecb04c67aaf0e51e1e70f88f 1df9047b14b549089d81bf61621eaab4 - - default default] 10.0.0.37 "GET /v2.0/agents?binary=ovn-controller HTTP/1.1" status: 200 len: 591 time: 0.0080800
2026-07-14 18:57:05.553 9 INFO neutron.wsgi [-] 10.0.0.125 "GET / HTTP/1.1" status: 200 len: 246 time: 0.0018144
2026-07-14 18:57:05.556 9 INFO neutron.wsgi [-] 10.0.0.125 "GET / HTTP/1.1" status: 200 len: 246 time: 0.0013559
2026-07-14 18:57:20.554 10 INFO neutron.wsgi [-] 10.0.0.125 "GET / HTTP/1.1" status: 200 len: 246 time: 0.0016828
2026-07-14 18:57:20.555 9 INFO neutron.wsgi [-] 10.0.0.125 "GET / HTTP/1.1" status: 200 len: 246 time: 0.0027270
2026-07-14 18:57:35.553 9 INFO neutron.wsgi [-] 10.0.0.125 "GET / HTTP/1.1" status: 200 len: 246 time: 0.0014586
2026-07-14 18:57:35.555 9 INFO neutron.wsgi [-] 10.0.0.125 "GET / HTTP/1.1" status: 200 len: 246 time: 0.0009158
2026-07-14 18:57:50.554 10 INFO neutron.wsgi [-] 10.0.0.125 "GET / HTTP/1.1" status: 200 len: 246 time: 0.0014048
2026-07-14 18:57:50.557 10 INFO neutron.wsgi [-] 10.0.0.125 "GET / HTTP/1.1" status: 200 len: 246 time: 0.0022314
2026-07-14 18:57:51.043 9 INFO neutron.wsgi [None req-e2d8862b-50c4-4122-abc5-53f4bee6f044 7bbe5fbbecb04c67aaf0e51e1e70f88f 1df9047b14b549089d81bf61621eaab4 - - default default] 10.0.0.37 "GET /v2.0/subnets HTTP/1.1" status: 200 len: 1437 time: 0.1069887
2026-07-14 18:57:51.060 9 INFO neutron.wsgi [None req-7541f06c-1c2d-44d3-8f25-0fd89877c9f1 7bbe5fbbecb04c67aaf0e51e1e70f88f 1df9047b14b549089d81bf61621eaab4 - - default default] 10.0.0.37 "GET /v2.0/subnetpools HTTP/1.1" status: 200 len: 193 time: 0.0145524
2026-07-14 18:57:51.110 9 INFO neutron.wsgi [None req-2978bd66-4225-4923-a0ef-d60d101d38d9 7bbe5fbbecb04c67aaf0e51e1e70f88f 1df9047b14b549089d81bf61621eaab4 - - default default] 10.0.0.37 "GET /v2.0/subnets HTTP/1.1" status: 200 len: 1437 time: 0.0473213
2026-07-14 18:57:51.360 9 INFO neutron.wsgi [None req-13f6d821-67a5-460f-8d8b-9f8f4a55358a 7bbe5fbbecb04c67aaf0e51e1e70f88f 1df9047b14b549089d81bf61621eaab4 - - default default] 10.0.0.37 "GET /v2.0/floatingips HTTP/1.1" status: 200 len: 193 time: 0.2484150
2026-07-14 18:57:51.380 9 INFO neutron.wsgi [None req-f5fad8f6-5e77-4e93-b6be-eda3a9c6d726 7bbe5fbbecb04c67aaf0e51e1e70f88f 1df9047b14b549089d81bf61621eaab4 - - default default] 10.0.0.37 "GET /v2.0/routers HTTP/1.1" status: 200 len: 189 time: 0.0195639
2026-07-14 18:57:51.420 9 INFO neutron.wsgi [None req-5a6eb093-c979-4a80-ae88-6b522ef4ff6b 7bbe5fbbecb04c67aaf0e51e1e70f88f 1df9047b14b549089d81bf61621eaab4 - - default default] 10.0.0.37 "GET /v2.0/agents?binary=ovn-controller HTTP/1.1" status: 200 len: 591 time: 0.0389571
2026-07-14 18:57:51.433 9 INFO neutron.wsgi [None req-a42f874c-b859-4aa7-86a2-ab831c44f989 7bbe5fbbecb04c67aaf0e51e1e70f88f 1df9047b14b549089d81bf61621eaab4 - - default default] 10.0.0.37 "GET /v2.0/network-ip-availabilities HTTP/1.1" status: 200 len: 1280 time: 0.0121019
2026-07-14 18:57:51.475 9 INFO neutron.wsgi [None req-dc1e1557-0d38-4725-9e64-5462439582dc 7bbe5fbbecb04c67aaf0e51e1e70f88f 1df9047b14b549089d81bf61621eaab4 - - default default] 10.0.0.37 "GET /v2.0/ports HTTP/1.1" status: 200 len: 5351 time: 0.0407033
2026-07-14 18:57:51.487 9 INFO neutron.wsgi [None req-478d714c-3b85-4c88-b2c4-f9f14c31d4dd 7bbe5fbbecb04c67aaf0e51e1e70f88f 1df9047b14b549089d81bf61621eaab4 - - default default] 10.0.0.37 "GET /v2.0/agents HTTP/1.1" status: 200 len: 997 time: 0.0096998
2026-07-14 18:57:51.552 9 INFO neutron.wsgi [None req-c501d357-5f9a-4948-9855-06e9728184d5 7bbe5fbbecb04c67aaf0e51e1e70f88f 1df9047b14b549089d81bf61621eaab4 - - default default] 10.0.0.37 "GET /v2.0/networks HTTP/1.1" status: 200 len: 2350 time: 0.0628755
2026-07-14 18:57:51.622 9 INFO neutron.wsgi [None req-687993c4-8e41-419b-b565-dce6c034b9d8 7bbe5fbbecb04c67aaf0e51e1e70f88f 1df9047b14b549089d81bf61621eaab4 - - default default] 10.0.0.37 "GET /v2.0/security-groups HTTP/1.1" status: 200 len: 16803 time: 0.0642385
2026-07-14 18:58:05.553 9 INFO neutron.wsgi [-] 10.0.0.125 "GET / HTTP/1.1" status: 200 len: 246 time: 0.0019321
2026-07-14 18:58:05.554 10 INFO neutron.wsgi [-] 10.0.0.125 "GET / HTTP/1.1" status: 200 len: 246 time: 0.0025849
2026-07-14 18:58:20.555 9 INFO neutron.wsgi [-] 10.0.0.125 "GET / HTTP/1.1" status: 200 len: 246 time: 0.0025949
2026-07-14 18:58:20.559 9 INFO neutron.wsgi [-] 10.0.0.125 "GET / HTTP/1.1" status: 200 len: 246 time: 0.0029192
2026-07-14 18:58:35.561 10 INFO neutron.wsgi [-] 10.0.0.125 "GET / HTTP/1.1" status: 200 len: 246 time: 0.0024986
2026-07-14 18:58:35.563 10 INFO neutron.wsgi [-] 10.0.0.125 "GET / HTTP/1.1" status: 200 len: 246 time: 0.0014362
2026-07-14 18:58:50.555 10 INFO neutron.wsgi [-] 10.0.0.125 "GET / HTTP/1.1" status: 200 len: 246 time: 0.0026107
2026-07-14 18:58:50.557 9 INFO neutron.wsgi [-] 10.0.0.125 "GET / HTTP/1.1" status: 200 len: 246 time: 0.0022790
2026-07-14 18:58:51.026 9 INFO neutron.wsgi [None req-5c8f40dc-ab28-49c8-920e-3c7472ada79f 7bbe5fbbecb04c67aaf0e51e1e70f88f 1df9047b14b549089d81bf61621eaab4 - - default default] 10.0.0.37 "GET /v2.0/network-ip-availabilities HTTP/1.1" status: 200 len: 1280 time: 0.0911429
2026-07-14 18:58:51.053 9 INFO neutron.wsgi [None req-7e5520e0-f7fb-4208-90b6-4a417dae4ac7 7bbe5fbbecb04c67aaf0e51e1e70f88f 1df9047b14b549089d81bf61621eaab4 - - default default] 10.0.0.37 "GET /v2.0/floatingips HTTP/1.1" status: 200 len: 193 time: 0.0251484
2026-07-14 18:58:51.118 9 INFO neutron.wsgi [None req-c1a6b6d3-4eb4-4fed-87cb-19d0a335e0e3 7bbe5fbbecb04c67aaf0e51e1e70f88f 1df9047b14b549089d81bf61621eaab4 - - default default] 10.0.0.37 "GET /v2.0/security-groups HTTP/1.1" status: 200 len: 16803 time: 0.0642667
2026-07-14 18:58:51.149 9 INFO neutron.wsgi [None req-34e9b925-a69b-4ff8-bf29-688fc3339f31 7bbe5fbbecb04c67aaf0e51e1e70f88f 1df9047b14b549089d81bf61621eaab4 - - default default] 10.0.0.37 "GET /v2.0/routers HTTP/1.1" status: 200 len: 189 time: 0.0277765
2026-07-14 18:58:51.204 9 INFO neutron.wsgi [None req-acdad637-55fa-4ebc-8ee2-149c10255354 7bbe5fbbecb04c67aaf0e51e1e70f88f 1df9047b14b549089d81bf61621eaab4 - - default default] 10.0.0.37 "GET /v2.0/agents?binary=ovn-controller HTTP/1.1" status: 200 len: 591 time: 0.0542092
2026-07-14 18:58:51.235 9 INFO neutron.wsgi [None req-3d7442bb-5b61-4b69-8284-787ab1cd1200 7bbe5fbbecb04c67aaf0e51e1e70f88f 1df9047b14b549089d81bf61621eaab4 - - default default] 10.0.0.37 "GET /v2.0/subnets HTTP/1.1" status: 200 len: 1437 time: 0.0297005
2026-07-14 18:58:51.247 9 INFO neutron.wsgi [None req-ea6c32a3-4e4c-4e25-86c3-a2aa0942ac21 7bbe5fbbecb04c67aaf0e51e1e70f88f 1df9047b14b549089d81bf61621eaab4 - - default default] 10.0.0.37 "GET /v2.0/subnetpools HTTP/1.1" status: 200 len: 193 time: 0.0096967
2026-07-14 18:58:51.257 9 INFO neutron.wsgi [None req-55434e7c-0aeb-46f0-9317-b618c8109c06 7bbe5fbbecb04c67aaf0e51e1e70f88f 1df9047b14b549089d81bf61621eaab4 - - default default] 10.0.0.37 "GET /v2.0/agents HTTP/1.1" status: 200 len: 997 time: 0.0095987
2026-07-14 18:58:51.296 9 INFO neutron.wsgi [None req-225f284f-5a15-46e9-a890-f6df43ac616b 7bbe5fbbecb04c67aaf0e51e1e70f88f 1df9047b14b549089d81bf61621eaab4 - - default default] 10.0.0.37 "GET /v2.0/subnets HTTP/1.1" status: 200 len: 1437 time: 0.0374303
2026-07-14 18:58:51.332 9 INFO neutron.wsgi [None req-77d60dc0-a53d-49bb-b70f-06a471e8f795 7bbe5fbbecb04c67aaf0e51e1e70f88f 1df9047b14b549089d81bf61621eaab4 - - default default] 10.0.0.37 "GET /v2.0/ports HTTP/1.1" status: 200 len: 5351 time: 0.0347509
2026-07-14 18:58:51.407 9 INFO neutron.wsgi [None req-65854e58-3746-431a-b441-91d5914516e8 7bbe5fbbecb04c67aaf0e51e1e70f88f 1df9047b14b549089d81bf61621eaab4 - - default default] 10.0.0.37 "GET /v2.0/networks HTTP/1.1" status: 200 len: 2350 time: 0.0720534
2026-07-14 18:59:05.554 9 INFO neutron.wsgi [-] 10.0.0.125 "GET / HTTP/1.1" status: 200 len: 246 time: 0.0019901
2026-07-14 18:59:05.555 10 INFO neutron.wsgi [-] 10.0.0.125 "GET / HTTP/1.1" status: 200 len: 246 time: 0.0028267
2026-07-14 18:59:20.553 9 INFO neutron.wsgi [-] 10.0.0.125 "GET / HTTP/1.1" status: 200 len: 246 time: 0.0016634
2026-07-14 18:59:20.555 10 INFO neutron.wsgi [-] 10.0.0.125 "GET / HTTP/1.1" status: 200 len: 246 time: 0.0035837