2026-07-14 18:48:46.627 9 INFO neutron.db.ovn_revision_numbers_db [req-820eb265-e319-45ed-b68d-493f2833523c req-c26be274-dfde-499f-9c70-3eca24c62689 bc039332a626462b80a111b4b2ecb280 929db5240b3249239d5e1afb01ba49bf - - 836454d2791c49c1902648f62b0f7497 836454d2791c49c1902648f62b0f7497] Successfully bumped revision number for resource 1e087e54-f8ce-4241-bcfb-c1b7e2ca82e2 (type: ports) to 2 /var/lib/openstack/lib/python3.10/site-packages/pycadf/identifier.py:71: UserWarning: Invalid uuid: neutron. To ensure interoperability, identifiers should be a valid uuid. warnings.warn(('Invalid uuid: %s. To ensure interoperability, '
2026-07-14 18:48:46.755 9 INFO neutron.wsgi [None req-7b105fca-cde2-4877-9ed7-bebfb2d1916b 72c5f0bc0db94412bece0ab9f01de6be c52e8e415a5942cf89d03a155f39df02 - - default default] 10.0.0.70 "GET /v2.0/ports/a746f319-ee0f-49b1-8c74-44477812afd0 HTTP/1.1" status: 200 len: 1137 time: 0.0553222
2026-07-14 18:48:46.854 9 INFO neutron.db.ovn_revision_numbers_db [req-820eb265-e319-45ed-b68d-493f2833523c req-c26be274-dfde-499f-9c70-3eca24c62689 bc039332a626462b80a111b4b2ecb280 929db5240b3249239d5e1afb01ba49bf - - 836454d2791c49c1902648f62b0f7497 836454d2791c49c1902648f62b0f7497] Successfully bumped revision number for resource 1e087e54-f8ce-4241-bcfb-c1b7e2ca82e2 (type: ports) to 2 /var/lib/openstack/lib/python3.10/site-packages/pycadf/identifier.py:71: UserWarning: Invalid uuid: neutron. To ensure interoperability, identifiers should be a valid uuid. warnings.warn(('Invalid uuid: %s. To ensure interoperability, '
2026-07-14 18:48:46.883 9 INFO neutron.wsgi [req-820eb265-e319-45ed-b68d-493f2833523c req-c26be274-dfde-499f-9c70-3eca24c62689 bc039332a626462b80a111b4b2ecb280 929db5240b3249239d5e1afb01ba49bf - - 836454d2791c49c1902648f62b0f7497 836454d2791c49c1902648f62b0f7497] 199.204.45.210 "PUT /v2.0/ports/1e087e54-f8ce-4241-bcfb-c1b7e2ca82e2 HTTP/1.1" status: 200 len: 1380 time: 0.8384964
2026-07-14 18:48:46.916 9 INFO neutron.notifiers.nova [-] Nova event matching ['req-16b456a0-70a1-42cc-8cb5-3db7212528e7'] response: {'name': 'network-changed', 'server_uuid': '8579ab7a-0fb4-437e-b7ef-00522a2445ed', 'tag': '1e087e54-f8ce-4241-bcfb-c1b7e2ca82e2', 'status': 'completed', 'code': 200}
2026-07-14 18:48:46.970 9 INFO neutron.wsgi [req-820eb265-e319-45ed-b68d-493f2833523c req-c6764c38-5c1a-4293-838e-213c9ce55cea bc039332a626462b80a111b4b2ecb280 929db5240b3249239d5e1afb01ba49bf - - 836454d2791c49c1902648f62b0f7497 836454d2791c49c1902648f62b0f7497] 199.204.45.210 "GET /v2.0/ports?tenant_id=3c2831423196499c831ba94af63a04aa&device_id=8579ab7a-0fb4-437e-b7ef-00522a2445ed HTTP/1.1" status: 200 len: 1411 time: 0.0363746
2026-07-14 18:48:47.017 9 INFO neutron.wsgi [req-820eb265-e319-45ed-b68d-493f2833523c req-d9fe612d-c4c0-4f01-8fda-4d66b80dba71 bc039332a626462b80a111b4b2ecb280 929db5240b3249239d5e1afb01ba49bf - - 836454d2791c49c1902648f62b0f7497 836454d2791c49c1902648f62b0f7497] 199.204.45.210 "GET /v2.0/floatingips?fixed_ip_address=10.100.0.13&port_id=1e087e54-f8ce-4241-bcfb-c1b7e2ca82e2 HTTP/1.1" status: 200 len: 217 time: 0.0359185
2026-07-14 18:48:47.019 9 INFO neutron.db.ovn_revision_numbers_db [None req-7a962579-72ae-4e6e-9850-d4557b916d32 a76751fb022347e6ad996490b1890857 d8d6d082c61f4a50b23da9fd296a7327 - - default default] Successfully bumped revision number for resource e67878d3-0a04-459b-a146-df4efe83d7e6 (type: security_groups) to 1
2026-07-14 18:48:47.044 9 INFO neutron.db.ovn_revision_numbers_db [None req-7a962579-72ae-4e6e-9850-d4557b916d32 a76751fb022347e6ad996490b1890857 d8d6d082c61f4a50b23da9fd296a7327 - - default default] Successfully bumped revision number for resource ad14ac76-19be-4d30-952d-b355cc2fa5f3 (type: security_group_rules) to 0
2026-07-14 18:48:47.058 10 INFO neutron.wsgi [req-8971bb17-c6e3-43ed-b716-87bfc23797cb req-0df24aff-114f-4ba2-87eb-554e8247dc1d fbdf7851f9c94b56ac70889996fcc51b 3c2831423196499c831ba94af63a04aa - - default default] 10.0.0.200 "GET /v2.0/ports?device_id=8579ab7a-0fb4-437e-b7ef-00522a2445ed HTTP/1.1" status: 200 len: 1172 time: 0.0404067
2026-07-14 18:48:47.075 9 INFO neutron.db.ovn_revision_numbers_db [None req-7a962579-72ae-4e6e-9850-d4557b916d32 a76751fb022347e6ad996490b1890857 d8d6d082c61f4a50b23da9fd296a7327 - - default default] Successfully bumped revision number for resource d6acbe73-d524-42e3-be19-311b7ff199df (type: security_group_rules) to 0
2026-07-14 18:48:47.084 9 INFO neutron.wsgi [req-820eb265-e319-45ed-b68d-493f2833523c req-8eb35ac6-66c2-4d35-830c-631aae7b0a6a bc039332a626462b80a111b4b2ecb280 929db5240b3249239d5e1afb01ba49bf - - 836454d2791c49c1902648f62b0f7497 836454d2791c49c1902648f62b0f7497] 199.204.45.210 "GET /v2.0/subnets?id=95516a5e-968b-4b59-a0b5-80b8224916bd HTTP/1.1" status: 200 len: 853 time: 0.0598836
2026-07-14 18:48:47.104 9 INFO neutron.wsgi [None req-7a962579-72ae-4e6e-9850-d4557b916d32 a76751fb022347e6ad996490b1890857 d8d6d082c61f4a50b23da9fd296a7327 - - default default] 10.0.0.70 "POST /v2.0/security-groups HTTP/1.1" status: 201 len: 1809 time: 0.2480245
2026-07-14 18:48:47.125 9 INFO neutron.wsgi [req-820eb265-e319-45ed-b68d-493f2833523c req-5029d1e9-b47e-44be-9f80-ed04e44e486b bc039332a626462b80a111b4b2ecb280 929db5240b3249239d5e1afb01ba49bf - - 836454d2791c49c1902648f62b0f7497 836454d2791c49c1902648f62b0f7497] 199.204.45.210 "GET /v2.0/ports?network_id=eca71c28-54f8-494b-a0ef-5e939c1e1ec3&device_owner=network%3Adhcp HTTP/1.1" status: 200 len: 210 time: 0.0281031
2026-07-14 18:48:47.158 10 INFO neutron.wsgi [req-8971bb17-c6e3-43ed-b716-87bfc23797cb req-28a19168-f3dc-4ceb-ab90-0c82c7cdedbf fbdf7851f9c94b56ac70889996fcc51b 3c2831423196499c831ba94af63a04aa - - default default] 10.0.0.200 "GET /v2.0/security-groups?id=470f63b7-42df-4e3b-bf8b-50dec4a88f7f&fields=id&fields=name HTTP/1.1" status: 200 len: 313 time: 0.0922470
2026-07-14 18:48:47.194 9 INFO neutron.wsgi [req-820eb265-e319-45ed-b68d-493f2833523c req-2859815d-2bbb-4219-b233-0e56c7ed4660 bc039332a626462b80a111b4b2ecb280 929db5240b3249239d5e1afb01ba49bf - - 836454d2791c49c1902648f62b0f7497 836454d2791c49c1902648f62b0f7497] 199.204.45.210 "GET /v2.0/networks/eca71c28-54f8-494b-a0ef-5e939c1e1ec3?fields=segments HTTP/1.1" status: 200 len: 212 time: 0.0633354
2026-07-14 18:48:47.261 9 INFO neutron.wsgi [req-820eb265-e319-45ed-b68d-493f2833523c req-14072dce-6875-43d5-9e13-855cbe402217 bc039332a626462b80a111b4b2ecb280 929db5240b3249239d5e1afb01ba49bf - - 836454d2791c49c1902648f62b0f7497 836454d2791c49c1902648f62b0f7497] 199.204.45.210 "GET /v2.0/networks/eca71c28-54f8-494b-a0ef-5e939c1e1ec3?fields=provider%3Aphysical_network&fields=provider%3Anetwork_type HTTP/1.1" status: 200 len: 277 time: 0.0633330
2026-07-14 18:48:47.324 10 INFO neutron.db.ovn_revision_numbers_db [None req-b5e80720-d8df-4080-8f6c-d7900beb2eef a76751fb022347e6ad996490b1890857 d8d6d082c61f4a50b23da9fd296a7327 - - default default] Successfully bumped revision number for resource 038e262c-14af-485a-8420-d89eb7ef4f70 (type: security_group_rules) to 0
2026-07-14 18:48:47.334 9 INFO neutron.wsgi [req-efa5dbfb-064d-4731-a832-e574e0000a9d req-577b835e-4608-4518-9f90-2c6cf1068800 bc039332a626462b80a111b4b2ecb280 929db5240b3249239d5e1afb01ba49bf - - 836454d2791c49c1902648f62b0f7497 836454d2791c49c1902648f62b0f7497] 199.204.45.210 "GET /v2.0/ports?tenant_id=3c2831423196499c831ba94af63a04aa&device_id=8579ab7a-0fb4-437e-b7ef-00522a2445ed HTTP/1.1" status: 200 len: 1411 time: 0.0345185
2026-07-14 18:48:47.386 10 INFO neutron.wsgi [None req-b5e80720-d8df-4080-8f6c-d7900beb2eef a76751fb022347e6ad996490b1890857 d8d6d082c61f4a50b23da9fd296a7327 - - default default] 10.0.0.70 "POST /v2.0/security-group-rules HTTP/1.1" status: 201 len: 764 time: 0.2765863
2026-07-14 18:48:47.461 9 INFO neutron.wsgi [req-efa5dbfb-064d-4731-a832-e574e0000a9d req-60a16d2f-1cad-47c9-92c9-079fa4026c62 bc039332a626462b80a111b4b2ecb280 929db5240b3249239d5e1afb01ba49bf - - 836454d2791c49c1902648f62b0f7497 836454d2791c49c1902648f62b0f7497] 199.204.45.210 "GET /v2.0/networks?id=eca71c28-54f8-494b-a0ef-5e939c1e1ec3 HTTP/1.1" status: 200 len: 959 time: 0.1087887
2026-07-14 18:48:47.496 9 INFO neutron.wsgi [req-efa5dbfb-064d-4731-a832-e574e0000a9d req-ba84fdc9-8a0a-4ba0-9e20-424ecc25ff5c bc039332a626462b80a111b4b2ecb280 929db5240b3249239d5e1afb01ba49bf - - 836454d2791c49c1902648f62b0f7497 836454d2791c49c1902648f62b0f7497] 199.204.45.210 "GET /v2.0/floatingips?fixed_ip_address=10.100.0.13&port_id=1e087e54-f8ce-4241-bcfb-c1b7e2ca82e2 HTTP/1.1" status: 200 len: 217 time: 0.0278122
2026-07-14 18:48:47.542 9 INFO neutron.wsgi [req-efa5dbfb-064d-4731-a832-e574e0000a9d req-1c39d85f-bbb6-4f31-999a-517baf58027d bc039332a626462b80a111b4b2ecb280 929db5240b3249239d5e1afb01ba49bf - - 836454d2791c49c1902648f62b0f7497 836454d2791c49c1902648f62b0f7497] 199.204.45.210 "GET /v2.0/subnets?id=95516a5e-968b-4b59-a0b5-80b8224916bd HTTP/1.1" status: 200 len: 853 time: 0.0390267
2026-07-14 18:48:47.583 9 INFO neutron.wsgi [req-efa5dbfb-064d-4731-a832-e574e0000a9d req-fcf1b88d-0043-42d0-a285-b2a3ed5c0559 bc039332a626462b80a111b4b2ecb280 929db5240b3249239d5e1afb01ba49bf - - 836454d2791c49c1902648f62b0f7497 836454d2791c49c1902648f62b0f7497] 199.204.45.210 "GET /v2.0/ports?network_id=eca71c28-54f8-494b-a0ef-5e939c1e1ec3&device_owner=network%3Adhcp HTTP/1.1" status: 200 len: 210 time: 0.0350685
2026-07-14 18:48:47.652 9 INFO neutron.wsgi [req-efa5dbfb-064d-4731-a832-e574e0000a9d req-34d6267c-8271-4f43-bdc8-10bc48fe6ad0 bc039332a626462b80a111b4b2ecb280 929db5240b3249239d5e1afb01ba49bf - - 836454d2791c49c1902648f62b0f7497 836454d2791c49c1902648f62b0f7497] 199.204.45.210 "GET /v2.0/networks/eca71c28-54f8-494b-a0ef-5e939c1e1ec3?fields=segments HTTP/1.1" status: 200 len: 212 time: 0.0595360
2026-07-14 18:48:47.666 10 INFO neutron.wsgi [None req-66ebb040-f940-460e-b152-6eb8ac5ecc8b 72c5f0bc0db94412bece0ab9f01de6be c52e8e415a5942cf89d03a155f39df02 - - default default] 10.0.0.70 "PUT /v2.0/routers/5387ca1c-15de-4476-993e-e62d480c529a/remove_router_interface HTTP/1.1" status: 200 len: 503 time: 0.9060225 /var/lib/openstack/lib/python3.10/site-packages/pycadf/identifier.py:71: UserWarning: Invalid uuid: neutron. To ensure interoperability, identifiers should be a valid uuid. warnings.warn(('Invalid uuid: %s. To ensure interoperability, '
2026-07-14 18:48:47.710 10 INFO neutron.db.ovn_revision_numbers_db [None req-ce437051-a08f-4553-8010-e9ed86b822b0 a76751fb022347e6ad996490b1890857 d8d6d082c61f4a50b23da9fd296a7327 - - default default] Successfully bumped revision number for resource d2a438ac-b5b1-4cca-a979-3e44158f81c1 (type: security_group_rules) to 0
2026-07-14 18:48:47.717 9 INFO neutron.wsgi [req-efa5dbfb-064d-4731-a832-e574e0000a9d req-ce405365-7a7a-47eb-a65b-d526acba4c15 bc039332a626462b80a111b4b2ecb280 929db5240b3249239d5e1afb01ba49bf - - 836454d2791c49c1902648f62b0f7497 836454d2791c49c1902648f62b0f7497] 199.204.45.210 "GET /v2.0/networks/eca71c28-54f8-494b-a0ef-5e939c1e1ec3?fields=provider%3Aphysical_network&fields=provider%3Anetwork_type HTTP/1.1" status: 200 len: 277 time: 0.0596459
2026-07-14 18:48:47.764 10 INFO neutron.wsgi [None req-ce437051-a08f-4553-8010-e9ed86b822b0 a76751fb022347e6ad996490b1890857 d8d6d082c61f4a50b23da9fd296a7327 - - default default] 10.0.0.70 "POST /v2.0/security-group-rules HTTP/1.1" status: 201 len: 763 time: 0.3698046
2026-07-14 18:48:47.812 10 INFO neutron.wsgi [None req-5db702a6-3708-4bce-b11f-b85ff06fe45e 72c5f0bc0db94412bece0ab9f01de6be c52e8e415a5942cf89d03a155f39df02 - - default default] 10.0.0.70 "GET /v2.0/ports/e9f2d55d-5b93-4652-a258-7ebd0bcafe74 HTTP/1.1" status: 200 len: 1137 time: 0.1410613
2026-07-14 18:48:47.928 10 INFO neutron.db.ovn_revision_numbers_db [None req-1fc71c56-743b-49eb-bf45-d102e47d954b a76751fb022347e6ad996490b1890857 d8d6d082c61f4a50b23da9fd296a7327 - - default default] Successfully bumped revision number for resource f566616c-1434-4191-b950-3d7ee5cf435a (type: security_group_rules) to 0
2026-07-14 18:48:47.956 10 INFO neutron.wsgi [None req-1fc71c56-743b-49eb-bf45-d102e47d954b a76751fb022347e6ad996490b1890857 d8d6d082c61f4a50b23da9fd296a7327 - - default default] 10.0.0.70 "POST /v2.0/security-group-rules HTTP/1.1" status: 201 len: 769 time: 0.1852822
2026-07-14 18:48:48.095 10 INFO neutron.db.ovn_revision_numbers_db [None req-54a5be24-72aa-463c-9f3d-67c116eb5f7d a76751fb022347e6ad996490b1890857 d8d6d082c61f4a50b23da9fd296a7327 - - default default] Successfully bumped revision number for resource a0a08458-f186-4be5-b22a-62334c1dbebb (type: security_group_rules) to 0
2026-07-14 18:48:48.132 10 INFO neutron.wsgi [None req-54a5be24-72aa-463c-9f3d-67c116eb5f7d a76751fb022347e6ad996490b1890857 d8d6d082c61f4a50b23da9fd296a7327 - - default default] 10.0.0.70 "POST /v2.0/security-group-rules HTTP/1.1" status: 201 len: 768 time: 0.1687915
2026-07-14 18:48:48.167 10 INFO neutron.db.securitygroups_db [None req-4c8be729-5024-4638-9d46-02ea7a81c34b a76751fb022347e6ad996490b1890857 d8d6d082c61f4a50b23da9fd296a7327 - - default default] Project d8d6d082c61f4a50b23da9fd296a7327 added a security group rule with legacy IPv6 ICMP protocol name icmp, ipv6-icmp should be used instead. It was automatically converted.
2026-07-14 18:48:48.287 10 INFO neutron.db.ovn_revision_numbers_db [None req-4c8be729-5024-4638-9d46-02ea7a81c34b a76751fb022347e6ad996490b1890857 d8d6d082c61f4a50b23da9fd296a7327 - - default default] Successfully bumped revision number for resource 6ddddd75-d3db-4b3f-b5a4-9f2ff1002e6f (type: security_group_rules) to 0
2026-07-14 18:48:48.292 9 INFO neutron.wsgi [req-7bf8a5fc-400c-4d68-ada4-58bab34fb7a8 req-4c89e253-2840-4c79-8469-0dc07112b6c2 fbdf7851f9c94b56ac70889996fcc51b 3c2831423196499c831ba94af63a04aa - - default default] 10.0.0.200 "GET /v2.0/ports?device_id=8579ab7a-0fb4-437e-b7ef-00522a2445ed HTTP/1.1" status: 200 len: 1172 time: 0.0602245
2026-07-14 18:48:48.313 10 INFO neutron.wsgi [None req-4c8be729-5024-4638-9d46-02ea7a81c34b a76751fb022347e6ad996490b1890857 d8d6d082c61f4a50b23da9fd296a7327 - - default default] 10.0.0.70 "POST /v2.0/security-group-rules HTTP/1.1" status: 201 len: 774 time: 0.1755619
2026-07-14 18:48:48.344 10 INFO neutron.db.securitygroups_db [None req-94f1d572-c663-45ba-a006-51c1fbec925a a76751fb022347e6ad996490b1890857 d8d6d082c61f4a50b23da9fd296a7327 - - default default] Project d8d6d082c61f4a50b23da9fd296a7327 added a security group rule with legacy IPv6 ICMP protocol name icmp, ipv6-icmp should be used instead. It was automatically converted.
2026-07-14 18:48:48.388 9 INFO neutron.wsgi [req-7bf8a5fc-400c-4d68-ada4-58bab34fb7a8 req-70f70b1b-92ef-430a-89d8-5da8b21ac1f3 fbdf7851f9c94b56ac70889996fcc51b 3c2831423196499c831ba94af63a04aa - - default default] 10.0.0.200 "GET /v2.0/security-groups?id=470f63b7-42df-4e3b-bf8b-50dec4a88f7f&fields=id&fields=name HTTP/1.1" status: 200 len: 313 time: 0.0861835
2026-07-14 18:48:48.465 10 INFO neutron.db.ovn_revision_numbers_db [None req-94f1d572-c663-45ba-a006-51c1fbec925a a76751fb022347e6ad996490b1890857 d8d6d082c61f4a50b23da9fd296a7327 - - default default] Successfully bumped revision number for resource 1fc86bd0-f3ce-49b5-b3a9-7f7c5c1128b9 (type: security_group_rules) to 0
2026-07-14 18:48:48.489 10 INFO neutron.wsgi [None req-94f1d572-c663-45ba-a006-51c1fbec925a a76751fb022347e6ad996490b1890857 d8d6d082c61f4a50b23da9fd296a7327 - - default default] 10.0.0.70 "POST /v2.0/security-group-rules HTTP/1.1" status: 201 len: 773 time: 0.1718328
2026-07-14 18:48:48.581 9 INFO neutron.db.ovn_revision_numbers_db [None req-d83653c0-3921-44e7-b613-1c1fb25e1d7d 7e5e442939fc4200a3e8f574bae9c194 301558547aaa4d1d8d33b39f9e0227ae - - default default] Successfully bumped revision number for resource ef017acf-7a33-4db5-bc65-04c04fd536a1 (type: security_groups) to 1
2026-07-14 18:48:48.609 9 INFO neutron.db.ovn_revision_numbers_db [None req-d83653c0-3921-44e7-b613-1c1fb25e1d7d 7e5e442939fc4200a3e8f574bae9c194 301558547aaa4d1d8d33b39f9e0227ae - - default default] Successfully bumped revision number for resource 3682fd15-f5a0-42e8-a104-3c1e8b987031 (type: security_group_rules) to 0
2026-07-14 18:48:48.626 9 INFO neutron.db.ovn_revision_numbers_db [None req-d83653c0-3921-44e7-b613-1c1fb25e1d7d 7e5e442939fc4200a3e8f574bae9c194 301558547aaa4d1d8d33b39f9e0227ae - - default default] Successfully bumped revision number for resource c6116bbc-9fe3-4758-b367-92fcccfcd255 (type: security_group_rules) to 0
2026-07-14 18:48:48.663 9 INFO neutron.db.ovn_revision_numbers_db [None req-d83653c0-3921-44e7-b613-1c1fb25e1d7d 7e5e442939fc4200a3e8f574bae9c194 301558547aaa4d1d8d33b39f9e0227ae - - default default] Successfully bumped revision number for resource e42020b1-b1b2-4ddf-a3ce-c5357ccd025a (type: security_group_rules) to 0
2026-07-14 18:48:48.686 9 INFO neutron.db.ovn_revision_numbers_db [None req-d83653c0-3921-44e7-b613-1c1fb25e1d7d 7e5e442939fc4200a3e8f574bae9c194 301558547aaa4d1d8d33b39f9e0227ae - - default default] Successfully bumped revision number for resource f0fc1a87-f598-4033-8faa-1ac82a683691 (type: security_group_rules) to 0
2026-07-14 18:48:48.770 9 INFO neutron.db.segments_db [None req-d83653c0-3921-44e7-b613-1c1fb25e1d7d 7e5e442939fc4200a3e8f574bae9c194 301558547aaa4d1d8d33b39f9e0227ae - - default default] Added segment 78414e80-f0b2-4081-bf73-627383396aac of type geneve for network 31830b5f-f1fd-4006-b850-5291e0c6862d
2026-07-14 18:48:48.780 9 INFO neutron.wsgi [None req-98294dce-953d-40c2-827f-1ab5a539aa32 72c5f0bc0db94412bece0ab9f01de6be c52e8e415a5942cf89d03a155f39df02 - - default default] 10.0.0.70 "PUT /v2.0/routers/5387ca1c-15de-4476-993e-e62d480c529a/remove_router_interface HTTP/1.1" status: 200 len: 503 time: 0.9609208
2026-07-14 18:48:48.807 10 INFO neutron.wsgi [None req-3f0d7815-0dac-4196-9e2c-bde03b216bf0 72c5f0bc0db94412bece0ab9f01de6be c52e8e415a5942cf89d03a155f39df02 - - default default] 10.0.0.70 "GET /v2.0/ports?device_id=5387ca1c-15de-4476-993e-e62d480c529a HTTP/1.1" status: 200 len: 205 time: 0.0220218
2026-07-14 18:48:48.961 9 INFO neutron.db.ovn_revision_numbers_db [None req-d83653c0-3921-44e7-b613-1c1fb25e1d7d 7e5e442939fc4200a3e8f574bae9c194 301558547aaa4d1d8d33b39f9e0227ae - - default default] Successfully bumped revision number for resource 31830b5f-f1fd-4006-b850-5291e0c6862d (type: networks) to 1 /var/lib/openstack/lib/python3.10/site-packages/pycadf/identifier.py:71: UserWarning: Invalid uuid: neutron. To ensure interoperability, identifiers should be a valid uuid. warnings.warn(('Invalid uuid: %s. To ensure interoperability, '
2026-07-14 18:48:49.085 10 INFO neutron.wsgi [None req-a07b5015-31b0-4eae-b86f-8180c5ffbd1e 72c5f0bc0db94412bece0ab9f01de6be c52e8e415a5942cf89d03a155f39df02 - - default default] 10.0.0.70 "DELETE /v2.0/routers/5387ca1c-15de-4476-993e-e62d480c529a HTTP/1.1" status: 204 len: 168 time: 0.2741013
2026-07-14 18:48:49.161 9 INFO neutron.db.ovn_revision_numbers_db [None req-8adda3cd-b531-4f57-b582-5563663dd564 a76751fb022347e6ad996490b1890857 d8d6d082c61f4a50b23da9fd296a7327 - - default default] Successfully bumped revision number for resource 6d15574c-d0cf-4f48-b57f-2572cb45c41c (type: security_groups) to 1
2026-07-14 18:48:49.178 9 INFO neutron.db.ovn_revision_numbers_db [None req-8adda3cd-b531-4f57-b582-5563663dd564 a76751fb022347e6ad996490b1890857 d8d6d082c61f4a50b23da9fd296a7327 - - default default] Successfully bumped revision number for resource 210b0536-8599-4616-a44e-dee997666a9b (type: security_group_rules) to 0
2026-07-14 18:48:49.197 9 WARNING neutron.scheduler.dhcp_agent_scheduler [None req-d83653c0-3921-44e7-b613-1c1fb25e1d7d 7e5e442939fc4200a3e8f574bae9c194 301558547aaa4d1d8d33b39f9e0227ae - - default default] No more DHCP agents
2026-07-14 18:48:49.201 9 WARNING neutron.api.rpc.agentnotifiers.dhcp_rpc_agent_api [None req-d83653c0-3921-44e7-b613-1c1fb25e1d7d 7e5e442939fc4200a3e8f574bae9c194 301558547aaa4d1d8d33b39f9e0227ae - - default default] Unable to schedule network 31830b5f-f1fd-4006-b850-5291e0c6862d: no agents available; will retry on subsequent port and subnet creation events.
2026-07-14 18:48:49.203 9 INFO neutron.db.ovn_revision_numbers_db [None req-8adda3cd-b531-4f57-b582-5563663dd564 a76751fb022347e6ad996490b1890857 d8d6d082c61f4a50b23da9fd296a7327 - - default default] Successfully bumped revision number for resource 7f72c74e-a2b2-430a-bf42-8d7e58c24ef1 (type: security_group_rules) to 0
2026-07-14 18:48:49.257 9 INFO neutron.wsgi [None req-8adda3cd-b531-4f57-b582-5563663dd564 a76751fb022347e6ad996490b1890857 d8d6d082c61f4a50b23da9fd296a7327 - - default default] 10.0.0.70 "POST /v2.0/security-groups HTTP/1.1" status: 201 len: 1796 time: 0.2980452
2026-07-14 18:48:49.301 9 INFO neutron.db.ovn_revision_numbers_db [None req-d83653c0-3921-44e7-b613-1c1fb25e1d7d 7e5e442939fc4200a3e8f574bae9c194 301558547aaa4d1d8d33b39f9e0227ae - - default default] Successfully bumped revision number for resource 399562cb-8735-424a-8fc0-a5ab216e10de (type: ports) to 1
2026-07-14 18:48:49.321 9 INFO neutron.wsgi [None req-d83653c0-3921-44e7-b613-1c1fb25e1d7d 7e5e442939fc4200a3e8f574bae9c194 301558547aaa4d1d8d33b39f9e0227ae - - default default] 10.0.0.70 "POST /v2.0/networks HTTP/1.1" status: 201 len: 831 time: 1.1286025
2026-07-14 18:48:49.351 10 INFO neutron.wsgi [None req-cab356d7-a996-4ef8-b38e-6b8a1d4cd58b 72c5f0bc0db94412bece0ab9f01de6be c52e8e415a5942cf89d03a155f39df02 - - default default] 10.0.0.70 "DELETE /v2.0/subnets/fceea780-0ed0-4436-9e83-8dc3670cb8c3 HTTP/1.1" status: 204 len: 168 time: 0.2603998
2026-07-14 18:48:49.462 10 INFO neutron.db.ovn_revision_numbers_db [None req-2c2c83fe-681a-4998-945f-bc506e30a6ed a76751fb022347e6ad996490b1890857 d8d6d082c61f4a50b23da9fd296a7327 - - default default] Successfully bumped revision number for resource 552d96b2-0a2b-4dc4-b214-c75fbaa3b526 (type: security_group_rules) to 0
2026-07-14 18:48:49.486 9 INFO neutron.wsgi [req-21361828-277d-4dda-bb89-70058c94b072 req-64fb3b79-aaaa-4321-aaf6-f45b79cfb9b1 fbdf7851f9c94b56ac70889996fcc51b 3c2831423196499c831ba94af63a04aa - - default default] 10.0.0.200 "GET /v2.0/ports?device_id=8579ab7a-0fb4-437e-b7ef-00522a2445ed HTTP/1.1" status: 200 len: 1172 time: 0.0387681
2026-07-14 18:48:49.502 10 INFO neutron.wsgi [None req-2c2c83fe-681a-4998-945f-bc506e30a6ed a76751fb022347e6ad996490b1890857 d8d6d082c61f4a50b23da9fd296a7327 - - default default] 10.0.0.70 "POST /v2.0/security-group-rules HTTP/1.1" status: 201 len: 764 time: 0.2384415
2026-07-14 18:48:49.556 9 INFO neutron.wsgi [req-21361828-277d-4dda-bb89-70058c94b072 req-c6af207f-8b6b-44a0-9b72-9f3b8adc2218 fbdf7851f9c94b56ac70889996fcc51b 3c2831423196499c831ba94af63a04aa - - default default] 10.0.0.200 "GET /v2.0/security-groups?id=470f63b7-42df-4e3b-bf8b-50dec4a88f7f&fields=id&fields=name HTTP/1.1" status: 200 len: 313 time: 0.0524573
2026-07-14 18:48:49.600 9 WARNING neutron.plugins.ml2.drivers.ovn.mech_driver.ovsdb.ovn_client [None req-715a825c-8b9b-440a-a22e-2dd40be042ea - - - - - -] No port found with ID e9f2d55d-5b93-4652-a258-7ebd0bcafe74: RuntimeError: No port found with ID e9f2d55d-5b93-4652-a258-7ebd0bcafe74
2026-07-14 18:48:49.602 9 WARNING neutron.scheduler.dhcp_agent_scheduler [None req-2358f532-876c-414b-a565-243c8f1d2e06 7e5e442939fc4200a3e8f574bae9c194 301558547aaa4d1d8d33b39f9e0227ae - - default default] No more DHCP agents
2026-07-14 18:48:49.605 9 WARNING neutron.api.rpc.agentnotifiers.dhcp_rpc_agent_api [None req-2358f532-876c-414b-a565-243c8f1d2e06 7e5e442939fc4200a3e8f574bae9c194 301558547aaa4d1d8d33b39f9e0227ae - - default default] Unable to schedule network 31830b5f-f1fd-4006-b850-5291e0c6862d: no agents available; will retry on subsequent port and subnet creation events.
2026-07-14 18:48:49.609 10 INFO neutron.wsgi [None req-3a0033ea-7c6a-40ce-84f9-248dfb28fa43 72c5f0bc0db94412bece0ab9f01de6be c52e8e415a5942cf89d03a155f39df02 - - default default] 10.0.0.70 "DELETE /v2.0/subnets/8d59c876-0544-49eb-a077-f92821e90db6 HTTP/1.1" status: 204 len: 168 time: 0.2512472
2026-07-14 18:48:49.682 10 INFO neutron.db.ovn_revision_numbers_db [None req-46ad8c4f-14f6-4224-b308-a99c669ae8cb a76751fb022347e6ad996490b1890857 d8d6d082c61f4a50b23da9fd296a7327 - - default default] Successfully bumped revision number for resource 3a3c12a0-4c4e-4c21-a327-66208ac1f472 (type: security_group_rules) to 0
2026-07-14 18:48:49.693 9 INFO neutron.db.ovn_revision_numbers_db [None req-2358f532-876c-414b-a565-243c8f1d2e06 7e5e442939fc4200a3e8f574bae9c194 301558547aaa4d1d8d33b39f9e0227ae - - default default] Successfully bumped revision number for resource d6033638-1062-434a-be98-158979151ee1 (type: ports) to 1
2026-07-14 18:48:49.715 9 INFO neutron.wsgi [None req-2358f532-876c-414b-a565-243c8f1d2e06 7e5e442939fc4200a3e8f574bae9c194 301558547aaa4d1d8d33b39f9e0227ae - - default default] 10.0.0.70 "POST /v2.0/ports HTTP/1.1" status: 201 len: 942 time: 0.3896265
2026-07-14 18:48:49.721 10 INFO neutron.wsgi [None req-46ad8c4f-14f6-4224-b308-a99c669ae8cb a76751fb022347e6ad996490b1890857 d8d6d082c61f4a50b23da9fd296a7327 - - default default] 10.0.0.70 "POST /v2.0/security-group-rules HTTP/1.1" status: 201 len: 769 time: 0.2131569 /var/lib/openstack/lib/python3.10/site-packages/pycadf/identifier.py:71: UserWarning: Invalid uuid: neutron. To ensure interoperability, identifiers should be a valid uuid. warnings.warn(('Invalid uuid: %s. To ensure interoperability, '
2026-07-14 18:48:49.982 9 INFO neutron.wsgi [None req-6c7397dd-6932-4f7d-b5f0-8a83cc76a238 7e5e442939fc4200a3e8f574bae9c194 301558547aaa4d1d8d33b39f9e0227ae - - default default] 10.0.0.70 "POST /v2.0/trunks HTTP/1.1" status: 201 len: 608 time: 0.2604673
2026-07-14 18:48:50.077 9 INFO neutron.db.segments_db [None req-2ced76fa-6184-412d-b3d5-2146f60b6629 7e5e442939fc4200a3e8f574bae9c194 301558547aaa4d1d8d33b39f9e0227ae - - default default] Added segment 24f42d3f-24d6-4931-8697-53cace751b6d of type geneve for network cf157011-ecd9-4f0d-80ea-fa62ea70d8b8
2026-07-14 18:48:50.103 10 INFO neutron.services.segments.plugin [-] Segment 89eec005-53af-4cfd-becf-2b55ea0712b2 resource provider aggregate not found
2026-07-14 18:48:50.108 10 INFO neutron.services.segments.plugin [-] Segment 89eec005-53af-4cfd-becf-2b55ea0712b2 resource provider aggregate not found
2026-07-14 18:48:50.119 10 INFO neutron.services.segments.plugin [-] Segment 89eec005-53af-4cfd-becf-2b55ea0712b2 resource provider not found; error: Placement Client Error (4xx): {"errors": [{"status": 404, "title": "Not Found", "detail": "The resource could not be found.\n\n No resource provider with uuid 89eec005-53af-4cfd-becf-2b55ea0712b2 found for delete ", "request_id": "req-2ca878b5-28b0-4da1-b9d6-0f76ea687d51"}]}
2026-07-14 18:48:50.133 10 INFO neutron.services.segments.plugin [-] Segment 89eec005-53af-4cfd-becf-2b55ea0712b2 resource provider not found; error: Placement Client Error (4xx): {"errors": [{"status": 404, "title": "Not Found", "detail": "The resource could not be found.\n\n No resource provider with uuid 89eec005-53af-4cfd-becf-2b55ea0712b2 found for delete ", "request_id": "req-cf93278c-3554-4464-8b24-ca099737a610"}]}
2026-07-14 18:48:50.149 10 WARNING neutron.scheduler.dhcp_agent_scheduler [None req-6f45021e-5119-48a8-b927-5d3aa0a1c09c a76751fb022347e6ad996490b1890857 d8d6d082c61f4a50b23da9fd296a7327 - - default default] No more DHCP agents
2026-07-14 18:48:50.152 10 WARNING neutron.api.rpc.agentnotifiers.dhcp_rpc_agent_api [None req-6f45021e-5119-48a8-b927-5d3aa0a1c09c a76751fb022347e6ad996490b1890857 d8d6d082c61f4a50b23da9fd296a7327 - - default default] Unable to schedule network e68dbe2d-7d1c-43f2-9db5-00f2d13b166c: no agents available; will retry on subsequent port and subnet creation events.
2026-07-14 18:48:50.167 10 INFO neutron.wsgi [None req-aff9aafb-1198-4731-89a4-3ca87c1dd195 72c5f0bc0db94412bece0ab9f01de6be c52e8e415a5942cf89d03a155f39df02 - - default default] 10.0.0.70 "DELETE /v2.0/networks/cf57dbab-020c-47c6-8ad5-3314162aa663 HTTP/1.1" status: 204 len: 168 time: 0.5521333
2026-07-14 18:48:50.446 9 INFO neutron.db.ovn_revision_numbers_db [None req-2ced76fa-6184-412d-b3d5-2146f60b6629 7e5e442939fc4200a3e8f574bae9c194 301558547aaa4d1d8d33b39f9e0227ae - - default default] Successfully bumped revision number for resource cf157011-ecd9-4f0d-80ea-fa62ea70d8b8 (type: networks) to 1
2026-07-14 18:48:50.553 9 INFO neutron.wsgi [-] 10.0.0.125 "GET / HTTP/1.1" status: 200 len: 246 time: 0.0012255
2026-07-14 18:48:50.555 9 INFO neutron.wsgi [-] 10.0.0.125 "GET / HTTP/1.1" status: 200 len: 246 time: 0.0009217
2026-07-14 18:48:50.564 10 INFO neutron.db.ovn_revision_numbers_db [None req-6f45021e-5119-48a8-b927-5d3aa0a1c09c a76751fb022347e6ad996490b1890857 d8d6d082c61f4a50b23da9fd296a7327 - - default default] Successfully bumped revision number for resource 42b1a835-c023-42ea-919d-2f35b86c860a (type: floatingips) to 0
2026-07-14 18:48:50.582 10 INFO neutron.wsgi [None req-6f45021e-5119-48a8-b927-5d3aa0a1c09c a76751fb022347e6ad996490b1890857 d8d6d082c61f4a50b23da9fd296a7327 - - default default] 10.0.0.70 "POST /v2.0/floatingips HTTP/1.1" status: 201 len: 751 time: 0.8561907
2026-07-14 18:48:50.651 10 INFO neutron.wsgi [None req-a67590fe-6481-4636-97ec-1af200ac42b6 72c5f0bc0db94412bece0ab9f01de6be c52e8e415a5942cf89d03a155f39df02 - - default default] 10.0.0.70 "DELETE /v2.0/networks/e4a58188-835e-4b30-a425-36b92d9b6df1 HTTP/1.1" status: 204 len: 168 time: 0.4755144
2026-07-14 18:48:50.659 9 WARNING neutron.scheduler.dhcp_agent_scheduler [None req-2ced76fa-6184-412d-b3d5-2146f60b6629 7e5e442939fc4200a3e8f574bae9c194 301558547aaa4d1d8d33b39f9e0227ae - - default default] No more DHCP agents
2026-07-14 18:48:50.671 9 WARNING neutron.api.rpc.agentnotifiers.dhcp_rpc_agent_api [None req-2ced76fa-6184-412d-b3d5-2146f60b6629 7e5e442939fc4200a3e8f574bae9c194 301558547aaa4d1d8d33b39f9e0227ae - - default default] Unable to schedule network cf157011-ecd9-4f0d-80ea-fa62ea70d8b8: no agents available; will retry on subsequent port and subnet creation events.
2026-07-14 18:48:50.715 10 INFO neutron.wsgi [req-b9fb65c8-064b-41b7-92ac-4765a90a816a req-dfcd0483-0371-4860-afcf-6ebb03c3edf2 fbdf7851f9c94b56ac70889996fcc51b 3c2831423196499c831ba94af63a04aa - - default default] 10.0.0.200 "GET /v2.0/ports?device_id=8579ab7a-0fb4-437e-b7ef-00522a2445ed HTTP/1.1" status: 200 len: 1172 time: 0.0818038
2026-07-14 18:48:50.757 10 INFO neutron.wsgi [req-b9fb65c8-064b-41b7-92ac-4765a90a816a req-ca6746bd-f457-4a81-b20a-081a58ac688d fbdf7851f9c94b56ac70889996fcc51b 3c2831423196499c831ba94af63a04aa - - default default] 10.0.0.200 "GET /v2.0/security-groups?id=470f63b7-42df-4e3b-bf8b-50dec4a88f7f&fields=id&fields=name HTTP/1.1" status: 200 len: 313 time: 0.0358820
2026-07-14 18:48:50.763 9 INFO neutron.wsgi [req-293c0311-ac75-48d0-91a8-f5dbc7b13499 req-4eabc92d-f0cb-4eaa-ba9d-b7ee35837216 a76751fb022347e6ad996490b1890857 d8d6d082c61f4a50b23da9fd296a7327 - - default default] 10.0.0.200 "GET /v2.0/security-groups?name=tempest-securitygroup--1831094498&fields=id&tenant_id=d8d6d082c61f4a50b23da9fd296a7327 HTTP/1.1" status: 200 len: 267 time: 0.0961077
2026-07-14 18:48:50.830 9 INFO neutron.db.segments_db [None req-d2ae0f6c-2bc6-4711-a948-c2616ad18f44 72c5f0bc0db94412bece0ab9f01de6be c52e8e415a5942cf89d03a155f39df02 - - default default] Added segment 2a7a8fa3-a4e3-458a-801c-18486c5cf3b6 of type geneve for network ef56bfaa-a6f9-4c6a-b55d-80f197604232
2026-07-14 18:48:50.845 9 INFO neutron.wsgi [req-293c0311-ac75-48d0-91a8-f5dbc7b13499 req-e56c6c68-9680-4bc0-82e7-3a942c4a6615 a76751fb022347e6ad996490b1890857 d8d6d082c61f4a50b23da9fd296a7327 - - default default] 10.0.0.200 "GET /v2.0/security-groups?name=tempest-secgroup-smoke-877509716&fields=id&tenant_id=d8d6d082c61f4a50b23da9fd296a7327 HTTP/1.1" status: 200 len: 267 time: 0.0712166
2026-07-14 18:48:50.868 9 INFO neutron.db.ovn_revision_numbers_db [None req-2ced76fa-6184-412d-b3d5-2146f60b6629 7e5e442939fc4200a3e8f574bae9c194 301558547aaa4d1d8d33b39f9e0227ae - - default default] Successfully bumped revision number for resource c0302bbd-90b7-4e13-a2c2-87067a4fe230 (type: ports) to 1
2026-07-14 18:48:50.933 9 INFO neutron.wsgi [None req-2ced76fa-6184-412d-b3d5-2146f60b6629 7e5e442939fc4200a3e8f574bae9c194 301558547aaa4d1d8d33b39f9e0227ae - - default default] 10.0.0.70 "POST /v2.0/networks HTTP/1.1" status: 201 len: 831 time: 0.9454055
2026-07-14 18:48:50.992 9 INFO neutron.wsgi [req-293c0311-ac75-48d0-91a8-f5dbc7b13499 req-239b15b9-d3b6-42d9-a65c-f7ef35c17b6e a76751fb022347e6ad996490b1890857 d8d6d082c61f4a50b23da9fd296a7327 - - default default] 10.0.0.200 "GET /v2.0/networks?id=343b1eb0-75c6-42bb-abb6-8f43cfa8a9f8 HTTP/1.1" status: 200 len: 871 time: 0.1361794
2026-07-14 18:48:51.020 9 INFO neutron.wsgi [req-293c0311-ac75-48d0-91a8-f5dbc7b13499 req-dc8ec074-a0d2-4618-95be-6b182856c517 a76751fb022347e6ad996490b1890857 d8d6d082c61f4a50b23da9fd296a7327 - - default default] 10.0.0.200 "GET /v2.0/quotas/d8d6d082c61f4a50b23da9fd296a7327 HTTP/1.1" status: 200 len: 386 time: 0.0177679
2026-07-14 18:48:51.125 9 INFO neutron.db.ovn_revision_numbers_db [None req-d2ae0f6c-2bc6-4711-a948-c2616ad18f44 72c5f0bc0db94412bece0ab9f01de6be c52e8e415a5942cf89d03a155f39df02 - - default default] Successfully bumped revision number for resource ef56bfaa-a6f9-4c6a-b55d-80f197604232 (type: networks) to 1
2026-07-14 18:48:51.140 9 INFO neutron.wsgi [None req-2ef873c1-7e65-4e9e-aaf5-20eb83b748e0 7bbe5fbbecb04c67aaf0e51e1e70f88f 1df9047b14b549089d81bf61621eaab4 - - default default] 10.0.0.37 "GET /v2.0/floatingips HTTP/1.1" status: 200 len: 1269 time: 0.1138327
2026-07-14 18:48:51.255 10 WARNING neutron.scheduler.dhcp_agent_scheduler [None req-f9d532c3-8d20-4a2e-a4f0-bd44a9710f2a 7e5e442939fc4200a3e8f574bae9c194 301558547aaa4d1d8d33b39f9e0227ae - - default default] No more DHCP agents
2026-07-14 18:48:51.257 10 WARNING neutron.api.rpc.agentnotifiers.dhcp_rpc_agent_api [None req-f9d532c3-8d20-4a2e-a4f0-bd44a9710f2a 7e5e442939fc4200a3e8f574bae9c194 301558547aaa4d1d8d33b39f9e0227ae - - default default] Unable to schedule network cf157011-ecd9-4f0d-80ea-fa62ea70d8b8: no agents available; will retry on subsequent port and subnet creation events.
2026-07-14 18:48:51.283 9 INFO neutron.wsgi [req-293c0311-ac75-48d0-91a8-f5dbc7b13499 req-54f5b995-92ed-45f1-a3ef-f901789f77dd a76751fb022347e6ad996490b1890857 d8d6d082c61f4a50b23da9fd296a7327 - - default default] 10.0.0.200 "GET /v2.0/ports?tenant_id=d8d6d082c61f4a50b23da9fd296a7327&fields=id HTTP/1.1" status: 200 len: 302 time: 0.2528098
2026-07-14 18:48:51.349 9 INFO neutron.wsgi [None req-e288641e-1cff-4df5-9f35-057c613eae95 7bbe5fbbecb04c67aaf0e51e1e70f88f 1df9047b14b549089d81bf61621eaab4 - - default default] 10.0.0.37 "GET /v2.0/routers HTTP/1.1" status: 200 len: 2201 time: 0.2045245
2026-07-14 18:48:51.354 10 INFO neutron.db.ovn_revision_numbers_db [None req-f9d532c3-8d20-4a2e-a4f0-bd44a9710f2a 7e5e442939fc4200a3e8f574bae9c194 301558547aaa4d1d8d33b39f9e0227ae - - default default] Successfully bumped revision number for resource 23717018-8c6e-480d-81e6-59d7df9feecb (type: ports) to 1
2026-07-14 18:48:51.377 10 INFO neutron.wsgi [None req-f9d532c3-8d20-4a2e-a4f0-bd44a9710f2a 7e5e442939fc4200a3e8f574bae9c194 301558547aaa4d1d8d33b39f9e0227ae - - default default] 10.0.0.70 "POST /v2.0/ports HTTP/1.1" status: 201 len: 942 time: 0.4278080 /var/lib/openstack/lib/python3.10/site-packages/pycadf/identifier.py:71: UserWarning: Invalid uuid: neutron. To ensure interoperability, identifiers should be a valid uuid. warnings.warn(('Invalid uuid: %s. To ensure interoperability, '
2026-07-14 18:48:51.391 9 INFO neutron.wsgi [None req-5cbb0e59-8ebb-4a85-9faf-719ec9bbfd92 7bbe5fbbecb04c67aaf0e51e1e70f88f 1df9047b14b549089d81bf61621eaab4 - - default default] 10.0.0.37 "GET /v2.0/agents?binary=ovn-controller HTTP/1.1" status: 200 len: 591 time: 0.0377266
2026-07-14 18:48:51.433 9 INFO neutron.wsgi [req-293c0311-ac75-48d0-91a8-f5dbc7b13499 req-6a6b740a-3a40-4b08-8fb5-6f6d8b73f0e1 bc039332a626462b80a111b4b2ecb280 929db5240b3249239d5e1afb01ba49bf - - 836454d2791c49c1902648f62b0f7497 836454d2791c49c1902648f62b0f7497] 10.0.0.200 "GET /v2.0/networks/343b1eb0-75c6-42bb-abb6-8f43cfa8a9f8?fields=segments HTTP/1.1" status: 200 len: 212 time: 0.1345501
2026-07-14 18:48:51.455 9 INFO neutron.wsgi [None req-3159a278-b076-4c73-8074-626b53c341a8 7bbe5fbbecb04c67aaf0e51e1e70f88f 1df9047b14b549089d81bf61621eaab4 - - default default] 10.0.0.37 "GET /v2.0/subnets HTTP/1.1" status: 200 len: 3385 time: 0.0620790
2026-07-14 18:48:51.482 9 INFO neutron.wsgi [None req-71650056-6d2e-48bb-b9d8-c68e45068a3b 7bbe5fbbecb04c67aaf0e51e1e70f88f 1df9047b14b549089d81bf61621eaab4 - - default default] 10.0.0.37 "GET /v2.0/subnetpools HTTP/1.1" status: 200 len: 193 time: 0.0223708
2026-07-14 18:48:51.533 9 WARNING neutron.scheduler.dhcp_agent_scheduler [None req-d2ae0f6c-2bc6-4711-a948-c2616ad18f44 72c5f0bc0db94412bece0ab9f01de6be c52e8e415a5942cf89d03a155f39df02 - - default default] No more DHCP agents
2026-07-14 18:48:51.546 9 WARNING neutron.api.rpc.agentnotifiers.dhcp_rpc_agent_api [None req-d2ae0f6c-2bc6-4711-a948-c2616ad18f44 72c5f0bc0db94412bece0ab9f01de6be c52e8e415a5942cf89d03a155f39df02 - - default default] Unable to schedule network ef56bfaa-a6f9-4c6a-b55d-80f197604232: no agents available; will retry on subsequent port and subnet creation events.
2026-07-14 18:48:51.572 9 INFO neutron.wsgi [req-293c0311-ac75-48d0-91a8-f5dbc7b13499 req-032572b1-382f-4765-a76f-eb0131168eba bc039332a626462b80a111b4b2ecb280 929db5240b3249239d5e1afb01ba49bf - - 836454d2791c49c1902648f62b0f7497 836454d2791c49c1902648f62b0f7497] 10.0.0.200 "GET /v2.0/networks/343b1eb0-75c6-42bb-abb6-8f43cfa8a9f8?fields=provider%3Aphysical_network&fields=provider%3Anetwork_type HTTP/1.1" status: 200 len: 277 time: 0.1333740
2026-07-14 18:48:51.577 9 INFO neutron.wsgi [None req-966378f6-6e5c-4bad-aedc-827c84f9f77a 7bbe5fbbecb04c67aaf0e51e1e70f88f 1df9047b14b549089d81bf61621eaab4 - - default default] 10.0.0.37 "GET /v2.0/ports HTTP/1.1" status: 200 len: 23836 time: 0.0912111
2026-07-14 18:48:51.731 9 INFO neutron.wsgi [None req-0ce12d9b-b913-4c24-8697-039cd2136172 7bbe5fbbecb04c67aaf0e51e1e70f88f 1df9047b14b549089d81bf61621eaab4 - - default default] 10.0.0.37 "GET /v2.0/networks HTTP/1.1" status: 200 len: 6730 time: 0.1319289
2026-07-14 18:48:51.762 10 INFO neutron.wsgi [req-666ac830-3ef9-4984-8ca9-fb5e952e9b46 req-875c2e90-f5a7-40f1-8bb0-e9db647c00cf a76751fb022347e6ad996490b1890857 d8d6d082c61f4a50b23da9fd296a7327 - - default default] 10.0.0.200 "GET /v2.0/ports?device_id=de06d98b-24b5-497e-937b-16fe342ee26a HTTP/1.1" status: 200 len: 210 time: 0.0349128
2026-07-14 18:48:51.770 9 INFO neutron.db.ovn_revision_numbers_db [None req-d2ae0f6c-2bc6-4711-a948-c2616ad18f44 72c5f0bc0db94412bece0ab9f01de6be c52e8e415a5942cf89d03a155f39df02 - - default default] Successfully bumped revision number for resource 2936ebde-289d-4992-b4c6-59d79c1c1d9e (type: ports) to 1
2026-07-14 18:48:51.790 9 INFO neutron.wsgi [None req-f1a9626d-81d0-47fa-bd1b-dd8a2648c6ab 7bbe5fbbecb04c67aaf0e51e1e70f88f 1df9047b14b549089d81bf61621eaab4 - - default default] 10.0.0.37 "GET /v2.0/subnets HTTP/1.1" status: 200 len: 3385 time: 0.0499325
2026-07-14 18:48:51.807 9 INFO neutron.wsgi [None req-d2ae0f6c-2bc6-4711-a948-c2616ad18f44 72c5f0bc0db94412bece0ab9f01de6be c52e8e415a5942cf89d03a155f39df02 - - default default] 10.0.0.70 "POST /v2.0/networks HTTP/1.1" status: 201 len: 829 time: 1.1498995
2026-07-14 18:48:51.813 9 INFO neutron.wsgi [None req-90f8e59c-5ab3-42c9-88fc-24c6aa7e26fd 7bbe5fbbecb04c67aaf0e51e1e70f88f 1df9047b14b549089d81bf61621eaab4 - - default default] 10.0.0.37 "GET /v2.0/agents HTTP/1.1" status: 200 len: 997 time: 0.0206308
2026-07-14 18:48:51.974 10 INFO neutron.wsgi [None req-7e471cdc-4620-418f-b1cd-d30400cb9a5f 7e5e442939fc4200a3e8f574bae9c194 301558547aaa4d1d8d33b39f9e0227ae - - default default] 10.0.0.70 "POST /v2.0/trunks HTTP/1.1" status: 201 len: 608 time: 0.5902174
2026-07-14 18:48:51.981 9 INFO neutron.wsgi [None req-3dea5199-907c-4ddb-b7be-3b3203fc691d 7bbe5fbbecb04c67aaf0e51e1e70f88f 1df9047b14b549089d81bf61621eaab4 - - default default] 10.0.0.37 "GET /v2.0/security-groups HTTP/1.1" status: 200 len: 48724 time: 0.1660969
2026-07-14 18:48:52.037 9 INFO neutron.wsgi [None req-63c9fb95-3dd9-4670-af3a-7bb8a65b2828 7bbe5fbbecb04c67aaf0e51e1e70f88f 1df9047b14b549089d81bf61621eaab4 - - default default] 10.0.0.37 "GET /v2.0/network-ip-availabilities HTTP/1.1" status: 200 len: 3471 time: 0.0417516
2026-07-14 18:48:52.060 9 INFO neutron.wsgi [req-36bcf596-8429-4863-8d75-d75a073b6009 req-40305b1d-01b8-49a9-941d-b65ae487e0ee fbdf7851f9c94b56ac70889996fcc51b 3c2831423196499c831ba94af63a04aa - - default default] 10.0.0.200 "GET /v2.0/ports?device_id=8579ab7a-0fb4-437e-b7ef-00522a2445ed HTTP/1.1" status: 200 len: 1172 time: 0.2118242
2026-07-14 18:48:52.089 10 INFO neutron.db.segments_db [None req-557351f5-e6d2-4160-b76d-361244a78ca2 7e5e442939fc4200a3e8f574bae9c194 301558547aaa4d1d8d33b39f9e0227ae - - default default] Added segment 30512c33-4217-429a-861b-d36c292b6651 of type geneve for network 86e98eeb-b5e8-44f6-8ae5-5af26efc87bd
2026-07-14 18:48:52.143 9 INFO neutron.wsgi [req-36bcf596-8429-4863-8d75-d75a073b6009 req-aaca5ef6-8bd7-4bac-b5e5-e22dfcccf113 fbdf7851f9c94b56ac70889996fcc51b 3c2831423196499c831ba94af63a04aa - - default default] 10.0.0.200 "GET /v2.0/security-groups?id=470f63b7-42df-4e3b-bf8b-50dec4a88f7f&fields=id&fields=name HTTP/1.1" status: 200 len: 313 time: 0.0747225
2026-07-14 18:48:52.145 10 INFO neutron.services.segments.plugin [-] Segment db0d02b9-2f8c-400f-b643-0d97ba943b6d resource provider aggregate not found
2026-07-14 18:48:52.165 10 INFO neutron.services.segments.plugin [-] Segment db0d02b9-2f8c-400f-b643-0d97ba943b6d resource provider aggregate not found
2026-07-14 18:48:52.174 10 INFO neutron.services.segments.plugin [-] Segment db0d02b9-2f8c-400f-b643-0d97ba943b6d resource provider not found; error: Placement Client Error (4xx): {"errors": [{"status": 404, "title": "Not Found", "detail": "The resource could not be found.\n\n No resource provider with uuid db0d02b9-2f8c-400f-b643-0d97ba943b6d found for delete ", "request_id": "req-8baafdfb-3a04-4cd5-a59e-aca522eb32b2"}]}
2026-07-14 18:48:52.198 10 INFO neutron.services.segments.plugin [-] Segment db0d02b9-2f8c-400f-b643-0d97ba943b6d resource provider not found; error: Placement Client Error (4xx): {"errors": [{"status": 404, "title": "Not Found", "detail": "The resource could not be found.\n\n No resource provider with uuid db0d02b9-2f8c-400f-b643-0d97ba943b6d found for delete ", "request_id": "req-b71636b4-07b1-4880-81c6-f1d5621540f4"}]}
2026-07-14 18:48:52.324 10 INFO neutron.db.ovn_revision_numbers_db [None req-557351f5-e6d2-4160-b76d-361244a78ca2 7e5e442939fc4200a3e8f574bae9c194 301558547aaa4d1d8d33b39f9e0227ae - - default default] Successfully bumped revision number for resource 86e98eeb-b5e8-44f6-8ae5-5af26efc87bd (type: networks) to 1
2026-07-14 18:48:52.437 10 WARNING neutron.plugins.ml2.drivers.ovn.mech_driver.ovsdb.ovn_client [None req-7ccc5585-02c5-47af-ba20-a251c21aa15d - - - - - -] No port found with ID a746f319-ee0f-49b1-8c74-44477812afd0: RuntimeError: No port found with ID a746f319-ee0f-49b1-8c74-44477812afd0
2026-07-14 18:48:52.438 10 INFO neutron.plugins.ml2.drivers.ovn.mech_driver.mech_driver [None req-7ccc5585-02c5-47af-ba20-a251c21aa15d - - - - - -] OVN reports status up for port: 705c8832-a58e-4bdf-a800-4ea486ce9a41
2026-07-14 18:48:52.447 10 INFO neutron.plugins.ml2.plugin [None req-7ccc5585-02c5-47af-ba20-a251c21aa15d - - - - - -] Attempt 1 to provision port 705c8832-a58e-4bdf-a800-4ea486ce9a41
2026-07-14 18:48:52.507 9 WARNING neutron.scheduler.dhcp_agent_scheduler [None req-1f4619ec-3170-4ec4-a139-7374b92bbc54 72c5f0bc0db94412bece0ab9f01de6be c52e8e415a5942cf89d03a155f39df02 - - default default] No more DHCP agents
2026-07-14 18:48:52.510 9 WARNING neutron.api.rpc.agentnotifiers.dhcp_rpc_agent_api [None req-1f4619ec-3170-4ec4-a139-7374b92bbc54 72c5f0bc0db94412bece0ab9f01de6be c52e8e415a5942cf89d03a155f39df02 - - default default] Unable to schedule network ef56bfaa-a6f9-4c6a-b55d-80f197604232: no agents available; will retry on subsequent port and subnet creation events.
2026-07-14 18:48:52.540 10 WARNING neutron.scheduler.dhcp_agent_scheduler [None req-557351f5-e6d2-4160-b76d-361244a78ca2 7e5e442939fc4200a3e8f574bae9c194 301558547aaa4d1d8d33b39f9e0227ae - - default default] No more DHCP agents
2026-07-14 18:48:52.542 10 WARNING neutron.api.rpc.agentnotifiers.dhcp_rpc_agent_api [None req-557351f5-e6d2-4160-b76d-361244a78ca2 7e5e442939fc4200a3e8f574bae9c194 301558547aaa4d1d8d33b39f9e0227ae - - default default] Unable to schedule network 86e98eeb-b5e8-44f6-8ae5-5af26efc87bd: no agents available; will retry on subsequent port and subnet creation events.
2026-07-14 18:48:52.663 10 INFO neutron.db.ovn_revision_numbers_db [None req-557351f5-e6d2-4160-b76d-361244a78ca2 7e5e442939fc4200a3e8f574bae9c194 301558547aaa4d1d8d33b39f9e0227ae - - default default] Successfully bumped revision number for resource 2bbdb106-92bf-47c5-81c6-02e2c2e6631a (type: ports) to 1
2026-07-14 18:48:52.689 10 INFO neutron.wsgi [None req-557351f5-e6d2-4160-b76d-361244a78ca2 7e5e442939fc4200a3e8f574bae9c194 301558547aaa4d1d8d33b39f9e0227ae - - default default] 10.0.0.70 "POST /v2.0/networks HTTP/1.1" status: 201 len: 830 time: 0.7093778
2026-07-14 18:48:52.746 9 INFO neutron.wsgi [req-293c0311-ac75-48d0-91a8-f5dbc7b13499 req-2cc34398-3123-419e-9406-3732b196ed0c a76751fb022347e6ad996490b1890857 d8d6d082c61f4a50b23da9fd296a7327 - - default default] 199.204.45.210 "GET /v2.0/networks?id=343b1eb0-75c6-42bb-abb6-8f43cfa8a9f8 HTTP/1.1" status: 200 len: 871 time: 0.1054926
2026-07-14 18:48:52.813 9 INFO neutron.wsgi [req-293c0311-ac75-48d0-91a8-f5dbc7b13499 req-47c4f666-521c-49f1-95ed-e7af10753924 a76751fb022347e6ad996490b1890857 d8d6d082c61f4a50b23da9fd296a7327 - - default default] 199.204.45.210 "GET /v2.0/security-groups?fields=id&fields=name&tenant_id=d8d6d082c61f4a50b23da9fd296a7327 HTTP/1.1" status: 200 len: 472 time: 0.0615413
2026-07-14 18:48:52.867 10 INFO neutron.db.ovn_revision_numbers_db [None req-7ccc5585-02c5-47af-ba20-a251c21aa15d - - - - - -] Successfully bumped revision number for resource 705c8832-a58e-4bdf-a800-4ea486ce9a41 (type: ports) to 2
2026-07-14 18:48:52.889 10 INFO neutron.wsgi [req-73edd56b-9d39-4496-9e44-0f7ab355143f req-8915471a-1891-4f20-88f6-648b43617de6 a76751fb022347e6ad996490b1890857 d8d6d082c61f4a50b23da9fd296a7327 - - default default] 10.0.0.200 "GET /v2.0/ports?device_id=de06d98b-24b5-497e-937b-16fe342ee26a HTTP/1.1" status: 200 len: 210 time: 0.0432796
2026-07-14 18:48:53.061 10 WARNING neutron.scheduler.dhcp_agent_scheduler [None req-e1808c77-3635-4d09-ade4-8f3995e78eee 7e5e442939fc4200a3e8f574bae9c194 301558547aaa4d1d8d33b39f9e0227ae - - default default] No more DHCP agents
2026-07-14 18:48:53.061 10 INFO neutron.db.ovn_revision_numbers_db [None req-7ccc5585-02c5-47af-ba20-a251c21aa15d - - - - - -] Successfully bumped revision number for resource 705c8832-a58e-4bdf-a800-4ea486ce9a41 (type: router_ports) to 2
2026-07-14 18:48:53.064 10 WARNING neutron.api.rpc.agentnotifiers.dhcp_rpc_agent_api [None req-e1808c77-3635-4d09-ade4-8f3995e78eee 7e5e442939fc4200a3e8f574bae9c194 301558547aaa4d1d8d33b39f9e0227ae - - default default] Unable to schedule network 86e98eeb-b5e8-44f6-8ae5-5af26efc87bd: no agents available; will retry on subsequent port and subnet creation events.
2026-07-14 18:48:53.172 10 INFO neutron.db.ovn_revision_numbers_db [None req-e1808c77-3635-4d09-ade4-8f3995e78eee 7e5e442939fc4200a3e8f574bae9c194 301558547aaa4d1d8d33b39f9e0227ae - - default default] Successfully bumped revision number for resource 0304509a-73a4-4366-a775-8cd05f3c7f14 (type: ports) to 1
2026-07-14 18:48:53.182 9 INFO neutron.db.ovn_revision_numbers_db [None req-1f4619ec-3170-4ec4-a139-7374b92bbc54 72c5f0bc0db94412bece0ab9f01de6be c52e8e415a5942cf89d03a155f39df02 - - default default] Successfully bumped revision number for resource 2936ebde-289d-4992-b4c6-59d79c1c1d9e (type: ports) to 2
2026-07-14 18:48:53.194 10 INFO neutron.wsgi [None req-e1808c77-3635-4d09-ade4-8f3995e78eee 7e5e442939fc4200a3e8f574bae9c194 301558547aaa4d1d8d33b39f9e0227ae - - default default] 10.0.0.70 "POST /v2.0/ports HTTP/1.1" status: 201 len: 942 time: 0.4985907 /var/lib/openstack/lib/python3.10/site-packages/pycadf/identifier.py:71: UserWarning: Invalid uuid: neutron. To ensure interoperability, identifiers should be a valid uuid. warnings.warn(('Invalid uuid: %s. To ensure interoperability, ' /var/lib/openstack/lib/python3.10/site-packages/pycadf/identifier.py:71: UserWarning: Invalid uuid: neutron. To ensure interoperability, identifiers should be a valid uuid. warnings.warn(('Invalid uuid: %s. To ensure interoperability, '
2026-07-14 18:48:53.242 9 INFO neutron.db.ovn_revision_numbers_db [None req-1f4619ec-3170-4ec4-a139-7374b92bbc54 72c5f0bc0db94412bece0ab9f01de6be c52e8e415a5942cf89d03a155f39df02 - - default default] Successfully bumped revision number for resource 429e0550-fc0e-480d-8804-399b37ff7bfb (type: subnets) to 0
2026-07-14 18:48:53.269 9 INFO neutron.wsgi [None req-1f4619ec-3170-4ec4-a139-7374b92bbc54 72c5f0bc0db94412bece0ab9f01de6be c52e8e415a5942cf89d03a155f39df02 - - default default] 10.0.0.70 "POST /v2.0/subnets HTTP/1.1" status: 201 len: 801 time: 1.4547632
2026-07-14 18:48:53.274 9 INFO neutron.wsgi [req-1af8495f-714f-4fbd-870f-03871b905d4d req-7ed811e6-74b5-40dd-9909-ba45c879b607 fbdf7851f9c94b56ac70889996fcc51b 3c2831423196499c831ba94af63a04aa - - default default] 10.0.0.200 "GET /v2.0/ports?device_id=8579ab7a-0fb4-437e-b7ef-00522a2445ed HTTP/1.1" status: 200 len: 1172 time: 0.0535367
