2026-07-14 18:47:20.068 9 INFO neutron.db.ovn_revision_numbers_db [None req-9611a5b6-8e55-43c7-b507-cafb0f839182 8754b36b87674dbc9e218ef2c737f3f7 eabea44008bb4ef79360a035ad831501 - - default default] Successfully bumped revision number for resource e6aa2a42-36e8-4e45-9cdc-ecae987579e7 (type: subnets) to 0
2026-07-14 18:47:20.072 10 INFO neutron.wsgi [None req-d767177d-f58a-4d47-b214-9b7a7bd05a59 332da28ba08947a0984c08ac2046e65e 62fcb8cae15840e6964d4ce58b3cdb14 - - default default] 10.0.0.70 "POST /v2.0/subnets HTTP/1.1" status: 201 len: 821 time: 0.3296490
2026-07-14 18:47:20.123 9 INFO neutron.wsgi [req-a544694b-4a58-471c-ab8b-237f2ca838e9 req-96a4629b-cd89-44c9-9b96-f16c934be02b 35a244990d1e4451a9e1b56ddf6678f9 9b85230952644083a95c0601197ebcac - - default default] 10.0.0.200 "GET /v2.0/ports?device_id=aa70c9e0-e0ed-4a7c-ac8e-5c75a58b6200 HTTP/1.1" status: 200 len: 1160 time: 0.2304397 /var/lib/openstack/lib/python3.10/site-packages/pycadf/identifier.py:71: UserWarning: Invalid uuid: neutron. To ensure interoperability, identifiers should be a valid uuid. warnings.warn(('Invalid uuid: %s. To ensure interoperability, '
2026-07-14 18:47:20.157 9 WARNING neutron.scheduler.dhcp_agent_scheduler [None req-9611a5b6-8e55-43c7-b507-cafb0f839182 8754b36b87674dbc9e218ef2c737f3f7 eabea44008bb4ef79360a035ad831501 - - default default] No more DHCP agents
2026-07-14 18:47:20.169 9 WARNING neutron.api.rpc.agentnotifiers.dhcp_rpc_agent_api [None req-9611a5b6-8e55-43c7-b507-cafb0f839182 8754b36b87674dbc9e218ef2c737f3f7 eabea44008bb4ef79360a035ad831501 - - default default] Unable to schedule network 0915363f-0f64-4385-8392-20e24b2029be: no agents available; will retry on subsequent port and subnet creation events.
2026-07-14 18:47:20.235 10 INFO neutron.db.ovn_revision_numbers_db [None req-7cf613ed-f67d-4fd4-ab41-6f470ebc5c01 332da28ba08947a0984c08ac2046e65e 62fcb8cae15840e6964d4ce58b3cdb14 - - default default] Successfully bumped revision number for resource cadd18d3-4ae0-45b5-93b0-f3f6a4694b90 (type: routers) to 1
2026-07-14 18:47:20.237 9 INFO neutron.wsgi [req-a544694b-4a58-471c-ab8b-237f2ca838e9 req-049325ee-a28d-47db-8576-a223039b41dc 35a244990d1e4451a9e1b56ddf6678f9 9b85230952644083a95c0601197ebcac - - default default] 10.0.0.200 "GET /v2.0/security-groups?id=482350b2-39bb-490f-8f4b-e6fd9b500406&fields=id&fields=name HTTP/1.1" status: 200 len: 286 time: 0.1065071
2026-07-14 18:47:20.250 10 INFO neutron.wsgi [None req-7cf613ed-f67d-4fd4-ab41-6f470ebc5c01 332da28ba08947a0984c08ac2046e65e 62fcb8cae15840e6964d4ce58b3cdb14 - - default default] 10.0.0.70 "POST /v2.0/routers HTTP/1.1" status: 201 len: 691 time: 0.1725831
2026-07-14 18:47:20.415 9 INFO neutron.db.ovn_revision_numbers_db [req-bb21743d-44a9-4170-a2e3-cbfe84be2e38 req-4567c8c0-24b9-4565-ba4a-bbae068654cd bc039332a626462b80a111b4b2ecb280 929db5240b3249239d5e1afb01ba49bf - - 836454d2791c49c1902648f62b0f7497 836454d2791c49c1902648f62b0f7497] Successfully bumped revision number for resource eaa21e30-6b53-4fb9-ac1c-7a8eb1fb4325 (type: ports) to 2
2026-07-14 18:47:20.557 9 INFO neutron.wsgi [-] 10.0.0.125 "GET / HTTP/1.1" status: 200 len: 246 time: 0.0013666
2026-07-14 18:47:20.558 9 INFO neutron.wsgi [-] 10.0.0.125 "GET / HTTP/1.1" status: 200 len: 246 time: 0.0011263
2026-07-14 18:47:20.685 10 INFO neutron.services.segments.plugin [-] Segment 675d0685-a525-41c8-80de-3807ee97fc17 resource provider aggregate not found
2026-07-14 18:47:20.699 10 INFO neutron.services.segments.plugin [-] Segment 675d0685-a525-41c8-80de-3807ee97fc17 resource provider aggregate not found
2026-07-14 18:47:20.705 10 INFO neutron.services.segments.plugin [-] Segment 675d0685-a525-41c8-80de-3807ee97fc17 resource provider not found; error: Placement Client Error (4xx): {"errors": [{"status": 404, "title": "Not Found", "detail": "The resource could not be found.\n\n No resource provider with uuid 675d0685-a525-41c8-80de-3807ee97fc17 found for delete ", "request_id": "req-fb5ffbbf-af9e-452b-8cbe-f26d524c4039"}]}
2026-07-14 18:47:20.717 10 INFO neutron.services.segments.plugin [-] Segment 675d0685-a525-41c8-80de-3807ee97fc17 resource provider not found; error: Placement Client Error (4xx): {"errors": [{"status": 404, "title": "Not Found", "detail": "The resource could not be found.\n\n No resource provider with uuid 675d0685-a525-41c8-80de-3807ee97fc17 found for delete ", "request_id": "req-be57530f-f96f-46f9-9dc4-292eb13ab9ff"}]}
2026-07-14 18:47:20.804 10 WARNING neutron.scheduler.dhcp_agent_scheduler [None req-f6981f38-37ef-4f7d-ad9d-f98b1ae2a451 332da28ba08947a0984c08ac2046e65e 62fcb8cae15840e6964d4ce58b3cdb14 - - default default] No more DHCP agents
2026-07-14 18:47:20.807 10 WARNING neutron.api.rpc.agentnotifiers.dhcp_rpc_agent_api [None req-f6981f38-37ef-4f7d-ad9d-f98b1ae2a451 332da28ba08947a0984c08ac2046e65e 62fcb8cae15840e6964d4ce58b3cdb14 - - default default] Unable to schedule network 16973c60-6e72-408f-ad61-458e56d7ff7b: no agents available; will retry on subsequent port and subnet creation events.
2026-07-14 18:47:20.853 9 INFO neutron.db.ovn_revision_numbers_db [req-bb21743d-44a9-4170-a2e3-cbfe84be2e38 req-4567c8c0-24b9-4565-ba4a-bbae068654cd bc039332a626462b80a111b4b2ecb280 929db5240b3249239d5e1afb01ba49bf - - 836454d2791c49c1902648f62b0f7497 836454d2791c49c1902648f62b0f7497] Successfully bumped revision number for resource eaa21e30-6b53-4fb9-ac1c-7a8eb1fb4325 (type: ports) to 2
2026-07-14 18:47:20.892 9 INFO neutron.wsgi [req-bb21743d-44a9-4170-a2e3-cbfe84be2e38 req-4567c8c0-24b9-4565-ba4a-bbae068654cd bc039332a626462b80a111b4b2ecb280 929db5240b3249239d5e1afb01ba49bf - - 836454d2791c49c1902648f62b0f7497 836454d2791c49c1902648f62b0f7497] 199.204.45.210 "PUT /v2.0/ports/eaa21e30-6b53-4fb9-ac1c-7a8eb1fb4325 HTTP/1.1" status: 200 len: 1380 time: 1.3000915
2026-07-14 18:47:20.947 9 INFO neutron.notifiers.nova [-] Nova event matching ['req-7948da76-e213-405b-830f-906a301da29d'] response: {'name': 'network-changed', 'server_uuid': 'aa70c9e0-e0ed-4a7c-ac8e-5c75a58b6200', 'tag': 'eaa21e30-6b53-4fb9-ac1c-7a8eb1fb4325', 'status': 'completed', 'code': 200} /var/lib/openstack/lib/python3.10/site-packages/pycadf/identifier.py:71: UserWarning: Invalid uuid: neutron. To ensure interoperability, identifiers should be a valid uuid. warnings.warn(('Invalid uuid: %s. To ensure interoperability, '
2026-07-14 18:47:20.952 10 INFO neutron.db.ovn_revision_numbers_db [None req-f6981f38-37ef-4f7d-ad9d-f98b1ae2a451 332da28ba08947a0984c08ac2046e65e 62fcb8cae15840e6964d4ce58b3cdb14 - - default default] Successfully bumped revision number for resource 34b898d0-cff6-4cc8-b37e-d5e3c2d33394 (type: ports) to 1
2026-07-14 18:47:20.983 10 INFO neutron.wsgi [None req-f6981f38-37ef-4f7d-ad9d-f98b1ae2a451 332da28ba08947a0984c08ac2046e65e 62fcb8cae15840e6964d4ce58b3cdb14 - - default default] 10.0.0.70 "POST /v2.0/ports HTTP/1.1" status: 201 len: 1163 time: 0.7277539 /var/lib/openstack/lib/python3.10/site-packages/pycadf/identifier.py:71: UserWarning: Invalid uuid: neutron. To ensure interoperability, identifiers should be a valid uuid. warnings.warn(('Invalid uuid: %s. To ensure interoperability, '
2026-07-14 18:47:21.275 9 INFO neutron.wsgi [req-bb21743d-44a9-4170-a2e3-cbfe84be2e38 req-8f1a9235-cbd9-4f7c-8177-08e9ae0ec0b9 bc039332a626462b80a111b4b2ecb280 929db5240b3249239d5e1afb01ba49bf - - 836454d2791c49c1902648f62b0f7497 836454d2791c49c1902648f62b0f7497] 199.204.45.210 "GET /v2.0/ports?tenant_id=9b85230952644083a95c0601197ebcac&device_id=aa70c9e0-e0ed-4a7c-ac8e-5c75a58b6200 HTTP/1.1" status: 200 len: 1411 time: 0.3314571
2026-07-14 18:47:21.311 9 INFO neutron.wsgi [req-bb21743d-44a9-4170-a2e3-cbfe84be2e38 req-02a4d3e8-be26-4730-ac9c-15966c881980 bc039332a626462b80a111b4b2ecb280 929db5240b3249239d5e1afb01ba49bf - - 836454d2791c49c1902648f62b0f7497 836454d2791c49c1902648f62b0f7497] 199.204.45.210 "GET /v2.0/floatingips?fixed_ip_address=10.100.0.11&port_id=eaa21e30-6b53-4fb9-ac1c-7a8eb1fb4325 HTTP/1.1" status: 200 len: 217 time: 0.0282710
2026-07-14 18:47:21.367 9 INFO neutron.wsgi [req-2d9252f3-a7f9-4696-87f8-468206f3f975 req-1bf5e555-a6c8-466e-80c5-a9698446a645 35a244990d1e4451a9e1b56ddf6678f9 9b85230952644083a95c0601197ebcac - - default default] 10.0.0.200 "GET /v2.0/ports?device_id=aa70c9e0-e0ed-4a7c-ac8e-5c75a58b6200 HTTP/1.1" status: 200 len: 1172 time: 0.0589850
2026-07-14 18:47:21.414 9 INFO neutron.wsgi [req-bb21743d-44a9-4170-a2e3-cbfe84be2e38 req-265a59f6-32cf-410d-ab50-bd3130fbe299 bc039332a626462b80a111b4b2ecb280 929db5240b3249239d5e1afb01ba49bf - - 836454d2791c49c1902648f62b0f7497 836454d2791c49c1902648f62b0f7497] 199.204.45.210 "GET /v2.0/subnets?id=42684977-ae6c-4c26-ab4b-0821e572e60e HTTP/1.1" status: 200 len: 870 time: 0.0883501
2026-07-14 18:47:21.436 10 INFO neutron.db.ovn_revision_numbers_db [None req-f2dd9659-7681-4bbd-b0cb-9708843d5c9b 332da28ba08947a0984c08ac2046e65e 62fcb8cae15840e6964d4ce58b3cdb14 - - default default] Successfully bumped revision number for resource 34b898d0-cff6-4cc8-b37e-d5e3c2d33394 (type: router_ports) to 2
2026-07-14 18:47:21.477 9 INFO neutron.db.ovn_revision_numbers_db [None req-9611a5b6-8e55-43c7-b507-cafb0f839182 8754b36b87674dbc9e218ef2c737f3f7 eabea44008bb4ef79360a035ad831501 - - default default] Successfully bumped revision number for resource 8e9e578b-9749-4626-a128-f0a6578cdafc (type: ports) to 2
2026-07-14 18:47:21.483 9 INFO neutron.wsgi [req-bb21743d-44a9-4170-a2e3-cbfe84be2e38 req-6113a8c1-711b-40b2-b2fd-1bbce76a5d46 bc039332a626462b80a111b4b2ecb280 929db5240b3249239d5e1afb01ba49bf - - 836454d2791c49c1902648f62b0f7497 836454d2791c49c1902648f62b0f7497] 199.204.45.210 "GET /v2.0/ports?network_id=6e1b69f8-898b-4bd9-80de-395e690fcbb1&device_owner=network%3Adhcp HTTP/1.1" status: 200 len: 210 time: 0.0443976
2026-07-14 18:47:21.520 9 INFO neutron.wsgi [req-2d9252f3-a7f9-4696-87f8-468206f3f975 req-ddd293f8-9828-4207-b08e-da65cfcede2e 35a244990d1e4451a9e1b56ddf6678f9 9b85230952644083a95c0601197ebcac - - default default] 10.0.0.200 "GET /v2.0/security-groups?id=482350b2-39bb-490f-8f4b-e6fd9b500406&fields=id&fields=name HTTP/1.1" status: 200 len: 286 time: 0.1359422
2026-07-14 18:47:21.570 9 INFO neutron.db.ovn_revision_numbers_db [None req-9611a5b6-8e55-43c7-b507-cafb0f839182 8754b36b87674dbc9e218ef2c737f3f7 eabea44008bb4ef79360a035ad831501 - - default default] Successfully bumped revision number for resource 3dd4b5c5-dfcd-45e1-8725-92a4fc1020ca (type: subnets) to 0
2026-07-14 18:47:21.594 9 INFO neutron.wsgi [req-bb21743d-44a9-4170-a2e3-cbfe84be2e38 req-743ea2f4-c38a-4c2b-9b20-a5ce0c83e3d2 bc039332a626462b80a111b4b2ecb280 929db5240b3249239d5e1afb01ba49bf - - 836454d2791c49c1902648f62b0f7497 836454d2791c49c1902648f62b0f7497] 199.204.45.210 "GET /v2.0/networks/6e1b69f8-898b-4bd9-80de-395e690fcbb1?fields=segments HTTP/1.1" status: 200 len: 212 time: 0.1020992
2026-07-14 18:47:21.602 9 INFO neutron.wsgi [None req-9611a5b6-8e55-43c7-b507-cafb0f839182 8754b36b87674dbc9e218ef2c737f3f7 eabea44008bb4ef79360a035ad831501 - - default default] 10.0.0.70 "POST /v2.0/subnets HTTP/1.1" status: 201 len: 1426 time: 3.2936192 /var/lib/openstack/lib/python3.10/site-packages/pycadf/identifier.py:71: UserWarning: Invalid uuid: neutron. To ensure interoperability, identifiers should be a valid uuid. warnings.warn(('Invalid uuid: %s. To ensure interoperability, '
2026-07-14 18:47:21.618 10 INFO neutron.db.ovn_revision_numbers_db [None req-f2dd9659-7681-4bbd-b0cb-9708843d5c9b 332da28ba08947a0984c08ac2046e65e 62fcb8cae15840e6964d4ce58b3cdb14 - - default default] Successfully bumped revision number for resource 34b898d0-cff6-4cc8-b37e-d5e3c2d33394 (type: ports) to 2
2026-07-14 18:47:21.657 10 INFO neutron.wsgi [None req-0095f5fe-7079-40fd-8ef6-4998dbdc3f92 8754b36b87674dbc9e218ef2c737f3f7 eabea44008bb4ef79360a035ad831501 - - default default] 10.0.0.70 "GET /v2.0/subnets HTTP/1.1" status: 200 len: 2034 time: 0.0474219
2026-07-14 18:47:21.696 9 INFO neutron.wsgi [req-bb21743d-44a9-4170-a2e3-cbfe84be2e38 req-89a79c77-2466-4b3a-b535-e98751af9a51 bc039332a626462b80a111b4b2ecb280 929db5240b3249239d5e1afb01ba49bf - - 836454d2791c49c1902648f62b0f7497 836454d2791c49c1902648f62b0f7497] 199.204.45.210 "GET /v2.0/networks/6e1b69f8-898b-4bd9-80de-395e690fcbb1?fields=provider%3Aphysical_network&fields=provider%3Anetwork_type HTTP/1.1" status: 200 len: 277 time: 0.0925758
2026-07-14 18:47:21.806 9 INFO neutron.wsgi [req-efe08be6-63ec-4ef9-871f-0e23169841b6 req-01902e2e-be5c-4e6c-914f-71d8f6b8d5f2 bc039332a626462b80a111b4b2ecb280 929db5240b3249239d5e1afb01ba49bf - - 836454d2791c49c1902648f62b0f7497 836454d2791c49c1902648f62b0f7497] 199.204.45.210 "GET /v2.0/ports?tenant_id=9b85230952644083a95c0601197ebcac&device_id=aa70c9e0-e0ed-4a7c-ac8e-5c75a58b6200 HTTP/1.1" status: 200 len: 1411 time: 0.0656245
2026-07-14 18:47:21.922 9 INFO neutron.plugins.ml2.drivers.ovn.mech_driver.mech_driver [None req-715a825c-8b9b-440a-a22e-2dd40be042ea - - - - - -] OVN reports status up for port: eaa21e30-6b53-4fb9-ac1c-7a8eb1fb4325
2026-07-14 18:47:21.952 9 INFO neutron.plugins.ml2.plugin [None req-715a825c-8b9b-440a-a22e-2dd40be042ea - - - - - -] Attempt 1 to provision port eaa21e30-6b53-4fb9-ac1c-7a8eb1fb4325
2026-07-14 18:47:21.975 9 INFO neutron.wsgi [req-efe08be6-63ec-4ef9-871f-0e23169841b6 req-f7e014dd-eb7a-42f9-80ca-6a66ff3ea5b8 bc039332a626462b80a111b4b2ecb280 929db5240b3249239d5e1afb01ba49bf - - 836454d2791c49c1902648f62b0f7497 836454d2791c49c1902648f62b0f7497] 199.204.45.210 "GET /v2.0/networks?id=6e1b69f8-898b-4bd9-80de-395e690fcbb1 HTTP/1.1" status: 200 len: 975 time: 0.1588492
2026-07-14 18:47:22.032 9 INFO neutron.wsgi [req-efe08be6-63ec-4ef9-871f-0e23169841b6 req-0050167f-2364-48fa-9dc1-276036d0f378 bc039332a626462b80a111b4b2ecb280 929db5240b3249239d5e1afb01ba49bf - - 836454d2791c49c1902648f62b0f7497 836454d2791c49c1902648f62b0f7497] 199.204.45.210 "GET /v2.0/floatingips?fixed_ip_address=10.100.0.11&port_id=eaa21e30-6b53-4fb9-ac1c-7a8eb1fb4325 HTTP/1.1" status: 200 len: 217 time: 0.0502534
2026-07-14 18:47:22.129 9 INFO neutron.wsgi [req-efe08be6-63ec-4ef9-871f-0e23169841b6 req-3f395702-ef5c-432a-bddc-bc57f392ab08 bc039332a626462b80a111b4b2ecb280 929db5240b3249239d5e1afb01ba49bf - - 836454d2791c49c1902648f62b0f7497 836454d2791c49c1902648f62b0f7497] 199.204.45.210 "GET /v2.0/subnets?id=42684977-ae6c-4c26-ab4b-0821e572e60e HTTP/1.1" status: 200 len: 870 time: 0.0847249
2026-07-14 18:47:22.167 9 INFO neutron.wsgi [req-efe08be6-63ec-4ef9-871f-0e23169841b6 req-5b7650c8-c473-42f2-bcde-b08c1468e8e4 bc039332a626462b80a111b4b2ecb280 929db5240b3249239d5e1afb01ba49bf - - 836454d2791c49c1902648f62b0f7497 836454d2791c49c1902648f62b0f7497] 199.204.45.210 "GET /v2.0/ports?network_id=6e1b69f8-898b-4bd9-80de-395e690fcbb1&device_owner=network%3Adhcp HTTP/1.1" status: 200 len: 210 time: 0.0315087
2026-07-14 18:47:22.225 9 INFO neutron.wsgi [None req-7e60a35e-4160-4668-a038-412dcef60f07 8754b36b87674dbc9e218ef2c737f3f7 eabea44008bb4ef79360a035ad831501 - - default default] 10.0.0.70 "DELETE /v2.0/subnets/e6aa2a42-36e8-4e45-9cdc-ecae987579e7 HTTP/1.1" status: 204 len: 168 time: 0.5613441 /var/lib/openstack/lib/python3.10/site-packages/pycadf/identifier.py:71: UserWarning: Invalid uuid: neutron. To ensure interoperability, identifiers should be a valid uuid. warnings.warn(('Invalid uuid: %s. To ensure interoperability, '
2026-07-14 18:47:22.265 10 INFO neutron.db.ovn_revision_numbers_db [None req-f2dd9659-7681-4bbd-b0cb-9708843d5c9b 332da28ba08947a0984c08ac2046e65e 62fcb8cae15840e6964d4ce58b3cdb14 - - default default] Successfully bumped revision number for resource 34b898d0-cff6-4cc8-b37e-d5e3c2d33394 (type: router_ports) to 2
2026-07-14 18:47:22.302 9 INFO neutron.wsgi [req-efe08be6-63ec-4ef9-871f-0e23169841b6 req-a7d3736e-3fa3-4482-b2b1-ce0db45d7e0b bc039332a626462b80a111b4b2ecb280 929db5240b3249239d5e1afb01ba49bf - - 836454d2791c49c1902648f62b0f7497 836454d2791c49c1902648f62b0f7497] 199.204.45.210 "GET /v2.0/networks/6e1b69f8-898b-4bd9-80de-395e690fcbb1?fields=segments HTTP/1.1" status: 200 len: 212 time: 0.1279378 /var/lib/openstack/lib/python3.10/site-packages/pycadf/identifier.py:71: UserWarning: Invalid uuid: neutron. To ensure interoperability, identifiers should be a valid uuid. warnings.warn(('Invalid uuid: %s. To ensure interoperability, '
2026-07-14 18:47:22.368 9 INFO neutron.wsgi [None req-4b3ffd68-08f3-4a2b-94ea-56ca26ef5472 7bbe5fbbecb04c67aaf0e51e1e70f88f 1df9047b14b549089d81bf61621eaab4 - - default default] 10.0.0.70 "PUT /v2.0/routers/76c48618-4cbc-4f43-b3dd-65e9bf8aa201/remove_router_interface HTTP/1.1" status: 200 len: 503 time: 2.5332582
2026-07-14 18:47:22.429 9 INFO neutron.wsgi [req-efe08be6-63ec-4ef9-871f-0e23169841b6 req-fb26a6a4-dc69-4ab4-ad18-ac017870567e bc039332a626462b80a111b4b2ecb280 929db5240b3249239d5e1afb01ba49bf - - 836454d2791c49c1902648f62b0f7497 836454d2791c49c1902648f62b0f7497] 199.204.45.210 "GET /v2.0/networks/6e1b69f8-898b-4bd9-80de-395e690fcbb1?fields=provider%3Aphysical_network&fields=provider%3Anetwork_type HTTP/1.1" status: 200 len: 277 time: 0.0986884
2026-07-14 18:47:22.438 10 INFO neutron.db.ovn_revision_numbers_db [None req-f2dd9659-7681-4bbd-b0cb-9708843d5c9b 332da28ba08947a0984c08ac2046e65e 62fcb8cae15840e6964d4ce58b3cdb14 - - default default] Successfully bumped revision number for resource 34b898d0-cff6-4cc8-b37e-d5e3c2d33394 (type: ports) to 2
2026-07-14 18:47:22.534 9 INFO neutron.db.ovn_revision_numbers_db [None req-715a825c-8b9b-440a-a22e-2dd40be042ea - - - - - -] Successfully bumped revision number for resource eaa21e30-6b53-4fb9-ac1c-7a8eb1fb4325 (type: ports) to 4
2026-07-14 18:47:22.569 10 INFO neutron.wsgi [None req-4c0652ae-f3e6-4aeb-a41b-c9b1d3947687 8754b36b87674dbc9e218ef2c737f3f7 eabea44008bb4ef79360a035ad831501 - - default default] 10.0.0.70 "DELETE /v2.0/subnets/3dd4b5c5-dfcd-45e1-8725-92a4fc1020ca HTTP/1.1" status: 204 len: 168 time: 0.3360200
2026-07-14 18:47:22.617 10 WARNING neutron.scheduler.dhcp_agent_scheduler [None req-f2dd9659-7681-4bbd-b0cb-9708843d5c9b 332da28ba08947a0984c08ac2046e65e 62fcb8cae15840e6964d4ce58b3cdb14 - - default default] No more DHCP agents
2026-07-14 18:47:22.622 10 WARNING neutron.api.rpc.agentnotifiers.dhcp_rpc_agent_api [None req-f2dd9659-7681-4bbd-b0cb-9708843d5c9b 332da28ba08947a0984c08ac2046e65e 62fcb8cae15840e6964d4ce58b3cdb14 - - default default] Unable to schedule network 16973c60-6e72-408f-ad61-458e56d7ff7b: no agents available; will retry on subsequent port and subnet creation events.
2026-07-14 18:47:22.687 10 INFO neutron.wsgi [None req-408e0134-ffdc-4dfb-8d24-fcc3fe588f2b 8754b36b87674dbc9e218ef2c737f3f7 eabea44008bb4ef79360a035ad831501 - - default default] 10.0.0.70 "GET /v2.0/subnets HTTP/1.1" status: 200 len: 820 time: 0.1096172 /var/lib/openstack/lib/python3.10/site-packages/pycadf/identifier.py:71: UserWarning: Invalid uuid: neutron. To ensure interoperability, identifiers should be a valid uuid. warnings.warn(('Invalid uuid: %s. To ensure interoperability, '
2026-07-14 18:47:22.800 10 INFO neutron.wsgi [req-82b0d464-f3a7-4560-8118-ad57d308ab15 req-9f8f5c0b-b982-4d87-b3e2-044f94092e70 35a244990d1e4451a9e1b56ddf6678f9 9b85230952644083a95c0601197ebcac - - default default] 10.0.0.200 "GET /v2.0/ports?device_id=aa70c9e0-e0ed-4a7c-ac8e-5c75a58b6200 HTTP/1.1" status: 200 len: 1174 time: 0.2152684
2026-07-14 18:47:22.869 10 INFO neutron.wsgi [req-82b0d464-f3a7-4560-8118-ad57d308ab15 req-2f54c799-0786-4d8f-b288-0fd87affe291 35a244990d1e4451a9e1b56ddf6678f9 9b85230952644083a95c0601197ebcac - - default default] 10.0.0.200 "GET /v2.0/security-groups?id=482350b2-39bb-490f-8f4b-e6fd9b500406&fields=id&fields=name HTTP/1.1" status: 200 len: 286 time: 0.0599687
2026-07-14 18:47:22.962 10 INFO neutron.db.ovn_revision_numbers_db [None req-f2dd9659-7681-4bbd-b0cb-9708843d5c9b 332da28ba08947a0984c08ac2046e65e 62fcb8cae15840e6964d4ce58b3cdb14 - - default default] Successfully bumped revision number for resource 34b898d0-cff6-4cc8-b37e-d5e3c2d33394 (type: router_ports) to 2
2026-07-14 18:47:22.965 10 INFO neutron.wsgi [None req-f2dd9659-7681-4bbd-b0cb-9708843d5c9b 332da28ba08947a0984c08ac2046e65e 62fcb8cae15840e6964d4ce58b3cdb14 - - default default] 10.0.0.70 "PUT /v2.0/routers/cadd18d3-4ae0-45b5-93b0-f3f6a4694b90/add_router_interface HTTP/1.1" status: 200 len: 503 time: 1.9771194
2026-07-14 18:47:23.015 9 INFO neutron.notifiers.nova [-] Nova event matching ['req-e61c5f33-1429-4cae-84d3-733434cba56a'] response: {'server_uuid': 'aa70c9e0-e0ed-4a7c-ac8e-5c75a58b6200', 'name': 'network-vif-plugged', 'status': 'completed', 'tag': 'eaa21e30-6b53-4fb9-ac1c-7a8eb1fb4325', 'code': 200}
2026-07-14 18:47:23.015 9 INFO neutron.notifiers.nova [-] Nova event matching ['req-e61c5f33-1429-4cae-84d3-733434cba56a'] response: {'server_uuid': 'aa70c9e0-e0ed-4a7c-ac8e-5c75a58b6200', 'name': 'network-vif-plugged', 'status': 'completed', 'tag': 'eaa21e30-6b53-4fb9-ac1c-7a8eb1fb4325', 'code': 200}
2026-07-14 18:47:23.035 10 INFO neutron.wsgi [None req-a0badbef-48b6-4550-9f51-4df7efb97e98 332da28ba08947a0984c08ac2046e65e 62fcb8cae15840e6964d4ce58b3cdb14 - - default default] 10.0.0.70 "GET /v2.0/ports/34b898d0-cff6-4cc8-b37e-d5e3c2d33394 HTTP/1.1" status: 200 len: 1219 time: 0.0618973
2026-07-14 18:47:23.198 10 WARNING neutron.plugins.ml2.drivers.ovn.mech_driver.ovsdb.ovn_client [None req-7ccc5585-02c5-47af-ba20-a251c21aa15d - - - - - -] No hosting information found for port 666f612c-0a16-4ec1-8ed4-c5849e0e97ba: RuntimeError: No hosting information found for port 666f612c-0a16-4ec1-8ed4-c5849e0e97ba
2026-07-14 18:47:23.198 10 INFO neutron.plugins.ml2.drivers.ovn.mech_driver.mech_driver [None req-7ccc5585-02c5-47af-ba20-a251c21aa15d - - - - - -] OVN reports status down for port: 15e9b6a9-4372-4c43-af8e-20847a7bded2
2026-07-14 18:47:23.205 9 INFO neutron.services.segments.plugin [-] Segment 56580b32-34dd-409d-84a0-0b98762a3ee0 resource provider aggregate not found
2026-07-14 18:47:23.207 10 INFO neutron.plugins.ml2.drivers.ovn.mech_driver.mech_driver [None req-7ccc5585-02c5-47af-ba20-a251c21aa15d - - - - - -] OVN reports status up for port: 34b898d0-cff6-4cc8-b37e-d5e3c2d33394
2026-07-14 18:47:23.209 9 INFO neutron.services.segments.plugin [-] Segment 56580b32-34dd-409d-84a0-0b98762a3ee0 resource provider aggregate not found
2026-07-14 18:47:23.223 10 INFO neutron.plugins.ml2.plugin [None req-7ccc5585-02c5-47af-ba20-a251c21aa15d - - - - - -] Attempt 1 to provision port 34b898d0-cff6-4cc8-b37e-d5e3c2d33394
2026-07-14 18:47:23.237 9 INFO neutron.services.segments.plugin [-] Segment 56580b32-34dd-409d-84a0-0b98762a3ee0 resource provider not found; error: Placement Client Error (4xx): {"errors": [{"status": 404, "title": "Not Found", "detail": "The resource could not be found.\n\n No resource provider with uuid 56580b32-34dd-409d-84a0-0b98762a3ee0 found for delete ", "request_id": "req-bb99ded8-17c9-42da-92ee-553138a0ad05"}]}
2026-07-14 18:47:23.238 9 INFO neutron.services.segments.plugin [-] Segment 56580b32-34dd-409d-84a0-0b98762a3ee0 resource provider not found; error: Placement Client Error (4xx): {"errors": [{"status": 404, "title": "Not Found", "detail": "The resource could not be found.\n\n No resource provider with uuid 56580b32-34dd-409d-84a0-0b98762a3ee0 found for delete ", "request_id": "req-cbabe390-0469-4f05-a175-fcc70548fa34"}]}
2026-07-14 18:47:23.307 9 INFO neutron.wsgi [None req-1bcf50e7-e076-4a01-93a6-de1395b97a4f 8754b36b87674dbc9e218ef2c737f3f7 eabea44008bb4ef79360a035ad831501 - - default default] 10.0.0.70 "DELETE /v2.0/networks/0915363f-0f64-4385-8392-20e24b2029be HTTP/1.1" status: 204 len: 168 time: 0.6128469
2026-07-14 18:47:23.321 10 INFO neutron.wsgi [None req-b4639cc7-9f1a-4ebd-9677-d908e84aa27e 7bbe5fbbecb04c67aaf0e51e1e70f88f 1df9047b14b549089d81bf61621eaab4 - - default default] 10.0.0.70 "DELETE /v2.0/routers/76c48618-4cbc-4f43-b3dd-65e9bf8aa201 HTTP/1.1" status: 204 len: 168 time: 0.9457843 /var/lib/openstack/lib/python3.10/site-packages/pycadf/identifier.py:71: UserWarning: Invalid uuid: neutron. To ensure interoperability, identifiers should be a valid uuid. warnings.warn(('Invalid uuid: %s. To ensure interoperability, '
2026-07-14 18:47:23.702 9 INFO neutron.wsgi [None req-d0898bcd-63a3-47cb-90b0-a70c1b70f722 7bbe5fbbecb04c67aaf0e51e1e70f88f 1df9047b14b549089d81bf61621eaab4 - - default default] 10.0.0.70 "DELETE /v2.0/subnets/7d12ad6e-9721-48e0-9e46-e7e1c44d14f4 HTTP/1.1" status: 204 len: 168 time: 0.3762040
2026-07-14 18:47:23.782 10 INFO neutron.db.ovn_revision_numbers_db [None req-7ccc5585-02c5-47af-ba20-a251c21aa15d - - - - - -] Successfully bumped revision number for resource 34b898d0-cff6-4cc8-b37e-d5e3c2d33394 (type: ports) to 3
2026-07-14 18:47:23.937 10 ERROR neutron_lib.callbacks.manager [None req-7ccc5585-02c5-47af-ba20-a251c21aa15d - - - - - -] Error during notification for neutron.services.ovn_l3.plugin.OVNL3RouterPlugin._port_update-8734400798285 port, after_update: neutron.db.ovn_revision_numbers_db.StandardAttributeIDNotFound: Standard attribute ID not found for 34b898d0-cff6-4cc8-b37e-d5e3c2d33394
2026-07-14 18:47:23.937 10 ERROR neutron_lib.callbacks.manager
Traceback (most recent call last):
2026-07-14 18:47:23.937 10 ERROR neutron_lib.callbacks.manager
File "/var/lib/openstack/lib/python3.10/site-packages/neutron/db/ovn_revision_numbers_db.py", line 100, in _get_standard_attr_id
2026-07-14 18:47:23.937 10 ERROR neutron_lib.callbacks.manager id=resource_uuid).one()
2026-07-14 18:47:23.937 10 ERROR neutron_lib.callbacks.manager
File "/var/lib/openstack/lib/python3.10/site-packages/sqlalchemy/orm/query.py", line 2869, in one
2026-07-14 18:47:23.937 10 ERROR neutron_lib.callbacks.manager return self._iter().one()
2026-07-14 18:47:23.937 10 ERROR neutron_lib.callbacks.manager
File "/var/lib/openstack/lib/python3.10/site-packages/sqlalchemy/engine/result.py", line 1476, in one
2026-07-14 18:47:23.937 10 ERROR neutron_lib.callbacks.manager return self._only_one_row(
2026-07-14 18:47:23.937 10 ERROR neutron_lib.callbacks.manager
File "/var/lib/openstack/lib/python3.10/site-packages/sqlalchemy/engine/result.py", line 562, in _only_one_row
2026-07-14 18:47:23.937 10 ERROR neutron_lib.callbacks.manager raise exc.NoResultFound(
2026-07-14 18:47:23.937 10 ERROR neutron_lib.callbacks.manager sqlalchemy.exc.NoResultFound: No row was found when one was required
2026-07-14 18:47:23.937 10 ERROR neutron_lib.callbacks.manager
2026-07-14 18:47:23.937 10 ERROR neutron_lib.callbacks.manager During handling of the above exception, another exception occurred:
2026-07-14 18:47:23.937 10 ERROR neutron_lib.callbacks.manager
2026-07-14 18:47:23.937 10 ERROR neutron_lib.callbacks.manager
Traceback (most recent call last):
2026-07-14 18:47:23.937 10 ERROR neutron_lib.callbacks.manager
File "/var/lib/openstack/lib/python3.10/site-packages/neutron_lib/callbacks/manager.py", line 189, in _notify_loop
2026-07-14 18:47:23.937 10 ERROR neutron_lib.callbacks.manager callback.method(resource, event, trigger, payload=payload)
2026-07-14 18:47:23.937 10 ERROR neutron_lib.callbacks.manager
File "/var/lib/openstack/lib/python3.10/site-packages/neutron/services/ovn_l3/plugin.py", line 533, in _port_update
2026-07-14 18:47:23.937 10 ERROR neutron_lib.callbacks.manager l3plugin._ovn_client.update_router_port(context,
2026-07-14 18:47:23.937 10 ERROR neutron_lib.callbacks.manager
File "/var/lib/openstack/lib/python3.10/site-packages/neutron/plugins/ml2/drivers/ovn/mech_driver/ovsdb/ovn_client.py", line 1796, in update_router_port
2026-07-14 18:47:23.937 10 ERROR neutron_lib.callbacks.manager db_rev.bump_revision(
2026-07-14 18:47:23.937 10 ERROR neutron_lib.callbacks.manager
File "/var/lib/openstack/lib/python3.10/site-packages/neutron_lib/db/api.py", line 226, in wrapped
2026-07-14 18:47:23.937 10 ERROR neutron_lib.callbacks.manager return f_with_retry(*args, **kwargs,
2026-07-14 18:47:23.937 10 ERROR neutron_lib.callbacks.manager
File "/var/lib/openstack/lib/python3.10/site-packages/neutron_lib/db/api.py", line 140, in wrapped
2026-07-14 18:47:23.937 10 ERROR neutron_lib.callbacks.manager with excutils.save_and_reraise_exception():
2026-07-14 18:47:23.937 10 ERROR neutron_lib.callbacks.manager
File "/var/lib/openstack/lib/python3.10/site-packages/oslo_utils/excutils.py", line 227, in __exit__
2026-07-14 18:47:23.937 10 ERROR neutron_lib.callbacks.manager self.force_reraise()
2026-07-14 18:47:23.937 10 ERROR neutron_lib.callbacks.manager
File "/var/lib/openstack/lib/python3.10/site-packages/oslo_utils/excutils.py", line 200, in force_reraise
2026-07-14 18:47:23.937 10 ERROR neutron_lib.callbacks.manager raise self.value
2026-07-14 18:47:23.937 10 ERROR neutron_lib.callbacks.manager
File "/var/lib/openstack/lib/python3.10/site-packages/neutron_lib/db/api.py", line 138, in wrapped
2026-07-14 18:47:23.937 10 ERROR neutron_lib.callbacks.manager return f(*args, **kwargs)
2026-07-14 18:47:23.937 10 ERROR neutron_lib.callbacks.manager
File "/var/lib/openstack/lib/python3.10/site-packages/oslo_db/api.py", line 144, in wrapper
2026-07-14 18:47:23.937 10 ERROR neutron_lib.callbacks.manager with excutils.save_and_reraise_exception() as ectxt:
2026-07-14 18:47:23.937 10 ERROR neutron_lib.callbacks.manager
File "/var/lib/openstack/lib/python3.10/site-packages/oslo_utils/excutils.py", line 227, in __exit__
2026-07-14 18:47:23.937 10 ERROR neutron_lib.callbacks.manager self.force_reraise()
2026-07-14 18:47:23.937 10 ERROR neutron_lib.callbacks.manager
File "/var/lib/openstack/lib/python3.10/site-packages/oslo_utils/excutils.py", line 200, in force_reraise
2026-07-14 18:47:23.937 10 ERROR neutron_lib.callbacks.manager raise self.value
2026-07-14 18:47:23.937 10 ERROR neutron_lib.callbacks.manager
File "/var/lib/openstack/lib/python3.10/site-packages/oslo_db/api.py", line 142, in wrapper
2026-07-14 18:47:23.937 10 ERROR neutron_lib.callbacks.manager return f(*args, **kwargs)
2026-07-14 18:47:23.937 10 ERROR neutron_lib.callbacks.manager
File "/var/lib/openstack/lib/python3.10/site-packages/neutron_lib/db/api.py", line 186, in wrapped
2026-07-14 18:47:23.937 10 ERROR neutron_lib.callbacks.manager with excutils.save_and_reraise_exception():
2026-07-14 18:47:23.937 10 ERROR neutron_lib.callbacks.manager
File "/var/lib/openstack/lib/python3.10/site-packages/oslo_utils/excutils.py", line 227, in __exit__
2026-07-14 18:47:23.937 10 ERROR neutron_lib.callbacks.manager self.force_reraise()
2026-07-14 18:47:23.937 10 ERROR neutron_lib.callbacks.manager
File "/var/lib/openstack/lib/python3.10/site-packages/oslo_utils/excutils.py", line 200, in force_reraise
2026-07-14 18:47:23.937 10 ERROR neutron_lib.callbacks.manager raise self.value
2026-07-14 18:47:23.937 10 ERROR neutron_lib.callbacks.manager
File "/var/lib/openstack/lib/python3.10/site-packages/neutron_lib/db/api.py", line 184, in wrapped
2026-07-14 18:47:23.937 10 ERROR neutron_lib.callbacks.manager return f(*dup_args, **dup_kwargs)
2026-07-14 18:47:23.937 10 ERROR neutron_lib.callbacks.manager
File "/var/lib/openstack/lib/python3.10/site-packages/neutron/db/ovn_revision_numbers_db.py", line 186, in bump_revision
2026-07-14 18:47:23.937 10 ERROR neutron_lib.callbacks.manager std_attr_id = _get_standard_attr_id(context, resource['id'],
2026-07-14 18:47:23.937 10 ERROR neutron_lib.callbacks.manager
File "/var/lib/openstack/lib/python3.10/site-packages/neutron/db/ovn_revision_numbers_db.py", line 103, in _get_standard_attr_id
2026-07-14 18:47:23.937 10 ERROR neutron_lib.callbacks.manager raise StandardAttributeIDNotFound(resource_uuid=resource_uuid)
2026-07-14 18:47:23.937 10 ERROR neutron_lib.callbacks.manager neutron.db.ovn_revision_numbers_db.StandardAttributeIDNotFound: Standard attribute ID not found for 34b898d0-cff6-4cc8-b37e-d5e3c2d33394
2026-07-14 18:47:23.937 10 ERROR neutron_lib.callbacks.manager 
2026-07-14 18:47:23.940 10 ERROR ovsdbapp.backend.ovs_idl.command [None req-7ccc5585-02c5-47af-ba20-a251c21aa15d - - - - - -] Error executing command (LspGetUpCommand): ovsdbapp.backend.ovs_idl.idlutils.RowNotFound: Cannot find Logical_Switch_Port with name=34b898d0-cff6-4cc8-b37e-d5e3c2d33394
2026-07-14 18:47:23.940 10 ERROR ovsdbapp.backend.ovs_idl.command
Traceback (most recent call last):
2026-07-14 18:47:23.940 10 ERROR ovsdbapp.backend.ovs_idl.command
File "/var/lib/openstack/lib/python3.10/site-packages/ovsdbapp/backend/ovs_idl/command.py", line 47, in execute
2026-07-14 18:47:23.940 10 ERROR ovsdbapp.backend.ovs_idl.command self.run_idl(None)
2026-07-14 18:47:23.940 10 ERROR ovsdbapp.backend.ovs_idl.command
File "/var/lib/openstack/lib/python3.10/site-packages/ovsdbapp/schema/ovn_northbound/commands.py", line 650, in run_idl
2026-07-14 18:47:23.940 10 ERROR ovsdbapp.backend.ovs_idl.command lsp = self.api.lookup('Logical_Switch_Port', self.port)
2026-07-14 18:47:23.940 10 ERROR ovsdbapp.backend.ovs_idl.command
File "/var/lib/openstack/lib/python3.10/site-packages/ovsdbapp/backend/ovs_idl/__init__.py", line 183, in lookup
2026-07-14 18:47:23.940 10 ERROR ovsdbapp.backend.ovs_idl.command return self._lookup(table, record)
2026-07-14 18:47:23.940 10 ERROR ovsdbapp.backend.ovs_idl.command
File "/var/lib/openstack/lib/python3.10/site-packages/ovsdbapp/backend/ovs_idl/__init__.py", line 234, in _lookup
2026-07-14 18:47:23.940 10 ERROR ovsdbapp.backend.ovs_idl.command row = idlutils.row_by_value(self, rl.table, rl.column, record)
2026-07-14 18:47:23.940 10 ERROR ovsdbapp.backend.ovs_idl.command
File "/var/lib/openstack/lib/python3.10/site-packages/ovsdbapp/backend/ovs_idl/idlutils.py", line 114, in row_by_value
2026-07-14 18:47:23.940 10 ERROR ovsdbapp.backend.ovs_idl.command raise RowNotFound(table=table, col=column, match=match)
2026-07-14 18:47:23.940 10 ERROR ovsdbapp.backend.ovs_idl.command ovsdbapp.backend.ovs_idl.idlutils.RowNotFound: Cannot find Logical_Switch_Port with name=34b898d0-cff6-4cc8-b37e-d5e3c2d33394
2026-07-14 18:47:23.940 10 ERROR ovsdbapp.backend.ovs_idl.command 
2026-07-14 18:47:23.941 10 ERROR ovsdbapp.event [None req-7ccc5585-02c5-47af-ba20-a251c21aa15d - - - - - -] Unexpected exception in notify_loop: ovsdbapp.backend.ovs_idl.idlutils.RowNotFound: Cannot find Logical_Switch_Port with name=34b898d0-cff6-4cc8-b37e-d5e3c2d33394
2026-07-14 18:47:23.941 10 ERROR ovsdbapp.event
Traceback (most recent call last):
2026-07-14 18:47:23.941 10 ERROR ovsdbapp.event
File "/var/lib/openstack/lib/python3.10/site-packages/ovsdbapp/event.py", line 177, in notify_loop
2026-07-14 18:47:23.941 10 ERROR ovsdbapp.event match.run(event, row, updates)
2026-07-14 18:47:23.941 10 ERROR ovsdbapp.event
File "/var/lib/openstack/lib/python3.10/site-packages/neutron/plugins/ml2/drivers/ovn/mech_driver/ovsdb/ovsdb_monitor.py", line 512, in run
2026-07-14 18:47:23.941 10 ERROR ovsdbapp.event self.driver.set_port_status_up(row.name)
2026-07-14 18:47:23.941 10 ERROR ovsdbapp.event
File "/var/lib/openstack/lib/python3.10/site-packages/neutron/plugins/ml2/drivers/ovn/mech_driver/mech_driver.py", line 1185, in set_port_status_up
2026-07-14 18:47:23.941 10 ERROR ovsdbapp.event self._ovn_client.update_lsp_host_info(admin_context, db_port)
2026-07-14 18:47:23.941 10 ERROR ovsdbapp.event
File "/var/lib/openstack/lib/python3.10/site-packages/neutron/plugins/ml2/drivers/ovn/mech_driver/ovsdb/ovn_client.py", line 297, in update_lsp_host_info
2026-07-14 18:47:23.941 10 ERROR ovsdbapp.event port_up = self._nb_idl.lsp_get_up(db_port.id).execute(
2026-07-14 18:47:23.941 10 ERROR ovsdbapp.event
File "/var/lib/openstack/lib/python3.10/site-packages/ovsdbapp/backend/ovs_idl/command.py", line 47, in execute
2026-07-14 18:47:23.941 10 ERROR ovsdbapp.event self.run_idl(None)
2026-07-14 18:47:23.941 10 ERROR ovsdbapp.event
File "/var/lib/openstack/lib/python3.10/site-packages/ovsdbapp/schema/ovn_northbound/commands.py", line 650, in run_idl
2026-07-14 18:47:23.941 10 ERROR ovsdbapp.event lsp = self.api.lookup('Logical_Switch_Port', self.port)
2026-07-14 18:47:23.941 10 ERROR ovsdbapp.event
File "/var/lib/openstack/lib/python3.10/site-packages/ovsdbapp/backend/ovs_idl/__init__.py", line 183, in lookup
2026-07-14 18:47:23.941 10 ERROR ovsdbapp.event return self._lookup(table, record)
2026-07-14 18:47:23.941 10 ERROR ovsdbapp.event
File "/var/lib/openstack/lib/python3.10/site-packages/ovsdbapp/backend/ovs_idl/__init__.py", line 234, in _lookup
2026-07-14 18:47:23.941 10 ERROR ovsdbapp.event row = idlutils.row_by_value(self, rl.table, rl.column, record)
2026-07-14 18:47:23.941 10 ERROR ovsdbapp.event
File "/var/lib/openstack/lib/python3.10/site-packages/ovsdbapp/backend/ovs_idl/idlutils.py", line 114, in row_by_value
2026-07-14 18:47:23.941 10 ERROR ovsdbapp.event raise RowNotFound(table=table, col=column, match=match)
2026-07-14 18:47:23.941 10 ERROR ovsdbapp.event ovsdbapp.backend.ovs_idl.idlutils.RowNotFound: Cannot find Logical_Switch_Port with name=34b898d0-cff6-4cc8-b37e-d5e3c2d33394
2026-07-14 18:47:23.941 10 ERROR ovsdbapp.event 
2026-07-14 18:47:23.997 10 INFO neutron.wsgi [req-28bcb76d-5d74-4cf0-8667-d65fa4f27562 req-31a50ec5-4a1a-45c4-aa33-690a431f0c6d 35a244990d1e4451a9e1b56ddf6678f9 9b85230952644083a95c0601197ebcac - - default default] 10.0.0.200 "GET /v2.0/ports?device_id=aa70c9e0-e0ed-4a7c-ac8e-5c75a58b6200 HTTP/1.1" status: 200 len: 1174 time: 0.0602245
2026-07-14 18:47:24.048 10 INFO neutron.wsgi [req-28bcb76d-5d74-4cf0-8667-d65fa4f27562 req-c763f295-8e5c-4ff7-9451-12237911f7ec 35a244990d1e4451a9e1b56ddf6678f9 9b85230952644083a95c0601197ebcac - - default default] 10.0.0.200 "GET /v2.0/security-groups?id=482350b2-39bb-490f-8f4b-e6fd9b500406&fields=id&fields=name HTTP/1.1" status: 200 len: 286 time: 0.0455863
2026-07-14 18:47:24.192 10 INFO neutron.services.segments.plugin [-] Segment e2246e18-9d27-46dc-ad12-b2f7e92aa603 resource provider aggregate not found
2026-07-14 18:47:24.197 10 INFO neutron.services.segments.plugin [-] Segment e2246e18-9d27-46dc-ad12-b2f7e92aa603 resource provider aggregate not found
2026-07-14 18:47:24.215 10 INFO neutron.services.segments.plugin [-] Segment e2246e18-9d27-46dc-ad12-b2f7e92aa603 resource provider not found; error: Placement Client Error (4xx): {"errors": [{"status": 404, "title": "Not Found", "detail": "The resource could not be found.\n\n No resource provider with uuid e2246e18-9d27-46dc-ad12-b2f7e92aa603 found for delete ", "request_id": "req-6e7da3c1-8629-436d-973d-cf987d2d04d3"}]}
2026-07-14 18:47:24.222 10 INFO neutron.services.segments.plugin [-] Segment e2246e18-9d27-46dc-ad12-b2f7e92aa603 resource provider not found; error: Placement Client Error (4xx): {"errors": [{"status": 404, "title": "Not Found", "detail": "The resource could not be found.\n\n No resource provider with uuid e2246e18-9d27-46dc-ad12-b2f7e92aa603 found for delete ", "request_id": "req-339fc910-a5f1-42c7-ba70-9dc2806ca2ca"}]}
2026-07-14 18:47:24.230 9 INFO neutron.wsgi [None req-26769972-ec3e-4190-859e-048ad3287e00 332da28ba08947a0984c08ac2046e65e 62fcb8cae15840e6964d4ce58b3cdb14 - - default default] 10.0.0.70 "PUT /v2.0/routers/cadd18d3-4ae0-45b5-93b0-f3f6a4694b90/remove_router_interface HTTP/1.1" status: 200 len: 503 time: 1.1873741
2026-07-14 18:47:24.240 9 INFO neutron.wsgi [None req-b44d3450-5460-49da-8d2a-333adfdb36c2 8754b36b87674dbc9e218ef2c737f3f7 eabea44008bb4ef79360a035ad831501 - - default default] 10.0.0.70 "DELETE /v2.0/networks/fa6b9e69-b1d2-4e89-b416-8da60c632699 HTTP/1.1" status: 204 len: 168 time: 0.9265091
2026-07-14 18:47:24.279 10 INFO neutron.wsgi [None req-feb385d8-ece6-42d6-9e57-495e136c3624 7bbe5fbbecb04c67aaf0e51e1e70f88f 1df9047b14b549089d81bf61621eaab4 - - default default] 10.0.0.70 "DELETE /v2.0/networks/fdee7f85-47af-4d41-a5c4-1d8e10d3d22b HTTP/1.1" status: 204 len: 168 time: 0.5707181
2026-07-14 18:47:24.352 10 INFO neutron.api.v2.resource [None req-16de3d92-9ade-42de-8159-6dd0889b4a5e 332da28ba08947a0984c08ac2046e65e 62fcb8cae15840e6964d4ce58b3cdb14 - - default default] remove_router_interface failed (client error): The resource could not be found.
2026-07-14 18:47:24.353 10 INFO neutron.wsgi [None req-16de3d92-9ade-42de-8159-6dd0889b4a5e 332da28ba08947a0984c08ac2046e65e 62fcb8cae15840e6964d4ce58b3cdb14 - - default default] 10.0.0.70 "PUT /v2.0/routers/cadd18d3-4ae0-45b5-93b0-f3f6a4694b90/remove_router_interface HTTP/1.1" status: 404 len: 398 time: 0.1167669 /var/lib/openstack/lib/python3.10/site-packages/pycadf/identifier.py:71: UserWarning: Invalid uuid: neutron. To ensure interoperability, identifiers should be a valid uuid. warnings.warn(('Invalid uuid: %s. To ensure interoperability, '
2026-07-14 18:47:24.383 9 INFO neutron.wsgi [None req-103feaf3-2d1f-4c30-a729-2614843c445a 332da28ba08947a0984c08ac2046e65e 62fcb8cae15840e6964d4ce58b3cdb14 - - default default] 10.0.0.70 "GET /v2.0/ports?device_id=cadd18d3-4ae0-45b5-93b0-f3f6a4694b90 HTTP/1.1" status: 200 len: 205 time: 0.0247321
2026-07-14 18:47:24.428 9 INFO neutron.plugins.ml2.drivers.ovn.mech_driver.mech_driver [None req-715a825c-8b9b-440a-a22e-2dd40be042ea - - - - - -] OVN reports status down for port: eaa21e30-6b53-4fb9-ac1c-7a8eb1fb4325
2026-07-14 18:47:24.441 9 INFO neutron.wsgi [req-4aff51f3-2b89-4d6e-a03f-eccaa7b08366 req-1803c47f-9a24-4655-9e73-ab70cd07e212 35a244990d1e4451a9e1b56ddf6678f9 9b85230952644083a95c0601197ebcac - - default default] 10.0.0.200 "GET /v2.0/ports?device_id=aa70c9e0-e0ed-4a7c-ac8e-5c75a58b6200 HTTP/1.1" status: 200 len: 1174 time: 0.0567944
2026-07-14 18:47:24.457 10 INFO neutron.wsgi [None req-6ec46270-61f1-431a-836c-0bfa9066c89a 7bbe5fbbecb04c67aaf0e51e1e70f88f 1df9047b14b549089d81bf61621eaab4 - - default default] 10.0.0.70 "GET /v2.0/security-groups?tenant_id=cb13ab6acc6a4ecc80685c001f94cbd1&name=default HTTP/1.1" status: 200 len: 2996 time: 0.0809357
2026-07-14 18:47:24.505 9 INFO neutron.wsgi [req-4aff51f3-2b89-4d6e-a03f-eccaa7b08366 req-87a92da4-c75f-4e67-a956-1ff9f53c858a 35a244990d1e4451a9e1b56ddf6678f9 9b85230952644083a95c0601197ebcac - - default default] 10.0.0.200 "GET /v2.0/security-groups?id=482350b2-39bb-490f-8f4b-e6fd9b500406&fields=id&fields=name HTTP/1.1" status: 200 len: 286 time: 0.0546405
2026-07-14 18:47:24.652 10 INFO neutron.wsgi [None req-6a1826b5-8d9d-443a-8978-8660616baebd 332da28ba08947a0984c08ac2046e65e 62fcb8cae15840e6964d4ce58b3cdb14 - - default default] 10.0.0.70 "DELETE /v2.0/routers/cadd18d3-4ae0-45b5-93b0-f3f6a4694b90 HTTP/1.1" status: 204 len: 168 time: 0.2610948
2026-07-14 18:47:24.777 9 INFO neutron.wsgi [req-6fb42822-8353-434f-be49-f583da5cc9f0 req-b9e50cf9-be5f-4d48-aff5-6e94ccb3e865 35a244990d1e4451a9e1b56ddf6678f9 9b85230952644083a95c0601197ebcac - - default default] 199.204.45.210 "GET /v2.0/ports?device_id=aa70c9e0-e0ed-4a7c-ac8e-5c75a58b6200 HTTP/1.1" status: 200 len: 1172 time: 0.0796561
2026-07-14 18:47:24.820 10 INFO neutron.wsgi [None req-e5199a56-6ae8-4c7c-8bba-b6a669aff394 8754b36b87674dbc9e218ef2c737f3f7 eabea44008bb4ef79360a035ad831501 - - default default] 10.0.0.70 "DELETE /v2.0/networks/f1a9fc3b-6bf3-46cc-8ba9-bde6baf35407 HTTP/1.1" status: 204 len: 168 time: 0.5737495
2026-07-14 18:47:24.905 9 INFO neutron.wsgi [None req-a4331200-c57b-4171-823e-92e3d4845ff5 7bbe5fbbecb04c67aaf0e51e1e70f88f 1df9047b14b549089d81bf61621eaab4 - - default default] 10.0.0.70 "DELETE /v2.0/security-groups/1d612cd0-0bfd-43ce-8a8f-d52c59603988 HTTP/1.1" status: 204 len: 168 time: 0.4407973
2026-07-14 18:47:24.940 9 INFO neutron.db.ovn_revision_numbers_db [None req-715a825c-8b9b-440a-a22e-2dd40be042ea - - - - - -] Successfully bumped revision number for resource eaa21e30-6b53-4fb9-ac1c-7a8eb1fb4325 (type: ports) to 5
2026-07-14 18:47:25.068 9 INFO neutron.notifiers.nova [-] Nova event matching ['req-d334ed67-bd88-4439-b400-0ff92be06f8a'] response: {'server_uuid': 'aa70c9e0-e0ed-4a7c-ac8e-5c75a58b6200', 'name': 'network-vif-unplugged', 'status': 'completed', 'tag': 'eaa21e30-6b53-4fb9-ac1c-7a8eb1fb4325', 'code': 200}
2026-07-14 18:47:25.068 9 INFO neutron.notifiers.nova [-] Nova event matching ['req-d334ed67-bd88-4439-b400-0ff92be06f8a'] response: {'server_uuid': 'aa70c9e0-e0ed-4a7c-ac8e-5c75a58b6200', 'name': 'network-vif-plugged', 'status': 'completed', 'tag': 'eaa21e30-6b53-4fb9-ac1c-7a8eb1fb4325', 'code': 200}
2026-07-14 18:47:25.086 9 INFO neutron.wsgi [None req-2a581c5a-4090-4019-a59b-c48d6be4feca 332da28ba08947a0984c08ac2046e65e 62fcb8cae15840e6964d4ce58b3cdb14 - - default default] 10.0.0.70 "DELETE /v2.0/subnets/29a64fbd-81be-48cb-a899-d093a6c6a336 HTTP/1.1" status: 204 len: 168 time: 0.4262595
2026-07-14 18:47:25.233 9 INFO neutron.wsgi [req-6fb42822-8353-434f-be49-f583da5cc9f0 req-9a982f85-a9a8-4f32-9e86-543bb400aa75 35a244990d1e4451a9e1b56ddf6678f9 9b85230952644083a95c0601197ebcac - - default default] 199.204.45.210 "DELETE /v2.0/ports/eaa21e30-6b53-4fb9-ac1c-7a8eb1fb4325 HTTP/1.1" status: 204 len: 173 time: 0.4514849
2026-07-14 18:47:25.260 9 INFO neutron.services.segments.plugin [-] Segment 5f5f5b2e-23e9-41ff-9fc9-f601a1da0086 resource provider aggregate not found
2026-07-14 18:47:25.270 9 INFO neutron.services.segments.plugin [-] Segment 5f5f5b2e-23e9-41ff-9fc9-f601a1da0086 resource provider aggregate not found
2026-07-14 18:47:25.279 9 INFO neutron.services.segments.plugin [-] Segment 5f5f5b2e-23e9-41ff-9fc9-f601a1da0086 resource provider not found; error: Placement Client Error (4xx): {"errors": [{"status": 404, "title": "Not Found", "detail": "The resource could not be found.\n\n No resource provider with uuid 5f5f5b2e-23e9-41ff-9fc9-f601a1da0086 found for delete ", "request_id": "req-b54ebedc-48b2-4dd1-9cf1-55a0f39f257d"}]}
2026-07-14 18:47:25.283 10 INFO neutron.wsgi [None req-f5ee767b-3ef7-407c-890c-4012208147b2 8754b36b87674dbc9e218ef2c737f3f7 eabea44008bb4ef79360a035ad831501 - - default default] 10.0.0.70 "DELETE /v2.0/networks/e0fe5208-fe77-4d17-aa25-1571fec9aedc HTTP/1.1" status: 204 len: 168 time: 0.4562593
2026-07-14 18:47:25.291 9 INFO neutron.services.segments.plugin [-] Segment 5f5f5b2e-23e9-41ff-9fc9-f601a1da0086 resource provider not found; error: Placement Client Error (4xx): {"errors": [{"status": 404, "title": "Not Found", "detail": "The resource could not be found.\n\n No resource provider with uuid 5f5f5b2e-23e9-41ff-9fc9-f601a1da0086 found for delete ", "request_id": "req-96d6eab9-f696-452b-9068-0c26ea3d75f0"}]}
2026-07-14 18:47:25.510 10 INFO neutron.wsgi [None req-aaa0066b-2187-4d44-9f01-d6380e7e223c 332da28ba08947a0984c08ac2046e65e 62fcb8cae15840e6964d4ce58b3cdb14 - - default default] 10.0.0.70 "DELETE /v2.0/networks/16973c60-6e72-408f-ad61-458e56d7ff7b HTTP/1.1" status: 204 len: 168 time: 0.4182971 /var/lib/openstack/lib/python3.10/site-packages/pycadf/identifier.py:71: UserWarning: Invalid uuid: neutron. To ensure interoperability, identifiers should be a valid uuid. warnings.warn(('Invalid uuid: %s. To ensure interoperability, '
2026-07-14 18:47:25.607 9 INFO neutron.wsgi [req-093b31dc-2aa7-465e-80a1-a95cfa1ce0ba req-dc6fa8cc-69f3-4910-93cb-120327e3e167 35a244990d1e4451a9e1b56ddf6678f9 9b85230952644083a95c0601197ebcac - - default default] 10.0.0.200 "GET /v2.0/ports?device_id=aa70c9e0-e0ed-4a7c-ac8e-5c75a58b6200 HTTP/1.1" status: 200 len: 210 time: 0.0333762
2026-07-14 18:47:25.616 9 INFO neutron.db.segments_db [None req-ca8d2367-1665-47df-9318-f813c926c4d3 332da28ba08947a0984c08ac2046e65e 62fcb8cae15840e6964d4ce58b3cdb14 - - default default] Added segment c368ee17-0a4f-48e6-97f1-5e34404cc695 of type geneve for network f42b5a98-a117-4c51-b53a-c0698730b68f
2026-07-14 18:47:25.766 9 INFO neutron.db.ovn_revision_numbers_db [None req-ca8d2367-1665-47df-9318-f813c926c4d3 332da28ba08947a0984c08ac2046e65e 62fcb8cae15840e6964d4ce58b3cdb14 - - default default] Successfully bumped revision number for resource f42b5a98-a117-4c51-b53a-c0698730b68f (type: networks) to 1
2026-07-14 18:47:25.951 9 WARNING neutron.scheduler.dhcp_agent_scheduler [None req-ca8d2367-1665-47df-9318-f813c926c4d3 332da28ba08947a0984c08ac2046e65e 62fcb8cae15840e6964d4ce58b3cdb14 - - default default] No more DHCP agents
2026-07-14 18:47:25.953 9 WARNING neutron.api.rpc.agentnotifiers.dhcp_rpc_agent_api [None req-ca8d2367-1665-47df-9318-f813c926c4d3 332da28ba08947a0984c08ac2046e65e 62fcb8cae15840e6964d4ce58b3cdb14 - - default default] Unable to schedule network f42b5a98-a117-4c51-b53a-c0698730b68f: no agents available; will retry on subsequent port and subnet creation events.
2026-07-14 18:47:26.077 10 INFO neutron.wsgi [None req-3c43ee98-3fd0-438d-bb10-10bf91cf03a6 7bbe5fbbecb04c67aaf0e51e1e70f88f 1df9047b14b549089d81bf61621eaab4 - - default default] 10.0.0.70 "GET /v2.0/security-groups?tenant_id=eabea44008bb4ef79360a035ad831501&name=default HTTP/1.1" status: 200 len: 2996 time: 0.2197547
2026-07-14 18:47:26.093 9 INFO neutron.db.ovn_revision_numbers_db [None req-ca8d2367-1665-47df-9318-f813c926c4d3 332da28ba08947a0984c08ac2046e65e 62fcb8cae15840e6964d4ce58b3cdb14 - - default default] Successfully bumped revision number for resource dfdf8e7c-1d02-4b8f-a4c8-24f09eb84e9a (type: ports) to 1
2026-07-14 18:47:26.137 9 INFO neutron.wsgi [None req-ca8d2367-1665-47df-9318-f813c926c4d3 332da28ba08947a0984c08ac2046e65e 62fcb8cae15840e6964d4ce58b3cdb14 - - default default] 10.0.0.70 "POST /v2.0/networks HTTP/1.1" status: 201 len: 833 time: 0.6186950
2026-07-14 18:47:26.246 10 INFO neutron.services.segments.plugin [-] Segment fc2f2736-280b-493d-aa82-a11777a80062 resource provider aggregate not found
2026-07-14 18:47:26.258 10 INFO neutron.services.segments.plugin [-] Segment fc2f2736-280b-493d-aa82-a11777a80062 resource provider aggregate not found
2026-07-14 18:47:26.275 10 INFO neutron.services.segments.plugin [-] Segment fc2f2736-280b-493d-aa82-a11777a80062 resource provider not found; error: Placement Client Error (4xx): {"errors": [{"status": 404, "title": "Not Found", "detail": "The resource could not be found.\n\n No resource provider with uuid fc2f2736-280b-493d-aa82-a11777a80062 found for delete ", "request_id": "req-198fa183-7315-4244-85c1-9126ba9ff9cf"}]}
