2026-07-14 18:47:12.830 10 INFO neutron.db.ovn_revision_numbers_db [None req-bb9e7d2f-e31f-4535-b163-14bebe84271e 8754b36b87674dbc9e218ef2c737f3f7 eabea44008bb4ef79360a035ad831501 - - default default] Successfully bumped revision number for resource f1a9fc3b-6bf3-46cc-8ba9-bde6baf35407 (type: networks) to 1
2026-07-14 18:47:12.944 9 INFO neutron.db.ovn_revision_numbers_db [req-fd859257-d05c-49f9-b8c5-c96fcb5e5624 req-426da3df-74ff-4623-acbb-e99c83caca7d 838df892d5424d7689c7becf5067f474 cb13ab6acc6a4ecc80685c001f94cbd1 - - default default] Successfully bumped revision number for resource 15e9b6a9-4372-4c43-af8e-20847a7bded2 (type: ports) to 5
2026-07-14 18:47:12.958 9 INFO neutron.wsgi [req-fd859257-d05c-49f9-b8c5-c96fcb5e5624 req-426da3df-74ff-4623-acbb-e99c83caca7d 838df892d5424d7689c7becf5067f474 cb13ab6acc6a4ecc80685c001f94cbd1 - - default default] 199.204.45.210 "PUT /v2.0/ports/15e9b6a9-4372-4c43-af8e-20847a7bded2 HTTP/1.1" status: 200 len: 1349 time: 0.6791747 /var/lib/openstack/lib/python3.10/site-packages/pycadf/identifier.py:71: UserWarning: Invalid uuid: neutron. To ensure interoperability, identifiers should be a valid uuid. warnings.warn(('Invalid uuid: %s. To ensure interoperability, '
2026-07-14 18:47:13.005 9 INFO neutron.notifiers.nova [-] Nova event matching ['req-23620021-efc1-4015-b9b2-ed00d14cb168'] response: {'name': 'network-changed', 'server_uuid': 'd6ee00fd-5e98-47b7-a726-32e4dd6cc8bd', 'tag': '15e9b6a9-4372-4c43-af8e-20847a7bded2', 'status': 'completed', 'code': 200}
2026-07-14 18:47:13.033 9 INFO neutron.wsgi [req-fd859257-d05c-49f9-b8c5-c96fcb5e5624 req-5462fbcb-90e0-4d76-8417-71fe835f222f bc039332a626462b80a111b4b2ecb280 929db5240b3249239d5e1afb01ba49bf - - 836454d2791c49c1902648f62b0f7497 836454d2791c49c1902648f62b0f7497] 199.204.45.210 "GET /v2.0/ports?tenant_id=cb13ab6acc6a4ecc80685c001f94cbd1&device_id=d6ee00fd-5e98-47b7-a726-32e4dd6cc8bd HTTP/1.1" status: 200 len: 1590 time: 0.0436809
2026-07-14 18:47:13.103 9 INFO neutron.plugins.ml2.drivers.ovn.mech_driver.mech_driver [None req-715a825c-8b9b-440a-a22e-2dd40be042ea - - - - - -] OVN reports status up for port: b9f770ee-e745-4694-b8ef-fc18344d1e0c
2026-07-14 18:47:13.109 9 INFO neutron.db.ovn_revision_numbers_db [None req-5427e4f2-8949-4fd1-9fe3-cd6f083cbab9 - - - - - -] Successfully bumped revision number for resource c2940d73-e68a-4b27-8235-6ebf12fc648d (type: ports) to 1
2026-07-14 18:47:13.117 9 INFO neutron.plugins.ml2.plugin [None req-715a825c-8b9b-440a-a22e-2dd40be042ea - - - - - -] Attempt 1 to provision port b9f770ee-e745-4694-b8ef-fc18344d1e0c
2026-07-14 18:47:13.142 9 INFO neutron.wsgi [req-fd859257-d05c-49f9-b8c5-c96fcb5e5624 req-6cb6c639-b4f5-412c-8898-fdf5651a4a44 bc039332a626462b80a111b4b2ecb280 929db5240b3249239d5e1afb01ba49bf - - 836454d2791c49c1902648f62b0f7497 836454d2791c49c1902648f62b0f7497] 199.204.45.210 "GET /v2.0/networks?id=fdee7f85-47af-4d41-a5c4-1d8e10d3d22b HTTP/1.1" status: 200 len: 982 time: 0.1014433
2026-07-14 18:47:13.159 10 INFO neutron.db.ovn_revision_numbers_db [None req-1645b99c-8bab-49c2-b608-0655ca08ac36 332da28ba08947a0984c08ac2046e65e 62fcb8cae15840e6964d4ce58b3cdb14 - - default default] Successfully bumped revision number for resource b9f770ee-e745-4694-b8ef-fc18344d1e0c (type: router_ports) to 1
2026-07-14 18:47:13.185 9 INFO neutron.wsgi [req-fd859257-d05c-49f9-b8c5-c96fcb5e5624 req-a0ce3663-3927-40e7-bd7d-dfa5d8389c07 bc039332a626462b80a111b4b2ecb280 929db5240b3249239d5e1afb01ba49bf - - 836454d2791c49c1902648f62b0f7497 836454d2791c49c1902648f62b0f7497] 199.204.45.210 "GET /v2.0/floatingips?fixed_ip_address=10.100.0.13&port_id=15e9b6a9-4372-4c43-af8e-20847a7bded2 HTTP/1.1" status: 200 len: 217 time: 0.0385125
2026-07-14 18:47:13.236 10 WARNING neutron.scheduler.dhcp_agent_scheduler [None req-bb9e7d2f-e31f-4535-b163-14bebe84271e 8754b36b87674dbc9e218ef2c737f3f7 eabea44008bb4ef79360a035ad831501 - - default default] No more DHCP agents
2026-07-14 18:47:13.246 10 WARNING neutron.api.rpc.agentnotifiers.dhcp_rpc_agent_api [None req-bb9e7d2f-e31f-4535-b163-14bebe84271e 8754b36b87674dbc9e218ef2c737f3f7 eabea44008bb4ef79360a035ad831501 - - default default] Unable to schedule network f1a9fc3b-6bf3-46cc-8ba9-bde6baf35407: no agents available; will retry on subsequent port and subnet creation events.
2026-07-14 18:47:13.281 9 INFO neutron.wsgi [req-fd859257-d05c-49f9-b8c5-c96fcb5e5624 req-3a1bdd8a-3798-4d9b-b9ed-7f40a4902136 bc039332a626462b80a111b4b2ecb280 929db5240b3249239d5e1afb01ba49bf - - 836454d2791c49c1902648f62b0f7497 836454d2791c49c1902648f62b0f7497] 199.204.45.210 "GET /v2.0/floatingips?fixed_ip_address=10.100.0.4&port_id=15e9b6a9-4372-4c43-af8e-20847a7bded2 HTTP/1.1" status: 200 len: 1059 time: 0.0895603
2026-07-14 18:47:13.315 10 WARNING neutron.scheduler.dhcp_agent_scheduler [None req-babc4922-3e9a-4450-b78a-3443d61d016d 7bbe5fbbecb04c67aaf0e51e1e70f88f 1df9047b14b549089d81bf61621eaab4 - - default default] No more DHCP agents
2026-07-14 18:47:13.326 10 WARNING neutron.api.rpc.agentnotifiers.dhcp_rpc_agent_api [None req-babc4922-3e9a-4450-b78a-3443d61d016d 7bbe5fbbecb04c67aaf0e51e1e70f88f 1df9047b14b549089d81bf61621eaab4 - - default default] Unable to schedule network 6e1b69f8-898b-4bd9-80de-395e690fcbb1: no agents available; will retry on subsequent port and subnet creation events.
2026-07-14 18:47:13.361 9 INFO neutron.wsgi [req-fd859257-d05c-49f9-b8c5-c96fcb5e5624 req-db33248d-c0ea-463b-a696-e568cca15196 bc039332a626462b80a111b4b2ecb280 929db5240b3249239d5e1afb01ba49bf - - 836454d2791c49c1902648f62b0f7497 836454d2791c49c1902648f62b0f7497] 199.204.45.210 "GET /v2.0/subnets?id=7d12ad6e-9721-48e0-9e46-e7e1c44d14f4 HTTP/1.1" status: 200 len: 877 time: 0.0737491
2026-07-14 18:47:13.401 10 INFO neutron.db.ovn_revision_numbers_db [None req-bb9e7d2f-e31f-4535-b163-14bebe84271e 8754b36b87674dbc9e218ef2c737f3f7 eabea44008bb4ef79360a035ad831501 - - default default] Successfully bumped revision number for resource 1c8033ac-147c-41cb-b95e-30b56f902012 (type: ports) to 1
2026-07-14 18:47:13.406 10 INFO neutron.db.ovn_revision_numbers_db [None req-1645b99c-8bab-49c2-b608-0655ca08ac36 332da28ba08947a0984c08ac2046e65e 62fcb8cae15840e6964d4ce58b3cdb14 - - default default] Successfully bumped revision number for resource b9f770ee-e745-4694-b8ef-fc18344d1e0c (type: ports) to 1
2026-07-14 18:47:13.419 9 INFO neutron.wsgi [req-fd859257-d05c-49f9-b8c5-c96fcb5e5624 req-692b1281-4a34-409c-b928-6195fca5e5ee bc039332a626462b80a111b4b2ecb280 929db5240b3249239d5e1afb01ba49bf - - 836454d2791c49c1902648f62b0f7497 836454d2791c49c1902648f62b0f7497] 199.204.45.210 "GET /v2.0/ports?network_id=fdee7f85-47af-4d41-a5c4-1d8e10d3d22b&device_owner=network%3Adhcp HTTP/1.1" status: 200 len: 210 time: 0.0477424
2026-07-14 18:47:13.437 10 INFO neutron.wsgi [None req-bb9e7d2f-e31f-4535-b163-14bebe84271e 8754b36b87674dbc9e218ef2c737f3f7 eabea44008bb4ef79360a035ad831501 - - default default] 10.0.0.70 "POST /v2.0/networks HTTP/1.1" status: 201 len: 848 time: 1.0805724
2026-07-14 18:47:13.536 9 INFO neutron.wsgi [req-fd859257-d05c-49f9-b8c5-c96fcb5e5624 req-2c6e43be-8b01-49ba-9d57-1db68dea106c bc039332a626462b80a111b4b2ecb280 929db5240b3249239d5e1afb01ba49bf - - 836454d2791c49c1902648f62b0f7497 836454d2791c49c1902648f62b0f7497] 199.204.45.210 "GET /v2.0/networks/fdee7f85-47af-4d41-a5c4-1d8e10d3d22b?fields=segments HTTP/1.1" status: 200 len: 212 time: 0.1111085
2026-07-14 18:47:13.637 9 INFO neutron.wsgi [req-fd859257-d05c-49f9-b8c5-c96fcb5e5624 req-a306b7fc-d347-4481-b155-2910d3c4f0ef bc039332a626462b80a111b4b2ecb280 929db5240b3249239d5e1afb01ba49bf - - 836454d2791c49c1902648f62b0f7497 836454d2791c49c1902648f62b0f7497] 199.204.45.210 "GET /v2.0/networks/fdee7f85-47af-4d41-a5c4-1d8e10d3d22b?fields=provider%3Aphysical_network&fields=provider%3Anetwork_type HTTP/1.1" status: 200 len: 277 time: 0.0940285
2026-07-14 18:47:13.651 9 INFO neutron.db.ovn_revision_numbers_db [None req-5427e4f2-8949-4fd1-9fe3-cd6f083cbab9 - - - - - -] Successfully bumped revision number for resource c2940d73-e68a-4b27-8235-6ebf12fc648d (type: router_ports) to 3
2026-07-14 18:47:13.712 9 INFO neutron.db.ovn_revision_numbers_db [None req-715a825c-8b9b-440a-a22e-2dd40be042ea - - - - - -] Successfully bumped revision number for resource b9f770ee-e745-4694-b8ef-fc18344d1e0c (type: ports) to 2
2026-07-14 18:47:13.749 9 INFO neutron.wsgi [req-3e8b549d-93ac-4551-8704-be74a110906a req-bd1369b2-f7ba-41f5-91e2-373960ee3754 bc039332a626462b80a111b4b2ecb280 929db5240b3249239d5e1afb01ba49bf - - 836454d2791c49c1902648f62b0f7497 836454d2791c49c1902648f62b0f7497] 199.204.45.210 "GET /v2.0/ports?tenant_id=cb13ab6acc6a4ecc80685c001f94cbd1&device_id=d6ee00fd-5e98-47b7-a726-32e4dd6cc8bd HTTP/1.1" status: 200 len: 1590 time: 0.0482438
2026-07-14 18:47:13.763 10 WARNING neutron.scheduler.dhcp_agent_scheduler [None req-1645b99c-8bab-49c2-b608-0655ca08ac36 332da28ba08947a0984c08ac2046e65e 62fcb8cae15840e6964d4ce58b3cdb14 - - default default] No more DHCP agents
2026-07-14 18:47:13.770 10 WARNING neutron.api.rpc.agentnotifiers.dhcp_rpc_agent_api [None req-1645b99c-8bab-49c2-b608-0655ca08ac36 332da28ba08947a0984c08ac2046e65e 62fcb8cae15840e6964d4ce58b3cdb14 - - default default] Unable to schedule network 3e164915-a3d8-4474-8134-e8b81800ab95: no agents available; will retry on subsequent port and subnet creation events.
2026-07-14 18:47:13.801 10 INFO neutron.db.ovn_revision_numbers_db [None req-babc4922-3e9a-4450-b78a-3443d61d016d 7bbe5fbbecb04c67aaf0e51e1e70f88f 1df9047b14b549089d81bf61621eaab4 - - default default] Successfully bumped revision number for resource 666f612c-0a16-4ec1-8ed4-c5849e0e97ba (type: ports) to 1
2026-07-14 18:47:13.876 9 INFO neutron.wsgi [req-3e8b549d-93ac-4551-8704-be74a110906a req-f8555852-363d-40e5-bbcc-ff84359d414a bc039332a626462b80a111b4b2ecb280 929db5240b3249239d5e1afb01ba49bf - - 836454d2791c49c1902648f62b0f7497 836454d2791c49c1902648f62b0f7497] 199.204.45.210 "GET /v2.0/networks?id=fdee7f85-47af-4d41-a5c4-1d8e10d3d22b HTTP/1.1" status: 200 len: 982 time: 0.1194699
2026-07-14 18:47:13.910 9 INFO neutron.wsgi [req-3e8b549d-93ac-4551-8704-be74a110906a req-3bf7b5a6-c791-4178-b41d-7e14c20a099f bc039332a626462b80a111b4b2ecb280 929db5240b3249239d5e1afb01ba49bf - - 836454d2791c49c1902648f62b0f7497 836454d2791c49c1902648f62b0f7497] 199.204.45.210 "GET /v2.0/floatingips?fixed_ip_address=10.100.0.13&port_id=15e9b6a9-4372-4c43-af8e-20847a7bded2 HTTP/1.1" status: 200 len: 217 time: 0.0279691
2026-07-14 18:47:14.148 10 INFO neutron.wsgi [req-522a7ecf-fbc2-4007-8e84-44381c331782 req-26658b7a-9aa8-49a8-9ace-df0815b38ca7 838df892d5424d7689c7becf5067f474 cb13ab6acc6a4ecc80685c001f94cbd1 - - default default] 10.0.0.200 "GET /v2.0/ports?device_id=d6ee00fd-5e98-47b7-a726-32e4dd6cc8bd HTTP/1.1" status: 200 len: 1352 time: 0.1060805
2026-07-14 18:47:14.210 9 INFO neutron.db.ovn_revision_numbers_db [None req-715a825c-8b9b-440a-a22e-2dd40be042ea - - - - - -] Successfully bumped revision number for resource b9f770ee-e745-4694-b8ef-fc18344d1e0c (type: router_ports) to 2
2026-07-14 18:47:14.232 9 INFO neutron.wsgi [req-3e8b549d-93ac-4551-8704-be74a110906a req-9b3142e1-44e8-4acc-a18e-8089bb38061b bc039332a626462b80a111b4b2ecb280 929db5240b3249239d5e1afb01ba49bf - - 836454d2791c49c1902648f62b0f7497 836454d2791c49c1902648f62b0f7497] 199.204.45.210 "GET /v2.0/floatingips?fixed_ip_address=10.100.0.4&port_id=15e9b6a9-4372-4c43-af8e-20847a7bded2 HTTP/1.1" status: 200 len: 1059 time: 0.3108082
2026-07-14 18:47:14.237 9 INFO neutron.db.ovn_revision_numbers_db [None req-5427e4f2-8949-4fd1-9fe3-cd6f083cbab9 - - - - - -] Successfully bumped revision number for resource c2940d73-e68a-4b27-8235-6ebf12fc648d (type: ports) to 2
2026-07-14 18:47:14.238 10 INFO neutron.wsgi [req-522a7ecf-fbc2-4007-8e84-44381c331782 req-10993986-7595-4ea7-88d2-6859983e8a9d 838df892d5424d7689c7becf5067f474 cb13ab6acc6a4ecc80685c001f94cbd1 - - default default] 10.0.0.200 "GET /v2.0/security-groups?id=93958b68-f735-45ce-99b0-f18d54665a91&fields=id&fields=name HTTP/1.1" status: 200 len: 313 time: 0.0805264
2026-07-14 18:47:14.239 10 INFO neutron.db.ovn_revision_numbers_db [None req-1645b99c-8bab-49c2-b608-0655ca08ac36 332da28ba08947a0984c08ac2046e65e 62fcb8cae15840e6964d4ce58b3cdb14 - - default default] Successfully bumped revision number for resource b9f770ee-e745-4694-b8ef-fc18344d1e0c (type: router_ports) to 2
2026-07-14 18:47:14.240 10 INFO neutron.wsgi [None req-1645b99c-8bab-49c2-b608-0655ca08ac36 332da28ba08947a0984c08ac2046e65e 62fcb8cae15840e6964d4ce58b3cdb14 - - default default] 10.0.0.70 "PUT /v2.0/routers/c47fec39-fde2-4f21-ad8a-a17a370064ff/add_router_interface HTTP/1.1" status: 200 len: 503 time: 3.2886636
2026-07-14 18:47:14.270 9 INFO neutron.wsgi [req-3e8b549d-93ac-4551-8704-be74a110906a req-c64e3a4f-2d2f-41be-ac86-8c3463cab0ab bc039332a626462b80a111b4b2ecb280 929db5240b3249239d5e1afb01ba49bf - - 836454d2791c49c1902648f62b0f7497 836454d2791c49c1902648f62b0f7497] 199.204.45.210 "GET /v2.0/subnets?id=7d12ad6e-9721-48e0-9e46-e7e1c44d14f4 HTTP/1.1" status: 200 len: 877 time: 0.0295928
2026-07-14 18:47:14.300 9 INFO neutron.wsgi [req-3e8b549d-93ac-4551-8704-be74a110906a req-29790e06-01ad-4f5a-9fa1-e6a70baee904 bc039332a626462b80a111b4b2ecb280 929db5240b3249239d5e1afb01ba49bf - - 836454d2791c49c1902648f62b0f7497 836454d2791c49c1902648f62b0f7497] 199.204.45.210 "GET /v2.0/ports?network_id=fdee7f85-47af-4d41-a5c4-1d8e10d3d22b&device_owner=network%3Adhcp HTTP/1.1" status: 200 len: 210 time: 0.0195312
2026-07-14 18:47:14.397 9 INFO neutron.wsgi [req-3e8b549d-93ac-4551-8704-be74a110906a req-85384a24-1d6b-4399-b2c2-e44471eb952c bc039332a626462b80a111b4b2ecb280 929db5240b3249239d5e1afb01ba49bf - - 836454d2791c49c1902648f62b0f7497 836454d2791c49c1902648f62b0f7497] 199.204.45.210 "GET /v2.0/networks/fdee7f85-47af-4d41-a5c4-1d8e10d3d22b?fields=segments HTTP/1.1" status: 200 len: 212 time: 0.0878899
2026-07-14 18:47:14.415 10 INFO neutron.wsgi [None req-74586275-ef8e-4510-996a-9404c877610d 332da28ba08947a0984c08ac2046e65e 62fcb8cae15840e6964d4ce58b3cdb14 - - default default] 10.0.0.70 "GET /v2.0/ports/b9f770ee-e745-4694-b8ef-fc18344d1e0c HTTP/1.1" status: 200 len: 1149 time: 0.1692235
2026-07-14 18:47:14.526 9 INFO neutron.wsgi [req-3e8b549d-93ac-4551-8704-be74a110906a req-fece4e33-c2fa-4113-8827-594f9cca8fa2 bc039332a626462b80a111b4b2ecb280 929db5240b3249239d5e1afb01ba49bf - - 836454d2791c49c1902648f62b0f7497 836454d2791c49c1902648f62b0f7497] 199.204.45.210 "GET /v2.0/networks/fdee7f85-47af-4d41-a5c4-1d8e10d3d22b?fields=provider%3Aphysical_network&fields=provider%3Anetwork_type HTTP/1.1" status: 200 len: 277 time: 0.1220527
2026-07-14 18:47:14.554 9 INFO neutron.wsgi [None req-06e068bf-a91b-485c-b08a-55103e400e83 332da28ba08947a0984c08ac2046e65e 62fcb8cae15840e6964d4ce58b3cdb14 - - default default] 10.0.0.70 "GET /v2.0/ports/b9f770ee-e745-4694-b8ef-fc18344d1e0c HTTP/1.1" status: 200 len: 1149 time: 0.1336865
2026-07-14 18:47:14.558 10 WARNING neutron.scheduler.dhcp_agent_scheduler [None req-6191531b-89d0-4591-9c69-e29d70233b35 8754b36b87674dbc9e218ef2c737f3f7 eabea44008bb4ef79360a035ad831501 - - default default] No more DHCP agents /var/lib/openstack/lib/python3.10/site-packages/pycadf/identifier.py:71: UserWarning: Invalid uuid: neutron. To ensure interoperability, identifiers should be a valid uuid. warnings.warn(('Invalid uuid: %s. To ensure interoperability, '
2026-07-14 18:47:14.567 10 WARNING neutron.api.rpc.agentnotifiers.dhcp_rpc_agent_api [None req-6191531b-89d0-4591-9c69-e29d70233b35 8754b36b87674dbc9e218ef2c737f3f7 eabea44008bb4ef79360a035ad831501 - - default default] Unable to schedule network e0fe5208-fe77-4d17-aa25-1571fec9aedc: no agents available; will retry on subsequent port and subnet creation events.
2026-07-14 18:47:14.614 9 INFO neutron.wsgi [req-3aba9341-0def-4c59-88c4-8dc9c2e13f00 req-ff98195c-3ec1-46e4-ad3a-162a9f430559 838df892d5424d7689c7becf5067f474 cb13ab6acc6a4ecc80685c001f94cbd1 - - default default] 199.204.45.210 "GET /v2.0/ports?device_id=d6ee00fd-5e98-47b7-a726-32e4dd6cc8bd&device_owner=compute%3Anova&fixed_ips=ip_address%3D10.100.0.13 HTTP/1.1" status: 200 len: 1352 time: 0.0647860
2026-07-14 18:47:14.634 9 INFO neutron.db.ovn_revision_numbers_db [None req-5427e4f2-8949-4fd1-9fe3-cd6f083cbab9 - - - - - -] Successfully bumped revision number for resource c2940d73-e68a-4b27-8235-6ebf12fc648d (type: ports) to 4
2026-07-14 18:47:14.699 10 INFO neutron.db.ovn_revision_numbers_db [None req-babc4922-3e9a-4450-b78a-3443d61d016d 7bbe5fbbecb04c67aaf0e51e1e70f88f 1df9047b14b549089d81bf61621eaab4 - - default default] Successfully bumped revision number for resource 666f612c-0a16-4ec1-8ed4-c5849e0e97ba (type: router_ports) to 1
2026-07-14 18:47:14.725 10 INFO neutron.db.ovn_revision_numbers_db [None req-6191531b-89d0-4591-9c69-e29d70233b35 8754b36b87674dbc9e218ef2c737f3f7 eabea44008bb4ef79360a035ad831501 - - default default] Successfully bumped revision number for resource b04d5237-df07-4d76-bad4-d38ad26597ec (type: ports) to 1
2026-07-14 18:47:14.786 10 WARNING neutron.scheduler.dhcp_agent_scheduler [None req-6191531b-89d0-4591-9c69-e29d70233b35 8754b36b87674dbc9e218ef2c737f3f7 eabea44008bb4ef79360a035ad831501 - - default default] No more DHCP agents
2026-07-14 18:47:14.791 10 WARNING neutron.api.rpc.agentnotifiers.dhcp_rpc_agent_api [None req-6191531b-89d0-4591-9c69-e29d70233b35 8754b36b87674dbc9e218ef2c737f3f7 eabea44008bb4ef79360a035ad831501 - - default default] Unable to schedule network f1a9fc3b-6bf3-46cc-8ba9-bde6baf35407: no agents available; will retry on subsequent port and subnet creation events.
2026-07-14 18:47:14.961 9 INFO neutron.db.ovn_revision_numbers_db [None req-5427e4f2-8949-4fd1-9fe3-cd6f083cbab9 - - - - - -] Successfully bumped revision number for resource c2940d73-e68a-4b27-8235-6ebf12fc648d (type: router_ports) to 4
2026-07-14 18:47:14.962 10 INFO neutron.db.ovn_revision_numbers_db [None req-6191531b-89d0-4591-9c69-e29d70233b35 8754b36b87674dbc9e218ef2c737f3f7 eabea44008bb4ef79360a035ad831501 - - default default] Successfully bumped revision number for resource 9622ef3a-81e2-4073-be8f-2bec4947e772 (type: ports) to 1
2026-07-14 18:47:15.017 10 INFO neutron.wsgi [None req-6191531b-89d0-4591-9c69-e29d70233b35 8754b36b87674dbc9e218ef2c737f3f7 eabea44008bb4ef79360a035ad831501 - - default default] 10.0.0.70 "POST /v2.0/ports HTTP/1.1" status: 201 len: 1706 time: 1.5713103
2026-07-14 18:47:15.024 10 INFO neutron.db.ovn_revision_numbers_db [None req-babc4922-3e9a-4450-b78a-3443d61d016d 7bbe5fbbecb04c67aaf0e51e1e70f88f 1df9047b14b549089d81bf61621eaab4 - - default default] Successfully bumped revision number for resource 666f612c-0a16-4ec1-8ed4-c5849e0e97ba (type: ports) to 1 /var/lib/openstack/lib/python3.10/site-packages/pycadf/identifier.py:71: UserWarning: Invalid uuid: neutron. To ensure interoperability, identifiers should be a valid uuid. warnings.warn(('Invalid uuid: %s. To ensure interoperability, '
2026-07-14 18:47:15.187 9 INFO neutron.db.ovn_revision_numbers_db [req-3aba9341-0def-4c59-88c4-8dc9c2e13f00 req-69194b97-f362-41e1-bcf5-a3dd9f4f2c39 838df892d5424d7689c7becf5067f474 cb13ab6acc6a4ecc80685c001f94cbd1 - - default default] Successfully bumped revision number for resource 15e9b6a9-4372-4c43-af8e-20847a7bded2 (type: ports) to 6
2026-07-14 18:47:15.200 9 INFO neutron.wsgi [req-3aba9341-0def-4c59-88c4-8dc9c2e13f00 req-69194b97-f362-41e1-bcf5-a3dd9f4f2c39 838df892d5424d7689c7becf5067f474 cb13ab6acc6a4ecc80685c001f94cbd1 - - default default] 199.204.45.210 "PUT /v2.0/ports/15e9b6a9-4372-4c43-af8e-20847a7bded2 HTTP/1.1" status: 200 len: 1167 time: 0.5804529
2026-07-14 18:47:15.221 10 WARNING neutron.scheduler.dhcp_agent_scheduler [None req-babc4922-3e9a-4450-b78a-3443d61d016d 7bbe5fbbecb04c67aaf0e51e1e70f88f 1df9047b14b549089d81bf61621eaab4 - - default default] No more DHCP agents
2026-07-14 18:47:15.227 10 WARNING neutron.api.rpc.agentnotifiers.dhcp_rpc_agent_api [None req-babc4922-3e9a-4450-b78a-3443d61d016d 7bbe5fbbecb04c67aaf0e51e1e70f88f 1df9047b14b549089d81bf61621eaab4 - - default default] Unable to schedule network 6e1b69f8-898b-4bd9-80de-395e690fcbb1: no agents available; will retry on subsequent port and subnet creation events. /var/lib/openstack/lib/python3.10/site-packages/pycadf/identifier.py:71: UserWarning: Invalid uuid: neutron. To ensure interoperability, identifiers should be a valid uuid. warnings.warn(('Invalid uuid: %s. To ensure interoperability, '
2026-07-14 18:47:15.237 9 INFO neutron.notifiers.nova [-] Nova event matching ['req-e4d79af7-18cf-446f-ab71-86cf37df8eeb'] response: {'name': 'network-changed', 'server_uuid': 'd6ee00fd-5e98-47b7-a726-32e4dd6cc8bd', 'tag': '15e9b6a9-4372-4c43-af8e-20847a7bded2', 'status': 'completed', 'code': 200}
2026-07-14 18:47:15.246 10 INFO neutron.wsgi [None req-0e053961-a07c-4c56-b882-862a5b10ba76 8754b36b87674dbc9e218ef2c737f3f7 eabea44008bb4ef79360a035ad831501 - - default default] 10.0.0.70 "GET /v2.0/ports HTTP/1.1" status: 200 len: 3213 time: 0.2230124
2026-07-14 18:47:15.269 9 INFO neutron.wsgi [req-3aba9341-0def-4c59-88c4-8dc9c2e13f00 req-7a0d4bdf-839a-4a65-8cd5-10a7b82a0249 bc039332a626462b80a111b4b2ecb280 929db5240b3249239d5e1afb01ba49bf - - 836454d2791c49c1902648f62b0f7497 836454d2791c49c1902648f62b0f7497] 199.204.45.210 "GET /v2.0/ports?tenant_id=cb13ab6acc6a4ecc80685c001f94cbd1&device_id=d6ee00fd-5e98-47b7-a726-32e4dd6cc8bd HTTP/1.1" status: 200 len: 1409 time: 0.0438631
2026-07-14 18:47:15.356 9 INFO neutron.wsgi [req-3aba9341-0def-4c59-88c4-8dc9c2e13f00 req-f54c3ee4-9a04-4405-b782-8cd954e13dec bc039332a626462b80a111b4b2ecb280 929db5240b3249239d5e1afb01ba49bf - - 836454d2791c49c1902648f62b0f7497 836454d2791c49c1902648f62b0f7497] 199.204.45.210 "GET /v2.0/networks?id=fdee7f85-47af-4d41-a5c4-1d8e10d3d22b HTTP/1.1" status: 200 len: 982 time: 0.0765464
2026-07-14 18:47:15.422 9 INFO neutron.wsgi [req-3aba9341-0def-4c59-88c4-8dc9c2e13f00 req-2b5bdcdd-4e6a-4185-bb56-1f031f3790f6 bc039332a626462b80a111b4b2ecb280 929db5240b3249239d5e1afb01ba49bf - - 836454d2791c49c1902648f62b0f7497 836454d2791c49c1902648f62b0f7497] 199.204.45.210 "GET /v2.0/floatingips?fixed_ip_address=10.100.0.4&port_id=15e9b6a9-4372-4c43-af8e-20847a7bded2 HTTP/1.1" status: 200 len: 1059 time: 0.0602992
2026-07-14 18:47:15.480 9 INFO neutron.wsgi [req-3aba9341-0def-4c59-88c4-8dc9c2e13f00 req-cc9d8a53-2efa-4f5f-9132-3f648a4c06ad bc039332a626462b80a111b4b2ecb280 929db5240b3249239d5e1afb01ba49bf - - 836454d2791c49c1902648f62b0f7497 836454d2791c49c1902648f62b0f7497] 199.204.45.210 "GET /v2.0/subnets?id=7d12ad6e-9721-48e0-9e46-e7e1c44d14f4 HTTP/1.1" status: 200 len: 877 time: 0.0525107
2026-07-14 18:47:15.509 9 INFO neutron.wsgi [req-3aba9341-0def-4c59-88c4-8dc9c2e13f00 req-b4c8d38f-89bd-4dd0-aea5-f5558b160441 bc039332a626462b80a111b4b2ecb280 929db5240b3249239d5e1afb01ba49bf - - 836454d2791c49c1902648f62b0f7497 836454d2791c49c1902648f62b0f7497] 199.204.45.210 "GET /v2.0/ports?network_id=fdee7f85-47af-4d41-a5c4-1d8e10d3d22b&device_owner=network%3Adhcp HTTP/1.1" status: 200 len: 210 time: 0.0222559
2026-07-14 18:47:15.580 9 INFO neutron.wsgi [None req-81047170-56fb-48ed-8a99-05c2aa5bf0e7 8754b36b87674dbc9e218ef2c737f3f7 eabea44008bb4ef79360a035ad831501 - - default default] 10.0.0.70 "DELETE /v2.0/ports/b04d5237-df07-4d76-bad4-d38ad26597ec HTTP/1.1" status: 204 len: 168 time: 0.3283858
2026-07-14 18:47:15.605 9 INFO neutron.wsgi [req-3aba9341-0def-4c59-88c4-8dc9c2e13f00 req-ae750b95-997a-47a7-9621-b46d3f82addf bc039332a626462b80a111b4b2ecb280 929db5240b3249239d5e1afb01ba49bf - - 836454d2791c49c1902648f62b0f7497 836454d2791c49c1902648f62b0f7497] 199.204.45.210 "GET /v2.0/networks/fdee7f85-47af-4d41-a5c4-1d8e10d3d22b?fields=segments HTTP/1.1" status: 200 len: 212 time: 0.0882316
2026-07-14 18:47:15.698 9 INFO neutron.wsgi [req-3aba9341-0def-4c59-88c4-8dc9c2e13f00 req-86f8a2ea-4ed1-4903-ba2c-c96a0028b837 bc039332a626462b80a111b4b2ecb280 929db5240b3249239d5e1afb01ba49bf - - 836454d2791c49c1902648f62b0f7497 836454d2791c49c1902648f62b0f7497] 199.204.45.210 "GET /v2.0/networks/fdee7f85-47af-4d41-a5c4-1d8e10d3d22b?fields=provider%3Aphysical_network&fields=provider%3Anetwork_type HTTP/1.1" status: 200 len: 277 time: 0.0853117
2026-07-14 18:47:15.790 9 INFO neutron.wsgi [req-2f1f3d21-a21c-4cb8-a3fa-109043fa406f req-9b5abaea-230d-4f80-b1a4-118c9298763c bc039332a626462b80a111b4b2ecb280 929db5240b3249239d5e1afb01ba49bf - - 836454d2791c49c1902648f62b0f7497 836454d2791c49c1902648f62b0f7497] 199.204.45.210 "GET /v2.0/ports?tenant_id=cb13ab6acc6a4ecc80685c001f94cbd1&device_id=d6ee00fd-5e98-47b7-a726-32e4dd6cc8bd HTTP/1.1" status: 200 len: 1409 time: 0.0419614
2026-07-14 18:47:15.799 10 INFO neutron.wsgi [None req-56ec4aee-96d5-4461-b475-7543c0e3a2ee 332da28ba08947a0984c08ac2046e65e 62fcb8cae15840e6964d4ce58b3cdb14 - - default default] 10.0.0.70 "PUT /v2.0/routers/c47fec39-fde2-4f21-ad8a-a17a370064ff/remove_router_interface HTTP/1.1" status: 200 len: 503 time: 1.2380581 /var/lib/openstack/lib/python3.10/site-packages/pycadf/identifier.py:71: UserWarning: Invalid uuid: neutron. To ensure interoperability, identifiers should be a valid uuid. warnings.warn(('Invalid uuid: %s. To ensure interoperability, '
2026-07-14 18:47:15.875 9 INFO neutron.wsgi [req-2f1f3d21-a21c-4cb8-a3fa-109043fa406f req-85e3b553-f33c-4967-b2ef-ec439f4c8b2f bc039332a626462b80a111b4b2ecb280 929db5240b3249239d5e1afb01ba49bf - - 836454d2791c49c1902648f62b0f7497 836454d2791c49c1902648f62b0f7497] 199.204.45.210 "GET /v2.0/networks?id=fdee7f85-47af-4d41-a5c4-1d8e10d3d22b HTTP/1.1" status: 200 len: 982 time: 0.0757556
2026-07-14 18:47:15.879 9 INFO neutron.wsgi [None req-bf96dba0-2e62-420d-91d0-3d27b7190c5e 8754b36b87674dbc9e218ef2c737f3f7 eabea44008bb4ef79360a035ad831501 - - default default] 10.0.0.70 "DELETE /v2.0/ports/9622ef3a-81e2-4073-be8f-2bec4947e772 HTTP/1.1" status: 204 len: 168 time: 0.2941325
2026-07-14 18:47:15.932 10 INFO neutron.wsgi [None req-dc858227-0bbd-4469-b0b5-04f010cc43ce 332da28ba08947a0984c08ac2046e65e 62fcb8cae15840e6964d4ce58b3cdb14 - - default default] 10.0.0.70 "GET /v2.0/ports/5edca762-f2e2-40e7-a005-d2e3413fd94c HTTP/1.1" status: 200 len: 1141 time: 0.1273696
2026-07-14 18:47:15.938 9 INFO neutron.wsgi [req-2f1f3d21-a21c-4cb8-a3fa-109043fa406f req-42d55171-0b67-460b-9173-fc6658afe55c bc039332a626462b80a111b4b2ecb280 929db5240b3249239d5e1afb01ba49bf - - 836454d2791c49c1902648f62b0f7497 836454d2791c49c1902648f62b0f7497] 199.204.45.210 "GET /v2.0/floatingips?fixed_ip_address=10.100.0.4&port_id=15e9b6a9-4372-4c43-af8e-20847a7bded2 HTTP/1.1" status: 200 len: 1059 time: 0.0541379
2026-07-14 18:47:16.031 9 INFO neutron.wsgi [req-2f1f3d21-a21c-4cb8-a3fa-109043fa406f req-2809406f-ee67-424c-8861-bcb953be22ee bc039332a626462b80a111b4b2ecb280 929db5240b3249239d5e1afb01ba49bf - - 836454d2791c49c1902648f62b0f7497 836454d2791c49c1902648f62b0f7497] 199.204.45.210 "GET /v2.0/subnets?id=7d12ad6e-9721-48e0-9e46-e7e1c44d14f4 HTTP/1.1" status: 200 len: 877 time: 0.0773146
2026-07-14 18:47:16.089 9 INFO neutron.wsgi [req-2f1f3d21-a21c-4cb8-a3fa-109043fa406f req-01e34f29-a061-4f3a-8547-9af51a271cb5 bc039332a626462b80a111b4b2ecb280 929db5240b3249239d5e1afb01ba49bf - - 836454d2791c49c1902648f62b0f7497 836454d2791c49c1902648f62b0f7497] 199.204.45.210 "GET /v2.0/ports?network_id=fdee7f85-47af-4d41-a5c4-1d8e10d3d22b&device_owner=network%3Adhcp HTTP/1.1" status: 200 len: 210 time: 0.0413651
2026-07-14 18:47:16.094 9 INFO neutron.wsgi [None req-4a371025-db5a-46a6-9495-36a9e3409705 8754b36b87674dbc9e218ef2c737f3f7 eabea44008bb4ef79360a035ad831501 - - default default] 10.0.0.70 "GET /v2.0/ports HTTP/1.1" status: 200 len: 1718 time: 0.2110732
2026-07-14 18:47:16.167 10 INFO neutron.db.ovn_revision_numbers_db [None req-babc4922-3e9a-4450-b78a-3443d61d016d 7bbe5fbbecb04c67aaf0e51e1e70f88f 1df9047b14b549089d81bf61621eaab4 - - default default] Successfully bumped revision number for resource 666f612c-0a16-4ec1-8ed4-c5849e0e97ba (type: router_ports) to 1
2026-07-14 18:47:16.171 10 INFO neutron.wsgi [None req-babc4922-3e9a-4450-b78a-3443d61d016d 7bbe5fbbecb04c67aaf0e51e1e70f88f 1df9047b14b549089d81bf61621eaab4 - - default default] 10.0.0.70 "PUT /v2.0/routers/b35b9098-4e34-4cf0-98b1-aec145bb38e9/add_router_interface HTTP/1.1" status: 200 len: 503 time: 3.7888830
2026-07-14 18:47:16.202 9 INFO neutron.wsgi [req-2f1f3d21-a21c-4cb8-a3fa-109043fa406f req-d95886c7-0ac1-4e98-9349-a21920233fdc bc039332a626462b80a111b4b2ecb280 929db5240b3249239d5e1afb01ba49bf - - 836454d2791c49c1902648f62b0f7497 836454d2791c49c1902648f62b0f7497] 199.204.45.210 "GET /v2.0/networks/fdee7f85-47af-4d41-a5c4-1d8e10d3d22b?fields=segments HTTP/1.1" status: 200 len: 212 time: 0.1032212
2026-07-14 18:47:16.244 9 INFO neutron.db.segments_db [None req-17e563ce-ec03-45dc-a1e4-013cecb654fd 8754b36b87674dbc9e218ef2c737f3f7 eabea44008bb4ef79360a035ad831501 - - default default] Added segment 5f5f5b2e-23e9-41ff-9fc9-f601a1da0086 of type geneve for network fa6b9e69-b1d2-4e89-b416-8da60c632699
2026-07-14 18:47:16.527 9 INFO neutron.wsgi [req-2f1f3d21-a21c-4cb8-a3fa-109043fa406f req-45be424f-c79c-4de6-a5c7-5ecb7da9f39e bc039332a626462b80a111b4b2ecb280 929db5240b3249239d5e1afb01ba49bf - - 836454d2791c49c1902648f62b0f7497 836454d2791c49c1902648f62b0f7497] 199.204.45.210 "GET /v2.0/networks/fdee7f85-47af-4d41-a5c4-1d8e10d3d22b?fields=provider%3Aphysical_network&fields=provider%3Anetwork_type HTTP/1.1" status: 200 len: 277 time: 0.3173754
2026-07-14 18:47:16.685 9 INFO neutron.wsgi [req-5275f0d2-2169-4bdb-9024-0e51df403871 req-8926a7cc-f576-4acc-a0f9-b826dfe0e0c4 838df892d5424d7689c7becf5067f474 cb13ab6acc6a4ecc80685c001f94cbd1 - - default default] 10.0.0.200 "GET /v2.0/ports?device_id=d6ee00fd-5e98-47b7-a726-32e4dd6cc8bd HTTP/1.1" status: 200 len: 1170 time: 0.0736732
2026-07-14 18:47:16.696 9 INFO neutron.db.ovn_revision_numbers_db [None req-17e563ce-ec03-45dc-a1e4-013cecb654fd 8754b36b87674dbc9e218ef2c737f3f7 eabea44008bb4ef79360a035ad831501 - - default default] Successfully bumped revision number for resource fa6b9e69-b1d2-4e89-b416-8da60c632699 (type: networks) to 1
2026-07-14 18:47:16.714 10 WARNING neutron.plugins.ml2.drivers.ovn.mech_driver.ovsdb.ovn_client [None req-7ccc5585-02c5-47af-ba20-a251c21aa15d - - - - - -] No hosting information found for port 5edca762-f2e2-40e7-a005-d2e3413fd94c: RuntimeError: No hosting information found for port 5edca762-f2e2-40e7-a005-d2e3413fd94c
2026-07-14 18:47:16.715 10 INFO neutron.plugins.ml2.drivers.ovn.mech_driver.mech_driver [None req-7ccc5585-02c5-47af-ba20-a251c21aa15d - - - - - -] OVN reports status up for port: c2940d73-e68a-4b27-8235-6ebf12fc648d
2026-07-14 18:47:16.728 10 INFO neutron.plugins.ml2.plugin [None req-7ccc5585-02c5-47af-ba20-a251c21aa15d - - - - - -] Attempt 1 to provision port c2940d73-e68a-4b27-8235-6ebf12fc648d
2026-07-14 18:47:16.789 9 INFO neutron.wsgi [req-5275f0d2-2169-4bdb-9024-0e51df403871 req-4681ccb8-b721-4608-9503-ae92345b06ed 838df892d5424d7689c7becf5067f474 cb13ab6acc6a4ecc80685c001f94cbd1 - - default default] 10.0.0.200 "GET /v2.0/security-groups?id=93958b68-f735-45ce-99b0-f18d54665a91&fields=id&fields=name HTTP/1.1" status: 200 len: 313 time: 0.0970292
2026-07-14 18:47:16.846 10 INFO neutron.plugins.ml2.drivers.ovn.mech_driver.mech_driver [None req-7ccc5585-02c5-47af-ba20-a251c21aa15d - - - - - -] OVN reports status up for port: 666f612c-0a16-4ec1-8ed4-c5849e0e97ba
2026-07-14 18:47:16.861 10 INFO neutron.plugins.ml2.plugin [None req-7ccc5585-02c5-47af-ba20-a251c21aa15d - - - - - -] Attempt 1 to provision port 666f612c-0a16-4ec1-8ed4-c5849e0e97ba
2026-07-14 18:47:16.993 9 WARNING neutron.scheduler.dhcp_agent_scheduler [None req-17e563ce-ec03-45dc-a1e4-013cecb654fd 8754b36b87674dbc9e218ef2c737f3f7 eabea44008bb4ef79360a035ad831501 - - default default] No more DHCP agents
2026-07-14 18:47:16.998 9 WARNING neutron.api.rpc.agentnotifiers.dhcp_rpc_agent_api [None req-17e563ce-ec03-45dc-a1e4-013cecb654fd 8754b36b87674dbc9e218ef2c737f3f7 eabea44008bb4ef79360a035ad831501 - - default default] Unable to schedule network fa6b9e69-b1d2-4e89-b416-8da60c632699: no agents available; will retry on subsequent port and subnet creation events.
2026-07-14 18:47:17.126 9 INFO neutron.wsgi [req-a726a956-e806-4849-998f-d5e61a01b89a req-0608f9f9-ffdc-4b8a-93a4-c3d457510f49 838df892d5424d7689c7becf5067f474 cb13ab6acc6a4ecc80685c001f94cbd1 - - default default] 199.204.45.210 "GET /v2.0/ports?device_id=d6ee00fd-5e98-47b7-a726-32e4dd6cc8bd HTTP/1.1" status: 200 len: 1170 time: 0.1978872
2026-07-14 18:47:17.196 10 INFO neutron.db.ovn_revision_numbers_db [None req-7ccc5585-02c5-47af-ba20-a251c21aa15d - - - - - -] Successfully bumped revision number for resource 666f612c-0a16-4ec1-8ed4-c5849e0e97ba (type: ports) to 2
2026-07-14 18:47:17.206 9 INFO neutron.db.ovn_revision_numbers_db [None req-17e563ce-ec03-45dc-a1e4-013cecb654fd 8754b36b87674dbc9e218ef2c737f3f7 eabea44008bb4ef79360a035ad831501 - - default default] Successfully bumped revision number for resource e1b8edda-023a-41de-861c-c419d8db6c0c (type: ports) to 1
2026-07-14 18:47:17.213 10 INFO neutron.wsgi [req-bb21743d-44a9-4170-a2e3-cbfe84be2e38 req-1c4d17a3-449d-44c2-8094-e05d4cecf501 35a244990d1e4451a9e1b56ddf6678f9 9b85230952644083a95c0601197ebcac - - default default] 10.0.0.200 "GET /v2.0/networks?id=6e1b69f8-898b-4bd9-80de-395e690fcbb1 HTTP/1.1" status: 200 len: 876 time: 0.0950494
2026-07-14 18:47:17.243 10 INFO neutron.wsgi [req-bb21743d-44a9-4170-a2e3-cbfe84be2e38 req-7853e26e-6a6b-4efd-b74b-f3d0074b9236 35a244990d1e4451a9e1b56ddf6678f9 9b85230952644083a95c0601197ebcac - - default default] 10.0.0.200 "GET /v2.0/quotas/9b85230952644083a95c0601197ebcac HTTP/1.1" status: 200 len: 386 time: 0.0167940
2026-07-14 18:47:17.265 9 INFO neutron.wsgi [None req-620e4f1c-0d91-4d9e-a98d-eecd8d16a941 332da28ba08947a0984c08ac2046e65e 62fcb8cae15840e6964d4ce58b3cdb14 - - default default] 10.0.0.70 "PUT /v2.0/routers/c47fec39-fde2-4f21-ad8a-a17a370064ff/remove_router_interface HTTP/1.1" status: 200 len: 503 time: 1.3253334 /var/lib/openstack/lib/python3.10/site-packages/pycadf/identifier.py:71: UserWarning: Invalid uuid: neutron. To ensure interoperability, identifiers should be a valid uuid. warnings.warn(('Invalid uuid: %s. To ensure interoperability, '
2026-07-14 18:47:17.282 9 INFO neutron.wsgi [None req-17e563ce-ec03-45dc-a1e4-013cecb654fd 8754b36b87674dbc9e218ef2c737f3f7 eabea44008bb4ef79360a035ad831501 - - default default] 10.0.0.70 "POST /v2.0/networks HTTP/1.1" status: 201 len: 849 time: 1.1760647
2026-07-14 18:47:17.307 9 INFO neutron.wsgi [None req-99dc3c9e-6646-4c54-96d8-7d206f9ffd08 332da28ba08947a0984c08ac2046e65e 62fcb8cae15840e6964d4ce58b3cdb14 - - default default] 10.0.0.70 "GET /v2.0/ports?device_id=c47fec39-fde2-4f21-ad8a-a17a370064ff HTTP/1.1" status: 200 len: 205 time: 0.0346286
2026-07-14 18:47:17.368 10 INFO neutron.wsgi [req-bb21743d-44a9-4170-a2e3-cbfe84be2e38 req-ef40404a-5a51-48c1-8e0d-1b97adca16b2 35a244990d1e4451a9e1b56ddf6678f9 9b85230952644083a95c0601197ebcac - - default default] 10.0.0.200 "GET /v2.0/ports?tenant_id=9b85230952644083a95c0601197ebcac&fields=id HTTP/1.1" status: 200 len: 302 time: 0.1157401
2026-07-14 18:47:17.388 10 INFO neutron.db.ovn_revision_numbers_db [None req-7ccc5585-02c5-47af-ba20-a251c21aa15d - - - - - -] Successfully bumped revision number for resource 666f612c-0a16-4ec1-8ed4-c5849e0e97ba (type: router_ports) to 2
2026-07-14 18:47:17.469 10 INFO neutron.wsgi [req-bb21743d-44a9-4170-a2e3-cbfe84be2e38 req-c95365e6-5320-46e3-ab79-1a852d032917 bc039332a626462b80a111b4b2ecb280 929db5240b3249239d5e1afb01ba49bf - - 836454d2791c49c1902648f62b0f7497 836454d2791c49c1902648f62b0f7497] 10.0.0.200 "GET /v2.0/networks/6e1b69f8-898b-4bd9-80de-395e690fcbb1?fields=segments HTTP/1.1" status: 200 len: 212 time: 0.0897756
2026-07-14 18:47:17.502 9 INFO neutron.db.segments_db [None req-46d14346-908f-47df-9658-600e2025486e 8754b36b87674dbc9e218ef2c737f3f7 eabea44008bb4ef79360a035ad831501 - - default default] Added segment 56580b32-34dd-409d-84a0-0b98762a3ee0 of type geneve for network 0915363f-0f64-4385-8392-20e24b2029be
2026-07-14 18:47:17.559 10 INFO neutron.wsgi [req-bb21743d-44a9-4170-a2e3-cbfe84be2e38 req-2dc87d7e-a90d-448b-8d22-85f0ccfceffb bc039332a626462b80a111b4b2ecb280 929db5240b3249239d5e1afb01ba49bf - - 836454d2791c49c1902648f62b0f7497 836454d2791c49c1902648f62b0f7497] 10.0.0.200 "GET /v2.0/networks/6e1b69f8-898b-4bd9-80de-395e690fcbb1?fields=provider%3Aphysical_network&fields=provider%3Anetwork_type HTTP/1.1" status: 200 len: 277 time: 0.0821192
2026-07-14 18:47:17.670 9 INFO neutron.wsgi [None req-ed882b0b-9864-4000-a70e-356d9362123b 332da28ba08947a0984c08ac2046e65e 62fcb8cae15840e6964d4ce58b3cdb14 - - default default] 10.0.0.70 "DELETE /v2.0/routers/c47fec39-fde2-4f21-ad8a-a17a370064ff HTTP/1.1" status: 204 len: 168 time: 0.3523076
2026-07-14 18:47:17.737 9 INFO neutron.wsgi [req-c9925c4d-b91b-4096-93c4-e723be7d3cf4 req-4495ad3e-8e1a-4680-9ce6-98cd4fc8efbd 35a244990d1e4451a9e1b56ddf6678f9 9b85230952644083a95c0601197ebcac - - default default] 10.0.0.200 "GET /v2.0/ports?device_id=aa70c9e0-e0ed-4a7c-ac8e-5c75a58b6200 HTTP/1.1" status: 200 len: 210 time: 0.0507097
2026-07-14 18:47:17.779 9 INFO neutron.db.l3_db [req-a726a956-e806-4849-998f-d5e61a01b89a req-f02b9e73-c074-426f-b33a-62992b10428b 838df892d5424d7689c7becf5067f474 cb13ab6acc6a4ecc80685c001f94cbd1 - - default default] Floating IP 9f4e42e1-44a2-4ba4-9cd3-c308a828be8c disassociated. External IP: 10.96.250.219, port: 15e9b6a9-4372-4c43-af8e-20847a7bded2.
2026-07-14 18:47:17.802 9 INFO neutron.db.ovn_revision_numbers_db [None req-46d14346-908f-47df-9658-600e2025486e 8754b36b87674dbc9e218ef2c737f3f7 eabea44008bb4ef79360a035ad831501 - - default default] Successfully bumped revision number for resource 0915363f-0f64-4385-8392-20e24b2029be (type: networks) to 1
2026-07-14 18:47:17.891 10 INFO neutron.wsgi [None req-8babd742-7831-4e99-a3f2-b30c991c817e 332da28ba08947a0984c08ac2046e65e 62fcb8cae15840e6964d4ce58b3cdb14 - - default default] 10.0.0.70 "DELETE /v2.0/subnets/74dfd87e-1c52-41dc-b5ac-a3e2413e0c8b HTTP/1.1" status: 204 len: 168 time: 0.2160158
2026-07-14 18:47:17.978 10 INFO neutron.wsgi [req-6f1180f6-0b20-4cd6-8591-36c599f0559b req-8b9bcc24-df22-44bd-bd49-8a5ec707f806 838df892d5424d7689c7becf5067f474 cb13ab6acc6a4ecc80685c001f94cbd1 - - default default] 10.0.0.200 "GET /v2.0/ports?device_id=d6ee00fd-5e98-47b7-a726-32e4dd6cc8bd HTTP/1.1" status: 200 len: 1170 time: 0.1028705
2026-07-14 18:47:18.032 10 INFO neutron.wsgi [req-6f1180f6-0b20-4cd6-8591-36c599f0559b req-29cd1828-7718-4a05-8083-30cddfa39f10 838df892d5424d7689c7becf5067f474 cb13ab6acc6a4ecc80685c001f94cbd1 - - default default] 10.0.0.200 "GET /v2.0/security-groups?id=93958b68-f735-45ce-99b0-f18d54665a91&fields=id&fields=name HTTP/1.1" status: 200 len: 313 time: 0.0464299
2026-07-14 18:47:18.108 9 INFO neutron.wsgi [req-a726a956-e806-4849-998f-d5e61a01b89a req-f02b9e73-c074-426f-b33a-62992b10428b 838df892d5424d7689c7becf5067f474 cb13ab6acc6a4ecc80685c001f94cbd1 - - default default] 199.204.45.210 "DELETE /v2.0/ports/15e9b6a9-4372-4c43-af8e-20847a7bded2 HTTP/1.1" status: 204 len: 173 time: 0.9651184
2026-07-14 18:47:18.144 9 WARNING neutron.scheduler.dhcp_agent_scheduler [None req-46d14346-908f-47df-9658-600e2025486e 8754b36b87674dbc9e218ef2c737f3f7 eabea44008bb4ef79360a035ad831501 - - default default] No more DHCP agents
2026-07-14 18:47:18.147 9 WARNING neutron.api.rpc.agentnotifiers.dhcp_rpc_agent_api [None req-46d14346-908f-47df-9658-600e2025486e 8754b36b87674dbc9e218ef2c737f3f7 eabea44008bb4ef79360a035ad831501 - - default default] Unable to schedule network 0915363f-0f64-4385-8392-20e24b2029be: no agents available; will retry on subsequent port and subnet creation events.
2026-07-14 18:47:18.154 9 INFO neutron.notifiers.nova [-] Nova event matching ['req-43065f3d-809d-497f-a958-f74938e17edb'] response: {'server_uuid': 'd6ee00fd-5e98-47b7-a726-32e4dd6cc8bd', 'name': 'network-vif-deleted', 'tag': '15e9b6a9-4372-4c43-af8e-20847a7bded2', 'status': 'completed', 'code': 200}
2026-07-14 18:47:18.235 9 INFO neutron.wsgi [None req-2950ee03-b49d-457e-8623-f6a687fbc30e 332da28ba08947a0984c08ac2046e65e 62fcb8cae15840e6964d4ce58b3cdb14 - - default default] 10.0.0.70 "DELETE /v2.0/subnets/a4dd30c1-9d4e-4bd0-b8db-b19a0fcbb6a4 HTTP/1.1" status: 204 len: 168 time: 0.3367932
2026-07-14 18:47:18.251 9 INFO neutron.db.ovn_revision_numbers_db [None req-46d14346-908f-47df-9658-600e2025486e 8754b36b87674dbc9e218ef2c737f3f7 eabea44008bb4ef79360a035ad831501 - - default default] Successfully bumped revision number for resource 8e9e578b-9749-4626-a128-f0a6578cdafc (type: ports) to 1
2026-07-14 18:47:18.273 9 INFO neutron.wsgi [None req-46d14346-908f-47df-9658-600e2025486e 8754b36b87674dbc9e218ef2c737f3f7 eabea44008bb4ef79360a035ad831501 - - default default] 10.0.0.70 "POST /v2.0/networks HTTP/1.1" status: 201 len: 849 time: 0.9834447
2026-07-14 18:47:18.556 9 INFO neutron.wsgi [req-bb21743d-44a9-4170-a2e3-cbfe84be2e38 req-eb15d5d9-81bf-4351-80d0-c9bf7e0c3cc4 35a244990d1e4451a9e1b56ddf6678f9 9b85230952644083a95c0601197ebcac - - default default] 199.204.45.210 "GET /v2.0/networks?id=6e1b69f8-898b-4bd9-80de-395e690fcbb1 HTTP/1.1" status: 200 len: 876 time: 0.1301527
2026-07-14 18:47:18.648 10 INFO neutron.services.segments.plugin [-] Segment 72ea8258-a422-4480-ba16-e740ca22c455 resource provider aggregate not found
2026-07-14 18:47:18.652 10 INFO neutron.services.segments.plugin [-] Segment 72ea8258-a422-4480-ba16-e740ca22c455 resource provider aggregate not found
2026-07-14 18:47:18.665 10 INFO neutron.services.segments.plugin [-] Segment 72ea8258-a422-4480-ba16-e740ca22c455 resource provider not found; error: Placement Client Error (4xx): {"errors": [{"status": 404, "title": "Not Found", "detail": "The resource could not be found.\n\n No resource provider with uuid 72ea8258-a422-4480-ba16-e740ca22c455 found for delete ", "request_id": "req-dc3a1b6e-9bcb-4b22-8d07-5bddfc784717"}]}
2026-07-14 18:47:18.670 10 INFO neutron.services.segments.plugin [-] Segment 72ea8258-a422-4480-ba16-e740ca22c455 resource provider not found; error: Placement Client Error (4xx): {"errors": [{"status": 404, "title": "Not Found", "detail": "The resource could not be found.\n\n No resource provider with uuid 72ea8258-a422-4480-ba16-e740ca22c455 found for delete ", "request_id": "req-9d85f652-a4ad-4ff7-b2f9-26e6f56ec5dc"}]}
2026-07-14 18:47:18.693 10 INFO neutron.wsgi [None req-e8c38af6-52e9-41a6-b763-64f6a3bd4896 332da28ba08947a0984c08ac2046e65e 62fcb8cae15840e6964d4ce58b3cdb14 - - default default] 10.0.0.70 "DELETE /v2.0/networks/3e164915-a3d8-4474-8134-e8b81800ab95 HTTP/1.1" status: 204 len: 168 time: 0.4525981
2026-07-14 18:47:18.822 10 INFO neutron.wsgi [req-186075dc-e893-4900-927c-b798f57611c7 req-faf2d232-f757-484d-811a-43393f9774ad 35a244990d1e4451a9e1b56ddf6678f9 9b85230952644083a95c0601197ebcac - - default default] 10.0.0.200 "GET /v2.0/ports?device_id=aa70c9e0-e0ed-4a7c-ac8e-5c75a58b6200 HTTP/1.1" status: 200 len: 210 time: 0.0246565
2026-07-14 18:47:19.126 10 INFO neutron.wsgi [None req-8c862cf4-c091-4d69-9ffb-5f550008afd6 332da28ba08947a0984c08ac2046e65e 62fcb8cae15840e6964d4ce58b3cdb14 - - default default] 10.0.0.70 "DELETE /v2.0/networks/8bd2438e-7314-4f0e-b277-0baf35c0b9a0 HTTP/1.1" status: 204 len: 168 time: 0.4241369
2026-07-14 18:47:19.192 9 WARNING neutron.scheduler.dhcp_agent_scheduler [None req-9611a5b6-8e55-43c7-b507-cafb0f839182 8754b36b87674dbc9e218ef2c737f3f7 eabea44008bb4ef79360a035ad831501 - - default default] No more DHCP agents
2026-07-14 18:47:19.196 9 WARNING neutron.api.rpc.agentnotifiers.dhcp_rpc_agent_api [None req-9611a5b6-8e55-43c7-b507-cafb0f839182 8754b36b87674dbc9e218ef2c737f3f7 eabea44008bb4ef79360a035ad831501 - - default default] Unable to schedule network fa6b9e69-b1d2-4e89-b416-8da60c632699: no agents available; will retry on subsequent port and subnet creation events.
2026-07-14 18:47:19.199 9 WARNING neutron.plugins.ml2.drivers.ovn.mech_driver.ovsdb.ovn_client [None req-715a825c-8b9b-440a-a22e-2dd40be042ea - - - - - -] No port found with ID b9f770ee-e745-4694-b8ef-fc18344d1e0c: RuntimeError: No port found with ID b9f770ee-e745-4694-b8ef-fc18344d1e0c
2026-07-14 18:47:19.220 10 INFO neutron.db.segments_db [None req-7a2f5d1d-0cc2-441d-840a-359a79d1cc15 332da28ba08947a0984c08ac2046e65e 62fcb8cae15840e6964d4ce58b3cdb14 - - default default] Added segment dce08871-b1f3-4c83-b2d4-50cb50d9bc0b of type geneve for network 16973c60-6e72-408f-ad61-458e56d7ff7b
2026-07-14 18:47:19.289 10 INFO neutron.wsgi [None req-e61803c5-2987-47d5-97e2-120e6db5f18f 838df892d5424d7689c7becf5067f474 cb13ab6acc6a4ecc80685c001f94cbd1 - - default default] 10.0.0.70 "DELETE /v2.0/security-groups/93958b68-f735-45ce-99b0-f18d54665a91 HTTP/1.1" status: 204 len: 168 time: 0.1464558
2026-07-14 18:47:19.315 10 INFO neutron.api.v2.resource [None req-6c9de01d-0ac2-432f-bec0-3fdb92ba9c66 838df892d5424d7689c7becf5067f474 cb13ab6acc6a4ecc80685c001f94cbd1 - - default default] show failed (client error): The resource could not be found.
2026-07-14 18:47:19.317 10 INFO neutron.wsgi [None req-6c9de01d-0ac2-432f-bec0-3fdb92ba9c66 838df892d5424d7689c7becf5067f474 cb13ab6acc6a4ecc80685c001f94cbd1 - - default default] 10.0.0.70 "GET /v2.0/security-groups/93958b68-f735-45ce-99b0-f18d54665a91 HTTP/1.1" status: 404 len: 347 time: 0.0197582
2026-07-14 18:47:19.338 9 WARNING neutron.scheduler.dhcp_agent_scheduler [req-bb21743d-44a9-4170-a2e3-cbfe84be2e38 req-f0f1d4b2-5f45-46a6-985f-3bf6a389b405 35a244990d1e4451a9e1b56ddf6678f9 9b85230952644083a95c0601197ebcac - - default default] No more DHCP agents
2026-07-14 18:47:19.349 9 WARNING neutron.api.rpc.agentnotifiers.dhcp_rpc_agent_api [req-bb21743d-44a9-4170-a2e3-cbfe84be2e38 req-f0f1d4b2-5f45-46a6-985f-3bf6a389b405 35a244990d1e4451a9e1b56ddf6678f9 9b85230952644083a95c0601197ebcac - - default default] Unable to schedule network 6e1b69f8-898b-4bd9-80de-395e690fcbb1: no agents available; will retry on subsequent port and subnet creation events.
2026-07-14 18:47:19.389 10 INFO neutron.db.ovn_revision_numbers_db [None req-7a2f5d1d-0cc2-441d-840a-359a79d1cc15 332da28ba08947a0984c08ac2046e65e 62fcb8cae15840e6964d4ce58b3cdb14 - - default default] Successfully bumped revision number for resource 16973c60-6e72-408f-ad61-458e56d7ff7b (type: networks) to 1
2026-07-14 18:47:19.555 9 INFO neutron.db.ovn_revision_numbers_db [req-bb21743d-44a9-4170-a2e3-cbfe84be2e38 req-f0f1d4b2-5f45-46a6-985f-3bf6a389b405 35a244990d1e4451a9e1b56ddf6678f9 9b85230952644083a95c0601197ebcac - - default default] Successfully bumped revision number for resource eaa21e30-6b53-4fb9-ac1c-7a8eb1fb4325 (type: ports) to 1
2026-07-14 18:47:19.583 9 INFO neutron.wsgi [req-bb21743d-44a9-4170-a2e3-cbfe84be2e38 req-f0f1d4b2-5f45-46a6-985f-3bf6a389b405 35a244990d1e4451a9e1b56ddf6678f9 9b85230952644083a95c0601197ebcac - - default default] 199.204.45.210 "POST /v2.0/ports HTTP/1.1" status: 201 len: 1162 time: 1.0155661 /var/lib/openstack/lib/python3.10/site-packages/pycadf/identifier.py:71: UserWarning: Invalid uuid: neutron. To ensure interoperability, identifiers should be a valid uuid. warnings.warn(('Invalid uuid: %s. To ensure interoperability, '
2026-07-14 18:47:19.606 10 WARNING neutron.scheduler.dhcp_agent_scheduler [None req-7a2f5d1d-0cc2-441d-840a-359a79d1cc15 332da28ba08947a0984c08ac2046e65e 62fcb8cae15840e6964d4ce58b3cdb14 - - default default] No more DHCP agents
2026-07-14 18:47:19.608 10 WARNING neutron.api.rpc.agentnotifiers.dhcp_rpc_agent_api [None req-7a2f5d1d-0cc2-441d-840a-359a79d1cc15 332da28ba08947a0984c08ac2046e65e 62fcb8cae15840e6964d4ce58b3cdb14 - - default default] Unable to schedule network 16973c60-6e72-408f-ad61-458e56d7ff7b: no agents available; will retry on subsequent port and subnet creation events.
2026-07-14 18:47:19.713 10 INFO neutron.db.ovn_revision_numbers_db [None req-7a2f5d1d-0cc2-441d-840a-359a79d1cc15 332da28ba08947a0984c08ac2046e65e 62fcb8cae15840e6964d4ce58b3cdb14 - - default default] Successfully bumped revision number for resource e43a3f19-5293-4389-b323-f7a604d156ea (type: ports) to 1
2026-07-14 18:47:19.738 10 INFO neutron.wsgi [None req-7a2f5d1d-0cc2-441d-840a-359a79d1cc15 332da28ba08947a0984c08ac2046e65e 62fcb8cae15840e6964d4ce58b3cdb14 - - default default] 10.0.0.70 "POST /v2.0/networks HTTP/1.1" status: 201 len: 832 time: 0.6065423
2026-07-14 18:47:19.758 10 INFO neutron.wsgi [None req-96c9c448-0695-4416-8ecc-b5b3c36c3d05 838df892d5424d7689c7becf5067f474 cb13ab6acc6a4ecc80685c001f94cbd1 - - default default] 10.0.0.70 "DELETE /v2.0/floatingips/9f4e42e1-44a2-4ba4-9cd3-c308a828be8c HTTP/1.1" status: 204 len: 168 time: 0.4354572
2026-07-14 18:47:19.946 9 INFO neutron.db.ovn_revision_numbers_db [None req-9611a5b6-8e55-43c7-b507-cafb0f839182 8754b36b87674dbc9e218ef2c737f3f7 eabea44008bb4ef79360a035ad831501 - - default default] Successfully bumped revision number for resource e1b8edda-023a-41de-861c-c419d8db6c0c (type: ports) to 2
2026-07-14 18:47:20.012 10 WARNING neutron.scheduler.dhcp_agent_scheduler [None req-d767177d-f58a-4d47-b214-9b7a7bd05a59 332da28ba08947a0984c08ac2046e65e 62fcb8cae15840e6964d4ce58b3cdb14 - - default default] No more DHCP agents
2026-07-14 18:47:20.014 10 WARNING neutron.api.rpc.agentnotifiers.dhcp_rpc_agent_api [None req-d767177d-f58a-4d47-b214-9b7a7bd05a59 332da28ba08947a0984c08ac2046e65e 62fcb8cae15840e6964d4ce58b3cdb14 - - default default] Unable to schedule network 16973c60-6e72-408f-ad61-458e56d7ff7b: no agents available; will retry on subsequent port and subnet creation events.
2026-07-14 18:47:20.056 10 INFO neutron.db.ovn_revision_numbers_db [None req-d767177d-f58a-4d47-b214-9b7a7bd05a59 332da28ba08947a0984c08ac2046e65e 62fcb8cae15840e6964d4ce58b3cdb14 - - default default] Successfully bumped revision number for resource 29a64fbd-81be-48cb-a899-d093a6c6a336 (type: subnets) to 0
