2026-07-14 18:46:15.565 9 INFO neutron.db.ovn_revision_numbers_db [req-049a6a38-05c1-4a78-853f-0a8aa1417649 req-57647d34-cbfc-4d6d-aad4-5eea2eafd548 f5634168446f4c5d949dd9f30b6b7640 d86bcfde8df2409ea724b59f4607673d - - default default] Successfully bumped revision number for resource 01e4aae6-cd9e-44ea-90ed-72b69943daf4 (type: security_group_rules) to 0 /var/lib/openstack/lib/python3.10/site-packages/pycadf/identifier.py:71: UserWarning: Invalid uuid: neutron. To ensure interoperability, identifiers should be a valid uuid. warnings.warn(('Invalid uuid: %s. To ensure interoperability, '
2026-07-14 18:46:15.621 9 INFO neutron.wsgi [req-049a6a38-05c1-4a78-853f-0a8aa1417649 req-57647d34-cbfc-4d6d-aad4-5eea2eafd548 f5634168446f4c5d949dd9f30b6b7640 d86bcfde8df2409ea724b59f4607673d - - default default] 10.0.0.200 "POST /v2.0/security-group-rules HTTP/1.1" status: 201 len: 786 time: 0.2573514
2026-07-14 18:46:15.642 9 INFO neutron.db.ovn_revision_numbers_db [req-d4e649e7-37f0-4185-8d0e-dbd5f5ca4356 req-19ed547e-e41d-4365-b6e3-1775ae9d45f6 0ec03b69f9d347b5a57e816125238b9e 0f723fae42e2479ea96e5a1fdc81335c - - default default] Successfully bumped revision number for resource f02870bc-91e7-4cb2-bd68-2d30891559a5 (type: ports) to 1
2026-07-14 18:46:15.800 9 INFO neutron.wsgi [req-d4e649e7-37f0-4185-8d0e-dbd5f5ca4356 req-19ed547e-e41d-4365-b6e3-1775ae9d45f6 0ec03b69f9d347b5a57e816125238b9e 0f723fae42e2479ea96e5a1fdc81335c - - default default] 199.204.45.210 "POST /v2.0/ports HTTP/1.1" status: 201 len: 1158 time: 0.8439560
2026-07-14 18:46:15.815 9 INFO neutron.wsgi [req-d4e649e7-37f0-4185-8d0e-dbd5f5ca4356 req-cda18d38-19cb-44d3-be9a-adec3bc06a03 0ec03b69f9d347b5a57e816125238b9e 0f723fae42e2479ea96e5a1fdc81335c - - default default] 199.204.45.210 "GET /v2.0/extensions HTTP/1.1" status: 200 len: 16525 time: 0.0083899
2026-07-14 18:46:15.824 10 INFO neutron.wsgi [req-4d5ad19c-4211-444b-84ac-37bd3f663714 req-4fe23b78-6a72-4515-ae53-fb2c692273e9 0ec03b69f9d347b5a57e816125238b9e 0f723fae42e2479ea96e5a1fdc81335c - - default default] 10.0.0.200 "GET /v2.0/ports?device_id=d3f32a75-4aa7-48ae-abbe-79070d078c55 HTTP/1.1" status: 200 len: 1156 time: 0.1223795
2026-07-14 18:46:15.834 9 INFO neutron.wsgi [req-7d1e642a-1945-44ab-9edf-d07743590ae5 req-cc945d9b-7b37-4342-ab6c-83b784850c61 f2a4766ad7254dff986262a22cbf99cc 721a37cd13c9407d96d05a0964cc13f3 - - default default] 199.204.45.210 "GET /v2.0/networks?id=f2326210-55b3-49e8-b2f6-24b523c8080e HTTP/1.1" status: 200 len: 869 time: 0.2403083
2026-07-14 18:46:15.869 10 INFO neutron.wsgi [req-4d5ad19c-4211-444b-84ac-37bd3f663714 req-cc5559cc-1a8f-4220-b578-15cabcc03995 0ec03b69f9d347b5a57e816125238b9e 0f723fae42e2479ea96e5a1fdc81335c - - default default] 10.0.0.200 "GET /v2.0/security-groups?id=9b615884-7534-432e-974d-f6f08da9c9a6&fields=id&fields=name HTTP/1.1" status: 200 len: 312 time: 0.0379763
2026-07-14 18:46:15.895 9 INFO neutron.wsgi [req-7d1e642a-1945-44ab-9edf-d07743590ae5 req-90ba5afc-89da-431b-ba0a-6297c1820060 f2a4766ad7254dff986262a22cbf99cc 721a37cd13c9407d96d05a0964cc13f3 - - default default] 199.204.45.210 "GET /v2.0/security-groups?fields=id&fields=name&tenant_id=721a37cd13c9407d96d05a0964cc13f3 HTTP/1.1" status: 200 len: 380 time: 0.0545056
2026-07-14 18:46:15.932 9 INFO neutron.db.ovn_revision_numbers_db [req-ab5d8c0f-3a26-44b0-b6f5-b2560e8f0fcb req-2000a296-abec-479e-b6de-64267e7d4074 f5634168446f4c5d949dd9f30b6b7640 d86bcfde8df2409ea724b59f4607673d - - default default] Successfully bumped revision number for resource 676af4a0-f285-49ab-8c6f-67362bd17d5c (type: security_groups) to 1
2026-07-14 18:46:15.973 9 INFO neutron.db.ovn_revision_numbers_db [req-ab5d8c0f-3a26-44b0-b6f5-b2560e8f0fcb req-2000a296-abec-479e-b6de-64267e7d4074 f5634168446f4c5d949dd9f30b6b7640 d86bcfde8df2409ea724b59f4607673d - - default default] Successfully bumped revision number for resource 9f3a4a5f-ab42-4853-85f1-e5e419b76025 (type: security_group_rules) to 0
2026-07-14 18:46:15.993 9 INFO neutron.db.ovn_revision_numbers_db [req-ab5d8c0f-3a26-44b0-b6f5-b2560e8f0fcb req-2000a296-abec-479e-b6de-64267e7d4074 f5634168446f4c5d949dd9f30b6b7640 d86bcfde8df2409ea724b59f4607673d - - default default] Successfully bumped revision number for resource d021b37b-d50d-478a-9dd6-c8dfc18b57db (type: security_group_rules) to 0
2026-07-14 18:46:16.017 9 INFO neutron.wsgi [req-ab5d8c0f-3a26-44b0-b6f5-b2560e8f0fcb req-2000a296-abec-479e-b6de-64267e7d4074 f5634168446f4c5d949dd9f30b6b7640 d86bcfde8df2409ea724b59f4607673d - - default default] 10.0.0.200 "POST /v2.0/security-groups HTTP/1.1" status: 201 len: 1826 time: 0.3634052
2026-07-14 18:46:16.104 9 INFO neutron.wsgi [req-fe119458-12c5-4bc2-a72a-a7f40e291c86 req-a47440f3-c934-455f-bea8-316f28a25096 f5634168446f4c5d949dd9f30b6b7640 d86bcfde8df2409ea724b59f4607673d - - default default] 10.0.0.200 "GET /v2.0/security-groups/676af4a0-f285-49ab-8c6f-67362bd17d5c HTTP/1.1" status: 200 len: 1821 time: 0.0478821
2026-07-14 18:46:16.123 10 INFO neutron.wsgi [req-cbcc4829-b2e9-4906-8825-d3df2b4a283d req-761f400e-2ddb-4b15-b73e-ad179b2c7906 f2a4766ad7254dff986262a22cbf99cc 721a37cd13c9407d96d05a0964cc13f3 - - default default] 10.0.0.200 "GET /v2.0/ports?device_id=7182c4eb-207e-4387-8579-4c5575655cdd HTTP/1.1" status: 200 len: 210 time: 0.0288048
2026-07-14 18:46:16.355 9 INFO neutron.db.ovn_revision_numbers_db [req-fe119458-12c5-4bc2-a72a-a7f40e291c86 req-469f91d8-d90b-4ab4-a877-09866e25bc8d f5634168446f4c5d949dd9f30b6b7640 d86bcfde8df2409ea724b59f4607673d - - default default] Successfully bumped revision number for resource a3007ef1-7ba9-49a1-8a08-880d593debf6 (type: security_group_rules) to 0
2026-07-14 18:46:16.421 9 WARNING neutron.scheduler.dhcp_agent_scheduler [req-7d1e642a-1945-44ab-9edf-d07743590ae5 req-d6d8947c-c14b-4a96-b480-6a1cf92b175e f2a4766ad7254dff986262a22cbf99cc 721a37cd13c9407d96d05a0964cc13f3 - - default default] No more DHCP agents
2026-07-14 18:46:16.428 9 INFO neutron.wsgi [req-fe119458-12c5-4bc2-a72a-a7f40e291c86 req-469f91d8-d90b-4ab4-a877-09866e25bc8d f5634168446f4c5d949dd9f30b6b7640 d86bcfde8df2409ea724b59f4607673d - - default default] 10.0.0.200 "POST /v2.0/security-group-rules HTTP/1.1" status: 201 len: 786 time: 0.3138390
2026-07-14 18:46:16.434 9 WARNING neutron.api.rpc.agentnotifiers.dhcp_rpc_agent_api [req-7d1e642a-1945-44ab-9edf-d07743590ae5 req-d6d8947c-c14b-4a96-b480-6a1cf92b175e f2a4766ad7254dff986262a22cbf99cc 721a37cd13c9407d96d05a0964cc13f3 - - default default] Unable to schedule network f2326210-55b3-49e8-b2f6-24b523c8080e: no agents available; will retry on subsequent port and subnet creation events.
2026-07-14 18:46:16.484 10 INFO neutron.wsgi [req-97637c9e-8a54-462d-b22d-6253d55d2a9c req-e410e404-8bf3-4510-988b-af8f4223dbca f5634168446f4c5d949dd9f30b6b7640 d86bcfde8df2409ea724b59f4607673d - - default default] 10.0.0.200 "GET /v2.0/security-groups/676af4a0-f285-49ab-8c6f-67362bd17d5c HTTP/1.1" status: 200 len: 2414 time: 0.0303407
2026-07-14 18:46:16.620 9 INFO neutron.db.ovn_revision_numbers_db [req-7d1e642a-1945-44ab-9edf-d07743590ae5 req-d6d8947c-c14b-4a96-b480-6a1cf92b175e f2a4766ad7254dff986262a22cbf99cc 721a37cd13c9407d96d05a0964cc13f3 - - default default] Successfully bumped revision number for resource b98e4046-1c31-40b6-8867-22b05e127043 (type: ports) to 1
2026-07-14 18:46:16.622 10 INFO neutron.db.ovn_revision_numbers_db [req-97637c9e-8a54-462d-b22d-6253d55d2a9c req-951194ff-0f13-40d2-b664-51079a280750 f5634168446f4c5d949dd9f30b6b7640 d86bcfde8df2409ea724b59f4607673d - - default default] Successfully bumped revision number for resource 8ee38f32-9670-4f0b-b88a-d50ff8e1acea (type: security_group_rules) to 0
2026-07-14 18:46:16.642 10 INFO neutron.wsgi [req-97637c9e-8a54-462d-b22d-6253d55d2a9c req-951194ff-0f13-40d2-b664-51079a280750 f5634168446f4c5d949dd9f30b6b7640 d86bcfde8df2409ea724b59f4607673d - - default default] 10.0.0.200 "POST /v2.0/security-group-rules HTTP/1.1" status: 201 len: 791 time: 0.1512403
2026-07-14 18:46:16.651 9 INFO neutron.wsgi [req-7d1e642a-1945-44ab-9edf-d07743590ae5 req-d6d8947c-c14b-4a96-b480-6a1cf92b175e f2a4766ad7254dff986262a22cbf99cc 721a37cd13c9407d96d05a0964cc13f3 - - default default] 199.204.45.210 "POST /v2.0/ports HTTP/1.1" status: 201 len: 1162 time: 0.7489548 /var/lib/openstack/lib/python3.10/site-packages/pycadf/identifier.py:71: UserWarning: Invalid uuid: neutron. To ensure interoperability, identifiers should be a valid uuid. warnings.warn(('Invalid uuid: %s. To ensure interoperability, '
2026-07-14 18:46:16.732 9 INFO neutron.wsgi [req-4a384d4c-c678-4e9b-92f0-b1db1ed2b9b9 req-4ae98a35-81f7-4000-9f1c-581975075d43 f5634168446f4c5d949dd9f30b6b7640 d86bcfde8df2409ea724b59f4607673d - - default default] 10.0.0.200 "GET /v2.0/security-groups/676af4a0-f285-49ab-8c6f-67362bd17d5c HTTP/1.1" status: 200 len: 3012 time: 0.0627630
2026-07-14 18:46:16.743 9 INFO neutron.db.ovn_revision_numbers_db [req-d4e649e7-37f0-4185-8d0e-dbd5f5ca4356 req-f8e18bfa-398d-4796-b6c4-a3ae8bf43004 bc039332a626462b80a111b4b2ecb280 929db5240b3249239d5e1afb01ba49bf - - 836454d2791c49c1902648f62b0f7497 836454d2791c49c1902648f62b0f7497] Successfully bumped revision number for resource f02870bc-91e7-4cb2-bd68-2d30891559a5 (type: ports) to 2
2026-07-14 18:46:16.781 10 INFO neutron.wsgi [req-8e0cae31-1a06-4f17-bfcf-5d083dc68667 req-fe8ec195-310e-422c-a302-a04b7675622c f5634168446f4c5d949dd9f30b6b7640 d86bcfde8df2409ea724b59f4607673d - - default default] 10.0.0.200 "GET /v2.0/security-group-rules/8ee38f32-9670-4f0b-b88a-d50ff8e1acea HTTP/1.1" status: 200 len: 783 time: 0.0186741
2026-07-14 18:46:16.815 10 INFO neutron.wsgi [req-8e0cae31-1a06-4f17-bfcf-5d083dc68667 req-be1bbe04-625a-4d88-a2eb-5f6985daa1a0 f5634168446f4c5d949dd9f30b6b7640 d86bcfde8df2409ea724b59f4607673d - - default default] 10.0.0.200 "GET /v2.0/security-groups/676af4a0-f285-49ab-8c6f-67362bd17d5c HTTP/1.1" status: 200 len: 3012 time: 0.0285001 /var/lib/openstack/lib/python3.10/site-packages/pycadf/identifier.py:71: UserWarning: Invalid uuid: neutron. To ensure interoperability, identifiers should be a valid uuid. warnings.warn(('Invalid uuid: %s. To ensure interoperability, '
2026-07-14 18:46:16.974 10 INFO neutron.wsgi [req-8e0cae31-1a06-4f17-bfcf-5d083dc68667 req-6ac9c5c2-83d8-42b1-9836-b1efcb11cd99 f5634168446f4c5d949dd9f30b6b7640 d86bcfde8df2409ea724b59f4607673d - - default default] 10.0.0.200 "DELETE /v2.0/security-group-rules/8ee38f32-9670-4f0b-b88a-d50ff8e1acea HTTP/1.1" status: 204 len: 173 time: 0.1535194
2026-07-14 18:46:17.063 9 INFO neutron.wsgi [req-098e76e3-1a09-4dbf-b9b8-e3abf55a7ade req-769c6002-9d60-4b4c-b76f-713065334598 0ec03b69f9d347b5a57e816125238b9e 0f723fae42e2479ea96e5a1fdc81335c - - default default] 10.0.0.200 "GET /v2.0/ports?device_id=d3f32a75-4aa7-48ae-abbe-79070d078c55 HTTP/1.1" status: 200 len: 1168 time: 0.1129923
2026-07-14 18:46:17.065 10 INFO neutron.wsgi [req-fbc20995-22da-4fd6-8d2e-69d97d35c0af req-984527c1-2f01-45b8-8960-97641e4673c0 f5634168446f4c5d949dd9f30b6b7640 d86bcfde8df2409ea724b59f4607673d - - default default] 10.0.0.200 "GET /v2.0/security-groups/676af4a0-f285-49ab-8c6f-67362bd17d5c HTTP/1.1" status: 200 len: 2414 time: 0.0661118 /var/lib/openstack/lib/python3.10/site-packages/pycadf/identifier.py:71: UserWarning: Invalid uuid: neutron. To ensure interoperability, identifiers should be a valid uuid. warnings.warn(('Invalid uuid: %s. To ensure interoperability, '
2026-07-14 18:46:17.152 9 INFO neutron.db.ovn_revision_numbers_db [req-d4e649e7-37f0-4185-8d0e-dbd5f5ca4356 req-f8e18bfa-398d-4796-b6c4-a3ae8bf43004 bc039332a626462b80a111b4b2ecb280 929db5240b3249239d5e1afb01ba49bf - - 836454d2791c49c1902648f62b0f7497 836454d2791c49c1902648f62b0f7497] Successfully bumped revision number for resource f02870bc-91e7-4cb2-bd68-2d30891559a5 (type: ports) to 2
2026-07-14 18:46:17.157 9 INFO neutron.wsgi [req-098e76e3-1a09-4dbf-b9b8-e3abf55a7ade req-a63d39a3-5369-4e7b-858a-799aa35417c6 0ec03b69f9d347b5a57e816125238b9e 0f723fae42e2479ea96e5a1fdc81335c - - default default] 10.0.0.200 "GET /v2.0/security-groups?id=9b615884-7534-432e-974d-f6f08da9c9a6&fields=id&fields=name HTTP/1.1" status: 200 len: 312 time: 0.0852032
2026-07-14 18:46:17.201 9 INFO neutron.wsgi [req-d4e649e7-37f0-4185-8d0e-dbd5f5ca4356 req-f8e18bfa-398d-4796-b6c4-a3ae8bf43004 bc039332a626462b80a111b4b2ecb280 929db5240b3249239d5e1afb01ba49bf - - 836454d2791c49c1902648f62b0f7497 836454d2791c49c1902648f62b0f7497] 199.204.45.210 "PUT /v2.0/ports/f02870bc-91e7-4cb2-bd68-2d30891559a5 HTTP/1.1" status: 200 len: 1376 time: 1.0563266
2026-07-14 18:46:17.210 10 INFO neutron.wsgi [req-fbc20995-22da-4fd6-8d2e-69d97d35c0af req-f272e739-1948-4b26-821a-e12ae90cbb22 f5634168446f4c5d949dd9f30b6b7640 d86bcfde8df2409ea724b59f4607673d - - default default] 10.0.0.200 "DELETE /v2.0/security-groups/676af4a0-f285-49ab-8c6f-67362bd17d5c HTTP/1.1" status: 204 len: 173 time: 0.1374807
2026-07-14 18:46:17.269 10 INFO neutron.wsgi [req-e7a5dd5b-db25-4cf4-a441-cecf97a5f4d4 req-ad9ea3da-1971-437f-bdc9-7b674b4bc157 f5634168446f4c5d949dd9f30b6b7640 d86bcfde8df2409ea724b59f4607673d - - default default] 10.0.0.200 "GET /v2.0/security-groups/6cf7d2f7-4077-4038-8ff4-e0b4b7ce6d81 HTTP/1.1" status: 200 len: 2415 time: 0.0341406
2026-07-14 18:46:17.313 9 INFO neutron.wsgi [req-d4e649e7-37f0-4185-8d0e-dbd5f5ca4356 req-c9f58b0c-7a33-4eb2-be04-64b628ca4d74 bc039332a626462b80a111b4b2ecb280 929db5240b3249239d5e1afb01ba49bf - - 836454d2791c49c1902648f62b0f7497 836454d2791c49c1902648f62b0f7497] 199.204.45.210 "GET /v2.0/ports?tenant_id=0f723fae42e2479ea96e5a1fdc81335c&device_id=d3f32a75-4aa7-48ae-abbe-79070d078c55 HTTP/1.1" status: 200 len: 1407 time: 0.0784771
2026-07-14 18:46:17.358 9 INFO neutron.wsgi [req-d4e649e7-37f0-4185-8d0e-dbd5f5ca4356 req-cbdc24db-5b0e-48ca-9578-004dd277c299 bc039332a626462b80a111b4b2ecb280 929db5240b3249239d5e1afb01ba49bf - - 836454d2791c49c1902648f62b0f7497 836454d2791c49c1902648f62b0f7497] 199.204.45.210 "GET /v2.0/floatingips?fixed_ip_address=10.100.0.3&port_id=f02870bc-91e7-4cb2-bd68-2d30891559a5 HTTP/1.1" status: 200 len: 217 time: 0.0371079
2026-07-14 18:46:17.375 9 INFO neutron.db.ovn_revision_numbers_db [req-7d1e642a-1945-44ab-9edf-d07743590ae5 req-f80aae4b-4f7f-4dc3-a1ad-e84bfb4042d2 bc039332a626462b80a111b4b2ecb280 929db5240b3249239d5e1afb01ba49bf - - 836454d2791c49c1902648f62b0f7497 836454d2791c49c1902648f62b0f7497] Successfully bumped revision number for resource b98e4046-1c31-40b6-8867-22b05e127043 (type: ports) to 2
2026-07-14 18:46:17.416 10 INFO neutron.wsgi [req-e7a5dd5b-db25-4cf4-a441-cecf97a5f4d4 req-0b6ff71e-7e97-4508-a41c-60d577a7bcb2 f5634168446f4c5d949dd9f30b6b7640 d86bcfde8df2409ea724b59f4607673d - - default default] 10.0.0.200 "DELETE /v2.0/security-groups/6cf7d2f7-4077-4038-8ff4-e0b4b7ce6d81 HTTP/1.1" status: 204 len: 173 time: 0.1373832
2026-07-14 18:46:17.564 9 INFO neutron.wsgi [req-abac724f-64f2-4493-9135-21b318fbbcf5 req-4ddecc2a-f184-47de-972e-2eda32d47476 f2a4766ad7254dff986262a22cbf99cc 721a37cd13c9407d96d05a0964cc13f3 - - default default] 10.0.0.200 "GET /v2.0/ports?device_id=7182c4eb-207e-4387-8579-4c5575655cdd HTTP/1.1" status: 200 len: 1172 time: 0.3546767
2026-07-14 18:46:17.590 9 INFO neutron.wsgi [req-d4e649e7-37f0-4185-8d0e-dbd5f5ca4356 req-dda9434b-4363-49a8-91d4-f2512151c1aa bc039332a626462b80a111b4b2ecb280 929db5240b3249239d5e1afb01ba49bf - - 836454d2791c49c1902648f62b0f7497 836454d2791c49c1902648f62b0f7497] 199.204.45.210 "GET /v2.0/subnets?id=235b7f67-41f6-4db4-8930-9208d2105367 HTTP/1.1" status: 200 len: 869 time: 0.2158206
2026-07-14 18:46:17.639 9 INFO neutron.wsgi [req-d4e649e7-37f0-4185-8d0e-dbd5f5ca4356 req-bae47d3c-923c-4aa0-96d6-28f43fb6e0f2 bc039332a626462b80a111b4b2ecb280 929db5240b3249239d5e1afb01ba49bf - - 836454d2791c49c1902648f62b0f7497 836454d2791c49c1902648f62b0f7497] 199.204.45.210 "GET /v2.0/ports?network_id=f67df47c-e361-4fab-a5e7-0cdb5e0afbbd&device_owner=network%3Adhcp HTTP/1.1" status: 200 len: 210 time: 0.0323792
2026-07-14 18:46:17.651 9 INFO neutron.wsgi [req-abac724f-64f2-4493-9135-21b318fbbcf5 req-cbf1baf4-4a59-4b5c-aced-ab0194d39217 f2a4766ad7254dff986262a22cbf99cc 721a37cd13c9407d96d05a0964cc13f3 - - default default] 10.0.0.200 "GET /v2.0/security-groups?id=e41727ca-8187-43eb-8b0b-8d5a3fec4597&fields=id&fields=name HTTP/1.1" status: 200 len: 313 time: 0.0754266
2026-07-14 18:46:17.760 9 INFO neutron.wsgi [req-d4e649e7-37f0-4185-8d0e-dbd5f5ca4356 req-cbd61557-502f-40d9-8121-0e7a31ad693c bc039332a626462b80a111b4b2ecb280 929db5240b3249239d5e1afb01ba49bf - - 836454d2791c49c1902648f62b0f7497 836454d2791c49c1902648f62b0f7497] 199.204.45.210 "GET /v2.0/networks/f67df47c-e361-4fab-a5e7-0cdb5e0afbbd?fields=segments HTTP/1.1" status: 200 len: 212 time: 0.1068873
2026-07-14 18:46:17.771 10 INFO neutron.wsgi [req-4f41b960-3d6d-452e-a806-f99dc2192fb6 req-da3fbe30-55e4-49ea-bf8d-ee1f4b53bc07 c12237a6dfff49e5a1a00114cd389b73 902619cb266e42ccb2abf91dd60f5a8e - - default default] 10.0.0.200 "GET /v2.0/security-groups?name=tempest-securitygroup--775214683&fields=id&tenant_id=902619cb266e42ccb2abf91dd60f5a8e HTTP/1.1" status: 200 len: 267 time: 0.0714755
2026-07-14 18:46:17.838 9 INFO neutron.notifiers.nova [-] Nova event matching ['req-9b2a25c5-67f8-465f-9fc7-53e0ea2f5ed2'] response: {'name': 'network-changed', 'server_uuid': 'd3f32a75-4aa7-48ae-abbe-79070d078c55', 'tag': 'f02870bc-91e7-4cb2-bd68-2d30891559a5', 'status': 'completed', 'code': 200}
2026-07-14 18:46:17.879 9 INFO neutron.wsgi [req-d4e649e7-37f0-4185-8d0e-dbd5f5ca4356 req-ce836f79-f253-44dd-bfe3-2a4e6ffa62f3 bc039332a626462b80a111b4b2ecb280 929db5240b3249239d5e1afb01ba49bf - - 836454d2791c49c1902648f62b0f7497 836454d2791c49c1902648f62b0f7497] 199.204.45.210 "GET /v2.0/networks/f67df47c-e361-4fab-a5e7-0cdb5e0afbbd?fields=provider%3Aphysical_network&fields=provider%3Anetwork_type HTTP/1.1" status: 200 len: 277 time: 0.1079066
2026-07-14 18:46:17.897 10 INFO neutron.wsgi [req-4f41b960-3d6d-452e-a806-f99dc2192fb6 req-3d5fede3-68a7-46d4-9d87-695befec0bc1 c12237a6dfff49e5a1a00114cd389b73 902619cb266e42ccb2abf91dd60f5a8e - - default default] 10.0.0.200 "GET /v2.0/networks?id=2ad2948d-95cb-4fbb-bec5-88d5d64799fd HTTP/1.1" status: 200 len: 879 time: 0.1181476
2026-07-14 18:46:17.908 9 INFO neutron.db.ovn_revision_numbers_db [req-7d1e642a-1945-44ab-9edf-d07743590ae5 req-f80aae4b-4f7f-4dc3-a1ad-e84bfb4042d2 bc039332a626462b80a111b4b2ecb280 929db5240b3249239d5e1afb01ba49bf - - 836454d2791c49c1902648f62b0f7497 836454d2791c49c1902648f62b0f7497] Successfully bumped revision number for resource b98e4046-1c31-40b6-8867-22b05e127043 (type: ports) to 2
2026-07-14 18:46:17.923 10 INFO neutron.wsgi [req-4f41b960-3d6d-452e-a806-f99dc2192fb6 req-b03d08a3-c693-4f82-86c0-5e2325fde86c c12237a6dfff49e5a1a00114cd389b73 902619cb266e42ccb2abf91dd60f5a8e - - default default] 10.0.0.200 "GET /v2.0/quotas/902619cb266e42ccb2abf91dd60f5a8e HTTP/1.1" status: 200 len: 386 time: 0.0148835
2026-07-14 18:46:17.924 9 INFO neutron.wsgi [req-7d1e642a-1945-44ab-9edf-d07743590ae5 req-f80aae4b-4f7f-4dc3-a1ad-e84bfb4042d2 bc039332a626462b80a111b4b2ecb280 929db5240b3249239d5e1afb01ba49bf - - 836454d2791c49c1902648f62b0f7497 836454d2791c49c1902648f62b0f7497] 199.204.45.210 "PUT /v2.0/ports/b98e4046-1c31-40b6-8867-22b05e127043 HTTP/1.1" status: 200 len: 1380 time: 1.2658482 /var/lib/openstack/lib/python3.10/site-packages/pycadf/identifier.py:71: UserWarning: Invalid uuid: neutron. To ensure interoperability, identifiers should be a valid uuid. warnings.warn(('Invalid uuid: %s. To ensure interoperability, '
2026-07-14 18:46:17.963 10 WARNING neutron.plugins.ml2.drivers.ovn.mech_driver.ovsdb.ovn_client [None req-7ccc5585-02c5-47af-ba20-a251c21aa15d - - - - - -] No hosting information found for port d634d99d-6686-4217-b7ee-42387045ebb4: RuntimeError: No hosting information found for port d634d99d-6686-4217-b7ee-42387045ebb4
2026-07-14 18:46:17.981 9 INFO neutron.wsgi [req-45e204ee-feb6-4c89-aadd-510f4312d16b req-b1c1e73f-ae6a-4717-91a1-f421bc0eec42 bc039332a626462b80a111b4b2ecb280 929db5240b3249239d5e1afb01ba49bf - - 836454d2791c49c1902648f62b0f7497 836454d2791c49c1902648f62b0f7497] 199.204.45.210 "GET /v2.0/ports?tenant_id=0f723fae42e2479ea96e5a1fdc81335c&device_id=d3f32a75-4aa7-48ae-abbe-79070d078c55 HTTP/1.1" status: 200 len: 1407 time: 0.0399580
2026-07-14 18:46:18.044 10 INFO neutron.wsgi [req-4f41b960-3d6d-452e-a806-f99dc2192fb6 req-7580b170-f38a-4247-b2d5-0a5f7bbf8e4f c12237a6dfff49e5a1a00114cd389b73 902619cb266e42ccb2abf91dd60f5a8e - - default default] 10.0.0.200 "GET /v2.0/ports?tenant_id=902619cb266e42ccb2abf91dd60f5a8e&fields=id HTTP/1.1" status: 200 len: 302 time: 0.1102509
2026-07-14 18:46:18.069 9 INFO neutron.wsgi [req-45e204ee-feb6-4c89-aadd-510f4312d16b req-d2c6817b-9e8c-4971-a198-18e87686ae3f bc039332a626462b80a111b4b2ecb280 929db5240b3249239d5e1afb01ba49bf - - 836454d2791c49c1902648f62b0f7497 836454d2791c49c1902648f62b0f7497] 199.204.45.210 "GET /v2.0/networks?id=f67df47c-e361-4fab-a5e7-0cdb5e0afbbd HTTP/1.1" status: 200 len: 974 time: 0.0677271
2026-07-14 18:46:18.138 9 INFO neutron.wsgi [req-45e204ee-feb6-4c89-aadd-510f4312d16b req-5dc45818-9b47-4e0b-af1f-dfdb3fd7f159 bc039332a626462b80a111b4b2ecb280 929db5240b3249239d5e1afb01ba49bf - - 836454d2791c49c1902648f62b0f7497 836454d2791c49c1902648f62b0f7497] 199.204.45.210 "GET /v2.0/floatingips?fixed_ip_address=10.100.0.3&port_id=f02870bc-91e7-4cb2-bd68-2d30891559a5 HTTP/1.1" status: 200 len: 217 time: 0.0396612
2026-07-14 18:46:18.149 9 INFO neutron.wsgi [req-7d1e642a-1945-44ab-9edf-d07743590ae5 req-6241c4bc-d5b8-4b06-b718-3ba0542a48a4 bc039332a626462b80a111b4b2ecb280 929db5240b3249239d5e1afb01ba49bf - - 836454d2791c49c1902648f62b0f7497 836454d2791c49c1902648f62b0f7497] 199.204.45.210 "GET /v2.0/ports?tenant_id=721a37cd13c9407d96d05a0964cc13f3&device_id=7182c4eb-207e-4387-8579-4c5575655cdd HTTP/1.1" status: 200 len: 1411 time: 0.0522437
2026-07-14 18:46:18.160 10 INFO neutron.wsgi [req-4f41b960-3d6d-452e-a806-f99dc2192fb6 req-fa3994b9-ac7a-44bc-8893-3137dacfb266 bc039332a626462b80a111b4b2ecb280 929db5240b3249239d5e1afb01ba49bf - - 836454d2791c49c1902648f62b0f7497 836454d2791c49c1902648f62b0f7497] 10.0.0.200 "GET /v2.0/networks/2ad2948d-95cb-4fbb-bec5-88d5d64799fd?fields=segments HTTP/1.1" status: 200 len: 212 time: 0.1054952
2026-07-14 18:46:18.183 9 INFO neutron.wsgi [req-7d1e642a-1945-44ab-9edf-d07743590ae5 req-ab1bb645-62f3-4887-8968-5e18843d3d6d bc039332a626462b80a111b4b2ecb280 929db5240b3249239d5e1afb01ba49bf - - 836454d2791c49c1902648f62b0f7497 836454d2791c49c1902648f62b0f7497] 199.204.45.210 "GET /v2.0/floatingips?fixed_ip_address=10.100.0.12&port_id=b98e4046-1c31-40b6-8867-22b05e127043 HTTP/1.1" status: 200 len: 217 time: 0.0263512
2026-07-14 18:46:18.208 9 INFO neutron.wsgi [req-45e204ee-feb6-4c89-aadd-510f4312d16b req-2b3e1c78-db0b-4dc2-a5ed-303d228a11bf bc039332a626462b80a111b4b2ecb280 929db5240b3249239d5e1afb01ba49bf - - 836454d2791c49c1902648f62b0f7497 836454d2791c49c1902648f62b0f7497] 199.204.45.210 "GET /v2.0/subnets?id=235b7f67-41f6-4db4-8930-9208d2105367 HTTP/1.1" status: 200 len: 869 time: 0.0580771
2026-07-14 18:46:18.238 10 INFO neutron.wsgi [req-4f41b960-3d6d-452e-a806-f99dc2192fb6 req-681b946b-9a05-4f10-999f-cc4bf16e9b07 bc039332a626462b80a111b4b2ecb280 929db5240b3249239d5e1afb01ba49bf - - 836454d2791c49c1902648f62b0f7497 836454d2791c49c1902648f62b0f7497] 10.0.0.200 "GET /v2.0/networks/2ad2948d-95cb-4fbb-bec5-88d5d64799fd?fields=provider%3Aphysical_network&fields=provider%3Anetwork_type HTTP/1.1" status: 200 len: 277 time: 0.0733902
2026-07-14 18:46:18.252 9 INFO neutron.wsgi [req-7d1e642a-1945-44ab-9edf-d07743590ae5 req-d1af77b5-f53f-4cb5-acc3-9b5b6f9d9f55 bc039332a626462b80a111b4b2ecb280 929db5240b3249239d5e1afb01ba49bf - - 836454d2791c49c1902648f62b0f7497 836454d2791c49c1902648f62b0f7497] 199.204.45.210 "GET /v2.0/subnets?id=3a48bd9d-6936-4f9e-a3ec-2f67073b52f1 HTTP/1.1" status: 200 len: 863 time: 0.0622389
2026-07-14 18:46:18.254 9 INFO neutron.wsgi [req-45e204ee-feb6-4c89-aadd-510f4312d16b req-693484a8-3957-4572-84c8-8488014ad659 bc039332a626462b80a111b4b2ecb280 929db5240b3249239d5e1afb01ba49bf - - 836454d2791c49c1902648f62b0f7497 836454d2791c49c1902648f62b0f7497] 199.204.45.210 "GET /v2.0/ports?network_id=f67df47c-e361-4fab-a5e7-0cdb5e0afbbd&device_owner=network%3Adhcp HTTP/1.1" status: 200 len: 210 time: 0.0320296
2026-07-14 18:46:18.341 9 INFO neutron.wsgi [req-1528b758-3c9d-48a7-80ab-d31fc0cc6cc5 req-7efe4042-a763-4675-922e-c90ff730a78a 0ec03b69f9d347b5a57e816125238b9e 0f723fae42e2479ea96e5a1fdc81335c - - default default] 10.0.0.200 "GET /v2.0/ports?device_id=d3f32a75-4aa7-48ae-abbe-79070d078c55 HTTP/1.1" status: 200 len: 1168 time: 0.1065102
2026-07-14 18:46:18.395 9 INFO neutron.wsgi [req-7d1e642a-1945-44ab-9edf-d07743590ae5 req-09ab7b5a-1fe3-44b1-a0e7-f03c323f56f7 bc039332a626462b80a111b4b2ecb280 929db5240b3249239d5e1afb01ba49bf - - 836454d2791c49c1902648f62b0f7497 836454d2791c49c1902648f62b0f7497] 199.204.45.210 "GET /v2.0/ports?network_id=f2326210-55b3-49e8-b2f6-24b523c8080e&device_owner=network%3Adhcp HTTP/1.1" status: 200 len: 210 time: 0.0303092
2026-07-14 18:46:18.428 9 INFO neutron.wsgi [req-1528b758-3c9d-48a7-80ab-d31fc0cc6cc5 req-43fdafe7-9ca6-48d3-832e-1bda3157a9e8 0ec03b69f9d347b5a57e816125238b9e 0f723fae42e2479ea96e5a1fdc81335c - - default default] 10.0.0.200 "GET /v2.0/security-groups?id=9b615884-7534-432e-974d-f6f08da9c9a6&fields=id&fields=name HTTP/1.1" status: 200 len: 312 time: 0.0733707
2026-07-14 18:46:18.449 9 INFO neutron.wsgi [req-45e204ee-feb6-4c89-aadd-510f4312d16b req-c6fe43ba-2970-41fc-b39a-f6610839f37b bc039332a626462b80a111b4b2ecb280 929db5240b3249239d5e1afb01ba49bf - - 836454d2791c49c1902648f62b0f7497 836454d2791c49c1902648f62b0f7497] 199.204.45.210 "GET /v2.0/networks/f67df47c-e361-4fab-a5e7-0cdb5e0afbbd?fields=segments HTTP/1.1" status: 200 len: 212 time: 0.0854161
2026-07-14 18:46:18.513 9 INFO neutron.wsgi [req-7d1e642a-1945-44ab-9edf-d07743590ae5 req-5ae0c0b8-94dc-4eba-bc01-7c679b245a8a bc039332a626462b80a111b4b2ecb280 929db5240b3249239d5e1afb01ba49bf - - 836454d2791c49c1902648f62b0f7497 836454d2791c49c1902648f62b0f7497] 199.204.45.210 "GET /v2.0/networks/f2326210-55b3-49e8-b2f6-24b523c8080e?fields=segments HTTP/1.1" status: 200 len: 212 time: 0.0846713
2026-07-14 18:46:18.533 9 INFO neutron.wsgi [req-45e204ee-feb6-4c89-aadd-510f4312d16b req-2bc8812f-f91f-4f6c-b2c6-777ea187be01 bc039332a626462b80a111b4b2ecb280 929db5240b3249239d5e1afb01ba49bf - - 836454d2791c49c1902648f62b0f7497 836454d2791c49c1902648f62b0f7497] 199.204.45.210 "GET /v2.0/networks/f67df47c-e361-4fab-a5e7-0cdb5e0afbbd?fields=provider%3Aphysical_network&fields=provider%3Anetwork_type HTTP/1.1" status: 200 len: 277 time: 0.0678501
2026-07-14 18:46:18.597 9 INFO neutron.wsgi [req-6e249bf2-a678-421b-a5f5-94f70b082b77 req-7df61bd6-53be-4de7-9bc4-25e6f2cddae4 c12237a6dfff49e5a1a00114cd389b73 902619cb266e42ccb2abf91dd60f5a8e - - default default] 10.0.0.200 "GET /v2.0/ports?device_id=1c0badef-9186-4923-b170-c35c4cc145db HTTP/1.1" status: 200 len: 210 time: 0.0263262
2026-07-14 18:46:18.603 9 INFO neutron.wsgi [req-7d1e642a-1945-44ab-9edf-d07743590ae5 req-153f9470-8f1a-4360-868c-88e42ee833cf bc039332a626462b80a111b4b2ecb280 929db5240b3249239d5e1afb01ba49bf - - 836454d2791c49c1902648f62b0f7497 836454d2791c49c1902648f62b0f7497] 199.204.45.210 "GET /v2.0/networks/f2326210-55b3-49e8-b2f6-24b523c8080e?fields=provider%3Aphysical_network&fields=provider%3Anetwork_type HTTP/1.1" status: 200 len: 277 time: 0.0839889
2026-07-14 18:46:18.799 10 INFO neutron.wsgi [req-3e0039bc-6194-4cf0-9007-651c613333cf req-df86a3b9-01c2-4b05-9a72-b1f09278a025 f2a4766ad7254dff986262a22cbf99cc 721a37cd13c9407d96d05a0964cc13f3 - - default default] 10.0.0.200 "GET /v2.0/ports?device_id=7182c4eb-207e-4387-8579-4c5575655cdd HTTP/1.1" status: 200 len: 1172 time: 0.0506601
2026-07-14 18:46:18.883 10 INFO neutron.wsgi [req-3e0039bc-6194-4cf0-9007-651c613333cf req-137f1c75-c07d-46d5-aabc-43e022334e54 f2a4766ad7254dff986262a22cbf99cc 721a37cd13c9407d96d05a0964cc13f3 - - default default] 10.0.0.200 "GET /v2.0/security-groups?id=e41727ca-8187-43eb-8b0b-8d5a3fec4597&fields=id&fields=name HTTP/1.1" status: 200 len: 313 time: 0.0741758
2026-07-14 18:46:19.367 10 INFO neutron.wsgi [None req-ab97b9c4-89ce-4d1d-81db-3ad42c7f59ae 7bbe5fbbecb04c67aaf0e51e1e70f88f 1df9047b14b549089d81bf61621eaab4 - - default default] 10.0.0.70 "PUT /v2.0/routers/b9d626c7-4ec9-40bf-b134-b0892f2045e6/remove_router_interface HTTP/1.1" status: 200 len: 503 time: 1.9442909 /var/lib/openstack/lib/python3.10/site-packages/pycadf/identifier.py:71: UserWarning: Invalid uuid: neutron. To ensure interoperability, identifiers should be a valid uuid. warnings.warn(('Invalid uuid: %s. To ensure interoperability, '
2026-07-14 18:46:19.427 9 INFO neutron.wsgi [req-4f41b960-3d6d-452e-a806-f99dc2192fb6 req-4fbd8b21-e9cb-4371-93b9-dc366e2883ef c12237a6dfff49e5a1a00114cd389b73 902619cb266e42ccb2abf91dd60f5a8e - - default default] 199.204.45.210 "GET /v2.0/networks?id=2ad2948d-95cb-4fbb-bec5-88d5d64799fd HTTP/1.1" status: 200 len: 879 time: 0.1115854
2026-07-14 18:46:19.501 9 INFO neutron.wsgi [req-4f41b960-3d6d-452e-a806-f99dc2192fb6 req-2a698a5d-9b92-4b24-8d79-ee3bedc443cf c12237a6dfff49e5a1a00114cd389b73 902619cb266e42ccb2abf91dd60f5a8e - - default default] 199.204.45.210 "GET /v2.0/security-groups?fields=id&fields=name&tenant_id=902619cb266e42ccb2abf91dd60f5a8e HTTP/1.1" status: 200 len: 379 time: 0.0446558
2026-07-14 18:46:19.566 9 INFO neutron.wsgi [req-a4fd3027-b3f5-425f-9bcd-12ab8d72b992 req-b840eb77-c40d-4c10-9a33-6f92ad1e0a91 0ec03b69f9d347b5a57e816125238b9e 0f723fae42e2479ea96e5a1fdc81335c - - default default] 10.0.0.200 "GET /v2.0/ports?device_id=d3f32a75-4aa7-48ae-abbe-79070d078c55 HTTP/1.1" status: 200 len: 1168 time: 0.0491295
2026-07-14 18:46:19.624 9 INFO neutron.wsgi [req-a4fd3027-b3f5-425f-9bcd-12ab8d72b992 req-61635587-8eb4-478e-a585-584842f0cd20 0ec03b69f9d347b5a57e816125238b9e 0f723fae42e2479ea96e5a1fdc81335c - - default default] 10.0.0.200 "GET /v2.0/security-groups?id=9b615884-7534-432e-974d-f6f08da9c9a6&fields=id&fields=name HTTP/1.1" status: 200 len: 312 time: 0.0494304
2026-07-14 18:46:19.703 10 INFO neutron.wsgi [req-ff79177f-956d-4985-bd2a-954e1ab5df75 req-199bdfe7-f56e-48fa-86bb-8ee27bb89b83 c12237a6dfff49e5a1a00114cd389b73 902619cb266e42ccb2abf91dd60f5a8e - - default default] 10.0.0.200 "GET /v2.0/ports?device_id=1c0badef-9186-4923-b170-c35c4cc145db HTTP/1.1" status: 200 len: 210 time: 0.0299006
2026-07-14 18:46:19.877 9 WARNING neutron.scheduler.dhcp_agent_scheduler [req-4f41b960-3d6d-452e-a806-f99dc2192fb6 req-9b735a55-d061-4241-9c4d-7cbd6429ecde c12237a6dfff49e5a1a00114cd389b73 902619cb266e42ccb2abf91dd60f5a8e - - default default] No more DHCP agents
2026-07-14 18:46:19.880 9 WARNING neutron.api.rpc.agentnotifiers.dhcp_rpc_agent_api [req-4f41b960-3d6d-452e-a806-f99dc2192fb6 req-9b735a55-d061-4241-9c4d-7cbd6429ecde c12237a6dfff49e5a1a00114cd389b73 902619cb266e42ccb2abf91dd60f5a8e - - default default] Unable to schedule network 2ad2948d-95cb-4fbb-bec5-88d5d64799fd: no agents available; will retry on subsequent port and subnet creation events.
2026-07-14 18:46:19.898 9 INFO neutron.notifiers.nova [-] Nova event matching ['req-a6899f8b-e1ba-4a46-9538-94177f23452c'] response: {'name': 'network-changed', 'server_uuid': '7182c4eb-207e-4387-8579-4c5575655cdd', 'tag': 'b98e4046-1c31-40b6-8867-22b05e127043', 'status': 'completed', 'code': 200} /var/lib/openstack/lib/python3.10/site-packages/pycadf/identifier.py:71: UserWarning: Invalid uuid: neutron. To ensure interoperability, identifiers should be a valid uuid. warnings.warn(('Invalid uuid: %s. To ensure interoperability, '
2026-07-14 18:46:19.981 9 INFO neutron.wsgi [req-1943a89c-aa4c-4eda-9e42-5c3c272fec3a req-342222a0-9c69-4356-b640-7f78205ff4bc bc039332a626462b80a111b4b2ecb280 929db5240b3249239d5e1afb01ba49bf - - 836454d2791c49c1902648f62b0f7497 836454d2791c49c1902648f62b0f7497] 199.204.45.210 "GET /v2.0/ports?tenant_id=721a37cd13c9407d96d05a0964cc13f3&device_id=7182c4eb-207e-4387-8579-4c5575655cdd HTTP/1.1" status: 200 len: 1411 time: 0.0554187
2026-07-14 18:46:20.076 9 INFO neutron.wsgi [req-1943a89c-aa4c-4eda-9e42-5c3c272fec3a req-a41fe102-6fd4-4e75-8f65-3c4938a85e77 bc039332a626462b80a111b4b2ecb280 929db5240b3249239d5e1afb01ba49bf - - 836454d2791c49c1902648f62b0f7497 836454d2791c49c1902648f62b0f7497] 199.204.45.210 "GET /v2.0/networks?id=f2326210-55b3-49e8-b2f6-24b523c8080e HTTP/1.1" status: 200 len: 968 time: 0.0891933
2026-07-14 18:46:20.108 9 INFO neutron.wsgi [req-1943a89c-aa4c-4eda-9e42-5c3c272fec3a req-60066398-d8c8-4755-b069-f1510e9fec18 bc039332a626462b80a111b4b2ecb280 929db5240b3249239d5e1afb01ba49bf - - 836454d2791c49c1902648f62b0f7497 836454d2791c49c1902648f62b0f7497] 199.204.45.210 "GET /v2.0/floatingips?fixed_ip_address=10.100.0.12&port_id=b98e4046-1c31-40b6-8867-22b05e127043 HTTP/1.1" status: 200 len: 217 time: 0.0246444
2026-07-14 18:46:20.111 10 INFO neutron.wsgi [None req-ab5d78e0-efe0-4fdb-81a6-4f77c21559e9 7bbe5fbbecb04c67aaf0e51e1e70f88f 1df9047b14b549089d81bf61621eaab4 - - default default] 10.0.0.70 "DELETE /v2.0/routers/b9d626c7-4ec9-40bf-b134-b0892f2045e6 HTTP/1.1" status: 204 len: 168 time: 0.7360971
2026-07-14 18:46:20.130 10 INFO neutron.wsgi [req-36b79b7c-1976-4903-97d4-d05f8e34135b req-b8c92033-cb43-4c0a-97c8-f1288e61bdfd f2a4766ad7254dff986262a22cbf99cc 721a37cd13c9407d96d05a0964cc13f3 - - default default] 10.0.0.200 "GET /v2.0/ports?device_id=7182c4eb-207e-4387-8579-4c5575655cdd HTTP/1.1" status: 200 len: 1172 time: 0.1706610
2026-07-14 18:46:20.133 9 INFO neutron.db.ovn_revision_numbers_db [req-4f41b960-3d6d-452e-a806-f99dc2192fb6 req-9b735a55-d061-4241-9c4d-7cbd6429ecde c12237a6dfff49e5a1a00114cd389b73 902619cb266e42ccb2abf91dd60f5a8e - - default default] Successfully bumped revision number for resource ee2c6d63-5b10-4ff9-8ffa-bb59578dc30a (type: ports) to 1
2026-07-14 18:46:20.175 10 INFO neutron.wsgi [req-36b79b7c-1976-4903-97d4-d05f8e34135b req-2c61649b-74a6-4312-948a-0547dd11eb2a f2a4766ad7254dff986262a22cbf99cc 721a37cd13c9407d96d05a0964cc13f3 - - default default] 10.0.0.200 "GET /v2.0/security-groups?id=e41727ca-8187-43eb-8b0b-8d5a3fec4597&fields=id&fields=name HTTP/1.1" status: 200 len: 313 time: 0.0368712
2026-07-14 18:46:20.176 9 INFO neutron.wsgi [req-4f41b960-3d6d-452e-a806-f99dc2192fb6 req-9b735a55-d061-4241-9c4d-7cbd6429ecde c12237a6dfff49e5a1a00114cd389b73 902619cb266e42ccb2abf91dd60f5a8e - - default default] 199.204.45.210 "POST /v2.0/ports HTTP/1.1" status: 201 len: 1158 time: 0.6684144
2026-07-14 18:46:20.177 9 INFO neutron.wsgi [req-1943a89c-aa4c-4eda-9e42-5c3c272fec3a req-240d5b97-51a7-406d-a606-0ff7bfebd773 bc039332a626462b80a111b4b2ecb280 929db5240b3249239d5e1afb01ba49bf - - 836454d2791c49c1902648f62b0f7497 836454d2791c49c1902648f62b0f7497] 199.204.45.210 "GET /v2.0/subnets?id=3a48bd9d-6936-4f9e-a3ec-2f67073b52f1 HTTP/1.1" status: 200 len: 863 time: 0.0610924
2026-07-14 18:46:20.217 15 INFO neutron.plugins.ml2.drivers.ovn.mech_driver.ovsdb.maintenance [None req-15f9bd6f-ff79-4c3a-951e-fa7ad7c8ea71 - - - - - -] Maintenance task: Synchronization finished (took 0.11 seconds)
2026-07-14 18:46:20.340 9 INFO neutron.wsgi [req-1943a89c-aa4c-4eda-9e42-5c3c272fec3a req-bd0c8960-b740-4737-87ec-dd8997333b68 bc039332a626462b80a111b4b2ecb280 929db5240b3249239d5e1afb01ba49bf - - 836454d2791c49c1902648f62b0f7497 836454d2791c49c1902648f62b0f7497] 199.204.45.210 "GET /v2.0/ports?network_id=f2326210-55b3-49e8-b2f6-24b523c8080e&device_owner=network%3Adhcp HTTP/1.1" status: 200 len: 210 time: 0.1527104
2026-07-14 18:46:20.424 9 WARNING neutron.plugins.ml2.drivers.ovn.mech_driver.ovsdb.ovn_client [None req-715a825c-8b9b-440a-a22e-2dd40be042ea - - - - - -] No hosting information found for port ca5b02ce-11c1-494a-ba90-a0e34717ada5: RuntimeError: No hosting information found for port ca5b02ce-11c1-494a-ba90-a0e34717ada5
2026-07-14 18:46:20.425 9 INFO neutron.plugins.ml2.drivers.ovn.mech_driver.mech_driver [None req-715a825c-8b9b-440a-a22e-2dd40be042ea - - - - - -] OVN reports status up for port: 8e7e8595-094c-4a07-9c21-f7a4689ed9ff
2026-07-14 18:46:20.461 9 INFO neutron.plugins.ml2.drivers.ovn.mech_driver.mech_driver [None req-715a825c-8b9b-440a-a22e-2dd40be042ea - - - - - -] OVN reports status up for port: b57cc00f-c980-4a3b-8826-98f478e42d3f
2026-07-14 18:46:20.487 9 INFO neutron.wsgi [req-1943a89c-aa4c-4eda-9e42-5c3c272fec3a req-267ebc02-7719-42a1-8ca2-6897fdc203f7 bc039332a626462b80a111b4b2ecb280 929db5240b3249239d5e1afb01ba49bf - - 836454d2791c49c1902648f62b0f7497 836454d2791c49c1902648f62b0f7497] 199.204.45.210 "GET /v2.0/networks/f2326210-55b3-49e8-b2f6-24b523c8080e?fields=segments HTTP/1.1" status: 200 len: 212 time: 0.1385972
2026-07-14 18:46:20.554 10 INFO neutron.wsgi [-] 10.0.0.125 "GET / HTTP/1.1" status: 200 len: 246 time: 0.0019069
2026-07-14 18:46:20.556 10 INFO neutron.wsgi [-] 10.0.0.125 "GET / HTTP/1.1" status: 200 len: 246 time: 0.0014000
2026-07-14 18:46:20.580 9 INFO neutron.wsgi [req-1943a89c-aa4c-4eda-9e42-5c3c272fec3a req-a3f09cd7-5239-4cbf-a136-af68be7ee188 bc039332a626462b80a111b4b2ecb280 929db5240b3249239d5e1afb01ba49bf - - 836454d2791c49c1902648f62b0f7497 836454d2791c49c1902648f62b0f7497] 199.204.45.210 "GET /v2.0/networks/f2326210-55b3-49e8-b2f6-24b523c8080e?fields=provider%3Aphysical_network&fields=provider%3Anetwork_type HTTP/1.1" status: 200 len: 277 time: 0.0874722
2026-07-14 18:46:20.588 9 INFO neutron.wsgi [None req-4f3a0ee5-ad35-4b97-be71-3ffbc911e562 7bbe5fbbecb04c67aaf0e51e1e70f88f 1df9047b14b549089d81bf61621eaab4 - - default default] 10.0.0.70 "DELETE /v2.0/subnets/bc387fdb-5bbc-4685-a374-387472629057 HTTP/1.1" status: 204 len: 168 time: 0.4700909
2026-07-14 18:46:20.741 9 INFO neutron.wsgi [req-9552ffea-c85b-4492-8b51-95e7efe1fffc req-25fd4b50-d114-4377-81d7-fd7c80b2719d 0ec03b69f9d347b5a57e816125238b9e 0f723fae42e2479ea96e5a1fdc81335c - - default default] 10.0.0.200 "GET /v2.0/ports?device_id=d3f32a75-4aa7-48ae-abbe-79070d078c55 HTTP/1.1" status: 200 len: 1168 time: 0.0508041 /var/lib/openstack/lib/python3.10/site-packages/pycadf/identifier.py:71: UserWarning: Invalid uuid: neutron. To ensure interoperability, identifiers should be a valid uuid. warnings.warn(('Invalid uuid: %s. To ensure interoperability, '
2026-07-14 18:46:20.803 9 INFO neutron.wsgi [req-9552ffea-c85b-4492-8b51-95e7efe1fffc req-daf3376d-d630-41b9-80e0-798279b5ecda 0ec03b69f9d347b5a57e816125238b9e 0f723fae42e2479ea96e5a1fdc81335c - - default default] 10.0.0.200 "GET /v2.0/security-groups?id=9b615884-7534-432e-974d-f6f08da9c9a6&fields=id&fields=name HTTP/1.1" status: 200 len: 312 time: 0.0501328
2026-07-14 18:46:20.817 10 INFO neutron.wsgi [req-510cd931-a82b-40d5-8bfc-5c95c5b4bba5 req-90d80806-0687-4002-90e3-e7c922a9780e c12237a6dfff49e5a1a00114cd389b73 902619cb266e42ccb2abf91dd60f5a8e - - default default] 10.0.0.200 "GET /v2.0/ports?device_id=1c0badef-9186-4923-b170-c35c4cc145db HTTP/1.1" status: 200 len: 1168 time: 0.0460060
2026-07-14 18:46:20.869 9 INFO neutron.db.ovn_revision_numbers_db [req-4f41b960-3d6d-452e-a806-f99dc2192fb6 req-59ac6930-1027-4b4b-be24-ca9f1bfd5fec bc039332a626462b80a111b4b2ecb280 929db5240b3249239d5e1afb01ba49bf - - 836454d2791c49c1902648f62b0f7497 836454d2791c49c1902648f62b0f7497] Successfully bumped revision number for resource ee2c6d63-5b10-4ff9-8ffa-bb59578dc30a (type: ports) to 2
2026-07-14 18:46:20.873 10 INFO neutron.wsgi [req-510cd931-a82b-40d5-8bfc-5c95c5b4bba5 req-4dfb9052-aa46-4e4c-b96a-3c8fb6f2a959 c12237a6dfff49e5a1a00114cd389b73 902619cb266e42ccb2abf91dd60f5a8e - - default default] 10.0.0.200 "GET /v2.0/security-groups?id=51a80d37-979f-49e7-8dee-7d113e32803f&fields=id&fields=name HTTP/1.1" status: 200 len: 312 time: 0.0481296
2026-07-14 18:46:21.050 9 INFO neutron.plugins.ml2.drivers.ovn.mech_driver.mech_driver [None req-715a825c-8b9b-440a-a22e-2dd40be042ea - - - - - -] OVN reports status up for port: f02870bc-91e7-4cb2-bd68-2d30891559a5
2026-07-14 18:46:21.080 9 INFO neutron.plugins.ml2.plugin [None req-715a825c-8b9b-440a-a22e-2dd40be042ea - - - - - -] Attempt 1 to provision port f02870bc-91e7-4cb2-bd68-2d30891559a5
2026-07-14 18:46:21.093 10 INFO neutron.plugins.ml2.drivers.ovn.mech_driver.mech_driver [None req-7ccc5585-02c5-47af-ba20-a251c21aa15d - - - - - -] OVN reports status up for port: b98e4046-1c31-40b6-8867-22b05e127043
2026-07-14 18:46:21.125 10 INFO neutron.plugins.ml2.plugin [None req-7ccc5585-02c5-47af-ba20-a251c21aa15d - - - - - -] Attempt 1 to provision port b98e4046-1c31-40b6-8867-22b05e127043
2026-07-14 18:46:21.146 10 INFO neutron.wsgi [None req-6a6c6d31-89f1-4f67-aaf4-a5c87246fe5a 7bbe5fbbecb04c67aaf0e51e1e70f88f 1df9047b14b549089d81bf61621eaab4 - - default default] 10.0.0.70 "DELETE /v2.0/networks/0a6dc6a1-91ab-41ab-92c5-871bfeed7acb HTTP/1.1" status: 204 len: 168 time: 0.5478373
2026-07-14 18:46:21.194 9 INFO neutron.db.ovn_revision_numbers_db [req-4f41b960-3d6d-452e-a806-f99dc2192fb6 req-59ac6930-1027-4b4b-be24-ca9f1bfd5fec bc039332a626462b80a111b4b2ecb280 929db5240b3249239d5e1afb01ba49bf - - 836454d2791c49c1902648f62b0f7497 836454d2791c49c1902648f62b0f7497] Successfully bumped revision number for resource ee2c6d63-5b10-4ff9-8ffa-bb59578dc30a (type: ports) to 2
2026-07-14 18:46:21.220 9 INFO neutron.wsgi [req-4f41b960-3d6d-452e-a806-f99dc2192fb6 req-59ac6930-1027-4b4b-be24-ca9f1bfd5fec bc039332a626462b80a111b4b2ecb280 929db5240b3249239d5e1afb01ba49bf - - 836454d2791c49c1902648f62b0f7497 836454d2791c49c1902648f62b0f7497] 199.204.45.210 "PUT /v2.0/ports/ee2c6d63-5b10-4ff9-8ffa-bb59578dc30a HTTP/1.1" status: 200 len: 1376 time: 1.0335515 /var/lib/openstack/lib/python3.10/site-packages/pycadf/identifier.py:71: UserWarning: Invalid uuid: neutron. To ensure interoperability, identifiers should be a valid uuid. warnings.warn(('Invalid uuid: %s. To ensure interoperability, '
2026-07-14 18:46:21.317 9 INFO neutron.wsgi [req-050556f9-eee0-47a9-a9d2-3ea0c1f28093 req-a777d0c8-01ed-4648-859a-0738c96d23f4 f2a4766ad7254dff986262a22cbf99cc 721a37cd13c9407d96d05a0964cc13f3 - - default default] 10.0.0.200 "GET /v2.0/ports?device_id=7182c4eb-207e-4387-8579-4c5575655cdd HTTP/1.1" status: 200 len: 1174 time: 0.0745678
2026-07-14 18:46:21.321 9 INFO neutron.wsgi [req-4f41b960-3d6d-452e-a806-f99dc2192fb6 req-74a44993-1ea4-4fd5-92bb-64edaade98ee bc039332a626462b80a111b4b2ecb280 929db5240b3249239d5e1afb01ba49bf - - 836454d2791c49c1902648f62b0f7497 836454d2791c49c1902648f62b0f7497] 199.204.45.210 "GET /v2.0/ports?tenant_id=902619cb266e42ccb2abf91dd60f5a8e&device_id=1c0badef-9186-4923-b170-c35c4cc145db HTTP/1.1" status: 200 len: 1407 time: 0.0667992
2026-07-14 18:46:21.357 9 INFO neutron.wsgi [req-4f41b960-3d6d-452e-a806-f99dc2192fb6 req-33bb64d1-884b-4ddc-b529-246a4d3225b2 bc039332a626462b80a111b4b2ecb280 929db5240b3249239d5e1afb01ba49bf - - 836454d2791c49c1902648f62b0f7497 836454d2791c49c1902648f62b0f7497] 199.204.45.210 "GET /v2.0/floatingips?fixed_ip_address=10.100.0.6&port_id=ee2c6d63-5b10-4ff9-8ffa-bb59578dc30a HTTP/1.1" status: 200 len: 217 time: 0.0306225
2026-07-14 18:46:21.376 10 INFO neutron.wsgi [None req-7eb68157-8180-42e1-8919-8c02dd8882b1 7bbe5fbbecb04c67aaf0e51e1e70f88f 1df9047b14b549089d81bf61621eaab4 - - default default] 10.0.0.70 "GET /v2.0/security-groups?tenant_id=d86bcfde8df2409ea724b59f4607673d&name=default HTTP/1.1" status: 200 len: 2992 time: 0.0738485
2026-07-14 18:46:21.436 9 INFO neutron.wsgi [req-050556f9-eee0-47a9-a9d2-3ea0c1f28093 req-41a41f6e-490f-4207-a144-c6b4062102e4 f2a4766ad7254dff986262a22cbf99cc 721a37cd13c9407d96d05a0964cc13f3 - - default default] 10.0.0.200 "GET /v2.0/security-groups?id=e41727ca-8187-43eb-8b0b-8d5a3fec4597&fields=id&fields=name HTTP/1.1" status: 200 len: 313 time: 0.1037948
2026-07-14 18:46:21.442 9 INFO neutron.wsgi [req-4f41b960-3d6d-452e-a806-f99dc2192fb6 req-f6de44d4-686d-4069-a189-b04004148379 bc039332a626462b80a111b4b2ecb280 929db5240b3249239d5e1afb01ba49bf - - 836454d2791c49c1902648f62b0f7497 836454d2791c49c1902648f62b0f7497] 199.204.45.210 "GET /v2.0/subnets?id=2f8e485f-5106-4c04-964f-6ef315c97bfe HTTP/1.1" status: 200 len: 873 time: 0.0716264
2026-07-14 18:46:21.485 9 INFO neutron.wsgi [req-4f41b960-3d6d-452e-a806-f99dc2192fb6 req-3acbfaea-e100-4ce2-b65c-c9b7b9b23418 bc039332a626462b80a111b4b2ecb280 929db5240b3249239d5e1afb01ba49bf - - 836454d2791c49c1902648f62b0f7497 836454d2791c49c1902648f62b0f7497] 199.204.45.210 "GET /v2.0/ports?network_id=2ad2948d-95cb-4fbb-bec5-88d5d64799fd&device_owner=network%3Adhcp HTTP/1.1" status: 200 len: 210 time: 0.0367024
2026-07-14 18:46:21.529 10 INFO neutron.db.ovn_revision_numbers_db [None req-7ccc5585-02c5-47af-ba20-a251c21aa15d - - - - - -] Successfully bumped revision number for resource b98e4046-1c31-40b6-8867-22b05e127043 (type: ports) to 4
2026-07-14 18:46:21.593 10 INFO neutron.services.segments.plugin [-] Segment c4dadce3-3e39-4079-a38c-0bb7031ec9e9 resource provider aggregate not found
2026-07-14 18:46:21.599 9 INFO neutron.wsgi [req-4f41b960-3d6d-452e-a806-f99dc2192fb6 req-abc3a907-c098-4400-b56e-d2dd281bd301 bc039332a626462b80a111b4b2ecb280 929db5240b3249239d5e1afb01ba49bf - - 836454d2791c49c1902648f62b0f7497 836454d2791c49c1902648f62b0f7497] 199.204.45.210 "GET /v2.0/networks/2ad2948d-95cb-4fbb-bec5-88d5d64799fd?fields=segments HTTP/1.1" status: 200 len: 212 time: 0.1089904
2026-07-14 18:46:21.609 10 INFO neutron.services.segments.plugin [-] Segment c4dadce3-3e39-4079-a38c-0bb7031ec9e9 resource provider aggregate not found
2026-07-14 18:46:21.612 9 INFO neutron.db.ovn_revision_numbers_db [None req-715a825c-8b9b-440a-a22e-2dd40be042ea - - - - - -] Successfully bumped revision number for resource f02870bc-91e7-4cb2-bd68-2d30891559a5 (type: ports) to 4
2026-07-14 18:46:21.614 10 INFO neutron.services.segments.plugin [-] Segment c4dadce3-3e39-4079-a38c-0bb7031ec9e9 resource provider not found; error: Placement Client Error (4xx): {"errors": [{"status": 404, "title": "Not Found", "detail": "The resource could not be found.\n\n No resource provider with uuid c4dadce3-3e39-4079-a38c-0bb7031ec9e9 found for delete ", "request_id": "req-15e0dc43-75aa-419f-b2a2-549c96270f37"}]}
2026-07-14 18:46:21.634 10 INFO neutron.services.segments.plugin [-] Segment c4dadce3-3e39-4079-a38c-0bb7031ec9e9 resource provider not found; error: Placement Client Error (4xx): {"errors": [{"status": 404, "title": "Not Found", "detail": "The resource could not be found.\n\n No resource provider with uuid c4dadce3-3e39-4079-a38c-0bb7031ec9e9 found for delete ", "request_id": "req-6a46a7e8-b886-46da-8868-053f23039edb"}]}
2026-07-14 18:46:21.713 9 INFO neutron.wsgi [req-4f41b960-3d6d-452e-a806-f99dc2192fb6 req-8c2388bd-e8e1-407f-9069-10da1bcc1a82 bc039332a626462b80a111b4b2ecb280 929db5240b3249239d5e1afb01ba49bf - - 836454d2791c49c1902648f62b0f7497 836454d2791c49c1902648f62b0f7497] 199.204.45.210 "GET /v2.0/networks/2ad2948d-95cb-4fbb-bec5-88d5d64799fd?fields=provider%3Aphysical_network&fields=provider%3Anetwork_type HTTP/1.1" status: 200 len: 277 time: 0.1090815
2026-07-14 18:46:21.777 10 INFO neutron.notifiers.nova [-] Nova event matching ['req-0a0fec14-035d-4430-aa58-90e34bf43374'] response: {'server_uuid': '7182c4eb-207e-4387-8579-4c5575655cdd', 'name': 'network-vif-plugged', 'status': 'completed', 'tag': 'b98e4046-1c31-40b6-8867-22b05e127043', 'code': 200}
2026-07-14 18:46:21.777 9 INFO neutron.wsgi [None req-fe2b37b8-de5f-4b5a-8153-14b14a2f525e 7bbe5fbbecb04c67aaf0e51e1e70f88f 1df9047b14b549089d81bf61621eaab4 - - default default] 10.0.0.70 "DELETE /v2.0/security-groups/1e9ceb01-1532-4be7-b792-ac64ed8fd483 HTTP/1.1" status: 204 len: 168 time: 0.3956089 /var/lib/openstack/lib/python3.10/site-packages/pycadf/identifier.py:71: UserWarning: Invalid uuid: neutron. To ensure interoperability, identifiers should be a valid uuid. warnings.warn(('Invalid uuid: %s. To ensure interoperability, '
2026-07-14 18:46:21.952 9 INFO neutron.wsgi [req-5a927413-8c0e-4947-9827-29d3b103ae06 req-8df88591-f1c4-46b0-a4c1-16e3e2b0fc4e 0ec03b69f9d347b5a57e816125238b9e 0f723fae42e2479ea96e5a1fdc81335c - - default default] 10.0.0.200 "GET /v2.0/ports?device_id=d3f32a75-4aa7-48ae-abbe-79070d078c55 HTTP/1.1" status: 200 len: 1170 time: 0.0646093 /var/lib/openstack/lib/python3.10/site-packages/pycadf/identifier.py:71: UserWarning: Invalid uuid: neutron. To ensure interoperability, identifiers should be a valid uuid. warnings.warn(('Invalid uuid: %s. To ensure interoperability, '
2026-07-14 18:46:22.007 10 INFO neutron.wsgi [req-7a0abd2e-0fdd-4bae-b854-2407628a1245 req-ce7a67eb-7ce4-4f72-aba7-1bbdfc6d5360 c12237a6dfff49e5a1a00114cd389b73 902619cb266e42ccb2abf91dd60f5a8e - - default default] 10.0.0.200 "GET /v2.0/ports?device_id=1c0badef-9186-4923-b170-c35c4cc145db HTTP/1.1" status: 200 len: 1168 time: 0.0569103
2026-07-14 18:46:22.016 9 INFO neutron.wsgi [req-5a927413-8c0e-4947-9827-29d3b103ae06 req-856e6207-eda1-4a32-a087-8c37aa42b1b4 0ec03b69f9d347b5a57e816125238b9e 0f723fae42e2479ea96e5a1fdc81335c - - default default] 10.0.0.200 "GET /v2.0/security-groups?id=9b615884-7534-432e-974d-f6f08da9c9a6&fields=id&fields=name HTTP/1.1" status: 200 len: 312 time: 0.0595093
2026-07-14 18:46:22.065 10 INFO neutron.wsgi [req-7a0abd2e-0fdd-4bae-b854-2407628a1245 req-647ce93e-ed7c-4cb3-a49e-31880c132a67 c12237a6dfff49e5a1a00114cd389b73 902619cb266e42ccb2abf91dd60f5a8e - - default default] 10.0.0.200 "GET /v2.0/security-groups?id=51a80d37-979f-49e7-8dee-7d113e32803f&fields=id&fields=name HTTP/1.1" status: 200 len: 312 time: 0.0522962
2026-07-14 18:46:22.074 9 INFO neutron.notifiers.nova [-] Nova event matching ['req-62af25ad-f1eb-4ce1-9d49-750ce9e2af33'] response: {'server_uuid': 'd3f32a75-4aa7-48ae-abbe-79070d078c55', 'name': 'network-vif-plugged', 'status': 'completed', 'tag': 'f02870bc-91e7-4cb2-bd68-2d30891559a5', 'code': 200}
2026-07-14 18:46:22.074 9 INFO neutron.notifiers.nova [-] Nova event matching ['req-62af25ad-f1eb-4ce1-9d49-750ce9e2af33'] response: {'name': 'network-changed', 'server_uuid': '1c0badef-9186-4923-b170-c35c4cc145db', 'tag': 'ee2c6d63-5b10-4ff9-8ffa-bb59578dc30a', 'status': 'completed', 'code': 200}
