2026-07-14 18:51:09.564 9 INFO neutron.wsgi [req-e6d2ab87-f92c-4a7d-9f23-4dfea8d73783 req-1912336a-f9a5-42a6-9837-26f2bd925b90 bc039332a626462b80a111b4b2ecb280 929db5240b3249239d5e1afb01ba49bf - - 836454d2791c49c1902648f62b0f7497 836454d2791c49c1902648f62b0f7497] 199.204.45.210 "GET /v2.0/ports?network_id=5b2dd174-c7c4-4f13-8905-c1874fa64285&device_owner=network%3Adhcp HTTP/1.1" status: 200 len: 210 time: 0.0220122
2026-07-14 18:51:09.631 9 INFO neutron.wsgi [req-e6d2ab87-f92c-4a7d-9f23-4dfea8d73783 req-24379142-ab80-4c48-8afa-24459f09cb39 bc039332a626462b80a111b4b2ecb280 929db5240b3249239d5e1afb01ba49bf - - 836454d2791c49c1902648f62b0f7497 836454d2791c49c1902648f62b0f7497] 199.204.45.210 "GET /v2.0/networks/5b2dd174-c7c4-4f13-8905-c1874fa64285?fields=segments HTTP/1.1" status: 200 len: 212 time: 0.0585542
2026-07-14 18:51:09.634 10 INFO neutron.notifiers.nova [-] Nova event matching ['req-942329fa-470b-4ec0-85be-3c2e3f0a61bc'] response: {'server_uuid': '5a89379c-ba97-4af7-a016-6d3a13469f59', 'name': 'network-vif-plugged', 'status': 'completed', 'tag': '503aa275-cb58-4ed7-a59c-9bc278f142ff', 'code': 200}
2026-07-14 18:51:09.712 9 INFO neutron.wsgi [req-e6d2ab87-f92c-4a7d-9f23-4dfea8d73783 req-123d99f5-a72e-43fb-a692-a2dc38cc3171 bc039332a626462b80a111b4b2ecb280 929db5240b3249239d5e1afb01ba49bf - - 836454d2791c49c1902648f62b0f7497 836454d2791c49c1902648f62b0f7497] 199.204.45.210 "GET /v2.0/networks/5b2dd174-c7c4-4f13-8905-c1874fa64285?fields=provider%3Aphysical_network&fields=provider%3Anetwork_type HTTP/1.1" status: 200 len: 277 time: 0.0686586
2026-07-14 18:51:09.827 10 INFO neutron.db.ovn_revision_numbers_db [None req-7ccc5585-02c5-47af-ba20-a251c21aa15d - - - - - -] Successfully bumped revision number for resource 503aa275-cb58-4ed7-a59c-9bc278f142ff (type: ports) to 4
2026-07-14 18:51:11.523 9 INFO neutron.wsgi [req-ae5cdf52-e534-48a2-87c7-aba10c9dad3c req-bf8d6814-2235-463d-9955-3d8ba04f7d2a 2b33aa9313fb48969ba77e385b8cb73a 3c68b5dea2894892b2d496d3143ee174 - - default default] 10.0.0.200 "GET /v2.0/ports?device_id=5a89379c-ba97-4af7-a016-6d3a13469f59 HTTP/1.1" status: 200 len: 1400 time: 0.2453439
2026-07-14 18:51:11.583 9 INFO neutron.wsgi [req-ae5cdf52-e534-48a2-87c7-aba10c9dad3c req-40c1a89c-0826-4f72-a812-100ee15f91e1 2b33aa9313fb48969ba77e385b8cb73a 3c68b5dea2894892b2d496d3143ee174 - - default default] 10.0.0.200 "GET /v2.0/security-groups?id=75e010a9-73b2-4450-b7fc-1a67a6199565&fields=id&fields=name HTTP/1.1" status: 200 len: 311 time: 0.0513582
2026-07-14 18:51:11.670 10 INFO neutron.notifiers.nova [-] Nova event matching ['req-81f27c55-e33b-4a17-90be-1d2407fe41e8'] response: {'server_uuid': '5a89379c-ba97-4af7-a016-6d3a13469f59', 'name': 'network-vif-plugged', 'status': 'completed', 'tag': '503aa275-cb58-4ed7-a59c-9bc278f142ff', 'code': 200}
2026-07-14 18:51:11.676 9 INFO neutron.wsgi [None req-bd44527b-eea3-4554-acbe-8384e0299f8c 2b33aa9313fb48969ba77e385b8cb73a 3c68b5dea2894892b2d496d3143ee174 - - default default] 10.0.0.70 "GET /v2.0/ports?network_id=5b2dd174-c7c4-4f13-8905-c1874fa64285&mac_address=fa%3A16%3A3e%3A92%3A3c%3Ace HTTP/1.1" status: 200 len: 1395 time: 0.0621758
2026-07-14 18:51:11.985 9 WARNING neutron.scheduler.dhcp_agent_scheduler [None req-e0752918-fa26-48f5-816e-f9ada740c592 2b33aa9313fb48969ba77e385b8cb73a 3c68b5dea2894892b2d496d3143ee174 - - default default] No more DHCP agents
2026-07-14 18:51:11.988 9 WARNING neutron.api.rpc.agentnotifiers.dhcp_rpc_agent_api [None req-e0752918-fa26-48f5-816e-f9ada740c592 2b33aa9313fb48969ba77e385b8cb73a 3c68b5dea2894892b2d496d3143ee174 - - default default] Unable to schedule network e68dbe2d-7d1c-43f2-9db5-00f2d13b166c: no agents available; will retry on subsequent port and subnet creation events.
2026-07-14 18:51:12.483 9 INFO neutron.db.l3_db [None req-e0752918-fa26-48f5-816e-f9ada740c592 2b33aa9313fb48969ba77e385b8cb73a 3c68b5dea2894892b2d496d3143ee174 - - default default] Floating IP e2c5e57a-15fb-4bb8-8069-0f99ed60c43a associated. External IP: 10.96.250.207, port: 503aa275-cb58-4ed7-a59c-9bc278f142ff.
2026-07-14 18:51:12.793 9 INFO neutron.db.ovn_revision_numbers_db [None req-e0752918-fa26-48f5-816e-f9ada740c592 2b33aa9313fb48969ba77e385b8cb73a 3c68b5dea2894892b2d496d3143ee174 - - default default] Successfully bumped revision number for resource e2c5e57a-15fb-4bb8-8069-0f99ed60c43a (type: floatingips) to 0
2026-07-14 18:51:12.935 9 INFO neutron.db.ovn_revision_numbers_db [None req-e0752918-fa26-48f5-816e-f9ada740c592 2b33aa9313fb48969ba77e385b8cb73a 3c68b5dea2894892b2d496d3143ee174 - - default default] Successfully bumped revision number for resource e2c5e57a-15fb-4bb8-8069-0f99ed60c43a (type: floatingips) to 1
2026-07-14 18:51:13.292 9 INFO neutron.wsgi [None req-e0752918-fa26-48f5-816e-f9ada740c592 2b33aa9313fb48969ba77e385b8cb73a 3c68b5dea2894892b2d496d3143ee174 - - default default] 10.0.0.70 "POST /v2.0/floatingips HTTP/1.1" status: 201 len: 1053 time: 1.6099470
2026-07-14 18:51:13.324 9 INFO neutron.notifiers.nova [-] Nova event matching ['req-97b4e50d-55fb-417f-8554-a7649e6d2763'] response: {'name': 'network-changed', 'server_uuid': '5a89379c-ba97-4af7-a016-6d3a13469f59', 'tag': '503aa275-cb58-4ed7-a59c-9bc278f142ff', 'status': 'completed', 'code': 200} /var/lib/openstack/lib/python3.10/site-packages/pycadf/identifier.py:71: UserWarning: Invalid uuid: neutron. To ensure interoperability, identifiers should be a valid uuid. warnings.warn(('Invalid uuid: %s. To ensure interoperability, '
2026-07-14 18:51:13.380 9 INFO neutron.wsgi [req-e84fc21b-c9fd-4800-a3ae-ac8110af5295 req-5daf1e6d-dc41-4744-82ad-d50879896105 bc039332a626462b80a111b4b2ecb280 929db5240b3249239d5e1afb01ba49bf - - 836454d2791c49c1902648f62b0f7497 836454d2791c49c1902648f62b0f7497] 199.204.45.210 "GET /v2.0/ports?tenant_id=3c68b5dea2894892b2d496d3143ee174&device_id=5a89379c-ba97-4af7-a016-6d3a13469f59 HTTP/1.1" status: 200 len: 1638 time: 0.0390399
2026-07-14 18:51:13.451 9 INFO neutron.wsgi [req-e84fc21b-c9fd-4800-a3ae-ac8110af5295 req-d088fcdc-96af-4749-9294-9a964dfef074 bc039332a626462b80a111b4b2ecb280 929db5240b3249239d5e1afb01ba49bf - - 836454d2791c49c1902648f62b0f7497 836454d2791c49c1902648f62b0f7497] 199.204.45.210 "GET /v2.0/networks?id=5b2dd174-c7c4-4f13-8905-c1874fa64285 HTTP/1.1" status: 200 len: 1003 time: 0.0659904
2026-07-14 18:51:13.491 9 INFO neutron.wsgi [req-e84fc21b-c9fd-4800-a3ae-ac8110af5295 req-f4de0bab-c4d6-41bc-b22a-1e03091f3391 bc039332a626462b80a111b4b2ecb280 929db5240b3249239d5e1afb01ba49bf - - 836454d2791c49c1902648f62b0f7497 836454d2791c49c1902648f62b0f7497] 199.204.45.210 "GET /v2.0/floatingips?fixed_ip_address=10.2.2.39&port_id=503aa275-cb58-4ed7-a59c-9bc278f142ff HTTP/1.1" status: 200 len: 1058 time: 0.0330079
2026-07-14 18:51:13.522 9 INFO neutron.wsgi [req-e84fc21b-c9fd-4800-a3ae-ac8110af5295 req-9724551b-a575-42a9-9ded-01986092e995 bc039332a626462b80a111b4b2ecb280 929db5240b3249239d5e1afb01ba49bf - - 836454d2791c49c1902648f62b0f7497 836454d2791c49c1902648f62b0f7497] 199.204.45.210 "GET /v2.0/floatingips?fixed_ip_address=fd77%3A1457%3A4cf0%3A26a8%3A%3A14e&port_id=503aa275-cb58-4ed7-a59c-9bc278f142ff HTTP/1.1" status: 200 len: 217 time: 0.0237927
2026-07-14 18:51:13.566 9 INFO neutron.wsgi [req-e84fc21b-c9fd-4800-a3ae-ac8110af5295 req-421563ed-f526-45a4-90b2-095066cc785d bc039332a626462b80a111b4b2ecb280 929db5240b3249239d5e1afb01ba49bf - - 836454d2791c49c1902648f62b0f7497 836454d2791c49c1902648f62b0f7497] 199.204.45.210 "GET /v2.0/subnets?id=a4045908-ea45-40cb-b148-3438e9c9138b&id=0154b591-e6dd-4836-90b6-4f3197ddf9f5 HTTP/1.1" status: 200 len: 1567 time: 0.0347664
2026-07-14 18:51:13.597 9 INFO neutron.wsgi [req-e84fc21b-c9fd-4800-a3ae-ac8110af5295 req-9155bef9-28d6-48d2-9609-6589fb7b2d87 bc039332a626462b80a111b4b2ecb280 929db5240b3249239d5e1afb01ba49bf - - 836454d2791c49c1902648f62b0f7497 836454d2791c49c1902648f62b0f7497] 199.204.45.210 "GET /v2.0/ports?network_id=5b2dd174-c7c4-4f13-8905-c1874fa64285&device_owner=network%3Adhcp HTTP/1.1" status: 200 len: 210 time: 0.0232916
2026-07-14 18:51:13.625 9 INFO neutron.wsgi [req-e84fc21b-c9fd-4800-a3ae-ac8110af5295 req-ee41df71-7e1f-4d44-8e1d-072042352d99 bc039332a626462b80a111b4b2ecb280 929db5240b3249239d5e1afb01ba49bf - - 836454d2791c49c1902648f62b0f7497 836454d2791c49c1902648f62b0f7497] 199.204.45.210 "GET /v2.0/ports?network_id=5b2dd174-c7c4-4f13-8905-c1874fa64285&device_owner=network%3Adhcp HTTP/1.1" status: 200 len: 210 time: 0.0206900
2026-07-14 18:51:13.685 9 INFO neutron.wsgi [req-e84fc21b-c9fd-4800-a3ae-ac8110af5295 req-394175b0-f7fb-4690-bfb6-c2ce49a40aba bc039332a626462b80a111b4b2ecb280 929db5240b3249239d5e1afb01ba49bf - - 836454d2791c49c1902648f62b0f7497 836454d2791c49c1902648f62b0f7497] 199.204.45.210 "GET /v2.0/networks/5b2dd174-c7c4-4f13-8905-c1874fa64285?fields=segments HTTP/1.1" status: 200 len: 212 time: 0.0548131
2026-07-14 18:51:13.854 9 INFO neutron.wsgi [req-e84fc21b-c9fd-4800-a3ae-ac8110af5295 req-5b889278-2580-483e-bece-80eea41fb96c bc039332a626462b80a111b4b2ecb280 929db5240b3249239d5e1afb01ba49bf - - 836454d2791c49c1902648f62b0f7497 836454d2791c49c1902648f62b0f7497] 199.204.45.210 "GET /v2.0/networks/5b2dd174-c7c4-4f13-8905-c1874fa64285?fields=provider%3Aphysical_network&fields=provider%3Anetwork_type HTTP/1.1" status: 200 len: 277 time: 0.1594310
2026-07-14 18:51:14.975 9 INFO neutron.wsgi [req-ac61645f-aff6-4a36-871c-59140e4230fc req-51d7bf4c-240c-4628-825a-04a0609dbb2c bc039332a626462b80a111b4b2ecb280 929db5240b3249239d5e1afb01ba49bf - - 836454d2791c49c1902648f62b0f7497 836454d2791c49c1902648f62b0f7497] 10.0.0.54 "GET /v2.0/ports?device_id=7509521e-78df-4cdc-8cf9-1852cbf9fdfe HTTP/1.1" status: 200 len: 1634 time: 0.0616169
2026-07-14 18:51:15.048 9 INFO neutron.wsgi [req-ac61645f-aff6-4a36-871c-59140e4230fc req-4e86ad23-e47a-42db-b12e-da55b19333fe bc039332a626462b80a111b4b2ecb280 929db5240b3249239d5e1afb01ba49bf - - 836454d2791c49c1902648f62b0f7497 836454d2791c49c1902648f62b0f7497] 10.0.0.54 "GET /v2.0/security-groups?id=75e010a9-73b2-4450-b7fc-1a67a6199565&fields=id&fields=name HTTP/1.1" status: 200 len: 311 time: 0.0618322
2026-07-14 18:51:20.554 9 INFO neutron.wsgi [-] 10.0.0.125 "GET / HTTP/1.1" status: 200 len: 246 time: 0.0020306
2026-07-14 18:51:20.555 10 INFO neutron.wsgi [-] 10.0.0.125 "GET / HTTP/1.1" status: 200 len: 246 time: 0.0029917
2026-07-14 18:51:22.457 15 INFO neutron.plugins.ml2.drivers.ovn.mech_driver.ovsdb.maintenance [None req-15f9bd6f-ff79-4c3a-951e-fa7ad7c8ea71 - - - - - -] Maintenance task: Synchronization finished (took 2.36 seconds)
2026-07-14 18:51:22.860 9 INFO neutron.wsgi [req-c803c21d-0976-42c0-a7fc-568283c0b925 req-f9e06b7a-66cb-40e5-878e-ac3c01ec7a05 bc039332a626462b80a111b4b2ecb280 929db5240b3249239d5e1afb01ba49bf - - 836454d2791c49c1902648f62b0f7497 836454d2791c49c1902648f62b0f7497] 10.0.0.54 "GET /v2.0/ports?device_id=5a89379c-ba97-4af7-a016-6d3a13469f59 HTTP/1.1" status: 200 len: 1638 time: 0.0430727
2026-07-14 18:51:22.915 9 INFO neutron.wsgi [req-c803c21d-0976-42c0-a7fc-568283c0b925 req-80630468-4407-4303-b0dd-4ff69e3e55ed bc039332a626462b80a111b4b2ecb280 929db5240b3249239d5e1afb01ba49bf - - 836454d2791c49c1902648f62b0f7497 836454d2791c49c1902648f62b0f7497] 10.0.0.54 "GET /v2.0/security-groups?id=75e010a9-73b2-4450-b7fc-1a67a6199565&fields=id&fields=name HTTP/1.1" status: 200 len: 311 time: 0.0470850 /var/lib/openstack/lib/python3.10/site-packages/pycadf/identifier.py:71: UserWarning: Invalid uuid: neutron. To ensure interoperability, identifiers should be a valid uuid. warnings.warn(('Invalid uuid: %s. To ensure interoperability, '
2026-07-14 18:51:25.758 10 INFO neutron.wsgi [None req-0372c42c-ea33-409c-9ced-6e4f508f9254 f248af38d84c412695b13b3beaaac57b 94c05328d8bc4559abefdaa253dacad4 - - default default] 10.0.0.70 "GET /v2.0/subnets/4d42e03a-0968-411a-9a2d-3619d3dd0f52 HTTP/1.1" status: 200 len: 844 time: 0.0428040
2026-07-14 18:51:26.339 10 INFO neutron.wsgi [None req-2a78e63c-709f-415d-b007-42d3c71400dd 7bbe5fbbecb04c67aaf0e51e1e70f88f 1df9047b14b549089d81bf61621eaab4 - - default default] 10.0.0.82 "GET /v2.0/extensions/security-group HTTP/1.1" status: 200 len: 369 time: 0.0504925
2026-07-14 18:51:26.352 10 INFO neutron.wsgi [None req-7f0c1fda-dca4-4319-892a-fff329b0c8ba 7bbe5fbbecb04c67aaf0e51e1e70f88f 1df9047b14b549089d81bf61621eaab4 - - default default] 10.0.0.82 "GET /v2.0/extensions/dns-integration HTTP/1.1" status: 200 len: 371 time: 0.0056443
2026-07-14 18:51:26.361 10 INFO neutron.wsgi [None req-60ace8a9-c6c2-4762-9d86-1d3092c4ddfb 7bbe5fbbecb04c67aaf0e51e1e70f88f 1df9047b14b549089d81bf61621eaab4 - - default default] 10.0.0.82 "GET /v2.0/extensions/qos HTTP/1.1" status: 200 len: 365 time: 0.0042112
2026-07-14 18:51:26.371 10 INFO neutron.wsgi [None req-1aaf0ab1-5a3a-408c-9560-dfe0004207f3 7bbe5fbbecb04c67aaf0e51e1e70f88f 1df9047b14b549089d81bf61621eaab4 - - default default] 10.0.0.82 "GET /v2.0/extensions/allowed-address-pairs HTTP/1.1" status: 200 len: 383 time: 0.0049210
2026-07-14 18:51:26.869 9 INFO neutron.wsgi [-] 10.0.0.82 "GET / HTTP/1.1" status: 200 len: 284 time: 0.0023470
2026-07-14 18:51:26.914 9 INFO neutron.wsgi [None req-1544014c-e476-4f9e-8a5c-7a4ec1116dcc 2b33aa9313fb48969ba77e385b8cb73a 3c68b5dea2894892b2d496d3143ee174 - - default default] 10.0.0.82 "GET /v2.0/subnets/4d42e03a-0968-411a-9a2d-3619d3dd0f52 HTTP/1.1" status: 200 len: 831 time: 0.0401385
2026-07-14 18:51:26.931 10 INFO neutron.wsgi [None req-007ded84-2ff5-4c4b-aec2-0e799ae4faaa 7bbe5fbbecb04c67aaf0e51e1e70f88f 1df9047b14b549089d81bf61621eaab4 - - default default] 10.0.0.82 "GET /v2.0/extensions/security-group HTTP/1.1" status: 200 len: 369 time: 0.0065944
2026-07-14 18:51:26.947 10 INFO neutron.wsgi [None req-a2329d73-fbba-48fb-a1fd-a0b547afb40e 7bbe5fbbecb04c67aaf0e51e1e70f88f 1df9047b14b549089d81bf61621eaab4 - - default default] 10.0.0.82 "GET /v2.0/extensions/dns-integration HTTP/1.1" status: 200 len: 371 time: 0.0084033
2026-07-14 18:51:26.963 10 INFO neutron.wsgi [None req-722d030f-2e20-4685-a00d-e31812376409 7bbe5fbbecb04c67aaf0e51e1e70f88f 1df9047b14b549089d81bf61621eaab4 - - default default] 10.0.0.82 "GET /v2.0/extensions/qos HTTP/1.1" status: 200 len: 365 time: 0.0099866
2026-07-14 18:51:26.977 10 INFO neutron.wsgi [None req-95e25454-71c6-47c2-a1e4-ba48977351ef 7bbe5fbbecb04c67aaf0e51e1e70f88f 1df9047b14b549089d81bf61621eaab4 - - default default] 10.0.0.82 "GET /v2.0/extensions/allowed-address-pairs HTTP/1.1" status: 200 len: 383 time: 0.0068173
2026-07-14 18:51:27.026 10 INFO neutron.wsgi [None req-3d0e95eb-46fd-4be4-b747-0fa26b87e5b5 7bbe5fbbecb04c67aaf0e51e1e70f88f 1df9047b14b549089d81bf61621eaab4 - - default default] 10.0.0.82 "GET /v2.0/subnets/4d42e03a-0968-411a-9a2d-3619d3dd0f52 HTTP/1.1" status: 200 len: 849 time: 0.0413744
2026-07-14 18:51:27.262 10 INFO neutron.wsgi [None req-021aa05d-6f48-45f9-ba09-2afe53e7bd2d 7bbe5fbbecb04c67aaf0e51e1e70f88f 1df9047b14b549089d81bf61621eaab4 - - default default] 10.0.0.82 "GET /v2.0/extensions/security-group HTTP/1.1" status: 200 len: 369 time: 0.0081224
2026-07-14 18:51:27.271 10 INFO neutron.wsgi [None req-dcf96add-7554-4085-9d22-fdd4185bf6f9 7bbe5fbbecb04c67aaf0e51e1e70f88f 1df9047b14b549089d81bf61621eaab4 - - default default] 10.0.0.82 "GET /v2.0/extensions/dns-integration HTTP/1.1" status: 200 len: 371 time: 0.0047016
2026-07-14 18:51:27.280 10 INFO neutron.wsgi [None req-e501bd35-59a7-431e-8150-6fc7d18ebe7c 7bbe5fbbecb04c67aaf0e51e1e70f88f 1df9047b14b549089d81bf61621eaab4 - - default default] 10.0.0.82 "GET /v2.0/extensions/qos HTTP/1.1" status: 200 len: 365 time: 0.0047948
2026-07-14 18:51:27.290 10 INFO neutron.wsgi [None req-f15ff282-6a69-4ff1-84f3-10f9a272d7fd 7bbe5fbbecb04c67aaf0e51e1e70f88f 1df9047b14b549089d81bf61621eaab4 - - default default] 10.0.0.82 "GET /v2.0/extensions/allowed-address-pairs HTTP/1.1" status: 200 len: 383 time: 0.0048199
2026-07-14 18:51:27.636 10 INFO neutron.wsgi [None req-9d3f4864-c0b2-43e4-aeb7-6480dcc8d369 7bbe5fbbecb04c67aaf0e51e1e70f88f 1df9047b14b549089d81bf61621eaab4 - - default default] 10.0.0.82 "GET /v2.0/networks/be65014d-d6b5-4fd1-869d-80e9646a4222 HTTP/1.1" status: 200 len: 1002 time: 0.3394976
2026-07-14 18:51:27.651 10 INFO neutron.wsgi [None req-0c9c5e62-95f1-4ca5-86b5-14992d9b293c 7bbe5fbbecb04c67aaf0e51e1e70f88f 1df9047b14b549089d81bf61621eaab4 - - default default] 10.0.0.82 "GET /v2.0/extensions/project-id HTTP/1.1" status: 200 len: 403 time: 0.0072012
2026-07-14 18:51:28.019 10 WARNING neutron.scheduler.dhcp_agent_scheduler [None req-ba0e3462-c145-49a5-97c8-3350d3f6418d 7bbe5fbbecb04c67aaf0e51e1e70f88f 1df9047b14b549089d81bf61621eaab4 - - default default] No more DHCP agents
2026-07-14 18:51:28.028 10 WARNING neutron.api.rpc.agentnotifiers.dhcp_rpc_agent_api [None req-ba0e3462-c145-49a5-97c8-3350d3f6418d 7bbe5fbbecb04c67aaf0e51e1e70f88f 1df9047b14b549089d81bf61621eaab4 - - default default] Unable to schedule network be65014d-d6b5-4fd1-869d-80e9646a4222: no agents available; will retry on subsequent port and subnet creation events.
2026-07-14 18:51:28.240 10 INFO neutron.db.ovn_revision_numbers_db [None req-ba0e3462-c145-49a5-97c8-3350d3f6418d 7bbe5fbbecb04c67aaf0e51e1e70f88f 1df9047b14b549089d81bf61621eaab4 - - default default] Successfully bumped revision number for resource e13813cd-2607-4506-9c5a-87c878f37497 (type: ports) to 1
2026-07-14 18:51:28.257 10 INFO neutron.wsgi [None req-ba0e3462-c145-49a5-97c8-3350d3f6418d 7bbe5fbbecb04c67aaf0e51e1e70f88f 1df9047b14b549089d81bf61621eaab4 - - default default] 10.0.0.82 "POST /v2.0/ports HTTP/1.1" status: 201 len: 1333 time: 0.5991673
2026-07-14 18:51:29.745 9 INFO neutron.wsgi [None req-789c47d6-749a-46f5-a884-208c53078ae6 7bbe5fbbecb04c67aaf0e51e1e70f88f 1df9047b14b549089d81bf61621eaab4 - - default default] 199.204.45.210 "GET /v2.0/extensions/security-group HTTP/1.1" status: 200 len: 369 time: 0.0527477
2026-07-14 18:51:29.758 9 INFO neutron.wsgi [None req-0b736736-86aa-4488-923c-85867ad9d0b4 7bbe5fbbecb04c67aaf0e51e1e70f88f 1df9047b14b549089d81bf61621eaab4 - - default default] 199.204.45.210 "GET /v2.0/extensions/dns-integration HTTP/1.1" status: 200 len: 371 time: 0.0083756
2026-07-14 18:51:29.768 9 INFO neutron.wsgi [None req-0c1f0fdc-9b36-4adc-bd2e-1511ca2bcae9 7bbe5fbbecb04c67aaf0e51e1e70f88f 1df9047b14b549089d81bf61621eaab4 - - default default] 199.204.45.210 "GET /v2.0/extensions/qos HTTP/1.1" status: 200 len: 365 time: 0.0052469
2026-07-14 18:51:29.781 9 INFO neutron.wsgi [None req-65d803e2-27a3-40ce-a8c0-8bd4d60ab010 7bbe5fbbecb04c67aaf0e51e1e70f88f 1df9047b14b549089d81bf61621eaab4 - - default default] 199.204.45.210 "GET /v2.0/extensions/allowed-address-pairs HTTP/1.1" status: 200 len: 383 time: 0.0074463
2026-07-14 18:51:29.821 9 INFO neutron.wsgi [None req-57f5594a-7d44-402f-b739-56d7d6e040eb 7bbe5fbbecb04c67aaf0e51e1e70f88f 1df9047b14b549089d81bf61621eaab4 - - default default] 199.204.45.210 "GET /v2.0/ports/e13813cd-2607-4506-9c5a-87c878f37497 HTTP/1.1" status: 200 len: 1328 time: 0.0333252
2026-07-14 18:51:29.922 9 INFO neutron.wsgi [None req-d2657591-639e-436c-a034-2e997bf1685d 7bbe5fbbecb04c67aaf0e51e1e70f88f 1df9047b14b549089d81bf61621eaab4 - - default default] 199.204.45.210 "GET /v2.0/extensions/security-group HTTP/1.1" status: 200 len: 369 time: 0.0065534
2026-07-14 18:51:29.935 9 INFO neutron.wsgi [None req-36857f32-120e-4628-8d13-88a8d239c6e4 7bbe5fbbecb04c67aaf0e51e1e70f88f 1df9047b14b549089d81bf61621eaab4 - - default default] 199.204.45.210 "GET /v2.0/extensions/dns-integration HTTP/1.1" status: 200 len: 371 time: 0.0088346
2026-07-14 18:51:29.947 9 INFO neutron.wsgi [None req-f8ad0b17-01c2-4267-8f31-7d6d06b0267e 7bbe5fbbecb04c67aaf0e51e1e70f88f 1df9047b14b549089d81bf61621eaab4 - - default default] 199.204.45.210 "GET /v2.0/extensions/qos HTTP/1.1" status: 200 len: 365 time: 0.0064449
2026-07-14 18:51:29.959 9 INFO neutron.wsgi [None req-4debce67-824d-4a7c-92e6-1107d689dac6 7bbe5fbbecb04c67aaf0e51e1e70f88f 1df9047b14b549089d81bf61621eaab4 - - default default] 199.204.45.210 "GET /v2.0/extensions/allowed-address-pairs HTTP/1.1" status: 200 len: 383 time: 0.0047081
2026-07-14 18:51:29.998 9 INFO neutron.wsgi [None req-5b1f09c0-b409-402c-ba14-512f264ef67b 7bbe5fbbecb04c67aaf0e51e1e70f88f 1df9047b14b549089d81bf61621eaab4 - - default default] 199.204.45.210 "GET /v2.0/security-groups?name=lb-ef47ded5-03ae-47d0-8527-82da51dd1601 HTTP/1.1" status: 200 len: 221 time: 0.0325103
2026-07-14 18:51:30.118 9 INFO neutron.db.ovn_revision_numbers_db [None req-e5f9ed00-8131-4d26-92da-f18b1a0570d8 7bbe5fbbecb04c67aaf0e51e1e70f88f 1df9047b14b549089d81bf61621eaab4 - - default default] Successfully bumped revision number for resource dc3ae09e-deb2-4bdb-84c9-bf4bab03dd7e (type: security_groups) to 1
2026-07-14 18:51:30.132 9 INFO neutron.db.ovn_revision_numbers_db [None req-e5f9ed00-8131-4d26-92da-f18b1a0570d8 7bbe5fbbecb04c67aaf0e51e1e70f88f 1df9047b14b549089d81bf61621eaab4 - - default default] Successfully bumped revision number for resource 09d17ba3-54ab-4a85-a69f-43fc0acc9fd7 (type: security_group_rules) to 0
2026-07-14 18:51:30.148 9 INFO neutron.db.ovn_revision_numbers_db [None req-e5f9ed00-8131-4d26-92da-f18b1a0570d8 7bbe5fbbecb04c67aaf0e51e1e70f88f 1df9047b14b549089d81bf61621eaab4 - - default default] Successfully bumped revision number for resource 52890317-3743-4a04-ae4c-784fff661d99 (type: security_group_rules) to 0
2026-07-14 18:51:30.169 9 INFO neutron.wsgi [None req-e5f9ed00-8131-4d26-92da-f18b1a0570d8 7bbe5fbbecb04c67aaf0e51e1e70f88f 1df9047b14b549089d81bf61621eaab4 - - default default] 199.204.45.210 "POST /v2.0/security-groups HTTP/1.1" status: 201 len: 1779 time: 0.1640875
2026-07-14 18:51:30.205 9 INFO neutron.wsgi [None req-ff0aab71-dba5-479c-ae23-16de5b72c736 7bbe5fbbecb04c67aaf0e51e1e70f88f 1df9047b14b549089d81bf61621eaab4 - - default default] 199.204.45.210 "GET /v2.0/security-group-rules?security_group_id=dc3ae09e-deb2-4bdb-84c9-bf4bab03dd7e HTTP/1.1" status: 200 len: 1318 time: 0.0312514
2026-07-14 18:51:30.565 9 INFO neutron.db.ovn_revision_numbers_db [None req-3ea2b0e9-da7b-46c2-b4d4-b54c737126cc 7bbe5fbbecb04c67aaf0e51e1e70f88f 1df9047b14b549089d81bf61621eaab4 - - default default] Successfully bumped revision number for resource e13813cd-2607-4506-9c5a-87c878f37497 (type: ports) to 2
2026-07-14 18:51:30.573 9 INFO neutron.wsgi [None req-3ea2b0e9-da7b-46c2-b4d4-b54c737126cc 7bbe5fbbecb04c67aaf0e51e1e70f88f 1df9047b14b549089d81bf61621eaab4 - - default default] 199.204.45.210 "PUT /v2.0/ports/e13813cd-2607-4506-9c5a-87c878f37497 HTTP/1.1" status: 200 len: 1328 time: 0.3625772 /var/lib/openstack/lib/python3.10/site-packages/pycadf/identifier.py:71: UserWarning: Invalid uuid: neutron. To ensure interoperability, identifiers should be a valid uuid. warnings.warn(('Invalid uuid: %s. To ensure interoperability, '
2026-07-14 18:51:30.593 9 INFO neutron.wsgi [None req-0f859595-10bd-44fa-a17c-c9777f9d83e3 7bbe5fbbecb04c67aaf0e51e1e70f88f 1df9047b14b549089d81bf61621eaab4 - - default default] 199.204.45.210 "GET /v2.0/extensions/security-group HTTP/1.1" status: 200 len: 369 time: 0.0067387
2026-07-14 18:51:30.605 9 INFO neutron.wsgi [None req-9c546151-0cf2-4162-8cdb-a67e3626fb26 7bbe5fbbecb04c67aaf0e51e1e70f88f 1df9047b14b549089d81bf61621eaab4 - - default default] 199.204.45.210 "GET /v2.0/extensions/dns-integration HTTP/1.1" status: 200 len: 371 time: 0.0079310
2026-07-14 18:51:30.617 9 INFO neutron.wsgi [None req-6784aaf6-8d70-4227-9d1d-a0cfab750e72 7bbe5fbbecb04c67aaf0e51e1e70f88f 1df9047b14b549089d81bf61621eaab4 - - default default] 199.204.45.210 "GET /v2.0/extensions/qos HTTP/1.1" status: 200 len: 365 time: 0.0062599
2026-07-14 18:51:30.627 9 INFO neutron.wsgi [None req-13fda9ea-18b0-446f-815e-b2de13d6ca25 7bbe5fbbecb04c67aaf0e51e1e70f88f 1df9047b14b549089d81bf61621eaab4 - - default default] 199.204.45.210 "GET /v2.0/extensions/allowed-address-pairs HTTP/1.1" status: 200 len: 383 time: 0.0053821
2026-07-14 18:51:30.673 9 INFO neutron.wsgi [None req-96b29afc-a2fa-4918-9bba-8f7828348cef 7bbe5fbbecb04c67aaf0e51e1e70f88f 1df9047b14b549089d81bf61621eaab4 - - default default] 199.204.45.210 "GET /v2.0/subnets/4d42e03a-0968-411a-9a2d-3619d3dd0f52 HTTP/1.1" status: 200 len: 849 time: 0.0364568
2026-07-14 18:51:35.553 9 INFO neutron.wsgi [-] 10.0.0.125 "GET / HTTP/1.1" status: 200 len: 246 time: 0.0013273
2026-07-14 18:51:35.555 10 INFO neutron.wsgi [-] 10.0.0.125 "GET / HTTP/1.1" status: 200 len: 246 time: 0.0027454 /var/lib/openstack/lib/python3.10/site-packages/pycadf/identifier.py:71: UserWarning: Invalid uuid: neutron. To ensure interoperability, identifiers should be a valid uuid. warnings.warn(('Invalid uuid: %s. To ensure interoperability, '
2026-07-14 18:51:38.664 10 INFO neutron.wsgi [req-b6b0aeae-9b33-484b-a722-73e20571139c req-57aff071-c4f4-4bb8-afef-024e69c3b63a 7bbe5fbbecb04c67aaf0e51e1e70f88f 1df9047b14b549089d81bf61621eaab4 - - default default] 10.0.0.200 "GET /v2.0/security-groups?id=e1a30d46-5097-4e55-aaa4-60cea1e07514&fields=id HTTP/1.1" status: 200 len: 267 time: 0.0433886
2026-07-14 18:51:38.756 10 INFO neutron.wsgi [req-b6b0aeae-9b33-484b-a722-73e20571139c req-c902f64e-6583-4ec0-8028-062051813030 7bbe5fbbecb04c67aaf0e51e1e70f88f 1df9047b14b549089d81bf61621eaab4 - - default default] 10.0.0.200 "GET /v2.0/networks?id=7c677bb0-aa6d-44ee-a3e5-8ede72b659b1 HTTP/1.1" status: 200 len: 937 time: 0.0854466
2026-07-14 18:51:38.779 10 INFO neutron.wsgi [req-b6b0aeae-9b33-484b-a722-73e20571139c req-18fe14aa-083f-495b-a3b0-5b81b4ea573e 7bbe5fbbecb04c67aaf0e51e1e70f88f 1df9047b14b549089d81bf61621eaab4 - - default default] 10.0.0.200 "GET /v2.0/quotas/1df9047b14b549089d81bf61621eaab4 HTTP/1.1" status: 200 len: 385 time: 0.0144625
2026-07-14 18:51:38.835 10 INFO neutron.wsgi [req-b6b0aeae-9b33-484b-a722-73e20571139c req-c967d62b-692d-4bdc-98f2-85b94a076c0c 7bbe5fbbecb04c67aaf0e51e1e70f88f 1df9047b14b549089d81bf61621eaab4 - - default default] 10.0.0.200 "GET /v2.0/ports?tenant_id=1df9047b14b549089d81bf61621eaab4&fields=id HTTP/1.1" status: 200 len: 348 time: 0.0492818
2026-07-14 18:51:39.013 10 INFO neutron.wsgi [req-b6b0aeae-9b33-484b-a722-73e20571139c req-f63c0279-492f-4d4f-ac7f-ac5ada09c186 bc039332a626462b80a111b4b2ecb280 929db5240b3249239d5e1afb01ba49bf - - 836454d2791c49c1902648f62b0f7497 836454d2791c49c1902648f62b0f7497] 10.0.0.200 "GET /v2.0/networks/7c677bb0-aa6d-44ee-a3e5-8ede72b659b1?fields=segments HTTP/1.1" status: 200 len: 212 time: 0.1673369
2026-07-14 18:51:39.097 10 INFO neutron.wsgi [req-b6b0aeae-9b33-484b-a722-73e20571139c req-65f291f5-8b2d-4625-af38-66e050254c4d bc039332a626462b80a111b4b2ecb280 929db5240b3249239d5e1afb01ba49bf - - 836454d2791c49c1902648f62b0f7497 836454d2791c49c1902648f62b0f7497] 10.0.0.200 "GET /v2.0/networks/7c677bb0-aa6d-44ee-a3e5-8ede72b659b1?fields=provider%3Aphysical_network&fields=provider%3Anetwork_type HTTP/1.1" status: 200 len: 277 time: 0.0779018
2026-07-14 18:51:39.464 9 INFO neutron.wsgi [req-36f29014-43db-4b78-85cf-94bdf3610e48 req-036b9524-6b2e-45ef-a366-d24dff4c475e 7bbe5fbbecb04c67aaf0e51e1e70f88f 1df9047b14b549089d81bf61621eaab4 - - default default] 10.0.0.200 "GET /v2.0/ports?device_id=2e8e8182-ed0f-48b7-84e7-bc53eb926c52 HTTP/1.1" status: 200 len: 210 time: 0.0322094
2026-07-14 18:51:39.540 10 INFO neutron.wsgi [req-89535669-4a69-4af9-8467-3eee9496483b req-811c4b75-1f2f-4460-b493-d708162227a1 7bbe5fbbecb04c67aaf0e51e1e70f88f 1df9047b14b549089d81bf61621eaab4 - - default default] 10.0.0.200 "GET /v2.0/ports?device_id=2e8e8182-ed0f-48b7-84e7-bc53eb926c52 HTTP/1.1" status: 200 len: 210 time: 0.0302505
2026-07-14 18:51:40.323 9 INFO neutron.wsgi [req-b6b0aeae-9b33-484b-a722-73e20571139c req-701e5e2b-7d34-4d55-af09-e6c7b8aaf58a 7bbe5fbbecb04c67aaf0e51e1e70f88f 1df9047b14b549089d81bf61621eaab4 - - default default] 199.204.45.210 "GET /v2.0/networks?id=7c677bb0-aa6d-44ee-a3e5-8ede72b659b1 HTTP/1.1" status: 200 len: 937 time: 0.0730405
2026-07-14 18:51:40.382 9 INFO neutron.wsgi [req-b6b0aeae-9b33-484b-a722-73e20571139c req-2bcd6207-3c58-44f6-8224-1d414d33a310 7bbe5fbbecb04c67aaf0e51e1e70f88f 1df9047b14b549089d81bf61621eaab4 - - default default] 199.204.45.210 "GET /v2.0/security-groups?fields=id&fields=name&tenant_id=1df9047b14b549089d81bf61621eaab4 HTTP/1.1" status: 200 len: 542 time: 0.0531023
2026-07-14 18:51:40.654 9 WARNING neutron.scheduler.dhcp_agent_scheduler [req-b6b0aeae-9b33-484b-a722-73e20571139c req-7ac3af43-e5f9-46f0-9204-4a5b2051a677 7bbe5fbbecb04c67aaf0e51e1e70f88f 1df9047b14b549089d81bf61621eaab4 - - default default] No more DHCP agents
2026-07-14 18:51:40.657 9 WARNING neutron.api.rpc.agentnotifiers.dhcp_rpc_agent_api [req-b6b0aeae-9b33-484b-a722-73e20571139c req-7ac3af43-e5f9-46f0-9204-4a5b2051a677 7bbe5fbbecb04c67aaf0e51e1e70f88f 1df9047b14b549089d81bf61621eaab4 - - default default] Unable to schedule network 7c677bb0-aa6d-44ee-a3e5-8ede72b659b1: no agents available; will retry on subsequent port and subnet creation events.
2026-07-14 18:51:40.868 9 INFO neutron.db.ovn_revision_numbers_db [req-b6b0aeae-9b33-484b-a722-73e20571139c req-7ac3af43-e5f9-46f0-9204-4a5b2051a677 7bbe5fbbecb04c67aaf0e51e1e70f88f 1df9047b14b549089d81bf61621eaab4 - - default default] Successfully bumped revision number for resource 3fb1d8bd-e7de-4e6d-b168-91a334a5e54e (type: ports) to 1
2026-07-14 18:51:40.888 9 INFO neutron.wsgi [req-b6b0aeae-9b33-484b-a722-73e20571139c req-7ac3af43-e5f9-46f0-9204-4a5b2051a677 7bbe5fbbecb04c67aaf0e51e1e70f88f 1df9047b14b549089d81bf61621eaab4 - - default default] 199.204.45.210 "POST /v2.0/ports HTTP/1.1" status: 201 len: 1283 time: 0.5020571 /var/lib/openstack/lib/python3.10/site-packages/pycadf/identifier.py:71: UserWarning: Invalid uuid: neutron. To ensure interoperability, identifiers should be a valid uuid. warnings.warn(('Invalid uuid: %s. To ensure interoperability, '
2026-07-14 18:51:41.438 9 INFO neutron.db.ovn_revision_numbers_db [req-b6b0aeae-9b33-484b-a722-73e20571139c req-70ced0e4-b4d4-4740-9cdb-8c562f5de39f bc039332a626462b80a111b4b2ecb280 929db5240b3249239d5e1afb01ba49bf - - 836454d2791c49c1902648f62b0f7497 836454d2791c49c1902648f62b0f7497] Successfully bumped revision number for resource 3fb1d8bd-e7de-4e6d-b168-91a334a5e54e (type: ports) to 2
2026-07-14 18:51:41.648 9 INFO neutron.db.ovn_revision_numbers_db [req-b6b0aeae-9b33-484b-a722-73e20571139c req-70ced0e4-b4d4-4740-9cdb-8c562f5de39f bc039332a626462b80a111b4b2ecb280 929db5240b3249239d5e1afb01ba49bf - - 836454d2791c49c1902648f62b0f7497 836454d2791c49c1902648f62b0f7497] Successfully bumped revision number for resource 3fb1d8bd-e7de-4e6d-b168-91a334a5e54e (type: ports) to 2
2026-07-14 18:51:41.665 9 INFO neutron.wsgi [req-b6b0aeae-9b33-484b-a722-73e20571139c req-70ced0e4-b4d4-4740-9cdb-8c562f5de39f bc039332a626462b80a111b4b2ecb280 929db5240b3249239d5e1afb01ba49bf - - 836454d2791c49c1902648f62b0f7497 836454d2791c49c1902648f62b0f7497] 199.204.45.210 "PUT /v2.0/ports/3fb1d8bd-e7de-4e6d-b168-91a334a5e54e HTTP/1.1" status: 200 len: 1380 time: 0.7712326
2026-07-14 18:51:41.710 10 INFO neutron.wsgi [req-b02da3c1-9c9a-4d85-8588-624c04f86b35 req-ffa40011-8b7c-441e-ae87-0d5659468815 7bbe5fbbecb04c67aaf0e51e1e70f88f 1df9047b14b549089d81bf61621eaab4 - - default default] 10.0.0.200 "GET /v2.0/ports?device_id=2e8e8182-ed0f-48b7-84e7-bc53eb926c52 HTTP/1.1" status: 200 len: 1411 time: 0.0394316 /var/lib/openstack/lib/python3.10/site-packages/pycadf/identifier.py:71: UserWarning: Invalid uuid: neutron. To ensure interoperability, identifiers should be a valid uuid. warnings.warn(('Invalid uuid: %s. To ensure interoperability, '
2026-07-14 18:51:41.746 9 INFO neutron.wsgi [req-b6b0aeae-9b33-484b-a722-73e20571139c req-63148488-2398-4e14-9e0c-10157d529613 bc039332a626462b80a111b4b2ecb280 929db5240b3249239d5e1afb01ba49bf - - 836454d2791c49c1902648f62b0f7497 836454d2791c49c1902648f62b0f7497] 199.204.45.210 "GET /v2.0/ports?tenant_id=1df9047b14b549089d81bf61621eaab4&device_id=2e8e8182-ed0f-48b7-84e7-bc53eb926c52 HTTP/1.1" status: 200 len: 1411 time: 0.0335643
2026-07-14 18:51:41.747 9 INFO neutron.notifiers.nova [-] Nova event matching ['req-abd90616-2b33-405a-be7f-e04dcf367e12'] response: {'name': 'network-changed', 'server_uuid': '2e8e8182-ed0f-48b7-84e7-bc53eb926c52', 'tag': '3fb1d8bd-e7de-4e6d-b168-91a334a5e54e', 'status': 'completed', 'code': 200}
2026-07-14 18:51:41.752 10 INFO neutron.wsgi [req-b02da3c1-9c9a-4d85-8588-624c04f86b35 req-e8803118-1b55-4065-8601-811b5ecd4576 7bbe5fbbecb04c67aaf0e51e1e70f88f 1df9047b14b549089d81bf61621eaab4 - - default default] 10.0.0.200 "GET /v2.0/security-groups?id=e1a30d46-5097-4e55-aaa4-60cea1e07514&fields=id&fields=name HTTP/1.1" status: 200 len: 294 time: 0.0369105
2026-07-14 18:51:41.781 9 INFO neutron.wsgi [req-b6b0aeae-9b33-484b-a722-73e20571139c req-0af89f26-12c5-492b-8c7b-d6e262f7aee7 bc039332a626462b80a111b4b2ecb280 929db5240b3249239d5e1afb01ba49bf - - 836454d2791c49c1902648f62b0f7497 836454d2791c49c1902648f62b0f7497] 199.204.45.210 "GET /v2.0/floatingips?fixed_ip_address=172.24.3.16&port_id=3fb1d8bd-e7de-4e6d-b168-91a334a5e54e HTTP/1.1" status: 200 len: 217 time: 0.0274971
2026-07-14 18:51:41.823 9 INFO neutron.wsgi [req-b6b0aeae-9b33-484b-a722-73e20571139c req-2ec310be-2a31-404d-b035-74e75a3605bb bc039332a626462b80a111b4b2ecb280 929db5240b3249239d5e1afb01ba49bf - - 836454d2791c49c1902648f62b0f7497 836454d2791c49c1902648f62b0f7497] 199.204.45.210 "GET /v2.0/subnets?id=849e4d65-ea30-4d85-b69f-5f0967d3e2fc HTTP/1.1" status: 200 len: 829 time: 0.0343237
2026-07-14 18:51:41.861 9 INFO neutron.wsgi [req-b6b0aeae-9b33-484b-a722-73e20571139c req-5f57ba44-ac34-40c1-b9c0-e4ccfd2d2efb bc039332a626462b80a111b4b2ecb280 929db5240b3249239d5e1afb01ba49bf - - 836454d2791c49c1902648f62b0f7497 836454d2791c49c1902648f62b0f7497] 199.204.45.210 "GET /v2.0/ports?network_id=7c677bb0-aa6d-44ee-a3e5-8ede72b659b1&device_owner=network%3Adhcp HTTP/1.1" status: 200 len: 210 time: 0.0292418
2026-07-14 18:51:41.890 9 INFO neutron.wsgi [req-cb9eb0ef-4063-4dc6-9727-8055edb5b4c4 req-9e6fb047-9bb0-48c2-afc0-f885165279ae 7bbe5fbbecb04c67aaf0e51e1e70f88f 1df9047b14b549089d81bf61621eaab4 - - default default] 10.0.0.200 "GET /v2.0/ports?device_id=2e8e8182-ed0f-48b7-84e7-bc53eb926c52 HTTP/1.1" status: 200 len: 1411 time: 0.0657890
2026-07-14 18:51:41.950 9 INFO neutron.wsgi [req-b6b0aeae-9b33-484b-a722-73e20571139c req-895c86e0-a2a6-4f4a-abab-bc7e094f1a37 bc039332a626462b80a111b4b2ecb280 929db5240b3249239d5e1afb01ba49bf - - 836454d2791c49c1902648f62b0f7497 836454d2791c49c1902648f62b0f7497] 199.204.45.210 "GET /v2.0/networks/7c677bb0-aa6d-44ee-a3e5-8ede72b659b1?fields=segments HTTP/1.1" status: 200 len: 212 time: 0.0784914
2026-07-14 18:51:42.034 9 INFO neutron.wsgi [req-b6b0aeae-9b33-484b-a722-73e20571139c req-f2eda22a-bb9b-412d-8015-3940168d5c46 bc039332a626462b80a111b4b2ecb280 929db5240b3249239d5e1afb01ba49bf - - 836454d2791c49c1902648f62b0f7497 836454d2791c49c1902648f62b0f7497] 199.204.45.210 "GET /v2.0/networks/7c677bb0-aa6d-44ee-a3e5-8ede72b659b1?fields=provider%3Aphysical_network&fields=provider%3Anetwork_type HTTP/1.1" status: 200 len: 277 time: 0.0788336
2026-07-14 18:51:42.112 9 INFO neutron.wsgi [req-61789a59-4ab8-4ff1-9518-bb718a6d9783 req-f49fa747-4f81-4ff5-b3eb-93b2feb85bc7 bc039332a626462b80a111b4b2ecb280 929db5240b3249239d5e1afb01ba49bf - - 836454d2791c49c1902648f62b0f7497 836454d2791c49c1902648f62b0f7497] 199.204.45.210 "GET /v2.0/ports?tenant_id=1df9047b14b549089d81bf61621eaab4&device_id=2e8e8182-ed0f-48b7-84e7-bc53eb926c52 HTTP/1.1" status: 200 len: 1411 time: 0.0359743
2026-07-14 18:51:42.184 9 INFO neutron.wsgi [req-61789a59-4ab8-4ff1-9518-bb718a6d9783 req-b7ce0db7-66b6-43cc-82b1-04c33b4c2310 bc039332a626462b80a111b4b2ecb280 929db5240b3249239d5e1afb01ba49bf - - 836454d2791c49c1902648f62b0f7497 836454d2791c49c1902648f62b0f7497] 199.204.45.210 "GET /v2.0/networks?id=7c677bb0-aa6d-44ee-a3e5-8ede72b659b1 HTTP/1.1" status: 200 len: 937 time: 0.0590444
2026-07-14 18:51:42.219 9 INFO neutron.wsgi [req-61789a59-4ab8-4ff1-9518-bb718a6d9783 req-5849150b-eb2f-43f6-b96b-21c25938415b bc039332a626462b80a111b4b2ecb280 929db5240b3249239d5e1afb01ba49bf - - 836454d2791c49c1902648f62b0f7497 836454d2791c49c1902648f62b0f7497] 199.204.45.210 "GET /v2.0/floatingips?fixed_ip_address=172.24.3.16&port_id=3fb1d8bd-e7de-4e6d-b168-91a334a5e54e HTTP/1.1" status: 200 len: 217 time: 0.0278411
2026-07-14 18:51:42.272 9 INFO neutron.wsgi [req-4e00269f-1d7f-4221-ac40-63a40cf0634e req-12fefbf1-6e0f-4ad0-bd5e-3104879f8c7b bc039332a626462b80a111b4b2ecb280 929db5240b3249239d5e1afb01ba49bf - - 836454d2791c49c1902648f62b0f7497 836454d2791c49c1902648f62b0f7497] 199.204.45.210 "GET /v2.0/ports?device_id=2e8e8182-ed0f-48b7-84e7-bc53eb926c52 HTTP/1.1" status: 200 len: 1411 time: 0.0611465
2026-07-14 18:51:42.276 9 INFO neutron.wsgi [req-61789a59-4ab8-4ff1-9518-bb718a6d9783 req-da2bd615-3b2b-43ca-8645-d0cd44211489 bc039332a626462b80a111b4b2ecb280 929db5240b3249239d5e1afb01ba49bf - - 836454d2791c49c1902648f62b0f7497 836454d2791c49c1902648f62b0f7497] 199.204.45.210 "GET /v2.0/subnets?id=849e4d65-ea30-4d85-b69f-5f0967d3e2fc HTTP/1.1" status: 200 len: 829 time: 0.0441606
2026-07-14 18:51:42.329 9 INFO neutron.wsgi [req-61789a59-4ab8-4ff1-9518-bb718a6d9783 req-eceb15d4-813c-4216-8251-71c4e10d0abc bc039332a626462b80a111b4b2ecb280 929db5240b3249239d5e1afb01ba49bf - - 836454d2791c49c1902648f62b0f7497 836454d2791c49c1902648f62b0f7497] 199.204.45.210 "GET /v2.0/ports?network_id=7c677bb0-aa6d-44ee-a3e5-8ede72b659b1&device_owner=network%3Adhcp HTTP/1.1" status: 200 len: 210 time: 0.0407135
2026-07-14 18:51:42.368 9 INFO neutron.wsgi [req-4e00269f-1d7f-4221-ac40-63a40cf0634e req-e8a4f5b7-5de5-4cf7-a1cf-2f7d9151e9fa bc039332a626462b80a111b4b2ecb280 929db5240b3249239d5e1afb01ba49bf - - 836454d2791c49c1902648f62b0f7497 836454d2791c49c1902648f62b0f7497] 199.204.45.210 "GET /v2.0/security-groups?id=e1a30d46-5097-4e55-aaa4-60cea1e07514&fields=id&fields=name HTTP/1.1" status: 200 len: 294 time: 0.0807245
2026-07-14 18:51:42.417 9 INFO neutron.wsgi [req-61789a59-4ab8-4ff1-9518-bb718a6d9783 req-d9e0d67d-5615-4601-9d7b-a8fc207ae740 bc039332a626462b80a111b4b2ecb280 929db5240b3249239d5e1afb01ba49bf - - 836454d2791c49c1902648f62b0f7497 836454d2791c49c1902648f62b0f7497] 199.204.45.210 "GET /v2.0/networks/7c677bb0-aa6d-44ee-a3e5-8ede72b659b1?fields=segments HTTP/1.1" status: 200 len: 212 time: 0.0786788
2026-07-14 18:51:42.478 9 INFO neutron.plugins.ml2.drivers.ovn.mech_driver.mech_driver [None req-715a825c-8b9b-440a-a22e-2dd40be042ea - - - - - -] OVN reports status up for port: 3fb1d8bd-e7de-4e6d-b168-91a334a5e54e
2026-07-14 18:51:42.492 9 INFO neutron.plugins.ml2.plugin [None req-715a825c-8b9b-440a-a22e-2dd40be042ea - - - - - -] Attempt 1 to provision port 3fb1d8bd-e7de-4e6d-b168-91a334a5e54e
2026-07-14 18:51:42.528 9 INFO neutron.wsgi [req-61789a59-4ab8-4ff1-9518-bb718a6d9783 req-7a3b49fc-f1b4-48d0-ae42-32e0e77a3c07 bc039332a626462b80a111b4b2ecb280 929db5240b3249239d5e1afb01ba49bf - - 836454d2791c49c1902648f62b0f7497 836454d2791c49c1902648f62b0f7497] 199.204.45.210 "GET /v2.0/networks/7c677bb0-aa6d-44ee-a3e5-8ede72b659b1?fields=provider%3Aphysical_network&fields=provider%3Anetwork_type HTTP/1.1" status: 200 len: 277 time: 0.0967791
2026-07-14 18:51:42.862 9 INFO neutron.db.ovn_revision_numbers_db [None req-715a825c-8b9b-440a-a22e-2dd40be042ea - - - - - -] Successfully bumped revision number for resource 3fb1d8bd-e7de-4e6d-b168-91a334a5e54e (type: ports) to 4
2026-07-14 18:51:43.791 9 INFO neutron.notifiers.nova [-] Nova event matching ['req-99b5a697-d1ca-471e-bc7f-8926471b88b3'] response: {'server_uuid': '2e8e8182-ed0f-48b7-84e7-bc53eb926c52', 'name': 'network-vif-plugged', 'status': 'completed', 'tag': '3fb1d8bd-e7de-4e6d-b168-91a334a5e54e', 'code': 200}
2026-07-14 18:51:43.792 9 INFO neutron.notifiers.nova [-] Nova event matching ['req-99b5a697-d1ca-471e-bc7f-8926471b88b3'] response: {'server_uuid': '2e8e8182-ed0f-48b7-84e7-bc53eb926c52', 'name': 'network-vif-plugged', 'status': 'completed', 'tag': '3fb1d8bd-e7de-4e6d-b168-91a334a5e54e', 'code': 200}
2026-07-14 18:51:44.147 10 INFO neutron.wsgi [req-b8537009-2e73-4582-8fc6-35f835dd47a0 req-07060d8a-8551-4fce-a2bc-24dc0a140302 7bbe5fbbecb04c67aaf0e51e1e70f88f 1df9047b14b549089d81bf61621eaab4 - - default default] 10.0.0.200 "GET /v2.0/ports?device_id=2e8e8182-ed0f-48b7-84e7-bc53eb926c52 HTTP/1.1" status: 200 len: 1413 time: 0.0409334
2026-07-14 18:51:44.202 10 INFO neutron.wsgi [req-b8537009-2e73-4582-8fc6-35f835dd47a0 req-ef350115-ac79-4079-afd2-bff7c720dfbe 7bbe5fbbecb04c67aaf0e51e1e70f88f 1df9047b14b549089d81bf61621eaab4 - - default default] 10.0.0.200 "GET /v2.0/security-groups?id=e1a30d46-5097-4e55-aaa4-60cea1e07514&fields=id&fields=name HTTP/1.1" status: 200 len: 294 time: 0.0475960 /var/lib/openstack/lib/python3.10/site-packages/pycadf/identifier.py:71: UserWarning: Invalid uuid: neutron. To ensure interoperability, identifiers should be a valid uuid. warnings.warn(('Invalid uuid: %s. To ensure interoperability, '
2026-07-14 18:51:44.309 9 INFO neutron.wsgi [req-8f413eac-ae2e-4941-a9da-88fd68e8cd0a req-5bd1f7dd-0138-4bb0-bb17-d88eb6ef0dae 7bbe5fbbecb04c67aaf0e51e1e70f88f 1df9047b14b549089d81bf61621eaab4 - - default default] 10.0.0.200 "GET /v2.0/ports?device_id=2e8e8182-ed0f-48b7-84e7-bc53eb926c52 HTTP/1.1" status: 200 len: 1413 time: 0.0445137
2026-07-14 18:51:45.847 9 INFO neutron.wsgi [req-1d8f75f3-7e36-479a-b66f-ffbd9aeae4f9 req-9624527a-8c96-464c-87fc-c157db251c8d bc039332a626462b80a111b4b2ecb280 929db5240b3249239d5e1afb01ba49bf - - 836454d2791c49c1902648f62b0f7497 836454d2791c49c1902648f62b0f7497] 199.204.45.210 "GET /v2.0/ports?device_id=7509521e-78df-4cdc-8cf9-1852cbf9fdfe&fields=binding%3Ahost_id&fields=binding%3Avif_type HTTP/1.1" status: 200 len: 265 time: 0.0304770
2026-07-14 18:51:45.926 9 INFO neutron.wsgi [req-1d8f75f3-7e36-479a-b66f-ffbd9aeae4f9 req-fdd52069-103a-4588-b104-8497948607c9 bc039332a626462b80a111b4b2ecb280 929db5240b3249239d5e1afb01ba49bf - - 836454d2791c49c1902648f62b0f7497 836454d2791c49c1902648f62b0f7497] 199.204.45.210 "GET /v2.0/ports?tenant_id=3c68b5dea2894892b2d496d3143ee174&device_id=7509521e-78df-4cdc-8cf9-1852cbf9fdfe HTTP/1.1" status: 200 len: 1634 time: 0.0376124
2026-07-14 18:51:46.049 9 INFO neutron.wsgi [req-1d8f75f3-7e36-479a-b66f-ffbd9aeae4f9 req-cb31db17-dc9e-4a86-a396-93cb3f8ac84a bc039332a626462b80a111b4b2ecb280 929db5240b3249239d5e1afb01ba49bf - - 836454d2791c49c1902648f62b0f7497 836454d2791c49c1902648f62b0f7497] 199.204.45.210 "GET /v2.0/networks?id=0f0e4518-d36d-4ce5-9b68-bb98cd3d3b31 HTTP/1.1" status: 200 len: 1003 time: 0.1019480
2026-07-14 18:51:46.101 9 INFO neutron.wsgi [req-1d8f75f3-7e36-479a-b66f-ffbd9aeae4f9 req-aa11fff7-f1c8-42d9-94ee-edc7d329c2c0 bc039332a626462b80a111b4b2ecb280 929db5240b3249239d5e1afb01ba49bf - - 836454d2791c49c1902648f62b0f7497 836454d2791c49c1902648f62b0f7497] 199.204.45.210 "GET /v2.0/floatingips?fixed_ip_address=10.2.1.94&port_id=2cfc35b6-b155-44c6-90a1-bcdc068d336e HTTP/1.1" status: 200 len: 1058 time: 0.0467372
2026-07-14 18:51:46.134 9 INFO neutron.wsgi [req-1d8f75f3-7e36-479a-b66f-ffbd9aeae4f9 req-463b2117-b957-47e8-acb0-77798e85d89f bc039332a626462b80a111b4b2ecb280 929db5240b3249239d5e1afb01ba49bf - - 836454d2791c49c1902648f62b0f7497 836454d2791c49c1902648f62b0f7497] 199.204.45.210 "GET /v2.0/floatingips?fixed_ip_address=fd7b%3Af9f7%3Afff%3A4eca%3A%3A2f1&port_id=2cfc35b6-b155-44c6-90a1-bcdc068d336e HTTP/1.1" status: 200 len: 217 time: 0.0267487
2026-07-14 18:51:46.178 9 INFO neutron.wsgi [req-1d8f75f3-7e36-479a-b66f-ffbd9aeae4f9 req-38726857-1890-45c7-8a81-3301c26b9250 bc039332a626462b80a111b4b2ecb280 929db5240b3249239d5e1afb01ba49bf - - 836454d2791c49c1902648f62b0f7497 836454d2791c49c1902648f62b0f7497] 199.204.45.210 "GET /v2.0/subnets?id=61544d46-2417-4150-ad3a-0104399d9442&id=3260c5b3-abfc-4172-a1b9-80ece26cd284 HTTP/1.1" status: 200 len: 1562 time: 0.0382435
2026-07-14 18:51:46.203 9 INFO neutron.wsgi [req-1d8f75f3-7e36-479a-b66f-ffbd9aeae4f9 req-fb1287d8-bf4c-445e-9807-70a4750f1946 bc039332a626462b80a111b4b2ecb280 929db5240b3249239d5e1afb01ba49bf - - 836454d2791c49c1902648f62b0f7497 836454d2791c49c1902648f62b0f7497] 199.204.45.210 "GET /v2.0/ports?network_id=0f0e4518-d36d-4ce5-9b68-bb98cd3d3b31&device_owner=network%3Adhcp HTTP/1.1" status: 200 len: 210 time: 0.0195386
2026-07-14 18:51:46.234 9 INFO neutron.wsgi [req-1d8f75f3-7e36-479a-b66f-ffbd9aeae4f9 req-54a6bcd9-a242-46ab-bad5-9ae66d6c72c5 bc039332a626462b80a111b4b2ecb280 929db5240b3249239d5e1afb01ba49bf - - 836454d2791c49c1902648f62b0f7497 836454d2791c49c1902648f62b0f7497] 199.204.45.210 "GET /v2.0/ports?network_id=0f0e4518-d36d-4ce5-9b68-bb98cd3d3b31&device_owner=network%3Adhcp HTTP/1.1" status: 200 len: 210 time: 0.0217719
2026-07-14 18:51:46.303 9 INFO neutron.wsgi [req-1d8f75f3-7e36-479a-b66f-ffbd9aeae4f9 req-4de15afc-1cd4-4419-8acd-36d0ba909fe4 bc039332a626462b80a111b4b2ecb280 929db5240b3249239d5e1afb01ba49bf - - 836454d2791c49c1902648f62b0f7497 836454d2791c49c1902648f62b0f7497] 199.204.45.210 "GET /v2.0/networks/0f0e4518-d36d-4ce5-9b68-bb98cd3d3b31?fields=segments HTTP/1.1" status: 200 len: 212 time: 0.0617001
2026-07-14 18:51:46.376 9 INFO neutron.wsgi [req-1d8f75f3-7e36-479a-b66f-ffbd9aeae4f9 req-750b2f69-2b1c-4549-8d10-0f651828135a bc039332a626462b80a111b4b2ecb280 929db5240b3249239d5e1afb01ba49bf - - 836454d2791c49c1902648f62b0f7497 836454d2791c49c1902648f62b0f7497] 199.204.45.210 "GET /v2.0/networks/0f0e4518-d36d-4ce5-9b68-bb98cd3d3b31?fields=provider%3Aphysical_network&fields=provider%3Anetwork_type HTTP/1.1" status: 200 len: 277 time: 0.0638468
2026-07-14 18:51:50.554 9 INFO neutron.wsgi [-] 10.0.0.125 "GET / HTTP/1.1" status: 200 len: 246 time: 0.0017145
2026-07-14 18:51:50.555 10 INFO neutron.wsgi [-] 10.0.0.125 "GET / HTTP/1.1" status: 200 len: 246 time: 0.0028870
2026-07-14 18:51:51.192 9 INFO neutron.wsgi [None req-dc5efa0f-9eb5-4f3f-93cd-274cb56c9d91 7bbe5fbbecb04c67aaf0e51e1e70f88f 1df9047b14b549089d81bf61621eaab4 - - default default] 10.0.0.37 "GET /v2.0/security-groups HTTP/1.1" status: 200 len: 29088 time: 0.2205019
2026-07-14 18:51:51.286 9 INFO neutron.wsgi [None req-7704d701-3f5e-456f-b6b8-5cc5706886bb 7bbe5fbbecb04c67aaf0e51e1e70f88f 1df9047b14b549089d81bf61621eaab4 - - default default] 10.0.0.37 "GET /v2.0/routers HTTP/1.1" status: 200 len: 850 time: 0.0844064
2026-07-14 18:51:51.304 9 INFO neutron.wsgi [None req-3838c174-62ba-42ec-a2bc-32085d92add0 7bbe5fbbecb04c67aaf0e51e1e70f88f 1df9047b14b549089d81bf61621eaab4 - - default default] 10.0.0.37 "GET /v2.0/agents?binary=ovn-controller HTTP/1.1" status: 200 len: 591 time: 0.0172479
2026-07-14 18:51:51.364 9 INFO neutron.wsgi [None req-cff0d225-1e1b-40d4-84af-2e6217299579 7bbe5fbbecb04c67aaf0e51e1e70f88f 1df9047b14b549089d81bf61621eaab4 - - default default] 10.0.0.37 "GET /v2.0/subnets HTTP/1.1" status: 200 len: 5495 time: 0.0573099
2026-07-14 18:51:51.383 9 INFO neutron.wsgi [None req-61f7ed16-6a6b-4a28-b07b-e38bc2698b64 7bbe5fbbecb04c67aaf0e51e1e70f88f 1df9047b14b549089d81bf61621eaab4 - - default default] 10.0.0.37 "GET /v2.0/subnetpools HTTP/1.1" status: 200 len: 193 time: 0.0152192
2026-07-14 18:51:51.466 9 INFO neutron.wsgi [None req-0f7d8d0f-596e-467c-b4fe-8768a711e795 7bbe5fbbecb04c67aaf0e51e1e70f88f 1df9047b14b549089d81bf61621eaab4 - - default default] 10.0.0.37 "GET /v2.0/ports HTTP/1.1" status: 200 len: 19901 time: 0.0807815
2026-07-14 18:51:51.507 9 INFO neutron.wsgi [None req-2fb82659-2a2c-4c74-8d62-4b3a8bdc0d80 7bbe5fbbecb04c67aaf0e51e1e70f88f 1df9047b14b549089d81bf61621eaab4 - - default default] 10.0.0.37 "GET /v2.0/agents HTTP/1.1" status: 200 len: 997 time: 0.0183892
2026-07-14 18:51:51.569 9 INFO neutron.wsgi [None req-1108fc69-7fc4-4d9a-a58b-8f5f076c6af6 7bbe5fbbecb04c67aaf0e51e1e70f88f 1df9047b14b549089d81bf61621eaab4 - - default default] 10.0.0.37 "GET /v2.0/floatingips HTTP/1.1" status: 200 len: 1877 time: 0.0609689
2026-07-14 18:51:51.618 9 INFO neutron.wsgi [None req-8a291b25-ceab-4dd7-9f3d-b88d9c5f6d34 7bbe5fbbecb04c67aaf0e51e1e70f88f 1df9047b14b549089d81bf61621eaab4 - - default default] 10.0.0.37 "GET /v2.0/subnets HTTP/1.1" status: 200 len: 5495 time: 0.0469558
2026-07-14 18:51:51.633 9 INFO neutron.wsgi [None req-99349127-ebf9-4dbf-870c-a015d03f58d8 7bbe5fbbecb04c67aaf0e51e1e70f88f 1df9047b14b549089d81bf61621eaab4 - - default default] 10.0.0.37 "GET /v2.0/network-ip-availabilities HTTP/1.1" status: 200 len: 3363 time: 0.0132837
2026-07-14 18:51:51.708 9 INFO neutron.wsgi [None req-6c4ef3f4-86a1-4e80-b826-c6b740ed8e78 7bbe5fbbecb04c67aaf0e51e1e70f88f 1df9047b14b549089d81bf61621eaab4 - - default default] 10.0.0.37 "GET /v2.0/networks HTTP/1.1" status: 200 len: 4722 time: 0.0725775
2026-07-14 18:52:05.554 10 INFO neutron.wsgi [-] 10.0.0.125 "GET / HTTP/1.1" status: 200 len: 246 time: 0.0022426
2026-07-14 18:52:05.555 9 INFO neutron.wsgi [-] 10.0.0.125 "GET / HTTP/1.1" status: 200 len: 246 time: 0.0030200
2026-07-14 18:52:18.025 9 INFO neutron.wsgi [None req-4c571059-fa0e-413c-944f-9273ad308892 7bbe5fbbecb04c67aaf0e51e1e70f88f 1df9047b14b549089d81bf61621eaab4 - - default default] 199.204.45.210 "GET /v2.0/extensions/security-group HTTP/1.1" status: 200 len: 369 time: 0.0066116
2026-07-14 18:52:18.039 9 INFO neutron.wsgi [None req-e62be94b-e0da-42df-89f9-53af53c7630c 7bbe5fbbecb04c67aaf0e51e1e70f88f 1df9047b14b549089d81bf61621eaab4 - - default default] 199.204.45.210 "GET /v2.0/extensions/dns-integration HTTP/1.1" status: 200 len: 371 time: 0.0058205
2026-07-14 18:52:18.058 9 INFO neutron.wsgi [None req-af9fe416-24ce-4f14-938c-b039088e543a 7bbe5fbbecb04c67aaf0e51e1e70f88f 1df9047b14b549089d81bf61621eaab4 - - default default] 199.204.45.210 "GET /v2.0/extensions/qos HTTP/1.1" status: 200 len: 365 time: 0.0109048
2026-07-14 18:52:18.070 9 INFO neutron.wsgi [None req-eaaacbb4-590c-47a7-80b3-073f3e63c2ff 7bbe5fbbecb04c67aaf0e51e1e70f88f 1df9047b14b549089d81bf61621eaab4 - - default default] 199.204.45.210 "GET /v2.0/extensions/allowed-address-pairs HTTP/1.1" status: 200 len: 383 time: 0.0046399
