2026-07-14 18:47:44.790 10 INFO neutron.db.ovn_revision_numbers_db [None req-74d3d0f8-8cae-4ee8-8898-d7b39cfeb986 7bbe5fbbecb04c67aaf0e51e1e70f88f 1df9047b14b549089d81bf61621eaab4 - - default default] Successfully bumped revision number for resource 83550f29-dd9d-4e82-92dd-ef9715ea447c (type: security_group_rules) to 0
2026-07-14 18:47:44.791 9 INFO neutron.db.ovn_revision_numbers_db [None req-75a1324a-66df-48d8-bf21-5679fde132d4 7bbe5fbbecb04c67aaf0e51e1e70f88f 1df9047b14b549089d81bf61621eaab4 - - default default] Successfully bumped revision number for resource 56a6db20-cef2-4861-b563-0d3d75779348 (type: security_groups) to 1
2026-07-14 18:47:44.806 10 INFO neutron.db.ovn_revision_numbers_db [None req-74d3d0f8-8cae-4ee8-8898-d7b39cfeb986 7bbe5fbbecb04c67aaf0e51e1e70f88f 1df9047b14b549089d81bf61621eaab4 - - default default] Successfully bumped revision number for resource b8d1b899-37d3-4538-852d-ec920d0efcfd (type: security_group_rules) to 0
2026-07-14 18:47:44.806 9 INFO neutron.db.ovn_revision_numbers_db [None req-75a1324a-66df-48d8-bf21-5679fde132d4 7bbe5fbbecb04c67aaf0e51e1e70f88f 1df9047b14b549089d81bf61621eaab4 - - default default] Successfully bumped revision number for resource 0927f0d9-cb85-4d35-a739-09c45c041906 (type: security_group_rules) to 0
2026-07-14 18:47:44.822 10 INFO neutron.db.ovn_revision_numbers_db [None req-74d3d0f8-8cae-4ee8-8898-d7b39cfeb986 7bbe5fbbecb04c67aaf0e51e1e70f88f 1df9047b14b549089d81bf61621eaab4 - - default default] Successfully bumped revision number for resource ead5f784-4c1f-438a-9475-7d429dfe0109 (type: security_group_rules) to 0
2026-07-14 18:47:44.825 9 INFO neutron.db.ovn_revision_numbers_db [None req-75a1324a-66df-48d8-bf21-5679fde132d4 7bbe5fbbecb04c67aaf0e51e1e70f88f 1df9047b14b549089d81bf61621eaab4 - - default default] Successfully bumped revision number for resource 8878dcd0-ce70-47e3-bbcd-fe278c04e5c2 (type: security_group_rules) to 0
2026-07-14 18:47:44.844 9 INFO neutron.db.ovn_revision_numbers_db [None req-75a1324a-66df-48d8-bf21-5679fde132d4 7bbe5fbbecb04c67aaf0e51e1e70f88f 1df9047b14b549089d81bf61621eaab4 - - default default] Successfully bumped revision number for resource ba39fc87-a08e-4bb2-a2ee-342c92e9e333 (type: security_group_rules) to 0
2026-07-14 18:47:44.855 10 INFO neutron.wsgi [None req-74d3d0f8-8cae-4ee8-8898-d7b39cfeb986 7bbe5fbbecb04c67aaf0e51e1e70f88f 1df9047b14b549089d81bf61621eaab4 - - default default] 10.0.0.70 "GET /v2.0/security-groups?tenant_id=2bc497c60a6745438a95542830eb335d&name=default HTTP/1.1" status: 200 len: 2996 time: 0.2212927
2026-07-14 18:47:44.872 9 INFO neutron.db.ovn_revision_numbers_db [None req-75a1324a-66df-48d8-bf21-5679fde132d4 7bbe5fbbecb04c67aaf0e51e1e70f88f 1df9047b14b549089d81bf61621eaab4 - - default default] Successfully bumped revision number for resource c87d885f-fbb4-4859-a9c5-083f23653bce (type: security_group_rules) to 0
2026-07-14 18:47:44.891 9 INFO neutron.wsgi [None req-75a1324a-66df-48d8-bf21-5679fde132d4 7bbe5fbbecb04c67aaf0e51e1e70f88f 1df9047b14b549089d81bf61621eaab4 - - default default] 10.0.0.70 "GET /v2.0/security-groups?tenant_id=7c79661b17f14532892143aebc1d74c9&name=default HTTP/1.1" status: 200 len: 2996 time: 0.2156186
2026-07-14 18:47:45.096 10 INFO neutron.wsgi [None req-2943cdca-a930-4216-8d2b-12ea57d07416 7bbe5fbbecb04c67aaf0e51e1e70f88f 1df9047b14b549089d81bf61621eaab4 - - default default] 10.0.0.70 "DELETE /v2.0/security-groups/b1a29099-cc8c-402c-b656-c99dc872db50 HTTP/1.1" status: 204 len: 168 time: 0.2339547
2026-07-14 18:47:45.137 9 INFO neutron.wsgi [None req-54aab04e-8aba-4b73-b2d8-1266f23740fa c0597d6b0858475aafc63a6e65b4b6de c490911c7d8c46a7adbe6d947f027308 - - default default] 10.0.0.70 "DELETE /v2.0/security-groups/38157b20-5475-46bf-8c4c-2a7b42431115 HTTP/1.1" status: 204 len: 168 time: 0.1468034
2026-07-14 18:47:45.156 9 INFO neutron.wsgi [None req-fcff92af-22d5-471a-aea0-ea9f98499da2 7bbe5fbbecb04c67aaf0e51e1e70f88f 1df9047b14b549089d81bf61621eaab4 - - default default] 10.0.0.70 "DELETE /v2.0/security-groups/56a6db20-cef2-4861-b563-0d3d75779348 HTTP/1.1" status: 204 len: 168 time: 0.2583170
2026-07-14 18:47:45.162 10 INFO neutron.api.v2.resource [None req-6fb2b811-53e6-4794-bdf4-96bac27cccb5 c0597d6b0858475aafc63a6e65b4b6de c490911c7d8c46a7adbe6d947f027308 - - default default] show failed (client error): The resource could not be found.
2026-07-14 18:47:45.164 10 INFO neutron.wsgi [None req-6fb2b811-53e6-4794-bdf4-96bac27cccb5 c0597d6b0858475aafc63a6e65b4b6de c490911c7d8c46a7adbe6d947f027308 - - default default] 10.0.0.70 "GET /v2.0/security-groups/38157b20-5475-46bf-8c4c-2a7b42431115 HTTP/1.1" status: 404 len: 347 time: 0.0155315
2026-07-14 18:47:45.521 10 INFO neutron.wsgi [None req-5e58414b-628d-4439-b063-ffc0373cbf51 c0597d6b0858475aafc63a6e65b4b6de c490911c7d8c46a7adbe6d947f027308 - - default default] 10.0.0.70 "DELETE /v2.0/floatingips/4dc7a6d3-5713-471e-ab61-29c5b54b48b1 HTTP/1.1" status: 204 len: 168 time: 0.3521259
2026-07-14 18:47:46.489 10 INFO neutron.wsgi [None req-4513c04f-8d95-431f-9b7e-f8762dd805ea 7bbe5fbbecb04c67aaf0e51e1e70f88f 1df9047b14b549089d81bf61621eaab4 - - default default] 10.0.0.70 "PUT /v2.0/routers/b17c549c-2049-4fc6-afb0-8635fffebdf3/remove_router_interface HTTP/1.1" status: 200 len: 503 time: 0.9625649 /var/lib/openstack/lib/python3.10/site-packages/pycadf/identifier.py:71: UserWarning: Invalid uuid: neutron. To ensure interoperability, identifiers should be a valid uuid. warnings.warn(('Invalid uuid: %s. To ensure interoperability, '
2026-07-14 18:47:47.182 10 INFO neutron.wsgi [None req-6955fa45-1509-4994-a7aa-04a987cf7566 7bbe5fbbecb04c67aaf0e51e1e70f88f 1df9047b14b549089d81bf61621eaab4 - - default default] 10.0.0.70 "DELETE /v2.0/routers/b17c549c-2049-4fc6-afb0-8635fffebdf3 HTTP/1.1" status: 204 len: 168 time: 0.6897397
2026-07-14 18:47:47.476 10 INFO neutron.wsgi [None req-f9ad6b05-c8e5-42bd-8489-a3f2bed569c6 7bbe5fbbecb04c67aaf0e51e1e70f88f 1df9047b14b549089d81bf61621eaab4 - - default default] 10.0.0.70 "DELETE /v2.0/subnets/7f7c85f4-81a2-4788-81f7-3d1c8b82b5cd HTTP/1.1" status: 204 len: 168 time: 0.2891877
2026-07-14 18:47:47.513 10 INFO neutron.db.ovn_revision_numbers_db [None req-1f7de528-5f5d-4bd3-aca9-090dca43622c 7bbe5fbbecb04c67aaf0e51e1e70f88f 1df9047b14b549089d81bf61621eaab4 - - default default] Successfully bumped revision number for resource 26c98df3-2021-4232-8bb1-98067ddd7158 (type: security_groups) to 1
2026-07-14 18:47:47.527 10 INFO neutron.db.ovn_revision_numbers_db [None req-1f7de528-5f5d-4bd3-aca9-090dca43622c 7bbe5fbbecb04c67aaf0e51e1e70f88f 1df9047b14b549089d81bf61621eaab4 - - default default] Successfully bumped revision number for resource 6e644e03-3a13-4c1c-b7df-9d5693424422 (type: security_group_rules) to 0
2026-07-14 18:47:47.543 10 INFO neutron.db.ovn_revision_numbers_db [None req-1f7de528-5f5d-4bd3-aca9-090dca43622c 7bbe5fbbecb04c67aaf0e51e1e70f88f 1df9047b14b549089d81bf61621eaab4 - - default default] Successfully bumped revision number for resource a71ab6d4-b7ce-437d-abaf-ea6e0160370c (type: security_group_rules) to 0
2026-07-14 18:47:47.564 10 INFO neutron.db.ovn_revision_numbers_db [None req-1f7de528-5f5d-4bd3-aca9-090dca43622c 7bbe5fbbecb04c67aaf0e51e1e70f88f 1df9047b14b549089d81bf61621eaab4 - - default default] Successfully bumped revision number for resource c6585496-70cd-4ac0-a16b-74d105ef937d (type: security_group_rules) to 0
2026-07-14 18:47:47.586 10 INFO neutron.db.ovn_revision_numbers_db [None req-1f7de528-5f5d-4bd3-aca9-090dca43622c 7bbe5fbbecb04c67aaf0e51e1e70f88f 1df9047b14b549089d81bf61621eaab4 - - default default] Successfully bumped revision number for resource c7319ae5-1338-47ef-a9e5-f98c860db6bf (type: security_group_rules) to 0
2026-07-14 18:47:47.611 10 INFO neutron.wsgi [None req-1f7de528-5f5d-4bd3-aca9-090dca43622c 7bbe5fbbecb04c67aaf0e51e1e70f88f 1df9047b14b549089d81bf61621eaab4 - - default default] 10.0.0.70 "GET /v2.0/security-groups?tenant_id=fcbc0eef32ec4a93a8fba1be0c16d25f&name=default HTTP/1.1" status: 200 len: 2996 time: 0.5214319
2026-07-14 18:47:47.820 9 INFO neutron.services.segments.plugin [-] Segment b7a1dce0-a184-4e16-907a-b2b8360faaca resource provider aggregate not found
2026-07-14 18:47:47.825 9 INFO neutron.services.segments.plugin [-] Segment b7a1dce0-a184-4e16-907a-b2b8360faaca resource provider aggregate not found
2026-07-14 18:47:47.843 9 INFO neutron.services.segments.plugin [-] Segment b7a1dce0-a184-4e16-907a-b2b8360faaca resource provider not found; error: Placement Client Error (4xx): {"errors": [{"status": 404, "title": "Not Found", "detail": "The resource could not be found.\n\n No resource provider with uuid b7a1dce0-a184-4e16-907a-b2b8360faaca found for delete ", "request_id": "req-9be69c6c-e973-4107-9326-0e76d6e3d3fd"}]}
2026-07-14 18:47:47.844 9 INFO neutron.services.segments.plugin [-] Segment b7a1dce0-a184-4e16-907a-b2b8360faaca resource provider not found; error: Placement Client Error (4xx): {"errors": [{"status": 404, "title": "Not Found", "detail": "The resource could not be found.\n\n No resource provider with uuid b7a1dce0-a184-4e16-907a-b2b8360faaca found for delete ", "request_id": "req-2c6e6c4d-36bb-43ef-b3c1-0c21d274299c"}]}
2026-07-14 18:47:47.869 10 INFO neutron.wsgi [None req-bf561c4b-0e2c-4a98-a1f6-a0da0015e5b9 7bbe5fbbecb04c67aaf0e51e1e70f88f 1df9047b14b549089d81bf61621eaab4 - - default default] 10.0.0.70 "DELETE /v2.0/security-groups/26c98df3-2021-4232-8bb1-98067ddd7158 HTTP/1.1" status: 204 len: 168 time: 0.2385869
2026-07-14 18:47:47.870 9 INFO neutron.wsgi [None req-16fe51e3-153c-4e32-bf7d-23cdb9174717 7bbe5fbbecb04c67aaf0e51e1e70f88f 1df9047b14b549089d81bf61621eaab4 - - default default] 10.0.0.70 "DELETE /v2.0/networks/8a3083c8-f00f-4b4f-bbbe-ddb68bcd66f8 HTTP/1.1" status: 204 len: 168 time: 0.3872941
2026-07-14 18:47:48.193 10 INFO neutron.wsgi [None req-3c7aea5c-da74-4365-9ce6-778e2e1d1ca5 7bbe5fbbecb04c67aaf0e51e1e70f88f 1df9047b14b549089d81bf61621eaab4 - - default default] 10.0.0.70 "GET /v2.0/security-groups?tenant_id=c490911c7d8c46a7adbe6d947f027308&name=default HTTP/1.1" status: 200 len: 2996 time: 0.0383139
2026-07-14 18:47:48.405 10 INFO neutron.wsgi [None req-e68f657c-a6f4-492e-8641-629326f4f824 7bbe5fbbecb04c67aaf0e51e1e70f88f 1df9047b14b549089d81bf61621eaab4 - - default default] 10.0.0.70 "DELETE /v2.0/security-groups/4851cd28-5760-47a1-af61-7f75dadf9bb7 HTTP/1.1" status: 204 len: 168 time: 0.2074223
2026-07-14 18:47:49.250 9 INFO neutron.db.ovn_revision_numbers_db [None req-24094066-6311-4d88-ba6c-24cda5058fca 7bbe5fbbecb04c67aaf0e51e1e70f88f 1df9047b14b549089d81bf61621eaab4 - - default default] Successfully bumped revision number for resource a3492847-f2f2-424d-b9a8-5182cdefc024 (type: security_groups) to 1
2026-07-14 18:47:49.267 9 INFO neutron.db.ovn_revision_numbers_db [None req-24094066-6311-4d88-ba6c-24cda5058fca 7bbe5fbbecb04c67aaf0e51e1e70f88f 1df9047b14b549089d81bf61621eaab4 - - default default] Successfully bumped revision number for resource 0efa988c-2ccf-4b1e-a2ca-41b960be16b7 (type: security_group_rules) to 0
2026-07-14 18:47:49.282 9 INFO neutron.db.ovn_revision_numbers_db [None req-24094066-6311-4d88-ba6c-24cda5058fca 7bbe5fbbecb04c67aaf0e51e1e70f88f 1df9047b14b549089d81bf61621eaab4 - - default default] Successfully bumped revision number for resource b6dda6b5-47c5-4dcb-8f61-335d7902524b (type: security_group_rules) to 0
2026-07-14 18:47:49.296 9 INFO neutron.db.ovn_revision_numbers_db [None req-24094066-6311-4d88-ba6c-24cda5058fca 7bbe5fbbecb04c67aaf0e51e1e70f88f 1df9047b14b549089d81bf61621eaab4 - - default default] Successfully bumped revision number for resource b92f335c-1e82-46d8-b311-f401ae676d5e (type: security_group_rules) to 0
2026-07-14 18:47:49.311 9 INFO neutron.db.ovn_revision_numbers_db [None req-24094066-6311-4d88-ba6c-24cda5058fca 7bbe5fbbecb04c67aaf0e51e1e70f88f 1df9047b14b549089d81bf61621eaab4 - - default default] Successfully bumped revision number for resource ce8edb2c-0ad3-4705-b002-1905e9304e9c (type: security_group_rules) to 0
2026-07-14 18:47:49.333 9 INFO neutron.wsgi [None req-24094066-6311-4d88-ba6c-24cda5058fca 7bbe5fbbecb04c67aaf0e51e1e70f88f 1df9047b14b549089d81bf61621eaab4 - - default default] 10.0.0.70 "GET /v2.0/security-groups?tenant_id=8876d2605bbb412ca8d6fabb75bdbaf4&name=default HTTP/1.1" status: 200 len: 2996 time: 0.3437350
2026-07-14 18:47:49.588 10 INFO neutron.wsgi [None req-12248595-08dc-4749-bd80-f712a7935ab1 7bbe5fbbecb04c67aaf0e51e1e70f88f 1df9047b14b549089d81bf61621eaab4 - - default default] 10.0.0.70 "DELETE /v2.0/security-groups/a3492847-f2f2-424d-b9a8-5182cdefc024 HTTP/1.1" status: 204 len: 168 time: 0.2479331
2026-07-14 18:47:49.832 9 INFO neutron.db.ovn_revision_numbers_db [None req-33e90ba9-3c98-4690-9021-14c8ad106acf 7bbe5fbbecb04c67aaf0e51e1e70f88f 1df9047b14b549089d81bf61621eaab4 - - default default] Successfully bumped revision number for resource 5ee4b608-1e09-4301-a5b7-9d441fc59eb0 (type: security_groups) to 1
2026-07-14 18:47:49.863 9 INFO neutron.db.ovn_revision_numbers_db [None req-33e90ba9-3c98-4690-9021-14c8ad106acf 7bbe5fbbecb04c67aaf0e51e1e70f88f 1df9047b14b549089d81bf61621eaab4 - - default default] Successfully bumped revision number for resource 5a96fbc6-4774-4580-8821-abfc9571635a (type: security_group_rules) to 0
2026-07-14 18:47:49.880 9 INFO neutron.db.ovn_revision_numbers_db [None req-33e90ba9-3c98-4690-9021-14c8ad106acf 7bbe5fbbecb04c67aaf0e51e1e70f88f 1df9047b14b549089d81bf61621eaab4 - - default default] Successfully bumped revision number for resource 933b0559-f92e-4bdd-b19e-4166b6304bae (type: security_group_rules) to 0
2026-07-14 18:47:49.904 9 INFO neutron.db.ovn_revision_numbers_db [None req-33e90ba9-3c98-4690-9021-14c8ad106acf 7bbe5fbbecb04c67aaf0e51e1e70f88f 1df9047b14b549089d81bf61621eaab4 - - default default] Successfully bumped revision number for resource b4bd58c0-a487-4bf8-881c-6ce0397bf327 (type: security_group_rules) to 0
2026-07-14 18:47:49.917 9 INFO neutron.db.ovn_revision_numbers_db [None req-33e90ba9-3c98-4690-9021-14c8ad106acf 7bbe5fbbecb04c67aaf0e51e1e70f88f 1df9047b14b549089d81bf61621eaab4 - - default default] Successfully bumped revision number for resource f46c1e12-c1a9-45e9-b4e3-e220c6887f9d (type: security_group_rules) to 0
2026-07-14 18:47:49.947 9 INFO neutron.wsgi [None req-33e90ba9-3c98-4690-9021-14c8ad106acf 7bbe5fbbecb04c67aaf0e51e1e70f88f 1df9047b14b549089d81bf61621eaab4 - - default default] 10.0.0.70 "GET /v2.0/security-groups?tenant_id=2c4aa5256428465080cb5a62682e70d1&name=default HTTP/1.1" status: 200 len: 2996 time: 0.2618220
2026-07-14 18:47:50.167 9 INFO neutron.wsgi [None req-35736fb8-0205-4ff5-b28f-2cce7de1e08c 7bbe5fbbecb04c67aaf0e51e1e70f88f 1df9047b14b549089d81bf61621eaab4 - - default default] 10.0.0.70 "DELETE /v2.0/security-groups/5ee4b608-1e09-4301-a5b7-9d441fc59eb0 HTTP/1.1" status: 204 len: 168 time: 0.2133772
2026-07-14 18:47:50.555 10 INFO neutron.wsgi [-] 10.0.0.125 "GET / HTTP/1.1" status: 200 len: 246 time: 0.0029995
2026-07-14 18:47:50.555 9 INFO neutron.wsgi [-] 10.0.0.125 "GET / HTTP/1.1" status: 200 len: 246 time: 0.0016553
2026-07-14 18:47:50.567 9 INFO neutron.db.ovn_revision_numbers_db [None req-96c51b08-3177-4317-a6cc-954075f4948a 7bbe5fbbecb04c67aaf0e51e1e70f88f 1df9047b14b549089d81bf61621eaab4 - - default default] Successfully bumped revision number for resource b5d38e77-984f-41d3-861c-ee9c76ba8aae (type: security_groups) to 1
2026-07-14 18:47:50.589 9 INFO neutron.db.ovn_revision_numbers_db [None req-96c51b08-3177-4317-a6cc-954075f4948a 7bbe5fbbecb04c67aaf0e51e1e70f88f 1df9047b14b549089d81bf61621eaab4 - - default default] Successfully bumped revision number for resource 35068e75-9283-40c1-8af0-09b5ef30f6b9 (type: security_group_rules) to 0
2026-07-14 18:47:50.607 9 INFO neutron.db.ovn_revision_numbers_db [None req-96c51b08-3177-4317-a6cc-954075f4948a 7bbe5fbbecb04c67aaf0e51e1e70f88f 1df9047b14b549089d81bf61621eaab4 - - default default] Successfully bumped revision number for resource 493ae71f-8990-4df4-81fb-8b9e533f8dd9 (type: security_group_rules) to 0
2026-07-14 18:47:50.626 9 INFO neutron.db.ovn_revision_numbers_db [None req-96c51b08-3177-4317-a6cc-954075f4948a 7bbe5fbbecb04c67aaf0e51e1e70f88f 1df9047b14b549089d81bf61621eaab4 - - default default] Successfully bumped revision number for resource 9f98c67d-b189-4339-a50e-aaf7a3d6eb6e (type: security_group_rules) to 0
2026-07-14 18:47:50.642 9 INFO neutron.db.ovn_revision_numbers_db [None req-96c51b08-3177-4317-a6cc-954075f4948a 7bbe5fbbecb04c67aaf0e51e1e70f88f 1df9047b14b549089d81bf61621eaab4 - - default default] Successfully bumped revision number for resource aa2ec8db-f94a-4bee-a579-06c6ae659cd2 (type: security_group_rules) to 0
2026-07-14 18:47:50.667 9 INFO neutron.wsgi [None req-96c51b08-3177-4317-a6cc-954075f4948a 7bbe5fbbecb04c67aaf0e51e1e70f88f 1df9047b14b549089d81bf61621eaab4 - - default default] 10.0.0.70 "GET /v2.0/security-groups?tenant_id=f45b0426c05142ea97c30d125ed3f210&name=default HTTP/1.1" status: 200 len: 2996 time: 0.4368160
2026-07-14 18:47:50.891 9 INFO neutron.wsgi [None req-8f96cba5-7f3b-4c4c-9683-8f8728369431 7bbe5fbbecb04c67aaf0e51e1e70f88f 1df9047b14b549089d81bf61621eaab4 - - default default] 10.0.0.70 "DELETE /v2.0/security-groups/b5d38e77-984f-41d3-861c-ee9c76ba8aae HTTP/1.1" status: 204 len: 168 time: 0.2178872
2026-07-14 18:47:51.246 9 INFO neutron.db.ovn_revision_numbers_db [None req-a31a4f47-afb7-4948-bc1f-ef5bb609506e 7bbe5fbbecb04c67aaf0e51e1e70f88f 1df9047b14b549089d81bf61621eaab4 - - default default] Successfully bumped revision number for resource dfd8e430-7246-46e5-9b30-ba956424104e (type: security_groups) to 1
2026-07-14 18:47:51.277 9 INFO neutron.wsgi [None req-b5fecfa8-7870-4a77-93aa-02e735df7617 7bbe5fbbecb04c67aaf0e51e1e70f88f 1df9047b14b549089d81bf61621eaab4 - - default default] 10.0.0.37 "GET /v2.0/agents HTTP/1.1" status: 200 len: 997 time: 0.2789168
2026-07-14 18:47:51.299 9 INFO neutron.db.ovn_revision_numbers_db [None req-a31a4f47-afb7-4948-bc1f-ef5bb609506e 7bbe5fbbecb04c67aaf0e51e1e70f88f 1df9047b14b549089d81bf61621eaab4 - - default default] Successfully bumped revision number for resource 74d48bc4-fbb2-4fd2-8a86-62f12c0bda73 (type: security_group_rules) to 0
2026-07-14 18:47:51.301 9 INFO neutron.wsgi [None req-64174649-eeff-471d-b074-fc6832a6ca53 7bbe5fbbecb04c67aaf0e51e1e70f88f 1df9047b14b549089d81bf61621eaab4 - - default default] 10.0.0.37 "GET /v2.0/floatingips HTTP/1.1" status: 200 len: 193 time: 0.0209689
2026-07-14 18:47:51.333 9 INFO neutron.db.ovn_revision_numbers_db [None req-a31a4f47-afb7-4948-bc1f-ef5bb609506e 7bbe5fbbecb04c67aaf0e51e1e70f88f 1df9047b14b549089d81bf61621eaab4 - - default default] Successfully bumped revision number for resource b856377d-cb72-4fb2-851d-98b3e69417a9 (type: security_group_rules) to 0
2026-07-14 18:47:51.353 9 INFO neutron.db.ovn_revision_numbers_db [None req-a31a4f47-afb7-4948-bc1f-ef5bb609506e 7bbe5fbbecb04c67aaf0e51e1e70f88f 1df9047b14b549089d81bf61621eaab4 - - default default] Successfully bumped revision number for resource c0c06cbf-e528-42e8-961e-06d8f302dda6 (type: security_group_rules) to 0
2026-07-14 18:47:51.365 9 INFO neutron.wsgi [None req-32996889-2f5d-44c1-b458-846b1cca2020 7bbe5fbbecb04c67aaf0e51e1e70f88f 1df9047b14b549089d81bf61621eaab4 - - default default] 10.0.0.37 "GET /v2.0/networks HTTP/1.1" status: 200 len: 2350 time: 0.0637043
2026-07-14 18:47:51.373 9 INFO neutron.db.ovn_revision_numbers_db [None req-a31a4f47-afb7-4948-bc1f-ef5bb609506e 7bbe5fbbecb04c67aaf0e51e1e70f88f 1df9047b14b549089d81bf61621eaab4 - - default default] Successfully bumped revision number for resource fb1c42eb-31a3-4403-aae7-36c6acf28ec3 (type: security_group_rules) to 0
2026-07-14 18:47:51.401 9 INFO neutron.wsgi [None req-4df39b56-fa41-4025-a1fa-c5f653ffb403 7bbe5fbbecb04c67aaf0e51e1e70f88f 1df9047b14b549089d81bf61621eaab4 - - default default] 10.0.0.37 "GET /v2.0/routers HTTP/1.1" status: 200 len: 189 time: 0.0331905
2026-07-14 18:47:51.422 9 INFO neutron.wsgi [None req-9a0d028f-ce92-4780-9a80-cf028ad35929 7bbe5fbbecb04c67aaf0e51e1e70f88f 1df9047b14b549089d81bf61621eaab4 - - default default] 10.0.0.37 "GET /v2.0/agents?binary=ovn-controller HTTP/1.1" status: 200 len: 591 time: 0.0179718
2026-07-14 18:47:51.427 9 INFO neutron.wsgi [None req-a31a4f47-afb7-4948-bc1f-ef5bb609506e 7bbe5fbbecb04c67aaf0e51e1e70f88f 1df9047b14b549089d81bf61621eaab4 - - default default] 10.0.0.70 "GET /v2.0/security-groups?tenant_id=9340dbff7cde41e7a7a2da2078eaa7ed&name=default HTTP/1.1" status: 200 len: 2996 time: 0.3184867
2026-07-14 18:47:51.479 9 INFO neutron.wsgi [None req-d1604389-2553-4dc4-839d-0e32c65079a4 7bbe5fbbecb04c67aaf0e51e1e70f88f 1df9047b14b549089d81bf61621eaab4 - - default default] 10.0.0.37 "GET /v2.0/security-groups HTTP/1.1" status: 200 len: 19583 time: 0.0545194
2026-07-14 18:47:51.525 9 INFO neutron.wsgi [None req-4b559699-81d9-4863-b5e0-ca352dbc4cfa 7bbe5fbbecb04c67aaf0e51e1e70f88f 1df9047b14b549089d81bf61621eaab4 - - default default] 10.0.0.37 "GET /v2.0/subnets HTTP/1.1" status: 200 len: 1437 time: 0.0386641
2026-07-14 18:47:51.566 9 INFO neutron.wsgi [None req-5322c546-0293-4c32-99c0-f895bd1f71fe 7bbe5fbbecb04c67aaf0e51e1e70f88f 1df9047b14b549089d81bf61621eaab4 - - default default] 10.0.0.37 "GET /v2.0/subnets HTTP/1.1" status: 200 len: 1437 time: 0.0389214
2026-07-14 18:47:51.576 9 INFO neutron.wsgi [None req-99cef758-4bbb-4d89-85d3-f3b9edbd77e9 7bbe5fbbecb04c67aaf0e51e1e70f88f 1df9047b14b549089d81bf61621eaab4 - - default default] 10.0.0.37 "GET /v2.0/subnetpools HTTP/1.1" status: 200 len: 193 time: 0.0096459
2026-07-14 18:47:51.609 9 INFO neutron.wsgi [None req-283c368a-208b-4cce-baa8-c59d0120d407 7bbe5fbbecb04c67aaf0e51e1e70f88f 1df9047b14b549089d81bf61621eaab4 - - default default] 10.0.0.37 "GET /v2.0/ports HTTP/1.1" status: 200 len: 5351 time: 0.0326643
2026-07-14 18:47:51.627 9 INFO neutron.wsgi [None req-73fdc693-a019-4411-95e1-8aed7e0bd030 7bbe5fbbecb04c67aaf0e51e1e70f88f 1df9047b14b549089d81bf61621eaab4 - - default default] 10.0.0.37 "GET /v2.0/network-ip-availabilities HTTP/1.1" status: 200 len: 1280 time: 0.0118487
2026-07-14 18:47:51.663 10 INFO neutron.wsgi [None req-a504918b-6dcd-48d8-a69e-2c8551c4c6a4 7bbe5fbbecb04c67aaf0e51e1e70f88f 1df9047b14b549089d81bf61621eaab4 - - default default] 10.0.0.70 "DELETE /v2.0/security-groups/dfd8e430-7246-46e5-9b30-ba956424104e HTTP/1.1" status: 204 len: 168 time: 0.2290640
2026-07-14 18:47:51.679 10 INFO neutron.wsgi [None req-a55ed1f8-058d-412b-b428-dfa7aa750610 0a637149ccba4efe80a972f28f8f9440 f83b103500914973b52dca3c37e8aaab - - default default] 10.0.0.238 "GET /v2.0/extensions HTTP/1.1" status: 200 len: 16525 time: 0.1463842
2026-07-14 18:47:51.821 9 INFO neutron.wsgi [None req-829b2b22-c6d2-42c7-bdfa-78de37ecf974 0a637149ccba4efe80a972f28f8f9440 f83b103500914973b52dca3c37e8aaab - - default default] 10.0.0.238 "GET /v2.0/quotas/f83b103500914973b52dca3c37e8aaab/details HTTP/1.1" status: 200 len: 756 time: 0.1298242
2026-07-14 18:47:52.915 10 INFO neutron.db.ovn_revision_numbers_db [None req-451d7341-b5a5-4b25-b2de-da9f6848c2ea 7bbe5fbbecb04c67aaf0e51e1e70f88f 1df9047b14b549089d81bf61621eaab4 - - default default] Successfully bumped revision number for resource 1ac7b1fa-8adf-4819-9413-11456c79c3c0 (type: security_groups) to 1
2026-07-14 18:47:52.934 10 INFO neutron.db.ovn_revision_numbers_db [None req-451d7341-b5a5-4b25-b2de-da9f6848c2ea 7bbe5fbbecb04c67aaf0e51e1e70f88f 1df9047b14b549089d81bf61621eaab4 - - default default] Successfully bumped revision number for resource 78a18414-f32a-4eb6-9bd6-133f9491e59a (type: security_group_rules) to 0
2026-07-14 18:47:52.955 10 INFO neutron.db.ovn_revision_numbers_db [None req-451d7341-b5a5-4b25-b2de-da9f6848c2ea 7bbe5fbbecb04c67aaf0e51e1e70f88f 1df9047b14b549089d81bf61621eaab4 - - default default] Successfully bumped revision number for resource e75441d2-4d74-4b4e-962d-34c19efdca8d (type: security_group_rules) to 0
2026-07-14 18:47:52.977 10 INFO neutron.db.ovn_revision_numbers_db [None req-451d7341-b5a5-4b25-b2de-da9f6848c2ea 7bbe5fbbecb04c67aaf0e51e1e70f88f 1df9047b14b549089d81bf61621eaab4 - - default default] Successfully bumped revision number for resource eff57e41-82d7-49c6-8fba-70dd65169c95 (type: security_group_rules) to 0
2026-07-14 18:47:53.028 10 INFO neutron.db.ovn_revision_numbers_db [None req-451d7341-b5a5-4b25-b2de-da9f6848c2ea 7bbe5fbbecb04c67aaf0e51e1e70f88f 1df9047b14b549089d81bf61621eaab4 - - default default] Successfully bumped revision number for resource ff969902-af35-409a-8cc2-4d4a9848e455 (type: security_group_rules) to 0
2026-07-14 18:47:53.053 10 INFO neutron.wsgi [None req-451d7341-b5a5-4b25-b2de-da9f6848c2ea 7bbe5fbbecb04c67aaf0e51e1e70f88f 1df9047b14b549089d81bf61621eaab4 - - default default] 10.0.0.70 "GET /v2.0/security-groups?tenant_id=88ed344241f64dfc8d2ed445462c84c9&name=default HTTP/1.1" status: 200 len: 2996 time: 0.4260244
2026-07-14 18:47:53.325 9 INFO neutron.wsgi [None req-f9cbd99d-2daa-4eaa-96fe-5fe7c5add991 7bbe5fbbecb04c67aaf0e51e1e70f88f 1df9047b14b549089d81bf61621eaab4 - - default default] 10.0.0.70 "DELETE /v2.0/security-groups/1ac7b1fa-8adf-4819-9413-11456c79c3c0 HTTP/1.1" status: 204 len: 168 time: 0.2668417
2026-07-14 18:47:53.727 10 INFO neutron.db.ovn_revision_numbers_db [None req-95182257-b512-4f5b-9806-dfcbb3adc90c 7bbe5fbbecb04c67aaf0e51e1e70f88f 1df9047b14b549089d81bf61621eaab4 - - default default] Successfully bumped revision number for resource c461803a-512a-464d-9e86-b0a8d2eaea21 (type: security_groups) to 1
2026-07-14 18:47:53.747 10 INFO neutron.db.ovn_revision_numbers_db [None req-95182257-b512-4f5b-9806-dfcbb3adc90c 7bbe5fbbecb04c67aaf0e51e1e70f88f 1df9047b14b549089d81bf61621eaab4 - - default default] Successfully bumped revision number for resource 28f8e5c4-5f36-46fe-ab82-85ac448db5bc (type: security_group_rules) to 0
2026-07-14 18:47:53.763 10 INFO neutron.db.ovn_revision_numbers_db [None req-95182257-b512-4f5b-9806-dfcbb3adc90c 7bbe5fbbecb04c67aaf0e51e1e70f88f 1df9047b14b549089d81bf61621eaab4 - - default default] Successfully bumped revision number for resource 53f9db4a-d6bf-4ede-83cf-3a4cbfcb48c7 (type: security_group_rules) to 0
2026-07-14 18:47:53.777 10 INFO neutron.db.ovn_revision_numbers_db [None req-95182257-b512-4f5b-9806-dfcbb3adc90c 7bbe5fbbecb04c67aaf0e51e1e70f88f 1df9047b14b549089d81bf61621eaab4 - - default default] Successfully bumped revision number for resource da251152-ef24-4abe-9f04-73bb17ec0f89 (type: security_group_rules) to 0
2026-07-14 18:47:53.797 10 INFO neutron.db.ovn_revision_numbers_db [None req-95182257-b512-4f5b-9806-dfcbb3adc90c 7bbe5fbbecb04c67aaf0e51e1e70f88f 1df9047b14b549089d81bf61621eaab4 - - default default] Successfully bumped revision number for resource ec318be7-d29d-4cc2-8afc-73a4afb3a8c7 (type: security_group_rules) to 0
2026-07-14 18:47:53.823 10 INFO neutron.wsgi [None req-95182257-b512-4f5b-9806-dfcbb3adc90c 7bbe5fbbecb04c67aaf0e51e1e70f88f 1df9047b14b549089d81bf61621eaab4 - - default default] 10.0.0.70 "GET /v2.0/security-groups?tenant_id=56b579ad619845b0b6a49bd1cb29c850&name=default HTTP/1.1" status: 200 len: 2996 time: 0.2537415
2026-07-14 18:47:54.058 10 INFO neutron.wsgi [None req-1edd70fa-5436-44d4-8f9d-7ade8f57d801 7bbe5fbbecb04c67aaf0e51e1e70f88f 1df9047b14b549089d81bf61621eaab4 - - default default] 10.0.0.70 "DELETE /v2.0/security-groups/c461803a-512a-464d-9e86-b0a8d2eaea21 HTTP/1.1" status: 204 len: 168 time: 0.2269917
2026-07-14 18:47:54.565 9 INFO neutron.wsgi [None req-78f3797f-f260-4f62-9f4d-d4419540e6d5 0a637149ccba4efe80a972f28f8f9440 f83b103500914973b52dca3c37e8aaab - - default default] 10.0.0.238 "GET /v2.0/extensions HTTP/1.1" status: 200 len: 16525 time: 0.0056427
2026-07-14 18:47:54.697 10 INFO neutron.wsgi [None req-e9206aff-3c21-4eb7-89c4-529a6d2589e5 0a637149ccba4efe80a972f28f8f9440 f83b103500914973b52dca3c37e8aaab - - default default] 10.0.0.238 "GET /v2.0/quotas/f83b103500914973b52dca3c37e8aaab/details HTTP/1.1" status: 200 len: 756 time: 0.1168666
2026-07-14 18:47:57.415 9 INFO neutron.db.ovn_revision_numbers_db [None req-19584160-19b4-4a67-803a-128328f12dd6 7bbe5fbbecb04c67aaf0e51e1e70f88f 1df9047b14b549089d81bf61621eaab4 - - default default] Successfully bumped revision number for resource 0a5140d4-60a0-462e-96c0-b482d1704273 (type: security_groups) to 1
2026-07-14 18:47:57.429 9 INFO neutron.db.ovn_revision_numbers_db [None req-19584160-19b4-4a67-803a-128328f12dd6 7bbe5fbbecb04c67aaf0e51e1e70f88f 1df9047b14b549089d81bf61621eaab4 - - default default] Successfully bumped revision number for resource 5d0d99d8-f586-4e57-9796-28d25a3572a3 (type: security_group_rules) to 0
2026-07-14 18:47:57.444 9 INFO neutron.db.ovn_revision_numbers_db [None req-19584160-19b4-4a67-803a-128328f12dd6 7bbe5fbbecb04c67aaf0e51e1e70f88f 1df9047b14b549089d81bf61621eaab4 - - default default] Successfully bumped revision number for resource a07c1af3-9133-406a-aae2-7a334f5e67ec (type: security_group_rules) to 0
2026-07-14 18:47:57.464 9 INFO neutron.db.ovn_revision_numbers_db [None req-19584160-19b4-4a67-803a-128328f12dd6 7bbe5fbbecb04c67aaf0e51e1e70f88f 1df9047b14b549089d81bf61621eaab4 - - default default] Successfully bumped revision number for resource e3248bd0-f422-4574-9679-5118d4bec430 (type: security_group_rules) to 0
2026-07-14 18:47:57.482 9 INFO neutron.db.ovn_revision_numbers_db [None req-19584160-19b4-4a67-803a-128328f12dd6 7bbe5fbbecb04c67aaf0e51e1e70f88f 1df9047b14b549089d81bf61621eaab4 - - default default] Successfully bumped revision number for resource ee4efa90-33dc-448c-aa1a-3b1820a06413 (type: security_group_rules) to 0
2026-07-14 18:47:57.504 9 INFO neutron.wsgi [None req-19584160-19b4-4a67-803a-128328f12dd6 7bbe5fbbecb04c67aaf0e51e1e70f88f 1df9047b14b549089d81bf61621eaab4 - - default default] 10.0.0.70 "GET /v2.0/security-groups?tenant_id=8e200309111a43b19d98def283bb4e88&name=default HTTP/1.1" status: 200 len: 2996 time: 0.3658328
2026-07-14 18:47:57.568 10 INFO neutron.db.ovn_revision_numbers_db [None req-4aa867c4-78d5-4ecf-909b-435148277e8e 7bbe5fbbecb04c67aaf0e51e1e70f88f 1df9047b14b549089d81bf61621eaab4 - - default default] Successfully bumped revision number for resource 9607e7b4-8f0d-44dd-98ad-ac933d5bd9be (type: security_groups) to 1
2026-07-14 18:47:57.582 10 INFO neutron.db.ovn_revision_numbers_db [None req-4aa867c4-78d5-4ecf-909b-435148277e8e 7bbe5fbbecb04c67aaf0e51e1e70f88f 1df9047b14b549089d81bf61621eaab4 - - default default] Successfully bumped revision number for resource 00c9ae1c-5af6-4591-a6d1-12698c135b27 (type: security_group_rules) to 0
2026-07-14 18:47:57.597 10 INFO neutron.db.ovn_revision_numbers_db [None req-4aa867c4-78d5-4ecf-909b-435148277e8e 7bbe5fbbecb04c67aaf0e51e1e70f88f 1df9047b14b549089d81bf61621eaab4 - - default default] Successfully bumped revision number for resource 264b7c8b-d01e-4ad3-9666-165c81fdc011 (type: security_group_rules) to 0
2026-07-14 18:47:57.612 10 INFO neutron.db.ovn_revision_numbers_db [None req-4aa867c4-78d5-4ecf-909b-435148277e8e 7bbe5fbbecb04c67aaf0e51e1e70f88f 1df9047b14b549089d81bf61621eaab4 - - default default] Successfully bumped revision number for resource 6a9a51af-beaa-4b5b-932b-e2feb7355a24 (type: security_group_rules) to 0
2026-07-14 18:47:57.627 10 INFO neutron.db.ovn_revision_numbers_db [None req-4aa867c4-78d5-4ecf-909b-435148277e8e 7bbe5fbbecb04c67aaf0e51e1e70f88f 1df9047b14b549089d81bf61621eaab4 - - default default] Successfully bumped revision number for resource bed5b95d-c5db-438c-a211-c59a214b8f3b (type: security_group_rules) to 0
2026-07-14 18:47:57.661 10 INFO neutron.wsgi [None req-4aa867c4-78d5-4ecf-909b-435148277e8e 7bbe5fbbecb04c67aaf0e51e1e70f88f 1df9047b14b549089d81bf61621eaab4 - - default default] 10.0.0.70 "GET /v2.0/security-groups?tenant_id=f83b103500914973b52dca3c37e8aaab&name=default HTTP/1.1" status: 200 len: 2996 time: 0.4371471
2026-07-14 18:47:57.720 9 INFO neutron.wsgi [None req-29bfdaf2-f9ba-4592-be8a-0b3b05c0846c 7bbe5fbbecb04c67aaf0e51e1e70f88f 1df9047b14b549089d81bf61621eaab4 - - default default] 10.0.0.70 "DELETE /v2.0/security-groups/0a5140d4-60a0-462e-96c0-b482d1704273 HTTP/1.1" status: 204 len: 168 time: 0.2098486
2026-07-14 18:47:57.878 10 INFO neutron.wsgi [None req-1fedfce4-290c-4970-b8e6-29c89b9b6c2d 7bbe5fbbecb04c67aaf0e51e1e70f88f 1df9047b14b549089d81bf61621eaab4 - - default default] 10.0.0.70 "DELETE /v2.0/security-groups/9607e7b4-8f0d-44dd-98ad-ac933d5bd9be HTTP/1.1" status: 204 len: 168 time: 0.2127194
2026-07-14 18:47:57.946 9 INFO neutron.db.ovn_revision_numbers_db [None req-45a64101-5420-4831-b538-ce937d49a7d6 7bbe5fbbecb04c67aaf0e51e1e70f88f 1df9047b14b549089d81bf61621eaab4 - - default default] Successfully bumped revision number for resource fe93644f-873b-408b-b3bf-96525e123745 (type: security_groups) to 1
2026-07-14 18:47:57.962 9 INFO neutron.db.ovn_revision_numbers_db [None req-45a64101-5420-4831-b538-ce937d49a7d6 7bbe5fbbecb04c67aaf0e51e1e70f88f 1df9047b14b549089d81bf61621eaab4 - - default default] Successfully bumped revision number for resource 3527aaf9-1275-4348-965c-d763f14dffb9 (type: security_group_rules) to 0
2026-07-14 18:47:57.978 9 INFO neutron.db.ovn_revision_numbers_db [None req-45a64101-5420-4831-b538-ce937d49a7d6 7bbe5fbbecb04c67aaf0e51e1e70f88f 1df9047b14b549089d81bf61621eaab4 - - default default] Successfully bumped revision number for resource cda28f4f-9f1c-4b23-bd57-389e86ab7566 (type: security_group_rules) to 0
2026-07-14 18:47:57.997 9 INFO neutron.db.ovn_revision_numbers_db [None req-45a64101-5420-4831-b538-ce937d49a7d6 7bbe5fbbecb04c67aaf0e51e1e70f88f 1df9047b14b549089d81bf61621eaab4 - - default default] Successfully bumped revision number for resource da05f59b-267f-461b-a7e3-22e94a524599 (type: security_group_rules) to 0
2026-07-14 18:47:58.020 9 INFO neutron.db.ovn_revision_numbers_db [None req-45a64101-5420-4831-b538-ce937d49a7d6 7bbe5fbbecb04c67aaf0e51e1e70f88f 1df9047b14b549089d81bf61621eaab4 - - default default] Successfully bumped revision number for resource dc9cf1ea-7fce-4770-bc6c-699b39d68770 (type: security_group_rules) to 0
2026-07-14 18:47:58.047 9 INFO neutron.wsgi [None req-45a64101-5420-4831-b538-ce937d49a7d6 7bbe5fbbecb04c67aaf0e51e1e70f88f 1df9047b14b549089d81bf61621eaab4 - - default default] 10.0.0.70 "GET /v2.0/security-groups?tenant_id=446bca755e1b4e9b8244c97200a7d1bc&name=default HTTP/1.1" status: 200 len: 2996 time: 0.2234535
2026-07-14 18:47:58.278 9 INFO neutron.wsgi [None req-7c28b11e-2196-4d66-8130-3649935eb555 7bbe5fbbecb04c67aaf0e51e1e70f88f 1df9047b14b549089d81bf61621eaab4 - - default default] 10.0.0.70 "DELETE /v2.0/security-groups/fe93644f-873b-408b-b3bf-96525e123745 HTTP/1.1" status: 204 len: 168 time: 0.2271161
2026-07-14 18:47:59.033 10 INFO neutron.db.ovn_revision_numbers_db [None req-60b1ee59-9cda-48e5-a037-eb54f47c37a6 7bbe5fbbecb04c67aaf0e51e1e70f88f 1df9047b14b549089d81bf61621eaab4 - - default default] Successfully bumped revision number for resource b63d5707-6dac-4741-ad08-b6b891b4e101 (type: security_groups) to 1
2026-07-14 18:47:59.049 10 INFO neutron.db.ovn_revision_numbers_db [None req-60b1ee59-9cda-48e5-a037-eb54f47c37a6 7bbe5fbbecb04c67aaf0e51e1e70f88f 1df9047b14b549089d81bf61621eaab4 - - default default] Successfully bumped revision number for resource 0b7f41cb-237d-4615-b21e-fef962bd49eb (type: security_group_rules) to 0
2026-07-14 18:47:59.064 10 INFO neutron.db.ovn_revision_numbers_db [None req-60b1ee59-9cda-48e5-a037-eb54f47c37a6 7bbe5fbbecb04c67aaf0e51e1e70f88f 1df9047b14b549089d81bf61621eaab4 - - default default] Successfully bumped revision number for resource 8a62853d-5fe2-42f2-ae2c-7024e9035c13 (type: security_group_rules) to 0
2026-07-14 18:47:59.088 10 INFO neutron.db.ovn_revision_numbers_db [None req-60b1ee59-9cda-48e5-a037-eb54f47c37a6 7bbe5fbbecb04c67aaf0e51e1e70f88f 1df9047b14b549089d81bf61621eaab4 - - default default] Successfully bumped revision number for resource a9922879-37d6-403e-9187-fa3945627434 (type: security_group_rules) to 0
2026-07-14 18:47:59.104 10 INFO neutron.db.ovn_revision_numbers_db [None req-60b1ee59-9cda-48e5-a037-eb54f47c37a6 7bbe5fbbecb04c67aaf0e51e1e70f88f 1df9047b14b549089d81bf61621eaab4 - - default default] Successfully bumped revision number for resource c7c8ee79-a330-4323-b4a1-b45ce7239781 (type: security_group_rules) to 0
2026-07-14 18:47:59.130 10 INFO neutron.wsgi [None req-60b1ee59-9cda-48e5-a037-eb54f47c37a6 7bbe5fbbecb04c67aaf0e51e1e70f88f 1df9047b14b549089d81bf61621eaab4 - - default default] 10.0.0.70 "GET /v2.0/security-groups?tenant_id=d2e024b2b8a145bdafa4a53381cb7dc0&name=default HTTP/1.1" status: 200 len: 2996 time: 0.3532672
2026-07-14 18:47:59.349 9 INFO neutron.wsgi [None req-d509ccba-6b66-4a4b-8052-b4e50d7648ed 7bbe5fbbecb04c67aaf0e51e1e70f88f 1df9047b14b549089d81bf61621eaab4 - - default default] 10.0.0.70 "DELETE /v2.0/security-groups/b63d5707-6dac-4741-ad08-b6b891b4e101 HTTP/1.1" status: 204 len: 168 time: 0.2106719
2026-07-14 18:47:59.596 9 INFO neutron.db.ovn_revision_numbers_db [None req-14cf6ec4-2dda-4fec-8e9f-9963a9579fd1 7bbe5fbbecb04c67aaf0e51e1e70f88f 1df9047b14b549089d81bf61621eaab4 - - default default] Successfully bumped revision number for resource 1e178188-fba8-45a2-befb-26b17d0f723a (type: security_groups) to 1
2026-07-14 18:47:59.619 9 INFO neutron.db.ovn_revision_numbers_db [None req-14cf6ec4-2dda-4fec-8e9f-9963a9579fd1 7bbe5fbbecb04c67aaf0e51e1e70f88f 1df9047b14b549089d81bf61621eaab4 - - default default] Successfully bumped revision number for resource 331a66a9-21ca-4022-9b63-4d46ce58cca1 (type: security_group_rules) to 0
2026-07-14 18:47:59.640 9 INFO neutron.db.ovn_revision_numbers_db [None req-14cf6ec4-2dda-4fec-8e9f-9963a9579fd1 7bbe5fbbecb04c67aaf0e51e1e70f88f 1df9047b14b549089d81bf61621eaab4 - - default default] Successfully bumped revision number for resource 4748fc5f-2e2e-413c-ad47-2a332ea86cf8 (type: security_group_rules) to 0
2026-07-14 18:47:59.656 9 INFO neutron.db.ovn_revision_numbers_db [None req-14cf6ec4-2dda-4fec-8e9f-9963a9579fd1 7bbe5fbbecb04c67aaf0e51e1e70f88f 1df9047b14b549089d81bf61621eaab4 - - default default] Successfully bumped revision number for resource 75fedef4-fd51-4df7-b582-9cd356ba3a35 (type: security_group_rules) to 0
2026-07-14 18:47:59.680 9 INFO neutron.db.ovn_revision_numbers_db [None req-14cf6ec4-2dda-4fec-8e9f-9963a9579fd1 7bbe5fbbecb04c67aaf0e51e1e70f88f 1df9047b14b549089d81bf61621eaab4 - - default default] Successfully bumped revision number for resource 8eaeda07-482c-4f9f-abda-44898cad091c (type: security_group_rules) to 0
2026-07-14 18:47:59.708 9 INFO neutron.wsgi [None req-14cf6ec4-2dda-4fec-8e9f-9963a9579fd1 7bbe5fbbecb04c67aaf0e51e1e70f88f 1df9047b14b549089d81bf61621eaab4 - - default default] 10.0.0.70 "GET /v2.0/security-groups?tenant_id=3be363509d304deaa080c20dd05040b5&name=default HTTP/1.1" status: 200 len: 2996 time: 0.2185347
2026-07-14 18:48:00.055 9 INFO neutron.wsgi [None req-60db515a-1a71-4a50-a0d8-66c2948e9071 7bbe5fbbecb04c67aaf0e51e1e70f88f 1df9047b14b549089d81bf61621eaab4 - - default default] 10.0.0.70 "DELETE /v2.0/security-groups/1e178188-fba8-45a2-befb-26b17d0f723a HTTP/1.1" status: 204 len: 168 time: 0.3406022
2026-07-14 18:48:01.421 9 INFO neutron.db.ovn_revision_numbers_db [None req-64d33d4b-defc-41fe-a2cd-e0e5ceac539d fbdf7851f9c94b56ac70889996fcc51b 3c2831423196499c831ba94af63a04aa - - default default] Successfully bumped revision number for resource e852406a-b460-4ea8-a77d-2e5ef5f72dbc (type: security_groups) to 1
2026-07-14 18:48:01.444 9 INFO neutron.db.ovn_revision_numbers_db [None req-64d33d4b-defc-41fe-a2cd-e0e5ceac539d fbdf7851f9c94b56ac70889996fcc51b 3c2831423196499c831ba94af63a04aa - - default default] Successfully bumped revision number for resource 06f31f16-ba44-473f-9ec5-ceab6a5a6320 (type: security_group_rules) to 0
2026-07-14 18:48:01.460 9 INFO neutron.db.ovn_revision_numbers_db [None req-64d33d4b-defc-41fe-a2cd-e0e5ceac539d fbdf7851f9c94b56ac70889996fcc51b 3c2831423196499c831ba94af63a04aa - - default default] Successfully bumped revision number for resource 48f27e24-476f-431b-a3b1-a1502ad70bb4 (type: security_group_rules) to 0
2026-07-14 18:48:01.478 9 INFO neutron.db.ovn_revision_numbers_db [None req-64d33d4b-defc-41fe-a2cd-e0e5ceac539d fbdf7851f9c94b56ac70889996fcc51b 3c2831423196499c831ba94af63a04aa - - default default] Successfully bumped revision number for resource 5a304070-abaf-4eaf-8c04-9f9b47272e68 (type: security_group_rules) to 0
2026-07-14 18:48:01.494 9 INFO neutron.db.ovn_revision_numbers_db [None req-64d33d4b-defc-41fe-a2cd-e0e5ceac539d fbdf7851f9c94b56ac70889996fcc51b 3c2831423196499c831ba94af63a04aa - - default default] Successfully bumped revision number for resource eb7caf33-96d9-45ce-8a97-d1f63e13f4fa (type: security_group_rules) to 0
2026-07-14 18:48:01.548 9 INFO neutron.db.segments_db [None req-64d33d4b-defc-41fe-a2cd-e0e5ceac539d fbdf7851f9c94b56ac70889996fcc51b 3c2831423196499c831ba94af63a04aa - - default default] Added segment 8b43b9a3-125f-4909-a56a-aecd39594a3d of type geneve for network eca71c28-54f8-494b-a0ef-5e939c1e1ec3
2026-07-14 18:48:01.702 9 INFO neutron.db.ovn_revision_numbers_db [None req-64d33d4b-defc-41fe-a2cd-e0e5ceac539d fbdf7851f9c94b56ac70889996fcc51b 3c2831423196499c831ba94af63a04aa - - default default] Successfully bumped revision number for resource eca71c28-54f8-494b-a0ef-5e939c1e1ec3 (type: networks) to 1
2026-07-14 18:48:01.930 9 WARNING neutron.scheduler.dhcp_agent_scheduler [None req-64d33d4b-defc-41fe-a2cd-e0e5ceac539d fbdf7851f9c94b56ac70889996fcc51b 3c2831423196499c831ba94af63a04aa - - default default] No more DHCP agents
2026-07-14 18:48:01.936 9 WARNING neutron.api.rpc.agentnotifiers.dhcp_rpc_agent_api [None req-64d33d4b-defc-41fe-a2cd-e0e5ceac539d fbdf7851f9c94b56ac70889996fcc51b 3c2831423196499c831ba94af63a04aa - - default default] Unable to schedule network eca71c28-54f8-494b-a0ef-5e939c1e1ec3: no agents available; will retry on subsequent port and subnet creation events.
2026-07-14 18:48:02.063 9 INFO neutron.db.ovn_revision_numbers_db [None req-64d33d4b-defc-41fe-a2cd-e0e5ceac539d fbdf7851f9c94b56ac70889996fcc51b 3c2831423196499c831ba94af63a04aa - - default default] Successfully bumped revision number for resource 87044900-f87e-43e3-9e64-6f5bc1e5b76c (type: ports) to 1
2026-07-14 18:48:02.107 9 INFO neutron.wsgi [None req-64d33d4b-defc-41fe-a2cd-e0e5ceac539d fbdf7851f9c94b56ac70889996fcc51b 3c2831423196499c831ba94af63a04aa - - default default] 10.0.0.70 "POST /v2.0/networks HTTP/1.1" status: 201 len: 832 time: 1.0361054
2026-07-14 18:48:02.930 10 WARNING neutron.scheduler.dhcp_agent_scheduler [None req-21c23c4d-a2d7-4ceb-827d-b7a3d9ff8be2 fbdf7851f9c94b56ac70889996fcc51b 3c2831423196499c831ba94af63a04aa - - default default] No more DHCP agents
2026-07-14 18:48:02.936 10 WARNING neutron.api.rpc.agentnotifiers.dhcp_rpc_agent_api [None req-21c23c4d-a2d7-4ceb-827d-b7a3d9ff8be2 fbdf7851f9c94b56ac70889996fcc51b 3c2831423196499c831ba94af63a04aa - - default default] Unable to schedule network e68dbe2d-7d1c-43f2-9db5-00f2d13b166c: no agents available; will retry on subsequent port and subnet creation events.
2026-07-14 18:48:03.123 9 INFO neutron.db.ovn_revision_numbers_db [None req-9674633e-2ff9-4bb7-84ca-8c9fd08d3d87 7bbe5fbbecb04c67aaf0e51e1e70f88f 1df9047b14b549089d81bf61621eaab4 - - default default] Successfully bumped revision number for resource a501ec68-2755-4623-bb4e-a1dce0b2cf83 (type: security_groups) to 1
2026-07-14 18:48:03.142 9 INFO neutron.db.ovn_revision_numbers_db [None req-9674633e-2ff9-4bb7-84ca-8c9fd08d3d87 7bbe5fbbecb04c67aaf0e51e1e70f88f 1df9047b14b549089d81bf61621eaab4 - - default default] Successfully bumped revision number for resource 11b07015-1a4d-4cb8-a954-a85498164a22 (type: security_group_rules) to 0
2026-07-14 18:48:03.159 9 INFO neutron.db.ovn_revision_numbers_db [None req-9674633e-2ff9-4bb7-84ca-8c9fd08d3d87 7bbe5fbbecb04c67aaf0e51e1e70f88f 1df9047b14b549089d81bf61621eaab4 - - default default] Successfully bumped revision number for resource 3ba3ba04-7b34-4f83-96e7-904048d5f144 (type: security_group_rules) to 0
2026-07-14 18:48:03.164 10 INFO neutron.db.ovn_revision_numbers_db [None req-21c23c4d-a2d7-4ceb-827d-b7a3d9ff8be2 fbdf7851f9c94b56ac70889996fcc51b 3c2831423196499c831ba94af63a04aa - - default default] Successfully bumped revision number for resource e60ef157-b57d-4297-8c71-cfb1d435376b (type: ports) to 1
2026-07-14 18:48:03.189 9 INFO neutron.db.ovn_revision_numbers_db [None req-9674633e-2ff9-4bb7-84ca-8c9fd08d3d87 7bbe5fbbecb04c67aaf0e51e1e70f88f 1df9047b14b549089d81bf61621eaab4 - - default default] Successfully bumped revision number for resource e1bddc11-2743-4e20-9206-10840a70e0a0 (type: security_group_rules) to 0
2026-07-14 18:48:03.206 9 INFO neutron.db.ovn_revision_numbers_db [None req-9674633e-2ff9-4bb7-84ca-8c9fd08d3d87 7bbe5fbbecb04c67aaf0e51e1e70f88f 1df9047b14b549089d81bf61621eaab4 - - default default] Successfully bumped revision number for resource f4585102-e1b9-4a68-9371-00395bd027b2 (type: security_group_rules) to 0
2026-07-14 18:48:03.232 9 INFO neutron.wsgi [None req-9674633e-2ff9-4bb7-84ca-8c9fd08d3d87 7bbe5fbbecb04c67aaf0e51e1e70f88f 1df9047b14b549089d81bf61621eaab4 - - default default] 10.0.0.70 "GET /v2.0/security-groups?tenant_id=9573fd49f97345939a961ae917f660aa&name=default HTTP/1.1" status: 200 len: 2996 time: 0.3894119
2026-07-14 18:48:03.446 9 INFO neutron.wsgi [None req-fc185035-2c28-4b37-b1d3-1887aadded27 7bbe5fbbecb04c67aaf0e51e1e70f88f 1df9047b14b549089d81bf61621eaab4 - - default default] 10.0.0.70 "DELETE /v2.0/security-groups/a501ec68-2755-4623-bb4e-a1dce0b2cf83 HTTP/1.1" status: 204 len: 168 time: 0.2072780
2026-07-14 18:48:03.807 10 INFO neutron.plugins.ml2.drivers.ovn.mech_driver.mech_driver [None req-7ccc5585-02c5-47af-ba20-a251c21aa15d - - - - - -] OVN reports status up for port: e60ef157-b57d-4297-8c71-cfb1d435376b
2026-07-14 18:48:03.840 10 INFO neutron.plugins.ml2.plugin [None req-7ccc5585-02c5-47af-ba20-a251c21aa15d - - - - - -] Attempt 1 to provision port e60ef157-b57d-4297-8c71-cfb1d435376b
2026-07-14 18:48:03.856 10 INFO neutron.plugins.ml2.drivers.ovn.mech_driver.ovsdb.ovsdb_monitor [None req-598bd44b-5048-4a7e-9acf-8c6e6ddca4d5 - - - - - -] Router 3edaeffd-3855-4a7c-b844-9ed008451b7e is bound to host instance
2026-07-14 18:48:03.877 10 INFO neutron.db.ovn_revision_numbers_db [None req-21c23c4d-a2d7-4ceb-827d-b7a3d9ff8be2 fbdf7851f9c94b56ac70889996fcc51b 3c2831423196499c831ba94af63a04aa - - default default] Successfully bumped revision number for resource e60ef157-b57d-4297-8c71-cfb1d435376b (type: router_ports) to 1
2026-07-14 18:48:03.983 10 INFO neutron.db.ovn_revision_numbers_db [None req-21c23c4d-a2d7-4ceb-827d-b7a3d9ff8be2 fbdf7851f9c94b56ac70889996fcc51b 3c2831423196499c831ba94af63a04aa - - default default] Successfully bumped revision number for resource 3edaeffd-3855-4a7c-b844-9ed008451b7e (type: routers) to 2
2026-07-14 18:48:04.003 10 INFO neutron.wsgi [None req-21c23c4d-a2d7-4ceb-827d-b7a3d9ff8be2 fbdf7851f9c94b56ac70889996fcc51b 3c2831423196499c831ba94af63a04aa - - default default] 10.0.0.70 "POST /v2.0/routers HTTP/1.1" status: 201 len: 874 time: 1.8909435
2026-07-14 18:48:04.281 10 INFO neutron.wsgi [None req-7b26d4a7-0fc6-4400-9465-0364ad0223dd 29e009206f814067a0b67e431eea1138 3ad863a485044dbf91befd41c70635d8 - - default default] 10.0.0.70 "GET /v2.0/subnets?project_id=3c2831423196499c831ba94af63a04aa&cidr=10.100.0.0%2F28 HTTP/1.1" status: 200 len: 207 time: 0.2724862
2026-07-14 18:48:04.378 10 INFO neutron.wsgi [None req-08856f1b-7d13-48d0-8e95-0ce635117722 29e009206f814067a0b67e431eea1138 3ad863a485044dbf91befd41c70635d8 - - default default] 10.0.0.70 "GET /v2.0/networks?router%3Aexternal=True HTTP/1.1" status: 200 len: 947 time: 0.0922313
2026-07-14 18:48:04.408 9 INFO neutron.wsgi [None req-0c8bc474-f963-4d61-bac8-2dbc4bf20cbf 29e009206f814067a0b67e431eea1138 3ad863a485044dbf91befd41c70635d8 - - default default] 10.0.0.70 "GET /v2.0/subnets?network_id=e68dbe2d-7d1c-43f2-9db5-00f2d13b166c&cidr=10.100.0.0%2F28 HTTP/1.1" status: 200 len: 207 time: 0.0242372
2026-07-14 18:48:04.558 10 INFO neutron.db.ovn_revision_numbers_db [None req-598bd44b-5048-4a7e-9acf-8c6e6ddca4d5 - - - - - -] Successfully bumped revision number for resource e60ef157-b57d-4297-8c71-cfb1d435376b (type: ports) to 1
2026-07-14 18:48:04.706 9 WARNING neutron.scheduler.dhcp_agent_scheduler [None req-342c9ecc-611e-4279-be71-7252bbf010a8 fbdf7851f9c94b56ac70889996fcc51b 3c2831423196499c831ba94af63a04aa - - default default] No more DHCP agents
2026-07-14 18:48:04.707 9 WARNING neutron.api.rpc.agentnotifiers.dhcp_rpc_agent_api [None req-342c9ecc-611e-4279-be71-7252bbf010a8 fbdf7851f9c94b56ac70889996fcc51b 3c2831423196499c831ba94af63a04aa - - default default] Unable to schedule network eca71c28-54f8-494b-a0ef-5e939c1e1ec3: no agents available; will retry on subsequent port and subnet creation events.
2026-07-14 18:48:04.829 10 INFO neutron.db.ovn_revision_numbers_db [None req-598bd44b-5048-4a7e-9acf-8c6e6ddca4d5 - - - - - -] Successfully bumped revision number for resource e60ef157-b57d-4297-8c71-cfb1d435376b (type: router_ports) to 3
2026-07-14 18:48:04.932 10 INFO neutron.db.ovn_revision_numbers_db [None req-5e27d38b-d23f-490c-baed-54f4f2004422 7bbe5fbbecb04c67aaf0e51e1e70f88f 1df9047b14b549089d81bf61621eaab4 - - default default] Successfully bumped revision number for resource a260a767-100a-41b7-92f3-74baa20ff6ac (type: security_groups) to 1
2026-07-14 18:48:04.969 10 INFO neutron.db.ovn_revision_numbers_db [None req-5e27d38b-d23f-490c-baed-54f4f2004422 7bbe5fbbecb04c67aaf0e51e1e70f88f 1df9047b14b549089d81bf61621eaab4 - - default default] Successfully bumped revision number for resource 470a849d-9ba8-467e-b3f0-2b556b235ed3 (type: security_group_rules) to 0
2026-07-14 18:48:04.995 10 INFO neutron.db.ovn_revision_numbers_db [None req-5e27d38b-d23f-490c-baed-54f4f2004422 7bbe5fbbecb04c67aaf0e51e1e70f88f 1df9047b14b549089d81bf61621eaab4 - - default default] Successfully bumped revision number for resource 8230e98d-69f2-4c90-b7d8-e29af4399705 (type: security_group_rules) to 0
