2026-07-14 18:48:10.335 10 INFO neutron.wsgi [None req-27b185f7-2eec-4430-b84f-1fa065b85017 7bbe5fbbecb04c67aaf0e51e1e70f88f 1df9047b14b549089d81bf61621eaab4 - - default default] 10.0.0.70 "DELETE /v2.0/security-groups/fde09692-7d4c-4fa1-8048-88603db9850d HTTP/1.1" status: 204 len: 168 time: 0.1957853
2026-07-14 18:48:10.349 9 INFO neutron.wsgi [req-5e317702-bded-49ad-b097-8262d6741af4 req-b6158778-ddcf-4f76-8f3e-b3d9dace1b5d fbdf7851f9c94b56ac70889996fcc51b 3c2831423196499c831ba94af63a04aa - - default default] 10.0.0.200 "GET /v2.0/quotas/3c2831423196499c831ba94af63a04aa HTTP/1.1" status: 200 len: 386 time: 0.0166419
2026-07-14 18:48:10.479 9 INFO neutron.wsgi [req-5e317702-bded-49ad-b097-8262d6741af4 req-57851819-52e0-465a-a3e6-e26821dce273 fbdf7851f9c94b56ac70889996fcc51b 3c2831423196499c831ba94af63a04aa - - default default] 10.0.0.200 "GET /v2.0/ports?tenant_id=3c2831423196499c831ba94af63a04aa&fields=id HTTP/1.1" status: 200 len: 302 time: 0.1159706
2026-07-14 18:48:10.560 9 INFO neutron.wsgi [req-5e317702-bded-49ad-b097-8262d6741af4 req-427b0ef7-2add-46be-82ab-5c2611179713 bc039332a626462b80a111b4b2ecb280 929db5240b3249239d5e1afb01ba49bf - - 836454d2791c49c1902648f62b0f7497 836454d2791c49c1902648f62b0f7497] 10.0.0.200 "GET /v2.0/networks/eca71c28-54f8-494b-a0ef-5e939c1e1ec3?fields=segments HTTP/1.1" status: 200 len: 212 time: 0.0694213
2026-07-14 18:48:10.601 9 WARNING neutron.scheduler.dhcp_agent_scheduler [None req-a4591c07-a58b-4708-86e9-da5ad042366b 948b963f6fbf41f3a1b6ac7b131d75a3 3f0ffe27f0c44371955f8d9d72aa3b94 - - default default] No more DHCP agents
2026-07-14 18:48:10.613 9 WARNING neutron.api.rpc.agentnotifiers.dhcp_rpc_agent_api [None req-a4591c07-a58b-4708-86e9-da5ad042366b 948b963f6fbf41f3a1b6ac7b131d75a3 3f0ffe27f0c44371955f8d9d72aa3b94 - - default default] Unable to schedule network e68dbe2d-7d1c-43f2-9db5-00f2d13b166c: no agents available; will retry on subsequent port and subnet creation events.
2026-07-14 18:48:10.662 9 INFO neutron.wsgi [req-5e317702-bded-49ad-b097-8262d6741af4 req-affe7a80-35e8-4a04-adf0-5eb9fce11bf2 bc039332a626462b80a111b4b2ecb280 929db5240b3249239d5e1afb01ba49bf - - 836454d2791c49c1902648f62b0f7497 836454d2791c49c1902648f62b0f7497] 10.0.0.200 "GET /v2.0/networks/eca71c28-54f8-494b-a0ef-5e939c1e1ec3?fields=provider%3Aphysical_network&fields=provider%3Anetwork_type HTTP/1.1" status: 200 len: 277 time: 0.0917699
2026-07-14 18:48:10.775 9 INFO neutron.db.ovn_revision_numbers_db [None req-a4591c07-a58b-4708-86e9-da5ad042366b 948b963f6fbf41f3a1b6ac7b131d75a3 3f0ffe27f0c44371955f8d9d72aa3b94 - - default default] Successfully bumped revision number for resource 3bc54fc5-3e93-4e83-9113-ea6e50bdc005 (type: ports) to 1
2026-07-14 18:48:10.798 10 INFO neutron.wsgi [req-2c44384d-b7ce-4c59-ab76-57630cd56f77 req-f0ad9d53-4bc7-47da-ab50-c670ac451be6 fbdf7851f9c94b56ac70889996fcc51b 3c2831423196499c831ba94af63a04aa - - default default] 10.0.0.200 "GET /v2.0/ports?device_id=75e37a48-3740-49c9-8af9-c25d2f46e055 HTTP/1.1" status: 200 len: 210 time: 0.0292478
2026-07-14 18:48:11.520 10 WARNING neutron.plugins.ml2.drivers.ovn.mech_driver.ovsdb.ovn_client [None req-7ccc5585-02c5-47af-ba20-a251c21aa15d - - - - - -] No hosting information found for port 818d0afa-5448-4596-8fb5-4112dd0e428d: RuntimeError: No hosting information found for port 818d0afa-5448-4596-8fb5-4112dd0e428d
2026-07-14 18:48:11.582 9 INFO neutron.wsgi [req-5e317702-bded-49ad-b097-8262d6741af4 req-a288594e-e66a-46fb-8541-c6008030e4a8 fbdf7851f9c94b56ac70889996fcc51b 3c2831423196499c831ba94af63a04aa - - default default] 199.204.45.210 "GET /v2.0/networks?id=eca71c28-54f8-494b-a0ef-5e939c1e1ec3 HTTP/1.1" status: 200 len: 860 time: 0.1082230
2026-07-14 18:48:11.659 9 INFO neutron.wsgi [req-5e317702-bded-49ad-b097-8262d6741af4 req-9e21d6f8-fc64-4ad8-a662-00cd4fe209bb fbdf7851f9c94b56ac70889996fcc51b 3c2831423196499c831ba94af63a04aa - - default default] 199.204.45.210 "GET /v2.0/security-groups?fields=id&fields=name&tenant_id=3c2831423196499c831ba94af63a04aa HTTP/1.1" status: 200 len: 380 time: 0.0572774
2026-07-14 18:48:11.680 10 INFO neutron.plugins.ml2.drivers.ovn.mech_driver.mech_driver [None req-7ccc5585-02c5-47af-ba20-a251c21aa15d - - - - - -] OVN reports status up for port: 3bc54fc5-3e93-4e83-9113-ea6e50bdc005
2026-07-14 18:48:11.691 10 INFO neutron.plugins.ml2.plugin [None req-7ccc5585-02c5-47af-ba20-a251c21aa15d - - - - - -] Attempt 1 to provision port 3bc54fc5-3e93-4e83-9113-ea6e50bdc005
2026-07-14 18:48:11.719 9 INFO neutron.db.ovn_revision_numbers_db [None req-a4591c07-a58b-4708-86e9-da5ad042366b 948b963f6fbf41f3a1b6ac7b131d75a3 3f0ffe27f0c44371955f8d9d72aa3b94 - - default default] Successfully bumped revision number for resource 3bc54fc5-3e93-4e83-9113-ea6e50bdc005 (type: router_ports) to 1
2026-07-14 18:48:11.790 9 INFO neutron.db.ovn_revision_numbers_db [None req-a4591c07-a58b-4708-86e9-da5ad042366b 948b963f6fbf41f3a1b6ac7b131d75a3 3f0ffe27f0c44371955f8d9d72aa3b94 - - default default] Successfully bumped revision number for resource bfc6406a-6cf3-458b-941b-161c3f20387c (type: routers) to 2
2026-07-14 18:48:11.810 9 INFO neutron.wsgi [None req-a4591c07-a58b-4708-86e9-da5ad042366b 948b963f6fbf41f3a1b6ac7b131d75a3 3f0ffe27f0c44371955f8d9d72aa3b94 - - default default] 10.0.0.70 "POST /v2.0/routers HTTP/1.1" status: 201 len: 874 time: 1.8510749
2026-07-14 18:48:11.897 9 INFO neutron.wsgi [req-a4ab15ef-25cf-4620-bf7f-981d35d8fabe req-1ee6599d-86a4-44d4-bb4b-bba39376dea0 fbdf7851f9c94b56ac70889996fcc51b 3c2831423196499c831ba94af63a04aa - - default default] 10.0.0.200 "GET /v2.0/ports?device_id=75e37a48-3740-49c9-8af9-c25d2f46e055 HTTP/1.1" status: 200 len: 210 time: 0.0282688
2026-07-14 18:48:12.197 9 WARNING neutron.scheduler.dhcp_agent_scheduler [req-5e317702-bded-49ad-b097-8262d6741af4 req-3bc49f79-e264-4922-919e-90f0c3ac503c fbdf7851f9c94b56ac70889996fcc51b 3c2831423196499c831ba94af63a04aa - - default default] No more DHCP agents
2026-07-14 18:48:12.212 9 WARNING neutron.api.rpc.agentnotifiers.dhcp_rpc_agent_api [req-5e317702-bded-49ad-b097-8262d6741af4 req-3bc49f79-e264-4922-919e-90f0c3ac503c fbdf7851f9c94b56ac70889996fcc51b 3c2831423196499c831ba94af63a04aa - - default default] Unable to schedule network eca71c28-54f8-494b-a0ef-5e939c1e1ec3: no agents available; will retry on subsequent port and subnet creation events.
2026-07-14 18:48:12.478 9 INFO neutron.db.ovn_revision_numbers_db [req-5e317702-bded-49ad-b097-8262d6741af4 req-3bc49f79-e264-4922-919e-90f0c3ac503c fbdf7851f9c94b56ac70889996fcc51b 3c2831423196499c831ba94af63a04aa - - default default] Successfully bumped revision number for resource 854fe104-293c-4c1c-969e-2440a35d2d90 (type: ports) to 1
2026-07-14 18:48:12.513 9 INFO neutron.wsgi [req-5e317702-bded-49ad-b097-8262d6741af4 req-3bc49f79-e264-4922-919e-90f0c3ac503c fbdf7851f9c94b56ac70889996fcc51b 3c2831423196499c831ba94af63a04aa - - default default] 199.204.45.210 "POST /v2.0/ports HTTP/1.1" status: 201 len: 1162 time: 0.8396239
2026-07-14 18:48:12.515 10 INFO neutron.db.ovn_revision_numbers_db [None req-28bfd7b2-8f2f-42a7-9419-c924b47ea9ca 11039a0f3fc243819675d2ef08909dd1 77672cc7f56d4014828303c3699c58b8 - - default default] Successfully bumped revision number for resource 2011b61d-a22b-410e-b3ef-1e16eb3c3a00 (type: security_groups) to 1 /var/lib/openstack/lib/python3.10/site-packages/pycadf/identifier.py:71: UserWarning: Invalid uuid: neutron. To ensure interoperability, identifiers should be a valid uuid. warnings.warn(('Invalid uuid: %s. To ensure interoperability, '
2026-07-14 18:48:12.533 10 INFO neutron.db.ovn_revision_numbers_db [None req-28bfd7b2-8f2f-42a7-9419-c924b47ea9ca 11039a0f3fc243819675d2ef08909dd1 77672cc7f56d4014828303c3699c58b8 - - default default] Successfully bumped revision number for resource 25d91fc8-90f7-4baf-9c3d-933f44100ee7 (type: security_group_rules) to 0
2026-07-14 18:48:12.552 10 INFO neutron.db.ovn_revision_numbers_db [None req-28bfd7b2-8f2f-42a7-9419-c924b47ea9ca 11039a0f3fc243819675d2ef08909dd1 77672cc7f56d4014828303c3699c58b8 - - default default] Successfully bumped revision number for resource 56246358-916b-4d06-811b-c2d9583f920c (type: security_group_rules) to 0
2026-07-14 18:48:12.566 10 INFO neutron.db.ovn_revision_numbers_db [None req-28bfd7b2-8f2f-42a7-9419-c924b47ea9ca 11039a0f3fc243819675d2ef08909dd1 77672cc7f56d4014828303c3699c58b8 - - default default] Successfully bumped revision number for resource 5ff53489-b8d8-41c3-b504-e77a6f2ce136 (type: security_group_rules) to 0
2026-07-14 18:48:12.585 10 INFO neutron.db.ovn_revision_numbers_db [None req-28bfd7b2-8f2f-42a7-9419-c924b47ea9ca 11039a0f3fc243819675d2ef08909dd1 77672cc7f56d4014828303c3699c58b8 - - default default] Successfully bumped revision number for resource f0e4801c-724c-44a2-b829-77d87dd43df8 (type: security_group_rules) to 0
2026-07-14 18:48:12.608 9 WARNING neutron.scheduler.dhcp_agent_scheduler [None req-58be9101-8136-4e2b-8fa8-faf515f044b1 948b963f6fbf41f3a1b6ac7b131d75a3 3f0ffe27f0c44371955f8d9d72aa3b94 - - default default] No more DHCP agents
2026-07-14 18:48:12.610 9 WARNING neutron.api.rpc.agentnotifiers.dhcp_rpc_agent_api [None req-58be9101-8136-4e2b-8fa8-faf515f044b1 948b963f6fbf41f3a1b6ac7b131d75a3 3f0ffe27f0c44371955f8d9d72aa3b94 - - default default] Unable to schedule network d598534b-56f6-4362-9aee-6bccc3067e8d: no agents available; will retry on subsequent port and subnet creation events.
2026-07-14 18:48:12.644 10 INFO neutron.db.segments_db [None req-28bfd7b2-8f2f-42a7-9419-c924b47ea9ca 11039a0f3fc243819675d2ef08909dd1 77672cc7f56d4014828303c3699c58b8 - - default default] Added segment 2b75510c-7f2a-4894-8cee-1bd5a05388e3 of type geneve for network a40306b2-c2fa-4262-b3df-0fd92994c9da
2026-07-14 18:48:12.806 10 INFO neutron.db.ovn_revision_numbers_db [None req-28bfd7b2-8f2f-42a7-9419-c924b47ea9ca 11039a0f3fc243819675d2ef08909dd1 77672cc7f56d4014828303c3699c58b8 - - default default] Successfully bumped revision number for resource a40306b2-c2fa-4262-b3df-0fd92994c9da (type: networks) to 1
2026-07-14 18:48:12.840 9 INFO neutron.db.ovn_revision_numbers_db [None req-58be9101-8136-4e2b-8fa8-faf515f044b1 948b963f6fbf41f3a1b6ac7b131d75a3 3f0ffe27f0c44371955f8d9d72aa3b94 - - default default] Successfully bumped revision number for resource 8b0f2e17-9662-4b2d-b58b-2dceee321767 (type: ports) to 1
2026-07-14 18:48:13.023 10 WARNING neutron.scheduler.dhcp_agent_scheduler [None req-28bfd7b2-8f2f-42a7-9419-c924b47ea9ca 11039a0f3fc243819675d2ef08909dd1 77672cc7f56d4014828303c3699c58b8 - - default default] No more DHCP agents
2026-07-14 18:48:13.029 10 WARNING neutron.api.rpc.agentnotifiers.dhcp_rpc_agent_api [None req-28bfd7b2-8f2f-42a7-9419-c924b47ea9ca 11039a0f3fc243819675d2ef08909dd1 77672cc7f56d4014828303c3699c58b8 - - default default] Unable to schedule network a40306b2-c2fa-4262-b3df-0fd92994c9da: no agents available; will retry on subsequent port and subnet creation events.
2026-07-14 18:48:13.127 9 INFO neutron.db.ovn_revision_numbers_db [req-5e317702-bded-49ad-b097-8262d6741af4 req-ba32ca8a-b37c-4d17-80b2-2c0e1f77e345 bc039332a626462b80a111b4b2ecb280 929db5240b3249239d5e1afb01ba49bf - - 836454d2791c49c1902648f62b0f7497 836454d2791c49c1902648f62b0f7497] Successfully bumped revision number for resource 854fe104-293c-4c1c-969e-2440a35d2d90 (type: ports) to 2
2026-07-14 18:48:13.133 10 INFO neutron.wsgi [req-41616cc2-659f-40be-a2a7-a5aed4516e12 req-0b8f1d7e-8b3e-429a-8c74-af391450ba30 fbdf7851f9c94b56ac70889996fcc51b 3c2831423196499c831ba94af63a04aa - - default default] 10.0.0.200 "GET /v2.0/ports?device_id=75e37a48-3740-49c9-8af9-c25d2f46e055 HTTP/1.1" status: 200 len: 1172 time: 0.1604075
2026-07-14 18:48:13.153 10 INFO neutron.db.ovn_revision_numbers_db [None req-28bfd7b2-8f2f-42a7-9419-c924b47ea9ca 11039a0f3fc243819675d2ef08909dd1 77672cc7f56d4014828303c3699c58b8 - - default default] Successfully bumped revision number for resource ef598d92-caa7-410d-ad21-7ec8175064b7 (type: ports) to 1
2026-07-14 18:48:13.179 10 INFO neutron.wsgi [req-41616cc2-659f-40be-a2a7-a5aed4516e12 req-1c91e999-565c-401e-9c6a-695363d64812 fbdf7851f9c94b56ac70889996fcc51b 3c2831423196499c831ba94af63a04aa - - default default] 10.0.0.200 "GET /v2.0/security-groups?id=75c4bfd8-d928-4160-a424-a81cb85fd4e4&fields=id&fields=name HTTP/1.1" status: 200 len: 313 time: 0.0386348
2026-07-14 18:48:13.181 10 INFO neutron.wsgi [None req-28bfd7b2-8f2f-42a7-9419-c924b47ea9ca 11039a0f3fc243819675d2ef08909dd1 77672cc7f56d4014828303c3699c58b8 - - default default] 10.0.0.70 "POST /v2.0/networks HTTP/1.1" status: 201 len: 842 time: 0.9784966
2026-07-14 18:48:13.459 9 INFO neutron.db.ovn_revision_numbers_db [req-5e317702-bded-49ad-b097-8262d6741af4 req-ba32ca8a-b37c-4d17-80b2-2c0e1f77e345 bc039332a626462b80a111b4b2ecb280 929db5240b3249239d5e1afb01ba49bf - - 836454d2791c49c1902648f62b0f7497 836454d2791c49c1902648f62b0f7497] Successfully bumped revision number for resource 854fe104-293c-4c1c-969e-2440a35d2d90 (type: ports) to 2
2026-07-14 18:48:13.480 9 INFO neutron.wsgi [req-5e317702-bded-49ad-b097-8262d6741af4 req-ba32ca8a-b37c-4d17-80b2-2c0e1f77e345 bc039332a626462b80a111b4b2ecb280 929db5240b3249239d5e1afb01ba49bf - - 836454d2791c49c1902648f62b0f7497 836454d2791c49c1902648f62b0f7497] 199.204.45.210 "PUT /v2.0/ports/854fe104-293c-4c1c-969e-2440a35d2d90 HTTP/1.1" status: 200 len: 1380 time: 0.9591863
2026-07-14 18:48:13.489 10 WARNING neutron.scheduler.dhcp_agent_scheduler [None req-390d84a5-ac17-404b-bc3b-61ba8fd449eb 11039a0f3fc243819675d2ef08909dd1 77672cc7f56d4014828303c3699c58b8 - - default default] No more DHCP agents
2026-07-14 18:48:13.491 10 WARNING neutron.api.rpc.agentnotifiers.dhcp_rpc_agent_api [None req-390d84a5-ac17-404b-bc3b-61ba8fd449eb 11039a0f3fc243819675d2ef08909dd1 77672cc7f56d4014828303c3699c58b8 - - default default] Unable to schedule network a40306b2-c2fa-4262-b3df-0fd92994c9da: no agents available; will retry on subsequent port and subnet creation events.
2026-07-14 18:48:13.502 9 INFO neutron.db.ovn_revision_numbers_db [None req-58be9101-8136-4e2b-8fa8-faf515f044b1 948b963f6fbf41f3a1b6ac7b131d75a3 3f0ffe27f0c44371955f8d9d72aa3b94 - - default default] Successfully bumped revision number for resource 8b0f2e17-9662-4b2d-b58b-2dceee321767 (type: router_ports) to 1
2026-07-14 18:48:13.519 9 INFO neutron.notifiers.nova [-] Nova event matching ['req-d442cd3c-ea3e-4af8-b920-fda0104485d7'] response: {'name': 'network-changed', 'server_uuid': '75e37a48-3740-49c9-8af9-c25d2f46e055', 'tag': '854fe104-293c-4c1c-969e-2440a35d2d90', 'status': 'completed', 'code': 200} /var/lib/openstack/lib/python3.10/site-packages/pycadf/identifier.py:71: UserWarning: Invalid uuid: neutron. To ensure interoperability, identifiers should be a valid uuid. warnings.warn(('Invalid uuid: %s. To ensure interoperability, '
2026-07-14 18:48:13.565 9 INFO neutron.wsgi [req-5e317702-bded-49ad-b097-8262d6741af4 req-c4045b84-edbd-45fa-8c8c-220b1bf40e54 bc039332a626462b80a111b4b2ecb280 929db5240b3249239d5e1afb01ba49bf - - 836454d2791c49c1902648f62b0f7497 836454d2791c49c1902648f62b0f7497] 199.204.45.210 "GET /v2.0/ports?tenant_id=3c2831423196499c831ba94af63a04aa&device_id=75e37a48-3740-49c9-8af9-c25d2f46e055 HTTP/1.1" status: 200 len: 1411 time: 0.0397673
2026-07-14 18:48:13.605 9 INFO neutron.wsgi [req-5e317702-bded-49ad-b097-8262d6741af4 req-078fc1f2-8e53-4954-87d8-5dcdbc3464a5 bc039332a626462b80a111b4b2ecb280 929db5240b3249239d5e1afb01ba49bf - - 836454d2791c49c1902648f62b0f7497 836454d2791c49c1902648f62b0f7497] 199.204.45.210 "GET /v2.0/floatingips?fixed_ip_address=10.100.0.12&port_id=854fe104-293c-4c1c-969e-2440a35d2d90 HTTP/1.1" status: 200 len: 217 time: 0.0311332
2026-07-14 18:48:13.673 9 INFO neutron.wsgi [req-5e317702-bded-49ad-b097-8262d6741af4 req-f831f37a-5e21-4b34-9cf9-02824beb5b32 bc039332a626462b80a111b4b2ecb280 929db5240b3249239d5e1afb01ba49bf - - 836454d2791c49c1902648f62b0f7497 836454d2791c49c1902648f62b0f7497] 199.204.45.210 "GET /v2.0/subnets?id=95516a5e-968b-4b59-a0b5-80b8224916bd HTTP/1.1" status: 200 len: 853 time: 0.0595453
2026-07-14 18:48:13.705 9 INFO neutron.wsgi [req-5e317702-bded-49ad-b097-8262d6741af4 req-c9db3fe8-6f15-4592-b812-956e347b0655 bc039332a626462b80a111b4b2ecb280 929db5240b3249239d5e1afb01ba49bf - - 836454d2791c49c1902648f62b0f7497 836454d2791c49c1902648f62b0f7497] 199.204.45.210 "GET /v2.0/ports?network_id=eca71c28-54f8-494b-a0ef-5e939c1e1ec3&device_owner=network%3Adhcp HTTP/1.1" status: 200 len: 210 time: 0.0253839
2026-07-14 18:48:13.771 9 INFO neutron.db.ovn_revision_numbers_db [None req-58be9101-8136-4e2b-8fa8-faf515f044b1 948b963f6fbf41f3a1b6ac7b131d75a3 3f0ffe27f0c44371955f8d9d72aa3b94 - - default default] Successfully bumped revision number for resource 8b0f2e17-9662-4b2d-b58b-2dceee321767 (type: ports) to 1
2026-07-14 18:48:13.800 9 INFO neutron.wsgi [req-5e317702-bded-49ad-b097-8262d6741af4 req-691103fd-a6e0-4d17-8374-31090879a0e7 bc039332a626462b80a111b4b2ecb280 929db5240b3249239d5e1afb01ba49bf - - 836454d2791c49c1902648f62b0f7497 836454d2791c49c1902648f62b0f7497] 199.204.45.210 "GET /v2.0/networks/eca71c28-54f8-494b-a0ef-5e939c1e1ec3?fields=segments HTTP/1.1" status: 200 len: 212 time: 0.0854433
2026-07-14 18:48:13.868 9 WARNING neutron.scheduler.dhcp_agent_scheduler [None req-58be9101-8136-4e2b-8fa8-faf515f044b1 948b963f6fbf41f3a1b6ac7b131d75a3 3f0ffe27f0c44371955f8d9d72aa3b94 - - default default] No more DHCP agents
2026-07-14 18:48:13.873 9 WARNING neutron.api.rpc.agentnotifiers.dhcp_rpc_agent_api [None req-58be9101-8136-4e2b-8fa8-faf515f044b1 948b963f6fbf41f3a1b6ac7b131d75a3 3f0ffe27f0c44371955f8d9d72aa3b94 - - default default] Unable to schedule network d598534b-56f6-4362-9aee-6bccc3067e8d: no agents available; will retry on subsequent port and subnet creation events.
2026-07-14 18:48:14.018 10 INFO neutron.db.ovn_revision_numbers_db [None req-390d84a5-ac17-404b-bc3b-61ba8fd449eb 11039a0f3fc243819675d2ef08909dd1 77672cc7f56d4014828303c3699c58b8 - - default default] Successfully bumped revision number for resource ef598d92-caa7-410d-ad21-7ec8175064b7 (type: ports) to 2
2026-07-14 18:48:14.071 10 INFO neutron.db.ovn_revision_numbers_db [None req-390d84a5-ac17-404b-bc3b-61ba8fd449eb 11039a0f3fc243819675d2ef08909dd1 77672cc7f56d4014828303c3699c58b8 - - default default] Successfully bumped revision number for resource ec3fb1ec-c1ff-4520-8ceb-8d13383ac12d (type: subnets) to 0
2026-07-14 18:48:14.087 10 INFO neutron.wsgi [None req-390d84a5-ac17-404b-bc3b-61ba8fd449eb 11039a0f3fc243819675d2ef08909dd1 77672cc7f56d4014828303c3699c58b8 - - default default] 10.0.0.70 "POST /v2.0/subnets HTTP/1.1" status: 201 len: 816 time: 0.8615456
2026-07-14 18:48:14.181 9 INFO neutron.wsgi [req-5e317702-bded-49ad-b097-8262d6741af4 req-f895c30a-4ca4-44d1-a2c8-34e202d310ee bc039332a626462b80a111b4b2ecb280 929db5240b3249239d5e1afb01ba49bf - - 836454d2791c49c1902648f62b0f7497 836454d2791c49c1902648f62b0f7497] 199.204.45.210 "GET /v2.0/networks/eca71c28-54f8-494b-a0ef-5e939c1e1ec3?fields=provider%3Aphysical_network&fields=provider%3Anetwork_type HTTP/1.1" status: 200 len: 277 time: 0.3671103
2026-07-14 18:48:14.185 10 INFO neutron.db.segments_db [None req-607cbef2-307d-4228-9f1c-78f0255fc895 11039a0f3fc243819675d2ef08909dd1 77672cc7f56d4014828303c3699c58b8 - - default default] Added segment dccd04f3-c666-4c9f-bb2c-9a000823bfee of type geneve for network c9f5a008-435d-4ead-8cdd-28c6568f92c5
2026-07-14 18:48:14.278 9 INFO neutron.wsgi [req-393b2a3d-540c-490d-bc5b-a9fd02e1cbe7 req-6a0057c6-ba66-4baf-96bd-305c77db712a bc039332a626462b80a111b4b2ecb280 929db5240b3249239d5e1afb01ba49bf - - 836454d2791c49c1902648f62b0f7497 836454d2791c49c1902648f62b0f7497] 199.204.45.210 "GET /v2.0/ports?tenant_id=3c2831423196499c831ba94af63a04aa&device_id=75e37a48-3740-49c9-8af9-c25d2f46e055 HTTP/1.1" status: 200 len: 1411 time: 0.0496740
2026-07-14 18:48:14.333 10 INFO neutron.wsgi [req-be3ded66-782b-4632-9323-d29d008a6b10 req-738915fb-a3e0-445d-8ca4-cecaf5be2c66 fbdf7851f9c94b56ac70889996fcc51b 3c2831423196499c831ba94af63a04aa - - default default] 10.0.0.200 "GET /v2.0/ports?device_id=75e37a48-3740-49c9-8af9-c25d2f46e055 HTTP/1.1" status: 200 len: 1172 time: 0.0618377
2026-07-14 18:48:14.408 9 INFO neutron.wsgi [req-393b2a3d-540c-490d-bc5b-a9fd02e1cbe7 req-22a8c05d-e11d-43c8-bd93-09aeb766ccad bc039332a626462b80a111b4b2ecb280 929db5240b3249239d5e1afb01ba49bf - - 836454d2791c49c1902648f62b0f7497 836454d2791c49c1902648f62b0f7497] 199.204.45.210 "GET /v2.0/networks?id=eca71c28-54f8-494b-a0ef-5e939c1e1ec3 HTTP/1.1" status: 200 len: 959 time: 0.1225870
2026-07-14 18:48:14.408 10 INFO neutron.wsgi [req-be3ded66-782b-4632-9323-d29d008a6b10 req-2248ba6f-9f14-4ef3-8ad5-4f7372419e19 fbdf7851f9c94b56ac70889996fcc51b 3c2831423196499c831ba94af63a04aa - - default default] 10.0.0.200 "GET /v2.0/security-groups?id=75c4bfd8-d928-4160-a424-a81cb85fd4e4&fields=id&fields=name HTTP/1.1" status: 200 len: 313 time: 0.0668857
2026-07-14 18:48:14.413 10 INFO neutron.db.ovn_revision_numbers_db [None req-607cbef2-307d-4228-9f1c-78f0255fc895 11039a0f3fc243819675d2ef08909dd1 77672cc7f56d4014828303c3699c58b8 - - default default] Successfully bumped revision number for resource c9f5a008-435d-4ead-8cdd-28c6568f92c5 (type: networks) to 1
2026-07-14 18:48:14.455 9 INFO neutron.wsgi [req-393b2a3d-540c-490d-bc5b-a9fd02e1cbe7 req-1f154a64-85b9-4879-930b-b91cd6ad6e29 bc039332a626462b80a111b4b2ecb280 929db5240b3249239d5e1afb01ba49bf - - 836454d2791c49c1902648f62b0f7497 836454d2791c49c1902648f62b0f7497] 199.204.45.210 "GET /v2.0/floatingips?fixed_ip_address=10.100.0.12&port_id=854fe104-293c-4c1c-969e-2440a35d2d90 HTTP/1.1" status: 200 len: 217 time: 0.0394878
2026-07-14 18:48:14.528 9 INFO neutron.wsgi [req-393b2a3d-540c-490d-bc5b-a9fd02e1cbe7 req-24d614af-6123-4136-95d3-9480a0371c55 bc039332a626462b80a111b4b2ecb280 929db5240b3249239d5e1afb01ba49bf - - 836454d2791c49c1902648f62b0f7497 836454d2791c49c1902648f62b0f7497] 199.204.45.210 "GET /v2.0/subnets?id=95516a5e-968b-4b59-a0b5-80b8224916bd HTTP/1.1" status: 200 len: 853 time: 0.0630424
2026-07-14 18:48:14.559 9 INFO neutron.wsgi [req-393b2a3d-540c-490d-bc5b-a9fd02e1cbe7 req-bda2f782-6c40-48fd-8e16-a6134414be9d bc039332a626462b80a111b4b2ecb280 929db5240b3249239d5e1afb01ba49bf - - 836454d2791c49c1902648f62b0f7497 836454d2791c49c1902648f62b0f7497] 199.204.45.210 "GET /v2.0/ports?network_id=eca71c28-54f8-494b-a0ef-5e939c1e1ec3&device_owner=network%3Adhcp HTTP/1.1" status: 200 len: 210 time: 0.0168889
2026-07-14 18:48:14.643 10 WARNING neutron.scheduler.dhcp_agent_scheduler [None req-607cbef2-307d-4228-9f1c-78f0255fc895 11039a0f3fc243819675d2ef08909dd1 77672cc7f56d4014828303c3699c58b8 - - default default] No more DHCP agents
2026-07-14 18:48:14.647 10 WARNING neutron.api.rpc.agentnotifiers.dhcp_rpc_agent_api [None req-607cbef2-307d-4228-9f1c-78f0255fc895 11039a0f3fc243819675d2ef08909dd1 77672cc7f56d4014828303c3699c58b8 - - default default] Unable to schedule network c9f5a008-435d-4ead-8cdd-28c6568f92c5: no agents available; will retry on subsequent port and subnet creation events.
2026-07-14 18:48:14.685 9 INFO neutron.wsgi [req-393b2a3d-540c-490d-bc5b-a9fd02e1cbe7 req-421f28ff-d9a4-4f66-bf28-168d32e8bd3b bc039332a626462b80a111b4b2ecb280 929db5240b3249239d5e1afb01ba49bf - - 836454d2791c49c1902648f62b0f7497 836454d2791c49c1902648f62b0f7497] 199.204.45.210 "GET /v2.0/networks/eca71c28-54f8-494b-a0ef-5e939c1e1ec3?fields=segments HTTP/1.1" status: 200 len: 212 time: 0.1182449
2026-07-14 18:48:14.749 9 INFO neutron.db.ovn_revision_numbers_db [None req-58be9101-8136-4e2b-8fa8-faf515f044b1 948b963f6fbf41f3a1b6ac7b131d75a3 3f0ffe27f0c44371955f8d9d72aa3b94 - - default default] Successfully bumped revision number for resource 8b0f2e17-9662-4b2d-b58b-2dceee321767 (type: router_ports) to 1
2026-07-14 18:48:14.749 10 INFO neutron.db.ovn_revision_numbers_db [None req-607cbef2-307d-4228-9f1c-78f0255fc895 11039a0f3fc243819675d2ef08909dd1 77672cc7f56d4014828303c3699c58b8 - - default default] Successfully bumped revision number for resource dfe25c71-8e9a-4150-a220-9a2e06e36067 (type: ports) to 1
2026-07-14 18:48:14.751 9 INFO neutron.wsgi [None req-58be9101-8136-4e2b-8fa8-faf515f044b1 948b963f6fbf41f3a1b6ac7b131d75a3 3f0ffe27f0c44371955f8d9d72aa3b94 - - default default] 10.0.0.70 "PUT /v2.0/routers/bfc6406a-6cf3-458b-941b-161c3f20387c/add_router_interface HTTP/1.1" status: 200 len: 503 time: 2.9363112
2026-07-14 18:48:14.776 10 INFO neutron.wsgi [None req-607cbef2-307d-4228-9f1c-78f0255fc895 11039a0f3fc243819675d2ef08909dd1 77672cc7f56d4014828303c3699c58b8 - - default default] 10.0.0.70 "POST /v2.0/networks HTTP/1.1" status: 201 len: 843 time: 0.6819892
2026-07-14 18:48:14.799 9 INFO neutron.wsgi [req-393b2a3d-540c-490d-bc5b-a9fd02e1cbe7 req-74f02187-fe16-4d52-a069-f41975d3eaba bc039332a626462b80a111b4b2ecb280 929db5240b3249239d5e1afb01ba49bf - - 836454d2791c49c1902648f62b0f7497 836454d2791c49c1902648f62b0f7497] 199.204.45.210 "GET /v2.0/networks/eca71c28-54f8-494b-a0ef-5e939c1e1ec3?fields=provider%3Aphysical_network&fields=provider%3Anetwork_type HTTP/1.1" status: 200 len: 277 time: 0.1079540
2026-07-14 18:48:15.049 10 INFO neutron.db.ovn_revision_numbers_db [None req-067c97ad-5b76-428f-9952-28cbc2cf1fba 11039a0f3fc243819675d2ef08909dd1 77672cc7f56d4014828303c3699c58b8 - - default default] Successfully bumped revision number for resource c9f5a008-435d-4ead-8cdd-28c6568f92c5 (type: networks) to 2
2026-07-14 18:48:15.054 10 INFO neutron.wsgi [None req-067c97ad-5b76-428f-9952-28cbc2cf1fba 11039a0f3fc243819675d2ef08909dd1 77672cc7f56d4014828303c3699c58b8 - - default default] 10.0.0.70 "PUT /v2.0/networks/c9f5a008-435d-4ead-8cdd-28c6568f92c5 HTTP/1.1" status: 200 len: 792 time: 0.2676806
2026-07-14 18:48:15.153 9 WARNING neutron.scheduler.dhcp_agent_scheduler [None req-91cdcb14-9a5b-4a7a-8352-068a671ff5ee 948b963f6fbf41f3a1b6ac7b131d75a3 3f0ffe27f0c44371955f8d9d72aa3b94 - - default default] No more DHCP agents
2026-07-14 18:48:15.157 9 WARNING neutron.api.rpc.agentnotifiers.dhcp_rpc_agent_api [None req-91cdcb14-9a5b-4a7a-8352-068a671ff5ee 948b963f6fbf41f3a1b6ac7b131d75a3 3f0ffe27f0c44371955f8d9d72aa3b94 - - default default] Unable to schedule network d598534b-56f6-4362-9aee-6bccc3067e8d: no agents available; will retry on subsequent port and subnet creation events.
2026-07-14 18:48:15.327 10 WARNING neutron.scheduler.dhcp_agent_scheduler [None req-8b2d10a2-882a-4c60-bba5-02efca74cd1b 11039a0f3fc243819675d2ef08909dd1 77672cc7f56d4014828303c3699c58b8 - - default default] No more DHCP agents
2026-07-14 18:48:15.328 9 INFO neutron.db.ovn_revision_numbers_db [None req-91cdcb14-9a5b-4a7a-8352-068a671ff5ee 948b963f6fbf41f3a1b6ac7b131d75a3 3f0ffe27f0c44371955f8d9d72aa3b94 - - default default] Successfully bumped revision number for resource 27cfb2b5-8ed4-4f76-968c-3d019dde620a (type: ports) to 1
2026-07-14 18:48:15.330 10 WARNING neutron.api.rpc.agentnotifiers.dhcp_rpc_agent_api [None req-8b2d10a2-882a-4c60-bba5-02efca74cd1b 11039a0f3fc243819675d2ef08909dd1 77672cc7f56d4014828303c3699c58b8 - - default default] Unable to schedule network c9f5a008-435d-4ead-8cdd-28c6568f92c5: no agents available; will retry on subsequent port and subnet creation events.
2026-07-14 18:48:15.352 9 INFO neutron.wsgi [None req-91cdcb14-9a5b-4a7a-8352-068a671ff5ee 948b963f6fbf41f3a1b6ac7b131d75a3 3f0ffe27f0c44371955f8d9d72aa3b94 - - default default] 10.0.0.70 "POST /v2.0/ports HTTP/1.1" status: 201 len: 1158 time: 0.5958204 /var/lib/openstack/lib/python3.10/site-packages/pycadf/identifier.py:71: UserWarning: Invalid uuid: neutron. To ensure interoperability, identifiers should be a valid uuid. warnings.warn(('Invalid uuid: %s. To ensure interoperability, '
2026-07-14 18:48:15.603 9 INFO neutron.wsgi [req-d6f4167c-f177-4f99-bec0-2fa92ffb4dd7 req-97cf0fbb-d889-45c8-9d1e-140b8a6dbb15 fbdf7851f9c94b56ac70889996fcc51b 3c2831423196499c831ba94af63a04aa - - default default] 10.0.0.200 "GET /v2.0/ports?device_id=75e37a48-3740-49c9-8af9-c25d2f46e055 HTTP/1.1" status: 200 len: 1172 time: 0.1208949
2026-07-14 18:48:15.676 9 INFO neutron.wsgi [req-d6f4167c-f177-4f99-bec0-2fa92ffb4dd7 req-8194a96c-65c2-45ff-afc8-f5298194d8d9 fbdf7851f9c94b56ac70889996fcc51b 3c2831423196499c831ba94af63a04aa - - default default] 10.0.0.200 "GET /v2.0/security-groups?id=75c4bfd8-d928-4160-a424-a81cb85fd4e4&fields=id&fields=name HTTP/1.1" status: 200 len: 313 time: 0.0642686
2026-07-14 18:48:15.719 9 WARNING neutron.scheduler.dhcp_agent_scheduler [None req-3b3f1a56-abe4-45de-b9d8-01b1c1570174 948b963f6fbf41f3a1b6ac7b131d75a3 3f0ffe27f0c44371955f8d9d72aa3b94 - - default default] No more DHCP agents
2026-07-14 18:48:15.722 9 WARNING neutron.api.rpc.agentnotifiers.dhcp_rpc_agent_api [None req-3b3f1a56-abe4-45de-b9d8-01b1c1570174 948b963f6fbf41f3a1b6ac7b131d75a3 3f0ffe27f0c44371955f8d9d72aa3b94 - - default default] Unable to schedule network d598534b-56f6-4362-9aee-6bccc3067e8d: no agents available; will retry on subsequent port and subnet creation events.
2026-07-14 18:48:15.851 10 INFO neutron.db.ovn_revision_numbers_db [None req-8b2d10a2-882a-4c60-bba5-02efca74cd1b 11039a0f3fc243819675d2ef08909dd1 77672cc7f56d4014828303c3699c58b8 - - default default] Successfully bumped revision number for resource dfe25c71-8e9a-4150-a220-9a2e06e36067 (type: ports) to 2
2026-07-14 18:48:15.887 10 INFO neutron.db.ovn_revision_numbers_db [None req-8b2d10a2-882a-4c60-bba5-02efca74cd1b 11039a0f3fc243819675d2ef08909dd1 77672cc7f56d4014828303c3699c58b8 - - default default] Successfully bumped revision number for resource ffd61e2a-0e7d-42cd-90e6-6db0670342d1 (type: subnets) to 0
2026-07-14 18:48:15.902 10 INFO neutron.wsgi [None req-8b2d10a2-882a-4c60-bba5-02efca74cd1b 11039a0f3fc243819675d2ef08909dd1 77672cc7f56d4014828303c3699c58b8 - - default default] 10.0.0.70 "POST /v2.0/subnets HTTP/1.1" status: 201 len: 801 time: 0.8433836
2026-07-14 18:48:15.905 9 INFO neutron.db.ovn_revision_numbers_db [None req-3b3f1a56-abe4-45de-b9d8-01b1c1570174 948b963f6fbf41f3a1b6ac7b131d75a3 3f0ffe27f0c44371955f8d9d72aa3b94 - - default default] Successfully bumped revision number for resource 172a5e3a-8d64-4e8d-8ceb-97f5b68247bf (type: ports) to 1
2026-07-14 18:48:15.935 9 INFO neutron.wsgi [None req-3b3f1a56-abe4-45de-b9d8-01b1c1570174 948b963f6fbf41f3a1b6ac7b131d75a3 3f0ffe27f0c44371955f8d9d72aa3b94 - - default default] 10.0.0.70 "POST /v2.0/ports HTTP/1.1" status: 201 len: 1154 time: 0.5778244 /var/lib/openstack/lib/python3.10/site-packages/pycadf/identifier.py:71: UserWarning: Invalid uuid: neutron. To ensure interoperability, identifiers should be a valid uuid. warnings.warn(('Invalid uuid: %s. To ensure interoperability, '
2026-07-14 18:48:16.396 10 WARNING neutron.scheduler.dhcp_agent_scheduler [None req-d81ed41f-595d-4624-94ca-37762540dadc 948b963f6fbf41f3a1b6ac7b131d75a3 3f0ffe27f0c44371955f8d9d72aa3b94 - - default default] No more DHCP agents
2026-07-14 18:48:16.397 10 INFO neutron.db.ovn_revision_numbers_db [None req-862b26f0-39d2-446f-8af3-1bf622b83e1e 11039a0f3fc243819675d2ef08909dd1 77672cc7f56d4014828303c3699c58b8 - - default default] Successfully bumped revision number for resource ffd61e2a-0e7d-42cd-90e6-6db0670342d1 (type: subnets) to 1
2026-07-14 18:48:16.400 10 INFO neutron.wsgi [None req-862b26f0-39d2-446f-8af3-1bf622b83e1e 11039a0f3fc243819675d2ef08909dd1 77672cc7f56d4014828303c3699c58b8 - - default default] 10.0.0.70 "PUT /v2.0/subnets/ffd61e2a-0e7d-42cd-90e6-6db0670342d1 HTTP/1.1" status: 200 len: 806 time: 0.4925559
2026-07-14 18:48:16.402 10 WARNING neutron.api.rpc.agentnotifiers.dhcp_rpc_agent_api [None req-d81ed41f-595d-4624-94ca-37762540dadc 948b963f6fbf41f3a1b6ac7b131d75a3 3f0ffe27f0c44371955f8d9d72aa3b94 - - default default] Unable to schedule network e68dbe2d-7d1c-43f2-9db5-00f2d13b166c: no agents available; will retry on subsequent port and subnet creation events.
2026-07-14 18:48:16.504 9 INFO neutron.db.ovn_revision_numbers_db [None req-59167c72-0a10-4b82-8477-6bd2c8b5bd20 7bbe5fbbecb04c67aaf0e51e1e70f88f 1df9047b14b549089d81bf61621eaab4 - - default default] Successfully bumped revision number for resource 02808d7b-3805-40e4-9b2b-bc6b38d32b97 (type: security_groups) to 1
2026-07-14 18:48:16.520 9 INFO neutron.db.ovn_revision_numbers_db [None req-59167c72-0a10-4b82-8477-6bd2c8b5bd20 7bbe5fbbecb04c67aaf0e51e1e70f88f 1df9047b14b549089d81bf61621eaab4 - - default default] Successfully bumped revision number for resource 1cf78252-26fd-4efd-b3d1-307e8c9a651b (type: security_group_rules) to 0
2026-07-14 18:48:16.538 9 INFO neutron.db.ovn_revision_numbers_db [None req-59167c72-0a10-4b82-8477-6bd2c8b5bd20 7bbe5fbbecb04c67aaf0e51e1e70f88f 1df9047b14b549089d81bf61621eaab4 - - default default] Successfully bumped revision number for resource 305d4086-6fe5-4d5f-8bcb-c695a1a4726e (type: security_group_rules) to 0
2026-07-14 18:48:16.563 9 INFO neutron.db.ovn_revision_numbers_db [None req-59167c72-0a10-4b82-8477-6bd2c8b5bd20 7bbe5fbbecb04c67aaf0e51e1e70f88f 1df9047b14b549089d81bf61621eaab4 - - default default] Successfully bumped revision number for resource 81d56d76-8b83-49bf-90ef-19114c99e0c9 (type: security_group_rules) to 0
2026-07-14 18:48:16.581 9 INFO neutron.db.ovn_revision_numbers_db [None req-59167c72-0a10-4b82-8477-6bd2c8b5bd20 7bbe5fbbecb04c67aaf0e51e1e70f88f 1df9047b14b549089d81bf61621eaab4 - - default default] Successfully bumped revision number for resource ffed81ed-3a9f-4969-bd2e-04062da999cf (type: security_group_rules) to 0
2026-07-14 18:48:16.617 9 INFO neutron.wsgi [None req-59167c72-0a10-4b82-8477-6bd2c8b5bd20 7bbe5fbbecb04c67aaf0e51e1e70f88f 1df9047b14b549089d81bf61621eaab4 - - default default] 10.0.0.70 "GET /v2.0/security-groups?tenant_id=366e1d02a84545caa6a7ac88817d303e&name=default HTTP/1.1" status: 200 len: 2996 time: 0.3747058
2026-07-14 18:48:16.801 10 INFO neutron.wsgi [req-c2c05936-4c2b-4724-ba45-72fbaa640f4e req-e301c38a-8147-424b-b96d-c612aa89391f fbdf7851f9c94b56ac70889996fcc51b 3c2831423196499c831ba94af63a04aa - - default default] 10.0.0.200 "GET /v2.0/ports?device_id=75e37a48-3740-49c9-8af9-c25d2f46e055 HTTP/1.1" status: 200 len: 1172 time: 0.0443196
2026-07-14 18:48:17.016 9 INFO neutron.services.segments.plugin [-] Segment dccd04f3-c666-4c9f-bb2c-9a000823bfee resource provider aggregate not found
2026-07-14 18:48:17.021 9 INFO neutron.services.segments.plugin [-] Segment dccd04f3-c666-4c9f-bb2c-9a000823bfee resource provider aggregate not found
2026-07-14 18:48:17.045 9 INFO neutron.services.segments.plugin [-] Segment dccd04f3-c666-4c9f-bb2c-9a000823bfee resource provider not found; error: Placement Client Error (4xx): {"errors": [{"status": 404, "title": "Not Found", "detail": "The resource could not be found.\n\n No resource provider with uuid dccd04f3-c666-4c9f-bb2c-9a000823bfee found for delete ", "request_id": "req-0d7fd766-7bc1-446b-905e-87cc58fd709a"}]}
2026-07-14 18:48:17.046 9 INFO neutron.services.segments.plugin [-] Segment dccd04f3-c666-4c9f-bb2c-9a000823bfee resource provider not found; error: Placement Client Error (4xx): {"errors": [{"status": 404, "title": "Not Found", "detail": "The resource could not be found.\n\n No resource provider with uuid dccd04f3-c666-4c9f-bb2c-9a000823bfee found for delete ", "request_id": "req-1ce140b5-b2f6-4f41-a1e5-e734576aaab5"}]}
2026-07-14 18:48:17.070 9 INFO neutron.wsgi [None req-fea820cc-6d63-40d3-84c0-84f161bf5df2 11039a0f3fc243819675d2ef08909dd1 77672cc7f56d4014828303c3699c58b8 - - default default] 10.0.0.70 "DELETE /v2.0/networks/c9f5a008-435d-4ead-8cdd-28c6568f92c5 HTTP/1.1" status: 204 len: 168 time: 0.6648417
2026-07-14 18:48:17.090 9 INFO neutron.pecan_wsgi.hooks.translation [None req-db690cf7-a508-4ce4-a32e-6d72c2a7795e 11039a0f3fc243819675d2ef08909dd1 77672cc7f56d4014828303c3699c58b8 - - default default] DELETE failed (client error): The resource could not be found.
2026-07-14 18:48:17.094 9 INFO neutron.wsgi [None req-db690cf7-a508-4ce4-a32e-6d72c2a7795e 11039a0f3fc243819675d2ef08909dd1 77672cc7f56d4014828303c3699c58b8 - - default default] 10.0.0.70 "DELETE /v2.0/networks/c9f5a008-435d-4ead-8cdd-28c6568f92c5 HTTP/1.1" status: 404 len: 339 time: 0.0177088
2026-07-14 18:48:17.147 10 INFO neutron.wsgi [req-c2c05936-4c2b-4724-ba45-72fbaa640f4e req-278abc2a-f861-4717-ba07-897873dbb5ae fbdf7851f9c94b56ac70889996fcc51b 3c2831423196499c831ba94af63a04aa - - default default] 10.0.0.200 "GET /v2.0/security-groups?id=75c4bfd8-d928-4160-a424-a81cb85fd4e4&fields=id&fields=name HTTP/1.1" status: 200 len: 313 time: 0.3357620
2026-07-14 18:48:17.161 10 INFO neutron.db.l3_db [None req-d81ed41f-595d-4624-94ca-37762540dadc 948b963f6fbf41f3a1b6ac7b131d75a3 3f0ffe27f0c44371955f8d9d72aa3b94 - - default default] Floating IP a04b1110-5ed6-4ca9-9fd9-3eabfdf61d61 associated. External IP: 10.96.250.220, port: 172a5e3a-8d64-4e8d-8ceb-97f5b68247bf.
2026-07-14 18:48:17.191 9 INFO neutron.wsgi [None req-61d4ce16-b6f7-4386-9844-0e4f6e3ee7d4 11039a0f3fc243819675d2ef08909dd1 77672cc7f56d4014828303c3699c58b8 - - default default] 10.0.0.70 "GET /v2.0/networks?router%3Aexternal=True HTTP/1.1" status: 200 len: 845 time: 0.0802946
2026-07-14 18:48:17.242 9 INFO neutron.wsgi [None req-9bdc105c-483b-400e-8bb2-f9bbf5340fc4 11039a0f3fc243819675d2ef08909dd1 77672cc7f56d4014828303c3699c58b8 - - default default] 10.0.0.70 "GET /v2.0/subnets?network_id=e68dbe2d-7d1c-43f2-9db5-00f2d13b166c HTTP/1.1" status: 200 len: 820 time: 0.0456614
2026-07-14 18:48:17.252 9 INFO neutron.wsgi [None req-336751e9-4c16-4c3a-a3c1-9994d668fbaa 11039a0f3fc243819675d2ef08909dd1 77672cc7f56d4014828303c3699c58b8 - - default default] 10.0.0.70 "GET /v2.0/extensions HTTP/1.1" status: 200 len: 16520 time: 0.0056067
2026-07-14 18:48:17.316 10 INFO neutron.wsgi [None req-e7b31373-21a2-4849-80a1-e5a9e5588e2f 7bbe5fbbecb04c67aaf0e51e1e70f88f 1df9047b14b549089d81bf61621eaab4 - - default default] 10.0.0.70 "DELETE /v2.0/security-groups/02808d7b-3805-40e4-9b2b-bc6b38d32b97 HTTP/1.1" status: 204 len: 168 time: 0.6921787
2026-07-14 18:48:17.357 10 WARNING neutron.plugins.ml2.drivers.ovn.mech_driver.ovsdb.ovn_client [None req-7ccc5585-02c5-47af-ba20-a251c21aa15d - - - - - -] No hosting information found for port 3bc54fc5-3e93-4e83-9113-ea6e50bdc005: RuntimeError: No hosting information found for port 3bc54fc5-3e93-4e83-9113-ea6e50bdc005
2026-07-14 18:48:17.358 10 INFO neutron.plugins.ml2.drivers.ovn.mech_driver.mech_driver [None req-7ccc5585-02c5-47af-ba20-a251c21aa15d - - - - - -] OVN reports status up for port: 8b0f2e17-9662-4b2d-b58b-2dceee321767
2026-07-14 18:48:17.376 10 INFO neutron.wsgi [None req-864fca0e-e8d6-4255-9df7-eb260fd83e86 11039a0f3fc243819675d2ef08909dd1 77672cc7f56d4014828303c3699c58b8 - - default default] 10.0.0.70 "GET /v2.0/networks HTTP/1.1" status: 200 len: 1503 time: 0.1179307
2026-07-14 18:48:17.379 10 INFO neutron.plugins.ml2.plugin [None req-7ccc5585-02c5-47af-ba20-a251c21aa15d - - - - - -] Attempt 1 to provision port 8b0f2e17-9662-4b2d-b58b-2dceee321767
2026-07-14 18:48:17.438 10 INFO neutron.wsgi [None req-d906c790-62e5-4752-ae4f-056ba72095fa 11039a0f3fc243819675d2ef08909dd1 77672cc7f56d4014828303c3699c58b8 - - default default] 10.0.0.70 "GET /v2.0/subnets HTTP/1.1" status: 200 len: 1428 time: 0.0560915 /var/lib/openstack/lib/python3.10/site-packages/pycadf/identifier.py:71: UserWarning: Invalid uuid: neutron. To ensure interoperability, identifiers should be a valid uuid. warnings.warn(('Invalid uuid: %s. To ensure interoperability, '
2026-07-14 18:48:17.465 10 INFO neutron.db.ovn_revision_numbers_db [None req-d81ed41f-595d-4624-94ca-37762540dadc 948b963f6fbf41f3a1b6ac7b131d75a3 3f0ffe27f0c44371955f8d9d72aa3b94 - - default default] Successfully bumped revision number for resource a04b1110-5ed6-4ca9-9fd9-3eabfdf61d61 (type: floatingips) to 0
2026-07-14 18:48:17.536 9 INFO neutron.wsgi [None req-e3fd3d9e-739c-4948-af27-5ef3a0f309fa 11039a0f3fc243819675d2ef08909dd1 77672cc7f56d4014828303c3699c58b8 - - default default] 10.0.0.70 "GET /v2.0/networks/a40306b2-c2fa-4262-b3df-0fd92994c9da HTTP/1.1" status: 200 len: 862 time: 0.0770099
2026-07-14 18:48:17.589 9 INFO neutron.wsgi [None req-2a0ebc78-89f4-4498-9ccc-6d569ff4dec5 11039a0f3fc243819675d2ef08909dd1 77672cc7f56d4014828303c3699c58b8 - - default default] 10.0.0.70 "GET /v2.0/subnets/ec3fb1ec-c1ff-4520-8ceb-8d13383ac12d HTTP/1.1" status: 200 len: 811 time: 0.0474064
2026-07-14 18:48:17.618 10 INFO neutron.pecan_wsgi.hooks.translation [None req-839fe9ee-4469-4d09-9472-a1b7608c076f 11039a0f3fc243819675d2ef08909dd1 77672cc7f56d4014828303c3699c58b8 - - default default] DELETE failed (client error): The resource could not be found.
2026-07-14 18:48:17.620 10 INFO neutron.wsgi [None req-839fe9ee-4469-4d09-9472-a1b7608c076f 11039a0f3fc243819675d2ef08909dd1 77672cc7f56d4014828303c3699c58b8 - - default default] 10.0.0.70 "DELETE /v2.0/subnets/ffd61e2a-0e7d-42cd-90e6-6db0670342d1 HTTP/1.1" status: 404 len: 337 time: 0.0259180
2026-07-14 18:48:17.635 10 INFO neutron.db.ovn_revision_numbers_db [None req-d81ed41f-595d-4624-94ca-37762540dadc 948b963f6fbf41f3a1b6ac7b131d75a3 3f0ffe27f0c44371955f8d9d72aa3b94 - - default default] Successfully bumped revision number for resource a04b1110-5ed6-4ca9-9fd9-3eabfdf61d61 (type: floatingips) to 1
2026-07-14 18:48:17.641 10 INFO neutron.pecan_wsgi.hooks.translation [None req-2da9787b-2092-4e58-a021-bac4a782ae45 11039a0f3fc243819675d2ef08909dd1 77672cc7f56d4014828303c3699c58b8 - - default default] DELETE failed (client error): The resource could not be found.
2026-07-14 18:48:17.644 10 INFO neutron.wsgi [None req-2da9787b-2092-4e58-a021-bac4a782ae45 11039a0f3fc243819675d2ef08909dd1 77672cc7f56d4014828303c3699c58b8 - - default default] 10.0.0.70 "DELETE /v2.0/networks/c9f5a008-435d-4ead-8cdd-28c6568f92c5 HTTP/1.1" status: 404 len: 339 time: 0.0176306
2026-07-14 18:48:17.683 10 INFO neutron.wsgi [None req-d81ed41f-595d-4624-94ca-37762540dadc 948b963f6fbf41f3a1b6ac7b131d75a3 3f0ffe27f0c44371955f8d9d72aa3b94 - - default default] 10.0.0.70 "POST /v2.0/floatingips HTTP/1.1" status: 201 len: 1041 time: 1.7386501
2026-07-14 18:48:17.855 10 INFO neutron.db.ovn_revision_numbers_db [None req-7ccc5585-02c5-47af-ba20-a251c21aa15d - - - - - -] Successfully bumped revision number for resource 8b0f2e17-9662-4b2d-b58b-2dceee321767 (type: ports) to 2
2026-07-14 18:48:17.886 10 INFO neutron.db.l3_db [None req-0570543a-a351-4591-8f38-d1f65ea4a580 948b963f6fbf41f3a1b6ac7b131d75a3 3f0ffe27f0c44371955f8d9d72aa3b94 - - default default] Floating IP a04b1110-5ed6-4ca9-9fd9-3eabfdf61d61 disassociated. External IP: 10.96.250.220, port: 172a5e3a-8d64-4e8d-8ceb-97f5b68247bf.
2026-07-14 18:48:17.967 9 INFO neutron.wsgi [None req-7c785f84-647f-462a-a9c6-1001afeb0534 11039a0f3fc243819675d2ef08909dd1 77672cc7f56d4014828303c3699c58b8 - - default default] 10.0.0.70 "DELETE /v2.0/subnets/ec3fb1ec-c1ff-4520-8ceb-8d13383ac12d HTTP/1.1" status: 204 len: 168 time: 0.3160067
2026-07-14 18:48:17.969 10 INFO neutron.db.ovn_revision_numbers_db [None req-0570543a-a351-4591-8f38-d1f65ea4a580 948b963f6fbf41f3a1b6ac7b131d75a3 3f0ffe27f0c44371955f8d9d72aa3b94 - - default default] Successfully bumped revision number for resource a04b1110-5ed6-4ca9-9fd9-3eabfdf61d61 (type: floatingips) to 2
2026-07-14 18:48:18.097 10 INFO neutron.wsgi [None req-0570543a-a351-4591-8f38-d1f65ea4a580 948b963f6fbf41f3a1b6ac7b131d75a3 3f0ffe27f0c44371955f8d9d72aa3b94 - - default default] 10.0.0.70 "PUT /v2.0/floatingips/a04b1110-5ed6-4ca9-9fd9-3eabfdf61d61 HTTP/1.1" status: 200 len: 748 time: 0.3960600 /var/lib/openstack/lib/python3.10/site-packages/pycadf/identifier.py:71: UserWarning: Invalid uuid: neutron. To ensure interoperability, identifiers should be a valid uuid. warnings.warn(('Invalid uuid: %s. To ensure interoperability, '
2026-07-14 18:48:18.118 10 INFO neutron.db.ovn_revision_numbers_db [None req-7ccc5585-02c5-47af-ba20-a251c21aa15d - - - - - -] Successfully bumped revision number for resource 8b0f2e17-9662-4b2d-b58b-2dceee321767 (type: router_ports) to 2
2026-07-14 18:48:18.267 9 INFO neutron.wsgi [req-6090be2b-47f5-4953-b726-f406e1cf9f88 req-ff179d96-1d5b-4364-8b5e-2eb397ff40d3 fbdf7851f9c94b56ac70889996fcc51b 3c2831423196499c831ba94af63a04aa - - default default] 10.0.0.200 "GET /v2.0/ports?device_id=75e37a48-3740-49c9-8af9-c25d2f46e055 HTTP/1.1" status: 200 len: 1172 time: 0.0454273
2026-07-14 18:48:18.331 9 INFO neutron.wsgi [req-6090be2b-47f5-4953-b726-f406e1cf9f88 req-6f4f8a11-e967-4041-9258-4289f61234d8 fbdf7851f9c94b56ac70889996fcc51b 3c2831423196499c831ba94af63a04aa - - default default] 10.0.0.200 "GET /v2.0/security-groups?id=75c4bfd8-d928-4160-a424-a81cb85fd4e4&fields=id&fields=name HTTP/1.1" status: 200 len: 313 time: 0.0585856
2026-07-14 18:48:18.413 10 INFO neutron.services.segments.plugin [-] Segment 2b75510c-7f2a-4894-8cee-1bd5a05388e3 resource provider aggregate not found
2026-07-14 18:48:18.418 10 INFO neutron.services.segments.plugin [-] Segment 2b75510c-7f2a-4894-8cee-1bd5a05388e3 resource provider aggregate not found
2026-07-14 18:48:18.437 10 INFO neutron.services.segments.plugin [-] Segment 2b75510c-7f2a-4894-8cee-1bd5a05388e3 resource provider not found; error: Placement Client Error (4xx): {"errors": [{"status": 404, "title": "Not Found", "detail": "The resource could not be found.\n\n No resource provider with uuid 2b75510c-7f2a-4894-8cee-1bd5a05388e3 found for delete ", "request_id": "req-a869c8cb-7691-480d-a9ce-dd46aecb71d8"}]}
2026-07-14 18:48:18.440 10 INFO neutron.services.segments.plugin [-] Segment 2b75510c-7f2a-4894-8cee-1bd5a05388e3 resource provider not found; error: Placement Client Error (4xx): {"errors": [{"status": 404, "title": "Not Found", "detail": "The resource could not be found.\n\n No resource provider with uuid 2b75510c-7f2a-4894-8cee-1bd5a05388e3 found for delete ", "request_id": "req-6c507203-0381-48ef-ab4b-e0aa0829c5bd"}]}
2026-07-14 18:48:18.459 10 INFO neutron.wsgi [None req-fbaefe75-4b97-4abf-bb7d-bfc402c75f5f 11039a0f3fc243819675d2ef08909dd1 77672cc7f56d4014828303c3699c58b8 - - default default] 10.0.0.70 "DELETE /v2.0/networks/a40306b2-c2fa-4262-b3df-0fd92994c9da HTTP/1.1" status: 204 len: 168 time: 0.4825380
2026-07-14 18:48:18.477 9 INFO neutron.wsgi [None req-324fb79e-46df-4a07-9e68-e3e74ab685a4 948b963f6fbf41f3a1b6ac7b131d75a3 3f0ffe27f0c44371955f8d9d72aa3b94 - - default default] 10.0.0.70 "DELETE /v2.0/floatingips/a04b1110-5ed6-4ca9-9fd9-3eabfdf61d61 HTTP/1.1" status: 204 len: 168 time: 0.3755329
2026-07-14 18:48:18.822 10 WARNING neutron.scheduler.dhcp_agent_scheduler [None req-e6bbc7a0-f8fe-424a-8b2f-ea71f7c22d66 948b963f6fbf41f3a1b6ac7b131d75a3 3f0ffe27f0c44371955f8d9d72aa3b94 - - default default] No more DHCP agents
2026-07-14 18:48:18.824 10 WARNING neutron.api.rpc.agentnotifiers.dhcp_rpc_agent_api [None req-e6bbc7a0-f8fe-424a-8b2f-ea71f7c22d66 948b963f6fbf41f3a1b6ac7b131d75a3 3f0ffe27f0c44371955f8d9d72aa3b94 - - default default] Unable to schedule network e68dbe2d-7d1c-43f2-9db5-00f2d13b166c: no agents available; will retry on subsequent port and subnet creation events.
2026-07-14 18:48:19.179 9 INFO neutron.wsgi [None req-f80927a2-2ec7-4b1d-a072-bda5abbc1684 7bbe5fbbecb04c67aaf0e51e1e70f88f 1df9047b14b549089d81bf61621eaab4 - - default default] 10.0.0.70 "GET /v2.0/security-groups?tenant_id=77672cc7f56d4014828303c3699c58b8&name=default HTTP/1.1" status: 200 len: 2996 time: 0.2023408
2026-07-14 18:48:19.218 10 INFO neutron.db.l3_db [None req-e6bbc7a0-f8fe-424a-8b2f-ea71f7c22d66 948b963f6fbf41f3a1b6ac7b131d75a3 3f0ffe27f0c44371955f8d9d72aa3b94 - - default default] Floating IP e353d09a-2528-479a-aa89-07431912874a associated. External IP: 10.96.250.217, port: 27cfb2b5-8ed4-4f76-968c-3d019dde620a.
2026-07-14 18:48:19.385 9 INFO neutron.wsgi [None req-7ba2bbaf-d256-491a-b66e-2f6a025079ec 7bbe5fbbecb04c67aaf0e51e1e70f88f 1df9047b14b549089d81bf61621eaab4 - - default default] 10.0.0.70 "DELETE /v2.0/security-groups/2011b61d-a22b-410e-b3ef-1e16eb3c3a00 HTTP/1.1" status: 204 len: 168 time: 0.2006741
2026-07-14 18:48:19.450 10 INFO neutron.db.ovn_revision_numbers_db [None req-e6bbc7a0-f8fe-424a-8b2f-ea71f7c22d66 948b963f6fbf41f3a1b6ac7b131d75a3 3f0ffe27f0c44371955f8d9d72aa3b94 - - default default] Successfully bumped revision number for resource e353d09a-2528-479a-aa89-07431912874a (type: floatingips) to 0
2026-07-14 18:48:19.520 10 INFO neutron.wsgi [req-6c6da38b-a344-4ea2-a3e8-261192a743ef req-cc174969-6318-4753-91dc-8d4ae4cb0b08 fbdf7851f9c94b56ac70889996fcc51b 3c2831423196499c831ba94af63a04aa - - default default] 10.0.0.200 "GET /v2.0/ports?device_id=75e37a48-3740-49c9-8af9-c25d2f46e055 HTTP/1.1" status: 200 len: 1172 time: 0.1106935
2026-07-14 18:48:19.583 10 INFO neutron.wsgi [req-6c6da38b-a344-4ea2-a3e8-261192a743ef req-0d712057-0732-475f-b2f0-43c4992f5da0 fbdf7851f9c94b56ac70889996fcc51b 3c2831423196499c831ba94af63a04aa - - default default] 10.0.0.200 "GET /v2.0/security-groups?id=75c4bfd8-d928-4160-a424-a81cb85fd4e4&fields=id&fields=name HTTP/1.1" status: 200 len: 313 time: 0.0564115
2026-07-14 18:48:19.590 10 INFO neutron.db.ovn_revision_numbers_db [None req-e6bbc7a0-f8fe-424a-8b2f-ea71f7c22d66 948b963f6fbf41f3a1b6ac7b131d75a3 3f0ffe27f0c44371955f8d9d72aa3b94 - - default default] Successfully bumped revision number for resource e353d09a-2528-479a-aa89-07431912874a (type: floatingips) to 1
2026-07-14 18:48:19.631 10 INFO neutron.wsgi [None req-e6bbc7a0-f8fe-424a-8b2f-ea71f7c22d66 948b963f6fbf41f3a1b6ac7b131d75a3 3f0ffe27f0c44371955f8d9d72aa3b94 - - default default] 10.0.0.70 "POST /v2.0/floatingips HTTP/1.1" status: 201 len: 1042 time: 1.1465893
2026-07-14 18:48:19.683 10 INFO neutron.wsgi [None req-236749c1-4e13-4a0e-b410-f6548e6554ac 948b963f6fbf41f3a1b6ac7b131d75a3 3f0ffe27f0c44371955f8d9d72aa3b94 - - default default] 10.0.0.70 "GET /v2.0/floatingips/e353d09a-2528-479a-aa89-07431912874a HTTP/1.1" status: 200 len: 1039 time: 0.0471284
2026-07-14 18:48:19.746 10 INFO neutron.wsgi [None req-cf61b7cd-28d3-4d53-9ec7-1d04a5d8508a 948b963f6fbf41f3a1b6ac7b131d75a3 3f0ffe27f0c44371955f8d9d72aa3b94 - - default default] 10.0.0.70 "GET /v2.0/floatingips HTTP/1.1" status: 200 len: 1042 time: 0.0585005
