2026-07-14 18:49:11.541 10 INFO neutron.wsgi [None req-36704a42-f034-4bfd-942c-063aae0dd562 78bf162c056f495f85c0e4684b83e767 4219814bb9af47548df4475932b72cfe - - default default] 10.0.0.70 "PUT /v2.0/ports/f42af43d-6955-4cd3-be59-ce626f24d18c/tags/black.or.white HTTP/1.1" status: 201 len: 201 time: 0.0742397
2026-07-14 18:49:11.586 10 INFO neutron.wsgi [None req-9345c902-3ff8-44bd-bff0-c538ad5990b3 78bf162c056f495f85c0e4684b83e767 4219814bb9af47548df4475932b72cfe - - default default] 10.0.0.70 "GET /v2.0/ports/f42af43d-6955-4cd3-be59-ce626f24d18c/tags HTTP/1.1" status: 200 len: 245 time: 0.0387731
2026-07-14 18:49:11.588 10 INFO neutron.db.ovn_revision_numbers_db [None req-08429c66-e4c1-4eba-b63c-83b9d1967a4d 2a5bc775dcc044b7bd44e7fcade723a3 00d8a3b147014a30b91911a33532342c - - default default] Successfully bumped revision number for resource 7e998bf6-8bb6-40d1-8255-0752e09d337a (type: security_groups) to 1
2026-07-14 18:49:11.614 10 INFO neutron.db.ovn_revision_numbers_db [None req-08429c66-e4c1-4eba-b63c-83b9d1967a4d 2a5bc775dcc044b7bd44e7fcade723a3 00d8a3b147014a30b91911a33532342c - - default default] Successfully bumped revision number for resource 096c3aa4-9496-435a-9ed2-c015e76d26fa (type: security_group_rules) to 0
2026-07-14 18:49:11.632 10 INFO neutron.db.ovn_revision_numbers_db [None req-08429c66-e4c1-4eba-b63c-83b9d1967a4d 2a5bc775dcc044b7bd44e7fcade723a3 00d8a3b147014a30b91911a33532342c - - default default] Successfully bumped revision number for resource 469ca0c8-5489-4db7-95f6-174ae3cbaf4f (type: security_group_rules) to 0
2026-07-14 18:49:11.639 10 INFO neutron.wsgi [None req-50faaba9-ea8c-4922-9bb4-981a7a228cff 78bf162c056f495f85c0e4684b83e767 4219814bb9af47548df4475932b72cfe - - default default] 10.0.0.70 "PUT /v2.0/ports/f42af43d-6955-4cd3-be59-ce626f24d18c/tags HTTP/1.1" status: 200 len: 230 time: 0.0477235
2026-07-14 18:49:11.649 10 INFO neutron.db.ovn_revision_numbers_db [None req-08429c66-e4c1-4eba-b63c-83b9d1967a4d 2a5bc775dcc044b7bd44e7fcade723a3 00d8a3b147014a30b91911a33532342c - - default default] Successfully bumped revision number for resource 9a59c4f0-d1b9-4ed2-8537-8a64591d35ad (type: security_group_rules) to 0
2026-07-14 18:49:11.672 10 INFO neutron.wsgi [None req-28475c1a-382b-4cb7-a02c-d39ff695fe19 78bf162c056f495f85c0e4684b83e767 4219814bb9af47548df4475932b72cfe - - default default] 10.0.0.70 "GET /v2.0/ports/f42af43d-6955-4cd3-be59-ce626f24d18c/tags HTTP/1.1" status: 200 len: 230 time: 0.0289166
2026-07-14 18:49:11.673 10 INFO neutron.db.ovn_revision_numbers_db [None req-08429c66-e4c1-4eba-b63c-83b9d1967a4d 2a5bc775dcc044b7bd44e7fcade723a3 00d8a3b147014a30b91911a33532342c - - default default] Successfully bumped revision number for resource bae3350a-fa08-4f35-807a-3bcfb88c699e (type: security_group_rules) to 0
2026-07-14 18:49:11.709 9 INFO neutron.wsgi [None req-0e057357-a01c-477d-9953-5734136940bc 78bf162c056f495f85c0e4684b83e767 4219814bb9af47548df4475932b72cfe - - default default] 10.0.0.70 "GET /v2.0/ports/f42af43d-6955-4cd3-be59-ce626f24d18c/tags/red HTTP/1.1" status: 204 len: 168 time: 0.0295148
2026-07-14 18:49:11.746 9 INFO neutron.api.v2.resource [None req-0fa006b9-cab7-47cb-8518-67b2516dea89 78bf162c056f495f85c0e4684b83e767 4219814bb9af47548df4475932b72cfe - - default default] show failed (client error): The resource could not be found.
2026-07-14 18:49:11.747 9 INFO neutron.wsgi [None req-0fa006b9-cab7-47cb-8518-67b2516dea89 78bf162c056f495f85c0e4684b83e767 4219814bb9af47548df4475932b72cfe - - default default] 10.0.0.70 "GET /v2.0/ports/f42af43d-6955-4cd3-be59-ce626f24d18c/tags/green HTTP/1.1" status: 404 len: 299 time: 0.0330040
2026-07-14 18:49:11.759 10 INFO neutron.db.ovn_revision_numbers_db [None req-08429c66-e4c1-4eba-b63c-83b9d1967a4d 2a5bc775dcc044b7bd44e7fcade723a3 00d8a3b147014a30b91911a33532342c - - default default] Successfully bumped revision number for resource 27d275cd-3e9e-4c87-9502-cf3eb129f33c (type: security_groups) to 1
2026-07-14 18:49:11.779 10 INFO neutron.db.ovn_revision_numbers_db [None req-08429c66-e4c1-4eba-b63c-83b9d1967a4d 2a5bc775dcc044b7bd44e7fcade723a3 00d8a3b147014a30b91911a33532342c - - default default] Successfully bumped revision number for resource 72b22cc2-2b26-4629-b6a5-bfe667acd14b (type: security_group_rules) to 0
2026-07-14 18:49:11.795 10 INFO neutron.db.ovn_revision_numbers_db [None req-08429c66-e4c1-4eba-b63c-83b9d1967a4d 2a5bc775dcc044b7bd44e7fcade723a3 00d8a3b147014a30b91911a33532342c - - default default] Successfully bumped revision number for resource aa0e39cd-e712-4063-86d6-a0cb338e6352 (type: security_group_rules) to 0
2026-07-14 18:49:11.806 9 INFO neutron.wsgi [None req-a83bd59b-55df-459f-89f0-a53fb7198333 78bf162c056f495f85c0e4684b83e767 4219814bb9af47548df4475932b72cfe - - default default] 10.0.0.70 "DELETE /v2.0/ports/f42af43d-6955-4cd3-be59-ce626f24d18c/tags/red HTTP/1.1" status: 204 len: 168 time: 0.0522401
2026-07-14 18:49:11.819 10 INFO neutron.wsgi [None req-08429c66-e4c1-4eba-b63c-83b9d1967a4d 2a5bc775dcc044b7bd44e7fcade723a3 00d8a3b147014a30b91911a33532342c - - default default] 10.0.0.70 "POST /v2.0/security-groups HTTP/1.1" status: 201 len: 1761 time: 0.6117322
2026-07-14 18:49:11.857 9 INFO neutron.wsgi [None req-fcd1ce21-0209-4249-86cd-77319bef3952 78bf162c056f495f85c0e4684b83e767 4219814bb9af47548df4475932b72cfe - - default default] 10.0.0.70 "GET /v2.0/ports/f42af43d-6955-4cd3-be59-ce626f24d18c/tags HTTP/1.1" status: 200 len: 223 time: 0.0424042
2026-07-14 18:49:11.885 9 INFO neutron.wsgi [None req-fba809b7-01bf-4ab9-8e03-4890af0ef319 2a5bc775dcc044b7bd44e7fcade723a3 00d8a3b147014a30b91911a33532342c - - default default] 10.0.0.70 "GET /v2.0/security-groups HTTP/1.1" status: 200 len: 4539 time: 0.0602398
2026-07-14 18:49:11.915 10 INFO neutron.api.v2.resource [None req-1d6e0238-eac7-4e1a-9901-05105b94bddd 78bf162c056f495f85c0e4684b83e767 4219814bb9af47548df4475932b72cfe - - default default] delete failed (client error): The resource could not be found.
2026-07-14 18:49:11.917 10 INFO neutron.wsgi [None req-1d6e0238-eac7-4e1a-9901-05105b94bddd 78bf162c056f495f85c0e4684b83e767 4219814bb9af47548df4475932b72cfe - - default default] 10.0.0.70 "DELETE /v2.0/ports/f42af43d-6955-4cd3-be59-ce626f24d18c/tags/green HTTP/1.1" status: 404 len: 299 time: 0.0533776
2026-07-14 18:49:11.988 10 INFO neutron.wsgi [None req-685b32e1-7ecf-4951-bec1-047378f317e5 78bf162c056f495f85c0e4684b83e767 4219814bb9af47548df4475932b72cfe - - default default] 10.0.0.70 "DELETE /v2.0/ports/f42af43d-6955-4cd3-be59-ce626f24d18c/tags HTTP/1.1" status: 204 len: 168 time: 0.0625503
2026-07-14 18:49:12.029 10 INFO neutron.wsgi [None req-69390f6a-e5b1-4b22-9d09-64c55134329f 78bf162c056f495f85c0e4684b83e767 4219814bb9af47548df4475932b72cfe - - default default] 10.0.0.70 "GET /v2.0/ports/f42af43d-6955-4cd3-be59-ce626f24d18c/tags HTTP/1.1" status: 200 len: 205 time: 0.0357022
2026-07-14 18:49:12.031 9 INFO neutron.db.ovn_revision_numbers_db [None req-8f30d4d6-337d-4e1a-8623-83f1d9d29f57 2a5bc775dcc044b7bd44e7fcade723a3 00d8a3b147014a30b91911a33532342c - - default default] Successfully bumped revision number for resource 27d275cd-3e9e-4c87-9502-cf3eb129f33c (type: security_groups) to 2
2026-07-14 18:49:12.035 9 INFO neutron.wsgi [None req-8f30d4d6-337d-4e1a-8623-83f1d9d29f57 2a5bc775dcc044b7bd44e7fcade723a3 00d8a3b147014a30b91911a33532342c - - default default] 10.0.0.70 "PUT /v2.0/security-groups/27d275cd-3e9e-4c87-9502-cf3eb129f33c HTTP/1.1" status: 200 len: 1795 time: 0.1454313
2026-07-14 18:49:12.104 10 INFO neutron.wsgi [None req-a5412495-70a8-4abb-82d7-5ee0d38c005f 2a5bc775dcc044b7bd44e7fcade723a3 00d8a3b147014a30b91911a33532342c - - default default] 10.0.0.70 "GET /v2.0/security-groups/27d275cd-3e9e-4c87-9502-cf3eb129f33c HTTP/1.1" status: 200 len: 1795 time: 0.0594370
2026-07-14 18:49:12.351 10 INFO neutron.wsgi [None req-7dd163e5-c1f5-40df-bc53-9e368c06a403 78bf162c056f495f85c0e4684b83e767 4219814bb9af47548df4475932b72cfe - - default default] 10.0.0.70 "DELETE /v2.0/ports/f42af43d-6955-4cd3-be59-ce626f24d18c HTTP/1.1" status: 204 len: 168 time: 0.3174610
2026-07-14 18:49:12.358 10 INFO neutron.wsgi [None req-de219164-ca78-44cd-a56b-ec2fb0cba44f 2a5bc775dcc044b7bd44e7fcade723a3 00d8a3b147014a30b91911a33532342c - - default default] 10.0.0.70 "DELETE /v2.0/security-groups/27d275cd-3e9e-4c87-9502-cf3eb129f33c HTTP/1.1" status: 204 len: 168 time: 0.2495680
2026-07-14 18:49:12.421 10 INFO neutron.wsgi [None req-1c37992a-8e4e-4bc6-bb3a-12743edb7904 2a5bc775dcc044b7bd44e7fcade723a3 00d8a3b147014a30b91911a33532342c - - default default] 10.0.0.70 "GET /v2.0/security-groups HTTP/1.1" status: 200 len: 2996 time: 0.0519474
2026-07-14 18:49:12.438 10 INFO neutron.api.v2.resource [None req-170ae70e-42af-4be3-b55b-168f3fe91c0f 2a5bc775dcc044b7bd44e7fcade723a3 00d8a3b147014a30b91911a33532342c - - default default] delete failed (client error): The resource could not be found.
2026-07-14 18:49:12.440 10 INFO neutron.wsgi [None req-170ae70e-42af-4be3-b55b-168f3fe91c0f 2a5bc775dcc044b7bd44e7fcade723a3 00d8a3b147014a30b91911a33532342c - - default default] 10.0.0.70 "DELETE /v2.0/security-groups/27d275cd-3e9e-4c87-9502-cf3eb129f33c HTTP/1.1" status: 404 len: 347 time: 0.0123370
2026-07-14 18:49:12.610 10 INFO neutron.db.ovn_revision_numbers_db [None req-6dbb0a13-6007-485a-b83f-97cd3e7fb78f 2a5bc775dcc044b7bd44e7fcade723a3 00d8a3b147014a30b91911a33532342c - - default default] Successfully bumped revision number for resource d99c3c46-55d0-4ec5-88db-cbda539b3ba4 (type: security_groups) to 1
2026-07-14 18:49:12.625 10 INFO neutron.db.ovn_revision_numbers_db [None req-6dbb0a13-6007-485a-b83f-97cd3e7fb78f 2a5bc775dcc044b7bd44e7fcade723a3 00d8a3b147014a30b91911a33532342c - - default default] Successfully bumped revision number for resource 050b9488-d685-4ab6-a0bc-fbb2e6e844fb (type: security_group_rules) to 0
2026-07-14 18:49:12.650 10 INFO neutron.db.ovn_revision_numbers_db [None req-6dbb0a13-6007-485a-b83f-97cd3e7fb78f 2a5bc775dcc044b7bd44e7fcade723a3 00d8a3b147014a30b91911a33532342c - - default default] Successfully bumped revision number for resource e62c26c2-8fc2-4560-a359-4fc4612149bc (type: security_group_rules) to 0
2026-07-14 18:49:12.682 10 INFO neutron.wsgi [None req-6dbb0a13-6007-485a-b83f-97cd3e7fb78f 2a5bc775dcc044b7bd44e7fcade723a3 00d8a3b147014a30b91911a33532342c - - default default] 10.0.0.70 "POST /v2.0/security-groups HTTP/1.1" status: 201 len: 1760 time: 0.2366722
2026-07-14 18:49:12.815 9 INFO neutron.services.segments.plugin [-] Segment 03171d2e-5086-4c57-b635-70c43e0c664a resource provider aggregate not found
2026-07-14 18:49:12.823 9 INFO neutron.services.segments.plugin [-] Segment 03171d2e-5086-4c57-b635-70c43e0c664a resource provider aggregate not found
2026-07-14 18:49:12.835 9 INFO neutron.services.segments.plugin [-] Segment 03171d2e-5086-4c57-b635-70c43e0c664a resource provider not found; error: Placement Client Error (4xx): {"errors": [{"status": 404, "title": "Not Found", "detail": "The resource could not be found.\n\n No resource provider with uuid 03171d2e-5086-4c57-b635-70c43e0c664a found for delete ", "request_id": "req-c9e697e7-0bf3-4ea2-a565-0aeb4b271e66"}]}
2026-07-14 18:49:12.842 9 INFO neutron.services.segments.plugin [-] Segment 03171d2e-5086-4c57-b635-70c43e0c664a resource provider not found; error: Placement Client Error (4xx): {"errors": [{"status": 404, "title": "Not Found", "detail": "The resource could not be found.\n\n No resource provider with uuid 03171d2e-5086-4c57-b635-70c43e0c664a found for delete ", "request_id": "req-9285325d-db5a-40c4-82f6-546692788de4"}]}
2026-07-14 18:49:12.856 10 INFO neutron.db.ovn_revision_numbers_db [None req-a8646b4d-ee97-48e3-a931-db0e7068d1b3 2a5bc775dcc044b7bd44e7fcade723a3 00d8a3b147014a30b91911a33532342c - - default default] Successfully bumped revision number for resource ea269437-23af-4a84-a018-54954ac1f7ba (type: security_group_rules) to 0
2026-07-14 18:49:12.868 9 INFO neutron.wsgi [None req-9b3a25e2-e1bb-44a9-a451-6f5742677dee 78bf162c056f495f85c0e4684b83e767 4219814bb9af47548df4475932b72cfe - - default default] 10.0.0.70 "DELETE /v2.0/networks/1cdc2abd-ac46-4350-a771-074ca0cf6607 HTTP/1.1" status: 204 len: 168 time: 0.5123291
2026-07-14 18:49:12.882 10 INFO neutron.wsgi [None req-a8646b4d-ee97-48e3-a931-db0e7068d1b3 2a5bc775dcc044b7bd44e7fcade723a3 00d8a3b147014a30b91911a33532342c - - default default] 10.0.0.70 "POST /v2.0/security-group-rules HTTP/1.1" status: 201 len: 768 time: 0.1927807
2026-07-14 18:49:12.906 10 INFO neutron.wsgi [None req-fbf9dfe7-fd9e-430f-a6ad-1adf0f3926e6 2a5bc775dcc044b7bd44e7fcade723a3 00d8a3b147014a30b91911a33532342c - - default default] 10.0.0.70 "GET /v2.0/security-group-rules/ea269437-23af-4a84-a018-54954ac1f7ba HTTP/1.1" status: 200 len: 763 time: 0.0182950
2026-07-14 18:49:12.975 10 INFO neutron.wsgi [None req-e98a2244-b9ea-43ae-aec0-98ad6319520b 2a5bc775dcc044b7bd44e7fcade723a3 00d8a3b147014a30b91911a33532342c - - default default] 10.0.0.70 "GET /v2.0/security-group-rules HTTP/1.1" status: 200 len: 4113 time: 0.0579884
2026-07-14 18:49:13.117 10 INFO neutron.wsgi [None req-9e849a84-dabe-4650-a44c-497f6d654921 2a5bc775dcc044b7bd44e7fcade723a3 00d8a3b147014a30b91911a33532342c - - default default] 10.0.0.70 "DELETE /v2.0/security-group-rules/ea269437-23af-4a84-a018-54954ac1f7ba HTTP/1.1" status: 204 len: 168 time: 0.1279416
2026-07-14 18:49:13.170 10 INFO neutron.wsgi [None req-95404306-ea70-4ec7-99e9-33ff0f328e7a 2a5bc775dcc044b7bd44e7fcade723a3 00d8a3b147014a30b91911a33532342c - - default default] 10.0.0.70 "GET /v2.0/security-group-rules HTTP/1.1" status: 200 len: 3567 time: 0.0482764
2026-07-14 18:49:13.304 10 INFO neutron.db.ovn_revision_numbers_db [None req-2466b2ab-fc2d-4661-a0f5-bd30d33c6ca4 2a5bc775dcc044b7bd44e7fcade723a3 00d8a3b147014a30b91911a33532342c - - default default] Successfully bumped revision number for resource 97d041b3-2cba-4543-b939-a7324bfea065 (type: security_group_rules) to 0
2026-07-14 18:49:13.332 10 INFO neutron.wsgi [None req-2466b2ab-fc2d-4661-a0f5-bd30d33c6ca4 2a5bc775dcc044b7bd44e7fcade723a3 00d8a3b147014a30b91911a33532342c - - default default] 10.0.0.70 "POST /v2.0/security-group-rules HTTP/1.1" status: 201 len: 768 time: 0.1596138
2026-07-14 18:49:13.355 9 INFO neutron.wsgi [None req-ce714d0a-1dac-4ac7-9062-509de458e87f 2a5bc775dcc044b7bd44e7fcade723a3 00d8a3b147014a30b91911a33532342c - - default default] 10.0.0.70 "GET /v2.0/security-group-rules/97d041b3-2cba-4543-b939-a7324bfea065 HTTP/1.1" status: 200 len: 763 time: 0.0174987
2026-07-14 18:49:13.443 9 INFO neutron.wsgi [None req-3db17324-fa4b-4e5a-8d8e-5b56d7f8ad4a 2a5bc775dcc044b7bd44e7fcade723a3 00d8a3b147014a30b91911a33532342c - - default default] 10.0.0.70 "GET /v2.0/security-group-rules HTTP/1.1" status: 200 len: 4113 time: 0.0829782
2026-07-14 18:49:13.624 10 INFO neutron.plugins.ml2.drivers.ovn.mech_driver.mech_driver [None req-7ccc5585-02c5-47af-ba20-a251c21aa15d - - - - - -] OVN reports status down for port: 1e087e54-f8ce-4241-bcfb-c1b7e2ca82e2
2026-07-14 18:49:13.630 9 INFO neutron.wsgi [None req-08c0c14b-b1c4-49dc-94d1-a20b52ad4a0a 2a5bc775dcc044b7bd44e7fcade723a3 00d8a3b147014a30b91911a33532342c - - default default] 10.0.0.70 "DELETE /v2.0/security-group-rules/97d041b3-2cba-4543-b939-a7324bfea065 HTTP/1.1" status: 204 len: 168 time: 0.1830010
2026-07-14 18:49:13.686 10 INFO neutron.wsgi [None req-43b34f4e-1b18-43e9-97d8-c620d58813e0 2a5bc775dcc044b7bd44e7fcade723a3 00d8a3b147014a30b91911a33532342c - - default default] 10.0.0.70 "GET /v2.0/security-group-rules HTTP/1.1" status: 200 len: 3567 time: 0.0462220
2026-07-14 18:49:13.690 9 INFO neutron.wsgi [req-1b61cd54-cf8c-4a8c-9b65-ce09ee94aa7f req-8973cc44-2fe1-464e-8999-e9f1f6202fc4 fbdf7851f9c94b56ac70889996fcc51b 3c2831423196499c831ba94af63a04aa - - default default] 10.0.0.200 "GET /v2.0/ports?device_id=8579ab7a-0fb4-437e-b7ef-00522a2445ed HTTP/1.1" status: 200 len: 1174 time: 0.1144080
2026-07-14 18:49:13.767 9 INFO neutron.wsgi [req-1b61cd54-cf8c-4a8c-9b65-ce09ee94aa7f req-d4649b64-2021-481e-8ffa-a64ec9bb0cf3 fbdf7851f9c94b56ac70889996fcc51b 3c2831423196499c831ba94af63a04aa - - default default] 10.0.0.200 "GET /v2.0/security-groups?id=470f63b7-42df-4e3b-bf8b-50dec4a88f7f&fields=id&fields=name HTTP/1.1" status: 200 len: 313 time: 0.0647218
2026-07-14 18:49:13.797 10 INFO neutron.notifiers.nova [-] Nova event matching ['req-bdf5f5c3-4eb8-4030-a989-419e517cc1c2'] response: {'server_uuid': '8579ab7a-0fb4-437e-b7ef-00522a2445ed', 'name': 'network-vif-unplugged', 'status': 'completed', 'tag': '1e087e54-f8ce-4241-bcfb-c1b7e2ca82e2', 'code': 200}
2026-07-14 18:49:13.938 9 INFO neutron.wsgi [req-84ede832-3f1d-437e-b003-620aec8ee0f3 req-9d52f122-10ed-4835-95a1-99d28772b4b6 fbdf7851f9c94b56ac70889996fcc51b 3c2831423196499c831ba94af63a04aa - - default default] 199.204.45.210 "GET /v2.0/ports?device_id=8579ab7a-0fb4-437e-b7ef-00522a2445ed HTTP/1.1" status: 200 len: 1172 time: 0.0565653
2026-07-14 18:49:13.959 9 INFO neutron.wsgi [None req-4185befb-c6cf-46cc-8da6-48b00ca67aaa 7bbe5fbbecb04c67aaf0e51e1e70f88f 1df9047b14b549089d81bf61621eaab4 - - default default] 10.0.0.70 "GET /v2.0/security-groups?tenant_id=4219814bb9af47548df4475932b72cfe&name=default HTTP/1.1" status: 200 len: 2996 time: 0.2319577
2026-07-14 18:49:13.965 10 INFO neutron.db.ovn_revision_numbers_db [None req-7ccc5585-02c5-47af-ba20-a251c21aa15d - - - - - -] Successfully bumped revision number for resource 1e087e54-f8ce-4241-bcfb-c1b7e2ca82e2 (type: ports) to 5
2026-07-14 18:49:13.974 9 INFO neutron.db.ovn_revision_numbers_db [None req-eb60d492-ec7c-49fa-a73e-00a621d77079 2a5bc775dcc044b7bd44e7fcade723a3 00d8a3b147014a30b91911a33532342c - - default default] Successfully bumped revision number for resource 1fd85561-9795-435e-b84c-c6b8f622b75d (type: security_group_rules) to 0
2026-07-14 18:49:14.017 9 INFO neutron.wsgi [None req-eb60d492-ec7c-49fa-a73e-00a621d77079 2a5bc775dcc044b7bd44e7fcade723a3 00d8a3b147014a30b91911a33532342c - - default default] 10.0.0.70 "POST /v2.0/security-group-rules HTTP/1.1" status: 201 len: 769 time: 0.3241553
2026-07-14 18:49:14.050 9 INFO neutron.wsgi [None req-71c0bd6c-9a4f-4065-afd8-961915aa0f4e 2a5bc775dcc044b7bd44e7fcade723a3 00d8a3b147014a30b91911a33532342c - - default default] 10.0.0.70 "GET /v2.0/security-group-rules/1fd85561-9795-435e-b84c-c6b8f622b75d HTTP/1.1" status: 200 len: 764 time: 0.0273786
2026-07-14 18:49:14.117 9 INFO neutron.wsgi [None req-a5e60a2b-4816-4967-9941-7f137f00cec5 2a5bc775dcc044b7bd44e7fcade723a3 00d8a3b147014a30b91911a33532342c - - default default] 10.0.0.70 "GET /v2.0/security-group-rules HTTP/1.1" status: 200 len: 4114 time: 0.0612414 /var/lib/openstack/lib/python3.10/site-packages/pycadf/identifier.py:71: UserWarning: Invalid uuid: neutron. To ensure interoperability, identifiers should be a valid uuid. warnings.warn(('Invalid uuid: %s. To ensure interoperability, '
2026-07-14 18:49:14.215 10 INFO neutron.wsgi [None req-4907d157-6720-4491-a60e-4bdad732a5d8 7bbe5fbbecb04c67aaf0e51e1e70f88f 1df9047b14b549089d81bf61621eaab4 - - default default] 10.0.0.70 "DELETE /v2.0/security-groups/f239c4ea-24b5-4b61-9a2a-498b1b8adffb HTTP/1.1" status: 204 len: 168 time: 0.2470326
2026-07-14 18:49:14.233 10 INFO neutron.wsgi [None req-52710e78-0e79-4782-9bed-70b3f03f849a 2a5bc775dcc044b7bd44e7fcade723a3 00d8a3b147014a30b91911a33532342c - - default default] 10.0.0.70 "DELETE /v2.0/security-group-rules/1fd85561-9795-435e-b84c-c6b8f622b75d HTTP/1.1" status: 204 len: 168 time: 0.1125667
2026-07-14 18:49:14.273 10 INFO neutron.wsgi [None req-21b23564-201c-4894-95a4-622507ece6f7 2a5bc775dcc044b7bd44e7fcade723a3 00d8a3b147014a30b91911a33532342c - - default default] 10.0.0.70 "GET /v2.0/security-group-rules HTTP/1.1" status: 200 len: 3567 time: 0.0342970
2026-07-14 18:49:14.393 10 INFO neutron.wsgi [None req-4a244d15-a115-4ac1-83d6-10b76e8b5c76 2a5bc775dcc044b7bd44e7fcade723a3 00d8a3b147014a30b91911a33532342c - - default default] 10.0.0.70 "DELETE /v2.0/security-groups/d99c3c46-55d0-4ec5-88db-cbda539b3ba4 HTTP/1.1" status: 204 len: 168 time: 0.1119995
2026-07-14 18:49:14.442 10 INFO neutron.wsgi [None req-9f0a6da1-374b-4e09-a927-0a51f8329050 2a5bc775dcc044b7bd44e7fcade723a3 00d8a3b147014a30b91911a33532342c - - default default] 10.0.0.70 "GET /v2.0/security-groups HTTP/1.1" status: 200 len: 2996 time: 0.0411098
2026-07-14 18:49:14.495 10 INFO neutron.wsgi [None req-645ff476-d528-4801-92c6-ae0920ac3da4 2a5bc775dcc044b7bd44e7fcade723a3 00d8a3b147014a30b91911a33532342c - - default default] 10.0.0.70 "GET /v2.0/security-groups HTTP/1.1" status: 200 len: 2996 time: 0.0429695
2026-07-14 18:49:14.644 9 INFO neutron.db.l3_db [req-84ede832-3f1d-437e-b003-620aec8ee0f3 req-2bbd0990-eed6-4f2a-8a1e-13c0daa66efb fbdf7851f9c94b56ac70889996fcc51b 3c2831423196499c831ba94af63a04aa - - default default] Floating IP c7e833f7-1212-4fe1-8d46-687d206605ec disassociated. External IP: 10.96.250.206, port: 1e087e54-f8ce-4241-bcfb-c1b7e2ca82e2.
2026-07-14 18:49:14.770 9 INFO neutron.db.ovn_revision_numbers_db [None req-a1c612f5-e13d-46fa-b17b-c543ae5aa689 7bbe5fbbecb04c67aaf0e51e1e70f88f 1df9047b14b549089d81bf61621eaab4 - - default default] Successfully bumped revision number for resource aa9fc5fc-ab41-47c6-b7d0-f9df04679010 (type: security_groups) to 1
2026-07-14 18:49:14.797 9 INFO neutron.db.ovn_revision_numbers_db [None req-a1c612f5-e13d-46fa-b17b-c543ae5aa689 7bbe5fbbecb04c67aaf0e51e1e70f88f 1df9047b14b549089d81bf61621eaab4 - - default default] Successfully bumped revision number for resource 0c5781f6-a4aa-491a-9327-cfe5299164c4 (type: security_group_rules) to 0
2026-07-14 18:49:14.825 9 INFO neutron.db.ovn_revision_numbers_db [None req-a1c612f5-e13d-46fa-b17b-c543ae5aa689 7bbe5fbbecb04c67aaf0e51e1e70f88f 1df9047b14b549089d81bf61621eaab4 - - default default] Successfully bumped revision number for resource 77dcfb53-080a-4527-b4e8-cde105b2791a (type: security_group_rules) to 0
2026-07-14 18:49:14.839 9 INFO neutron.db.ovn_revision_numbers_db [None req-a1c612f5-e13d-46fa-b17b-c543ae5aa689 7bbe5fbbecb04c67aaf0e51e1e70f88f 1df9047b14b549089d81bf61621eaab4 - - default default] Successfully bumped revision number for resource aa39f6d7-d988-4bdb-a93c-83590d84b9df (type: security_group_rules) to 0
2026-07-14 18:49:14.847 9 INFO neutron.wsgi [req-84ede832-3f1d-437e-b003-620aec8ee0f3 req-2bbd0990-eed6-4f2a-8a1e-13c0daa66efb fbdf7851f9c94b56ac70889996fcc51b 3c2831423196499c831ba94af63a04aa - - default default] 199.204.45.210 "DELETE /v2.0/ports/1e087e54-f8ce-4241-bcfb-c1b7e2ca82e2 HTTP/1.1" status: 204 len: 173 time: 0.9032984
2026-07-14 18:49:14.873 9 INFO neutron.wsgi [req-cdbff0f0-8358-4d86-80dc-239102e04633 req-40c2e881-2067-42fc-bfc4-a18c9e832aad fbdf7851f9c94b56ac70889996fcc51b 3c2831423196499c831ba94af63a04aa - - default default] 10.0.0.200 "GET /v2.0/ports?device_id=8579ab7a-0fb4-437e-b7ef-00522a2445ed HTTP/1.1" status: 200 len: 210 time: 0.0195189
2026-07-14 18:49:14.874 9 INFO neutron.db.ovn_revision_numbers_db [None req-a1c612f5-e13d-46fa-b17b-c543ae5aa689 7bbe5fbbecb04c67aaf0e51e1e70f88f 1df9047b14b549089d81bf61621eaab4 - - default default] Successfully bumped revision number for resource cbac0693-0e4e-41ef-bf7b-1dad901eed57 (type: security_group_rules) to 0
2026-07-14 18:49:14.890 9 INFO neutron.notifiers.nova [-] Nova event matching ['req-afa3dbca-8aa2-4fc3-8078-2c9226794241'] response: {'server_uuid': '8579ab7a-0fb4-437e-b7ef-00522a2445ed', 'name': 'network-vif-deleted', 'tag': '1e087e54-f8ce-4241-bcfb-c1b7e2ca82e2', 'status': 'completed', 'code': 200}
2026-07-14 18:49:14.908 9 INFO neutron.wsgi [None req-a1c612f5-e13d-46fa-b17b-c543ae5aa689 7bbe5fbbecb04c67aaf0e51e1e70f88f 1df9047b14b549089d81bf61621eaab4 - - default default] 10.0.0.70 "GET /v2.0/security-groups?tenant_id=c181e7f173ef4e87a50faac9f310af3f&name=default HTTP/1.1" status: 200 len: 2996 time: 0.5877297
2026-07-14 18:49:15.165 9 INFO neutron.wsgi [None req-08e8fd84-fce6-4d76-a199-a0443f0a582e 7bbe5fbbecb04c67aaf0e51e1e70f88f 1df9047b14b549089d81bf61621eaab4 - - default default] 10.0.0.70 "DELETE /v2.0/security-groups/aa9fc5fc-ab41-47c6-b7d0-f9df04679010 HTTP/1.1" status: 204 len: 168 time: 0.2484736
2026-07-14 18:49:15.211 9 INFO neutron.wsgi [None req-2232bb65-acb3-48ee-826a-17711b717409 7bbe5fbbecb04c67aaf0e51e1e70f88f 1df9047b14b549089d81bf61621eaab4 - - default default] 10.0.0.70 "GET /v2.0/security-groups?tenant_id=00d8a3b147014a30b91911a33532342c&name=default HTTP/1.1" status: 200 len: 2996 time: 0.1498184
2026-07-14 18:49:15.420 9 INFO neutron.wsgi [None req-7a5179f9-cf0d-442c-8686-ba9b71013dc8 7bbe5fbbecb04c67aaf0e51e1e70f88f 1df9047b14b549089d81bf61621eaab4 - - default default] 10.0.0.70 "DELETE /v2.0/security-groups/7e998bf6-8bb6-40d1-8255-0752e09d337a HTTP/1.1" status: 204 len: 168 time: 0.2051022
2026-07-14 18:49:15.840 10 INFO neutron.notifiers.nova [-] Nova event matching ['req-6ac0a7d5-9144-4d57-8196-c15195d6e142'] response: {'server_uuid': '8579ab7a-0fb4-437e-b7ef-00522a2445ed', 'name': 'network-vif-plugged', 'status': 'completed', 'tag': '1e087e54-f8ce-4241-bcfb-c1b7e2ca82e2', 'code': 200}
2026-07-14 18:49:16.093 9 INFO neutron.wsgi [None req-5d0ab70e-98f9-4194-8d47-24d07b7be4f9 fbdf7851f9c94b56ac70889996fcc51b 3c2831423196499c831ba94af63a04aa - - default default] 10.0.0.70 "DELETE /v2.0/security-groups/470f63b7-42df-4e3b-bf8b-50dec4a88f7f HTTP/1.1" status: 204 len: 168 time: 0.1611454 /var/lib/openstack/lib/python3.10/site-packages/pycadf/identifier.py:71: UserWarning: Invalid uuid: neutron. To ensure interoperability, identifiers should be a valid uuid. warnings.warn(('Invalid uuid: %s. To ensure interoperability, '
2026-07-14 18:49:16.526 10 INFO neutron.wsgi [None req-9a21f044-b346-4e6e-a4eb-e5d42df5ed0f fbdf7851f9c94b56ac70889996fcc51b 3c2831423196499c831ba94af63a04aa - - default default] 10.0.0.70 "DELETE /v2.0/floatingips/c7e833f7-1212-4fe1-8d46-687d206605ec HTTP/1.1" status: 204 len: 168 time: 0.3976908
2026-07-14 18:49:16.738 9 INFO neutron.wsgi [req-731064e8-52d3-4d41-930f-e69604fa6bce req-df6c981c-bb2d-4a86-bfda-b218ee88c7e5 fbdf7851f9c94b56ac70889996fcc51b 3c2831423196499c831ba94af63a04aa - - default default] 10.0.0.200 "GET /v2.0/ports?device_id=75e37a48-3740-49c9-8af9-c25d2f46e055 HTTP/1.1" status: 200 len: 1174 time: 0.0447896
2026-07-14 18:49:16.754 10 INFO neutron.plugins.ml2.drivers.ovn.mech_driver.mech_driver [None req-7ccc5585-02c5-47af-ba20-a251c21aa15d - - - - - -] OVN reports status down for port: 854fe104-293c-4c1c-969e-2440a35d2d90
2026-07-14 18:49:16.820 9 INFO neutron.wsgi [req-731064e8-52d3-4d41-930f-e69604fa6bce req-b5c76fd8-fbe0-4862-94e6-59524eec6120 fbdf7851f9c94b56ac70889996fcc51b 3c2831423196499c831ba94af63a04aa - - default default] 10.0.0.200 "GET /v2.0/security-groups?id=75c4bfd8-d928-4160-a424-a81cb85fd4e4&fields=id&fields=name HTTP/1.1" status: 200 len: 313 time: 0.0658407
2026-07-14 18:49:17.060 9 INFO neutron.wsgi [req-f43a5010-41c5-47e7-8f2d-f919e3e32daf req-f10415c2-75eb-4ffc-9e35-22738ad2588b fbdf7851f9c94b56ac70889996fcc51b 3c2831423196499c831ba94af63a04aa - - default default] 199.204.45.210 "GET /v2.0/ports?device_id=75e37a48-3740-49c9-8af9-c25d2f46e055 HTTP/1.1" status: 200 len: 1172 time: 0.0426342
2026-07-14 18:49:17.119 10 INFO neutron.db.ovn_revision_numbers_db [None req-7ccc5585-02c5-47af-ba20-a251c21aa15d - - - - - -] Successfully bumped revision number for resource 854fe104-293c-4c1c-969e-2440a35d2d90 (type: ports) to 5
2026-07-14 18:49:17.345 9 INFO neutron.wsgi [req-f43a5010-41c5-47e7-8f2d-f919e3e32daf req-11fa4298-0e7c-4fff-b9a0-92a119bd7f64 fbdf7851f9c94b56ac70889996fcc51b 3c2831423196499c831ba94af63a04aa - - default default] 199.204.45.210 "DELETE /v2.0/ports/854fe104-293c-4c1c-969e-2440a35d2d90 HTTP/1.1" status: 204 len: 173 time: 0.2774990
2026-07-14 18:49:17.413 9 INFO neutron.notifiers.nova [-] Nova event matching ['req-ecb943ac-dc31-40fd-b70e-432c89ff3696'] response: {'server_uuid': '75e37a48-3740-49c9-8af9-c25d2f46e055', 'name': 'network-vif-deleted', 'tag': '854fe104-293c-4c1c-969e-2440a35d2d90', 'status': 'completed', 'code': 200}
2026-07-14 18:49:17.879 10 INFO neutron.notifiers.nova [-] Nova event matching ['req-1ff28f6f-9b10-48cb-8b79-51b6cf723cf1'] response: {'server_uuid': '75e37a48-3740-49c9-8af9-c25d2f46e055', 'name': 'network-vif-unplugged', 'status': 'completed', 'tag': '854fe104-293c-4c1c-969e-2440a35d2d90', 'code': 200}
2026-07-14 18:49:17.879 10 INFO neutron.notifiers.nova [-] Nova event matching ['req-1ff28f6f-9b10-48cb-8b79-51b6cf723cf1'] response: {'server_uuid': '75e37a48-3740-49c9-8af9-c25d2f46e055', 'name': 'network-vif-plugged', 'status': 'completed', 'tag': '854fe104-293c-4c1c-969e-2440a35d2d90', 'code': 200}
2026-07-14 18:49:18.035 9 INFO neutron.wsgi [None req-3f4ef854-305e-4cfe-a96d-61b7881094e1 fbdf7851f9c94b56ac70889996fcc51b 3c2831423196499c831ba94af63a04aa - - default default] 10.0.0.70 "DELETE /v2.0/security-groups/75c4bfd8-d928-4160-a424-a81cb85fd4e4 HTTP/1.1" status: 204 len: 168 time: 0.1563764 /var/lib/openstack/lib/python3.10/site-packages/pycadf/identifier.py:71: UserWarning: Invalid uuid: neutron. To ensure interoperability, identifiers should be a valid uuid. warnings.warn(('Invalid uuid: %s. To ensure interoperability, '
2026-07-14 18:49:18.663 10 INFO neutron.wsgi [req-231a0163-a549-4d0a-8fec-aadd28bf398a req-1a39d533-0aa9-44da-ae92-1236c87cb04d a76751fb022347e6ad996490b1890857 d8d6d082c61f4a50b23da9fd296a7327 - - default default] 10.0.0.200 "GET /v2.0/ports?device_id=de06d98b-24b5-497e-937b-16fe342ee26a HTTP/1.1" status: 200 len: 1214 time: 0.1217115
2026-07-14 18:49:19.076 10 INFO neutron.wsgi [req-231a0163-a549-4d0a-8fec-aadd28bf398a req-9de9d07c-b0e6-423d-a864-abf8b808d6b6 a76751fb022347e6ad996490b1890857 d8d6d082c61f4a50b23da9fd296a7327 - - default default] 10.0.0.200 "GET /v2.0/security-groups?id=e67878d3-0a04-459b-a146-df4efe83d7e6&id=6d15574c-d0cf-4f48-b57f-2572cb45c41c&fields=id&fields=name HTTP/1.1" status: 200 len: 405 time: 0.1138015
2026-07-14 18:49:19.090 10 INFO neutron.wsgi [None req-c0f30806-459d-4222-92fa-e574bc395fc2 acb7fd0e765340a29f80311fe39f6e79 1f86bd6f03d340c494a9883a5a884d92 - - default default] 10.0.0.70 "POST /v2.0/qos/policies HTTP/1.1" status: 201 len: 558 time: 0.6035607
2026-07-14 18:49:19.138 9 INFO neutron.wsgi [None req-274b8471-739b-473c-b18f-07de02c83f90 acb7fd0e765340a29f80311fe39f6e79 1f86bd6f03d340c494a9883a5a884d92 - - default default] 10.0.0.70 "PUT /v2.0/policies/3c290121-b175-4890-b508-120294331aab/tags HTTP/1.1" status: 200 len: 218 time: 0.0429678
2026-07-14 18:49:19.159 9 INFO neutron.wsgi [None req-a68dc840-d8e2-4faa-a79a-0eeff8b24050 acb7fd0e765340a29f80311fe39f6e79 1f86bd6f03d340c494a9883a5a884d92 - - default default] 10.0.0.70 "GET /v2.0/policies/3c290121-b175-4890-b508-120294331aab/tags HTTP/1.1" status: 200 len: 218 time: 0.0148962
2026-07-14 18:49:19.188 9 INFO neutron.wsgi [None req-5b6f7a4a-945a-4a9d-935e-4a12c665b73e acb7fd0e765340a29f80311fe39f6e79 1f86bd6f03d340c494a9883a5a884d92 - - default default] 10.0.0.70 "PUT /v2.0/policies/3c290121-b175-4890-b508-120294331aab/tags/green HTTP/1.1" status: 201 len: 201 time: 0.0255265
2026-07-14 18:49:19.209 9 INFO neutron.wsgi [None req-048f3181-e058-43c4-a2fc-4e59a8f81472 acb7fd0e765340a29f80311fe39f6e79 1f86bd6f03d340c494a9883a5a884d92 - - default default] 10.0.0.70 "GET /v2.0/policies/3c290121-b175-4890-b508-120294331aab/tags HTTP/1.1" status: 200 len: 227 time: 0.0159426
2026-07-14 18:49:19.234 10 INFO neutron.wsgi [None req-d1c55523-a14a-4c27-823d-c44f9e57a8e0 acb7fd0e765340a29f80311fe39f6e79 1f86bd6f03d340c494a9883a5a884d92 - - default default] 10.0.0.70 "PUT /v2.0/policies/3c290121-b175-4890-b508-120294331aab/tags/red HTTP/1.1" status: 201 len: 201 time: 0.0191743
2026-07-14 18:49:19.256 10 INFO neutron.wsgi [None req-07fd2429-27df-4166-8cc8-1e7d437b4697 acb7fd0e765340a29f80311fe39f6e79 1f86bd6f03d340c494a9883a5a884d92 - - default default] 10.0.0.70 "GET /v2.0/policies/3c290121-b175-4890-b508-120294331aab/tags HTTP/1.1" status: 200 len: 227 time: 0.0154247
2026-07-14 18:49:19.279 9 INFO neutron.wsgi [None req-de11b303-32e7-4fe1-b58b-23925425d3d3 14c11e6ca22145cb81dbfd9dee1e009f 9ad8df64b990498896c8247958444470 - - default default] 10.0.0.70 "GET /v2.0/ports?device_id=de06d98b-24b5-497e-937b-16fe342ee26a HTTP/1.1" status: 200 len: 1447 time: 0.1760316
2026-07-14 18:49:19.325 9 INFO neutron.wsgi [None req-7c070ef6-2a5d-4875-8d85-f87996da6449 acb7fd0e765340a29f80311fe39f6e79 1f86bd6f03d340c494a9883a5a884d92 - - default default] 10.0.0.70 "PUT /v2.0/policies/3c290121-b175-4890-b508-120294331aab/tags/black.or.white HTTP/1.1" status: 201 len: 201 time: 0.0622201
2026-07-14 18:49:19.351 9 INFO neutron.wsgi [None req-29aec2a9-75e8-48de-8694-b286e43467c0 a76751fb022347e6ad996490b1890857 d8d6d082c61f4a50b23da9fd296a7327 - - default default] 10.0.0.70 "GET /v2.0/floatingips?floating_network_id=e68dbe2d-7d1c-43f2-9db5-00f2d13b166c&port_id=a1773bf1-fc86-458c-90be-43bda7fa96ed HTTP/1.1" status: 200 len: 1055 time: 0.0667570
2026-07-14 18:49:19.353 10 INFO neutron.wsgi [None req-9d6404b7-dd87-402a-a27b-4ba9b7f55c38 acb7fd0e765340a29f80311fe39f6e79 1f86bd6f03d340c494a9883a5a884d92 - - default default] 10.0.0.70 "GET /v2.0/policies/3c290121-b175-4890-b508-120294331aab/tags HTTP/1.1" status: 200 len: 245 time: 0.0225980
2026-07-14 18:49:19.390 9 INFO neutron.wsgi [None req-44b1c2d8-3aeb-47e0-aa10-0932bb165dec acb7fd0e765340a29f80311fe39f6e79 1f86bd6f03d340c494a9883a5a884d92 - - default default] 10.0.0.70 "PUT /v2.0/policies/3c290121-b175-4890-b508-120294331aab/tags HTTP/1.1" status: 200 len: 230 time: 0.0318785
2026-07-14 18:49:19.409 9 INFO neutron.wsgi [None req-05d540a0-d477-4d82-9034-8eff4fd1ca52 acb7fd0e765340a29f80311fe39f6e79 1f86bd6f03d340c494a9883a5a884d92 - - default default] 10.0.0.70 "GET /v2.0/policies/3c290121-b175-4890-b508-120294331aab/tags HTTP/1.1" status: 200 len: 230 time: 0.0147779
2026-07-14 18:49:19.457 10 INFO neutron.wsgi [None req-ff858cd1-15bd-4dbf-977a-b0a220791fe8 acb7fd0e765340a29f80311fe39f6e79 1f86bd6f03d340c494a9883a5a884d92 - - default default] 10.0.0.70 "GET /v2.0/policies/3c290121-b175-4890-b508-120294331aab/tags/red HTTP/1.1" status: 204 len: 168 time: 0.0420635
2026-07-14 18:49:19.461 10 INFO neutron.wsgi [None req-3420b5a4-3d6a-459e-8fcd-59f12fea1c48 fbdf7851f9c94b56ac70889996fcc51b 3c2831423196499c831ba94af63a04aa - - default default] 10.0.0.70 "PUT /v2.0/routers/3edaeffd-3855-4a7c-b844-9ed008451b7e/remove_router_interface HTTP/1.1" status: 200 len: 503 time: 1.3961046 /var/lib/openstack/lib/python3.10/site-packages/pycadf/identifier.py:71: UserWarning: Invalid uuid: neutron. To ensure interoperability, identifiers should be a valid uuid. warnings.warn(('Invalid uuid: %s. To ensure interoperability, '
2026-07-14 18:49:19.475 10 INFO neutron.api.v2.resource [None req-d3ed2a7e-9aea-4ea7-b59e-ac9abff9fe1e acb7fd0e765340a29f80311fe39f6e79 1f86bd6f03d340c494a9883a5a884d92 - - default default] show failed (client error): The resource could not be found.
2026-07-14 18:49:19.476 10 INFO neutron.wsgi [None req-d3ed2a7e-9aea-4ea7-b59e-ac9abff9fe1e acb7fd0e765340a29f80311fe39f6e79 1f86bd6f03d340c494a9883a5a884d92 - - default default] 10.0.0.70 "GET /v2.0/policies/3c290121-b175-4890-b508-120294331aab/tags/green HTTP/1.1" status: 404 len: 299 time: 0.0137346
2026-07-14 18:49:19.515 10 INFO neutron.wsgi [None req-dd632871-4bd8-4322-8585-002e7061b8e1 acb7fd0e765340a29f80311fe39f6e79 1f86bd6f03d340c494a9883a5a884d92 - - default default] 10.0.0.70 "DELETE /v2.0/policies/3c290121-b175-4890-b508-120294331aab/tags/red HTTP/1.1" status: 204 len: 168 time: 0.0322745
2026-07-14 18:49:19.553 10 INFO neutron.wsgi [None req-0759f4d6-5455-417d-a4a1-311a812201ec acb7fd0e765340a29f80311fe39f6e79 1f86bd6f03d340c494a9883a5a884d92 - - default default] 10.0.0.70 "GET /v2.0/policies/3c290121-b175-4890-b508-120294331aab/tags HTTP/1.1" status: 200 len: 223 time: 0.0232220
2026-07-14 18:49:19.581 10 INFO neutron.api.v2.resource [None req-c73d3981-5959-406a-beee-1f287f978025 acb7fd0e765340a29f80311fe39f6e79 1f86bd6f03d340c494a9883a5a884d92 - - default default] delete failed (client error): The resource could not be found.
2026-07-14 18:49:19.583 10 INFO neutron.wsgi [None req-c73d3981-5959-406a-beee-1f287f978025 acb7fd0e765340a29f80311fe39f6e79 1f86bd6f03d340c494a9883a5a884d92 - - default default] 10.0.0.70 "DELETE /v2.0/policies/3c290121-b175-4890-b508-120294331aab/tags/green HTTP/1.1" status: 404 len: 299 time: 0.0250397
2026-07-14 18:49:19.610 9 INFO neutron.wsgi [req-2e89c469-dde3-4a7d-945d-06b0c77c4faa req-75b68758-5c59-4dc9-a872-4c44c563ac86 bc039332a626462b80a111b4b2ecb280 929db5240b3249239d5e1afb01ba49bf - - 836454d2791c49c1902648f62b0f7497 836454d2791c49c1902648f62b0f7497] 10.0.0.54 "GET /v2.0/ports?device_id=de06d98b-24b5-497e-937b-16fe342ee26a HTTP/1.1" status: 200 len: 1452 time: 0.0543838
2026-07-14 18:49:19.621 10 INFO neutron.wsgi [None req-ff435f0b-6dbd-4220-85fd-c12bb8233536 acb7fd0e765340a29f80311fe39f6e79 1f86bd6f03d340c494a9883a5a884d92 - - default default] 10.0.0.70 "DELETE /v2.0/policies/3c290121-b175-4890-b508-120294331aab/tags HTTP/1.1" status: 204 len: 168 time: 0.0314970
2026-07-14 18:49:19.640 10 INFO neutron.wsgi [None req-75fb3511-6f32-4333-8488-04cd6152d7b3 acb7fd0e765340a29f80311fe39f6e79 1f86bd6f03d340c494a9883a5a884d92 - - default default] 10.0.0.70 "GET /v2.0/policies/3c290121-b175-4890-b508-120294331aab/tags HTTP/1.1" status: 200 len: 205 time: 0.0143058
2026-07-14 18:49:19.692 9 INFO neutron.wsgi [req-2e89c469-dde3-4a7d-945d-06b0c77c4faa req-ff9d227d-e455-414c-8d3d-5dea0ed7d844 bc039332a626462b80a111b4b2ecb280 929db5240b3249239d5e1afb01ba49bf - - 836454d2791c49c1902648f62b0f7497 836454d2791c49c1902648f62b0f7497] 10.0.0.54 "GET /v2.0/security-groups?id=e67878d3-0a04-459b-a146-df4efe83d7e6&id=6d15574c-d0cf-4f48-b57f-2572cb45c41c&fields=id&fields=name HTTP/1.1" status: 200 len: 405 time: 0.0728028
2026-07-14 18:49:19.714 10 INFO neutron.wsgi [None req-fc5ea896-9f61-4135-8b48-38de7f34ab67 acb7fd0e765340a29f80311fe39f6e79 1f86bd6f03d340c494a9883a5a884d92 - - default default] 10.0.0.70 "DELETE /v2.0/qos/policies/3c290121-b175-4890-b508-120294331aab HTTP/1.1" status: 204 len: 168 time: 0.0660686
2026-07-14 18:49:19.767 9 INFO neutron.wsgi [None req-4cd7951e-5043-4cb7-a323-9b0f3eaefce7 fbdf7851f9c94b56ac70889996fcc51b 3c2831423196499c831ba94af63a04aa - - default default] 10.0.0.70 "DELETE /v2.0/subnets/95516a5e-968b-4b59-a0b5-80b8224916bd HTTP/1.1" status: 204 len: 168 time: 0.2989709
2026-07-14 18:49:20.425 9 INFO neutron.wsgi [None req-0e06bfc0-2478-40d2-857d-9eb831d60534 fbdf7851f9c94b56ac70889996fcc51b 3c2831423196499c831ba94af63a04aa - - default default] 10.0.0.70 "DELETE /v2.0/routers/3edaeffd-3855-4a7c-b844-9ed008451b7e HTTP/1.1" status: 204 len: 168 time: 0.6514366
2026-07-14 18:49:20.512 10 INFO neutron.db.ovn_revision_numbers_db [None req-8c87b585-2d74-4a80-81af-a43ac3b35ddb 7bbe5fbbecb04c67aaf0e51e1e70f88f 1df9047b14b549089d81bf61621eaab4 - - default default] Successfully bumped revision number for resource 1bc29b3c-b2d1-4ecc-8b72-44a388f60d50 (type: security_groups) to 1
2026-07-14 18:49:20.533 10 INFO neutron.db.ovn_revision_numbers_db [None req-8c87b585-2d74-4a80-81af-a43ac3b35ddb 7bbe5fbbecb04c67aaf0e51e1e70f88f 1df9047b14b549089d81bf61621eaab4 - - default default] Successfully bumped revision number for resource 37e16b83-0f14-456c-aad7-00c78f25ca96 (type: security_group_rules) to 0
2026-07-14 18:49:20.553 10 INFO neutron.wsgi [-] 10.0.0.125 "GET / HTTP/1.1" status: 200 len: 246 time: 0.0019314
2026-07-14 18:49:20.556 10 INFO neutron.wsgi [-] 10.0.0.125 "GET / HTTP/1.1" status: 200 len: 246 time: 0.0014737
2026-07-14 18:49:20.559 10 INFO neutron.db.ovn_revision_numbers_db [None req-8c87b585-2d74-4a80-81af-a43ac3b35ddb 7bbe5fbbecb04c67aaf0e51e1e70f88f 1df9047b14b549089d81bf61621eaab4 - - default default] Successfully bumped revision number for resource 5c960692-8cf3-41d4-b757-ba9602084afe (type: security_group_rules) to 0
2026-07-14 18:49:20.581 10 INFO neutron.db.ovn_revision_numbers_db [None req-8c87b585-2d74-4a80-81af-a43ac3b35ddb 7bbe5fbbecb04c67aaf0e51e1e70f88f 1df9047b14b549089d81bf61621eaab4 - - default default] Successfully bumped revision number for resource 7acea59a-91b3-49f7-91ba-9f24ee23c01c (type: security_group_rules) to 0
2026-07-14 18:49:20.607 10 INFO neutron.db.ovn_revision_numbers_db [None req-8c87b585-2d74-4a80-81af-a43ac3b35ddb 7bbe5fbbecb04c67aaf0e51e1e70f88f 1df9047b14b549089d81bf61621eaab4 - - default default] Successfully bumped revision number for resource b67d4e4b-a264-4c32-b5a5-a7387563b457 (type: security_group_rules) to 0
2026-07-14 18:49:20.638 10 INFO neutron.db.ovn_revision_numbers_db [None req-899ef08f-d334-4eaf-8991-487a60b90be9 7bbe5fbbecb04c67aaf0e51e1e70f88f 1df9047b14b549089d81bf61621eaab4 - - default default] Successfully bumped revision number for resource 8a1e12f1-f719-4423-896c-060b88e76709 (type: security_groups) to 1
2026-07-14 18:49:20.642 10 INFO neutron.wsgi [None req-8c87b585-2d74-4a80-81af-a43ac3b35ddb 7bbe5fbbecb04c67aaf0e51e1e70f88f 1df9047b14b549089d81bf61621eaab4 - - default default] 10.0.0.70 "GET /v2.0/security-groups?tenant_id=1df80e3906ec4e9082bb3b23c5a6d0a8&name=default HTTP/1.1" status: 200 len: 2996 time: 0.4360580
2026-07-14 18:49:20.670 10 INFO neutron.db.ovn_revision_numbers_db [None req-899ef08f-d334-4eaf-8991-487a60b90be9 7bbe5fbbecb04c67aaf0e51e1e70f88f 1df9047b14b549089d81bf61621eaab4 - - default default] Successfully bumped revision number for resource 1907376d-778d-4873-be33-a6e8edb7bc86 (type: security_group_rules) to 0
2026-07-14 18:49:20.693 10 INFO neutron.db.ovn_revision_numbers_db [None req-899ef08f-d334-4eaf-8991-487a60b90be9 7bbe5fbbecb04c67aaf0e51e1e70f88f 1df9047b14b549089d81bf61621eaab4 - - default default] Successfully bumped revision number for resource ad3fa432-f90e-43a9-9853-056918c158d1 (type: security_group_rules) to 0
2026-07-14 18:49:20.715 10 INFO neutron.db.ovn_revision_numbers_db [None req-899ef08f-d334-4eaf-8991-487a60b90be9 7bbe5fbbecb04c67aaf0e51e1e70f88f 1df9047b14b549089d81bf61621eaab4 - - default default] Successfully bumped revision number for resource c2123e59-4b6e-45e8-8c4f-93161c17ea87 (type: security_group_rules) to 0
2026-07-14 18:49:20.736 10 INFO neutron.db.ovn_revision_numbers_db [None req-899ef08f-d334-4eaf-8991-487a60b90be9 7bbe5fbbecb04c67aaf0e51e1e70f88f 1df9047b14b549089d81bf61621eaab4 - - default default] Successfully bumped revision number for resource dbfbc8b2-87fd-4a5d-9a1b-00979e79f26e (type: security_group_rules) to 0
2026-07-14 18:49:20.772 10 INFO neutron.wsgi [None req-899ef08f-d334-4eaf-8991-487a60b90be9 7bbe5fbbecb04c67aaf0e51e1e70f88f 1df9047b14b549089d81bf61621eaab4 - - default default] 10.0.0.70 "GET /v2.0/security-groups?tenant_id=1f86bd6f03d340c494a9883a5a884d92&name=default HTTP/1.1" status: 200 len: 2996 time: 0.3401313
2026-07-14 18:49:20.782 9 INFO neutron.services.segments.plugin [-] Segment 8b43b9a3-125f-4909-a56a-aecd39594a3d resource provider aggregate not found
2026-07-14 18:49:20.788 9 INFO neutron.services.segments.plugin [-] Segment 8b43b9a3-125f-4909-a56a-aecd39594a3d resource provider aggregate not found
2026-07-14 18:49:20.809 9 INFO neutron.services.segments.plugin [-] Segment 8b43b9a3-125f-4909-a56a-aecd39594a3d resource provider not found; error: Placement Client Error (4xx): {"errors": [{"status": 404, "title": "Not Found", "detail": "The resource could not be found.\n\n No resource provider with uuid 8b43b9a3-125f-4909-a56a-aecd39594a3d found for delete ", "request_id": "req-c193f7df-5e24-4fe4-8bca-4239a68a7d16"}]}
2026-07-14 18:49:20.829 9 INFO neutron.services.segments.plugin [-] Segment 8b43b9a3-125f-4909-a56a-aecd39594a3d resource provider not found; error: Placement Client Error (4xx): {"errors": [{"status": 404, "title": "Not Found", "detail": "The resource could not be found.\n\n No resource provider with uuid 8b43b9a3-125f-4909-a56a-aecd39594a3d found for delete ", "request_id": "req-fa707f09-2fc9-4786-aeab-a9124b391c6f"}]}
2026-07-14 18:49:20.855 9 INFO neutron.wsgi [None req-ac627b7b-da5c-46ef-bb09-bffb7a47d15c fbdf7851f9c94b56ac70889996fcc51b 3c2831423196499c831ba94af63a04aa - - default default] 10.0.0.70 "DELETE /v2.0/networks/eca71c28-54f8-494b-a0ef-5e939c1e1ec3 HTTP/1.1" status: 204 len: 168 time: 0.4255776
2026-07-14 18:49:20.917 10 INFO neutron.wsgi [None req-84fc295d-4111-49b2-a3c4-7b8c276a98eb 7bbe5fbbecb04c67aaf0e51e1e70f88f 1df9047b14b549089d81bf61621eaab4 - - default default] 10.0.0.70 "DELETE /v2.0/security-groups/1bc29b3c-b2d1-4ecc-8b72-44a388f60d50 HTTP/1.1" status: 204 len: 168 time: 0.2687552
2026-07-14 18:49:21.037 10 INFO neutron.wsgi [None req-238b6804-bfdc-4598-802c-ffb25b5ab802 7bbe5fbbecb04c67aaf0e51e1e70f88f 1df9047b14b549089d81bf61621eaab4 - - default default] 10.0.0.70 "DELETE /v2.0/security-groups/8a1e12f1-f719-4423-896c-060b88e76709 HTTP/1.1" status: 204 len: 168 time: 0.2593570
2026-07-14 18:49:21.329 9 INFO neutron.db.ovn_revision_numbers_db [None req-14564c4b-7b7d-4c87-b8ec-9e601eb9505a 7bbe5fbbecb04c67aaf0e51e1e70f88f 1df9047b14b549089d81bf61621eaab4 - - default default] Successfully bumped revision number for resource 11e4e617-6405-484b-b30e-163492c740a7 (type: security_groups) to 1
2026-07-14 18:49:21.367 9 INFO neutron.db.ovn_revision_numbers_db [None req-14564c4b-7b7d-4c87-b8ec-9e601eb9505a 7bbe5fbbecb04c67aaf0e51e1e70f88f 1df9047b14b549089d81bf61621eaab4 - - default default] Successfully bumped revision number for resource 15223e48-85c6-4915-8a7b-99b5911db836 (type: security_group_rules) to 0
2026-07-14 18:49:21.384 9 INFO neutron.db.ovn_revision_numbers_db [None req-14564c4b-7b7d-4c87-b8ec-9e601eb9505a 7bbe5fbbecb04c67aaf0e51e1e70f88f 1df9047b14b549089d81bf61621eaab4 - - default default] Successfully bumped revision number for resource 61efc1c4-ceee-4f8c-b83f-1057964ab6ca (type: security_group_rules) to 0
2026-07-14 18:49:21.398 9 INFO neutron.db.ovn_revision_numbers_db [None req-14564c4b-7b7d-4c87-b8ec-9e601eb9505a 7bbe5fbbecb04c67aaf0e51e1e70f88f 1df9047b14b549089d81bf61621eaab4 - - default default] Successfully bumped revision number for resource aed643b7-724a-49ac-b4bd-c889fa9ea6ca (type: security_group_rules) to 0
2026-07-14 18:49:21.412 9 INFO neutron.db.ovn_revision_numbers_db [None req-14564c4b-7b7d-4c87-b8ec-9e601eb9505a 7bbe5fbbecb04c67aaf0e51e1e70f88f 1df9047b14b549089d81bf61621eaab4 - - default default] Successfully bumped revision number for resource e3ec3435-1e01-4397-a0ad-80e8687bfc85 (type: security_group_rules) to 0
2026-07-14 18:49:21.441 9 INFO neutron.wsgi [None req-14564c4b-7b7d-4c87-b8ec-9e601eb9505a 7bbe5fbbecb04c67aaf0e51e1e70f88f 1df9047b14b549089d81bf61621eaab4 - - default default] 10.0.0.70 "GET /v2.0/security-groups?tenant_id=4c549b028094449fabfac9f8a338fabd&name=default HTTP/1.1" status: 200 len: 2996 time: 0.2490876
2026-07-14 18:49:21.654 9 INFO neutron.wsgi [None req-85b07b02-fd21-48d4-ad6f-d122ef32bfee 7bbe5fbbecb04c67aaf0e51e1e70f88f 1df9047b14b549089d81bf61621eaab4 - - default default] 10.0.0.70 "DELETE /v2.0/security-groups/11e4e617-6405-484b-b30e-163492c740a7 HTTP/1.1" status: 204 len: 168 time: 0.2087936
2026-07-14 18:49:21.790 10 INFO neutron.db.ovn_revision_numbers_db [None req-d1b9d244-ea04-41c1-ba1c-41b18ddb6d70 7bbe5fbbecb04c67aaf0e51e1e70f88f 1df9047b14b549089d81bf61621eaab4 - - default default] Successfully bumped revision number for resource 89933e08-4393-49fa-ab8a-f867f44c10e2 (type: security_groups) to 1
2026-07-14 18:49:21.816 10 INFO neutron.db.ovn_revision_numbers_db [None req-d1b9d244-ea04-41c1-ba1c-41b18ddb6d70 7bbe5fbbecb04c67aaf0e51e1e70f88f 1df9047b14b549089d81bf61621eaab4 - - default default] Successfully bumped revision number for resource 280d9a35-f4a6-4dff-8762-25301e83027b (type: security_group_rules) to 0
2026-07-14 18:49:21.836 10 INFO neutron.plugins.ml2.drivers.ovn.mech_driver.mech_driver [None req-7ccc5585-02c5-47af-ba20-a251c21aa15d - - - - - -] OVN reports status down for port: a1773bf1-fc86-458c-90be-43bda7fa96ed
2026-07-14 18:49:21.857 10 INFO neutron.db.ovn_revision_numbers_db [None req-d1b9d244-ea04-41c1-ba1c-41b18ddb6d70 7bbe5fbbecb04c67aaf0e51e1e70f88f 1df9047b14b549089d81bf61621eaab4 - - default default] Successfully bumped revision number for resource a75082e3-efda-4804-bb94-3e8b5a0d1305 (type: security_group_rules) to 0
2026-07-14 18:49:21.875 10 INFO neutron.db.ovn_revision_numbers_db [None req-d1b9d244-ea04-41c1-ba1c-41b18ddb6d70 7bbe5fbbecb04c67aaf0e51e1e70f88f 1df9047b14b549089d81bf61621eaab4 - - default default] Successfully bumped revision number for resource d83a5b75-a94a-460d-b12e-394ff4a9b5bd (type: security_group_rules) to 0
2026-07-14 18:49:21.895 10 INFO neutron.db.ovn_revision_numbers_db [None req-d1b9d244-ea04-41c1-ba1c-41b18ddb6d70 7bbe5fbbecb04c67aaf0e51e1e70f88f 1df9047b14b549089d81bf61621eaab4 - - default default] Successfully bumped revision number for resource facec808-34c1-41e2-ac01-c31c1dc9ea24 (type: security_group_rules) to 0
2026-07-14 18:49:21.903 9 INFO neutron.wsgi [req-7c9df3be-c145-4e2d-98a1-b953e612aa93 req-96daf45d-f698-4db0-a977-1c1431a683cb a76751fb022347e6ad996490b1890857 d8d6d082c61f4a50b23da9fd296a7327 - - default default] 10.0.0.200 "GET /v2.0/ports?device_id=de06d98b-24b5-497e-937b-16fe342ee26a HTTP/1.1" status: 200 len: 1214 time: 0.1009550
2026-07-14 18:49:21.944 10 INFO neutron.wsgi [None req-d1b9d244-ea04-41c1-ba1c-41b18ddb6d70 7bbe5fbbecb04c67aaf0e51e1e70f88f 1df9047b14b549089d81bf61621eaab4 - - default default] 10.0.0.70 "GET /v2.0/security-groups?tenant_id=3ad863a485044dbf91befd41c70635d8&name=default HTTP/1.1" status: 200 len: 2996 time: 0.4811418
2026-07-14 18:49:21.963 9 INFO neutron.wsgi [req-7c9df3be-c145-4e2d-98a1-b953e612aa93 req-993e8713-f874-4203-bbf0-f5874d5d9e3b a76751fb022347e6ad996490b1890857 d8d6d082c61f4a50b23da9fd296a7327 - - default default] 10.0.0.200 "GET /v2.0/security-groups?id=e67878d3-0a04-459b-a146-df4efe83d7e6&id=6d15574c-d0cf-4f48-b57f-2572cb45c41c&fields=id&fields=name HTTP/1.1" status: 200 len: 405 time: 0.0543811
