2026-07-14 18:48:38.890 10 INFO neutron.wsgi [None req-5f82746d-8256-482e-86ca-9ae0844280e3 3b6d2294b8d84aaca41bd6bc074004e7 67a2e8b01638497fb43b5613c08e1cf4 - - default default] 10.0.0.70 "POST /v2.0/subnetpools HTTP/1.1" status: 201 len: 715 time: 0.0723817
2026-07-14 18:48:38.924 9 INFO neutron.wsgi [req-ba71efd7-5e45-4880-b4c4-6caa595f64a8 req-4de6b867-a426-4fa0-b31a-19e59d270a74 bc039332a626462b80a111b4b2ecb280 929db5240b3249239d5e1afb01ba49bf - - 836454d2791c49c1902648f62b0f7497 836454d2791c49c1902648f62b0f7497] 199.204.45.210 "GET /v2.0/ports?network_id=eca71c28-54f8-494b-a0ef-5e939c1e1ec3&device_owner=network%3Adhcp HTTP/1.1" status: 200 len: 210 time: 0.0352597
2026-07-14 18:48:38.928 10 INFO neutron.wsgi [None req-3c7dd41f-5566-4f5c-93a6-a7b2ac76ecb9 3b6d2294b8d84aaca41bd6bc074004e7 67a2e8b01638497fb43b5613c08e1cf4 - - default default] 10.0.0.70 "PUT /v2.0/subnetpools/90473b83-7f2b-449f-aeff-9493f9d27ec8/tags HTTP/1.1" status: 200 len: 210 time: 0.0344341
2026-07-14 18:48:38.970 10 INFO neutron.wsgi [None req-6e6b458c-ade1-48ea-9f72-9b738393ba84 3b6d2294b8d84aaca41bd6bc074004e7 67a2e8b01638497fb43b5613c08e1cf4 - - default default] 10.0.0.70 "PUT /v2.0/subnetpools/279fb0d5-03d6-4bc9-a99e-8bddd9e2d45b/tags HTTP/1.1" status: 200 len: 218 time: 0.0364006
2026-07-14 18:48:39.005 10 INFO neutron.wsgi [None req-3e9e9031-1767-44ba-b19e-778c2a24c55f 3b6d2294b8d84aaca41bd6bc074004e7 67a2e8b01638497fb43b5613c08e1cf4 - - default default] 10.0.0.70 "PUT /v2.0/subnetpools/029ca055-5b28-4ea2-864b-91559cf34d95/tags HTTP/1.1" status: 200 len: 227 time: 0.0316112
2026-07-14 18:48:39.019 9 INFO neutron.wsgi [req-ba71efd7-5e45-4880-b4c4-6caa595f64a8 req-a66d65ce-053c-4b53-91f7-2172fe198576 bc039332a626462b80a111b4b2ecb280 929db5240b3249239d5e1afb01ba49bf - - 836454d2791c49c1902648f62b0f7497 836454d2791c49c1902648f62b0f7497] 199.204.45.210 "GET /v2.0/networks/eca71c28-54f8-494b-a0ef-5e939c1e1ec3?fields=segments HTTP/1.1" status: 200 len: 212 time: 0.0865829
2026-07-14 18:48:39.046 10 INFO neutron.wsgi [None req-0182290e-044d-43f3-82c5-8147a4c04b54 3b6d2294b8d84aaca41bd6bc074004e7 67a2e8b01638497fb43b5613c08e1cf4 - - default default] 10.0.0.70 "PUT /v2.0/subnetpools/32b5df09-5f4f-455b-9ee9-9ca5c0b54509/tags HTTP/1.1" status: 200 len: 212 time: 0.0346642
2026-07-14 18:48:39.091 10 INFO neutron.wsgi [None req-9fdd8a7b-11c6-4a6f-b7ac-bdf68ab1988f 3b6d2294b8d84aaca41bd6bc074004e7 67a2e8b01638497fb43b5613c08e1cf4 - - default default] 10.0.0.70 "GET /v2.0/subnetpools?tags=red HTTP/1.1" status: 200 len: 1758 time: 0.0357971
2026-07-14 18:48:39.118 9 INFO neutron.wsgi [req-ba71efd7-5e45-4880-b4c4-6caa595f64a8 req-fc6032ca-824c-4fb8-b84d-57f2180954b8 bc039332a626462b80a111b4b2ecb280 929db5240b3249239d5e1afb01ba49bf - - 836454d2791c49c1902648f62b0f7497 836454d2791c49c1902648f62b0f7497] 199.204.45.210 "GET /v2.0/networks/eca71c28-54f8-494b-a0ef-5e939c1e1ec3?fields=provider%3Aphysical_network&fields=provider%3Anetwork_type HTTP/1.1" status: 200 len: 277 time: 0.0903544
2026-07-14 18:48:39.132 10 INFO neutron.wsgi [None req-5eda19f1-194b-45f9-8cc4-bee04bd944df 3b6d2294b8d84aaca41bd6bc074004e7 67a2e8b01638497fb43b5613c08e1cf4 - - default default] 10.0.0.70 "GET /v2.0/subnetpools?tags=red%2Cblue HTTP/1.1" status: 200 len: 1251 time: 0.0348632
2026-07-14 18:48:39.171 10 INFO neutron.wsgi [None req-c860d648-3aaf-42ee-9406-7a5e0d4fd275 3b6d2294b8d84aaca41bd6bc074004e7 67a2e8b01638497fb43b5613c08e1cf4 - - default default] 10.0.0.70 "GET /v2.0/subnetpools?tags-any=blue HTTP/1.1" status: 200 len: 1251 time: 0.0290051
2026-07-14 18:48:39.208 10 INFO neutron.wsgi [None req-913fdc39-f1f1-419e-a397-ba703645e264 3b6d2294b8d84aaca41bd6bc074004e7 67a2e8b01638497fb43b5613c08e1cf4 - - default default] 10.0.0.70 "GET /v2.0/subnetpools?tags-any=red%2Cblue HTTP/1.1" status: 200 len: 1758 time: 0.0288911
2026-07-14 18:48:39.219 9 INFO neutron.db.ovn_revision_numbers_db [None req-e3e8cad7-fef3-4390-aa49-13a41e473e6d 72c5f0bc0db94412bece0ab9f01de6be c52e8e415a5942cf89d03a155f39df02 - - default default] Successfully bumped revision number for resource 0ff536ea-4eb1-459f-98bd-f4de000b0733 (type: ports) to 2
2026-07-14 18:48:39.247 9 INFO neutron.wsgi [None req-130153d6-1365-463e-8bb9-f89c308f1688 3b6d2294b8d84aaca41bd6bc074004e7 67a2e8b01638497fb43b5613c08e1cf4 - - default default] 10.0.0.70 "GET /v2.0/subnetpools?not-tags=red HTTP/1.1" status: 200 len: 1223 time: 0.0338676
2026-07-14 18:48:39.279 9 INFO neutron.wsgi [None req-922177eb-0d0e-4d97-8679-16c835fd63ad 3b6d2294b8d84aaca41bd6bc074004e7 67a2e8b01638497fb43b5613c08e1cf4 - - default default] 10.0.0.70 "GET /v2.0/subnetpools?not-tags=red%2Cblue HTTP/1.1" status: 200 len: 1730 time: 0.0266962
2026-07-14 18:48:39.289 9 INFO neutron.db.ovn_revision_numbers_db [None req-e3e8cad7-fef3-4390-aa49-13a41e473e6d 72c5f0bc0db94412bece0ab9f01de6be c52e8e415a5942cf89d03a155f39df02 - - default default] Successfully bumped revision number for resource fceea780-0ed0-4436-9e83-8dc3670cb8c3 (type: subnets) to 0
2026-07-14 18:48:39.313 9 INFO neutron.wsgi [None req-8979d422-f91f-420f-9f75-30fef76a948a 3b6d2294b8d84aaca41bd6bc074004e7 67a2e8b01638497fb43b5613c08e1cf4 - - default default] 10.0.0.70 "GET /v2.0/subnetpools?not-tags-any=blue HTTP/1.1" status: 200 len: 1730 time: 0.0298049
2026-07-14 18:48:39.316 9 INFO neutron.wsgi [None req-e3e8cad7-fef3-4390-aa49-13a41e473e6d 72c5f0bc0db94412bece0ab9f01de6be c52e8e415a5942cf89d03a155f39df02 - - default default] 10.0.0.70 "POST /v2.0/subnets HTTP/1.1" status: 201 len: 801 time: 1.3846269
2026-07-14 18:48:39.346 9 INFO neutron.wsgi [None req-f1280a22-2ac7-49f0-aef7-c257d5d59835 3b6d2294b8d84aaca41bd6bc074004e7 67a2e8b01638497fb43b5613c08e1cf4 - - default default] 10.0.0.70 "GET /v2.0/subnetpools?not-tags-any=red%2Cblue HTTP/1.1" status: 200 len: 1223 time: 0.0289490
2026-07-14 18:48:39.413 9 INFO neutron.wsgi [None req-1ba51044-2720-4998-9e7c-3297face1130 3b6d2294b8d84aaca41bd6bc074004e7 67a2e8b01638497fb43b5613c08e1cf4 - - default default] 10.0.0.70 "DELETE /v2.0/subnetpools/90473b83-7f2b-449f-aeff-9493f9d27ec8 HTTP/1.1" status: 204 len: 168 time: 0.0578871
2026-07-14 18:48:39.505 9 INFO neutron.wsgi [None req-7f24085d-64de-49f5-8ae7-a7de899e2874 3b6d2294b8d84aaca41bd6bc074004e7 67a2e8b01638497fb43b5613c08e1cf4 - - default default] 10.0.0.70 "DELETE /v2.0/subnetpools/279fb0d5-03d6-4bc9-a99e-8bddd9e2d45b HTTP/1.1" status: 204 len: 168 time: 0.0820367
2026-07-14 18:48:39.526 9 INFO neutron.db.ovn_revision_numbers_db [None req-e20151d4-ab60-4700-b274-9909984b9314 7bbe5fbbecb04c67aaf0e51e1e70f88f 1df9047b14b549089d81bf61621eaab4 - - default default] Successfully bumped revision number for resource 798303eb-9ada-459d-bd9a-e2f68466e988 (type: security_groups) to 1
2026-07-14 18:48:39.553 9 INFO neutron.db.ovn_revision_numbers_db [None req-e20151d4-ab60-4700-b274-9909984b9314 7bbe5fbbecb04c67aaf0e51e1e70f88f 1df9047b14b549089d81bf61621eaab4 - - default default] Successfully bumped revision number for resource 3a955fd9-a4fb-4c93-b5d8-98087fd41b9a (type: security_group_rules) to 0
2026-07-14 18:48:39.582 9 INFO neutron.db.ovn_revision_numbers_db [None req-e20151d4-ab60-4700-b274-9909984b9314 7bbe5fbbecb04c67aaf0e51e1e70f88f 1df9047b14b549089d81bf61621eaab4 - - default default] Successfully bumped revision number for resource 79096747-1138-4308-aebc-760167dd525b (type: security_group_rules) to 0
2026-07-14 18:48:39.588 9 INFO neutron.wsgi [None req-6da56ec0-4d40-4302-965d-0afcafe5e74a 3b6d2294b8d84aaca41bd6bc074004e7 67a2e8b01638497fb43b5613c08e1cf4 - - default default] 10.0.0.70 "DELETE /v2.0/subnetpools/029ca055-5b28-4ea2-864b-91559cf34d95 HTTP/1.1" status: 204 len: 168 time: 0.0747182
2026-07-14 18:48:39.609 9 INFO neutron.db.ovn_revision_numbers_db [None req-e20151d4-ab60-4700-b274-9909984b9314 7bbe5fbbecb04c67aaf0e51e1e70f88f 1df9047b14b549089d81bf61621eaab4 - - default default] Successfully bumped revision number for resource 7b726816-6a98-4852-9b9d-a9702cbfb76d (type: security_group_rules) to 0
2026-07-14 18:48:39.640 9 INFO neutron.db.ovn_revision_numbers_db [None req-e20151d4-ab60-4700-b274-9909984b9314 7bbe5fbbecb04c67aaf0e51e1e70f88f 1df9047b14b549089d81bf61621eaab4 - - default default] Successfully bumped revision number for resource edc64786-641b-4e52-82d3-926e84ddee87 (type: security_group_rules) to 0
2026-07-14 18:48:39.668 9 INFO neutron.wsgi [None req-f3ad3976-1631-4f3a-9baf-55045c6110d0 3b6d2294b8d84aaca41bd6bc074004e7 67a2e8b01638497fb43b5613c08e1cf4 - - default default] 10.0.0.70 "DELETE /v2.0/subnetpools/32b5df09-5f4f-455b-9ee9-9ca5c0b54509 HTTP/1.1" status: 204 len: 168 time: 0.0749128
2026-07-14 18:48:39.707 9 INFO neutron.db.segments_db [None req-e20151d4-ab60-4700-b274-9909984b9314 7bbe5fbbecb04c67aaf0e51e1e70f88f 1df9047b14b549089d81bf61621eaab4 - - default default] Added segment e149a96f-0364-41d0-b391-19b3af218a62 of type geneve for network b772e422-0e87-4ae5-8b88-ef2e240446a3
2026-07-14 18:48:39.746 10 INFO neutron.db.ovn_revision_numbers_db [None req-273644f3-661a-4e95-a74b-2cc20bad393f 72c5f0bc0db94412bece0ab9f01de6be c52e8e415a5942cf89d03a155f39df02 - - default default] Successfully bumped revision number for resource 5387ca1c-15de-4476-993e-e62d480c529a (type: routers) to 1
2026-07-14 18:48:39.763 10 INFO neutron.wsgi [None req-273644f3-661a-4e95-a74b-2cc20bad393f 72c5f0bc0db94412bece0ab9f01de6be c52e8e415a5942cf89d03a155f39df02 - - default default] 10.0.0.70 "POST /v2.0/routers HTTP/1.1" status: 201 len: 686 time: 0.4415288
2026-07-14 18:48:39.768 9 INFO neutron.wsgi [None req-5335033a-c0d5-4b59-8880-0a8905776cd7 3b6d2294b8d84aaca41bd6bc074004e7 67a2e8b01638497fb43b5613c08e1cf4 - - default default] 10.0.0.70 "DELETE /v2.0/subnetpools/3481dcbb-28b0-434a-9c3f-c6bcee37252f HTTP/1.1" status: 204 len: 168 time: 0.0910985
2026-07-14 18:48:39.808 9 INFO neutron.db.ovn_revision_numbers_db [None req-a40a2bc6-5510-420d-840c-1f38a6807950 fbdf7851f9c94b56ac70889996fcc51b 3c2831423196499c831ba94af63a04aa - - default default] Successfully bumped revision number for resource 470f63b7-42df-4e3b-bf8b-50dec4a88f7f (type: security_groups) to 1
2026-07-14 18:48:39.843 9 INFO neutron.db.ovn_revision_numbers_db [None req-a40a2bc6-5510-420d-840c-1f38a6807950 fbdf7851f9c94b56ac70889996fcc51b 3c2831423196499c831ba94af63a04aa - - default default] Successfully bumped revision number for resource 51eb1d52-0d0d-45e8-ad6c-a854cb5fb257 (type: security_group_rules) to 0
2026-07-14 18:48:40.051 9 INFO neutron.db.ovn_revision_numbers_db [None req-a40a2bc6-5510-420d-840c-1f38a6807950 fbdf7851f9c94b56ac70889996fcc51b 3c2831423196499c831ba94af63a04aa - - default default] Successfully bumped revision number for resource 64c37ba1-4ad9-409b-b023-e45628d62448 (type: security_group_rules) to 0
2026-07-14 18:48:40.065 9 INFO neutron.db.ovn_revision_numbers_db [None req-e20151d4-ab60-4700-b274-9909984b9314 7bbe5fbbecb04c67aaf0e51e1e70f88f 1df9047b14b549089d81bf61621eaab4 - - default default] Successfully bumped revision number for resource b772e422-0e87-4ae5-8b88-ef2e240446a3 (type: networks) to 1
2026-07-14 18:48:40.074 9 INFO neutron.wsgi [None req-a40a2bc6-5510-420d-840c-1f38a6807950 fbdf7851f9c94b56ac70889996fcc51b 3c2831423196499c831ba94af63a04aa - - default default] 10.0.0.70 "POST /v2.0/security-groups HTTP/1.1" status: 201 len: 1811 time: 0.4463904
2026-07-14 18:48:40.249 10 WARNING neutron.scheduler.dhcp_agent_scheduler [None req-0d829201-5cad-4f19-aded-c3f392fef396 72c5f0bc0db94412bece0ab9f01de6be c52e8e415a5942cf89d03a155f39df02 - - default default] No more DHCP agents
2026-07-14 18:48:40.252 10 WARNING neutron.api.rpc.agentnotifiers.dhcp_rpc_agent_api [None req-0d829201-5cad-4f19-aded-c3f392fef396 72c5f0bc0db94412bece0ab9f01de6be c52e8e415a5942cf89d03a155f39df02 - - default default] Unable to schedule network e4a58188-835e-4b30-a425-36b92d9b6df1: no agents available; will retry on subsequent port and subnet creation events.
2026-07-14 18:48:40.274 10 INFO neutron.db.ovn_revision_numbers_db [None req-0ae79279-1ef9-4c1f-b98c-d1c3b81f14a6 fbdf7851f9c94b56ac70889996fcc51b 3c2831423196499c831ba94af63a04aa - - default default] Successfully bumped revision number for resource 8db58eb8-845c-4e6c-b2f0-6a8a727c24f6 (type: security_group_rules) to 0
2026-07-14 18:48:40.293 9 WARNING neutron.scheduler.dhcp_agent_scheduler [None req-e20151d4-ab60-4700-b274-9909984b9314 7bbe5fbbecb04c67aaf0e51e1e70f88f 1df9047b14b549089d81bf61621eaab4 - - default default] No more DHCP agents
2026-07-14 18:48:40.296 9 WARNING neutron.api.rpc.agentnotifiers.dhcp_rpc_agent_api [None req-e20151d4-ab60-4700-b274-9909984b9314 7bbe5fbbecb04c67aaf0e51e1e70f88f 1df9047b14b549089d81bf61621eaab4 - - default default] Unable to schedule network b772e422-0e87-4ae5-8b88-ef2e240446a3: no agents available; will retry on subsequent port and subnet creation events.
2026-07-14 18:48:40.313 10 INFO neutron.wsgi [None req-0ae79279-1ef9-4c1f-b98c-d1c3b81f14a6 fbdf7851f9c94b56ac70889996fcc51b 3c2831423196499c831ba94af63a04aa - - default default] 10.0.0.70 "POST /v2.0/security-group-rules HTTP/1.1" status: 201 len: 764 time: 0.2327013
2026-07-14 18:48:40.399 9 INFO neutron.db.ovn_revision_numbers_db [None req-e20151d4-ab60-4700-b274-9909984b9314 7bbe5fbbecb04c67aaf0e51e1e70f88f 1df9047b14b549089d81bf61621eaab4 - - default default] Successfully bumped revision number for resource 960c0ec3-4543-4532-898c-410f8e19497e (type: ports) to 1
2026-07-14 18:48:40.418 9 INFO neutron.wsgi [None req-e20151d4-ab60-4700-b274-9909984b9314 7bbe5fbbecb04c67aaf0e51e1e70f88f 1df9047b14b549089d81bf61621eaab4 - - default default] 10.0.0.70 "POST /v2.0/networks HTTP/1.1" status: 201 len: 943 time: 1.0897551
2026-07-14 18:48:40.475 10 INFO neutron.db.ovn_revision_numbers_db [None req-0d829201-5cad-4f19-aded-c3f392fef396 72c5f0bc0db94412bece0ab9f01de6be c52e8e415a5942cf89d03a155f39df02 - - default default] Successfully bumped revision number for resource e9f2d55d-5b93-4652-a258-7ebd0bcafe74 (type: ports) to 1
2026-07-14 18:48:40.543 10 INFO neutron.db.ovn_revision_numbers_db [None req-85f8da4f-d7d8-4ff2-ba72-82a181f9d692 fbdf7851f9c94b56ac70889996fcc51b 3c2831423196499c831ba94af63a04aa - - default default] Successfully bumped revision number for resource 03fdca88-4bec-4bb4-8c84-d79f632bfd1e (type: security_group_rules) to 0
2026-07-14 18:48:40.582 10 INFO neutron.wsgi [None req-85f8da4f-d7d8-4ff2-ba72-82a181f9d692 fbdf7851f9c94b56ac70889996fcc51b 3c2831423196499c831ba94af63a04aa - - default default] 10.0.0.70 "POST /v2.0/security-group-rules HTTP/1.1" status: 201 len: 763 time: 0.2614167
2026-07-14 18:48:40.656 10 WARNING neutron.scheduler.dhcp_agent_scheduler [None req-ac14dcb5-5a38-468e-80f0-ca1c9091fb32 7bbe5fbbecb04c67aaf0e51e1e70f88f 1df9047b14b549089d81bf61621eaab4 - - default default] No more DHCP agents
2026-07-14 18:48:40.659 10 WARNING neutron.api.rpc.agentnotifiers.dhcp_rpc_agent_api [None req-ac14dcb5-5a38-468e-80f0-ca1c9091fb32 7bbe5fbbecb04c67aaf0e51e1e70f88f 1df9047b14b549089d81bf61621eaab4 - - default default] Unable to schedule network b772e422-0e87-4ae5-8b88-ef2e240446a3: no agents available; will retry on subsequent port and subnet creation events.
2026-07-14 18:48:40.821 9 INFO neutron.db.ovn_revision_numbers_db [None req-b3d4e2cc-d913-4ef0-bb0c-51804846bee4 fbdf7851f9c94b56ac70889996fcc51b 3c2831423196499c831ba94af63a04aa - - default default] Successfully bumped revision number for resource 0300297e-6c0b-4d96-ad93-f54b34e098d7 (type: security_group_rules) to 0
2026-07-14 18:48:40.850 9 INFO neutron.wsgi [None req-b3d4e2cc-d913-4ef0-bb0c-51804846bee4 fbdf7851f9c94b56ac70889996fcc51b 3c2831423196499c831ba94af63a04aa - - default default] 10.0.0.70 "POST /v2.0/security-group-rules HTTP/1.1" status: 201 len: 769 time: 0.2607706
2026-07-14 18:48:41.000 9 INFO neutron.db.ovn_revision_numbers_db [None req-b5c65cba-4442-492b-9f52-258eafac3c11 fbdf7851f9c94b56ac70889996fcc51b 3c2831423196499c831ba94af63a04aa - - default default] Successfully bumped revision number for resource 7ca8ff18-99db-4640-b30a-75e06ebff6f0 (type: security_group_rules) to 0
2026-07-14 18:48:41.028 9 INFO neutron.wsgi [None req-b5c65cba-4442-492b-9f52-258eafac3c11 fbdf7851f9c94b56ac70889996fcc51b 3c2831423196499c831ba94af63a04aa - - default default] 10.0.0.70 "POST /v2.0/security-group-rules HTTP/1.1" status: 201 len: 768 time: 0.1703062
2026-07-14 18:48:41.057 9 INFO neutron.db.securitygroups_db [None req-3406d1e5-0157-4c9a-bf13-95b75990d9e0 fbdf7851f9c94b56ac70889996fcc51b 3c2831423196499c831ba94af63a04aa - - default default] Project 3c2831423196499c831ba94af63a04aa added a security group rule with legacy IPv6 ICMP protocol name icmp, ipv6-icmp should be used instead. It was automatically converted.
2026-07-14 18:48:41.112 10 INFO neutron.db.ovn_revision_numbers_db [None req-0d829201-5cad-4f19-aded-c3f392fef396 72c5f0bc0db94412bece0ab9f01de6be c52e8e415a5942cf89d03a155f39df02 - - default default] Successfully bumped revision number for resource e9f2d55d-5b93-4652-a258-7ebd0bcafe74 (type: router_ports) to 1
2026-07-14 18:48:41.165 9 INFO neutron.db.ovn_revision_numbers_db [None req-3406d1e5-0157-4c9a-bf13-95b75990d9e0 fbdf7851f9c94b56ac70889996fcc51b 3c2831423196499c831ba94af63a04aa - - default default] Successfully bumped revision number for resource 967297a2-3a59-43ed-a8f9-2b4349b9c5e4 (type: security_group_rules) to 0
2026-07-14 18:48:41.191 9 INFO neutron.wsgi [None req-3406d1e5-0157-4c9a-bf13-95b75990d9e0 fbdf7851f9c94b56ac70889996fcc51b 3c2831423196499c831ba94af63a04aa - - default default] 10.0.0.70 "POST /v2.0/security-group-rules HTTP/1.1" status: 201 len: 774 time: 0.1562490
2026-07-14 18:48:41.222 9 INFO neutron.db.securitygroups_db [None req-51a9e16b-26c8-4073-aeec-7d84ab365791 fbdf7851f9c94b56ac70889996fcc51b 3c2831423196499c831ba94af63a04aa - - default default] Project 3c2831423196499c831ba94af63a04aa added a security group rule with legacy IPv6 ICMP protocol name icmp, ipv6-icmp should be used instead. It was automatically converted.
2026-07-14 18:48:41.262 10 INFO neutron.db.ovn_revision_numbers_db [None req-d9f943d9-fa6e-40e0-9339-0e9f602e4725 7bbe5fbbecb04c67aaf0e51e1e70f88f 1df9047b14b549089d81bf61621eaab4 - - default default] Successfully bumped revision number for resource a63b0f0d-0d3a-4983-888d-6a358361b0e0 (type: security_groups) to 1
2026-07-14 18:48:41.294 10 INFO neutron.db.ovn_revision_numbers_db [None req-d9f943d9-fa6e-40e0-9339-0e9f602e4725 7bbe5fbbecb04c67aaf0e51e1e70f88f 1df9047b14b549089d81bf61621eaab4 - - default default] Successfully bumped revision number for resource 91b48fba-72ee-4bb8-b476-4aa045e513ac (type: security_group_rules) to 0
2026-07-14 18:48:41.328 9 INFO neutron.db.ovn_revision_numbers_db [None req-51a9e16b-26c8-4073-aeec-7d84ab365791 fbdf7851f9c94b56ac70889996fcc51b 3c2831423196499c831ba94af63a04aa - - default default] Successfully bumped revision number for resource 34423c4f-4c6e-4b67-91a3-296578eaaa09 (type: security_group_rules) to 0
2026-07-14 18:48:41.347 10 INFO neutron.db.ovn_revision_numbers_db [None req-d9f943d9-fa6e-40e0-9339-0e9f602e4725 7bbe5fbbecb04c67aaf0e51e1e70f88f 1df9047b14b549089d81bf61621eaab4 - - default default] Successfully bumped revision number for resource 957b06ad-2ec7-4937-9239-2b4f8fbb7d58 (type: security_group_rules) to 0
2026-07-14 18:48:41.354 9 INFO neutron.wsgi [None req-51a9e16b-26c8-4073-aeec-7d84ab365791 fbdf7851f9c94b56ac70889996fcc51b 3c2831423196499c831ba94af63a04aa - - default default] 10.0.0.70 "POST /v2.0/security-group-rules HTTP/1.1" status: 201 len: 773 time: 0.1546021
2026-07-14 18:48:41.376 10 INFO neutron.db.ovn_revision_numbers_db [None req-d9f943d9-fa6e-40e0-9339-0e9f602e4725 7bbe5fbbecb04c67aaf0e51e1e70f88f 1df9047b14b549089d81bf61621eaab4 - - default default] Successfully bumped revision number for resource a3862aaf-ff28-4725-bd00-85308d29d6cc (type: security_group_rules) to 0
2026-07-14 18:48:41.418 10 INFO neutron.db.ovn_revision_numbers_db [None req-d9f943d9-fa6e-40e0-9339-0e9f602e4725 7bbe5fbbecb04c67aaf0e51e1e70f88f 1df9047b14b549089d81bf61621eaab4 - - default default] Successfully bumped revision number for resource b0b3cda9-64de-42ec-8305-e6aa4e9b1413 (type: security_group_rules) to 0
2026-07-14 18:48:41.423 10 INFO neutron.db.ovn_revision_numbers_db [None req-0d829201-5cad-4f19-aded-c3f392fef396 72c5f0bc0db94412bece0ab9f01de6be c52e8e415a5942cf89d03a155f39df02 - - default default] Successfully bumped revision number for resource e9f2d55d-5b93-4652-a258-7ebd0bcafe74 (type: ports) to 1
2026-07-14 18:48:41.455 10 INFO neutron.wsgi [None req-d9f943d9-fa6e-40e0-9339-0e9f602e4725 7bbe5fbbecb04c67aaf0e51e1e70f88f 1df9047b14b549089d81bf61621eaab4 - - default default] 10.0.0.70 "GET /v2.0/security-groups?tenant_id=67a2e8b01638497fb43b5613c08e1cf4&name=default HTTP/1.1" status: 200 len: 2996 time: 0.6303303
2026-07-14 18:48:41.519 10 INFO neutron.db.ovn_revision_numbers_db [None req-ac14dcb5-5a38-468e-80f0-ca1c9091fb32 7bbe5fbbecb04c67aaf0e51e1e70f88f 1df9047b14b549089d81bf61621eaab4 - - default default] Successfully bumped revision number for resource 960c0ec3-4543-4532-898c-410f8e19497e (type: ports) to 2
2026-07-14 18:48:41.524 10 WARNING neutron.scheduler.dhcp_agent_scheduler [None req-0d829201-5cad-4f19-aded-c3f392fef396 72c5f0bc0db94412bece0ab9f01de6be c52e8e415a5942cf89d03a155f39df02 - - default default] No more DHCP agents
2026-07-14 18:48:41.526 10 WARNING neutron.api.rpc.agentnotifiers.dhcp_rpc_agent_api [None req-0d829201-5cad-4f19-aded-c3f392fef396 72c5f0bc0db94412bece0ab9f01de6be c52e8e415a5942cf89d03a155f39df02 - - default default] Unable to schedule network e4a58188-835e-4b30-a425-36b92d9b6df1: no agents available; will retry on subsequent port and subnet creation events.
2026-07-14 18:48:41.568 10 INFO neutron.db.ovn_revision_numbers_db [None req-ac14dcb5-5a38-468e-80f0-ca1c9091fb32 7bbe5fbbecb04c67aaf0e51e1e70f88f 1df9047b14b549089d81bf61621eaab4 - - default default] Successfully bumped revision number for resource 861548da-61cd-452f-b177-1adb89b9589b (type: subnets) to 0
2026-07-14 18:48:41.617 10 INFO neutron.wsgi [None req-ac14dcb5-5a38-468e-80f0-ca1c9091fb32 7bbe5fbbecb04c67aaf0e51e1e70f88f 1df9047b14b549089d81bf61621eaab4 - - default default] 10.0.0.70 "POST /v2.0/subnets HTTP/1.1" status: 201 len: 863 time: 1.1883500
2026-07-14 18:48:41.688 9 INFO neutron.wsgi [None req-f90ba823-22f2-4938-a814-54da78c32106 7bbe5fbbecb04c67aaf0e51e1e70f88f 1df9047b14b549089d81bf61621eaab4 - - default default] 10.0.0.70 "DELETE /v2.0/security-groups/a63b0f0d-0d3a-4983-888d-6a358361b0e0 HTTP/1.1" status: 204 len: 168 time: 0.2268994
2026-07-14 18:48:41.759 10 INFO neutron.db.ovn_revision_numbers_db [None req-0d829201-5cad-4f19-aded-c3f392fef396 72c5f0bc0db94412bece0ab9f01de6be c52e8e415a5942cf89d03a155f39df02 - - default default] Successfully bumped revision number for resource e9f2d55d-5b93-4652-a258-7ebd0bcafe74 (type: router_ports) to 1
2026-07-14 18:48:41.762 10 INFO neutron.wsgi [None req-0d829201-5cad-4f19-aded-c3f392fef396 72c5f0bc0db94412bece0ab9f01de6be c52e8e415a5942cf89d03a155f39df02 - - default default] 10.0.0.70 "PUT /v2.0/routers/5387ca1c-15de-4476-993e-e62d480c529a/add_router_interface HTTP/1.1" status: 200 len: 503 time: 1.9937649
2026-07-14 18:48:41.801 10 INFO neutron.wsgi [None req-b203bd92-2343-4c71-ad76-b17d07b62f49 72c5f0bc0db94412bece0ab9f01de6be c52e8e415a5942cf89d03a155f39df02 - - default default] 10.0.0.70 "GET /v2.0/ports/e9f2d55d-5b93-4652-a258-7ebd0bcafe74 HTTP/1.1" status: 200 len: 1135 time: 0.0322413
2026-07-14 18:48:41.986 10 INFO neutron.db.ovn_revision_numbers_db [None req-9e9214db-bc8d-49dc-8271-97f720129541 7bbe5fbbecb04c67aaf0e51e1e70f88f 1df9047b14b549089d81bf61621eaab4 - - default default] Successfully bumped revision number for resource 9199ecb2-117f-417c-81b9-541f415aab0e (type: security_groups) to 1
2026-07-14 18:48:42.009 10 INFO neutron.db.ovn_revision_numbers_db [None req-9e9214db-bc8d-49dc-8271-97f720129541 7bbe5fbbecb04c67aaf0e51e1e70f88f 1df9047b14b549089d81bf61621eaab4 - - default default] Successfully bumped revision number for resource 02a6cecb-88bd-4fbb-9b7e-7c72b24b8180 (type: security_group_rules) to 0
2026-07-14 18:48:42.054 10 INFO neutron.db.ovn_revision_numbers_db [None req-9e9214db-bc8d-49dc-8271-97f720129541 7bbe5fbbecb04c67aaf0e51e1e70f88f 1df9047b14b549089d81bf61621eaab4 - - default default] Successfully bumped revision number for resource 3eb75313-d5db-4bde-a0c6-ed4d3de8ce24 (type: security_group_rules) to 0
2026-07-14 18:48:42.078 10 INFO neutron.db.ovn_revision_numbers_db [None req-9e9214db-bc8d-49dc-8271-97f720129541 7bbe5fbbecb04c67aaf0e51e1e70f88f 1df9047b14b549089d81bf61621eaab4 - - default default] Successfully bumped revision number for resource e81da0cf-ef31-4441-88d2-a077af7df437 (type: security_group_rules) to 0
2026-07-14 18:48:42.097 9 INFO neutron.wsgi [None req-49788f06-ddd8-4704-8839-f77244e6274f fbdf7851f9c94b56ac70889996fcc51b 3c2831423196499c831ba94af63a04aa - - default default] 10.0.0.70 "GET /v2.0/networks HTTP/1.1" status: 200 len: 1493 time: 0.3414304
2026-07-14 18:48:42.105 10 INFO neutron.db.ovn_revision_numbers_db [None req-9e9214db-bc8d-49dc-8271-97f720129541 7bbe5fbbecb04c67aaf0e51e1e70f88f 1df9047b14b549089d81bf61621eaab4 - - default default] Successfully bumped revision number for resource fa1d2f97-b270-4a68-8fe0-213f46ccf47b (type: security_group_rules) to 0
2026-07-14 18:48:42.137 10 INFO neutron.wsgi [None req-9e9214db-bc8d-49dc-8271-97f720129541 7bbe5fbbecb04c67aaf0e51e1e70f88f 1df9047b14b549089d81bf61621eaab4 - - default default] 10.0.0.70 "GET /v2.0/security-groups?tenant_id=de8bbbcc21d34fbc9fc9b74fabfdc479&name=default HTTP/1.1" status: 200 len: 2996 time: 0.3353775
2026-07-14 18:48:42.220 9 WARNING neutron.scheduler.dhcp_agent_scheduler [None req-8e38731a-b7cb-4f3e-b3d2-56b5e7ebbb9b 7bbe5fbbecb04c67aaf0e51e1e70f88f 1df9047b14b549089d81bf61621eaab4 - - default default] No more DHCP agents
2026-07-14 18:48:42.234 9 WARNING neutron.api.rpc.agentnotifiers.dhcp_rpc_agent_api [None req-8e38731a-b7cb-4f3e-b3d2-56b5e7ebbb9b 7bbe5fbbecb04c67aaf0e51e1e70f88f 1df9047b14b549089d81bf61621eaab4 - - default default] Unable to schedule network e68dbe2d-7d1c-43f2-9db5-00f2d13b166c: no agents available; will retry on subsequent port and subnet creation events.
2026-07-14 18:48:42.275 10 INFO neutron.wsgi [req-820eb265-e319-45ed-b68d-493f2833523c req-e63c9c2b-5afd-4d04-8ee1-bcf800e33d94 fbdf7851f9c94b56ac70889996fcc51b 3c2831423196499c831ba94af63a04aa - - default default] 10.0.0.200 "GET /v2.0/security-groups?name=tempest-secgroup-smoke-1246879095&fields=id&tenant_id=3c2831423196499c831ba94af63a04aa HTTP/1.1" status: 200 len: 267 time: 0.0763428
2026-07-14 18:48:42.406 9 INFO neutron.db.ovn_revision_numbers_db [None req-8e38731a-b7cb-4f3e-b3d2-56b5e7ebbb9b 7bbe5fbbecb04c67aaf0e51e1e70f88f 1df9047b14b549089d81bf61621eaab4 - - default default] Successfully bumped revision number for resource 000113b9-4c84-43e8-a863-7a8f024a9934 (type: ports) to 1
2026-07-14 18:48:42.413 10 INFO neutron.wsgi [req-820eb265-e319-45ed-b68d-493f2833523c req-aa2655aa-2fd0-4f47-b615-07f6fa58dba4 fbdf7851f9c94b56ac70889996fcc51b 3c2831423196499c831ba94af63a04aa - - default default] 10.0.0.200 "GET /v2.0/networks?id=eca71c28-54f8-494b-a0ef-5e939c1e1ec3 HTTP/1.1" status: 200 len: 860 time: 0.1302319
2026-07-14 18:48:42.444 10 INFO neutron.wsgi [req-820eb265-e319-45ed-b68d-493f2833523c req-724c5aea-68bd-422d-b025-b393b6d99202 fbdf7851f9c94b56ac70889996fcc51b 3c2831423196499c831ba94af63a04aa - - default default] 10.0.0.200 "GET /v2.0/quotas/3c2831423196499c831ba94af63a04aa HTTP/1.1" status: 200 len: 386 time: 0.0221419
2026-07-14 18:48:42.481 10 WARNING neutron.scheduler.dhcp_agent_scheduler [None req-6f2b55f5-529d-4e78-b490-ea3fed2837ef 72c5f0bc0db94412bece0ab9f01de6be c52e8e415a5942cf89d03a155f39df02 - - default default] No more DHCP agents
2026-07-14 18:48:42.487 10 WARNING neutron.api.rpc.agentnotifiers.dhcp_rpc_agent_api [None req-6f2b55f5-529d-4e78-b490-ea3fed2837ef 72c5f0bc0db94412bece0ab9f01de6be c52e8e415a5942cf89d03a155f39df02 - - default default] Unable to schedule network cf57dbab-020c-47c6-8ad5-3314162aa663: no agents available; will retry on subsequent port and subnet creation events.
2026-07-14 18:48:42.832 10 INFO neutron.wsgi [req-820eb265-e319-45ed-b68d-493f2833523c req-841330c2-b1b2-4a6d-8fc3-24ec4fa09bda fbdf7851f9c94b56ac70889996fcc51b 3c2831423196499c831ba94af63a04aa - - default default] 10.0.0.200 "GET /v2.0/ports?tenant_id=3c2831423196499c831ba94af63a04aa&fields=id HTTP/1.1" status: 200 len: 348 time: 0.3808587
2026-07-14 18:48:42.884 10 INFO neutron.wsgi [None req-3620ff65-5426-4a1a-8906-bd5273d83698 7bbe5fbbecb04c67aaf0e51e1e70f88f 1df9047b14b549089d81bf61621eaab4 - - default default] 10.0.0.70 "DELETE /v2.0/security-groups/9199ecb2-117f-417c-81b9-541f415aab0e HTTP/1.1" status: 204 len: 168 time: 0.7412119
2026-07-14 18:48:42.953 10 INFO neutron.wsgi [req-820eb265-e319-45ed-b68d-493f2833523c req-b1a2e3fd-a002-496a-83fd-ab58f4fcd967 bc039332a626462b80a111b4b2ecb280 929db5240b3249239d5e1afb01ba49bf - - 836454d2791c49c1902648f62b0f7497 836454d2791c49c1902648f62b0f7497] 10.0.0.200 "GET /v2.0/networks/eca71c28-54f8-494b-a0ef-5e939c1e1ec3?fields=segments HTTP/1.1" status: 200 len: 212 time: 0.1081905
2026-07-14 18:48:43.031 10 INFO neutron.db.ovn_revision_numbers_db [None req-6f2b55f5-529d-4e78-b490-ea3fed2837ef 72c5f0bc0db94412bece0ab9f01de6be c52e8e415a5942cf89d03a155f39df02 - - default default] Successfully bumped revision number for resource a746f319-ee0f-49b1-8c74-44477812afd0 (type: ports) to 1
2026-07-14 18:48:43.054 10 INFO neutron.wsgi [req-820eb265-e319-45ed-b68d-493f2833523c req-0adcd727-8a8d-42f7-ba85-046d81e5504e bc039332a626462b80a111b4b2ecb280 929db5240b3249239d5e1afb01ba49bf - - 836454d2791c49c1902648f62b0f7497 836454d2791c49c1902648f62b0f7497] 10.0.0.200 "GET /v2.0/networks/eca71c28-54f8-494b-a0ef-5e939c1e1ec3?fields=provider%3Aphysical_network&fields=provider%3Anetwork_type HTTP/1.1" status: 200 len: 277 time: 0.0906072
2026-07-14 18:48:43.095 10 INFO neutron.plugins.ml2.drivers.ovn.mech_driver.mech_driver [None req-7ccc5585-02c5-47af-ba20-a251c21aa15d - - - - - -] OVN reports status up for port: 000113b9-4c84-43e8-a863-7a8f024a9934
2026-07-14 18:48:43.121 10 INFO neutron.plugins.ml2.plugin [None req-7ccc5585-02c5-47af-ba20-a251c21aa15d - - - - - -] Attempt 1 to provision port 000113b9-4c84-43e8-a863-7a8f024a9934
2026-07-14 18:48:43.125 9 INFO neutron.plugins.ml2.drivers.ovn.mech_driver.ovsdb.ovsdb_monitor [None req-5427e4f2-8949-4fd1-9fe3-cd6f083cbab9 - - - - - -] Router 53b6f261-38d5-4966-acaf-4ea87e3d215b is bound to host instance
2026-07-14 18:48:43.158 9 INFO neutron.db.ovn_revision_numbers_db [None req-8e38731a-b7cb-4f3e-b3d2-56b5e7ebbb9b 7bbe5fbbecb04c67aaf0e51e1e70f88f 1df9047b14b549089d81bf61621eaab4 - - default default] Successfully bumped revision number for resource 000113b9-4c84-43e8-a863-7a8f024a9934 (type: router_ports) to 1
2026-07-14 18:48:43.245 9 INFO neutron.wsgi [req-ca389f0b-306b-4d05-bf47-e02967af7a32 req-f7acad09-9dc5-4d1c-bc1e-68321bfb4860 fbdf7851f9c94b56ac70889996fcc51b 3c2831423196499c831ba94af63a04aa - - default default] 10.0.0.200 "GET /v2.0/ports?device_id=8579ab7a-0fb4-437e-b7ef-00522a2445ed HTTP/1.1" status: 200 len: 210 time: 0.0373285
2026-07-14 18:48:43.282 9 INFO neutron.db.ovn_revision_numbers_db [None req-457a138f-e7e2-4dc3-aa29-1cc53b3a4f2a 7bbe5fbbecb04c67aaf0e51e1e70f88f 1df9047b14b549089d81bf61621eaab4 - - default default] Successfully bumped revision number for resource 7b220f6d-5958-4ff0-a959-b070a7726088 (type: security_groups) to 1
2026-07-14 18:48:43.291 9 INFO neutron.db.ovn_revision_numbers_db [None req-8e38731a-b7cb-4f3e-b3d2-56b5e7ebbb9b 7bbe5fbbecb04c67aaf0e51e1e70f88f 1df9047b14b549089d81bf61621eaab4 - - default default] Successfully bumped revision number for resource 53b6f261-38d5-4966-acaf-4ea87e3d215b (type: routers) to 2
2026-07-14 18:48:43.313 9 INFO neutron.wsgi [None req-8e38731a-b7cb-4f3e-b3d2-56b5e7ebbb9b 7bbe5fbbecb04c67aaf0e51e1e70f88f 1df9047b14b549089d81bf61621eaab4 - - default default] 10.0.0.70 "POST /v2.0/routers HTTP/1.1" status: 201 len: 874 time: 1.6906040
2026-07-14 18:48:43.315 9 INFO neutron.db.ovn_revision_numbers_db [None req-457a138f-e7e2-4dc3-aa29-1cc53b3a4f2a 7bbe5fbbecb04c67aaf0e51e1e70f88f 1df9047b14b549089d81bf61621eaab4 - - default default] Successfully bumped revision number for resource 26806b0e-819a-45a0-9d66-bbf469d7e72a (type: security_group_rules) to 0
2026-07-14 18:48:43.341 9 INFO neutron.db.ovn_revision_numbers_db [None req-457a138f-e7e2-4dc3-aa29-1cc53b3a4f2a 7bbe5fbbecb04c67aaf0e51e1e70f88f 1df9047b14b549089d81bf61621eaab4 - - default default] Successfully bumped revision number for resource 8c40c562-9359-4399-b996-247de4714670 (type: security_group_rules) to 0
2026-07-14 18:48:43.366 9 INFO neutron.db.ovn_revision_numbers_db [None req-457a138f-e7e2-4dc3-aa29-1cc53b3a4f2a 7bbe5fbbecb04c67aaf0e51e1e70f88f 1df9047b14b549089d81bf61621eaab4 - - default default] Successfully bumped revision number for resource a828ccc5-648c-474d-95dd-2b1bceaf546f (type: security_group_rules) to 0
2026-07-14 18:48:43.393 9 INFO neutron.db.ovn_revision_numbers_db [None req-457a138f-e7e2-4dc3-aa29-1cc53b3a4f2a 7bbe5fbbecb04c67aaf0e51e1e70f88f 1df9047b14b549089d81bf61621eaab4 - - default default] Successfully bumped revision number for resource d303d437-e517-4753-b0bf-055deb3c3194 (type: security_group_rules) to 0
2026-07-14 18:48:43.427 9 INFO neutron.wsgi [None req-457a138f-e7e2-4dc3-aa29-1cc53b3a4f2a 7bbe5fbbecb04c67aaf0e51e1e70f88f 1df9047b14b549089d81bf61621eaab4 - - default default] 10.0.0.70 "GET /v2.0/security-groups?tenant_id=214436808e014c5bafc2c2748f4fca85&name=default HTTP/1.1" status: 200 len: 2996 time: 0.3790720
2026-07-14 18:48:43.608 10 INFO neutron.db.ovn_revision_numbers_db [None req-6f2b55f5-529d-4e78-b490-ea3fed2837ef 72c5f0bc0db94412bece0ab9f01de6be c52e8e415a5942cf89d03a155f39df02 - - default default] Successfully bumped revision number for resource a746f319-ee0f-49b1-8c74-44477812afd0 (type: router_ports) to 1
2026-07-14 18:48:43.757 9 INFO neutron.wsgi [None req-8056cf5f-3d9c-40a3-9a6a-7a87c693de52 7bbe5fbbecb04c67aaf0e51e1e70f88f 1df9047b14b549089d81bf61621eaab4 - - default default] 10.0.0.70 "DELETE /v2.0/security-groups/7b220f6d-5958-4ff0-a959-b070a7726088 HTTP/1.1" status: 204 len: 168 time: 0.3250446
2026-07-14 18:48:43.834 9 INFO neutron.db.ovn_revision_numbers_db [None req-5427e4f2-8949-4fd1-9fe3-cd6f083cbab9 - - - - - -] Successfully bumped revision number for resource 000113b9-4c84-43e8-a863-7a8f024a9934 (type: ports) to 1
2026-07-14 18:48:43.845 10 INFO neutron.db.ovn_revision_numbers_db [None req-6f2b55f5-529d-4e78-b490-ea3fed2837ef 72c5f0bc0db94412bece0ab9f01de6be c52e8e415a5942cf89d03a155f39df02 - - default default] Successfully bumped revision number for resource a746f319-ee0f-49b1-8c74-44477812afd0 (type: ports) to 1
2026-07-14 18:48:43.901 10 WARNING neutron.scheduler.dhcp_agent_scheduler [None req-40d3820a-5a76-4374-a8da-e48fea5ed143 7bbe5fbbecb04c67aaf0e51e1e70f88f 1df9047b14b549089d81bf61621eaab4 - - default default] No more DHCP agents
2026-07-14 18:48:43.906 10 WARNING neutron.api.rpc.agentnotifiers.dhcp_rpc_agent_api [None req-40d3820a-5a76-4374-a8da-e48fea5ed143 7bbe5fbbecb04c67aaf0e51e1e70f88f 1df9047b14b549089d81bf61621eaab4 - - default default] Unable to schedule network b772e422-0e87-4ae5-8b88-ef2e240446a3: no agents available; will retry on subsequent port and subnet creation events.
2026-07-14 18:48:43.947 10 WARNING neutron.scheduler.dhcp_agent_scheduler [None req-6f2b55f5-529d-4e78-b490-ea3fed2837ef 72c5f0bc0db94412bece0ab9f01de6be c52e8e415a5942cf89d03a155f39df02 - - default default] No more DHCP agents
2026-07-14 18:48:43.949 10 WARNING neutron.api.rpc.agentnotifiers.dhcp_rpc_agent_api [None req-6f2b55f5-529d-4e78-b490-ea3fed2837ef 72c5f0bc0db94412bece0ab9f01de6be c52e8e415a5942cf89d03a155f39df02 - - default default] Unable to schedule network cf57dbab-020c-47c6-8ad5-3314162aa663: no agents available; will retry on subsequent port and subnet creation events.
2026-07-14 18:48:44.130 9 WARNING neutron.plugins.ml2.drivers.ovn.mech_driver.ovsdb.ovn_client [None req-715a825c-8b9b-440a-a22e-2dd40be042ea - - - - - -] No hosting information found for port 5a3ec5fa-22c1-4942-be87-0921ffe997ae: RuntimeError: No hosting information found for port 5a3ec5fa-22c1-4942-be87-0921ffe997ae
2026-07-14 18:48:44.130 9 INFO neutron.plugins.ml2.drivers.ovn.mech_driver.mech_driver [None req-715a825c-8b9b-440a-a22e-2dd40be042ea - - - - - -] OVN reports status up for port: e9f2d55d-5b93-4652-a258-7ebd0bcafe74
2026-07-14 18:48:44.139 9 INFO neutron.plugins.ml2.plugin [None req-715a825c-8b9b-440a-a22e-2dd40be042ea - - - - - -] Attempt 1 to provision port e9f2d55d-5b93-4652-a258-7ebd0bcafe74
2026-07-14 18:48:44.160 10 INFO neutron.db.ovn_revision_numbers_db [None req-40d3820a-5a76-4374-a8da-e48fea5ed143 7bbe5fbbecb04c67aaf0e51e1e70f88f 1df9047b14b549089d81bf61621eaab4 - - default default] Successfully bumped revision number for resource 705c8832-a58e-4bdf-a800-4ea486ce9a41 (type: ports) to 1
2026-07-14 18:48:44.223 10 INFO neutron.db.ovn_revision_numbers_db [None req-6f2b55f5-529d-4e78-b490-ea3fed2837ef 72c5f0bc0db94412bece0ab9f01de6be c52e8e415a5942cf89d03a155f39df02 - - default default] Successfully bumped revision number for resource a746f319-ee0f-49b1-8c74-44477812afd0 (type: router_ports) to 1
2026-07-14 18:48:44.226 10 INFO neutron.wsgi [None req-6f2b55f5-529d-4e78-b490-ea3fed2837ef 72c5f0bc0db94412bece0ab9f01de6be c52e8e415a5942cf89d03a155f39df02 - - default default] 10.0.0.70 "PUT /v2.0/routers/5387ca1c-15de-4476-993e-e62d480c529a/add_router_interface HTTP/1.1" status: 200 len: 503 time: 2.4192314
2026-07-14 18:48:44.342 10 INFO neutron.wsgi [req-7a19dfc5-a0f2-483f-8054-07d6c8ab967f req-6336b62c-24bb-4497-95c2-b12af5e7d24e fbdf7851f9c94b56ac70889996fcc51b 3c2831423196499c831ba94af63a04aa - - default default] 10.0.0.200 "GET /v2.0/ports?device_id=8579ab7a-0fb4-437e-b7ef-00522a2445ed HTTP/1.1" status: 200 len: 210 time: 0.0348008
2026-07-14 18:48:44.420 9 INFO neutron.wsgi [req-820eb265-e319-45ed-b68d-493f2833523c req-a9c5e942-bffa-41b2-baaa-18e3fec1c29c fbdf7851f9c94b56ac70889996fcc51b 3c2831423196499c831ba94af63a04aa - - default default] 199.204.45.210 "GET /v2.0/networks?id=eca71c28-54f8-494b-a0ef-5e939c1e1ec3 HTTP/1.1" status: 200 len: 860 time: 0.1771798
2026-07-14 18:48:44.474 9 INFO neutron.wsgi [None req-5779763c-13c2-467e-a46d-27793377b56b 72c5f0bc0db94412bece0ab9f01de6be c52e8e415a5942cf89d03a155f39df02 - - default default] 10.0.0.70 "GET /v2.0/ports/a746f319-ee0f-49b1-8c74-44477812afd0 HTTP/1.1" status: 200 len: 1135 time: 0.2412927
2026-07-14 18:48:44.553 9 INFO neutron.wsgi [req-820eb265-e319-45ed-b68d-493f2833523c req-94729303-1ed8-4676-be1c-9a469f288bab fbdf7851f9c94b56ac70889996fcc51b 3c2831423196499c831ba94af63a04aa - - default default] 199.204.45.210 "GET /v2.0/security-groups?fields=id&fields=name&tenant_id=3c2831423196499c831ba94af63a04aa HTTP/1.1" status: 200 len: 473 time: 0.1277535
2026-07-14 18:48:44.623 10 INFO neutron.wsgi [None req-be6f445c-847d-4230-86d4-4f5884fe9fec 72c5f0bc0db94412bece0ab9f01de6be c52e8e415a5942cf89d03a155f39df02 - - default default] 10.0.0.70 "GET /v2.0/ports/a746f319-ee0f-49b1-8c74-44477812afd0 HTTP/1.1" status: 200 len: 1135 time: 0.1435990
2026-07-14 18:48:44.686 9 INFO neutron.db.ovn_revision_numbers_db [None req-5427e4f2-8949-4fd1-9fe3-cd6f083cbab9 - - - - - -] Successfully bumped revision number for resource 000113b9-4c84-43e8-a863-7a8f024a9934 (type: router_ports) to 3
2026-07-14 18:48:44.839 10 INFO neutron.db.ovn_revision_numbers_db [None req-40d3820a-5a76-4374-a8da-e48fea5ed143 7bbe5fbbecb04c67aaf0e51e1e70f88f 1df9047b14b549089d81bf61621eaab4 - - default default] Successfully bumped revision number for resource 705c8832-a58e-4bdf-a800-4ea486ce9a41 (type: router_ports) to 1
2026-07-14 18:48:44.870 9 INFO neutron.db.ovn_revision_numbers_db [None req-715a825c-8b9b-440a-a22e-2dd40be042ea - - - - - -] Successfully bumped revision number for resource e9f2d55d-5b93-4652-a258-7ebd0bcafe74 (type: ports) to 2
2026-07-14 18:48:44.931 9 INFO neutron.wsgi [req-ff8c504d-69c1-4b6d-8a1a-c007cc76d450 req-c7ad3583-6b17-4432-bd2b-46f5b8e49ad9 bc039332a626462b80a111b4b2ecb280 929db5240b3249239d5e1afb01ba49bf - - 836454d2791c49c1902648f62b0f7497 836454d2791c49c1902648f62b0f7497] 199.204.45.210 "GET /v2.0/ports?device_id=75e37a48-3740-49c9-8af9-c25d2f46e055&fields=binding%3Ahost_id&fields=binding%3Avif_type HTTP/1.1" status: 200 len: 265 time: 0.1041720
2026-07-14 18:48:45.033 10 INFO neutron.db.ovn_revision_numbers_db [None req-40d3820a-5a76-4374-a8da-e48fea5ed143 7bbe5fbbecb04c67aaf0e51e1e70f88f 1df9047b14b549089d81bf61621eaab4 - - default default] Successfully bumped revision number for resource 705c8832-a58e-4bdf-a800-4ea486ce9a41 (type: ports) to 1
2026-07-14 18:48:45.061 9 INFO neutron.wsgi [req-ff8c504d-69c1-4b6d-8a1a-c007cc76d450 req-511f4177-6fee-40cb-af0d-fb9d47ecbb60 bc039332a626462b80a111b4b2ecb280 929db5240b3249239d5e1afb01ba49bf - - 836454d2791c49c1902648f62b0f7497 836454d2791c49c1902648f62b0f7497] 199.204.45.210 "GET /v2.0/ports?tenant_id=3c2831423196499c831ba94af63a04aa&device_id=75e37a48-3740-49c9-8af9-c25d2f46e055 HTTP/1.1" status: 200 len: 1413 time: 0.0739536
2026-07-14 18:48:45.107 10 WARNING neutron.scheduler.dhcp_agent_scheduler [None req-40d3820a-5a76-4374-a8da-e48fea5ed143 7bbe5fbbecb04c67aaf0e51e1e70f88f 1df9047b14b549089d81bf61621eaab4 - - default default] No more DHCP agents
2026-07-14 18:48:45.109 10 WARNING neutron.api.rpc.agentnotifiers.dhcp_rpc_agent_api [None req-40d3820a-5a76-4374-a8da-e48fea5ed143 7bbe5fbbecb04c67aaf0e51e1e70f88f 1df9047b14b549089d81bf61621eaab4 - - default default] Unable to schedule network b772e422-0e87-4ae5-8b88-ef2e240446a3: no agents available; will retry on subsequent port and subnet creation events.
2026-07-14 18:48:45.130 9 INFO neutron.db.ovn_revision_numbers_db [None req-5427e4f2-8949-4fd1-9fe3-cd6f083cbab9 - - - - - -] Successfully bumped revision number for resource 000113b9-4c84-43e8-a863-7a8f024a9934 (type: ports) to 2
2026-07-14 18:48:45.201 9 INFO neutron.db.ovn_revision_numbers_db [None req-715a825c-8b9b-440a-a22e-2dd40be042ea - - - - - -] Successfully bumped revision number for resource e9f2d55d-5b93-4652-a258-7ebd0bcafe74 (type: router_ports) to 2
2026-07-14 18:48:45.247 9 INFO neutron.wsgi [req-ff8c504d-69c1-4b6d-8a1a-c007cc76d450 req-8c1bb543-162b-43b8-ae02-b2d6a4d78d4d bc039332a626462b80a111b4b2ecb280 929db5240b3249239d5e1afb01ba49bf - - 836454d2791c49c1902648f62b0f7497 836454d2791c49c1902648f62b0f7497] 199.204.45.210 "GET /v2.0/networks?id=eca71c28-54f8-494b-a0ef-5e939c1e1ec3 HTTP/1.1" status: 200 len: 959 time: 0.1651201
2026-07-14 18:48:45.287 9 INFO neutron.wsgi [req-ff8c504d-69c1-4b6d-8a1a-c007cc76d450 req-4141910b-3bdd-41eb-825c-4da842aee65b bc039332a626462b80a111b4b2ecb280 929db5240b3249239d5e1afb01ba49bf - - 836454d2791c49c1902648f62b0f7497 836454d2791c49c1902648f62b0f7497] 199.204.45.210 "GET /v2.0/floatingips?fixed_ip_address=10.100.0.12&port_id=854fe104-293c-4c1c-969e-2440a35d2d90 HTTP/1.1" status: 200 len: 217 time: 0.0319221 /var/lib/openstack/lib/python3.10/site-packages/pycadf/identifier.py:71: UserWarning: Invalid uuid: neutron. To ensure interoperability, identifiers should be a valid uuid. warnings.warn(('Invalid uuid: %s. To ensure interoperability, '
2026-07-14 18:48:45.357 9 WARNING neutron.scheduler.dhcp_agent_scheduler [req-820eb265-e319-45ed-b68d-493f2833523c req-842fe205-0ed8-4aff-bdf9-f9cefa80d853 fbdf7851f9c94b56ac70889996fcc51b 3c2831423196499c831ba94af63a04aa - - default default] No more DHCP agents
2026-07-14 18:48:45.367 9 INFO neutron.wsgi [req-ff8c504d-69c1-4b6d-8a1a-c007cc76d450 req-775e7812-a206-4e83-83fd-26ae5f44aca5 bc039332a626462b80a111b4b2ecb280 929db5240b3249239d5e1afb01ba49bf - - 836454d2791c49c1902648f62b0f7497 836454d2791c49c1902648f62b0f7497] 199.204.45.210 "GET /v2.0/subnets?id=95516a5e-968b-4b59-a0b5-80b8224916bd HTTP/1.1" status: 200 len: 853 time: 0.0718381
2026-07-14 18:48:45.375 9 WARNING neutron.api.rpc.agentnotifiers.dhcp_rpc_agent_api [req-820eb265-e319-45ed-b68d-493f2833523c req-842fe205-0ed8-4aff-bdf9-f9cefa80d853 fbdf7851f9c94b56ac70889996fcc51b 3c2831423196499c831ba94af63a04aa - - default default] Unable to schedule network eca71c28-54f8-494b-a0ef-5e939c1e1ec3: no agents available; will retry on subsequent port and subnet creation events. /var/lib/openstack/lib/python3.10/site-packages/pycadf/identifier.py:71: UserWarning: Invalid uuid: neutron. To ensure interoperability, identifiers should be a valid uuid. warnings.warn(('Invalid uuid: %s. To ensure interoperability, '
2026-07-14 18:48:45.429 9 INFO neutron.wsgi [req-ff8c504d-69c1-4b6d-8a1a-c007cc76d450 req-e2287efb-4ea5-48f9-a4ff-a7bdde222941 bc039332a626462b80a111b4b2ecb280 929db5240b3249239d5e1afb01ba49bf - - 836454d2791c49c1902648f62b0f7497 836454d2791c49c1902648f62b0f7497] 199.204.45.210 "GET /v2.0/ports?network_id=eca71c28-54f8-494b-a0ef-5e939c1e1ec3&device_owner=network%3Adhcp HTTP/1.1" status: 200 len: 210 time: 0.0532312
2026-07-14 18:48:45.577 9 INFO neutron.wsgi [req-ff8c504d-69c1-4b6d-8a1a-c007cc76d450 req-e36a54bd-4bae-48a1-bbfe-14786ba892e0 bc039332a626462b80a111b4b2ecb280 929db5240b3249239d5e1afb01ba49bf - - 836454d2791c49c1902648f62b0f7497 836454d2791c49c1902648f62b0f7497] 199.204.45.210 "GET /v2.0/networks/eca71c28-54f8-494b-a0ef-5e939c1e1ec3?fields=segments HTTP/1.1" status: 200 len: 212 time: 0.1360185
2026-07-14 18:48:45.632 9 INFO neutron.wsgi [req-43046f66-c707-40dc-9d05-d8dc38014d15 req-338c6edf-888d-4628-b789-0359cef0a2a7 fbdf7851f9c94b56ac70889996fcc51b 3c2831423196499c831ba94af63a04aa - - default default] 10.0.0.200 "GET /v2.0/ports?device_id=8579ab7a-0fb4-437e-b7ef-00522a2445ed HTTP/1.1" status: 200 len: 1160 time: 0.2170990
2026-07-14 18:48:45.693 10 INFO neutron.wsgi [None req-3e20d79c-20fa-434a-92bd-5fa91044c846 72c5f0bc0db94412bece0ab9f01de6be c52e8e415a5942cf89d03a155f39df02 - - default default] 10.0.0.70 "GET /v2.0/ports/a746f319-ee0f-49b1-8c74-44477812afd0 HTTP/1.1" status: 200 len: 1135 time: 0.0606256
2026-07-14 18:48:45.716 10 INFO neutron.plugins.ml2.drivers.ovn.mech_driver.mech_driver [None req-7ccc5585-02c5-47af-ba20-a251c21aa15d - - - - - -] OVN reports status up for port: a746f319-ee0f-49b1-8c74-44477812afd0
2026-07-14 18:48:45.725 10 INFO neutron.plugins.ml2.plugin [None req-7ccc5585-02c5-47af-ba20-a251c21aa15d - - - - - -] Attempt 1 to provision port a746f319-ee0f-49b1-8c74-44477812afd0
2026-07-14 18:48:45.932 9 INFO neutron.wsgi [req-43046f66-c707-40dc-9d05-d8dc38014d15 req-b4685b79-42fe-4110-a786-c6117a7ae91d fbdf7851f9c94b56ac70889996fcc51b 3c2831423196499c831ba94af63a04aa - - default default] 10.0.0.200 "GET /v2.0/security-groups?id=470f63b7-42df-4e3b-bf8b-50dec4a88f7f&fields=id&fields=name HTTP/1.1" status: 200 len: 313 time: 0.2875664
2026-07-14 18:48:45.939 9 INFO neutron.wsgi [req-ff8c504d-69c1-4b6d-8a1a-c007cc76d450 req-6e917656-1e62-4bc6-af6e-eb0bda6ad31d bc039332a626462b80a111b4b2ecb280 929db5240b3249239d5e1afb01ba49bf - - 836454d2791c49c1902648f62b0f7497 836454d2791c49c1902648f62b0f7497] 199.204.45.210 "GET /v2.0/networks/eca71c28-54f8-494b-a0ef-5e939c1e1ec3?fields=provider%3Aphysical_network&fields=provider%3Anetwork_type HTTP/1.1" status: 200 len: 277 time: 0.3533509
2026-07-14 18:48:46.006 9 INFO neutron.db.ovn_revision_numbers_db [req-820eb265-e319-45ed-b68d-493f2833523c req-842fe205-0ed8-4aff-bdf9-f9cefa80d853 fbdf7851f9c94b56ac70889996fcc51b 3c2831423196499c831ba94af63a04aa - - default default] Successfully bumped revision number for resource 1e087e54-f8ce-4241-bcfb-c1b7e2ca82e2 (type: ports) to 1
2026-07-14 18:48:46.026 9 INFO neutron.db.ovn_revision_numbers_db [None req-5427e4f2-8949-4fd1-9fe3-cd6f083cbab9 - - - - - -] Successfully bumped revision number for resource 000113b9-4c84-43e8-a863-7a8f024a9934 (type: ports) to 4
2026-07-14 18:48:46.037 9 INFO neutron.wsgi [req-820eb265-e319-45ed-b68d-493f2833523c req-842fe205-0ed8-4aff-bdf9-f9cefa80d853 fbdf7851f9c94b56ac70889996fcc51b 3c2831423196499c831ba94af63a04aa - - default default] 199.204.45.210 "POST /v2.0/ports HTTP/1.1" status: 201 len: 1162 time: 1.4754448
2026-07-14 18:48:46.216 10 INFO neutron.db.ovn_revision_numbers_db [None req-40d3820a-5a76-4374-a8da-e48fea5ed143 7bbe5fbbecb04c67aaf0e51e1e70f88f 1df9047b14b549089d81bf61621eaab4 - - default default] Successfully bumped revision number for resource 705c8832-a58e-4bdf-a800-4ea486ce9a41 (type: router_ports) to 1
2026-07-14 18:48:46.218 10 INFO neutron.wsgi [None req-40d3820a-5a76-4374-a8da-e48fea5ed143 7bbe5fbbecb04c67aaf0e51e1e70f88f 1df9047b14b549089d81bf61621eaab4 - - default default] 10.0.0.70 "PUT /v2.0/routers/53b6f261-38d5-4966-acaf-4ea87e3d215b/add_router_interface HTTP/1.1" status: 200 len: 503 time: 2.8986840
2026-07-14 18:48:46.397 9 INFO neutron.db.ovn_revision_numbers_db [None req-5427e4f2-8949-4fd1-9fe3-cd6f083cbab9 - - - - - -] Successfully bumped revision number for resource 000113b9-4c84-43e8-a863-7a8f024a9934 (type: router_ports) to 4
2026-07-14 18:48:46.406 10 INFO neutron.db.ovn_revision_numbers_db [None req-7ccc5585-02c5-47af-ba20-a251c21aa15d - - - - - -] Successfully bumped revision number for resource a746f319-ee0f-49b1-8c74-44477812afd0 (type: ports) to 2
2026-07-14 18:48:46.553 10 INFO neutron.db.ovn_revision_numbers_db [None req-7ccc5585-02c5-47af-ba20-a251c21aa15d - - - - - -] Successfully bumped revision number for resource a746f319-ee0f-49b1-8c74-44477812afd0 (type: router_ports) to 2
