2026-07-14 18:48:05.029 10 INFO neutron.db.ovn_revision_numbers_db [None req-5e27d38b-d23f-490c-baed-54f4f2004422 7bbe5fbbecb04c67aaf0e51e1e70f88f 1df9047b14b549089d81bf61621eaab4 - - default default] Successfully bumped revision number for resource f55e772d-5151-4eba-8cd5-5af6a247313a (type: security_group_rules) to 0
2026-07-14 18:48:05.045 10 INFO neutron.db.ovn_revision_numbers_db [None req-598bd44b-5048-4a7e-9acf-8c6e6ddca4d5 - - - - - -] Successfully bumped revision number for resource e60ef157-b57d-4297-8c71-cfb1d435376b (type: ports) to 2
2026-07-14 18:48:05.047 10 INFO neutron.db.ovn_revision_numbers_db [None req-5e27d38b-d23f-490c-baed-54f4f2004422 7bbe5fbbecb04c67aaf0e51e1e70f88f 1df9047b14b549089d81bf61621eaab4 - - default default] Successfully bumped revision number for resource f577f337-7ef0-4087-9940-43007e07f05f (type: security_group_rules) to 0
2026-07-14 18:48:05.077 10 INFO neutron.wsgi [None req-5e27d38b-d23f-490c-baed-54f4f2004422 7bbe5fbbecb04c67aaf0e51e1e70f88f 1df9047b14b549089d81bf61621eaab4 - - default default] 10.0.0.70 "GET /v2.0/security-groups?tenant_id=11d7dc8f18cc49cc86eb66cc3a61588a&name=default HTTP/1.1" status: 200 len: 2996 time: 0.4940007
2026-07-14 18:48:05.212 9 INFO neutron.db.ovn_revision_numbers_db [None req-342c9ecc-611e-4279-be71-7252bbf010a8 fbdf7851f9c94b56ac70889996fcc51b 3c2831423196499c831ba94af63a04aa - - default default] Successfully bumped revision number for resource 87044900-f87e-43e3-9e64-6f5bc1e5b76c (type: ports) to 2
2026-07-14 18:48:05.251 9 INFO neutron.db.ovn_revision_numbers_db [None req-342c9ecc-611e-4279-be71-7252bbf010a8 fbdf7851f9c94b56ac70889996fcc51b 3c2831423196499c831ba94af63a04aa - - default default] Successfully bumped revision number for resource 95516a5e-968b-4b59-a0b5-80b8224916bd (type: subnets) to 0
2026-07-14 18:48:05.266 9 INFO neutron.wsgi [None req-342c9ecc-611e-4279-be71-7252bbf010a8 fbdf7851f9c94b56ac70889996fcc51b 3c2831423196499c831ba94af63a04aa - - default default] 10.0.0.70 "POST /v2.0/subnets HTTP/1.1" status: 201 len: 832 time: 0.8515131
2026-07-14 18:48:05.404 10 INFO neutron.db.ovn_revision_numbers_db [None req-598bd44b-5048-4a7e-9acf-8c6e6ddca4d5 - - - - - -] Successfully bumped revision number for resource e60ef157-b57d-4297-8c71-cfb1d435376b (type: ports) to 4
2026-07-14 18:48:05.508 10 INFO neutron.wsgi [None req-467ed152-8260-4072-b42a-0f71bbd0dd28 7bbe5fbbecb04c67aaf0e51e1e70f88f 1df9047b14b549089d81bf61621eaab4 - - default default] 10.0.0.70 "DELETE /v2.0/security-groups/a260a767-100a-41b7-92f3-74baa20ff6ac HTTP/1.1" status: 204 len: 168 time: 0.4224894
2026-07-14 18:48:05.558 10 INFO neutron.wsgi [-] 10.0.0.125 "GET / HTTP/1.1" status: 200 len: 246 time: 0.0014970
2026-07-14 18:48:05.560 10 INFO neutron.wsgi [-] 10.0.0.125 "GET / HTTP/1.1" status: 200 len: 246 time: 0.0008962
2026-07-14 18:48:05.724 10 INFO neutron.db.ovn_revision_numbers_db [None req-598bd44b-5048-4a7e-9acf-8c6e6ddca4d5 - - - - - -] Successfully bumped revision number for resource e60ef157-b57d-4297-8c71-cfb1d435376b (type: router_ports) to 4
2026-07-14 18:48:05.729 10 INFO neutron.db.ovn_revision_numbers_db [None req-2489186a-6069-4355-b0cf-4c2347691c8f 7bbe5fbbecb04c67aaf0e51e1e70f88f 1df9047b14b549089d81bf61621eaab4 - - default default] Successfully bumped revision number for resource d0663fc3-a5f8-43fb-9ed6-a45ebc3a6981 (type: security_groups) to 1
2026-07-14 18:48:05.756 10 INFO neutron.db.ovn_revision_numbers_db [None req-2489186a-6069-4355-b0cf-4c2347691c8f 7bbe5fbbecb04c67aaf0e51e1e70f88f 1df9047b14b549089d81bf61621eaab4 - - default default] Successfully bumped revision number for resource b40bc79a-e2c6-4a6a-a608-8dc72bfad4ef (type: security_group_rules) to 0
2026-07-14 18:48:05.781 10 INFO neutron.db.ovn_revision_numbers_db [None req-2489186a-6069-4355-b0cf-4c2347691c8f 7bbe5fbbecb04c67aaf0e51e1e70f88f 1df9047b14b549089d81bf61621eaab4 - - default default] Successfully bumped revision number for resource e08749e6-09b1-4fc3-9804-b56389764017 (type: security_group_rules) to 0
2026-07-14 18:48:05.797 10 INFO neutron.db.ovn_revision_numbers_db [None req-436b4f93-69cb-42cd-8988-3e75876078f6 7bbe5fbbecb04c67aaf0e51e1e70f88f 1df9047b14b549089d81bf61621eaab4 - - default default] Successfully bumped revision number for resource a00e09be-feb5-468c-93c2-cc8422d483b3 (type: security_groups) to 1
2026-07-14 18:48:05.799 10 INFO neutron.db.ovn_revision_numbers_db [None req-2489186a-6069-4355-b0cf-4c2347691c8f 7bbe5fbbecb04c67aaf0e51e1e70f88f 1df9047b14b549089d81bf61621eaab4 - - default default] Successfully bumped revision number for resource e23c1be3-47ed-42ac-9f83-2146bc1a38b0 (type: security_group_rules) to 0
2026-07-14 18:48:05.818 10 INFO neutron.db.ovn_revision_numbers_db [None req-436b4f93-69cb-42cd-8988-3e75876078f6 7bbe5fbbecb04c67aaf0e51e1e70f88f 1df9047b14b549089d81bf61621eaab4 - - default default] Successfully bumped revision number for resource 6897d923-2033-4514-af5c-90d56ec8ce2b (type: security_group_rules) to 0
2026-07-14 18:48:05.819 10 INFO neutron.db.ovn_revision_numbers_db [None req-2489186a-6069-4355-b0cf-4c2347691c8f 7bbe5fbbecb04c67aaf0e51e1e70f88f 1df9047b14b549089d81bf61621eaab4 - - default default] Successfully bumped revision number for resource f6130242-c12e-476e-a26b-04288dd50a3b (type: security_group_rules) to 0
2026-07-14 18:48:05.843 10 INFO neutron.db.ovn_revision_numbers_db [None req-436b4f93-69cb-42cd-8988-3e75876078f6 7bbe5fbbecb04c67aaf0e51e1e70f88f 1df9047b14b549089d81bf61621eaab4 - - default default] Successfully bumped revision number for resource 73870657-3558-4e18-945b-6839dc269fb3 (type: security_group_rules) to 0
2026-07-14 18:48:05.846 10 INFO neutron.wsgi [None req-2489186a-6069-4355-b0cf-4c2347691c8f 7bbe5fbbecb04c67aaf0e51e1e70f88f 1df9047b14b549089d81bf61621eaab4 - - default default] 10.0.0.70 "GET /v2.0/security-groups?tenant_id=d20e06e8592845ddb4dbc0fa11a0a9ee&name=default HTTP/1.1" status: 200 len: 2996 time: 0.4148889
2026-07-14 18:48:05.866 10 INFO neutron.db.ovn_revision_numbers_db [None req-436b4f93-69cb-42cd-8988-3e75876078f6 7bbe5fbbecb04c67aaf0e51e1e70f88f 1df9047b14b549089d81bf61621eaab4 - - default default] Successfully bumped revision number for resource 7e593229-943a-4a76-bbcc-e63a537414ae (type: security_group_rules) to 0
2026-07-14 18:48:05.885 10 INFO neutron.db.ovn_revision_numbers_db [None req-436b4f93-69cb-42cd-8988-3e75876078f6 7bbe5fbbecb04c67aaf0e51e1e70f88f 1df9047b14b549089d81bf61621eaab4 - - default default] Successfully bumped revision number for resource d43a03bb-0654-42fd-9085-fba5142c1a89 (type: security_group_rules) to 0
2026-07-14 18:48:05.915 10 INFO neutron.wsgi [None req-436b4f93-69cb-42cd-8988-3e75876078f6 7bbe5fbbecb04c67aaf0e51e1e70f88f 1df9047b14b549089d81bf61621eaab4 - - default default] 10.0.0.70 "GET /v2.0/security-groups?tenant_id=abfed8dc0ae64ff3b312607f743cc082&name=default HTTP/1.1" status: 200 len: 2996 time: 0.3097954
2026-07-14 18:48:06.089 10 INFO neutron.wsgi [None req-dc8f80d0-13af-4fe9-912c-8bce2f008fcb 7bbe5fbbecb04c67aaf0e51e1e70f88f 1df9047b14b549089d81bf61621eaab4 - - default default] 10.0.0.70 "DELETE /v2.0/security-groups/d0663fc3-a5f8-43fb-9ed6-a45ebc3a6981 HTTP/1.1" status: 204 len: 168 time: 0.2385070
2026-07-14 18:48:06.160 9 WARNING neutron.scheduler.dhcp_agent_scheduler [None req-aee126a8-7ae6-48e8-a25d-cc1b6662740d fbdf7851f9c94b56ac70889996fcc51b 3c2831423196499c831ba94af63a04aa - - default default] No more DHCP agents
2026-07-14 18:48:06.165 9 WARNING neutron.api.rpc.agentnotifiers.dhcp_rpc_agent_api [None req-aee126a8-7ae6-48e8-a25d-cc1b6662740d fbdf7851f9c94b56ac70889996fcc51b 3c2831423196499c831ba94af63a04aa - - default default] Unable to schedule network eca71c28-54f8-494b-a0ef-5e939c1e1ec3: no agents available; will retry on subsequent port and subnet creation events.
2026-07-14 18:48:06.253 9 INFO neutron.wsgi [None req-dc5e72d2-4ee2-4799-8dae-6217fd7f50d5 7bbe5fbbecb04c67aaf0e51e1e70f88f 1df9047b14b549089d81bf61621eaab4 - - default default] 10.0.0.70 "DELETE /v2.0/security-groups/a00e09be-feb5-468c-93c2-cc8422d483b3 HTTP/1.1" status: 204 len: 168 time: 0.3311348
2026-07-14 18:48:06.331 9 INFO neutron.db.ovn_revision_numbers_db [None req-aee126a8-7ae6-48e8-a25d-cc1b6662740d fbdf7851f9c94b56ac70889996fcc51b 3c2831423196499c831ba94af63a04aa - - default default] Successfully bumped revision number for resource 818d0afa-5448-4596-8fb5-4112dd0e428d (type: ports) to 1
2026-07-14 18:48:06.492 10 INFO neutron.db.ovn_revision_numbers_db [None req-ed9cbcf6-40d6-4ce0-93db-ce508fcdd497 7bbe5fbbecb04c67aaf0e51e1e70f88f 1df9047b14b549089d81bf61621eaab4 - - default default] Successfully bumped revision number for resource 61874774-35f7-49ac-89db-579da3488c28 (type: security_groups) to 1
2026-07-14 18:48:06.507 10 INFO neutron.db.ovn_revision_numbers_db [None req-ed9cbcf6-40d6-4ce0-93db-ce508fcdd497 7bbe5fbbecb04c67aaf0e51e1e70f88f 1df9047b14b549089d81bf61621eaab4 - - default default] Successfully bumped revision number for resource 1b88a4b1-b583-4326-9897-bbd921861a58 (type: security_group_rules) to 0
2026-07-14 18:48:06.524 10 INFO neutron.db.ovn_revision_numbers_db [None req-ed9cbcf6-40d6-4ce0-93db-ce508fcdd497 7bbe5fbbecb04c67aaf0e51e1e70f88f 1df9047b14b549089d81bf61621eaab4 - - default default] Successfully bumped revision number for resource 26a96a92-c1c1-440b-8774-96d7fc8e638d (type: security_group_rules) to 0
2026-07-14 18:48:06.539 10 INFO neutron.db.ovn_revision_numbers_db [None req-ed9cbcf6-40d6-4ce0-93db-ce508fcdd497 7bbe5fbbecb04c67aaf0e51e1e70f88f 1df9047b14b549089d81bf61621eaab4 - - default default] Successfully bumped revision number for resource 3b88477e-e9e9-44bf-ba63-fdac82f7a16d (type: security_group_rules) to 0
2026-07-14 18:48:06.557 10 INFO neutron.db.ovn_revision_numbers_db [None req-ed9cbcf6-40d6-4ce0-93db-ce508fcdd497 7bbe5fbbecb04c67aaf0e51e1e70f88f 1df9047b14b549089d81bf61621eaab4 - - default default] Successfully bumped revision number for resource cb22a419-3d1a-469a-b863-2411f931d914 (type: security_group_rules) to 0
2026-07-14 18:48:06.580 10 INFO neutron.wsgi [None req-ed9cbcf6-40d6-4ce0-93db-ce508fcdd497 7bbe5fbbecb04c67aaf0e51e1e70f88f 1df9047b14b549089d81bf61621eaab4 - - default default] 10.0.0.70 "GET /v2.0/security-groups?tenant_id=7183e27cdf9145efb35c3db8937c93d9&name=default HTTP/1.1" status: 200 len: 2996 time: 0.4287925
2026-07-14 18:48:06.773 10 INFO neutron.wsgi [None req-a672e097-fed5-46cb-9a84-c342971ef566 7bbe5fbbecb04c67aaf0e51e1e70f88f 1df9047b14b549089d81bf61621eaab4 - - default default] 10.0.0.70 "DELETE /v2.0/security-groups/61874774-35f7-49ac-89db-579da3488c28 HTTP/1.1" status: 204 len: 168 time: 0.1873405
2026-07-14 18:48:06.814 10 INFO neutron.plugins.ml2.drivers.ovn.mech_driver.mech_driver [None req-7ccc5585-02c5-47af-ba20-a251c21aa15d - - - - - -] OVN reports status up for port: 818d0afa-5448-4596-8fb5-4112dd0e428d
2026-07-14 18:48:06.822 10 INFO neutron.plugins.ml2.plugin [None req-7ccc5585-02c5-47af-ba20-a251c21aa15d - - - - - -] Attempt 1 to provision port 818d0afa-5448-4596-8fb5-4112dd0e428d
2026-07-14 18:48:06.843 9 INFO neutron.db.ovn_revision_numbers_db [None req-aee126a8-7ae6-48e8-a25d-cc1b6662740d fbdf7851f9c94b56ac70889996fcc51b 3c2831423196499c831ba94af63a04aa - - default default] Successfully bumped revision number for resource 818d0afa-5448-4596-8fb5-4112dd0e428d (type: router_ports) to 1
2026-07-14 18:48:07.042 9 INFO neutron.db.ovn_revision_numbers_db [None req-aee126a8-7ae6-48e8-a25d-cc1b6662740d fbdf7851f9c94b56ac70889996fcc51b 3c2831423196499c831ba94af63a04aa - - default default] Successfully bumped revision number for resource 818d0afa-5448-4596-8fb5-4112dd0e428d (type: ports) to 1
2026-07-14 18:48:07.111 9 WARNING neutron.scheduler.dhcp_agent_scheduler [None req-aee126a8-7ae6-48e8-a25d-cc1b6662740d fbdf7851f9c94b56ac70889996fcc51b 3c2831423196499c831ba94af63a04aa - - default default] No more DHCP agents
2026-07-14 18:48:07.112 9 WARNING neutron.api.rpc.agentnotifiers.dhcp_rpc_agent_api [None req-aee126a8-7ae6-48e8-a25d-cc1b6662740d fbdf7851f9c94b56ac70889996fcc51b 3c2831423196499c831ba94af63a04aa - - default default] Unable to schedule network eca71c28-54f8-494b-a0ef-5e939c1e1ec3: no agents available; will retry on subsequent port and subnet creation events.
2026-07-14 18:48:07.155 10 INFO neutron.db.ovn_revision_numbers_db [None req-7ccc5585-02c5-47af-ba20-a251c21aa15d - - - - - -] Successfully bumped revision number for resource 818d0afa-5448-4596-8fb5-4112dd0e428d (type: ports) to 2
2026-07-14 18:48:07.278 10 INFO neutron.db.ovn_revision_numbers_db [None req-7ccc5585-02c5-47af-ba20-a251c21aa15d - - - - - -] Successfully bumped revision number for resource 818d0afa-5448-4596-8fb5-4112dd0e428d (type: router_ports) to 2
2026-07-14 18:48:07.473 9 INFO neutron.db.ovn_revision_numbers_db [None req-aee126a8-7ae6-48e8-a25d-cc1b6662740d fbdf7851f9c94b56ac70889996fcc51b 3c2831423196499c831ba94af63a04aa - - default default] Successfully bumped revision number for resource 818d0afa-5448-4596-8fb5-4112dd0e428d (type: router_ports) to 2
2026-07-14 18:48:07.475 9 INFO neutron.wsgi [None req-aee126a8-7ae6-48e8-a25d-cc1b6662740d fbdf7851f9c94b56ac70889996fcc51b 3c2831423196499c831ba94af63a04aa - - default default] 10.0.0.70 "PUT /v2.0/routers/3edaeffd-3855-4a7c-b844-9ed008451b7e/add_router_interface HTTP/1.1" status: 200 len: 503 time: 2.2036033
2026-07-14 18:48:07.546 9 INFO neutron.wsgi [None req-c657de74-b96f-4bd5-a8d6-7515d0802175 29e009206f814067a0b67e431eea1138 3ad863a485044dbf91befd41c70635d8 - - default default] 10.0.0.70 "GET /v2.0/networks HTTP/1.1" status: 200 len: 3115 time: 0.0649843
2026-07-14 18:48:07.587 9 INFO neutron.wsgi [None req-422415ab-2a5b-4cb7-ae7a-15891072dc1b 29e009206f814067a0b67e431eea1138 3ad863a485044dbf91befd41c70635d8 - - default default] 10.0.0.70 "GET /v2.0/subnets HTTP/1.1" status: 200 len: 2097 time: 0.0371633
2026-07-14 18:48:07.897 10 INFO neutron.wsgi [None req-de75660f-da64-46eb-9a93-84d323827dab 29e009206f814067a0b67e431eea1138 3ad863a485044dbf91befd41c70635d8 - - default default] 10.0.0.70 "GET /v2.0/routers HTTP/1.1" status: 200 len: 878 time: 0.3051076
2026-07-14 18:48:08.094 9 INFO neutron.db.ovn_revision_numbers_db [None req-1aa7b9ee-cbdb-49fc-a5c4-21df1e715d25 fbdf7851f9c94b56ac70889996fcc51b 3c2831423196499c831ba94af63a04aa - - default default] Successfully bumped revision number for resource 75c4bfd8-d928-4160-a424-a81cb85fd4e4 (type: security_groups) to 1
2026-07-14 18:48:08.113 9 INFO neutron.db.ovn_revision_numbers_db [None req-1aa7b9ee-cbdb-49fc-a5c4-21df1e715d25 fbdf7851f9c94b56ac70889996fcc51b 3c2831423196499c831ba94af63a04aa - - default default] Successfully bumped revision number for resource 1fe4f157-dc1c-451e-a116-8170ea44790e (type: security_group_rules) to 0
2026-07-14 18:48:08.133 9 INFO neutron.db.ovn_revision_numbers_db [None req-1aa7b9ee-cbdb-49fc-a5c4-21df1e715d25 fbdf7851f9c94b56ac70889996fcc51b 3c2831423196499c831ba94af63a04aa - - default default] Successfully bumped revision number for resource 862d5c14-e976-4543-be55-c60475cda1ac (type: security_group_rules) to 0
2026-07-14 18:48:08.145 9 INFO neutron.wsgi [None req-f5edfbc4-995e-436b-acd6-d934269a61f0 b6f8847a255d479db5c7deb6c764ce7d 7f4afab6202941a5a5bc70fbc3409a28 - - default default] 10.0.0.70 "GET /v2.0/extensions HTTP/1.1" status: 200 len: 16520 time: 0.1240122
2026-07-14 18:48:08.158 10 INFO neutron.wsgi [None req-3495d811-190f-494f-9583-cba08e38bef3 b6f8847a255d479db5c7deb6c764ce7d 7f4afab6202941a5a5bc70fbc3409a28 - - default default] 10.0.0.70 "GET /v2.0/extensions/address-group HTTP/1.1" status: 200 len: 353 time: 0.0084174
2026-07-14 18:48:08.160 9 INFO neutron.wsgi [None req-1aa7b9ee-cbdb-49fc-a5c4-21df1e715d25 fbdf7851f9c94b56ac70889996fcc51b 3c2831423196499c831ba94af63a04aa - - default default] 10.0.0.70 "POST /v2.0/security-groups HTTP/1.1" status: 201 len: 1811 time: 0.2078013
2026-07-14 18:48:08.167 10 INFO neutron.wsgi [None req-ae6f3698-d110-43a9-835e-5988d75ab5ac b6f8847a255d479db5c7deb6c764ce7d 7f4afab6202941a5a5bc70fbc3409a28 - - default default] 10.0.0.70 "GET /v2.0/extensions/address-scope HTTP/1.1" status: 200 len: 357 time: 0.0038602
2026-07-14 18:48:08.176 10 INFO neutron.wsgi [None req-02a66b94-122d-431c-ae09-cc936a74c758 b6f8847a255d479db5c7deb6c764ce7d 7f4afab6202941a5a5bc70fbc3409a28 - - default default] 10.0.0.70 "GET /v2.0/extensions/agent HTTP/1.1" status: 200 len: 347 time: 0.0051084
2026-07-14 18:48:08.185 10 INFO neutron.wsgi [None req-09e8759e-c247-49c7-b64d-c42ff8cfc90f b6f8847a255d479db5c7deb6c764ce7d 7f4afab6202941a5a5bc70fbc3409a28 - - default default] 10.0.0.70 "GET /v2.0/extensions/allowed-address-pairs HTTP/1.1" status: 200 len: 378 time: 0.0047762
2026-07-14 18:48:08.194 10 INFO neutron.wsgi [None req-b9a5a404-60c5-45a9-bc94-4093795f328d b6f8847a255d479db5c7deb6c764ce7d 7f4afab6202941a5a5bc70fbc3409a28 - - default default] 10.0.0.70 "GET /v2.0/extensions/auto-allocated-topology HTTP/1.1" status: 200 len: 394 time: 0.0051708
2026-07-14 18:48:08.205 10 INFO neutron.wsgi [None req-c55446e5-0e1e-4c35-857a-9b8820a68617 b6f8847a255d479db5c7deb6c764ce7d 7f4afab6202941a5a5bc70fbc3409a28 - - default default] 10.0.0.70 "GET /v2.0/extensions/availability_zone HTTP/1.1" status: 200 len: 372 time: 0.0061839
2026-07-14 18:48:08.214 10 INFO neutron.wsgi [None req-735a57f9-ceb6-4d7b-a646-b4df82dba002 b6f8847a255d479db5c7deb6c764ce7d 7f4afab6202941a5a5bc70fbc3409a28 - - default default] 10.0.0.70 "GET /v2.0/extensions/default-subnetpools HTTP/1.1" status: 200 len: 405 time: 0.0048857
2026-07-14 18:48:08.223 10 INFO neutron.wsgi [None req-e8f9a130-e24a-4d2f-8e11-23026d3f1b9e b6f8847a255d479db5c7deb6c764ce7d 7f4afab6202941a5a5bc70fbc3409a28 - - default default] 10.0.0.70 "GET /v2.0/extensions/dhcp_agent_scheduler HTTP/1.1" status: 200 len: 381 time: 0.0058265
2026-07-14 18:48:08.230 10 INFO neutron.wsgi [None req-8b1b550d-0c7e-4f17-ba65-9da5a6968560 b6f8847a255d479db5c7deb6c764ce7d 7f4afab6202941a5a5bc70fbc3409a28 - - default default] 10.0.0.70 "GET /v2.0/extensions/dns-integration HTTP/1.1" status: 200 len: 366 time: 0.0035450
2026-07-14 18:48:08.238 10 INFO neutron.wsgi [None req-49889e8c-2611-4969-bd91-322d022b84ff b6f8847a255d479db5c7deb6c764ce7d 7f4afab6202941a5a5bc70fbc3409a28 - - default default] 10.0.0.70 "GET /v2.0/extensions/dns-domain-ports HTTP/1.1" status: 200 len: 399 time: 0.0042508
2026-07-14 18:48:08.250 10 INFO neutron.wsgi [None req-3c0c1379-90c8-4981-bd84-08ed18ff4ae8 b6f8847a255d479db5c7deb6c764ce7d 7f4afab6202941a5a5bc70fbc3409a28 - - default default] 10.0.0.70 "GET /v2.0/extensions/dns-integration-domain-keywords HTTP/1.1" status: 200 len: 477 time: 0.0073228
2026-07-14 18:48:08.259 10 INFO neutron.wsgi [None req-da4645b7-5cef-49fe-aa7d-394bdafa7718 b6f8847a255d479db5c7deb6c764ce7d 7f4afab6202941a5a5bc70fbc3409a28 - - default default] 10.0.0.70 "GET /v2.0/extensions/external-net HTTP/1.1" status: 200 len: 394 time: 0.0046721
2026-07-14 18:48:08.267 10 INFO neutron.wsgi [None req-4f7301e2-3f6e-4474-8f37-ff198e7d745b b6f8847a255d479db5c7deb6c764ce7d 7f4afab6202941a5a5bc70fbc3409a28 - - default default] 10.0.0.70 "GET /v2.0/extensions/extra_dhcp_opt HTTP/1.1" status: 200 len: 498 time: 0.0043557
2026-07-14 18:48:08.275 10 INFO neutron.wsgi [None req-38f3be16-bc43-4947-a84e-840b2e7b5aa8 b6f8847a255d479db5c7deb6c764ce7d 7f4afab6202941a5a5bc70fbc3409a28 - - default default] 10.0.0.70 "GET /v2.0/extensions/extraroute HTTP/1.1" status: 200 len: 375 time: 0.0045519
2026-07-14 18:48:08.281 10 INFO neutron.wsgi [None req-92b77d57-e25f-442d-bd9b-adda886e020b b6f8847a255d479db5c7deb6c764ce7d 7f4afab6202941a5a5bc70fbc3409a28 - - default default] 10.0.0.70 "GET /v2.0/extensions/filter-validation HTTP/1.1" status: 200 len: 392 time: 0.0034423
2026-07-14 18:48:08.282 9 INFO neutron.db.ovn_revision_numbers_db [None req-fb2394a5-6b40-4ebb-9f61-8c85f99bd810 fbdf7851f9c94b56ac70889996fcc51b 3c2831423196499c831ba94af63a04aa - - default default] Successfully bumped revision number for resource 65524560-bcd5-4934-b18e-4b28f9d82014 (type: security_group_rules) to 0
2026-07-14 18:48:08.289 10 INFO neutron.wsgi [None req-8306a70b-08f1-4a65-875d-09d77bc7c07c b6f8847a255d479db5c7deb6c764ce7d 7f4afab6202941a5a5bc70fbc3409a28 - - default default] 10.0.0.70 "GET /v2.0/extensions/floating-ip-port-forwarding-detail HTTP/1.1" status: 200 len: 465 time: 0.0042117
2026-07-14 18:48:08.299 10 INFO neutron.wsgi [None req-b88d092d-8b53-425d-845f-12ab6c999544 b6f8847a255d479db5c7deb6c764ce7d 7f4afab6202941a5a5bc70fbc3409a28 - - default default] 10.0.0.70 "GET /v2.0/extensions/fip-port-details HTTP/1.1" status: 200 len: 406 time: 0.0051932
2026-07-14 18:48:08.307 9 INFO neutron.wsgi [None req-02ea139b-f748-4e97-a687-e4d7bca841dc b6f8847a255d479db5c7deb6c764ce7d 7f4afab6202941a5a5bc70fbc3409a28 - - default default] 10.0.0.70 "GET /v2.0/extensions/flavors HTTP/1.1" status: 200 len: 387 time: 0.0046096
2026-07-14 18:48:08.315 9 INFO neutron.wsgi [None req-fb2394a5-6b40-4ebb-9f61-8c85f99bd810 fbdf7851f9c94b56ac70889996fcc51b 3c2831423196499c831ba94af63a04aa - - default default] 10.0.0.70 "POST /v2.0/security-group-rules HTTP/1.1" status: 201 len: 764 time: 0.1492021
2026-07-14 18:48:08.335 9 INFO neutron.wsgi [None req-7d7c9782-8430-4fa8-8dd7-c9830fc8bd36 b6f8847a255d479db5c7deb6c764ce7d 7f4afab6202941a5a5bc70fbc3409a28 - - default default] 10.0.0.70 "GET /v2.0/extensions/floatingip-pools HTTP/1.1" status: 200 len: 382 time: 0.0151770
2026-07-14 18:48:08.348 10 INFO neutron.wsgi [None req-c92e3aad-da55-4a9b-badf-78253920809a b6f8847a255d479db5c7deb6c764ce7d 7f4afab6202941a5a5bc70fbc3409a28 - - default default] 10.0.0.70 "GET /v2.0/extensions/ip_allocation HTTP/1.1" status: 200 len: 356 time: 0.0077257
2026-07-14 18:48:08.369 9 INFO neutron.wsgi [None req-0c4feccd-b193-41b5-828a-4c82c8ecc79b b6f8847a255d479db5c7deb6c764ce7d 7f4afab6202941a5a5bc70fbc3409a28 - - default default] 10.0.0.70 "GET /v2.0/extensions/l2_adjacency HTTP/1.1" status: 200 len: 372 time: 0.0050790
2026-07-14 18:48:08.382 10 INFO neutron.wsgi [None req-3a915f2b-805b-4919-a409-919cf2d70137 b6f8847a255d479db5c7deb6c764ce7d 7f4afab6202941a5a5bc70fbc3409a28 - - default default] 10.0.0.70 "GET /v2.0/extensions/router HTTP/1.1" status: 200 len: 450 time: 0.0090015
2026-07-14 18:48:08.392 10 INFO neutron.wsgi [None req-1b8e368a-90d3-43a8-8ffb-102c733ca353 b6f8847a255d479db5c7deb6c764ce7d 7f4afab6202941a5a5bc70fbc3409a28 - - default default] 10.0.0.70 "GET /v2.0/extensions/ext-gw-mode HTTP/1.1" status: 200 len: 462 time: 0.0048108
2026-07-14 18:48:08.405 9 INFO neutron.wsgi [None req-841e7955-48ac-4665-a29c-eb4fbd1ef57e b6f8847a255d479db5c7deb6c764ce7d 7f4afab6202941a5a5bc70fbc3409a28 - - default default] 10.0.0.70 "GET /v2.0/extensions/logging HTTP/1.1" status: 200 len: 407 time: 0.0044677
2026-07-14 18:48:08.420 9 INFO neutron.wsgi [None req-85bc67ee-3c25-4161-aec6-f4d0be006165 b6f8847a255d479db5c7deb6c764ce7d 7f4afab6202941a5a5bc70fbc3409a28 - - default default] 10.0.0.70 "GET /v2.0/extensions/multi-provider HTTP/1.1" status: 200 len: 406 time: 0.0061359
2026-07-14 18:48:08.448 10 INFO neutron.wsgi [None req-4feaaafd-710a-4f04-ac5f-66ca02fbe8a2 b6f8847a255d479db5c7deb6c764ce7d 7f4afab6202941a5a5bc70fbc3409a28 - - default default] 10.0.0.70 "GET /v2.0/extensions/net-mtu HTTP/1.1" status: 200 len: 370 time: 0.0096955
2026-07-14 18:48:08.466 9 INFO neutron.wsgi [None req-eac7f6dd-c8a2-4f38-8aaa-f53f7188c38f b6f8847a255d479db5c7deb6c764ce7d 7f4afab6202941a5a5bc70fbc3409a28 - - default default] 10.0.0.70 "GET /v2.0/extensions/net-mtu-writable HTTP/1.1" status: 200 len: 401 time: 0.0114083
2026-07-14 18:48:08.482 9 INFO neutron.wsgi [None req-06d6ead8-75ba-403b-b4cc-0653a98f8f8d b6f8847a255d479db5c7deb6c764ce7d 7f4afab6202941a5a5bc70fbc3409a28 - - default default] 10.0.0.70 "GET /v2.0/extensions/network_availability_zone HTTP/1.1" status: 200 len: 394 time: 0.0079186
2026-07-14 18:48:08.483 9 INFO neutron.db.ovn_revision_numbers_db [None req-5732433d-7b4d-44a0-8126-9a4d6cd54fd3 fbdf7851f9c94b56ac70889996fcc51b 3c2831423196499c831ba94af63a04aa - - default default] Successfully bumped revision number for resource 9295fe4e-c2ab-4e63-8f0d-a38c7e4d1803 (type: security_group_rules) to 0
2026-07-14 18:48:08.500 10 INFO neutron.wsgi [None req-5270165b-cac8-4704-97f4-9e09fe6ffc65 b6f8847a255d479db5c7deb6c764ce7d 7f4afab6202941a5a5bc70fbc3409a28 - - default default] 10.0.0.70 "GET /v2.0/extensions/network-ip-availability HTTP/1.1" status: 200 len: 410 time: 0.0074480
2026-07-14 18:48:08.511 10 INFO neutron.wsgi [None req-a7fa3ca2-b046-460f-83b6-69c76fc811bc b6f8847a255d479db5c7deb6c764ce7d 7f4afab6202941a5a5bc70fbc3409a28 - - default default] 10.0.0.70 "GET /v2.0/extensions/pagination HTTP/1.1" status: 200 len: 386 time: 0.0068994
2026-07-14 18:48:08.520 9 INFO neutron.wsgi [None req-5732433d-7b4d-44a0-8126-9a4d6cd54fd3 fbdf7851f9c94b56ac70889996fcc51b 3c2831423196499c831ba94af63a04aa - - default default] 10.0.0.70 "POST /v2.0/security-group-rules HTTP/1.1" status: 201 len: 763 time: 0.2008362
2026-07-14 18:48:08.522 10 INFO neutron.wsgi [None req-e8cfa40e-e37b-405f-a769-a5957f133338 b6f8847a255d479db5c7deb6c764ce7d 7f4afab6202941a5a5bc70fbc3409a28 - - default default] 10.0.0.70 "GET /v2.0/extensions/port-device-profile HTTP/1.1" status: 200 len: 383 time: 0.0040097
2026-07-14 18:48:08.539 10 INFO neutron.wsgi [None req-c89612ee-b405-49cf-99a5-db4856ace7e7 b6f8847a255d479db5c7deb6c764ce7d 7f4afab6202941a5a5bc70fbc3409a28 - - default default] 10.0.0.70 "GET /v2.0/extensions/port-mac-address-regenerate HTTP/1.1" status: 200 len: 403 time: 0.0069988
2026-07-14 18:48:08.557 10 INFO neutron.wsgi [None req-d9e36b86-3302-4460-95bd-8963a91b7971 b6f8847a255d479db5c7deb6c764ce7d 7f4afab6202941a5a5bc70fbc3409a28 - - default default] 10.0.0.70 "GET /v2.0/extensions/port-numa-affinity-policy HTTP/1.1" status: 200 len: 392 time: 0.0070245
2026-07-14 18:48:08.568 10 INFO neutron.wsgi [None req-d0bca4d9-d0c2-4f68-b2da-9e498947397c b6f8847a255d479db5c7deb6c764ce7d 7f4afab6202941a5a5bc70fbc3409a28 - - default default] 10.0.0.70 "GET /v2.0/extensions/port-resource-request HTTP/1.1" status: 200 len: 379 time: 0.0052240
2026-07-14 18:48:08.582 9 INFO neutron.wsgi [None req-a7a6a473-6fe9-4af5-9bf3-088a21ffc9dd b6f8847a255d479db5c7deb6c764ce7d 7f4afab6202941a5a5bc70fbc3409a28 - - default default] 10.0.0.70 "GET /v2.0/extensions/port-resource-request-groups HTTP/1.1" status: 200 len: 465 time: 0.0073090
2026-07-14 18:48:08.599 10 INFO neutron.wsgi [None req-d5a22a8a-27c1-4ba5-9a51-edc65d68650a b6f8847a255d479db5c7deb6c764ce7d 7f4afab6202941a5a5bc70fbc3409a28 - - default default] 10.0.0.70 "GET /v2.0/extensions/binding HTTP/1.1" status: 200 len: 387 time: 0.0077536
2026-07-14 18:48:08.610 10 INFO neutron.wsgi [None req-e8d406bf-ed3d-4098-9dae-ebcc3d692083 b6f8847a255d479db5c7deb6c764ce7d 7f4afab6202941a5a5bc70fbc3409a28 - - default default] 10.0.0.70 "GET /v2.0/extensions/binding-extended HTTP/1.1" status: 200 len: 406 time: 0.0054643
2026-07-14 18:48:08.621 10 INFO neutron.wsgi [None req-b3315a31-bddd-4d01-8aea-24321d642b36 b6f8847a255d479db5c7deb6c764ce7d 7f4afab6202941a5a5bc70fbc3409a28 - - default default] 10.0.0.70 "GET /v2.0/extensions/port-security HTTP/1.1" status: 200 len: 354 time: 0.0053296
2026-07-14 18:48:08.646 10 INFO neutron.wsgi [None req-8bc373a2-f2b1-47a0-804d-da855c243f44 b6f8847a255d479db5c7deb6c764ce7d 7f4afab6202941a5a5bc70fbc3409a28 - - default default] 10.0.0.70 "GET /v2.0/extensions/project-id HTTP/1.1" status: 200 len: 398 time: 0.0071926
2026-07-14 18:48:08.658 10 INFO neutron.wsgi [None req-b60c6865-101a-410d-9217-afde5df1ebed b6f8847a255d479db5c7deb6c764ce7d 7f4afab6202941a5a5bc70fbc3409a28 - - default default] 10.0.0.70 "GET /v2.0/extensions/provider HTTP/1.1" status: 200 len: 385 time: 0.0039921
2026-07-14 18:48:08.667 9 INFO neutron.wsgi [None req-1f637355-f6e5-4c9b-9998-90782db4f670 b6f8847a255d479db5c7deb6c764ce7d 7f4afab6202941a5a5bc70fbc3409a28 - - default default] 10.0.0.70 "GET /v2.0/extensions/qos HTTP/1.1" status: 200 len: 360 time: 0.0047586
2026-07-14 18:48:08.677 9 INFO neutron.wsgi [None req-4e68d56e-3078-4176-a870-0fe5532aa495 b6f8847a255d479db5c7deb6c764ce7d 7f4afab6202941a5a5bc70fbc3409a28 - - default default] 10.0.0.70 "GET /v2.0/extensions/qos-bw-limit-direction HTTP/1.1" status: 200 len: 452 time: 0.0054996
2026-07-14 18:48:08.691 10 INFO neutron.wsgi [None req-61fb600b-5551-4065-a05b-444b545de7b1 b6f8847a255d479db5c7deb6c764ce7d 7f4afab6202941a5a5bc70fbc3409a28 - - default default] 10.0.0.70 "GET /v2.0/extensions/qos-bw-minimum-ingress HTTP/1.1" status: 200 len: 445 time: 0.0079451
2026-07-14 18:48:08.699 10 INFO neutron.wsgi [None req-bace1244-71c7-4948-9439-14c976778fc6 b6f8847a255d479db5c7deb6c764ce7d 7f4afab6202941a5a5bc70fbc3409a28 - - default default] 10.0.0.70 "GET /v2.0/extensions/qos-default HTTP/1.1" status: 200 len: 377 time: 0.0042613
2026-07-14 18:48:08.710 10 INFO neutron.wsgi [None req-5ae34692-ed69-4e33-a175-001a106f213f b6f8847a255d479db5c7deb6c764ce7d 7f4afab6202941a5a5bc70fbc3409a28 - - default default] 10.0.0.70 "GET /v2.0/extensions/qos-fip HTTP/1.1" status: 200 len: 372 time: 0.0072141
2026-07-14 18:48:08.720 10 INFO neutron.wsgi [None req-d9c562d6-4190-4010-ae1a-4b1182f1259f b6f8847a255d479db5c7deb6c764ce7d 7f4afab6202941a5a5bc70fbc3409a28 - - default default] 10.0.0.70 "GET /v2.0/extensions/qos-gateway-ip HTTP/1.1" status: 200 len: 391 time: 0.0058091
2026-07-14 18:48:08.730 10 INFO neutron.wsgi [None req-92300cc2-d8f4-4d8d-9254-533dff6300f1 b6f8847a255d479db5c7deb6c764ce7d 7f4afab6202941a5a5bc70fbc3409a28 - - default default] 10.0.0.70 "GET /v2.0/extensions/qos-port-network-policy HTTP/1.1" status: 200 len: 403 time: 0.0043476
2026-07-14 18:48:08.733 9 INFO neutron.db.ovn_revision_numbers_db [None req-941e0a78-ad57-4a6d-86e3-dd38a7728b52 fbdf7851f9c94b56ac70889996fcc51b 3c2831423196499c831ba94af63a04aa - - default default] Successfully bumped revision number for resource 1648a884-8b19-4b65-891d-3ee0ddbadeac (type: security_group_rules) to 0
2026-07-14 18:48:08.738 10 INFO neutron.wsgi [None req-d9aa8f80-2a0e-4b1a-a9b3-c7b1cf6df9be b6f8847a255d479db5c7deb6c764ce7d 7f4afab6202941a5a5bc70fbc3409a28 - - default default] 10.0.0.70 "GET /v2.0/extensions/qos-pps-minimum HTTP/1.1" status: 200 len: 397 time: 0.0044665
2026-07-14 18:48:08.749 10 INFO neutron.wsgi [None req-f9c64886-653e-4f1c-af04-c9c9d4ebcc1a b6f8847a255d479db5c7deb6c764ce7d 7f4afab6202941a5a5bc70fbc3409a28 - - default default] 10.0.0.70 "GET /v2.0/extensions/qos-pps-minimum-rule-alias HTTP/1.1" status: 200 len: 471 time: 0.0066073
2026-07-14 18:48:08.758 10 INFO neutron.wsgi [None req-c7e13411-6f10-4379-9c38-f09b2b44750d b6f8847a255d479db5c7deb6c764ce7d 7f4afab6202941a5a5bc70fbc3409a28 - - default default] 10.0.0.70 "GET /v2.0/extensions/qos-pps HTTP/1.1" status: 200 len: 389 time: 0.0045409
2026-07-14 18:48:08.766 10 INFO neutron.wsgi [None req-c5b20995-2acd-41be-a090-9cd34013f944 b6f8847a255d479db5c7deb6c764ce7d 7f4afab6202941a5a5bc70fbc3409a28 - - default default] 10.0.0.70 "GET /v2.0/extensions/qos-rule-type-details HTTP/1.1" status: 200 len: 423 time: 0.0042541
2026-07-14 18:48:08.772 9 INFO neutron.wsgi [None req-941e0a78-ad57-4a6d-86e3-dd38a7728b52 fbdf7851f9c94b56ac70889996fcc51b 3c2831423196499c831ba94af63a04aa - - default default] 10.0.0.70 "POST /v2.0/security-group-rules HTTP/1.1" status: 201 len: 769 time: 0.2435234
2026-07-14 18:48:08.774 10 INFO neutron.wsgi [None req-16e82583-52fb-48ba-9795-8d13533fb8b0 b6f8847a255d479db5c7deb6c764ce7d 7f4afab6202941a5a5bc70fbc3409a28 - - default default] 10.0.0.70 "GET /v2.0/extensions/qos-rule-type-filter HTTP/1.1" status: 200 len: 567 time: 0.0043695
2026-07-14 18:48:08.795 10 INFO neutron.wsgi [None req-bd6a9475-c4bc-4669-957e-40d5885efc53 b6f8847a255d479db5c7deb6c764ce7d 7f4afab6202941a5a5bc70fbc3409a28 - - default default] 10.0.0.70 "GET /v2.0/extensions/qos-rules-alias HTTP/1.1" status: 200 len: 448 time: 0.0172565
2026-07-14 18:48:08.805 10 INFO neutron.wsgi [None req-ca0a0951-2c2b-4e34-a15a-aaff41a1e37c b6f8847a255d479db5c7deb6c764ce7d 7f4afab6202941a5a5bc70fbc3409a28 - - default default] 10.0.0.70 "GET /v2.0/extensions/quota-check-limit HTTP/1.1" status: 200 len: 420 time: 0.0052958
2026-07-14 18:48:08.816 9 INFO neutron.wsgi [None req-e475da90-ca2a-4c4d-a2fc-ffb4f20d4771 b6f8847a255d479db5c7deb6c764ce7d 7f4afab6202941a5a5bc70fbc3409a28 - - default default] 10.0.0.70 "GET /v2.0/extensions/quotas HTTP/1.1" status: 200 len: 386 time: 0.0059297
2026-07-14 18:48:08.826 9 INFO neutron.wsgi [None req-945b0ef0-404f-4b19-b949-1b98b984b871 b6f8847a255d479db5c7deb6c764ce7d 7f4afab6202941a5a5bc70fbc3409a28 - - default default] 10.0.0.70 "GET /v2.0/extensions/quota_details HTTP/1.1" status: 200 len: 407 time: 0.0062416
2026-07-14 18:48:08.835 9 INFO neutron.wsgi [None req-12df0962-7f2c-42d7-a70b-8e297b0bbe40 b6f8847a255d479db5c7deb6c764ce7d 7f4afab6202941a5a5bc70fbc3409a28 - - default default] 10.0.0.70 "GET /v2.0/extensions/rbac-policies HTTP/1.1" status: 200 len: 417 time: 0.0048440
2026-07-14 18:48:08.843 9 INFO neutron.wsgi [None req-7b7397e8-dea9-44cc-ba54-a86680a75593 b6f8847a255d479db5c7deb6c764ce7d 7f4afab6202941a5a5bc70fbc3409a28 - - default default] 10.0.0.70 "GET /v2.0/extensions/rbac-address-scope HTTP/1.1" status: 200 len: 384 time: 0.0050199
2026-07-14 18:48:08.850 9 INFO neutron.wsgi [None req-80a275e0-53dd-43f3-94e2-7dcd30209a38 b6f8847a255d479db5c7deb6c764ce7d 7f4afab6202941a5a5bc70fbc3409a28 - - default default] 10.0.0.70 "GET /v2.0/extensions/rbac-security-groups HTTP/1.1" status: 200 len: 404 time: 0.0036428
2026-07-14 18:48:08.860 10 INFO neutron.wsgi [None req-37929573-e5d7-477a-b7d6-835ea22932fa b6f8847a255d479db5c7deb6c764ce7d 7f4afab6202941a5a5bc70fbc3409a28 - - default default] 10.0.0.70 "GET /v2.0/extensions/revision-if-match HTTP/1.1" status: 200 len: 441 time: 0.0053818
2026-07-14 18:48:08.874 10 INFO neutron.wsgi [None req-fd26dd1d-5424-4a72-a803-052eca486495 b6f8847a255d479db5c7deb6c764ce7d 7f4afab6202941a5a5bc70fbc3409a28 - - default default] 10.0.0.70 "GET /v2.0/extensions/standard-attr-revisions HTTP/1.1" status: 200 len: 423 time: 0.0100989
2026-07-14 18:48:08.883 10 INFO neutron.wsgi [None req-ef563a8a-f042-46fb-a0b5-8875093ecc80 b6f8847a255d479db5c7deb6c764ce7d 7f4afab6202941a5a5bc70fbc3409a28 - - default default] 10.0.0.70 "GET /v2.0/extensions/router_availability_zone HTTP/1.1" status: 200 len: 391 time: 0.0044513
2026-07-14 18:48:08.890 9 INFO neutron.db.ovn_revision_numbers_db [None req-afd7609c-72a4-465b-8fa9-64abaea23026 948b963f6fbf41f3a1b6ac7b131d75a3 3f0ffe27f0c44371955f8d9d72aa3b94 - - default default] Successfully bumped revision number for resource 46f5673f-99b5-4331-879f-8dfe042043d5 (type: security_groups) to 1
2026-07-14 18:48:08.890 10 INFO neutron.wsgi [None req-05e6540f-5864-452c-be9b-8c7db65aebe7 b6f8847a255d479db5c7deb6c764ce7d 7f4afab6202941a5a5bc70fbc3409a28 - - default default] 10.0.0.70 "GET /v2.0/extensions/security-groups-normalized-cidr HTTP/1.1" status: 200 len: 445 time: 0.0036004
2026-07-14 18:48:08.900 10 INFO neutron.wsgi [None req-eca5162d-cd42-4649-8051-59b2b00b9d07 b6f8847a255d479db5c7deb6c764ce7d 7f4afab6202941a5a5bc70fbc3409a28 - - default default] 10.0.0.70 "GET /v2.0/extensions/security-groups-remote-address-group HTTP/1.1" status: 200 len: 448 time: 0.0065436
2026-07-14 18:48:08.909 9 INFO neutron.wsgi [None req-1e387b08-0dba-4e19-b7bf-ff50c4da2e44 b6f8847a255d479db5c7deb6c764ce7d 7f4afab6202941a5a5bc70fbc3409a28 - - default default] 10.0.0.70 "GET /v2.0/extensions/security-groups-shared-filtering HTTP/1.1" status: 200 len: 435 time: 0.0059612
2026-07-14 18:48:08.911 9 INFO neutron.db.ovn_revision_numbers_db [None req-afd7609c-72a4-465b-8fa9-64abaea23026 948b963f6fbf41f3a1b6ac7b131d75a3 3f0ffe27f0c44371955f8d9d72aa3b94 - - default default] Successfully bumped revision number for resource 1918e079-abf6-4817-ba58-b849133f6cb1 (type: security_group_rules) to 0
2026-07-14 18:48:08.922 9 INFO neutron.wsgi [None req-2b2d2881-00cf-42b7-905b-0e4b6fee08db b6f8847a255d479db5c7deb6c764ce7d 7f4afab6202941a5a5bc70fbc3409a28 - - default default] 10.0.0.70 "GET /v2.0/extensions/security-group HTTP/1.1" status: 200 len: 364 time: 0.0057173
2026-07-14 18:48:08.933 9 INFO neutron.db.ovn_revision_numbers_db [None req-afd7609c-72a4-465b-8fa9-64abaea23026 948b963f6fbf41f3a1b6ac7b131d75a3 3f0ffe27f0c44371955f8d9d72aa3b94 - - default default] Successfully bumped revision number for resource 2cfe8ea9-f1df-4594-88dc-afd31227de78 (type: security_group_rules) to 0
2026-07-14 18:48:08.933 10 INFO neutron.wsgi [None req-40564e0a-18cc-487d-8e04-a8424c3e5be0 b6f8847a255d479db5c7deb6c764ce7d 7f4afab6202941a5a5bc70fbc3409a28 - - default default] 10.0.0.70 "GET /v2.0/extensions/segment HTTP/1.1" status: 200 len: 339 time: 0.0054588
2026-07-14 18:48:08.948 9 INFO neutron.db.ovn_revision_numbers_db [None req-afd7609c-72a4-465b-8fa9-64abaea23026 948b963f6fbf41f3a1b6ac7b131d75a3 3f0ffe27f0c44371955f8d9d72aa3b94 - - default default] Successfully bumped revision number for resource 73bd7771-1e61-4c71-a676-c5eda5d9c683 (type: security_group_rules) to 0
2026-07-14 18:48:08.949 10 INFO neutron.wsgi [None req-ce612ae2-8ea2-43ba-a2bf-aedd58f80637 b6f8847a255d479db5c7deb6c764ce7d 7f4afab6202941a5a5bc70fbc3409a28 - - default default] 10.0.0.70 "GET /v2.0/extensions/segments-peer-subnet-host-routes HTTP/1.1" status: 200 len: 427 time: 0.0076737
2026-07-14 18:48:08.964 9 INFO neutron.db.ovn_revision_numbers_db [None req-afd7609c-72a4-465b-8fa9-64abaea23026 948b963f6fbf41f3a1b6ac7b131d75a3 3f0ffe27f0c44371955f8d9d72aa3b94 - - default default] Successfully bumped revision number for resource a646cdea-4f8e-42ce-a175-d57fdc4bd1df (type: security_group_rules) to 0
2026-07-14 18:48:08.965 10 INFO neutron.wsgi [None req-d2dd0f39-c1a7-4a1c-956e-a1b295795f28 b6f8847a255d479db5c7deb6c764ce7d 7f4afab6202941a5a5bc70fbc3409a28 - - default default] 10.0.0.70 "GET /v2.0/extensions/service-type HTTP/1.1" status: 200 len: 415 time: 0.0074010
2026-07-14 18:48:08.968 10 INFO neutron.db.ovn_revision_numbers_db [None req-4db2f69f-5d64-4043-b541-8d6949722d8b fbdf7851f9c94b56ac70889996fcc51b 3c2831423196499c831ba94af63a04aa - - default default] Successfully bumped revision number for resource 60a79a8e-f377-478d-a706-b90048748582 (type: security_group_rules) to 0
2026-07-14 18:48:08.980 10 INFO neutron.wsgi [None req-8929c6a6-052e-4568-bbef-98ac0d0d05db b6f8847a255d479db5c7deb6c764ce7d 7f4afab6202941a5a5bc70fbc3409a28 - - default default] 10.0.0.70 "GET /v2.0/extensions/sorting HTTP/1.1" status: 200 len: 377 time: 0.0069134
2026-07-14 18:48:08.992 10 INFO neutron.wsgi [None req-7595acb7-2484-4b74-a1c7-34694a75bfb4 b6f8847a255d479db5c7deb6c764ce7d 7f4afab6202941a5a5bc70fbc3409a28 - - default default] 10.0.0.70 "GET /v2.0/extensions/standard-attr-segment HTTP/1.1" status: 200 len: 406 time: 0.0072918
2026-07-14 18:48:09.005 10 INFO neutron.wsgi [None req-99aa548e-8e10-4d2c-91a8-35d2ddc99c4f b6f8847a255d479db5c7deb6c764ce7d 7f4afab6202941a5a5bc70fbc3409a28 - - default default] 10.0.0.70 "GET /v2.0/extensions/standard-attr-description HTTP/1.1" status: 200 len: 408 time: 0.0052233
2026-07-14 18:48:09.014 10 INFO neutron.wsgi [None req-7c4e5075-de9b-4fe3-9d06-8f4e5f2ea993 b6f8847a255d479db5c7deb6c764ce7d 7f4afab6202941a5a5bc70fbc3409a28 - - default default] 10.0.0.70 "GET /v2.0/extensions/stateful-security-group HTTP/1.1" status: 200 len: 402 time: 0.0060110
2026-07-14 18:48:09.019 10 INFO neutron.wsgi [None req-4db2f69f-5d64-4043-b541-8d6949722d8b fbdf7851f9c94b56ac70889996fcc51b 3c2831423196499c831ba94af63a04aa - - default default] 10.0.0.70 "POST /v2.0/security-group-rules HTTP/1.1" status: 201 len: 768 time: 0.2421534
2026-07-14 18:48:09.021 9 INFO neutron.db.segments_db [None req-afd7609c-72a4-465b-8fa9-64abaea23026 948b963f6fbf41f3a1b6ac7b131d75a3 3f0ffe27f0c44371955f8d9d72aa3b94 - - default default] Added segment e2f057f3-3750-4544-bebc-d1a08a59a921 of type geneve for network d598534b-56f6-4362-9aee-6bccc3067e8d
2026-07-14 18:48:09.033 9 INFO neutron.wsgi [None req-795a7f9f-e22b-4c1f-bbc5-c70cc34af8ef b6f8847a255d479db5c7deb6c764ce7d 7f4afab6202941a5a5bc70fbc3409a28 - - default default] 10.0.0.70 "GET /v2.0/extensions/subnet-dns-publish-fixed-ip HTTP/1.1" status: 200 len: 421 time: 0.0111122
2026-07-14 18:48:09.044 10 INFO neutron.wsgi [None req-bf6971bb-24c4-449c-b3c3-6bd6574a0e6b b6f8847a255d479db5c7deb6c764ce7d 7f4afab6202941a5a5bc70fbc3409a28 - - default default] 10.0.0.70 "GET /v2.0/extensions/subnet-segmentid-writable HTTP/1.1" status: 200 len: 421 time: 0.0051107
2026-07-14 18:48:09.056 10 INFO neutron.db.securitygroups_db [None req-6ee63521-0adc-4c5d-8e50-5c18ac4b9b35 fbdf7851f9c94b56ac70889996fcc51b 3c2831423196499c831ba94af63a04aa - - default default] Project 3c2831423196499c831ba94af63a04aa added a security group rule with legacy IPv6 ICMP protocol name icmp, ipv6-icmp should be used instead. It was automatically converted.
2026-07-14 18:48:09.059 9 INFO neutron.wsgi [None req-379cd9bc-0dd0-41b5-bd32-ec580a72d242 b6f8847a255d479db5c7deb6c764ce7d 7f4afab6202941a5a5bc70fbc3409a28 - - default default] 10.0.0.70 "GET /v2.0/extensions/subnet-service-types HTTP/1.1" status: 200 len: 400 time: 0.0084898
2026-07-14 18:48:09.074 10 INFO neutron.wsgi [None req-61915595-15f3-4225-a6d8-c0121189713f b6f8847a255d479db5c7deb6c764ce7d 7f4afab6202941a5a5bc70fbc3409a28 - - default default] 10.0.0.70 "GET /v2.0/extensions/subnet_allocation HTTP/1.1" status: 200 len: 388 time: 0.0089176
2026-07-14 18:48:09.092 9 INFO neutron.wsgi [None req-79a0149e-4260-4be7-bda7-54d3ef5599c0 b6f8847a255d479db5c7deb6c764ce7d 7f4afab6202941a5a5bc70fbc3409a28 - - default default] 10.0.0.70 "GET /v2.0/extensions/subnetpool-prefix-ops HTTP/1.1" status: 200 len: 418 time: 0.0125651
2026-07-14 18:48:09.104 10 INFO neutron.wsgi [None req-fe562711-19c6-423e-8ea9-61bdbb3c50e8 b6f8847a255d479db5c7deb6c764ce7d 7f4afab6202941a5a5bc70fbc3409a28 - - default default] 10.0.0.70 "GET /v2.0/extensions/standard-attr-tag HTTP/1.1" status: 200 len: 537 time: 0.0061624
2026-07-14 18:48:09.119 10 INFO neutron.wsgi [None req-833e10fe-af39-44c6-8e79-313769f27849 b6f8847a255d479db5c7deb6c764ce7d 7f4afab6202941a5a5bc70fbc3409a28 - - default default] 10.0.0.70 "GET /v2.0/extensions/standard-attr-timestamp HTTP/1.1" status: 200 len: 449 time: 0.0076785
2026-07-14 18:48:09.129 10 INFO neutron.wsgi [None req-3ef0a277-697a-4b0d-9526-bb8418114814 b6f8847a255d479db5c7deb6c764ce7d 7f4afab6202941a5a5bc70fbc3409a28 - - default default] 10.0.0.70 "GET /v2.0/extensions/trunk HTTP/1.1" status: 200 len: 358 time: 0.0046751
2026-07-14 18:48:09.139 9 INFO neutron.wsgi [None req-27455406-fb0f-4f95-8815-be36350d0555 b6f8847a255d479db5c7deb6c764ce7d 7f4afab6202941a5a5bc70fbc3409a28 - - default default] 10.0.0.70 "GET /v2.0/extensions/trunk-details HTTP/1.1" status: 200 len: 362 time: 0.0060534
2026-07-14 18:48:09.201 10 INFO neutron.db.ovn_revision_numbers_db [None req-6ee63521-0adc-4c5d-8e50-5c18ac4b9b35 fbdf7851f9c94b56ac70889996fcc51b 3c2831423196499c831ba94af63a04aa - - default default] Successfully bumped revision number for resource 15dbf836-8c6e-492a-8c62-89ed2b37de61 (type: security_group_rules) to 0
2026-07-14 18:48:09.212 9 INFO neutron.db.ovn_revision_numbers_db [None req-afd7609c-72a4-465b-8fa9-64abaea23026 948b963f6fbf41f3a1b6ac7b131d75a3 3f0ffe27f0c44371955f8d9d72aa3b94 - - default default] Successfully bumped revision number for resource d598534b-56f6-4362-9aee-6bccc3067e8d (type: networks) to 1
2026-07-14 18:48:09.227 10 INFO neutron.wsgi [None req-6ee63521-0adc-4c5d-8e50-5c18ac4b9b35 fbdf7851f9c94b56ac70889996fcc51b 3c2831423196499c831ba94af63a04aa - - default default] 10.0.0.70 "POST /v2.0/security-group-rules HTTP/1.1" status: 201 len: 774 time: 0.2016869
2026-07-14 18:48:09.265 9 INFO neutron.db.securitygroups_db [None req-d50757c4-6746-42b9-877f-b563add6be1e fbdf7851f9c94b56ac70889996fcc51b 3c2831423196499c831ba94af63a04aa - - default default] Project 3c2831423196499c831ba94af63a04aa added a security group rule with legacy IPv6 ICMP protocol name icmp, ipv6-icmp should be used instead. It was automatically converted.
2026-07-14 18:48:09.413 9 WARNING neutron.scheduler.dhcp_agent_scheduler [None req-afd7609c-72a4-465b-8fa9-64abaea23026 948b963f6fbf41f3a1b6ac7b131d75a3 3f0ffe27f0c44371955f8d9d72aa3b94 - - default default] No more DHCP agents
2026-07-14 18:48:09.422 9 WARNING neutron.api.rpc.agentnotifiers.dhcp_rpc_agent_api [None req-afd7609c-72a4-465b-8fa9-64abaea23026 948b963f6fbf41f3a1b6ac7b131d75a3 3f0ffe27f0c44371955f8d9d72aa3b94 - - default default] Unable to schedule network d598534b-56f6-4362-9aee-6bccc3067e8d: no agents available; will retry on subsequent port and subnet creation events.
2026-07-14 18:48:09.431 9 INFO neutron.db.ovn_revision_numbers_db [None req-d50757c4-6746-42b9-877f-b563add6be1e fbdf7851f9c94b56ac70889996fcc51b 3c2831423196499c831ba94af63a04aa - - default default] Successfully bumped revision number for resource 41b966d7-e68c-4602-ad05-5265f1a5f18d (type: security_group_rules) to 0
2026-07-14 18:48:09.489 9 INFO neutron.wsgi [None req-d50757c4-6746-42b9-877f-b563add6be1e fbdf7851f9c94b56ac70889996fcc51b 3c2831423196499c831ba94af63a04aa - - default default] 10.0.0.70 "POST /v2.0/security-group-rules HTTP/1.1" status: 201 len: 773 time: 0.2560241
2026-07-14 18:48:09.534 9 INFO neutron.db.ovn_revision_numbers_db [None req-afd7609c-72a4-465b-8fa9-64abaea23026 948b963f6fbf41f3a1b6ac7b131d75a3 3f0ffe27f0c44371955f8d9d72aa3b94 - - default default] Successfully bumped revision number for resource de8ea8f0-6ac7-44e0-bfe9-0f0420e72429 (type: ports) to 1
2026-07-14 18:48:09.584 9 INFO neutron.wsgi [None req-afd7609c-72a4-465b-8fa9-64abaea23026 948b963f6fbf41f3a1b6ac7b131d75a3 3f0ffe27f0c44371955f8d9d72aa3b94 - - default default] 10.0.0.70 "POST /v2.0/networks HTTP/1.1" status: 201 len: 848 time: 0.9759393
2026-07-14 18:48:09.885 10 WARNING neutron.scheduler.dhcp_agent_scheduler [None req-22182acb-660f-45ee-be86-bbd4e06d60e9 948b963f6fbf41f3a1b6ac7b131d75a3 3f0ffe27f0c44371955f8d9d72aa3b94 - - default default] No more DHCP agents
2026-07-14 18:48:09.890 10 WARNING neutron.api.rpc.agentnotifiers.dhcp_rpc_agent_api [None req-22182acb-660f-45ee-be86-bbd4e06d60e9 948b963f6fbf41f3a1b6ac7b131d75a3 3f0ffe27f0c44371955f8d9d72aa3b94 - - default default] Unable to schedule network d598534b-56f6-4362-9aee-6bccc3067e8d: no agents available; will retry on subsequent port and subnet creation events.
2026-07-14 18:48:09.930 10 INFO neutron.db.ovn_revision_numbers_db [None req-22182acb-660f-45ee-be86-bbd4e06d60e9 948b963f6fbf41f3a1b6ac7b131d75a3 3f0ffe27f0c44371955f8d9d72aa3b94 - - default default] Successfully bumped revision number for resource 88166bc6-ce0c-4b81-ab5f-9208786c0733 (type: subnets) to 0
2026-07-14 18:48:09.953 10 INFO neutron.wsgi [None req-22182acb-660f-45ee-be86-bbd4e06d60e9 948b963f6fbf41f3a1b6ac7b131d75a3 3f0ffe27f0c44371955f8d9d72aa3b94 - - default default] 10.0.0.70 "POST /v2.0/subnets HTTP/1.1" status: 201 len: 802 time: 0.3627512
2026-07-14 18:48:09.957 9 INFO neutron.db.ovn_revision_numbers_db [None req-f580cb75-685b-41c5-9c3e-478e9abb0bf6 7bbe5fbbecb04c67aaf0e51e1e70f88f 1df9047b14b549089d81bf61621eaab4 - - default default] Successfully bumped revision number for resource fde09692-7d4c-4fa1-8048-88603db9850d (type: security_groups) to 1
2026-07-14 18:48:09.990 9 INFO neutron.db.ovn_revision_numbers_db [None req-f580cb75-685b-41c5-9c3e-478e9abb0bf6 7bbe5fbbecb04c67aaf0e51e1e70f88f 1df9047b14b549089d81bf61621eaab4 - - default default] Successfully bumped revision number for resource 141cb1cd-cd2c-4ee0-a0df-73d9caf90fc6 (type: security_group_rules) to 0
2026-07-14 18:48:10.016 9 INFO neutron.db.ovn_revision_numbers_db [None req-f580cb75-685b-41c5-9c3e-478e9abb0bf6 7bbe5fbbecb04c67aaf0e51e1e70f88f 1df9047b14b549089d81bf61621eaab4 - - default default] Successfully bumped revision number for resource 5e12f091-8104-452c-9d9a-a05695bfa4fc (type: security_group_rules) to 0
2026-07-14 18:48:10.059 9 INFO neutron.db.ovn_revision_numbers_db [None req-f580cb75-685b-41c5-9c3e-478e9abb0bf6 7bbe5fbbecb04c67aaf0e51e1e70f88f 1df9047b14b549089d81bf61621eaab4 - - default default] Successfully bumped revision number for resource 7b8a2982-d350-4193-a892-ecf6295d52e1 (type: security_group_rules) to 0
2026-07-14 18:48:10.059 10 INFO neutron.wsgi [None req-fe82f380-68c3-4507-97c9-8fc687e7e1cd fbdf7851f9c94b56ac70889996fcc51b 3c2831423196499c831ba94af63a04aa - - default default] 10.0.0.70 "GET /v2.0/networks HTTP/1.1" status: 200 len: 1493 time: 0.1657028
2026-07-14 18:48:10.087 9 INFO neutron.db.ovn_revision_numbers_db [None req-f580cb75-685b-41c5-9c3e-478e9abb0bf6 7bbe5fbbecb04c67aaf0e51e1e70f88f 1df9047b14b549089d81bf61621eaab4 - - default default] Successfully bumped revision number for resource cd132d31-6dfd-4667-8109-d0289a2d8790 (type: security_group_rules) to 0
2026-07-14 18:48:10.127 9 INFO neutron.wsgi [None req-f580cb75-685b-41c5-9c3e-478e9abb0bf6 7bbe5fbbecb04c67aaf0e51e1e70f88f 1df9047b14b549089d81bf61621eaab4 - - default default] 10.0.0.70 "GET /v2.0/security-groups?tenant_id=7f4afab6202941a5a5bc70fbc3409a28&name=default HTTP/1.1" status: 200 len: 2996 time: 0.4043906
2026-07-14 18:48:10.210 9 INFO neutron.wsgi [req-5e317702-bded-49ad-b097-8262d6741af4 req-0d8ee28a-0f3f-49f7-a3c6-bf1719ef0c1b fbdf7851f9c94b56ac70889996fcc51b 3c2831423196499c831ba94af63a04aa - - default default] 10.0.0.200 "GET /v2.0/security-groups?name=tempest-secgroup-smoke-1677420427&fields=id&tenant_id=3c2831423196499c831ba94af63a04aa HTTP/1.1" status: 200 len: 267 time: 0.0703154
2026-07-14 18:48:10.325 9 INFO neutron.wsgi [req-5e317702-bded-49ad-b097-8262d6741af4 req-3fdb09c3-3260-4612-8315-670134ef58b0 fbdf7851f9c94b56ac70889996fcc51b 3c2831423196499c831ba94af63a04aa - - default default] 10.0.0.200 "GET /v2.0/networks?id=eca71c28-54f8-494b-a0ef-5e939c1e1ec3 HTTP/1.1" status: 200 len: 860 time: 0.1039016
