2026-07-14 18:50:16.754 9 INFO neutron.wsgi [None req-24d6513e-2d13-4522-a392-0791a9626f60 c9a936ee42814ef8bd90f5e07aa3ddbe a3a431a3de8545e1a8b3c9c15f58b53a - - default default] 10.0.0.70 "PUT /v2.0/subnets/49195bdb-db4c-4904-bda0-e30756a838c2/tags HTTP/1.1" status: 200 len: 218 time: 0.0660660
2026-07-14 18:50:16.799 10 INFO neutron.wsgi [None req-e47ea5cf-16fe-48ff-ad41-f4b72f51127c c9a936ee42814ef8bd90f5e07aa3ddbe a3a431a3de8545e1a8b3c9c15f58b53a - - default default] 10.0.0.70 "GET /v2.0/subnets/49195bdb-db4c-4904-bda0-e30756a838c2/tags HTTP/1.1" status: 200 len: 218 time: 0.0377817
2026-07-14 18:50:16.837 9 INFO neutron.db.ovn_revision_numbers_db [None req-92469bf2-c413-47b2-993b-7e659a6ec2ce 7bbe5fbbecb04c67aaf0e51e1e70f88f 1df9047b14b549089d81bf61621eaab4 - - default default] Successfully bumped revision number for resource 0cfeb489-9798-4d22-88db-5c738ae41ff6 (type: security_groups) to 1
2026-07-14 18:50:16.855 10 INFO neutron.wsgi [None req-cd292a01-69bf-429a-b6ee-d54ade59fb47 c9a936ee42814ef8bd90f5e07aa3ddbe a3a431a3de8545e1a8b3c9c15f58b53a - - default default] 10.0.0.70 "PUT /v2.0/subnets/49195bdb-db4c-4904-bda0-e30756a838c2/tags/green HTTP/1.1" status: 201 len: 201 time: 0.0473361
2026-07-14 18:50:16.856 9 INFO neutron.db.ovn_revision_numbers_db [None req-92469bf2-c413-47b2-993b-7e659a6ec2ce 7bbe5fbbecb04c67aaf0e51e1e70f88f 1df9047b14b549089d81bf61621eaab4 - - default default] Successfully bumped revision number for resource 1b99151d-6220-4af6-913e-b7bd7bbda07b (type: security_group_rules) to 0
2026-07-14 18:50:16.889 9 INFO neutron.db.ovn_revision_numbers_db [None req-92469bf2-c413-47b2-993b-7e659a6ec2ce 7bbe5fbbecb04c67aaf0e51e1e70f88f 1df9047b14b549089d81bf61621eaab4 - - default default] Successfully bumped revision number for resource 33c39df7-b462-4b9b-8f4a-f55db9d3d259 (type: security_group_rules) to 0
2026-07-14 18:50:16.910 9 INFO neutron.wsgi [None req-1b04f128-2e93-4d0f-83f0-76b7ff04bfa9 c9a936ee42814ef8bd90f5e07aa3ddbe a3a431a3de8545e1a8b3c9c15f58b53a - - default default] 10.0.0.70 "GET /v2.0/subnets/49195bdb-db4c-4904-bda0-e30756a838c2/tags HTTP/1.1" status: 200 len: 227 time: 0.0488334
2026-07-14 18:50:16.913 9 INFO neutron.db.ovn_revision_numbers_db [None req-92469bf2-c413-47b2-993b-7e659a6ec2ce 7bbe5fbbecb04c67aaf0e51e1e70f88f 1df9047b14b549089d81bf61621eaab4 - - default default] Successfully bumped revision number for resource e71c2778-9d73-49dc-90d6-979f57ae3cf5 (type: security_group_rules) to 0
2026-07-14 18:50:16.934 9 INFO neutron.db.ovn_revision_numbers_db [None req-92469bf2-c413-47b2-993b-7e659a6ec2ce 7bbe5fbbecb04c67aaf0e51e1e70f88f 1df9047b14b549089d81bf61621eaab4 - - default default] Successfully bumped revision number for resource fceb1857-222b-4ebc-9e51-f478beb582ca (type: security_group_rules) to 0
2026-07-14 18:50:16.960 9 INFO neutron.wsgi [None req-92469bf2-c413-47b2-993b-7e659a6ec2ce 7bbe5fbbecb04c67aaf0e51e1e70f88f 1df9047b14b549089d81bf61621eaab4 - - default default] 10.0.0.70 "GET /v2.0/security-groups?tenant_id=f61154781ce54a9da47345d2a72c9c05&name=default HTTP/1.1" status: 200 len: 3000 time: 0.4486568
2026-07-14 18:50:16.967 10 INFO neutron.wsgi [None req-95baf829-46be-4f2d-8c35-f34bc26741de c9a936ee42814ef8bd90f5e07aa3ddbe a3a431a3de8545e1a8b3c9c15f58b53a - - default default] 10.0.0.70 "PUT /v2.0/subnets/49195bdb-db4c-4904-bda0-e30756a838c2/tags/red HTTP/1.1" status: 201 len: 201 time: 0.0522380
2026-07-14 18:50:17.029 10 INFO neutron.wsgi [None req-b11ee37a-53d6-4c14-98a9-c01e865e97be c9a936ee42814ef8bd90f5e07aa3ddbe a3a431a3de8545e1a8b3c9c15f58b53a - - default default] 10.0.0.70 "GET /v2.0/subnets/49195bdb-db4c-4904-bda0-e30756a838c2/tags HTTP/1.1" status: 200 len: 227 time: 0.0524697
2026-07-14 18:50:17.094 10 INFO neutron.wsgi [None req-ea9483cf-ad77-4212-bd65-88247ddc5125 c9a936ee42814ef8bd90f5e07aa3ddbe a3a431a3de8545e1a8b3c9c15f58b53a - - default default] 10.0.0.70 "PUT /v2.0/subnets/49195bdb-db4c-4904-bda0-e30756a838c2/tags/black.or.white HTTP/1.1" status: 201 len: 201 time: 0.0595396
2026-07-14 18:50:17.138 10 INFO neutron.wsgi [None req-5fecb50a-cab3-4259-957b-28c89757211f c9a936ee42814ef8bd90f5e07aa3ddbe a3a431a3de8545e1a8b3c9c15f58b53a - - default default] 10.0.0.70 "GET /v2.0/subnets/49195bdb-db4c-4904-bda0-e30756a838c2/tags HTTP/1.1" status: 200 len: 245 time: 0.0375447
2026-07-14 18:50:17.187 10 INFO neutron.wsgi [None req-3e2eccb1-fb1e-4466-bb0a-078055179105 c9a936ee42814ef8bd90f5e07aa3ddbe a3a431a3de8545e1a8b3c9c15f58b53a - - default default] 10.0.0.70 "PUT /v2.0/subnets/49195bdb-db4c-4904-bda0-e30756a838c2/tags HTTP/1.1" status: 200 len: 230 time: 0.0447383
2026-07-14 18:50:17.231 9 INFO neutron.wsgi [None req-c8fb49af-aea2-4a68-ab26-7231ec3a2079 7bbe5fbbecb04c67aaf0e51e1e70f88f 1df9047b14b549089d81bf61621eaab4 - - default default] 10.0.0.70 "DELETE /v2.0/security-groups/0cfeb489-9798-4d22-88db-5c738ae41ff6 HTTP/1.1" status: 204 len: 168 time: 0.2631783
2026-07-14 18:50:17.232 10 INFO neutron.wsgi [None req-28c849c5-5405-4264-b355-15860b69fbb9 c9a936ee42814ef8bd90f5e07aa3ddbe a3a431a3de8545e1a8b3c9c15f58b53a - - default default] 10.0.0.70 "GET /v2.0/subnets/49195bdb-db4c-4904-bda0-e30756a838c2/tags HTTP/1.1" status: 200 len: 230 time: 0.0406365
2026-07-14 18:50:17.276 10 INFO neutron.wsgi [None req-751a7963-6e92-45f2-bc86-e4226e55d0a7 c9a936ee42814ef8bd90f5e07aa3ddbe a3a431a3de8545e1a8b3c9c15f58b53a - - default default] 10.0.0.70 "GET /v2.0/subnets/49195bdb-db4c-4904-bda0-e30756a838c2/tags/red HTTP/1.1" status: 204 len: 168 time: 0.0374660
2026-07-14 18:50:17.325 9 INFO neutron.api.v2.resource [None req-18471d9b-9aa3-4fc8-b222-6c5bc52d2633 c9a936ee42814ef8bd90f5e07aa3ddbe a3a431a3de8545e1a8b3c9c15f58b53a - - default default] show failed (client error): The resource could not be found.
2026-07-14 18:50:17.328 9 INFO neutron.wsgi [None req-18471d9b-9aa3-4fc8-b222-6c5bc52d2633 c9a936ee42814ef8bd90f5e07aa3ddbe a3a431a3de8545e1a8b3c9c15f58b53a - - default default] 10.0.0.70 "GET /v2.0/subnets/49195bdb-db4c-4904-bda0-e30756a838c2/tags/green HTTP/1.1" status: 404 len: 299 time: 0.0458744
2026-07-14 18:50:17.397 9 INFO neutron.wsgi [None req-7290cb9e-e649-42b0-9b21-f11027157114 c9a936ee42814ef8bd90f5e07aa3ddbe a3a431a3de8545e1a8b3c9c15f58b53a - - default default] 10.0.0.70 "DELETE /v2.0/subnets/49195bdb-db4c-4904-bda0-e30756a838c2/tags/red HTTP/1.1" status: 204 len: 168 time: 0.0640240
2026-07-14 18:50:17.443 9 INFO neutron.wsgi [None req-10d08d13-9de3-4052-899f-acf8b0b2c802 c9a936ee42814ef8bd90f5e07aa3ddbe a3a431a3de8545e1a8b3c9c15f58b53a - - default default] 10.0.0.70 "GET /v2.0/subnets/49195bdb-db4c-4904-bda0-e30756a838c2/tags HTTP/1.1" status: 200 len: 223 time: 0.0284081
2026-07-14 18:50:17.483 9 INFO neutron.api.v2.resource [None req-130fd7ed-edf3-4105-a409-3b47cbea68fe c9a936ee42814ef8bd90f5e07aa3ddbe a3a431a3de8545e1a8b3c9c15f58b53a - - default default] delete failed (client error): The resource could not be found.
2026-07-14 18:50:17.485 9 INFO neutron.wsgi [None req-130fd7ed-edf3-4105-a409-3b47cbea68fe c9a936ee42814ef8bd90f5e07aa3ddbe a3a431a3de8545e1a8b3c9c15f58b53a - - default default] 10.0.0.70 "DELETE /v2.0/subnets/49195bdb-db4c-4904-bda0-e30756a838c2/tags/green HTTP/1.1" status: 404 len: 299 time: 0.0364599
2026-07-14 18:50:17.516 10 INFO neutron.wsgi [None req-b5c6a8ae-09e4-4982-a6d7-8e4dc6907ccb 7bbe5fbbecb04c67aaf0e51e1e70f88f 1df9047b14b549089d81bf61621eaab4 - - default default] 10.0.0.70 "GET /v2.0/security-groups?tenant_id=36e517a9026b487192fb1678ba9c86b5&name=default HTTP/1.1" status: 200 len: 3000 time: 0.0690517
2026-07-14 18:50:17.560 9 INFO neutron.wsgi [None req-b664a08a-129e-49aa-acb5-9c475f62de35 c9a936ee42814ef8bd90f5e07aa3ddbe a3a431a3de8545e1a8b3c9c15f58b53a - - default default] 10.0.0.70 "DELETE /v2.0/subnets/49195bdb-db4c-4904-bda0-e30756a838c2/tags HTTP/1.1" status: 204 len: 168 time: 0.0699441
2026-07-14 18:50:17.600 9 INFO neutron.wsgi [None req-18ce388f-07da-4afa-b2e0-0132cd036a5d c9a936ee42814ef8bd90f5e07aa3ddbe a3a431a3de8545e1a8b3c9c15f58b53a - - default default] 10.0.0.70 "GET /v2.0/subnets/49195bdb-db4c-4904-bda0-e30756a838c2/tags HTTP/1.1" status: 200 len: 205 time: 0.0345676
2026-07-14 18:50:17.829 9 INFO neutron.wsgi [None req-f78b4d27-84c2-451e-9ef8-568991b77480 7bbe5fbbecb04c67aaf0e51e1e70f88f 1df9047b14b549089d81bf61621eaab4 - - default default] 10.0.0.70 "DELETE /v2.0/security-groups/0509d8fa-a8ef-49ea-8c04-513074ebc163 HTTP/1.1" status: 204 len: 168 time: 0.3087916
2026-07-14 18:50:17.864 9 INFO neutron.wsgi [None req-e752d230-379a-40a6-879a-f9d77cbe44c2 c9a936ee42814ef8bd90f5e07aa3ddbe a3a431a3de8545e1a8b3c9c15f58b53a - - default default] 10.0.0.70 "DELETE /v2.0/subnets/49195bdb-db4c-4904-bda0-e30756a838c2 HTTP/1.1" status: 204 len: 168 time: 0.2562802
2026-07-14 18:50:18.165 10 INFO neutron.db.ovn_revision_numbers_db [None req-85c2a5d3-5a02-4cdc-97ea-15405132a73c 7bbe5fbbecb04c67aaf0e51e1e70f88f 1df9047b14b549089d81bf61621eaab4 - - default default] Successfully bumped revision number for resource b81776cb-2b2f-431e-a9e7-4b6dfd87edce (type: security_groups) to 1
2026-07-14 18:50:18.195 10 INFO neutron.db.ovn_revision_numbers_db [None req-85c2a5d3-5a02-4cdc-97ea-15405132a73c 7bbe5fbbecb04c67aaf0e51e1e70f88f 1df9047b14b549089d81bf61621eaab4 - - default default] Successfully bumped revision number for resource 0881a0f0-042a-4b5b-a5ec-68df6ad08784 (type: security_group_rules) to 0
2026-07-14 18:50:18.220 10 INFO neutron.db.ovn_revision_numbers_db [None req-85c2a5d3-5a02-4cdc-97ea-15405132a73c 7bbe5fbbecb04c67aaf0e51e1e70f88f 1df9047b14b549089d81bf61621eaab4 - - default default] Successfully bumped revision number for resource 0a1e50c4-5958-4f05-8560-39981fa354c8 (type: security_group_rules) to 0
2026-07-14 18:50:18.236 10 INFO neutron.db.ovn_revision_numbers_db [None req-85c2a5d3-5a02-4cdc-97ea-15405132a73c 7bbe5fbbecb04c67aaf0e51e1e70f88f 1df9047b14b549089d81bf61621eaab4 - - default default] Successfully bumped revision number for resource 5dd7e86f-f67f-4059-af98-cfb5a2654a53 (type: security_group_rules) to 0
2026-07-14 18:50:18.250 10 INFO neutron.db.ovn_revision_numbers_db [None req-85c2a5d3-5a02-4cdc-97ea-15405132a73c 7bbe5fbbecb04c67aaf0e51e1e70f88f 1df9047b14b549089d81bf61621eaab4 - - default default] Successfully bumped revision number for resource c1e9b87d-55ed-4410-8579-ae1b5983c329 (type: security_group_rules) to 0
2026-07-14 18:50:18.272 9 INFO neutron.services.segments.plugin [-] Segment 96e9f252-6073-4ea6-9d24-641f0148f4b8 resource provider aggregate not found
2026-07-14 18:50:18.276 10 INFO neutron.wsgi [None req-85c2a5d3-5a02-4cdc-97ea-15405132a73c 7bbe5fbbecb04c67aaf0e51e1e70f88f 1df9047b14b549089d81bf61621eaab4 - - default default] 10.0.0.70 "GET /v2.0/security-groups?tenant_id=88311fec637c4bef96fad84e94deb0db&name=default HTTP/1.1" status: 200 len: 3000 time: 0.2258482
2026-07-14 18:50:18.276 9 INFO neutron.services.segments.plugin [-] Segment 96e9f252-6073-4ea6-9d24-641f0148f4b8 resource provider aggregate not found
2026-07-14 18:50:18.289 9 INFO neutron.services.segments.plugin [-] Segment 96e9f252-6073-4ea6-9d24-641f0148f4b8 resource provider not found; error: Placement Client Error (4xx): {"errors": [{"status": 404, "title": "Not Found", "detail": "The resource could not be found.\n\n No resource provider with uuid 96e9f252-6073-4ea6-9d24-641f0148f4b8 found for delete ", "request_id": "req-f2a28bb4-d479-4f49-b02d-135aa67b2f2e"}]}
2026-07-14 18:50:18.298 9 INFO neutron.services.segments.plugin [-] Segment 96e9f252-6073-4ea6-9d24-641f0148f4b8 resource provider not found; error: Placement Client Error (4xx): {"errors": [{"status": 404, "title": "Not Found", "detail": "The resource could not be found.\n\n No resource provider with uuid 96e9f252-6073-4ea6-9d24-641f0148f4b8 found for delete ", "request_id": "req-a7c2b462-8930-4c55-93cb-d7f46ffc4198"}]}
2026-07-14 18:50:18.322 9 INFO neutron.wsgi [None req-bdf4fe86-a7f7-438a-83b9-251d9ed126db c9a936ee42814ef8bd90f5e07aa3ddbe a3a431a3de8545e1a8b3c9c15f58b53a - - default default] 10.0.0.70 "DELETE /v2.0/networks/f1320547-86bf-4fe6-9057-c17a3881da99 HTTP/1.1" status: 204 len: 168 time: 0.4515829
2026-07-14 18:50:18.362 9 INFO neutron.wsgi [None req-d15772b2-2e7e-47b6-a23f-38f430119c72 0f45106d82ea498a810235b559b6a1e2 671abad82020417695864661dfd953f2 - - default default] 10.0.0.70 "POST /v2.0/subnetpools HTTP/1.1" status: 201 len: 715 time: 0.2787170
2026-07-14 18:50:18.403 9 INFO neutron.wsgi [None req-a434e863-c55a-4ec2-89dd-b8e670472c0e 0f45106d82ea498a810235b559b6a1e2 671abad82020417695864661dfd953f2 - - default default] 10.0.0.70 "PUT /v2.0/subnetpools/129dac9c-7e94-4fcc-b4a5-53d0e25c3e47/tags HTTP/1.1" status: 200 len: 218 time: 0.0348566
2026-07-14 18:50:18.428 9 INFO neutron.wsgi [None req-d7a7f283-1d2f-4b16-bf33-47c2976e95fd 0f45106d82ea498a810235b559b6a1e2 671abad82020417695864661dfd953f2 - - default default] 10.0.0.70 "GET /v2.0/subnetpools/129dac9c-7e94-4fcc-b4a5-53d0e25c3e47/tags HTTP/1.1" status: 200 len: 218 time: 0.0186551
2026-07-14 18:50:18.463 9 INFO neutron.wsgi [None req-c342c22b-fcaa-42be-9588-7df1ed0abd0a 0f45106d82ea498a810235b559b6a1e2 671abad82020417695864661dfd953f2 - - default default] 10.0.0.70 "PUT /v2.0/subnetpools/129dac9c-7e94-4fcc-b4a5-53d0e25c3e47/tags/green HTTP/1.1" status: 201 len: 201 time: 0.0290101
2026-07-14 18:50:18.480 10 INFO neutron.wsgi [None req-970fd690-2aa4-4045-8299-4f23e3982ffa 7bbe5fbbecb04c67aaf0e51e1e70f88f 1df9047b14b549089d81bf61621eaab4 - - default default] 10.0.0.70 "DELETE /v2.0/security-groups/b81776cb-2b2f-431e-a9e7-4b6dfd87edce HTTP/1.1" status: 204 len: 168 time: 0.1988728
2026-07-14 18:50:18.484 9 INFO neutron.wsgi [None req-fe3be0e9-b37a-4e8e-891c-045641966dae 0f45106d82ea498a810235b559b6a1e2 671abad82020417695864661dfd953f2 - - default default] 10.0.0.70 "GET /v2.0/subnetpools/129dac9c-7e94-4fcc-b4a5-53d0e25c3e47/tags HTTP/1.1" status: 200 len: 227 time: 0.0169289
2026-07-14 18:50:18.506 9 INFO neutron.wsgi [None req-7c09fbcb-90b9-4ebb-a077-d85bc9ccb142 0f45106d82ea498a810235b559b6a1e2 671abad82020417695864661dfd953f2 - - default default] 10.0.0.70 "PUT /v2.0/subnetpools/129dac9c-7e94-4fcc-b4a5-53d0e25c3e47/tags/red HTTP/1.1" status: 201 len: 201 time: 0.0159607
2026-07-14 18:50:18.527 9 INFO neutron.wsgi [None req-15d8ba8f-91a3-41de-9da2-a07874d29726 0f45106d82ea498a810235b559b6a1e2 671abad82020417695864661dfd953f2 - - default default] 10.0.0.70 "GET /v2.0/subnetpools/129dac9c-7e94-4fcc-b4a5-53d0e25c3e47/tags HTTP/1.1" status: 200 len: 227 time: 0.0161579
2026-07-14 18:50:18.565 9 INFO neutron.wsgi [None req-e428fea4-f526-4d29-8be0-cfe4697df44b 0f45106d82ea498a810235b559b6a1e2 671abad82020417695864661dfd953f2 - - default default] 10.0.0.70 "PUT /v2.0/subnetpools/129dac9c-7e94-4fcc-b4a5-53d0e25c3e47/tags/black.or.white HTTP/1.1" status: 201 len: 201 time: 0.0325692
2026-07-14 18:50:18.586 9 INFO neutron.wsgi [None req-f1146309-aedc-448d-afd9-fbfcea47e1e9 0f45106d82ea498a810235b559b6a1e2 671abad82020417695864661dfd953f2 - - default default] 10.0.0.70 "GET /v2.0/subnetpools/129dac9c-7e94-4fcc-b4a5-53d0e25c3e47/tags HTTP/1.1" status: 200 len: 245 time: 0.0173323
2026-07-14 18:50:18.616 9 INFO neutron.wsgi [None req-116fd116-05fc-469f-b9fd-e5cdc9fa3676 0f45106d82ea498a810235b559b6a1e2 671abad82020417695864661dfd953f2 - - default default] 10.0.0.70 "PUT /v2.0/subnetpools/129dac9c-7e94-4fcc-b4a5-53d0e25c3e47/tags HTTP/1.1" status: 200 len: 230 time: 0.0267837
2026-07-14 18:50:18.640 9 INFO neutron.wsgi [None req-f01ac017-f6a7-496b-ab99-9d17d06e8949 0f45106d82ea498a810235b559b6a1e2 671abad82020417695864661dfd953f2 - - default default] 10.0.0.70 "GET /v2.0/subnetpools/129dac9c-7e94-4fcc-b4a5-53d0e25c3e47/tags HTTP/1.1" status: 200 len: 230 time: 0.0204725
2026-07-14 18:50:18.661 9 INFO neutron.wsgi [None req-37d9eb0f-ea43-4a51-9614-8302f2db4f48 0f45106d82ea498a810235b559b6a1e2 671abad82020417695864661dfd953f2 - - default default] 10.0.0.70 "GET /v2.0/subnetpools/129dac9c-7e94-4fcc-b4a5-53d0e25c3e47/tags/red HTTP/1.1" status: 204 len: 168 time: 0.0163078
2026-07-14 18:50:18.681 9 INFO neutron.api.v2.resource [None req-bb424321-a55b-4dac-8549-906953f75bf4 0f45106d82ea498a810235b559b6a1e2 671abad82020417695864661dfd953f2 - - default default] show failed (client error): The resource could not be found.
2026-07-14 18:50:18.682 9 INFO neutron.wsgi [None req-bb424321-a55b-4dac-8549-906953f75bf4 0f45106d82ea498a810235b559b6a1e2 671abad82020417695864661dfd953f2 - - default default] 10.0.0.70 "GET /v2.0/subnetpools/129dac9c-7e94-4fcc-b4a5-53d0e25c3e47/tags/green HTTP/1.1" status: 404 len: 299 time: 0.0156410
2026-07-14 18:50:18.716 9 INFO neutron.wsgi [None req-6d382466-6675-411d-9eaa-e0c897d24e5e 0f45106d82ea498a810235b559b6a1e2 671abad82020417695864661dfd953f2 - - default default] 10.0.0.70 "DELETE /v2.0/subnetpools/129dac9c-7e94-4fcc-b4a5-53d0e25c3e47/tags/red HTTP/1.1" status: 204 len: 168 time: 0.0286343
2026-07-14 18:50:18.738 9 INFO neutron.wsgi [None req-478a9cf4-1688-484d-8c45-b604967937c5 0f45106d82ea498a810235b559b6a1e2 671abad82020417695864661dfd953f2 - - default default] 10.0.0.70 "GET /v2.0/subnetpools/129dac9c-7e94-4fcc-b4a5-53d0e25c3e47/tags HTTP/1.1" status: 200 len: 223 time: 0.0171199
2026-07-14 18:50:18.763 9 INFO neutron.api.v2.resource [None req-1a2cbc0b-b4e2-468d-80e7-2b142b0c131f 0f45106d82ea498a810235b559b6a1e2 671abad82020417695864661dfd953f2 - - default default] delete failed (client error): The resource could not be found.
2026-07-14 18:50:18.765 9 INFO neutron.wsgi [None req-1a2cbc0b-b4e2-468d-80e7-2b142b0c131f 0f45106d82ea498a810235b559b6a1e2 671abad82020417695864661dfd953f2 - - default default] 10.0.0.70 "DELETE /v2.0/subnetpools/129dac9c-7e94-4fcc-b4a5-53d0e25c3e47/tags/green HTTP/1.1" status: 404 len: 299 time: 0.0205412
2026-07-14 18:50:18.805 9 INFO neutron.wsgi [None req-c280ca7c-72d8-4518-bbe3-110512a4cc39 0f45106d82ea498a810235b559b6a1e2 671abad82020417695864661dfd953f2 - - default default] 10.0.0.70 "DELETE /v2.0/subnetpools/129dac9c-7e94-4fcc-b4a5-53d0e25c3e47/tags HTTP/1.1" status: 204 len: 168 time: 0.0346107
2026-07-14 18:50:18.859 10 INFO neutron.wsgi [None req-7a17d4c7-36d5-44d0-a90d-d941a9a36a40 0f45106d82ea498a810235b559b6a1e2 671abad82020417695864661dfd953f2 - - default default] 10.0.0.70 "GET /v2.0/subnetpools/129dac9c-7e94-4fcc-b4a5-53d0e25c3e47/tags HTTP/1.1" status: 200 len: 205 time: 0.0500267
2026-07-14 18:50:18.943 9 INFO neutron.wsgi [None req-5b12c5e1-f6b7-4c6f-b529-cbba58cfd542 0f45106d82ea498a810235b559b6a1e2 671abad82020417695864661dfd953f2 - - default default] 10.0.0.70 "DELETE /v2.0/subnetpools/129dac9c-7e94-4fcc-b4a5-53d0e25c3e47 HTTP/1.1" status: 204 len: 168 time: 0.0649893
2026-07-14 18:50:19.313 10 INFO neutron.db.ovn_revision_numbers_db [None req-e94c4260-2d41-4117-8a36-e1dce1dc2e62 7bbe5fbbecb04c67aaf0e51e1e70f88f 1df9047b14b549089d81bf61621eaab4 - - default default] Successfully bumped revision number for resource 4731c057-1945-47cb-840b-578cff4743bf (type: security_groups) to 1
2026-07-14 18:50:19.333 10 INFO neutron.db.ovn_revision_numbers_db [None req-e94c4260-2d41-4117-8a36-e1dce1dc2e62 7bbe5fbbecb04c67aaf0e51e1e70f88f 1df9047b14b549089d81bf61621eaab4 - - default default] Successfully bumped revision number for resource 6fd79407-46fc-4755-b7a4-56c9f530a856 (type: security_group_rules) to 0
2026-07-14 18:50:19.349 10 INFO neutron.db.ovn_revision_numbers_db [None req-e94c4260-2d41-4117-8a36-e1dce1dc2e62 7bbe5fbbecb04c67aaf0e51e1e70f88f 1df9047b14b549089d81bf61621eaab4 - - default default] Successfully bumped revision number for resource 8d252941-9a19-448f-9ca9-9e17fe8467b7 (type: security_group_rules) to 0
2026-07-14 18:50:19.363 10 INFO neutron.db.ovn_revision_numbers_db [None req-e94c4260-2d41-4117-8a36-e1dce1dc2e62 7bbe5fbbecb04c67aaf0e51e1e70f88f 1df9047b14b549089d81bf61621eaab4 - - default default] Successfully bumped revision number for resource 91f0564c-0c9d-49ce-a6ec-972d6b08e597 (type: security_group_rules) to 0
2026-07-14 18:50:19.376 10 INFO neutron.db.ovn_revision_numbers_db [None req-e94c4260-2d41-4117-8a36-e1dce1dc2e62 7bbe5fbbecb04c67aaf0e51e1e70f88f 1df9047b14b549089d81bf61621eaab4 - - default default] Successfully bumped revision number for resource f5d677c1-0cb2-47d0-9178-15cf52833053 (type: security_group_rules) to 0
2026-07-14 18:50:19.398 10 INFO neutron.wsgi [None req-e94c4260-2d41-4117-8a36-e1dce1dc2e62 7bbe5fbbecb04c67aaf0e51e1e70f88f 1df9047b14b549089d81bf61621eaab4 - - default default] 10.0.0.70 "GET /v2.0/security-groups?tenant_id=46d6f16f3a4247ef8b468537c25a6062&name=default HTTP/1.1" status: 200 len: 3000 time: 0.3557854
2026-07-14 18:50:19.631 10 INFO neutron.wsgi [None req-a8ed35cd-8333-4971-b981-dc5c13881332 7bbe5fbbecb04c67aaf0e51e1e70f88f 1df9047b14b549089d81bf61621eaab4 - - default default] 10.0.0.70 "DELETE /v2.0/security-groups/4731c057-1945-47cb-840b-578cff4743bf HTTP/1.1" status: 204 len: 168 time: 0.2280555
2026-07-14 18:50:19.772 9 INFO neutron.wsgi [None req-1f39ce9e-a815-4132-8fb9-2f86df13a09d 7bbe5fbbecb04c67aaf0e51e1e70f88f 1df9047b14b549089d81bf61621eaab4 - - default default] 10.0.0.70 "GET /v2.0/security-groups?tenant_id=a3a431a3de8545e1a8b3c9c15f58b53a&name=default HTTP/1.1" status: 200 len: 3000 time: 0.0471632
2026-07-14 18:50:19.983 9 INFO neutron.wsgi [None req-7855dba0-1ced-4b90-9bfc-1d2798e67e35 7bbe5fbbecb04c67aaf0e51e1e70f88f 1df9047b14b549089d81bf61621eaab4 - - default default] 10.0.0.70 "DELETE /v2.0/security-groups/0c853323-e644-403a-acdb-722909a3dea4 HTTP/1.1" status: 204 len: 168 time: 0.2054095
2026-07-14 18:50:20.061 10 INFO neutron.db.ovn_revision_numbers_db [None req-d5ab5b9b-b22b-4778-93b0-3db16cefd276 7bbe5fbbecb04c67aaf0e51e1e70f88f 1df9047b14b549089d81bf61621eaab4 - - default default] Successfully bumped revision number for resource 863d9367-1ba0-450e-9476-8b9dfed34318 (type: security_groups) to 1
2026-07-14 18:50:20.075 10 INFO neutron.db.ovn_revision_numbers_db [None req-d5ab5b9b-b22b-4778-93b0-3db16cefd276 7bbe5fbbecb04c67aaf0e51e1e70f88f 1df9047b14b549089d81bf61621eaab4 - - default default] Successfully bumped revision number for resource 1b0e82ab-db73-46f8-bc0b-3c218f665f7d (type: security_group_rules) to 0
2026-07-14 18:50:20.088 10 INFO neutron.db.ovn_revision_numbers_db [None req-d5ab5b9b-b22b-4778-93b0-3db16cefd276 7bbe5fbbecb04c67aaf0e51e1e70f88f 1df9047b14b549089d81bf61621eaab4 - - default default] Successfully bumped revision number for resource 996e5473-1803-4d12-a522-48205837c31e (type: security_group_rules) to 0
2026-07-14 18:50:20.106 10 INFO neutron.db.ovn_revision_numbers_db [None req-d5ab5b9b-b22b-4778-93b0-3db16cefd276 7bbe5fbbecb04c67aaf0e51e1e70f88f 1df9047b14b549089d81bf61621eaab4 - - default default] Successfully bumped revision number for resource 9ee382db-ffd0-4712-bc32-d7ffadcdcbd4 (type: security_group_rules) to 0
2026-07-14 18:50:20.120 10 INFO neutron.db.ovn_revision_numbers_db [None req-d5ab5b9b-b22b-4778-93b0-3db16cefd276 7bbe5fbbecb04c67aaf0e51e1e70f88f 1df9047b14b549089d81bf61621eaab4 - - default default] Successfully bumped revision number for resource a0c1f715-8438-4dc3-9d72-4a64c4a55f7a (type: security_group_rules) to 0
2026-07-14 18:50:20.144 10 INFO neutron.wsgi [None req-d5ab5b9b-b22b-4778-93b0-3db16cefd276 7bbe5fbbecb04c67aaf0e51e1e70f88f 1df9047b14b549089d81bf61621eaab4 - - default default] 10.0.0.70 "GET /v2.0/security-groups?tenant_id=671abad82020417695864661dfd953f2&name=default HTTP/1.1" status: 200 len: 3000 time: 0.5069535
2026-07-14 18:50:20.326 10 INFO neutron.wsgi [None req-9cea8381-2cf7-45d0-b8e8-870f372befcc 7bbe5fbbecb04c67aaf0e51e1e70f88f 1df9047b14b549089d81bf61621eaab4 - - default default] 10.0.0.70 "DELETE /v2.0/security-groups/863d9367-1ba0-450e-9476-8b9dfed34318 HTTP/1.1" status: 204 len: 168 time: 0.1776702
2026-07-14 18:50:20.553 10 INFO neutron.wsgi [-] 10.0.0.125 "GET / HTTP/1.1" status: 200 len: 246 time: 0.0014675
2026-07-14 18:50:20.555 10 INFO neutron.wsgi [-] 10.0.0.125 "GET / HTTP/1.1" status: 200 len: 246 time: 0.0012395
2026-07-14 18:50:20.574 9 INFO neutron.db.ovn_revision_numbers_db [None req-c3f0c949-011a-458b-8e60-a98e13d7c1c5 7bbe5fbbecb04c67aaf0e51e1e70f88f 1df9047b14b549089d81bf61621eaab4 - - default default] Successfully bumped revision number for resource e42b7a0c-6093-40f2-8431-d8114a910e6d (type: security_groups) to 1
2026-07-14 18:50:20.587 9 INFO neutron.db.ovn_revision_numbers_db [None req-c3f0c949-011a-458b-8e60-a98e13d7c1c5 7bbe5fbbecb04c67aaf0e51e1e70f88f 1df9047b14b549089d81bf61621eaab4 - - default default] Successfully bumped revision number for resource 56d6645c-4a59-44ab-ba98-0f35b6302ee8 (type: security_group_rules) to 0
2026-07-14 18:50:20.600 9 INFO neutron.db.ovn_revision_numbers_db [None req-c3f0c949-011a-458b-8e60-a98e13d7c1c5 7bbe5fbbecb04c67aaf0e51e1e70f88f 1df9047b14b549089d81bf61621eaab4 - - default default] Successfully bumped revision number for resource 599c3553-cf89-4cf3-9fd3-44643a237a03 (type: security_group_rules) to 0
2026-07-14 18:50:20.614 9 INFO neutron.db.ovn_revision_numbers_db [None req-c3f0c949-011a-458b-8e60-a98e13d7c1c5 7bbe5fbbecb04c67aaf0e51e1e70f88f 1df9047b14b549089d81bf61621eaab4 - - default default] Successfully bumped revision number for resource 84962e4d-0110-43c6-97a8-89e0ce1b2576 (type: security_group_rules) to 0
2026-07-14 18:50:20.628 9 INFO neutron.db.ovn_revision_numbers_db [None req-c3f0c949-011a-458b-8e60-a98e13d7c1c5 7bbe5fbbecb04c67aaf0e51e1e70f88f 1df9047b14b549089d81bf61621eaab4 - - default default] Successfully bumped revision number for resource ad44b6fb-0fac-4460-8bb0-b44783e47fa2 (type: security_group_rules) to 0
2026-07-14 18:50:20.655 9 INFO neutron.wsgi [None req-c3f0c949-011a-458b-8e60-a98e13d7c1c5 7bbe5fbbecb04c67aaf0e51e1e70f88f 1df9047b14b549089d81bf61621eaab4 - - default default] 10.0.0.70 "GET /v2.0/security-groups?tenant_id=39060eaf7e7c48c7813da84563f8bbf0&name=default HTTP/1.1" status: 200 len: 3000 time: 0.1953192
2026-07-14 18:50:20.914 9 INFO neutron.wsgi [None req-0324c61b-ed9d-4a1a-974c-5920da6b46b7 7bbe5fbbecb04c67aaf0e51e1e70f88f 1df9047b14b549089d81bf61621eaab4 - - default default] 10.0.0.70 "DELETE /v2.0/security-groups/e42b7a0c-6093-40f2-8431-d8114a910e6d HTTP/1.1" status: 204 len: 168 time: 0.2534530
2026-07-14 18:50:22.447 10 INFO neutron.db.ovn_revision_numbers_db [None req-798689c4-553f-4790-9439-b32173a6a45b 88c6ca7b0a5e4304a0b1be047496f1ce 6aa972b09d76407388d7471c5ff2dbb7 - - default default] Successfully bumped revision number for resource 2b985823-3b20-4c61-8f6b-150759c38817 (type: routers) to 1
2026-07-14 18:50:22.463 10 INFO neutron.wsgi [None req-798689c4-553f-4790-9439-b32173a6a45b 88c6ca7b0a5e4304a0b1be047496f1ce 6aa972b09d76407388d7471c5ff2dbb7 - - default default] 10.0.0.70 "POST /v2.0/routers HTTP/1.1" status: 201 len: 654 time: 0.3911126
2026-07-14 18:50:22.525 10 INFO neutron.wsgi [None req-4569c6dc-dd15-445b-b2e6-fcac45227895 88c6ca7b0a5e4304a0b1be047496f1ce 6aa972b09d76407388d7471c5ff2dbb7 - - default default] 10.0.0.70 "PUT /v2.0/routers/2b985823-3b20-4c61-8f6b-150759c38817/tags HTTP/1.1" status: 200 len: 218 time: 0.0548127
2026-07-14 18:50:22.590 10 INFO neutron.wsgi [None req-69870c22-c298-46bc-a4ba-6d6ecb6f01b3 88c6ca7b0a5e4304a0b1be047496f1ce 6aa972b09d76407388d7471c5ff2dbb7 - - default default] 10.0.0.70 "GET /v2.0/routers/2b985823-3b20-4c61-8f6b-150759c38817/tags HTTP/1.1" status: 200 len: 218 time: 0.0595329
2026-07-14 18:50:22.653 10 INFO neutron.wsgi [None req-091a3bcb-451a-4632-b1ec-7e0652121e58 88c6ca7b0a5e4304a0b1be047496f1ce 6aa972b09d76407388d7471c5ff2dbb7 - - default default] 10.0.0.70 "PUT /v2.0/routers/2b985823-3b20-4c61-8f6b-150759c38817/tags/green HTTP/1.1" status: 201 len: 201 time: 0.0581853
2026-07-14 18:50:22.698 10 INFO neutron.wsgi [None req-d3763482-0ff9-40fa-9044-115d17f2bbe2 88c6ca7b0a5e4304a0b1be047496f1ce 6aa972b09d76407388d7471c5ff2dbb7 - - default default] 10.0.0.70 "GET /v2.0/routers/2b985823-3b20-4c61-8f6b-150759c38817/tags HTTP/1.1" status: 200 len: 227 time: 0.0398939
2026-07-14 18:50:22.747 10 INFO neutron.wsgi [None req-cf2d2b6a-6734-406a-bf19-b9483d8f7e7e 88c6ca7b0a5e4304a0b1be047496f1ce 6aa972b09d76407388d7471c5ff2dbb7 - - default default] 10.0.0.70 "PUT /v2.0/routers/2b985823-3b20-4c61-8f6b-150759c38817/tags/red HTTP/1.1" status: 201 len: 201 time: 0.0450695
2026-07-14 18:50:22.797 10 INFO neutron.wsgi [None req-aae2c5ad-be20-4f6d-b0cf-49ed361c5259 88c6ca7b0a5e4304a0b1be047496f1ce 6aa972b09d76407388d7471c5ff2dbb7 - - default default] 10.0.0.70 "GET /v2.0/routers/2b985823-3b20-4c61-8f6b-150759c38817/tags HTTP/1.1" status: 200 len: 227 time: 0.0452557
2026-07-14 18:50:22.860 10 INFO neutron.wsgi [None req-b51171ce-6049-4940-9469-3c53f51fbe9c 88c6ca7b0a5e4304a0b1be047496f1ce 6aa972b09d76407388d7471c5ff2dbb7 - - default default] 10.0.0.70 "PUT /v2.0/routers/2b985823-3b20-4c61-8f6b-150759c38817/tags/black.or.white HTTP/1.1" status: 201 len: 201 time: 0.0581782
2026-07-14 18:50:22.911 10 INFO neutron.wsgi [None req-2a3d278c-2f8f-4b1c-82b8-d8ec816543f6 88c6ca7b0a5e4304a0b1be047496f1ce 6aa972b09d76407388d7471c5ff2dbb7 - - default default] 10.0.0.70 "GET /v2.0/routers/2b985823-3b20-4c61-8f6b-150759c38817/tags HTTP/1.1" status: 200 len: 245 time: 0.0457492
2026-07-14 18:50:22.980 10 INFO neutron.wsgi [None req-25a3d3ed-f6f4-4121-94ef-6b9b8ebf19f9 88c6ca7b0a5e4304a0b1be047496f1ce 6aa972b09d76407388d7471c5ff2dbb7 - - default default] 10.0.0.70 "PUT /v2.0/routers/2b985823-3b20-4c61-8f6b-150759c38817/tags HTTP/1.1" status: 200 len: 230 time: 0.0638406
2026-07-14 18:50:23.046 10 INFO neutron.wsgi [None req-d8f08657-9cbf-46d3-8d4a-eae98f261dd9 88c6ca7b0a5e4304a0b1be047496f1ce 6aa972b09d76407388d7471c5ff2dbb7 - - default default] 10.0.0.70 "GET /v2.0/routers/2b985823-3b20-4c61-8f6b-150759c38817/tags HTTP/1.1" status: 200 len: 230 time: 0.0561600
2026-07-14 18:50:23.100 10 INFO neutron.wsgi [None req-36d2f72e-9825-440a-843b-3b69b6bfe90a 88c6ca7b0a5e4304a0b1be047496f1ce 6aa972b09d76407388d7471c5ff2dbb7 - - default default] 10.0.0.70 "GET /v2.0/routers/2b985823-3b20-4c61-8f6b-150759c38817/tags/red HTTP/1.1" status: 204 len: 168 time: 0.0495830
2026-07-14 18:50:23.154 10 INFO neutron.api.v2.resource [None req-564b307c-e01b-48f2-b834-ad37d33fab34 88c6ca7b0a5e4304a0b1be047496f1ce 6aa972b09d76407388d7471c5ff2dbb7 - - default default] show failed (client error): The resource could not be found.
2026-07-14 18:50:23.156 10 INFO neutron.wsgi [None req-564b307c-e01b-48f2-b834-ad37d33fab34 88c6ca7b0a5e4304a0b1be047496f1ce 6aa972b09d76407388d7471c5ff2dbb7 - - default default] 10.0.0.70 "GET /v2.0/routers/2b985823-3b20-4c61-8f6b-150759c38817/tags/green HTTP/1.1" status: 404 len: 299 time: 0.0498457
2026-07-14 18:50:23.227 10 INFO neutron.wsgi [None req-273170a9-8cc3-489b-91d4-6b31763d7954 88c6ca7b0a5e4304a0b1be047496f1ce 6aa972b09d76407388d7471c5ff2dbb7 - - default default] 10.0.0.70 "DELETE /v2.0/routers/2b985823-3b20-4c61-8f6b-150759c38817/tags/red HTTP/1.1" status: 204 len: 168 time: 0.0660720
2026-07-14 18:50:23.291 10 INFO neutron.wsgi [None req-930737fb-42a9-4c5c-bc2b-f3e3c61ec7db 88c6ca7b0a5e4304a0b1be047496f1ce 6aa972b09d76407388d7471c5ff2dbb7 - - default default] 10.0.0.70 "GET /v2.0/routers/2b985823-3b20-4c61-8f6b-150759c38817/tags HTTP/1.1" status: 200 len: 223 time: 0.0602140
2026-07-14 18:50:23.342 10 INFO neutron.api.v2.resource [None req-76d0ee52-b7c0-49fb-b09a-3957078351aa 88c6ca7b0a5e4304a0b1be047496f1ce 6aa972b09d76407388d7471c5ff2dbb7 - - default default] delete failed (client error): The resource could not be found.
2026-07-14 18:50:23.344 10 INFO neutron.wsgi [None req-76d0ee52-b7c0-49fb-b09a-3957078351aa 88c6ca7b0a5e4304a0b1be047496f1ce 6aa972b09d76407388d7471c5ff2dbb7 - - default default] 10.0.0.70 "DELETE /v2.0/routers/2b985823-3b20-4c61-8f6b-150759c38817/tags/green HTTP/1.1" status: 404 len: 299 time: 0.0491493
2026-07-14 18:50:23.414 9 INFO neutron.wsgi [None req-5bd174f1-a4a7-4a18-9bc3-b5eaa3a5b941 88c6ca7b0a5e4304a0b1be047496f1ce 6aa972b09d76407388d7471c5ff2dbb7 - - default default] 10.0.0.70 "DELETE /v2.0/routers/2b985823-3b20-4c61-8f6b-150759c38817/tags HTTP/1.1" status: 204 len: 168 time: 0.0648606
2026-07-14 18:50:23.462 9 INFO neutron.wsgi [None req-050d61e1-2c16-47c7-8231-a85eb0f3bc4d 88c6ca7b0a5e4304a0b1be047496f1ce 6aa972b09d76407388d7471c5ff2dbb7 - - default default] 10.0.0.70 "GET /v2.0/routers/2b985823-3b20-4c61-8f6b-150759c38817/tags HTTP/1.1" status: 200 len: 205 time: 0.0441494
2026-07-14 18:50:23.533 9 INFO neutron.wsgi [None req-083c0f67-29bd-4dd1-8a74-f5361124c2d4 88c6ca7b0a5e4304a0b1be047496f1ce 6aa972b09d76407388d7471c5ff2dbb7 - - default default] 10.0.0.70 "GET /v2.0/routers/2b985823-3b20-4c61-8f6b-150759c38817 HTTP/1.1" status: 200 len: 655 time: 0.0634203
2026-07-14 18:50:24.041 10 INFO neutron.db.ovn_revision_numbers_db [None req-37b1d118-2b38-46f4-96bf-45e3de02dfd1 7bbe5fbbecb04c67aaf0e51e1e70f88f 1df9047b14b549089d81bf61621eaab4 - - default default] Successfully bumped revision number for resource 2c52bccc-7bd1-49dc-84b1-1b9fb872a46b (type: security_groups) to 1
2026-07-14 18:50:24.057 10 INFO neutron.db.ovn_revision_numbers_db [None req-37b1d118-2b38-46f4-96bf-45e3de02dfd1 7bbe5fbbecb04c67aaf0e51e1e70f88f 1df9047b14b549089d81bf61621eaab4 - - default default] Successfully bumped revision number for resource 57f369ae-92ad-4f9d-9ac9-bc482dc8074f (type: security_group_rules) to 0
2026-07-14 18:50:24.075 10 INFO neutron.db.ovn_revision_numbers_db [None req-37b1d118-2b38-46f4-96bf-45e3de02dfd1 7bbe5fbbecb04c67aaf0e51e1e70f88f 1df9047b14b549089d81bf61621eaab4 - - default default] Successfully bumped revision number for resource a1b475ef-f33a-44dc-bb3d-b5c829d02f48 (type: security_group_rules) to 0
2026-07-14 18:50:24.092 10 INFO neutron.db.ovn_revision_numbers_db [None req-37b1d118-2b38-46f4-96bf-45e3de02dfd1 7bbe5fbbecb04c67aaf0e51e1e70f88f 1df9047b14b549089d81bf61621eaab4 - - default default] Successfully bumped revision number for resource d0de1ca1-8ced-479c-bf6c-3e667d5ea4fb (type: security_group_rules) to 0
2026-07-14 18:50:24.109 10 INFO neutron.db.ovn_revision_numbers_db [None req-37b1d118-2b38-46f4-96bf-45e3de02dfd1 7bbe5fbbecb04c67aaf0e51e1e70f88f 1df9047b14b549089d81bf61621eaab4 - - default default] Successfully bumped revision number for resource f4ba9ebf-1a80-4018-9a1d-a93bc0554a87 (type: security_group_rules) to 0
2026-07-14 18:50:24.131 10 INFO neutron.wsgi [None req-37b1d118-2b38-46f4-96bf-45e3de02dfd1 7bbe5fbbecb04c67aaf0e51e1e70f88f 1df9047b14b549089d81bf61621eaab4 - - default default] 10.0.0.70 "GET /v2.0/security-groups?tenant_id=1fc00ee3770342d6ad6bf19aa20dbcb8&name=default HTTP/1.1" status: 200 len: 3000 time: 0.4061704
2026-07-14 18:50:24.320 9 INFO neutron.db.ovn_revision_numbers_db [None req-f22e7217-83e5-45c2-b572-ca3604b5da72 88c6ca7b0a5e4304a0b1be047496f1ce 6aa972b09d76407388d7471c5ff2dbb7 - - default default] Successfully bumped revision number for resource 2b985823-3b20-4c61-8f6b-150759c38817 (type: routers) to 7
2026-07-14 18:50:24.324 9 INFO neutron.wsgi [None req-f22e7217-83e5-45c2-b572-ca3604b5da72 88c6ca7b0a5e4304a0b1be047496f1ce 6aa972b09d76407388d7471c5ff2dbb7 - - default default] 10.0.0.70 "PUT /v2.0/routers/2b985823-3b20-4c61-8f6b-150759c38817 HTTP/1.1" status: 200 len: 655 time: 0.7820797
2026-07-14 18:50:24.338 10 INFO neutron.wsgi [None req-cbb87f4d-d8fa-4432-b7ec-b279a02444a8 7bbe5fbbecb04c67aaf0e51e1e70f88f 1df9047b14b549089d81bf61621eaab4 - - default default] 10.0.0.70 "DELETE /v2.0/security-groups/2c52bccc-7bd1-49dc-84b1-1b9fb872a46b HTTP/1.1" status: 204 len: 168 time: 0.2007794
2026-07-14 18:50:24.347 9 INFO neutron.wsgi [None req-71ccef21-5b42-4ef0-9427-798273d872cb 88c6ca7b0a5e4304a0b1be047496f1ce 6aa972b09d76407388d7471c5ff2dbb7 - - default default] 10.0.0.70 "GET /v2.0/ports?device_id=2b985823-3b20-4c61-8f6b-150759c38817 HTTP/1.1" status: 200 len: 205 time: 0.0186355
2026-07-14 18:50:24.563 9 INFO neutron.wsgi [None req-b336a74f-6638-4262-8c26-823f61ecfc38 88c6ca7b0a5e4304a0b1be047496f1ce 6aa972b09d76407388d7471c5ff2dbb7 - - default default] 10.0.0.70 "DELETE /v2.0/routers/2b985823-3b20-4c61-8f6b-150759c38817 HTTP/1.1" status: 204 len: 168 time: 0.2110777
2026-07-14 18:50:24.613 9 INFO neutron.db.ovn_revision_numbers_db [None req-ee5dd7d6-24dc-4606-ac8c-4561cb6b866a 7bbe5fbbecb04c67aaf0e51e1e70f88f 1df9047b14b549089d81bf61621eaab4 - - default default] Successfully bumped revision number for resource b7047e3f-001a-4ea2-adab-d28f0dd1ba7c (type: security_groups) to 1
2026-07-14 18:50:24.628 9 INFO neutron.db.ovn_revision_numbers_db [None req-ee5dd7d6-24dc-4606-ac8c-4561cb6b866a 7bbe5fbbecb04c67aaf0e51e1e70f88f 1df9047b14b549089d81bf61621eaab4 - - default default] Successfully bumped revision number for resource 0a93c819-fc4b-461a-a354-02052c9d2cc2 (type: security_group_rules) to 0
2026-07-14 18:50:24.643 9 INFO neutron.db.ovn_revision_numbers_db [None req-ee5dd7d6-24dc-4606-ac8c-4561cb6b866a 7bbe5fbbecb04c67aaf0e51e1e70f88f 1df9047b14b549089d81bf61621eaab4 - - default default] Successfully bumped revision number for resource 1ab6d290-2afd-40ac-b4d1-b75333f92f5a (type: security_group_rules) to 0
2026-07-14 18:50:24.658 9 INFO neutron.db.ovn_revision_numbers_db [None req-ee5dd7d6-24dc-4606-ac8c-4561cb6b866a 7bbe5fbbecb04c67aaf0e51e1e70f88f 1df9047b14b549089d81bf61621eaab4 - - default default] Successfully bumped revision number for resource 43306e10-38a8-4abf-bf1c-4905c3ba9fd5 (type: security_group_rules) to 0
2026-07-14 18:50:24.673 9 INFO neutron.db.ovn_revision_numbers_db [None req-ee5dd7d6-24dc-4606-ac8c-4561cb6b866a 7bbe5fbbecb04c67aaf0e51e1e70f88f 1df9047b14b549089d81bf61621eaab4 - - default default] Successfully bumped revision number for resource 64417a5b-d9db-4d52-a693-05e128a7196a (type: security_group_rules) to 0
2026-07-14 18:50:24.697 9 INFO neutron.wsgi [None req-ee5dd7d6-24dc-4606-ac8c-4561cb6b866a 7bbe5fbbecb04c67aaf0e51e1e70f88f 1df9047b14b549089d81bf61621eaab4 - - default default] 10.0.0.70 "GET /v2.0/security-groups?tenant_id=93a2591a8c4b44f39d1f777bfe854e23&name=default HTTP/1.1" status: 200 len: 3000 time: 0.2608104
2026-07-14 18:50:24.893 9 INFO neutron.wsgi [None req-f8c92296-5bf6-4a49-a56e-5931706debcd 7bbe5fbbecb04c67aaf0e51e1e70f88f 1df9047b14b549089d81bf61621eaab4 - - default default] 10.0.0.70 "DELETE /v2.0/security-groups/b7047e3f-001a-4ea2-adab-d28f0dd1ba7c HTTP/1.1" status: 204 len: 168 time: 0.1922247
2026-07-14 18:50:25.512 9 INFO neutron.db.ovn_revision_numbers_db [None req-5cfb12ed-9424-410e-9fe8-a2db7a6270d1 7bbe5fbbecb04c67aaf0e51e1e70f88f 1df9047b14b549089d81bf61621eaab4 - - default default] Successfully bumped revision number for resource 1f2cac5c-7296-4f88-a052-06d222bbba01 (type: security_groups) to 1
2026-07-14 18:50:25.535 9 INFO neutron.db.ovn_revision_numbers_db [None req-5cfb12ed-9424-410e-9fe8-a2db7a6270d1 7bbe5fbbecb04c67aaf0e51e1e70f88f 1df9047b14b549089d81bf61621eaab4 - - default default] Successfully bumped revision number for resource 32c4c719-0e79-45a8-93b8-f4f4448d577a (type: security_group_rules) to 0
2026-07-14 18:50:25.558 9 INFO neutron.db.ovn_revision_numbers_db [None req-5cfb12ed-9424-410e-9fe8-a2db7a6270d1 7bbe5fbbecb04c67aaf0e51e1e70f88f 1df9047b14b549089d81bf61621eaab4 - - default default] Successfully bumped revision number for resource 6a5c63d6-0f36-499d-9ea4-97c5843cac3d (type: security_group_rules) to 0
2026-07-14 18:50:25.572 9 INFO neutron.db.ovn_revision_numbers_db [None req-5cfb12ed-9424-410e-9fe8-a2db7a6270d1 7bbe5fbbecb04c67aaf0e51e1e70f88f 1df9047b14b549089d81bf61621eaab4 - - default default] Successfully bumped revision number for resource bf001753-5e06-47c6-8e2a-fd26b2bda730 (type: security_group_rules) to 0
2026-07-14 18:50:25.590 9 INFO neutron.db.ovn_revision_numbers_db [None req-5cfb12ed-9424-410e-9fe8-a2db7a6270d1 7bbe5fbbecb04c67aaf0e51e1e70f88f 1df9047b14b549089d81bf61621eaab4 - - default default] Successfully bumped revision number for resource fb6bf0a5-96a2-431e-bc05-40ec3ac0c455 (type: security_group_rules) to 0
2026-07-14 18:50:25.614 9 INFO neutron.wsgi [None req-5cfb12ed-9424-410e-9fe8-a2db7a6270d1 7bbe5fbbecb04c67aaf0e51e1e70f88f 1df9047b14b549089d81bf61621eaab4 - - default default] 10.0.0.70 "GET /v2.0/security-groups?tenant_id=5d535987540d44a5ac85226109ab04a2&name=default HTTP/1.1" status: 200 len: 3000 time: 0.3677161
2026-07-14 18:50:25.817 9 INFO neutron.wsgi [None req-098e9471-dc6b-448f-9acf-d91d5c4d765a 7bbe5fbbecb04c67aaf0e51e1e70f88f 1df9047b14b549089d81bf61621eaab4 - - default default] 10.0.0.70 "DELETE /v2.0/security-groups/1f2cac5c-7296-4f88-a052-06d222bbba01 HTTP/1.1" status: 204 len: 168 time: 0.1981435
2026-07-14 18:50:26.099 9 INFO neutron.db.ovn_revision_numbers_db [None req-9393d554-4414-4d70-bd6d-bcb64794f971 7bbe5fbbecb04c67aaf0e51e1e70f88f 1df9047b14b549089d81bf61621eaab4 - - default default] Successfully bumped revision number for resource d947699b-1174-4db7-8b40-c9467e94f6f9 (type: security_groups) to 1
2026-07-14 18:50:26.113 9 INFO neutron.db.ovn_revision_numbers_db [None req-9393d554-4414-4d70-bd6d-bcb64794f971 7bbe5fbbecb04c67aaf0e51e1e70f88f 1df9047b14b549089d81bf61621eaab4 - - default default] Successfully bumped revision number for resource 657e4ebd-39ed-4dea-8a53-037a729ba522 (type: security_group_rules) to 0
2026-07-14 18:50:26.129 9 INFO neutron.db.ovn_revision_numbers_db [None req-9393d554-4414-4d70-bd6d-bcb64794f971 7bbe5fbbecb04c67aaf0e51e1e70f88f 1df9047b14b549089d81bf61621eaab4 - - default default] Successfully bumped revision number for resource c7bdb455-f1b0-4696-993c-99a66a53161f (type: security_group_rules) to 0
2026-07-14 18:50:26.145 9 INFO neutron.db.ovn_revision_numbers_db [None req-9393d554-4414-4d70-bd6d-bcb64794f971 7bbe5fbbecb04c67aaf0e51e1e70f88f 1df9047b14b549089d81bf61621eaab4 - - default default] Successfully bumped revision number for resource d4a16bc9-0b60-4090-a58e-b729ce6a2299 (type: security_group_rules) to 0
2026-07-14 18:50:26.159 9 INFO neutron.db.ovn_revision_numbers_db [None req-9393d554-4414-4d70-bd6d-bcb64794f971 7bbe5fbbecb04c67aaf0e51e1e70f88f 1df9047b14b549089d81bf61621eaab4 - - default default] Successfully bumped revision number for resource f89bc196-39cb-4e0d-951a-2ff1b050685e (type: security_group_rules) to 0
2026-07-14 18:50:26.180 9 INFO neutron.wsgi [None req-9393d554-4414-4d70-bd6d-bcb64794f971 7bbe5fbbecb04c67aaf0e51e1e70f88f 1df9047b14b549089d81bf61621eaab4 - - default default] 10.0.0.70 "GET /v2.0/security-groups?tenant_id=6aa972b09d76407388d7471c5ff2dbb7&name=default HTTP/1.1" status: 200 len: 3000 time: 0.2028272
2026-07-14 18:50:26.381 9 INFO neutron.wsgi [None req-3d516bb7-5f20-4169-83d5-7af463a163b7 7bbe5fbbecb04c67aaf0e51e1e70f88f 1df9047b14b549089d81bf61621eaab4 - - default default] 10.0.0.70 "DELETE /v2.0/security-groups/d947699b-1174-4db7-8b40-c9467e94f6f9 HTTP/1.1" status: 204 len: 168 time: 0.1964211
2026-07-14 18:50:29.904 10 INFO neutron.db.ovn_revision_numbers_db [None req-39d82731-47ac-43f8-892d-26769558630f bed8cd35ea3f4b398f107a2ec95c2791 58c9c3facec84b81be7bb55dd18da84f - - default default] Successfully bumped revision number for resource 26d83926-591f-4fba-b68f-2ee889e9b4af (type: security_groups) to 1
2026-07-14 18:50:29.929 10 INFO neutron.db.ovn_revision_numbers_db [None req-39d82731-47ac-43f8-892d-26769558630f bed8cd35ea3f4b398f107a2ec95c2791 58c9c3facec84b81be7bb55dd18da84f - - default default] Successfully bumped revision number for resource 180e0efb-39c8-4a5b-8566-02a13884e3a2 (type: security_group_rules) to 0
2026-07-14 18:50:29.952 10 INFO neutron.db.ovn_revision_numbers_db [None req-39d82731-47ac-43f8-892d-26769558630f bed8cd35ea3f4b398f107a2ec95c2791 58c9c3facec84b81be7bb55dd18da84f - - default default] Successfully bumped revision number for resource 5d8f14ec-26ed-478f-9930-f3cc081344ed (type: security_group_rules) to 0
2026-07-14 18:50:29.994 10 INFO neutron.db.ovn_revision_numbers_db [None req-39d82731-47ac-43f8-892d-26769558630f bed8cd35ea3f4b398f107a2ec95c2791 58c9c3facec84b81be7bb55dd18da84f - - default default] Successfully bumped revision number for resource 774f9f9e-be79-41f2-b80a-41f3f1d18957 (type: security_group_rules) to 0
2026-07-14 18:50:30.014 10 INFO neutron.db.ovn_revision_numbers_db [None req-39d82731-47ac-43f8-892d-26769558630f bed8cd35ea3f4b398f107a2ec95c2791 58c9c3facec84b81be7bb55dd18da84f - - default default] Successfully bumped revision number for resource a77c954e-3d81-4a15-8591-f5de4b3da0ce (type: security_group_rules) to 0
2026-07-14 18:50:30.066 10 INFO neutron.db.segments_db [None req-39d82731-47ac-43f8-892d-26769558630f bed8cd35ea3f4b398f107a2ec95c2791 58c9c3facec84b81be7bb55dd18da84f - - default default] Added segment bcc63f8b-b60e-42d6-bce3-2389640d30e2 of type geneve for network 75ec0e9b-4e25-4947-8ea3-50ce20681ecf
2026-07-14 18:50:30.230 10 INFO neutron.db.ovn_revision_numbers_db [None req-39d82731-47ac-43f8-892d-26769558630f bed8cd35ea3f4b398f107a2ec95c2791 58c9c3facec84b81be7bb55dd18da84f - - default default] Successfully bumped revision number for resource 75ec0e9b-4e25-4947-8ea3-50ce20681ecf (type: networks) to 1
2026-07-14 18:50:30.415 10 WARNING neutron.scheduler.dhcp_agent_scheduler [None req-39d82731-47ac-43f8-892d-26769558630f bed8cd35ea3f4b398f107a2ec95c2791 58c9c3facec84b81be7bb55dd18da84f - - default default] No more DHCP agents
2026-07-14 18:50:30.419 10 WARNING neutron.api.rpc.agentnotifiers.dhcp_rpc_agent_api [None req-39d82731-47ac-43f8-892d-26769558630f bed8cd35ea3f4b398f107a2ec95c2791 58c9c3facec84b81be7bb55dd18da84f - - default default] Unable to schedule network 75ec0e9b-4e25-4947-8ea3-50ce20681ecf: no agents available; will retry on subsequent port and subnet creation events.
2026-07-14 18:50:30.510 10 INFO neutron.db.ovn_revision_numbers_db [None req-39d82731-47ac-43f8-892d-26769558630f bed8cd35ea3f4b398f107a2ec95c2791 58c9c3facec84b81be7bb55dd18da84f - - default default] Successfully bumped revision number for resource 32e95746-9f08-408a-825b-12d66e531b08 (type: ports) to 1
2026-07-14 18:50:30.532 10 INFO neutron.wsgi [None req-39d82731-47ac-43f8-892d-26769558630f bed8cd35ea3f4b398f107a2ec95c2791 58c9c3facec84b81be7bb55dd18da84f - - default default] 10.0.0.70 "POST /v2.0/networks HTTP/1.1" status: 201 len: 830 time: 0.9683123
2026-07-14 18:50:30.781 10 WARNING neutron.scheduler.dhcp_agent_scheduler [None req-17a75da8-e2ad-41cb-b16e-bc9f5f4cf748 bed8cd35ea3f4b398f107a2ec95c2791 58c9c3facec84b81be7bb55dd18da84f - - default default] No more DHCP agents
2026-07-14 18:50:30.784 10 WARNING neutron.api.rpc.agentnotifiers.dhcp_rpc_agent_api [None req-17a75da8-e2ad-41cb-b16e-bc9f5f4cf748 bed8cd35ea3f4b398f107a2ec95c2791 58c9c3facec84b81be7bb55dd18da84f - - default default] Unable to schedule network 75ec0e9b-4e25-4947-8ea3-50ce20681ecf: no agents available; will retry on subsequent port and subnet creation events.
2026-07-14 18:50:30.868 10 INFO neutron.db.ovn_revision_numbers_db [None req-17a75da8-e2ad-41cb-b16e-bc9f5f4cf748 bed8cd35ea3f4b398f107a2ec95c2791 58c9c3facec84b81be7bb55dd18da84f - - default default] Successfully bumped revision number for resource 6dc01074-cd13-481d-bcd1-912ee1044c0a (type: ports) to 1
2026-07-14 18:50:30.892 10 INFO neutron.wsgi [None req-17a75da8-e2ad-41cb-b16e-bc9f5f4cf748 bed8cd35ea3f4b398f107a2ec95c2791 58c9c3facec84b81be7bb55dd18da84f - - default default] 10.0.0.70 "POST /v2.0/ports HTTP/1.1" status: 201 len: 942 time: 0.3539038 /var/lib/openstack/lib/python3.10/site-packages/pycadf/identifier.py:71: UserWarning: Invalid uuid: neutron. To ensure interoperability, identifiers should be a valid uuid. warnings.warn(('Invalid uuid: %s. To ensure interoperability, '
2026-07-14 18:50:31.360 10 INFO neutron.wsgi [None req-8d621f80-a54d-4a3d-9ccb-7338c938302c bed8cd35ea3f4b398f107a2ec95c2791 58c9c3facec84b81be7bb55dd18da84f - - default default] 10.0.0.70 "POST /v2.0/trunks HTTP/1.1" status: 201 len: 608 time: 0.4604745
2026-07-14 18:50:31.391 10 INFO neutron.wsgi [None req-9bbaebf5-926e-4fe1-bcbe-f3cd4eb4315a bed8cd35ea3f4b398f107a2ec95c2791 58c9c3facec84b81be7bb55dd18da84f - - default default] 10.0.0.70 "PUT /v2.0/trunks/2e2e1dd8-d658-46aa-9ec1-e43b034d09a9/tags HTTP/1.1" status: 200 len: 218 time: 0.0260954
2026-07-14 18:50:31.411 10 INFO neutron.wsgi [None req-e16c8132-54f8-49ba-83b7-4527eef86842 bed8cd35ea3f4b398f107a2ec95c2791 58c9c3facec84b81be7bb55dd18da84f - - default default] 10.0.0.70 "GET /v2.0/trunks/2e2e1dd8-d658-46aa-9ec1-e43b034d09a9/tags HTTP/1.1" status: 200 len: 218 time: 0.0155344
2026-07-14 18:50:31.444 10 INFO neutron.wsgi [None req-992c8420-c5bf-4498-a09c-967fca5c2b3a bed8cd35ea3f4b398f107a2ec95c2791 58c9c3facec84b81be7bb55dd18da84f - - default default] 10.0.0.70 "PUT /v2.0/trunks/2e2e1dd8-d658-46aa-9ec1-e43b034d09a9/tags/green HTTP/1.1" status: 201 len: 201 time: 0.0298216
2026-07-14 18:50:31.467 10 INFO neutron.wsgi [None req-d0948433-b4fe-4780-be74-f098c7743aec bed8cd35ea3f4b398f107a2ec95c2791 58c9c3facec84b81be7bb55dd18da84f - - default default] 10.0.0.70 "GET /v2.0/trunks/2e2e1dd8-d658-46aa-9ec1-e43b034d09a9/tags HTTP/1.1" status: 200 len: 227 time: 0.0184767
2026-07-14 18:50:31.489 10 INFO neutron.wsgi [None req-71ee2a6c-bdcd-4b84-8ba3-b2f310f9aec5 bed8cd35ea3f4b398f107a2ec95c2791 58c9c3facec84b81be7bb55dd18da84f - - default default] 10.0.0.70 "PUT /v2.0/trunks/2e2e1dd8-d658-46aa-9ec1-e43b034d09a9/tags/red HTTP/1.1" status: 201 len: 201 time: 0.0160992
2026-07-14 18:50:31.509 10 INFO neutron.wsgi [None req-786f3198-9386-431f-9a4d-809d647e8a3c bed8cd35ea3f4b398f107a2ec95c2791 58c9c3facec84b81be7bb55dd18da84f - - default default] 10.0.0.70 "GET /v2.0/trunks/2e2e1dd8-d658-46aa-9ec1-e43b034d09a9/tags HTTP/1.1" status: 200 len: 227 time: 0.0159664
2026-07-14 18:50:31.541 10 INFO neutron.wsgi [None req-7ff9cc3d-75d3-4eac-8108-10d62fd85d87 bed8cd35ea3f4b398f107a2ec95c2791 58c9c3facec84b81be7bb55dd18da84f - - default default] 10.0.0.70 "PUT /v2.0/trunks/2e2e1dd8-d658-46aa-9ec1-e43b034d09a9/tags/black.or.white HTTP/1.1" status: 201 len: 201 time: 0.0262494
