+ COMMAND=start + start + for KEYSTONE_WSGI_SCRIPT in keystone-wsgi-public ++ type -p keystone-wsgi-public + cp -a /var/lib/openstack/bin/keystone-wsgi-public /var/www/cgi-bin/keystone/ + '[' -f /etc/apache2/envvars ']' + source /etc/apache2/envvars ++ unset HOME ++ '[' '' '!=' '' ']' ++ SUFFIX= ++ export APACHE_RUN_USER=www-data ++ APACHE_RUN_USER=www-data ++ export APACHE_RUN_GROUP=www-data ++ APACHE_RUN_GROUP=www-data ++ export APACHE_PID_FILE=/var/run/apache2/apache2.pid ++ APACHE_PID_FILE=/var/run/apache2/apache2.pid ++ export APACHE_RUN_DIR=/var/run/apache2 ++ APACHE_RUN_DIR=/var/run/apache2 ++ export APACHE_LOCK_DIR=/var/lock/apache2 ++ APACHE_LOCK_DIR=/var/lock/apache2 ++ export APACHE_LOG_DIR=/var/log/apache2 ++ APACHE_LOG_DIR=/var/log/apache2 ++ export LANG=C ++ LANG=C ++ export LANG + '[' -f /var/run/apache2/apache2.pid ']' + exec apache2 -DFOREGROUND AH00558: apache2: Could not reliably determine the server's fully qualified domain name, using 10.0.0.218. Set the 'ServerName' directive globally to suppress this message AH00558: apache2: Could not reliably determine the server's fully qualified domain name, using 10.0.0.218. Set the 'ServerName' directive globally to suppress this message
[Wed Jul 15 20:06:51.516923 2026] [mpm_event:notice] [pid 1:tid 140159896606592] AH00489: Apache/2.4.58 (Ubuntu) mod_wsgi/5.0.0 Python/3.12 configured -- resuming normal operations
[Wed Jul 15 20:06:51.517134 2026] [core:notice] [pid 1:tid 140159896606592] AH00094: Command line: 'apache2 -D FOREGROUND'
[Wed Jul 15 20:07:50.446148 2026] [wsgi:error] [pid 11:tid 140159258785472] /var/lib/openstack/lib/python3.12/site-packages/oslo_utils/importutils.py:77: EventletDeprecationWarning:
[Wed Jul 15 20:07:50.446189 2026] [wsgi:error] [pid 11:tid 140159258785472] Eventlet is deprecated. It is currently being maintained in bugfix mode, and
[Wed Jul 15 20:07:50.446191 2026] [wsgi:error] [pid 11:tid 140159258785472] we strongly recommend against using it for new projects.
[Wed Jul 15 20:07:50.446192 2026] [wsgi:error] [pid 11:tid 140159258785472]
[Wed Jul 15 20:07:50.446193 2026] [wsgi:error] [pid 11:tid 140159258785472] If you are already using Eventlet, we recommend migrating to a different
[Wed Jul 15 20:07:50.446195 2026] [wsgi:error] [pid 11:tid 140159258785472] framework. For more detail see
[Wed Jul 15 20:07:50.446196 2026] [wsgi:error] [pid 11:tid 140159258785472] https://eventlet.readthedocs.io/en/latest/asyncio/migration.html
[Wed Jul 15 20:07:50.446197 2026] [wsgi:error] [pid 11:tid 140159258785472]
[Wed Jul 15 20:07:50.446198 2026] [wsgi:error] [pid 11:tid 140159258785472] __import__(import_str)
[Wed Jul 15 20:07:50.449017 2026] [wsgi:error] [pid 10:tid 140159258785472] /var/lib/openstack/lib/python3.12/site-packages/oslo_utils/importutils.py:77: EventletDeprecationWarning:
[Wed Jul 15 20:07:50.449059 2026] [wsgi:error] [pid 10:tid 140159258785472] Eventlet is deprecated. It is currently being maintained in bugfix mode, and
[Wed Jul 15 20:07:50.449061 2026] [wsgi:error] [pid 10:tid 140159258785472] we strongly recommend against using it for new projects.
[Wed Jul 15 20:07:50.449062 2026] [wsgi:error] [pid 10:tid 140159258785472]
[Wed Jul 15 20:07:50.449064 2026] [wsgi:error] [pid 10:tid 140159258785472] If you are already using Eventlet, we recommend migrating to a different
[Wed Jul 15 20:07:50.449065 2026] [wsgi:error] [pid 10:tid 140159258785472] framework. For more detail see
[Wed Jul 15 20:07:50.449066 2026] [wsgi:error] [pid 10:tid 140159258785472] https://eventlet.readthedocs.io/en/latest/asyncio/migration.html
[Wed Jul 15 20:07:50.449067 2026] [wsgi:error] [pid 10:tid 140159258785472]
[Wed Jul 15 20:07:50.449068 2026] [wsgi:error] [pid 10:tid 140159258785472] __import__(import_str) 10.0.0.248 - - [15/Jul/2026:20:07:49 +0000] "GET /v3/ HTTP/1.1" 200 250 10.0.0.248 - - [15/Jul/2026:20:07:49 +0000] "GET /v3/ HTTP/1.1" 200 250
[Wed Jul 15 20:08:03.508285 2026] [wsgi:error] [pid 12:tid 140159258785472] /var/lib/openstack/lib/python3.12/site-packages/oslo_utils/importutils.py:77: EventletDeprecationWarning:
[Wed Jul 15 20:08:03.508322 2026] [wsgi:error] [pid 12:tid 140159258785472] Eventlet is deprecated. It is currently being maintained in bugfix mode, and
[Wed Jul 15 20:08:03.508324 2026] [wsgi:error] [pid 12:tid 140159258785472] we strongly recommend against using it for new projects.
[Wed Jul 15 20:08:03.508325 2026] [wsgi:error] [pid 12:tid 140159258785472]
[Wed Jul 15 20:08:03.508327 2026] [wsgi:error] [pid 12:tid 140159258785472] If you are already using Eventlet, we recommend migrating to a different
[Wed Jul 15 20:08:03.508328 2026] [wsgi:error] [pid 12:tid 140159258785472] framework. For more detail see
[Wed Jul 15 20:08:03.508329 2026] [wsgi:error] [pid 12:tid 140159258785472] https://eventlet.readthedocs.io/en/latest/asyncio/migration.html
[Wed Jul 15 20:08:03.508330 2026] [wsgi:error] [pid 12:tid 140159258785472]
[Wed Jul 15 20:08:03.508331 2026] [wsgi:error] [pid 12:tid 140159258785472] __import__(import_str) 10.0.0.130 - - [15/Jul/2026:20:08:02 +0000] "GET / HTTP/1.1" 300 295
[Wed Jul 15 20:08:08.804501 2026] [wsgi:error] [pid 9:tid 140159258785472] /var/lib/openstack/lib/python3.12/site-packages/oslo_utils/importutils.py:77: EventletDeprecationWarning:
[Wed Jul 15 20:08:08.804538 2026] [wsgi:error] [pid 9:tid 140159258785472] Eventlet is deprecated. It is currently being maintained in bugfix mode, and
[Wed Jul 15 20:08:08.804540 2026] [wsgi:error] [pid 9:tid 140159258785472] we strongly recommend against using it for new projects.
[Wed Jul 15 20:08:08.804541 2026] [wsgi:error] [pid 9:tid 140159258785472]
[Wed Jul 15 20:08:08.804543 2026] [wsgi:error] [pid 9:tid 140159258785472] If you are already using Eventlet, we recommend migrating to a different
[Wed Jul 15 20:08:08.804544 2026] [wsgi:error] [pid 9:tid 140159258785472] framework. For more detail see
[Wed Jul 15 20:08:08.804545 2026] [wsgi:error] [pid 9:tid 140159258785472] https://eventlet.readthedocs.io/en/latest/asyncio/migration.html
[Wed Jul 15 20:08:08.804546 2026] [wsgi:error] [pid 9:tid 140159258785472]
[Wed Jul 15 20:08:08.804547 2026] [wsgi:error] [pid 9:tid 140159258785472] __import__(import_str)
[Wed Jul 15 20:08:13.424729 2026] [wsgi:error] [pid 9:tid 140159258785472] [remote 10.0.0.130:48150] 2026-07-15 20:08:13.421 9 WARNING keystone.identity.core [None req-2ee6aeb5-d5dc-43bc-aeeb-dcd626b22490 - - - - - -] Invalid domain name (atmosphere) found in config file name: keystone.exception.DomainNotFound: Could not find domain: atmosphere.
[Wed Jul 15 20:08:13.477899 2026] [wsgi:error] [pid 9:tid 140159258785472] [remote 10.0.0.130:48150] 2026-07-15 20:08:13.477 9 WARNING keystone.common.password_hashing [None req-2ee6aeb5-d5dc-43bc-aeeb-dcd626b22490 - - - - - -] Truncating password to algorithm specific maximum length 72 characters.
[Wed Jul 15 20:08:13.762720 2026] [wsgi:error] [pid 9:tid 140159258785472] [remote 10.0.0.130:48150] 2026-07-15 20:08:13.762 9 WARNING keystone.common.fernet_utils [None req-2ee6aeb5-d5dc-43bc-aeeb-dcd626b22490 - - - - - -] key_repository is world readable: /etc/keystone/fernet-keys/ 10.0.0.130 - - [15/Jul/2026:20:08:07 +0000] "POST /v3/auth/tokens HTTP/1.1" 201 1359
[Wed Jul 15 20:08:14.116543 2026] [wsgi:error] [pid 10:tid 140159258785472] [remote 10.0.0.130:48150] 2026-07-15 20:08:14.114 10 WARNING keystone.identity.core [None req-3f6ab1eb-0b18-46aa-8b73-40098a4e3cb3 - - - - - -] Invalid domain name (atmosphere) found in config file name: keystone.exception.DomainNotFound: Could not find domain: atmosphere. 10.0.0.130 - - [15/Jul/2026:20:08:13 +0000] "POST /v3/domains HTTP/1.1" 201 261 10.0.0.154 - - [15/Jul/2026:20:08:26 +0000] "GET / HTTP/1.1" 300 295
[Wed Jul 15 20:08:26.471094 2026] [wsgi:error] [pid 12:tid 140159258785472] [remote 10.0.0.154:47276] 2026-07-15 20:08:26.470 12 WARNING keystone.common.password_hashing [None req-a42df56a-a36a-4e16-8409-d95b13a42382 - - - - - -] Truncating password to algorithm specific maximum length 72 characters.
[Wed Jul 15 20:08:26.741758 2026] [wsgi:error] [pid 12:tid 140159258785472] [remote 10.0.0.154:47276] 2026-07-15 20:08:26.741 12 WARNING keystone.common.fernet_utils [None req-a42df56a-a36a-4e16-8409-d95b13a42382 - - - - - -] key_repository is world readable: /etc/keystone/fernet-keys/ 10.0.0.154 - - [15/Jul/2026:20:08:26 +0000] "POST /v3/auth/tokens HTTP/1.1" 201 1359 10.0.0.154 - - [15/Jul/2026:20:08:26 +0000] "GET /v3/roles/admin HTTP/1.1" 404 83
[Wed Jul 15 20:08:27.003912 2026] [wsgi:error] [pid 10:tid 140159258785472] [remote 10.0.0.154:47276] 2026-07-15 20:08:27.003 10 WARNING keystone.common.rbac_enforcer.enforcer [None req-7ec41542-5b22-4e90-b3e8-8b6f720a2280 6ccab25c2247427096c711310b60bafa b87aad96c9cc4f7fbf8f9aec726d365c - - default default] Deprecated policy rules found. Use oslopolicy-policy-generator and oslopolicy-policy-upgrade to detect and resolve deprecated policies in your configuration. 10.0.0.154 - - [15/Jul/2026:20:08:26 +0000] "GET /v3/roles?name=admin HTTP/1.1" 200 389
[Wed Jul 15 20:08:27.468681 2026] [wsgi:error] [pid 11:tid 140159258785472] [remote 10.0.0.154:47276] 2026-07-15 20:08:27.468 11 WARNING keystone.common.rbac_enforcer.enforcer [None req-8854a8d1-d6d6-44a7-ab2c-2ad8e8fdf37b 6ccab25c2247427096c711310b60bafa b87aad96c9cc4f7fbf8f9aec726d365c - - default default] Deprecated policy rules found. Use oslopolicy-policy-generator and oslopolicy-policy-upgrade to detect and resolve deprecated policies in your configuration. 10.0.0.154 - - [15/Jul/2026:20:08:27 +0000] "GET /v3/users/admin-RegionOne HTTP/1.1" 404 93
[Wed Jul 15 20:08:27.612951 2026] [wsgi:error] [pid 12:tid 140159258785472] [remote 10.0.0.154:47276] 2026-07-15 20:08:27.612 12 WARNING keystone.common.rbac_enforcer.enforcer [None req-fcb2c9c6-25df-4268-a214-fcbdff94b7f7 6ccab25c2247427096c711310b60bafa b87aad96c9cc4f7fbf8f9aec726d365c - - default default] Deprecated policy rules found. Use oslopolicy-policy-generator and oslopolicy-policy-upgrade to detect and resolve deprecated policies in your configuration. 10.0.0.154 - - [15/Jul/2026:20:08:27 +0000] "GET /v3/users?name=admin-RegionOne HTTP/1.1" 200 422
[Wed Jul 15 20:08:27.770249 2026] [wsgi:error] [pid 9:tid 140159258785472] [remote 10.0.0.154:47276] 2026-07-15 20:08:27.770 9 WARNING keystone.common.rbac_enforcer.enforcer [None req-308f1aad-2947-4537-94ee-4b35432f35b4 6ccab25c2247427096c711310b60bafa b87aad96c9cc4f7fbf8f9aec726d365c - - default default] Deprecated policy rules found. Use oslopolicy-policy-generator and oslopolicy-policy-upgrade to detect and resolve deprecated policies in your configuration. 10.0.0.154 - - [15/Jul/2026:20:08:27 +0000] "GET /v3/domains/default HTTP/1.1" 200 224 10.0.0.154 - - [15/Jul/2026:20:08:27 +0000] "PUT /v3/domains/default/users/6ccab25c2247427096c711310b60bafa/roles/37687b0c3cc84dbb869d8a3855325d58 HTTP/1.1" 204 - 10.0.0.248 - - [15/Jul/2026:20:08:37 +0000] "GET / HTTP/1.1" 300 280 10.0.0.248 - - [15/Jul/2026:20:08:39 +0000] "GET /v3 HTTP/1.1" 200 265
[Wed Jul 15 20:08:39.479966 2026] [wsgi:error] [pid 9:tid 140159258785472] [remote 10.0.0.248:42422] 2026-07-15 20:08:39.479 9 WARNING keystone.common.password_hashing [None req-8a9c8da6-5f2c-4682-984d-c61f449e954d - - - - - -] Truncating password to algorithm specific maximum length 72 characters.
[Wed Jul 15 20:08:39.759759 2026] [wsgi:error] [pid 9:tid 140159258785472] [remote 10.0.0.248:42422] 2026-07-15 20:08:39.759 9 WARNING keystone.common.fernet_utils [None req-8a9c8da6-5f2c-4682-984d-c61f449e954d - - - - - -] key_repository is world readable: /etc/keystone/fernet-keys/ 10.0.0.248 - - [15/Jul/2026:20:08:39 +0000] "POST /v3/auth/tokens HTTP/1.1" 201 1359 10.0.0.248 - - [15/Jul/2026:20:08:39 +0000] "GET / HTTP/1.1" 300 280 10.0.0.248 - - [15/Jul/2026:20:08:39 +0000] "GET /v3/domains/atmosphere HTTP/1.1" 404 90 10.0.0.248 - - [15/Jul/2026:20:08:40 +0000] "GET /v3/domains?name=atmosphere HTTP/1.1" 200 368 10.0.0.248 - - [15/Jul/2026:20:08:40 +0000] "GET /v3/domains/4e964296911e47e89ae26c00d49aa594 HTTP/1.1" 200 246 10.0.0.248 - - [15/Jul/2026:20:08:40 +0000] "GET /v3 HTTP/1.1" 200 265
[Wed Jul 15 20:08:40.879101 2026] [wsgi:error] [pid 11:tid 140159258785472] [remote 10.0.0.248:42414] 2026-07-15 20:08:40.878 11 WARNING keystone.common.password_hashing [None req-7941335b-bf13-4895-8f8f-11645774f3a4 - - - - - -] Truncating password to algorithm specific maximum length 72 characters.
[Wed Jul 15 20:08:41.155710 2026] [wsgi:error] [pid 11:tid 140159258785472] [remote 10.0.0.248:42414] 2026-07-15 20:08:41.155 11 WARNING keystone.common.fernet_utils [None req-7941335b-bf13-4895-8f8f-11645774f3a4 - - - - - -] key_repository is world readable: /etc/keystone/fernet-keys/ 10.0.0.248 - - [15/Jul/2026:20:08:40 +0000] "POST /v3/auth/tokens HTTP/1.1" 201 1359 10.0.0.248 - - [15/Jul/2026:20:08:41 +0000] "GET / HTTP/1.1" 300 280 10.0.0.248 - - [15/Jul/2026:20:08:41 +0000] "GET /v3/OS-FEDERATION/identity_providers/atmosphere HTTP/1.1" 404 101 10.0.0.248 - - [15/Jul/2026:20:08:41 +0000] "GET /v3/OS-FEDERATION/identity_providers HTTP/1.1" 200 155 10.0.0.248 - - [15/Jul/2026:20:08:41 +0000] "PUT /v3/OS-FEDERATION/identity_providers/atmosphere HTTP/1.1" 201 340 10.0.0.248 - - [15/Jul/2026:20:08:41 +0000] "GET /v3 HTTP/1.1" 200 265
[Wed Jul 15 20:08:41.962659 2026] [wsgi:error] [pid 9:tid 140159258785472] [remote 10.0.0.248:42414] 2026-07-15 20:08:41.962 9 WARNING keystone.common.password_hashing [None req-4bd77512-d825-48fd-b913-2c11dc4703b5 - - - - - -] Truncating password to algorithm specific maximum length 72 characters.
[Wed Jul 15 20:08:42.242264 2026] [wsgi:error] [pid 9:tid 140159258785472] [remote 10.0.0.248:42414] 2026-07-15 20:08:42.242 9 WARNING keystone.common.fernet_utils [None req-4bd77512-d825-48fd-b913-2c11dc4703b5 - - - - - -] key_repository is world readable: /etc/keystone/fernet-keys/ 10.0.0.248 - - [15/Jul/2026:20:08:41 +0000] "POST /v3/auth/tokens HTTP/1.1" 201 1359 10.0.0.248 - - [15/Jul/2026:20:08:42 +0000] "GET / HTTP/1.1" 300 280 10.0.0.248 - - [15/Jul/2026:20:08:42 +0000] "GET /v3/OS-FEDERATION/mappings/atmosphere-openid HTTP/1.1" 404 98 10.0.0.248 - - [15/Jul/2026:20:08:42 +0000] "GET /v3/OS-FEDERATION/mappings HTTP/1.1" 200 135 10.0.0.248 - - [15/Jul/2026:20:08:42 +0000] "PUT /v3/OS-FEDERATION/mappings/atmosphere-openid HTTP/1.1" 201 356 10.0.0.248 - - [15/Jul/2026:20:08:43 +0000] "GET /v3 HTTP/1.1" 200 265
[Wed Jul 15 20:08:43.097401 2026] [wsgi:error] [pid 11:tid 140159258785472] [remote 10.0.0.248:42422] 2026-07-15 20:08:43.097 11 WARNING keystone.common.password_hashing [None req-0239bc60-df32-4c2d-ab35-9aeaab91bf32 - - - - - -] Truncating password to algorithm specific maximum length 72 characters.
[Wed Jul 15 20:08:43.366954 2026] [wsgi:error] [pid 11:tid 140159258785472] [remote 10.0.0.248:42422] 2026-07-15 20:08:43.366 11 WARNING keystone.common.fernet_utils [None req-0239bc60-df32-4c2d-ab35-9aeaab91bf32 - - - - - -] key_repository is world readable: /etc/keystone/fernet-keys/ 10.0.0.248 - - [15/Jul/2026:20:08:43 +0000] "POST /v3/auth/tokens HTTP/1.1" 201 1359 10.0.0.248 - - [15/Jul/2026:20:08:43 +0000] "GET / HTTP/1.1" 300 280 10.0.0.248 - - [15/Jul/2026:20:08:43 +0000] "GET /v3/OS-FEDERATION/identity_providers/atmosphere/protocols/openid?idp_id=atmosphere HTTP/1.1" 404 131 10.0.0.248 - - [15/Jul/2026:20:08:43 +0000] "GET /v3/OS-FEDERATION/identity_providers/atmosphere/protocols HTTP/1.1" 200 167 10.0.0.248 - - [15/Jul/2026:20:08:43 +0000] "PUT /v3/OS-FEDERATION/identity_providers/atmosphere/protocols/openid HTTP/1.1" 201 222 10.0.0.248 - - [15/Jul/2026:20:08:49 +0000] "GET /v3/ HTTP/1.1" 200 250 10.0.0.248 - - [15/Jul/2026:20:08:49 +0000] "GET /v3/ HTTP/1.1" 200 250 10.0.0.248 - - [15/Jul/2026:20:09:49 +0000] "GET /v3/ HTTP/1.1" 200 250 10.0.0.248 - - [15/Jul/2026:20:09:49 +0000] "GET /v3/ HTTP/1.1" 200 250 10.0.0.243 - - [15/Jul/2026:20:10:06 +0000] "GET / HTTP/1.1" 300 295
[Wed Jul 15 20:10:06.927838 2026] [wsgi:error] [pid 9:tid 140159258785472] [remote 10.0.0.243:51202] 2026-07-15 20:10:06.927 9 WARNING keystone.common.password_hashing [None req-f25a819a-60e0-4661-b2d1-fb595424401a - - - - - -] Truncating password to algorithm specific maximum length 72 characters.
[Wed Jul 15 20:10:07.198207 2026] [wsgi:error] [pid 9:tid 140159258785472] [remote 10.0.0.243:51202] 2026-07-15 20:10:07.198 9 WARNING keystone.common.fernet_utils [None req-f25a819a-60e0-4661-b2d1-fb595424401a - - - - - -] key_repository is world readable: /etc/keystone/fernet-keys/ 10.0.0.243 - - [15/Jul/2026:20:10:06 +0000] "POST /v3/auth/tokens HTTP/1.1" 201 1359 10.0.0.243 - - [15/Jul/2026:20:10:07 +0000] "GET /v3/services HTTP/1.1" 200 355 10.0.0.243 - - [15/Jul/2026:20:10:10 +0000] "GET / HTTP/1.1" 300 295
[Wed Jul 15 20:10:10.870299 2026] [wsgi:error] [pid 12:tid 140159258785472] [remote 10.0.0.243:51210] 2026-07-15 20:10:10.869 12 WARNING keystone.common.password_hashing [None req-21ddd5ea-2e90-4336-9662-79bddfb87f4f - - - - - -] Truncating password to algorithm specific maximum length 72 characters.
[Wed Jul 15 20:10:11.159610 2026] [wsgi:error] [pid 12:tid 140159258785472] [remote 10.0.0.243:51210] 2026-07-15 20:10:11.159 12 WARNING keystone.common.fernet_utils [None req-21ddd5ea-2e90-4336-9662-79bddfb87f4f - - - - - -] key_repository is world readable: /etc/keystone/fernet-keys/ 10.0.0.243 - - [15/Jul/2026:20:10:10 +0000] "POST /v3/auth/tokens HTTP/1.1" 201 1359 10.0.0.243 - - [15/Jul/2026:20:10:11 +0000] "GET /v3/services HTTP/1.1" 200 355 10.0.0.243 - - [15/Jul/2026:20:10:14 +0000] "GET / HTTP/1.1" 300 295
[Wed Jul 15 20:10:14.773871 2026] [wsgi:error] [pid 11:tid 140159258785472] [remote 10.0.0.243:40634] 2026-07-15 20:10:14.773 11 WARNING keystone.common.password_hashing [None req-05d25a2e-0ed0-4eaa-8385-243c280210a6 - - - - - -] Truncating password to algorithm specific maximum length 72 characters.
[Wed Jul 15 20:10:15.064112 2026] [wsgi:error] [pid 11:tid 140159258785472] [remote 10.0.0.243:40634] 2026-07-15 20:10:15.063 11 WARNING keystone.common.fernet_utils [None req-05d25a2e-0ed0-4eaa-8385-243c280210a6 - - - - - -] key_repository is world readable: /etc/keystone/fernet-keys/ 10.0.0.243 - - [15/Jul/2026:20:10:14 +0000] "POST /v3/auth/tokens HTTP/1.1" 201 1359 10.0.0.243 - - [15/Jul/2026:20:10:15 +0000] "GET /v3/services HTTP/1.1" 200 355 10.0.0.243 - - [15/Jul/2026:20:10:18 +0000] "GET / HTTP/1.1" 300 295
[Wed Jul 15 20:10:18.711407 2026] [wsgi:error] [pid 10:tid 140159258785472] [remote 10.0.0.243:40638] 2026-07-15 20:10:18.710 10 WARNING keystone.common.password_hashing [None req-bb6e16ce-a1ff-4cf4-87a7-9fe661d803a2 - - - - - -] Truncating password to algorithm specific maximum length 72 characters.
[Wed Jul 15 20:10:18.996336 2026] [wsgi:error] [pid 10:tid 140159258785472] [remote 10.0.0.243:40638] 2026-07-15 20:10:18.996 10 WARNING keystone.common.fernet_utils [None req-bb6e16ce-a1ff-4cf4-87a7-9fe661d803a2 - - - - - -] key_repository is world readable: /etc/keystone/fernet-keys/ 10.0.0.243 - - [15/Jul/2026:20:10:18 +0000] "POST /v3/auth/tokens HTTP/1.1" 201 1359 10.0.0.243 - - [15/Jul/2026:20:10:19 +0000] "POST /v3/services HTTP/1.1" 201 296 10.0.0.198 - - [15/Jul/2026:20:10:29 +0000] "GET / HTTP/1.1" 300 295
[Wed Jul 15 20:10:29.990906 2026] [wsgi:error] [pid 9:tid 140159258785472] [remote 10.0.0.198:58056] 2026-07-15 20:10:29.990 9 WARNING keystone.common.password_hashing [None req-aaa6a4ba-a9b9-43e0-898f-fc9c91a3062b - - - - - -] Truncating password to algorithm specific maximum length 72 characters. 10.0.0.198 - - [15/Jul/2026:20:10:30 +0000] "GET / HTTP/1.1" 300 295 10.0.0.198 - - [15/Jul/2026:20:10:30 +0000] "GET / HTTP/1.1" 300 295
[Wed Jul 15 20:10:30.264734 2026] [wsgi:error] [pid 9:tid 140159258785472] [remote 10.0.0.198:58056] 2026-07-15 20:10:30.264 9 WARNING keystone.common.fernet_utils [None req-aaa6a4ba-a9b9-43e0-898f-fc9c91a3062b - - - - - -] key_repository is world readable: /etc/keystone/fernet-keys/
[Wed Jul 15 20:10:30.268055 2026] [wsgi:error] [pid 12:tid 140159258785472] [remote 10.0.0.198:58072] 2026-07-15 20:10:30.267 12 WARNING keystone.common.password_hashing [None req-07acbc6a-98fe-4805-b1e5-74de642875a3 - - - - - -] Truncating password to algorithm specific maximum length 72 characters.
[Wed Jul 15 20:10:30.273318 2026] [wsgi:error] [pid 10:tid 140159258785472] [remote 10.0.0.198:58082] 2026-07-15 20:10:30.273 10 WARNING keystone.common.password_hashing [None req-22062d78-5d8f-4ba7-963e-7eb932a524e0 - - - - - -] Truncating password to algorithm specific maximum length 72 characters. 10.0.0.198 - - [15/Jul/2026:20:10:29 +0000] "POST /v3/auth/tokens HTTP/1.1" 201 1463 10.0.0.198 - - [15/Jul/2026:20:10:30 +0000] "GET /v3/services HTTP/1.1" 200 639
[Wed Jul 15 20:10:30.550404 2026] [wsgi:error] [pid 12:tid 140159258785472] [remote 10.0.0.198:58072] 2026-07-15 20:10:30.550 12 WARNING keystone.common.fernet_utils [None req-07acbc6a-98fe-4805-b1e5-74de642875a3 - - - - - -] key_repository is world readable: /etc/keystone/fernet-keys/
[Wed Jul 15 20:10:30.553645 2026] [wsgi:error] [pid 10:tid 140159258785472] [remote 10.0.0.198:58082] 2026-07-15 20:10:30.553 10 WARNING keystone.common.fernet_utils [None req-22062d78-5d8f-4ba7-963e-7eb932a524e0 - - - - - -] key_repository is world readable: /etc/keystone/fernet-keys/ 10.0.0.198 - - [15/Jul/2026:20:10:30 +0000] "POST /v3/auth/tokens HTTP/1.1" 201 1463 10.0.0.198 - - [15/Jul/2026:20:10:30 +0000] "POST /v3/auth/tokens HTTP/1.1" 201 1463 10.0.0.198 - - [15/Jul/2026:20:10:30 +0000] "GET /v3/services HTTP/1.1" 200 639 10.0.0.198 - - [15/Jul/2026:20:10:30 +0000] "GET /v3/services HTTP/1.1" 200 639 10.0.0.198 - - [15/Jul/2026:20:10:32 +0000] "GET / HTTP/1.1" 300 295
[Wed Jul 15 20:10:32.049940 2026] [wsgi:error] [pid 10:tid 140159258785472] [remote 10.0.0.198:58090] 2026-07-15 20:10:32.049 10 WARNING keystone.common.password_hashing [None req-443fb9a8-59d3-44c8-8a1b-1855476ad26f - - - - - -] Truncating password to algorithm specific maximum length 72 characters. 10.0.0.198 - - [15/Jul/2026:20:10:32 +0000] "GET / HTTP/1.1" 300 295
[Wed Jul 15 20:10:32.319154 2026] [wsgi:error] [pid 10:tid 140159258785472] [remote 10.0.0.198:58090] 2026-07-15 20:10:32.319 10 WARNING keystone.common.fernet_utils [None req-443fb9a8-59d3-44c8-8a1b-1855476ad26f - - - - - -] key_repository is world readable: /etc/keystone/fernet-keys/ 10.0.0.198 - - [15/Jul/2026:20:10:32 +0000] "POST /v3/auth/tokens HTTP/1.1" 201 1463
[Wed Jul 15 20:10:32.337581 2026] [wsgi:error] [pid 11:tid 140159258785472] [remote 10.0.0.198:58096] 2026-07-15 20:10:32.337 11 WARNING keystone.common.password_hashing [None req-71aebd68-1a86-4efe-8aa0-635e5f331ca8 - - - - - -] Truncating password to algorithm specific maximum length 72 characters. 10.0.0.198 - - [15/Jul/2026:20:10:32 +0000] "GET / HTTP/1.1" 300 295
[Wed Jul 15 20:10:32.423951 2026] [wsgi:error] [pid 9:tid 140159258785472] [remote 10.0.0.198:58104] 2026-07-15 20:10:32.423 9 WARNING keystone.common.password_hashing [None req-b984303b-5f8e-44a3-bdf4-5a9f576cd15e - - - - - -] Truncating password to algorithm specific maximum length 72 characters. 10.0.0.198 - - [15/Jul/2026:20:10:32 +0000] "GET /v3/endpoints HTTP/1.1" 200 1226 10.0.0.198 - - [15/Jul/2026:20:10:32 +0000] "GET /v3/services/ad4881e78a6649aeb504bbf08b33da89 HTTP/1.1" 200 233 10.0.0.198 - - [15/Jul/2026:20:10:32 +0000] "GET /v3/services/ad4881e78a6649aeb504bbf08b33da89 HTTP/1.1" 200 233 10.0.0.198 - - [15/Jul/2026:20:10:32 +0000] "GET /v3/services/ad4881e78a6649aeb504bbf08b33da89 HTTP/1.1" 200 233
[Wed Jul 15 20:10:32.604183 2026] [wsgi:error] [pid 11:tid 140159258785472] [remote 10.0.0.198:58096] 2026-07-15 20:10:32.604 11 WARNING keystone.common.fernet_utils [None req-71aebd68-1a86-4efe-8aa0-635e5f331ca8 - - - - - -] key_repository is world readable: /etc/keystone/fernet-keys/ 10.0.0.198 - - [15/Jul/2026:20:10:32 +0000] "POST /v3/auth/tokens HTTP/1.1" 201 1463
[Wed Jul 15 20:10:32.697060 2026] [wsgi:error] [pid 9:tid 140159258785472] [remote 10.0.0.198:58104] 2026-07-15 20:10:32.696 9 WARNING keystone.common.fernet_utils [None req-b984303b-5f8e-44a3-bdf4-5a9f576cd15e - - - - - -] key_repository is world readable: /etc/keystone/fernet-keys/ 10.0.0.198 - - [15/Jul/2026:20:10:32 +0000] "POST /v3/auth/tokens HTTP/1.1" 201 1463 10.0.0.198 - - [15/Jul/2026:20:10:32 +0000] "GET /v3/endpoints HTTP/1.1" 200 1226 10.0.0.198 - - [15/Jul/2026:20:10:32 +0000] "GET /v3/services/ad4881e78a6649aeb504bbf08b33da89 HTTP/1.1" 200 233 10.0.0.198 - - [15/Jul/2026:20:10:32 +0000] "GET /v3/services/ad4881e78a6649aeb504bbf08b33da89 HTTP/1.1" 200 233 10.0.0.198 - - [15/Jul/2026:20:10:32 +0000] "GET /v3/services/ad4881e78a6649aeb504bbf08b33da89 HTTP/1.1" 200 233 10.0.0.198 - - [15/Jul/2026:20:10:32 +0000] "GET /v3/endpoints HTTP/1.1" 200 1226 10.0.0.198 - - [15/Jul/2026:20:10:32 +0000] "GET /v3/services/ad4881e78a6649aeb504bbf08b33da89 HTTP/1.1" 200 233 10.0.0.198 - - [15/Jul/2026:20:10:32 +0000] "GET /v3/services/ad4881e78a6649aeb504bbf08b33da89 HTTP/1.1" 200 233 10.0.0.198 - - [15/Jul/2026:20:10:32 +0000] "GET /v3/services/ad4881e78a6649aeb504bbf08b33da89 HTTP/1.1" 200 233 10.0.0.198 - - [15/Jul/2026:20:10:33 +0000] "GET / HTTP/1.1" 300 295
[Wed Jul 15 20:10:33.995796 2026] [wsgi:error] [pid 12:tid 140159258785472] [remote 10.0.0.198:58108] 2026-07-15 20:10:33.995 12 WARNING keystone.common.password_hashing [None req-bb291203-5c57-4c6a-ae0f-4ee8a7d66939 - - - - - -] Truncating password to algorithm specific maximum length 72 characters. 10.0.0.198 - - [15/Jul/2026:20:10:34 +0000] "GET / HTTP/1.1" 300 295
[Wed Jul 15 20:10:34.248988 2026] [wsgi:error] [pid 9:tid 140159258785472] [remote 10.0.0.198:58116] 2026-07-15 20:10:34.248 9 WARNING keystone.common.password_hashing [None req-b0056bfa-7cfe-4567-af39-44d98c60b0e7 - - - - - -] Truncating password to algorithm specific maximum length 72 characters.
[Wed Jul 15 20:10:34.265330 2026] [wsgi:error] [pid 12:tid 140159258785472] [remote 10.0.0.198:58108] 2026-07-15 20:10:34.265 12 WARNING keystone.common.fernet_utils [None req-bb291203-5c57-4c6a-ae0f-4ee8a7d66939 - - - - - -] key_repository is world readable: /etc/keystone/fernet-keys/ 10.0.0.198 - - [15/Jul/2026:20:10:33 +0000] "POST /v3/auth/tokens HTTP/1.1" 201 1463 10.0.0.198 - - [15/Jul/2026:20:10:34 +0000] "GET /v3/services/a78006dec1c14274854218c9e18e9804 HTTP/1.1" 200 296 10.0.0.198 - - [15/Jul/2026:20:10:34 +0000] "GET /v3/regions/RegionOne HTTP/1.1" 200 173
[Wed Jul 15 20:10:34.523532 2026] [wsgi:error] [pid 9:tid 140159258785472] [remote 10.0.0.198:58116] 2026-07-15 20:10:34.523 9 WARNING keystone.common.fernet_utils [None req-b0056bfa-7cfe-4567-af39-44d98c60b0e7 - - - - - -] key_repository is world readable: /etc/keystone/fernet-keys/ 10.0.0.198 - - [15/Jul/2026:20:10:34 +0000] "POST /v3/auth/tokens HTTP/1.1" 201 1463 10.0.0.198 - - [15/Jul/2026:20:10:34 +0000] "POST /v3/endpoints HTTP/1.1" 201 380 10.0.0.198 - - [15/Jul/2026:20:10:34 +0000] "GET / HTTP/1.1" 300 295 10.0.0.198 - - [15/Jul/2026:20:10:34 +0000] "GET /v3/services/a78006dec1c14274854218c9e18e9804 HTTP/1.1" 200 296
[Wed Jul 15 20:10:34.666568 2026] [wsgi:error] [pid 9:tid 140159258785472] [remote 10.0.0.198:58130] 2026-07-15 20:10:34.666 9 WARNING keystone.common.password_hashing [None req-f4b2f9b0-e426-4527-bb99-61b3efa58752 - - - - - -] Truncating password to algorithm specific maximum length 72 characters. 10.0.0.198 - - [15/Jul/2026:20:10:34 +0000] "GET /v3/regions/RegionOne HTTP/1.1" 200 173 10.0.0.198 - - [15/Jul/2026:20:10:34 +0000] "POST /v3/endpoints HTTP/1.1" 201 369
[Wed Jul 15 20:10:34.943873 2026] [wsgi:error] [pid 9:tid 140159258785472] [remote 10.0.0.198:58130] 2026-07-15 20:10:34.943 9 WARNING keystone.common.fernet_utils [None req-f4b2f9b0-e426-4527-bb99-61b3efa58752 - - - - - -] key_repository is world readable: /etc/keystone/fernet-keys/ 10.0.0.198 - - [15/Jul/2026:20:10:34 +0000] "POST /v3/auth/tokens HTTP/1.1" 201 1808 10.0.0.198 - - [15/Jul/2026:20:10:35 +0000] "GET /v3/services/a78006dec1c14274854218c9e18e9804 HTTP/1.1" 200 296 10.0.0.198 - - [15/Jul/2026:20:10:35 +0000] "GET /v3/regions/RegionOne HTTP/1.1" 200 173 10.0.0.198 - - [15/Jul/2026:20:10:35 +0000] "POST /v3/endpoints HTTP/1.1" 201 383 10.0.0.198 - - [15/Jul/2026:20:10:36 +0000] "GET / HTTP/1.1" 300 295
[Wed Jul 15 20:10:36.200009 2026] [wsgi:error] [pid 10:tid 140159258785472] [remote 10.0.0.198:47764] 2026-07-15 20:10:36.199 10 WARNING keystone.common.password_hashing [None req-759f0bf8-51c0-44bf-ae3e-785567a5a579 - - - - - -] Truncating password to algorithm specific maximum length 72 characters. 10.0.0.198 - - [15/Jul/2026:20:10:36 +0000] "GET / HTTP/1.1" 300 295
[Wed Jul 15 20:10:36.402453 2026] [wsgi:error] [pid 11:tid 140159258785472] [remote 10.0.0.198:47776] 2026-07-15 20:10:36.402 11 WARNING keystone.common.password_hashing [None req-32ca2d37-aced-4a9f-8078-cf2df865f86f - - - - - -] Truncating password to algorithm specific maximum length 72 characters.
[Wed Jul 15 20:10:36.536574 2026] [wsgi:error] [pid 10:tid 140159258785472] [remote 10.0.0.198:47764] 2026-07-15 20:10:36.536 10 WARNING keystone.common.fernet_utils [None req-759f0bf8-51c0-44bf-ae3e-785567a5a579 - - - - - -] key_repository is world readable: /etc/keystone/fernet-keys/ 10.0.0.198 - - [15/Jul/2026:20:10:36 +0000] "POST /v3/auth/tokens HTTP/1.1" 201 1990 10.0.0.198 - - [15/Jul/2026:20:10:36 +0000] "GET / HTTP/1.1" 300 295
[Wed Jul 15 20:10:36.621723 2026] [wsgi:error] [pid 12:tid 140159258785472] [remote 10.0.0.198:47778] 2026-07-15 20:10:36.621 12 WARNING keystone.common.password_hashing [None req-6a5334d3-0af2-4af5-8a29-b865ce230c73 - - - - - -] Truncating password to algorithm specific maximum length 72 characters. 10.0.0.198 - - [15/Jul/2026:20:10:36 +0000] "GET /v3/endpoints/35ff1d396ee8444da768760316a90cbf HTTP/1.1" 200 369
[Wed Jul 15 20:10:36.675502 2026] [wsgi:error] [pid 11:tid 140159258785472] [remote 10.0.0.198:47776] 2026-07-15 20:10:36.675 11 WARNING keystone.common.fernet_utils [None req-32ca2d37-aced-4a9f-8078-cf2df865f86f - - - - - -] key_repository is world readable: /etc/keystone/fernet-keys/ 10.0.0.198 - - [15/Jul/2026:20:10:36 +0000] "POST /v3/auth/tokens HTTP/1.1" 201 1990 10.0.0.198 - - [15/Jul/2026:20:10:36 +0000] "GET /v3/services/a78006dec1c14274854218c9e18e9804 HTTP/1.1" 200 296 10.0.0.198 - - [15/Jul/2026:20:10:36 +0000] "GET /v3/endpoints/4382c67fbfbc4710940a8b097e6502b5 HTTP/1.1" 200 380 10.0.0.198 - - [15/Jul/2026:20:10:36 +0000] "GET /v3/services/a78006dec1c14274854218c9e18e9804 HTTP/1.1" 200 296
[Wed Jul 15 20:10:36.900746 2026] [wsgi:error] [pid 12:tid 140159258785472] [remote 10.0.0.198:47778] 2026-07-15 20:10:36.900 12 WARNING keystone.common.fernet_utils [None req-6a5334d3-0af2-4af5-8a29-b865ce230c73 - - - - - -] key_repository is world readable: /etc/keystone/fernet-keys/ 10.0.0.198 - - [15/Jul/2026:20:10:36 +0000] "POST /v3/auth/tokens HTTP/1.1" 201 1990 10.0.0.198 - - [15/Jul/2026:20:10:37 +0000] "GET /v3/endpoints/333116f6abb64571ba6283c7eee00302 HTTP/1.1" 200 383 10.0.0.198 - - [15/Jul/2026:20:10:37 +0000] "GET /v3/services/a78006dec1c14274854218c9e18e9804 HTTP/1.1" 200 296 10.0.0.154 - - [15/Jul/2026:20:10:47 +0000] "GET / HTTP/1.1" 300 295
[Wed Jul 15 20:10:47.207291 2026] [wsgi:error] [pid 12:tid 140159258785472] [remote 10.0.0.154:39262] 2026-07-15 20:10:47.207 12 WARNING keystone.common.password_hashing [None req-8028a032-83c9-4a7e-b989-212e0e06696a - - - - - -] Truncating password to algorithm specific maximum length 72 characters.
[Wed Jul 15 20:10:47.483459 2026] [wsgi:error] [pid 12:tid 140159258785472] [remote 10.0.0.154:39262] 2026-07-15 20:10:47.483 12 WARNING keystone.common.fernet_utils [None req-8028a032-83c9-4a7e-b989-212e0e06696a - - - - - -] key_repository is world readable: /etc/keystone/fernet-keys/ 10.0.0.154 - - [15/Jul/2026:20:10:47 +0000] "POST /v3/auth/tokens HTTP/1.1" 201 1990 10.0.0.154 - - [15/Jul/2026:20:10:47 +0000] "POST /v3/domains HTTP/1.1" 201 284 10.0.0.154 - - [15/Jul/2026:20:10:49 +0000] "GET / HTTP/1.1" 300 295
[Wed Jul 15 20:10:49.338108 2026] [wsgi:error] [pid 11:tid 140159258785472] [remote 10.0.0.154:39272] 2026-07-15 20:10:49.337 11 WARNING keystone.common.password_hashing [None req-6a46061c-824f-4102-b4b7-fdc417b30ee7 - - - - - -] Truncating password to algorithm specific maximum length 72 characters. 10.0.0.248 - - [15/Jul/2026:20:10:49 +0000] "GET /v3/ HTTP/1.1" 200 250 10.0.0.248 - - [15/Jul/2026:20:10:49 +0000] "GET /v3/ HTTP/1.1" 200 250
[Wed Jul 15 20:10:49.610249 2026] [wsgi:error] [pid 11:tid 140159258785472] [remote 10.0.0.154:39272] 2026-07-15 20:10:49.610 11 WARNING keystone.common.fernet_utils [None req-6a46061c-824f-4102-b4b7-fdc417b30ee7 - - - - - -] key_repository is world readable: /etc/keystone/fernet-keys/ 10.0.0.154 - - [15/Jul/2026:20:10:49 +0000] "POST /v3/auth/tokens HTTP/1.1" 201 1990
[Wed Jul 15 20:10:49.801096 2026] [wsgi:error] [pid 10:tid 140159258785472] [remote 10.0.0.154:39272] 2026-07-15 20:10:49.788 10 ERROR keystone.server.flask.application [None req-46bcf0ae-01ac-4562-8017-c15891e80009 6ccab25c2247427096c711310b60bafa b87aad96c9cc4f7fbf8f9aec726d365c - - default default] Conflict occurred attempting to store project - it is not permitted to have two projects acting as domains with the same name: service.: keystone.exception.Conflict: Conflict occurred attempting to store project - it is not permitted to have two projects acting as domains with the same name: service.
[Wed Jul 15 20:10:49.801121 2026] [wsgi:error] [pid 10:tid 140159258785472] [remote 10.0.0.154:39272] 2026-07-15 20:10:49.788 10 ERROR keystone.server.flask.application
Traceback (most recent call last):
[Wed Jul 15 20:10:49.801123 2026] [wsgi:error] [pid 10:tid 140159258785472] [remote 10.0.0.154:39272] 2026-07-15 20:10:49.788 10 ERROR keystone.server.flask.application
File "/var/lib/openstack/lib/python3.12/site-packages/sqlalchemy/engine/base.py", line 1969, in _exec_single_context
[Wed Jul 15 20:10:49.801125 2026] [wsgi:error] [pid 10:tid 140159258785472] [remote 10.0.0.154:39272] 2026-07-15 20:10:49.788 10 ERROR keystone.server.flask.application self.dialect.do_execute(
[Wed Jul 15 20:10:49.801127 2026] [wsgi:error] [pid 10:tid 140159258785472] [remote 10.0.0.154:39272] 2026-07-15 20:10:49.788 10 ERROR keystone.server.flask.application
File "/var/lib/openstack/lib/python3.12/site-packages/sqlalchemy/engine/default.py", line 952, in do_execute
[Wed Jul 15 20:10:49.801129 2026] [wsgi:error] [pid 10:tid 140159258785472] [remote 10.0.0.154:39272] 2026-07-15 20:10:49.788 10 ERROR keystone.server.flask.application cursor.execute(statement, parameters)
[Wed Jul 15 20:10:49.801130 2026] [wsgi:error] [pid 10:tid 140159258785472] [remote 10.0.0.154:39272] 2026-07-15 20:10:49.788 10 ERROR keystone.server.flask.application
File "/var/lib/openstack/lib/python3.12/site-packages/pymysql/cursors.py", line 159, in execute
[Wed Jul 15 20:10:49.801132 2026] [wsgi:error] [pid 10:tid 140159258785472] [remote 10.0.0.154:39272] 2026-07-15 20:10:49.788 10 ERROR keystone.server.flask.application result = self._query(query)
[Wed Jul 15 20:10:49.801133 2026] [wsgi:error] [pid 10:tid 140159258785472] [remote 10.0.0.154:39272] 2026-07-15 20:10:49.788 10 ERROR keystone.server.flask.application ^^^^^^^^^^^^^^^^^^
[Wed Jul 15 20:10:49.801135 2026] [wsgi:error] [pid 10:tid 140159258785472] [remote 10.0.0.154:39272] 2026-07-15 20:10:49.788 10 ERROR keystone.server.flask.application
File "/var/lib/openstack/lib/python3.12/site-packages/pymysql/cursors.py", line 330, in _query
[Wed Jul 15 20:10:49.801136 2026] [wsgi:error] [pid 10:tid 140159258785472] [remote 10.0.0.154:39272] 2026-07-15 20:10:49.788 10 ERROR keystone.server.flask.application conn.query(q)
[Wed Jul 15 20:10:49.801138 2026] [wsgi:error] [pid 10:tid 140159258785472] [remote 10.0.0.154:39272] 2026-07-15 20:10:49.788 10 ERROR keystone.server.flask.application
File "/var/lib/openstack/lib/python3.12/site-packages/pymysql/connections.py", line 582, in query
[Wed Jul 15 20:10:49.801139 2026] [wsgi:error] [pid 10:tid 140159258785472] [remote 10.0.0.154:39272] 2026-07-15 20:10:49.788 10 ERROR keystone.server.flask.application self._affected_rows = self._read_query_result(unbuffered=unbuffered)
[Wed Jul 15 20:10:49.801141 2026] [wsgi:error] [pid 10:tid 140159258785472] [remote 10.0.0.154:39272] 2026-07-15 20:10:49.788 10 ERROR keystone.server.flask.application ^^^^^^^^^^^^^^^^^^^^^^^^^^^^^^^^^^^^^^^^^^^^^^
[Wed Jul 15 20:10:49.801142 2026] [wsgi:error] [pid 10:tid 140159258785472] [remote 10.0.0.154:39272] 2026-07-15 20:10:49.788 10 ERROR keystone.server.flask.application
File "/var/lib/openstack/lib/python3.12/site-packages/pymysql/connections.py", line 847, in _read_query_result
[Wed Jul 15 20:10:49.801144 2026] [wsgi:error] [pid 10:tid 140159258785472] [remote 10.0.0.154:39272] 2026-07-15 20:10:49.788 10 ERROR keystone.server.flask.application result.read()
[Wed Jul 15 20:10:49.801147 2026] [wsgi:error] [pid 10:tid 140159258785472] [remote 10.0.0.154:39272] 2026-07-15 20:10:49.788 10 ERROR keystone.server.flask.application
File "/var/lib/openstack/lib/python3.12/site-packages/pymysql/connections.py", line 1245, in read
[Wed Jul 15 20:10:49.801150 2026] [wsgi:error] [pid 10:tid 140159258785472] [remote 10.0.0.154:39272] 2026-07-15 20:10:49.788 10 ERROR keystone.server.flask.application first_packet = self.connection._read_packet()
[Wed Jul 15 20:10:49.801151 2026] [wsgi:error] [pid 10:tid 140159258785472] [remote 10.0.0.154:39272] 2026-07-15 20:10:49.788 10 ERROR keystone.server.flask.application ^^^^^^^^^^^^^^^^^^^^^^^^^^^^^^
[Wed Jul 15 20:10:49.801153 2026] [wsgi:error] [pid 10:tid 140159258785472] [remote 10.0.0.154:39272] 2026-07-15 20:10:49.788 10 ERROR keystone.server.flask.application
File "/var/lib/openstack/lib/python3.12/site-packages/pymysql/connections.py", line 803, in _read_packet
[Wed Jul 15 20:10:49.801154 2026] [wsgi:error] [pid 10:tid 140159258785472] [remote 10.0.0.154:39272] 2026-07-15 20:10:49.788 10 ERROR keystone.server.flask.application packet.raise_for_error()
[Wed Jul 15 20:10:49.801155 2026] [wsgi:error] [pid 10:tid 140159258785472] [remote 10.0.0.154:39272] 2026-07-15 20:10:49.788 10 ERROR keystone.server.flask.application
File "/var/lib/openstack/lib/python3.12/site-packages/pymysql/protocol.py", line 219, in raise_for_error
[Wed Jul 15 20:10:49.801157 2026] [wsgi:error] [pid 10:tid 140159258785472] [remote 10.0.0.154:39272] 2026-07-15 20:10:49.788 10 ERROR keystone.server.flask.application err.raise_mysql_exception(self._data)
[Wed Jul 15 20:10:49.801158 2026] [wsgi:error] [pid 10:tid 140159258785472] [remote 10.0.0.154:39272] 2026-07-15 20:10:49.788 10 ERROR keystone.server.flask.application
File "/var/lib/openstack/lib/python3.12/site-packages/pymysql/err.py", line 154, in raise_mysql_exception
[Wed Jul 15 20:10:49.801160 2026] [wsgi:error] [pid 10:tid 140159258785472] [remote 10.0.0.154:39272] 2026-07-15 20:10:49.788 10 ERROR keystone.server.flask.application raise errorclass(errno, errval, sqlstate=sqlstate)
[Wed Jul 15 20:10:49.801161 2026] [wsgi:error] [pid 10:tid 140159258785472] [remote 10.0.0.154:39272] 2026-07-15 20:10:49.788 10 ERROR keystone.server.flask.application pymysql.err.IntegrityError: (1062, "Duplicate entry '<>-service' for key 'project.ixu_project_name_domain_id'")
[Wed Jul 15 20:10:49.801163 2026] [wsgi:error] [pid 10:tid 140159258785472] [remote 10.0.0.154:39272] 2026-07-15 20:10:49.788 10 ERROR keystone.server.flask.application
[Wed Jul 15 20:10:49.801164 2026] [wsgi:error] [pid 10:tid 140159258785472] [remote 10.0.0.154:39272] 2026-07-15 20:10:49.788 10 ERROR keystone.server.flask.application The above exception was the direct cause of the following exception:
[Wed Jul 15 20:10:49.801166 2026] [wsgi:error] [pid 10:tid 140159258785472] [remote 10.0.0.154:39272] 2026-07-15 20:10:49.788 10 ERROR keystone.server.flask.application
[Wed Jul 15 20:10:49.801167 2026] [wsgi:error] [pid 10:tid 140159258785472] [remote 10.0.0.154:39272] 2026-07-15 20:10:49.788 10 ERROR keystone.server.flask.application
Traceback (most recent call last):
[Wed Jul 15 20:10:49.801168 2026] [wsgi:error] [pid 10:tid 140159258785472] [remote 10.0.0.154:39272] 2026-07-15 20:10:49.788 10 ERROR keystone.server.flask.application
File "/var/lib/openstack/lib/python3.12/site-packages/keystone/common/sql/core.py", line 575, in wrapper
[Wed Jul 15 20:10:49.801170 2026] [wsgi:error] [pid 10:tid 140159258785472] [remote 10.0.0.154:39272] 2026-07-15 20:10:49.788 10 ERROR keystone.server.flask.application return method(*args, **kwargs)
[Wed Jul 15 20:10:49.801171 2026] [wsgi:error] [pid 10:tid 140159258785472] [remote 10.0.0.154:39272] 2026-07-15 20:10:49.788 10 ERROR keystone.server.flask.application ^^^^^^^^^^^^^^^^^^^^^^^
[Wed Jul 15 20:10:49.801174 2026] [wsgi:error] [pid 10:tid 140159258785472] [remote 10.0.0.154:39272] 2026-07-15 20:10:49.788 10 ERROR keystone.server.flask.application
File "/var/lib/openstack/lib/python3.12/site-packages/keystone/resource/backends/sql.py", line 278, in create_project
[Wed Jul 15 20:10:49.801176 2026] [wsgi:error] [pid 10:tid 140159258785472] [remote 10.0.0.154:39272] 2026-07-15 20:10:49.788 10 ERROR keystone.server.flask.application with sql.session_for_write() as session:
[Wed Jul 15 20:10:49.801177 2026] [wsgi:error] [pid 10:tid 140159258785472] [remote 10.0.0.154:39272] 2026-07-15 20:10:49.788 10 ERROR keystone.server.flask.application
File "/usr/lib/python3.12/contextlib.py", line 144, in __exit__
[Wed Jul 15 20:10:49.801179 2026] [wsgi:error] [pid 10:tid 140159258785472] [remote 10.0.0.154:39272] 2026-07-15 20:10:49.788 10 ERROR keystone.server.flask.application next(self.gen)
[Wed Jul 15 20:10:49.801188 2026] [wsgi:error] [pid 10:tid 140159258785472] [remote 10.0.0.154:39272] 2026-07-15 20:10:49.788 10 ERROR keystone.server.flask.application
File "/var/lib/openstack/lib/python3.12/site-packages/oslo_db/sqlalchemy/enginefacade.py", line 1175, in _transaction_scope
[Wed Jul 15 20:10:49.801190 2026] [wsgi:error] [pid 10:tid 140159258785472] [remote 10.0.0.154:39272] 2026-07-15 20:10:49.788 10 ERROR keystone.server.flask.application with current._produce_block(
[Wed Jul 15 20:10:49.801191 2026] [wsgi:error] [pid 10:tid 140159258785472] [remote 10.0.0.154:39272] 2026-07-15 20:10:49.788 10 ERROR keystone.server.flask.application
File "/usr/lib/python3.12/contextlib.py", line 144, in __exit__
[Wed Jul 15 20:10:49.801193 2026] [wsgi:error] [pid 10:tid 140159258785472] [remote 10.0.0.154:39272] 2026-07-15 20:10:49.788 10 ERROR keystone.server.flask.application next(self.gen)
[Wed Jul 15 20:10:49.801195 2026] [wsgi:error] [pid 10:tid 140159258785472] [remote 10.0.0.154:39272] 2026-07-15 20:10:49.788 10 ERROR keystone.server.flask.application
File "/var/lib/openstack/lib/python3.12/site-packages/oslo_db/sqlalchemy/enginefacade.py", line 837, in _session
[Wed Jul 15 20:10:49.801197 2026] [wsgi:error] [pid 10:tid 140159258785472] [remote 10.0.0.154:39272] 2026-07-15 20:10:49.788 10 ERROR keystone.server.flask.application with excutils.save_and_reraise_exception():
[Wed Jul 15 20:10:49.801198 2026] [wsgi:error] [pid 10:tid 140159258785472] [remote 10.0.0.154:39272] 2026-07-15 20:10:49.788 10 ERROR keystone.server.flask.application
File "/var/lib/openstack/lib/python3.12/site-packages/oslo_utils/excutils.py", line 266, in __exit__
[Wed Jul 15 20:10:49.801200 2026] [wsgi:error] [pid 10:tid 140159258785472] [remote 10.0.0.154:39272] 2026-07-15 20:10:49.788 10 ERROR keystone.server.flask.application self.force_reraise()
[Wed Jul 15 20:10:49.801201 2026] [wsgi:error] [pid 10:tid 140159258785472] [remote 10.0.0.154:39272] 2026-07-15 20:10:49.788 10 ERROR keystone.server.flask.application
File "/var/lib/openstack/lib/python3.12/site-packages/oslo_utils/excutils.py", line 232, in force_reraise
[Wed Jul 15 20:10:49.801203 2026] [wsgi:error] [pid 10:tid 140159258785472] [remote 10.0.0.154:39272] 2026-07-15 20:10:49.788 10 ERROR keystone.server.flask.application raise self.value
[Wed Jul 15 20:10:49.801204 2026] [wsgi:error] [pid 10:tid 140159258785472] [remote 10.0.0.154:39272] 2026-07-15 20:10:49.788 10 ERROR keystone.server.flask.application
File "/var/lib/openstack/lib/python3.12/site-packages/oslo_db/sqlalchemy/enginefacade.py", line 835, in _session
[Wed Jul 15 20:10:49.801206 2026] [wsgi:error] [pid 10:tid 140159258785472] [remote 10.0.0.154:39272] 2026-07-15 20:10:49.788 10 ERROR keystone.server.flask.application self._end_session_transaction(self.session)
[Wed Jul 15 20:10:49.801208 2026] [wsgi:error] [pid 10:tid 140159258785472] [remote 10.0.0.154:39272] 2026-07-15 20:10:49.788 10 ERROR keystone.server.flask.application
File "/var/lib/openstack/lib/python3.12/site-packages/oslo_db/sqlalchemy/enginefacade.py", line 748, in _end_session_transaction
[Wed Jul 15 20:10:49.801209 2026] [wsgi:error] [pid 10:tid 140159258785472] [remote 10.0.0.154:39272] 2026-07-15 20:10:49.788 10 ERROR keystone.server.flask.application session.commit()
[Wed Jul 15 20:10:49.801211 2026] [wsgi:error] [pid 10:tid 140159258785472] [remote 10.0.0.154:39272] 2026-07-15 20:10:49.788 10 ERROR keystone.server.flask.application
File "/var/lib/openstack/lib/python3.12/site-packages/sqlalchemy/orm/session.py", line 2034, in commit
[Wed Jul 15 20:10:49.801212 2026] [wsgi:error] [pid 10:tid 140159258785472] [remote 10.0.0.154:39272] 2026-07-15 20:10:49.788 10 ERROR keystone.server.flask.application trans.commit(_to_root=True)
[Wed Jul 15 20:10:49.801215 2026] [wsgi:error] [pid 10:tid 140159258785472] [remote 10.0.0.154:39272] 2026-07-15 20:10:49.788 10 ERROR keystone.server.flask.application File "", line 2, in commit
[Wed Jul 15 20:10:49.801217 2026] [wsgi:error] [pid 10:tid 140159258785472] [remote 10.0.0.154:39272] 2026-07-15 20:10:49.788 10 ERROR keystone.server.flask.application
File "/var/lib/openstack/lib/python3.12/site-packages/sqlalchemy/orm/state_changes.py", line 137, in _go
[Wed Jul 15 20:10:49.801219 2026] [wsgi:error] [pid 10:tid 140159258785472] [remote 10.0.0.154:39272] 2026-07-15 20:10:49.788 10 ERROR keystone.server.flask.application ret_value = fn(self, *arg, **kw)
[Wed Jul 15 20:10:49.801221 2026] [wsgi:error] [pid 10:tid 140159258785472] [remote 10.0.0.154:39272] 2026-07-15 20:10:49.788 10 ERROR keystone.server.flask.application ^^^^^^^^^^^^^^^^^^^^
[Wed Jul 15 20:10:49.801223 2026] [wsgi:error] [pid 10:tid 140159258785472] [remote 10.0.0.154:39272] 2026-07-15 20:10:49.788 10 ERROR keystone.server.flask.application
File "/var/lib/openstack/lib/python3.12/site-packages/sqlalchemy/orm/session.py", line 1315, in commit
[Wed Jul 15 20:10:49.801225 2026] [wsgi:error] [pid 10:tid 140159258785472] [remote 10.0.0.154:39272] 2026-07-15 20:10:49.788 10 ERROR keystone.server.flask.application self._prepare_impl()
[Wed Jul 15 20:10:49.801228 2026] [wsgi:error] [pid 10:tid 140159258785472] [remote 10.0.0.154:39272] 2026-07-15 20:10:49.788 10 ERROR keystone.server.flask.application File "", line 2, in _prepare_impl
[Wed Jul 15 20:10:49.801230 2026] [wsgi:error] [pid 10:tid 140159258785472] [remote 10.0.0.154:39272] 2026-07-15 20:10:49.788 10 ERROR keystone.server.flask.application
File "/var/lib/openstack/lib/python3.12/site-packages/sqlalchemy/orm/state_changes.py", line 137, in _go
[Wed Jul 15 20:10:49.801232 2026] [wsgi:error] [pid 10:tid 140159258785472] [remote 10.0.0.154:39272] 2026-07-15 20:10:49.788 10 ERROR keystone.server.flask.application ret_value = fn(self, *arg, **kw)
[Wed Jul 15 20:10:49.801234 2026] [wsgi:error] [pid 10:tid 140159258785472] [remote 10.0.0.154:39272] 2026-07-15 20:10:49.788 10 ERROR keystone.server.flask.application ^^^^^^^^^^^^^^^^^^^^
[Wed Jul 15 20:10:49.801236 2026] [wsgi:error] [pid 10:tid 140159258785472] [remote 10.0.0.154:39272] 2026-07-15 20:10:49.788 10 ERROR keystone.server.flask.application
File "/var/lib/openstack/lib/python3.12/site-packages/sqlalchemy/orm/session.py", line 1290, in _prepare_impl
[Wed Jul 15 20:10:49.801238 2026] [wsgi:error] [pid 10:tid 140159258785472] [remote 10.0.0.154:39272] 2026-07-15 20:10:49.788 10 ERROR keystone.server.flask.application self.session.flush()
[Wed Jul 15 20:10:49.801240 2026] [wsgi:error] [pid 10:tid 140159258785472] [remote 10.0.0.154:39272] 2026-07-15 20:10:49.788 10 ERROR keystone.server.flask.application
File "/var/lib/openstack/lib/python3.12/site-packages/sqlalchemy/orm/session.py", line 4352, in flush
[Wed Jul 15 20:10:49.801242 2026] [wsgi:error] [pid 10:tid 140159258785472] [remote 10.0.0.154:39272] 2026-07-15 20:10:49.788 10 ERROR keystone.server.flask.application self._flush(objects)
[Wed Jul 15 20:10:49.801244 2026] [wsgi:error] [pid 10:tid 140159258785472] [remote 10.0.0.154:39272] 2026-07-15 20:10:49.788 10 ERROR keystone.server.flask.application
File "/var/lib/openstack/lib/python3.12/site-packages/sqlalchemy/orm/session.py", line 4487, in _flush
[Wed Jul 15 20:10:49.801246 2026] [wsgi:error] [pid 10:tid 140159258785472] [remote 10.0.0.154:39272] 2026-07-15 20:10:49.788 10 ERROR keystone.server.flask.application with util.safe_reraise():
[Wed Jul 15 20:10:49.801249 2026] [wsgi:error] [pid 10:tid 140159258785472] [remote 10.0.0.154:39272] 2026-07-15 20:10:49.788 10 ERROR keystone.server.flask.application
File "/var/lib/openstack/lib/python3.12/site-packages/sqlalchemy/util/langhelpers.py", line 122, in __exit__
[Wed Jul 15 20:10:49.801252 2026] [wsgi:error] [pid 10:tid 140159258785472] [remote 10.0.0.154:39272] 2026-07-15 20:10:49.788 10 ERROR keystone.server.flask.application raise exc_value.with_traceback(exc_tb)
[Wed Jul 15 20:10:49.801255 2026] [wsgi:error] [pid 10:tid 140159258785472] [remote 10.0.0.154:39272] 2026-07-15 20:10:49.788 10 ERROR keystone.server.flask.application
File "/var/lib/openstack/lib/python3.12/site-packages/sqlalchemy/orm/session.py", line 4448, in _flush
[Wed Jul 15 20:10:49.801257 2026] [wsgi:error] [pid 10:tid 140159258785472] [remote 10.0.0.154:39272] 2026-07-15 20:10:49.788 10 ERROR keystone.server.flask.application flush_context.execute()
