2026-07-15 21:12:52.292 8 INFO placement.requestlog [None req-1f2f5c9f-51ad-4e9b-aaab-2f40d5992b50 8b04b892743a460b840a304fafe8e111 85bc241402bf4416b049d1412047d932 - - d45ce069ef704536a0a3262cf6d2531c d45ce069ef704536a0a3262cf6d2531c] 10.0.0.72 "DELETE /resource_providers/22c4e522-33d2-4e45-9401-5638ab060bcc" status: 404 len: 246 microversion: 1.1 [pid: 8|app: 0|req: 442/879] 10.0.0.72 () {34 vars in 813 bytes} [Wed Jul 15 21:12:52 2026] DELETE /resource_providers/22c4e522-33d2-4e45-9401-5638ab060bcc => generated 246 bytes in 12 msecs (HTTP/1.1 404) 6 headers in 231 bytes (1 switches on core 0)
2026-07-15 21:12:52.297 7 INFO placement.requestlog [None req-c0beaa02-e072-45f2-ab18-96551569e361 8b04b892743a460b840a304fafe8e111 85bc241402bf4416b049d1412047d932 - - d45ce069ef704536a0a3262cf6d2531c d45ce069ef704536a0a3262cf6d2531c] 10.0.0.72 "DELETE /resource_providers/22c4e522-33d2-4e45-9401-5638ab060bcc" status: 404 len: 246 microversion: 1.1 [pid: 7|app: 0|req: 438/880] 10.0.0.72 () {34 vars in 813 bytes} [Wed Jul 15 21:12:52 2026] DELETE /resource_providers/22c4e522-33d2-4e45-9401-5638ab060bcc => generated 246 bytes in 16 msecs (HTTP/1.1 404) 6 headers in 231 bytes (1 switches on core 0)
2026-07-15 21:12:52.643 8 INFO placement.requestlog [None req-1744000f-b4e1-4a6d-972a-47708406ec02 8b04b892743a460b840a304fafe8e111 85bc241402bf4416b049d1412047d932 - - d45ce069ef704536a0a3262cf6d2531c d45ce069ef704536a0a3262cf6d2531c] 10.0.0.72 "GET /resource_providers/41249d6f-bb9a-40fd-8e30-fb8922921223/aggregates" status: 404 len: 235 microversion: 1.1 [pid: 8|app: 0|req: 443/881] 10.0.0.72 () {32 vars in 813 bytes} [Wed Jul 15 21:12:52 2026] GET /resource_providers/41249d6f-bb9a-40fd-8e30-fb8922921223/aggregates => generated 235 bytes in 12 msecs (HTTP/1.1 404) 5 headers in 202 bytes (1 switches on core 0)
2026-07-15 21:12:52.654 7 INFO placement.requestlog [None req-6da49881-73aa-483e-9982-a6218e8e75ed 8b04b892743a460b840a304fafe8e111 85bc241402bf4416b049d1412047d932 - - d45ce069ef704536a0a3262cf6d2531c d45ce069ef704536a0a3262cf6d2531c] 10.0.0.72 "GET /resource_providers/41249d6f-bb9a-40fd-8e30-fb8922921223/aggregates" status: 404 len: 235 microversion: 1.1 [pid: 7|app: 0|req: 439/882] 10.0.0.72 () {32 vars in 813 bytes} [Wed Jul 15 21:12:52 2026] GET /resource_providers/41249d6f-bb9a-40fd-8e30-fb8922921223/aggregates => generated 235 bytes in 16 msecs (HTTP/1.1 404) 5 headers in 202 bytes (1 switches on core 0)
2026-07-15 21:12:52.670 8 INFO placement.requestlog [None req-fc3d46b3-0e1d-4730-b642-a024ef440273 8b04b892743a460b840a304fafe8e111 85bc241402bf4416b049d1412047d932 - - d45ce069ef704536a0a3262cf6d2531c d45ce069ef704536a0a3262cf6d2531c] 10.0.0.72 "DELETE /resource_providers/41249d6f-bb9a-40fd-8e30-fb8922921223" status: 404 len: 246 microversion: 1.1 [pid: 8|app: 0|req: 444/883] 10.0.0.72 () {34 vars in 813 bytes} [Wed Jul 15 21:12:52 2026] DELETE /resource_providers/41249d6f-bb9a-40fd-8e30-fb8922921223 => generated 246 bytes in 14 msecs (HTTP/1.1 404) 6 headers in 231 bytes (1 switches on core 0)
2026-07-15 21:12:52.675 7 INFO placement.requestlog [None req-7a6e1cda-015d-4954-a541-78f7dd144262 8b04b892743a460b840a304fafe8e111 85bc241402bf4416b049d1412047d932 - - d45ce069ef704536a0a3262cf6d2531c d45ce069ef704536a0a3262cf6d2531c] 10.0.0.72 "DELETE /resource_providers/41249d6f-bb9a-40fd-8e30-fb8922921223" status: 404 len: 246 microversion: 1.1 [pid: 7|app: 0|req: 440/884] 10.0.0.72 () {34 vars in 813 bytes} [Wed Jul 15 21:12:52 2026] DELETE /resource_providers/41249d6f-bb9a-40fd-8e30-fb8922921223 => generated 246 bytes in 13 msecs (HTTP/1.1 404) 6 headers in 231 bytes (1 switches on core 0)
2026-07-15 21:12:54.693 8 INFO placement.requestlog [None req-00c7ef3e-d9bc-464a-b41b-4b53f7ffb009 8b04b892743a460b840a304fafe8e111 85bc241402bf4416b049d1412047d932 - - d45ce069ef704536a0a3262cf6d2531c d45ce069ef704536a0a3262cf6d2531c] 10.0.0.72 "GET /resource_providers/4b4f63cf-1d23-4ae6-ad66-e7988ec7abff/aggregates" status: 404 len: 235 microversion: 1.1 [pid: 8|app: 0|req: 445/885] 10.0.0.72 () {32 vars in 813 bytes} [Wed Jul 15 21:12:54 2026] GET /resource_providers/4b4f63cf-1d23-4ae6-ad66-e7988ec7abff/aggregates => generated 235 bytes in 7 msecs (HTTP/1.1 404) 5 headers in 202 bytes (1 switches on core 0)
2026-07-15 21:12:54.698 7 INFO placement.requestlog [None req-f81664f5-478f-4111-97c7-b0e76b241130 8b04b892743a460b840a304fafe8e111 85bc241402bf4416b049d1412047d932 - - d45ce069ef704536a0a3262cf6d2531c d45ce069ef704536a0a3262cf6d2531c] 10.0.0.72 "GET /resource_providers/4b4f63cf-1d23-4ae6-ad66-e7988ec7abff/aggregates" status: 404 len: 235 microversion: 1.1 [pid: 7|app: 0|req: 441/886] 10.0.0.72 () {32 vars in 813 bytes} [Wed Jul 15 21:12:54 2026] GET /resource_providers/4b4f63cf-1d23-4ae6-ad66-e7988ec7abff/aggregates => generated 235 bytes in 12 msecs (HTTP/1.1 404) 5 headers in 202 bytes (1 switches on core 0)
2026-07-15 21:12:54.712 8 INFO placement.requestlog [None req-37435857-6f92-4fb1-bc96-14850ab796d4 8b04b892743a460b840a304fafe8e111 85bc241402bf4416b049d1412047d932 - - d45ce069ef704536a0a3262cf6d2531c d45ce069ef704536a0a3262cf6d2531c] 10.0.0.72 "DELETE /resource_providers/4b4f63cf-1d23-4ae6-ad66-e7988ec7abff" status: 404 len: 246 microversion: 1.1 [pid: 8|app: 0|req: 446/887] 10.0.0.72 () {34 vars in 813 bytes} [Wed Jul 15 21:12:54 2026] DELETE /resource_providers/4b4f63cf-1d23-4ae6-ad66-e7988ec7abff => generated 246 bytes in 9 msecs (HTTP/1.1 404) 6 headers in 231 bytes (1 switches on core 0)
2026-07-15 21:12:54.715 7 INFO placement.requestlog [None req-0b9aec22-630c-40e7-aa27-bb23ebdd2896 8b04b892743a460b840a304fafe8e111 85bc241402bf4416b049d1412047d932 - - d45ce069ef704536a0a3262cf6d2531c d45ce069ef704536a0a3262cf6d2531c] 10.0.0.72 "DELETE /resource_providers/4b4f63cf-1d23-4ae6-ad66-e7988ec7abff" status: 404 len: 246 microversion: 1.1 [pid: 7|app: 0|req: 442/888] 10.0.0.72 () {34 vars in 813 bytes} [Wed Jul 15 21:12:54 2026] DELETE /resource_providers/4b4f63cf-1d23-4ae6-ad66-e7988ec7abff => generated 246 bytes in 10 msecs (HTTP/1.1 404) 6 headers in 231 bytes (1 switches on core 0)
2026-07-15 21:12:55.050 8 INFO placement.requestlog [req-2a4ba190-a778-476c-9569-e0917b3a6eca req-18059645-6240-45d5-b6cf-e6aa31bb4e39 10e12bd641254b6e8904f7b042b0e6a4 85bc241402bf4416b049d1412047d932 - - d45ce069ef704536a0a3262cf6d2531c d45ce069ef704536a0a3262cf6d2531c] 199.204.45.77 "GET /resource_providers/cd87fc27-ebe3-4633-9e4f-c4a864f2271c/allocations" status: 200 len: 152 microversion: 1.0 [pid: 8|app: 0|req: 447/889] 199.204.45.77 () {32 vars in 854 bytes} [Wed Jul 15 21:12:55 2026] GET /resource_providers/cd87fc27-ebe3-4633-9e4f-c4a864f2271c/allocations => generated 152 bytes in 18 msecs (HTTP/1.1 200) 6 headers in 224 bytes (1 switches on core 0)
2026-07-15 21:12:55.074 7 INFO placement.requestlog [req-2a4ba190-a778-476c-9569-e0917b3a6eca req-c2baf9b9-e2ee-443b-869a-d6bbe2cea9b0 10e12bd641254b6e8904f7b042b0e6a4 85bc241402bf4416b049d1412047d932 - - d45ce069ef704536a0a3262cf6d2531c d45ce069ef704536a0a3262cf6d2531c] 199.204.45.77 "GET /allocations/85084807-6a4f-48de-bdcb-eb60458b3844" status: 200 len: 257 microversion: 1.28 [pid: 7|app: 0|req: 443/890] 199.204.45.77 () {34 vars in 860 bytes} [Wed Jul 15 21:12:55 2026] GET /allocations/85084807-6a4f-48de-bdcb-eb60458b3844 => generated 257 bytes in 19 msecs (HTTP/1.1 200) 8 headers in 296 bytes (1 switches on core 0)
2026-07-15 21:12:58.515 8 INFO placement.requestlog [req-2a4ba190-a778-476c-9569-e0917b3a6eca req-3c7c6a14-0250-4eb8-acd3-60c22d1f641d 10e12bd641254b6e8904f7b042b0e6a4 85bc241402bf4416b049d1412047d932 - - d45ce069ef704536a0a3262cf6d2531c d45ce069ef704536a0a3262cf6d2531c] 199.204.45.77 "DELETE /allocations/85084807-6a4f-48de-bdcb-eb60458b3844" status: 204 len: 0 microversion: 1.0 [pid: 8|app: 0|req: 448/891] 199.204.45.77 () {34 vars in 838 bytes} [Wed Jul 15 21:12:58 2026] DELETE /allocations/85084807-6a4f-48de-bdcb-eb60458b3844 => generated 0 bytes in 28 msecs (HTTP/1.1 204) 5 headers in 198 bytes (1 switches on core 0)
2026-07-15 21:12:58.841 7 INFO placement.requestlog [None req-0de64641-36ee-4fa7-beb0-e7025b0c0d60 8b04b892743a460b840a304fafe8e111 85bc241402bf4416b049d1412047d932 - - d45ce069ef704536a0a3262cf6d2531c d45ce069ef704536a0a3262cf6d2531c] 10.0.0.72 "GET /resource_providers/0d365c1d-140e-4c79-a04c-88a75396ed9b/aggregates" status: 404 len: 235 microversion: 1.1 [pid: 7|app: 0|req: 444/892] 10.0.0.72 () {32 vars in 813 bytes} [Wed Jul 15 21:12:58 2026] GET /resource_providers/0d365c1d-140e-4c79-a04c-88a75396ed9b/aggregates => generated 235 bytes in 11 msecs (HTTP/1.1 404) 5 headers in 202 bytes (1 switches on core 0)
2026-07-15 21:12:58.842 8 INFO placement.requestlog [None req-776ff457-3cd4-45db-8a3d-c34d16815509 8b04b892743a460b840a304fafe8e111 85bc241402bf4416b049d1412047d932 - - d45ce069ef704536a0a3262cf6d2531c d45ce069ef704536a0a3262cf6d2531c] 10.0.0.72 "GET /resource_providers/0d365c1d-140e-4c79-a04c-88a75396ed9b/aggregates" status: 404 len: 235 microversion: 1.1 [pid: 8|app: 0|req: 449/893] 10.0.0.72 () {32 vars in 813 bytes} [Wed Jul 15 21:12:58 2026] GET /resource_providers/0d365c1d-140e-4c79-a04c-88a75396ed9b/aggregates => generated 235 bytes in 12 msecs (HTTP/1.1 404) 5 headers in 202 bytes (1 switches on core 0)
2026-07-15 21:12:58.868 7 INFO placement.requestlog [None req-959d6fbe-6484-4266-89d2-0844fa4c6401 8b04b892743a460b840a304fafe8e111 85bc241402bf4416b049d1412047d932 - - d45ce069ef704536a0a3262cf6d2531c d45ce069ef704536a0a3262cf6d2531c] 10.0.0.72 "DELETE /resource_providers/0d365c1d-140e-4c79-a04c-88a75396ed9b" status: 404 len: 246 microversion: 1.1 [pid: 7|app: 0|req: 445/894] 10.0.0.72 () {34 vars in 813 bytes} [Wed Jul 15 21:12:58 2026] DELETE /resource_providers/0d365c1d-140e-4c79-a04c-88a75396ed9b => generated 246 bytes in 15 msecs (HTTP/1.1 404) 6 headers in 231 bytes (1 switches on core 0)
2026-07-15 21:12:58.870 8 INFO placement.requestlog [None req-872946df-85be-4e74-aae6-e2b79386947a 8b04b892743a460b840a304fafe8e111 85bc241402bf4416b049d1412047d932 - - d45ce069ef704536a0a3262cf6d2531c d45ce069ef704536a0a3262cf6d2531c] 10.0.0.72 "DELETE /resource_providers/0d365c1d-140e-4c79-a04c-88a75396ed9b" status: 404 len: 246 microversion: 1.1 [pid: 8|app: 0|req: 450/895] 10.0.0.72 () {34 vars in 813 bytes} [Wed Jul 15 21:12:58 2026] DELETE /resource_providers/0d365c1d-140e-4c79-a04c-88a75396ed9b => generated 246 bytes in 11 msecs (HTTP/1.1 404) 6 headers in 231 bytes (1 switches on core 0)
2026-07-15 21:12:59.310 7 INFO placement.requestlog [req-3c5d10f4-86d1-42bc-8024-87058de625d8 req-9f7a8d72-a2f0-4020-8c38-5fd830f396bb 10e12bd641254b6e8904f7b042b0e6a4 85bc241402bf4416b049d1412047d932 - - d45ce069ef704536a0a3262cf6d2531c d45ce069ef704536a0a3262cf6d2531c] 10.0.0.157 "DELETE /allocations/85084807-6a4f-48de-bdcb-eb60458b3844" status: 404 len: 228 microversion: 1.0 [pid: 7|app: 0|req: 446/896] 10.0.0.157 () {34 vars in 828 bytes} [Wed Jul 15 21:12:59 2026] DELETE /allocations/85084807-6a4f-48de-bdcb-eb60458b3844 => generated 228 bytes in 11 msecs (HTTP/1.1 404) 6 headers in 231 bytes (1 switches on core 0)
2026-07-15 21:12:59.463 7 INFO placement.requestlog [None req-4344c29c-b841-4ca1-9433-0189d679fc1f - - - - - -] 10.0.0.248 "GET /" status: 200 len: 136 microversion: 1.0
2026-07-15 21:12:59.463 8 INFO placement.requestlog [None req-c4b273d6-db7e-4aed-994c-910e6943b4b5 - - - - - -] 10.0.0.248 "GET /" status: 200 len: 136 microversion: 1.0
2026-07-15 21:13:00.895 8 INFO placement.requestlog [None req-24027735-18a9-4006-8613-ba7cf9ed1919 8b04b892743a460b840a304fafe8e111 85bc241402bf4416b049d1412047d932 - - d45ce069ef704536a0a3262cf6d2531c d45ce069ef704536a0a3262cf6d2531c] 10.0.0.72 "GET /resource_providers/982d4669-2e1e-499c-9275-1d4ad201488c/aggregates" status: 404 len: 235 microversion: 1.1 [pid: 8|app: 0|req: 452/899] 10.0.0.72 () {32 vars in 813 bytes} [Wed Jul 15 21:13:00 2026] GET /resource_providers/982d4669-2e1e-499c-9275-1d4ad201488c/aggregates => generated 235 bytes in 11 msecs (HTTP/1.1 404) 5 headers in 202 bytes (1 switches on core 0)
2026-07-15 21:13:00.900 7 INFO placement.requestlog [None req-1f82558e-e5fa-46ff-a3be-64d6d1a87d2e 8b04b892743a460b840a304fafe8e111 85bc241402bf4416b049d1412047d932 - - d45ce069ef704536a0a3262cf6d2531c d45ce069ef704536a0a3262cf6d2531c] 10.0.0.72 "GET /resource_providers/982d4669-2e1e-499c-9275-1d4ad201488c/aggregates" status: 404 len: 235 microversion: 1.1 [pid: 7|app: 0|req: 448/900] 10.0.0.72 () {32 vars in 813 bytes} [Wed Jul 15 21:13:00 2026] GET /resource_providers/982d4669-2e1e-499c-9275-1d4ad201488c/aggregates => generated 235 bytes in 17 msecs (HTTP/1.1 404) 5 headers in 202 bytes (1 switches on core 0)
2026-07-15 21:13:00.948 7 INFO placement.requestlog [None req-4aea66d8-dacd-4088-9c61-5fb203b11506 8b04b892743a460b840a304fafe8e111 85bc241402bf4416b049d1412047d932 - - d45ce069ef704536a0a3262cf6d2531c d45ce069ef704536a0a3262cf6d2531c] 10.0.0.72 "DELETE /resource_providers/982d4669-2e1e-499c-9275-1d4ad201488c" status: 404 len: 246 microversion: 1.1
2026-07-15 21:13:00.948 8 INFO placement.requestlog [None req-85168f93-ca95-4d46-9c2f-8a62d0c3e3e5 8b04b892743a460b840a304fafe8e111 85bc241402bf4416b049d1412047d932 - - d45ce069ef704536a0a3262cf6d2531c d45ce069ef704536a0a3262cf6d2531c] 10.0.0.72 "DELETE /resource_providers/982d4669-2e1e-499c-9275-1d4ad201488c" status: 404 len: 246 microversion: 1.1 [pid: 7|app: 0|req: 449/901] 10.0.0.72 () {34 vars in 813 bytes} [Wed Jul 15 21:13:00 2026] DELETE /resource_providers/982d4669-2e1e-499c-9275-1d4ad201488c => generated 246 bytes in 11 msecs (HTTP/1.1 404) 6 headers in 231 bytes (1 switches on core 0) [pid: 8|app: 0|req: 453/902] 10.0.0.72 () {34 vars in 813 bytes} [Wed Jul 15 21:13:00 2026] DELETE /resource_providers/982d4669-2e1e-499c-9275-1d4ad201488c => generated 246 bytes in 18 msecs (HTTP/1.1 404) 6 headers in 231 bytes (1 switches on core 0)
2026-07-15 21:13:02.698 7 INFO placement.requestlog [None req-1cf45e75-c152-4231-87d6-9197e9361b5f 8b04b892743a460b840a304fafe8e111 85bc241402bf4416b049d1412047d932 - - d45ce069ef704536a0a3262cf6d2531c d45ce069ef704536a0a3262cf6d2531c] 10.0.0.72 "GET /resource_providers/60796e08-a377-484d-ae37-83db99b5e5eb/aggregates" status: 404 len: 235 microversion: 1.1 [pid: 7|app: 0|req: 450/903] 10.0.0.72 () {32 vars in 813 bytes} [Wed Jul 15 21:13:02 2026] GET /resource_providers/60796e08-a377-484d-ae37-83db99b5e5eb/aggregates => generated 235 bytes in 13 msecs (HTTP/1.1 404) 5 headers in 202 bytes (1 switches on core 0)
2026-07-15 21:13:02.711 8 INFO placement.requestlog [None req-99f01e11-a874-4d39-8c5e-a0607a35fd00 8b04b892743a460b840a304fafe8e111 85bc241402bf4416b049d1412047d932 - - d45ce069ef704536a0a3262cf6d2531c d45ce069ef704536a0a3262cf6d2531c] 10.0.0.72 "GET /resource_providers/60796e08-a377-484d-ae37-83db99b5e5eb/aggregates" status: 404 len: 235 microversion: 1.1 [pid: 8|app: 0|req: 454/904] 10.0.0.72 () {32 vars in 813 bytes} [Wed Jul 15 21:13:02 2026] GET /resource_providers/60796e08-a377-484d-ae37-83db99b5e5eb/aggregates => generated 235 bytes in 16 msecs (HTTP/1.1 404) 5 headers in 202 bytes (1 switches on core 0)
2026-07-15 21:13:02.721 7 INFO placement.requestlog [None req-184e0c8c-578e-4fea-b753-9a6235d651be 8b04b892743a460b840a304fafe8e111 85bc241402bf4416b049d1412047d932 - - d45ce069ef704536a0a3262cf6d2531c d45ce069ef704536a0a3262cf6d2531c] 10.0.0.72 "DELETE /resource_providers/60796e08-a377-484d-ae37-83db99b5e5eb" status: 404 len: 246 microversion: 1.1 [pid: 7|app: 0|req: 451/905] 10.0.0.72 () {34 vars in 813 bytes} [Wed Jul 15 21:13:02 2026] DELETE /resource_providers/60796e08-a377-484d-ae37-83db99b5e5eb => generated 246 bytes in 10 msecs (HTTP/1.1 404) 6 headers in 231 bytes (1 switches on core 0)
2026-07-15 21:13:02.729 8 INFO placement.requestlog [None req-cbcd3665-1070-47a5-920e-713a80d707bc 8b04b892743a460b840a304fafe8e111 85bc241402bf4416b049d1412047d932 - - d45ce069ef704536a0a3262cf6d2531c d45ce069ef704536a0a3262cf6d2531c] 10.0.0.72 "DELETE /resource_providers/60796e08-a377-484d-ae37-83db99b5e5eb" status: 404 len: 246 microversion: 1.1 [pid: 8|app: 0|req: 455/906] 10.0.0.72 () {34 vars in 813 bytes} [Wed Jul 15 21:13:02 2026] DELETE /resource_providers/60796e08-a377-484d-ae37-83db99b5e5eb => generated 246 bytes in 9 msecs (HTTP/1.1 404) 6 headers in 231 bytes (1 switches on core 0)
2026-07-15 21:13:02.969 8 INFO placement.requestlog [None req-deb6c46a-933c-44d8-b0e8-47879219c2d4 8b04b892743a460b840a304fafe8e111 85bc241402bf4416b049d1412047d932 - - d45ce069ef704536a0a3262cf6d2531c d45ce069ef704536a0a3262cf6d2531c] 10.0.0.72 "GET /resource_providers/d801de48-c519-4704-868e-e3b900d73bcc/aggregates" status: 404 len: 235 microversion: 1.1 [pid: 8|app: 0|req: 456/907] 10.0.0.72 () {32 vars in 813 bytes} [Wed Jul 15 21:13:02 2026] GET /resource_providers/d801de48-c519-4704-868e-e3b900d73bcc/aggregates => generated 235 bytes in 8 msecs (HTTP/1.1 404) 5 headers in 202 bytes (1 switches on core 0)
2026-07-15 21:13:02.983 7 INFO placement.requestlog [None req-227bf1de-f70c-4c15-80e3-a00a17a4cb73 8b04b892743a460b840a304fafe8e111 85bc241402bf4416b049d1412047d932 - - d45ce069ef704536a0a3262cf6d2531c d45ce069ef704536a0a3262cf6d2531c] 10.0.0.72 "GET /resource_providers/d801de48-c519-4704-868e-e3b900d73bcc/aggregates" status: 404 len: 235 microversion: 1.1 [pid: 7|app: 0|req: 452/908] 10.0.0.72 () {32 vars in 813 bytes} [Wed Jul 15 21:13:02 2026] GET /resource_providers/d801de48-c519-4704-868e-e3b900d73bcc/aggregates => generated 235 bytes in 24 msecs (HTTP/1.1 404) 5 headers in 202 bytes (1 switches on core 0)
2026-07-15 21:13:02.987 8 INFO placement.requestlog [None req-5f9a4b63-bdca-461e-a96f-5e83b0cbc1c9 8b04b892743a460b840a304fafe8e111 85bc241402bf4416b049d1412047d932 - - d45ce069ef704536a0a3262cf6d2531c d45ce069ef704536a0a3262cf6d2531c] 10.0.0.72 "DELETE /resource_providers/d801de48-c519-4704-868e-e3b900d73bcc" status: 404 len: 246 microversion: 1.1 [pid: 8|app: 0|req: 457/909] 10.0.0.72 () {34 vars in 813 bytes} [Wed Jul 15 21:13:02 2026] DELETE /resource_providers/d801de48-c519-4704-868e-e3b900d73bcc => generated 246 bytes in 8 msecs (HTTP/1.1 404) 6 headers in 231 bytes (1 switches on core 0)
2026-07-15 21:13:03.007 7 INFO placement.requestlog [None req-d98078a6-5e4d-4b4f-9057-4708c461167c 8b04b892743a460b840a304fafe8e111 85bc241402bf4416b049d1412047d932 - - d45ce069ef704536a0a3262cf6d2531c d45ce069ef704536a0a3262cf6d2531c] 10.0.0.72 "DELETE /resource_providers/d801de48-c519-4704-868e-e3b900d73bcc" status: 404 len: 246 microversion: 1.1 [pid: 7|app: 0|req: 453/910] 10.0.0.72 () {34 vars in 813 bytes} [Wed Jul 15 21:13:02 2026] DELETE /resource_providers/d801de48-c519-4704-868e-e3b900d73bcc => generated 246 bytes in 8 msecs (HTTP/1.1 404) 6 headers in 231 bytes (1 switches on core 0)
2026-07-15 21:13:04.736 8 INFO placement.requestlog [None req-06f31533-ba6d-4de3-b186-a8feb9222f29 8b04b892743a460b840a304fafe8e111 85bc241402bf4416b049d1412047d932 - - d45ce069ef704536a0a3262cf6d2531c d45ce069ef704536a0a3262cf6d2531c] 10.0.0.72 "GET /resource_providers/beb5ea2e-9ffa-4ada-aaea-4a8592ec549d/aggregates" status: 404 len: 235 microversion: 1.1 [pid: 8|app: 0|req: 458/911] 10.0.0.72 () {32 vars in 813 bytes} [Wed Jul 15 21:13:04 2026] GET /resource_providers/beb5ea2e-9ffa-4ada-aaea-4a8592ec549d/aggregates => generated 235 bytes in 7 msecs (HTTP/1.1 404) 5 headers in 202 bytes (1 switches on core 0)
2026-07-15 21:13:04.748 7 INFO placement.requestlog [None req-11962283-53b5-4005-b239-a56c2e32942a 8b04b892743a460b840a304fafe8e111 85bc241402bf4416b049d1412047d932 - - d45ce069ef704536a0a3262cf6d2531c d45ce069ef704536a0a3262cf6d2531c] 10.0.0.72 "GET /resource_providers/beb5ea2e-9ffa-4ada-aaea-4a8592ec549d/aggregates" status: 404 len: 235 microversion: 1.1 [pid: 7|app: 0|req: 454/912] 10.0.0.72 () {32 vars in 813 bytes} [Wed Jul 15 21:13:04 2026] GET /resource_providers/beb5ea2e-9ffa-4ada-aaea-4a8592ec549d/aggregates => generated 235 bytes in 11 msecs (HTTP/1.1 404) 5 headers in 202 bytes (1 switches on core 0)
2026-07-15 21:13:04.760 8 INFO placement.requestlog [None req-2d18514a-a61a-4c52-8485-99fda8bc400f 8b04b892743a460b840a304fafe8e111 85bc241402bf4416b049d1412047d932 - - d45ce069ef704536a0a3262cf6d2531c d45ce069ef704536a0a3262cf6d2531c] 10.0.0.72 "DELETE /resource_providers/beb5ea2e-9ffa-4ada-aaea-4a8592ec549d" status: 404 len: 246 microversion: 1.1 [pid: 8|app: 0|req: 459/913] 10.0.0.72 () {34 vars in 813 bytes} [Wed Jul 15 21:13:04 2026] DELETE /resource_providers/beb5ea2e-9ffa-4ada-aaea-4a8592ec549d => generated 246 bytes in 12 msecs (HTTP/1.1 404) 6 headers in 231 bytes (1 switches on core 0)
2026-07-15 21:13:04.768 7 INFO placement.requestlog [None req-3a75e2f9-fa17-48bf-8492-f9e723761e6a 8b04b892743a460b840a304fafe8e111 85bc241402bf4416b049d1412047d932 - - d45ce069ef704536a0a3262cf6d2531c d45ce069ef704536a0a3262cf6d2531c] 10.0.0.72 "DELETE /resource_providers/beb5ea2e-9ffa-4ada-aaea-4a8592ec549d" status: 404 len: 246 microversion: 1.1 [pid: 7|app: 0|req: 455/914] 10.0.0.72 () {34 vars in 813 bytes} [Wed Jul 15 21:13:04 2026] DELETE /resource_providers/beb5ea2e-9ffa-4ada-aaea-4a8592ec549d => generated 246 bytes in 10 msecs (HTTP/1.1 404) 6 headers in 231 bytes (1 switches on core 0)
2026-07-15 21:13:05.804 8 INFO placement.requestlog [None req-0eb48350-8ac2-4c4f-bf0a-acac013d1c0d 8b04b892743a460b840a304fafe8e111 85bc241402bf4416b049d1412047d932 - - d45ce069ef704536a0a3262cf6d2531c d45ce069ef704536a0a3262cf6d2531c] 10.0.0.72 "GET /resource_providers/f0d1a432-87c1-483b-a4ba-9ad144601403/aggregates" status: 404 len: 235 microversion: 1.1 [pid: 8|app: 0|req: 460/915] 10.0.0.72 () {32 vars in 813 bytes} [Wed Jul 15 21:13:05 2026] GET /resource_providers/f0d1a432-87c1-483b-a4ba-9ad144601403/aggregates => generated 235 bytes in 14 msecs (HTTP/1.1 404) 5 headers in 202 bytes (1 switches on core 0)
2026-07-15 21:13:05.817 7 INFO placement.requestlog [None req-5d4f97e1-b4a9-4471-936c-197f16da480d 8b04b892743a460b840a304fafe8e111 85bc241402bf4416b049d1412047d932 - - d45ce069ef704536a0a3262cf6d2531c d45ce069ef704536a0a3262cf6d2531c] 10.0.0.72 "GET /resource_providers/f0d1a432-87c1-483b-a4ba-9ad144601403/aggregates" status: 404 len: 235 microversion: 1.1 [pid: 7|app: 0|req: 456/916] 10.0.0.72 () {32 vars in 813 bytes} [Wed Jul 15 21:13:05 2026] GET /resource_providers/f0d1a432-87c1-483b-a4ba-9ad144601403/aggregates => generated 235 bytes in 23 msecs (HTTP/1.1 404) 5 headers in 202 bytes (1 switches on core 0)
2026-07-15 21:13:05.822 8 INFO placement.requestlog [None req-2291502f-f25b-49c3-aabe-16322a291b0c 8b04b892743a460b840a304fafe8e111 85bc241402bf4416b049d1412047d932 - - d45ce069ef704536a0a3262cf6d2531c d45ce069ef704536a0a3262cf6d2531c] 10.0.0.72 "DELETE /resource_providers/f0d1a432-87c1-483b-a4ba-9ad144601403" status: 404 len: 246 microversion: 1.1 [pid: 8|app: 0|req: 461/917] 10.0.0.72 () {34 vars in 813 bytes} [Wed Jul 15 21:13:05 2026] DELETE /resource_providers/f0d1a432-87c1-483b-a4ba-9ad144601403 => generated 246 bytes in 10 msecs (HTTP/1.1 404) 6 headers in 231 bytes (1 switches on core 0)
2026-07-15 21:13:05.837 7 INFO placement.requestlog [None req-be3789a3-3ede-4d8a-aebc-14cc2d885e77 8b04b892743a460b840a304fafe8e111 85bc241402bf4416b049d1412047d932 - - d45ce069ef704536a0a3262cf6d2531c d45ce069ef704536a0a3262cf6d2531c] 10.0.0.72 "DELETE /resource_providers/f0d1a432-87c1-483b-a4ba-9ad144601403" status: 404 len: 246 microversion: 1.1 [pid: 7|app: 0|req: 457/918] 10.0.0.72 () {34 vars in 813 bytes} [Wed Jul 15 21:13:05 2026] DELETE /resource_providers/f0d1a432-87c1-483b-a4ba-9ad144601403 => generated 246 bytes in 11 msecs (HTTP/1.1 404) 6 headers in 231 bytes (1 switches on core 0)
2026-07-15 21:13:06.792 7 INFO placement.requestlog [None req-73d5dda0-cff1-483e-8b02-449883af9781 8b04b892743a460b840a304fafe8e111 85bc241402bf4416b049d1412047d932 - - d45ce069ef704536a0a3262cf6d2531c d45ce069ef704536a0a3262cf6d2531c] 10.0.0.72 "GET /resource_providers/6f516c68-6487-451b-bc91-38979a0b2a39/aggregates" status: 404 len: 235 microversion: 1.1
2026-07-15 21:13:06.792 8 INFO placement.requestlog [None req-b6d54c5d-0ad7-4adf-bcbc-8959c05bdbe9 8b04b892743a460b840a304fafe8e111 85bc241402bf4416b049d1412047d932 - - d45ce069ef704536a0a3262cf6d2531c d45ce069ef704536a0a3262cf6d2531c] 10.0.0.72 "GET /resource_providers/6f516c68-6487-451b-bc91-38979a0b2a39/aggregates" status: 404 len: 235 microversion: 1.1 [pid: 7|app: 0|req: 458/919] 10.0.0.72 () {32 vars in 813 bytes} [Wed Jul 15 21:13:06 2026] GET /resource_providers/6f516c68-6487-451b-bc91-38979a0b2a39/aggregates => generated 235 bytes in 10 msecs (HTTP/1.1 404) 5 headers in 202 bytes (1 switches on core 0) [pid: 8|app: 0|req: 462/920] 10.0.0.72 () {32 vars in 813 bytes} [Wed Jul 15 21:13:06 2026] GET /resource_providers/6f516c68-6487-451b-bc91-38979a0b2a39/aggregates => generated 235 bytes in 13 msecs (HTTP/1.1 404) 5 headers in 202 bytes (1 switches on core 0)
2026-07-15 21:13:06.833 7 INFO placement.requestlog [None req-43a5b575-1f25-4de1-b00e-9f20d2e26532 8b04b892743a460b840a304fafe8e111 85bc241402bf4416b049d1412047d932 - - d45ce069ef704536a0a3262cf6d2531c d45ce069ef704536a0a3262cf6d2531c] 10.0.0.72 "DELETE /resource_providers/6f516c68-6487-451b-bc91-38979a0b2a39" status: 404 len: 246 microversion: 1.1 [pid: 7|app: 0|req: 459/921] 10.0.0.72 () {34 vars in 813 bytes} [Wed Jul 15 21:13:06 2026] DELETE /resource_providers/6f516c68-6487-451b-bc91-38979a0b2a39 => generated 246 bytes in 17 msecs (HTTP/1.1 404) 6 headers in 231 bytes (1 switches on core 0)
2026-07-15 21:13:06.835 8 INFO placement.requestlog [None req-8ea41b00-8448-4460-9afc-730d80587c82 8b04b892743a460b840a304fafe8e111 85bc241402bf4416b049d1412047d932 - - d45ce069ef704536a0a3262cf6d2531c d45ce069ef704536a0a3262cf6d2531c] 10.0.0.72 "DELETE /resource_providers/6f516c68-6487-451b-bc91-38979a0b2a39" status: 404 len: 246 microversion: 1.1 [pid: 8|app: 0|req: 463/922] 10.0.0.72 () {34 vars in 813 bytes} [Wed Jul 15 21:13:06 2026] DELETE /resource_providers/6f516c68-6487-451b-bc91-38979a0b2a39 => generated 246 bytes in 18 msecs (HTTP/1.1 404) 6 headers in 231 bytes (1 switches on core 0)
2026-07-15 21:13:07.843 7 INFO placement.requestlog [None req-ebf738f9-e2c7-4594-ac79-fd34b5d42858 8b04b892743a460b840a304fafe8e111 85bc241402bf4416b049d1412047d932 - - d45ce069ef704536a0a3262cf6d2531c d45ce069ef704536a0a3262cf6d2531c] 10.0.0.72 "GET /resource_providers/f1f6e87c-f794-464f-b8c8-8c2db38e7452/aggregates" status: 404 len: 235 microversion: 1.1 [pid: 7|app: 0|req: 460/923] 10.0.0.72 () {32 vars in 813 bytes} [Wed Jul 15 21:13:07 2026] GET /resource_providers/f1f6e87c-f794-464f-b8c8-8c2db38e7452/aggregates => generated 235 bytes in 11 msecs (HTTP/1.1 404) 5 headers in 202 bytes (1 switches on core 0)
2026-07-15 21:13:07.864 8 INFO placement.requestlog [None req-27a610b5-5a11-46a8-91be-0875b9d708d2 8b04b892743a460b840a304fafe8e111 85bc241402bf4416b049d1412047d932 - - d45ce069ef704536a0a3262cf6d2531c d45ce069ef704536a0a3262cf6d2531c] 10.0.0.72 "GET /resource_providers/f1f6e87c-f794-464f-b8c8-8c2db38e7452/aggregates" status: 404 len: 235 microversion: 1.1
2026-07-15 21:13:07.864 7 INFO placement.requestlog [None req-ffd9259b-8fc4-4a88-8e02-5888ce3b4533 8b04b892743a460b840a304fafe8e111 85bc241402bf4416b049d1412047d932 - - d45ce069ef704536a0a3262cf6d2531c d45ce069ef704536a0a3262cf6d2531c] 10.0.0.72 "DELETE /resource_providers/f1f6e87c-f794-464f-b8c8-8c2db38e7452" status: 404 len: 246 microversion: 1.1 [pid: 8|app: 0|req: 464/924] 10.0.0.72 () {32 vars in 813 bytes} [Wed Jul 15 21:13:07 2026] GET /resource_providers/f1f6e87c-f794-464f-b8c8-8c2db38e7452/aggregates => generated 235 bytes in 13 msecs (HTTP/1.1 404) 5 headers in 202 bytes (1 switches on core 0) [pid: 7|app: 0|req: 461/925] 10.0.0.72 () {34 vars in 813 bytes} [Wed Jul 15 21:13:07 2026] DELETE /resource_providers/f1f6e87c-f794-464f-b8c8-8c2db38e7452 => generated 246 bytes in 13 msecs (HTTP/1.1 404) 6 headers in 231 bytes (1 switches on core 0)
2026-07-15 21:13:07.887 8 INFO placement.requestlog [None req-039dfd27-4014-4638-b049-f674d1945f77 8b04b892743a460b840a304fafe8e111 85bc241402bf4416b049d1412047d932 - - d45ce069ef704536a0a3262cf6d2531c d45ce069ef704536a0a3262cf6d2531c] 10.0.0.72 "DELETE /resource_providers/f1f6e87c-f794-464f-b8c8-8c2db38e7452" status: 404 len: 246 microversion: 1.1 [pid: 8|app: 0|req: 465/926] 10.0.0.72 () {34 vars in 813 bytes} [Wed Jul 15 21:13:07 2026] DELETE /resource_providers/f1f6e87c-f794-464f-b8c8-8c2db38e7452 => generated 246 bytes in 14 msecs (HTTP/1.1 404) 6 headers in 231 bytes (1 switches on core 0)
2026-07-15 21:13:07.889 7 INFO placement.requestlog [None req-81e1c2e3-76f0-48a0-9070-d86e8bc8b787 8b04b892743a460b840a304fafe8e111 85bc241402bf4416b049d1412047d932 - - d45ce069ef704536a0a3262cf6d2531c d45ce069ef704536a0a3262cf6d2531c] 10.0.0.72 "GET /resource_providers/40fcfc22-3b0b-4e3a-bd44-571198c1b06c/aggregates" status: 404 len: 235 microversion: 1.1 [pid: 7|app: 0|req: 462/927] 10.0.0.72 () {32 vars in 813 bytes} [Wed Jul 15 21:13:07 2026] GET /resource_providers/40fcfc22-3b0b-4e3a-bd44-571198c1b06c/aggregates => generated 235 bytes in 11 msecs (HTTP/1.1 404) 5 headers in 202 bytes (1 switches on core 0)
2026-07-15 21:13:07.908 7 INFO placement.requestlog [None req-69624edf-622d-4e4b-9809-bc23c09525d6 8b04b892743a460b840a304fafe8e111 85bc241402bf4416b049d1412047d932 - - d45ce069ef704536a0a3262cf6d2531c d45ce069ef704536a0a3262cf6d2531c] 10.0.0.72 "DELETE /resource_providers/40fcfc22-3b0b-4e3a-bd44-571198c1b06c" status: 404 len: 246 microversion: 1.1
2026-07-15 21:13:07.908 8 INFO placement.requestlog [None req-0a3050a3-ac1d-429b-a5fd-ad93303e8ca8 8b04b892743a460b840a304fafe8e111 85bc241402bf4416b049d1412047d932 - - d45ce069ef704536a0a3262cf6d2531c d45ce069ef704536a0a3262cf6d2531c] 10.0.0.72 "GET /resource_providers/40fcfc22-3b0b-4e3a-bd44-571198c1b06c/aggregates" status: 404 len: 235 microversion: 1.1 [pid: 8|app: 0|req: 466/928] 10.0.0.72 () {32 vars in 813 bytes} [Wed Jul 15 21:13:07 2026] GET /resource_providers/40fcfc22-3b0b-4e3a-bd44-571198c1b06c/aggregates => generated 235 bytes in 11 msecs (HTTP/1.1 404) 5 headers in 202 bytes (1 switches on core 0) [pid: 7|app: 0|req: 463/929] 10.0.0.72 () {34 vars in 813 bytes} [Wed Jul 15 21:13:07 2026] DELETE /resource_providers/40fcfc22-3b0b-4e3a-bd44-571198c1b06c => generated 246 bytes in 9 msecs (HTTP/1.1 404) 6 headers in 231 bytes (1 switches on core 0)
2026-07-15 21:13:07.931 7 INFO placement.requestlog [None req-8cdf95ff-5b92-4220-9e6c-1663365f32e3 8b04b892743a460b840a304fafe8e111 85bc241402bf4416b049d1412047d932 - - d45ce069ef704536a0a3262cf6d2531c d45ce069ef704536a0a3262cf6d2531c] 10.0.0.72 "DELETE /resource_providers/40fcfc22-3b0b-4e3a-bd44-571198c1b06c" status: 404 len: 246 microversion: 1.1 [pid: 7|app: 0|req: 464/930] 10.0.0.72 () {34 vars in 813 bytes} [Wed Jul 15 21:13:07 2026] DELETE /resource_providers/40fcfc22-3b0b-4e3a-bd44-571198c1b06c => generated 246 bytes in 12 msecs (HTTP/1.1 404) 6 headers in 231 bytes (1 switches on core 0)
2026-07-15 21:13:07.933 8 INFO placement.requestlog [None req-e2b1a856-bfe6-4b4a-8147-919c7a9cdfb9 8b04b892743a460b840a304fafe8e111 85bc241402bf4416b049d1412047d932 - - d45ce069ef704536a0a3262cf6d2531c d45ce069ef704536a0a3262cf6d2531c] 10.0.0.72 "GET /resource_providers/86e239de-62a3-4643-a4f0-8fd51b6e2e51/aggregates" status: 404 len: 235 microversion: 1.1 [pid: 8|app: 0|req: 467/931] 10.0.0.72 () {32 vars in 813 bytes} [Wed Jul 15 21:13:07 2026] GET /resource_providers/86e239de-62a3-4643-a4f0-8fd51b6e2e51/aggregates => generated 235 bytes in 15 msecs (HTTP/1.1 404) 5 headers in 202 bytes (1 switches on core 0)
2026-07-15 21:13:07.953 8 INFO placement.requestlog [None req-1c3d8698-d96b-4bc0-bb85-5ef3a923dc9c 8b04b892743a460b840a304fafe8e111 85bc241402bf4416b049d1412047d932 - - d45ce069ef704536a0a3262cf6d2531c d45ce069ef704536a0a3262cf6d2531c] 10.0.0.72 "DELETE /resource_providers/86e239de-62a3-4643-a4f0-8fd51b6e2e51" status: 404 len: 246 microversion: 1.1 [pid: 8|app: 0|req: 468/932] 10.0.0.72 () {34 vars in 813 bytes} [Wed Jul 15 21:13:07 2026] DELETE /resource_providers/86e239de-62a3-4643-a4f0-8fd51b6e2e51 => generated 246 bytes in 7 msecs (HTTP/1.1 404) 6 headers in 231 bytes (1 switches on core 0)
2026-07-15 21:13:07.964 7 INFO placement.requestlog [None req-184b11eb-ee73-4392-8210-9c8e1f919ba7 8b04b892743a460b840a304fafe8e111 85bc241402bf4416b049d1412047d932 - - d45ce069ef704536a0a3262cf6d2531c d45ce069ef704536a0a3262cf6d2531c] 10.0.0.72 "GET /resource_providers/86e239de-62a3-4643-a4f0-8fd51b6e2e51/aggregates" status: 404 len: 235 microversion: 1.1 [pid: 7|app: 0|req: 465/933] 10.0.0.72 () {32 vars in 813 bytes} [Wed Jul 15 21:13:07 2026] GET /resource_providers/86e239de-62a3-4643-a4f0-8fd51b6e2e51/aggregates => generated 235 bytes in 20 msecs (HTTP/1.1 404) 5 headers in 202 bytes (1 switches on core 0)
2026-07-15 21:13:07.983 8 INFO placement.requestlog [None req-4906fc05-d295-40b5-9b14-07f6735b1e9a 8b04b892743a460b840a304fafe8e111 85bc241402bf4416b049d1412047d932 - - d45ce069ef704536a0a3262cf6d2531c d45ce069ef704536a0a3262cf6d2531c] 10.0.0.72 "DELETE /resource_providers/86e239de-62a3-4643-a4f0-8fd51b6e2e51" status: 404 len: 246 microversion: 1.1 [pid: 8|app: 0|req: 469/934] 10.0.0.72 () {34 vars in 813 bytes} [Wed Jul 15 21:13:07 2026] DELETE /resource_providers/86e239de-62a3-4643-a4f0-8fd51b6e2e51 => generated 246 bytes in 11 msecs (HTTP/1.1 404) 6 headers in 231 bytes (1 switches on core 0)
2026-07-15 21:13:09.463 7 INFO placement.requestlog [None req-a8a7f840-f951-4c10-b3e7-8eddb303b041 - - - - - -] 10.0.0.248 "GET /" status: 200 len: 136 microversion: 1.0
2026-07-15 21:13:09.470 8 INFO placement.requestlog [None req-f4cb5952-62ad-4a3c-ade1-bab071ba46d3 - - - - - -] 10.0.0.248 "GET /" status: 200 len: 136 microversion: 1.0
2026-07-15 21:13:11.949 7 INFO placement.requestlog [None req-9a5a0b4a-2d53-4af7-b73c-b4fe893c1c38 8b04b892743a460b840a304fafe8e111 85bc241402bf4416b049d1412047d932 - - d45ce069ef704536a0a3262cf6d2531c d45ce069ef704536a0a3262cf6d2531c] 10.0.0.72 "GET /resource_providers/379e5cae-4dab-48ba-b923-c91735e6d898/aggregates" status: 404 len: 235 microversion: 1.1 [pid: 7|app: 0|req: 467/937] 10.0.0.72 () {32 vars in 813 bytes} [Wed Jul 15 21:13:11 2026] GET /resource_providers/379e5cae-4dab-48ba-b923-c91735e6d898/aggregates => generated 235 bytes in 11 msecs (HTTP/1.1 404) 5 headers in 202 bytes (1 switches on core 0)
2026-07-15 21:13:11.950 8 INFO placement.requestlog [None req-bcebcd4e-25f9-4004-a9a3-3c4e7d780655 8b04b892743a460b840a304fafe8e111 85bc241402bf4416b049d1412047d932 - - d45ce069ef704536a0a3262cf6d2531c d45ce069ef704536a0a3262cf6d2531c] 10.0.0.72 "GET /resource_providers/379e5cae-4dab-48ba-b923-c91735e6d898/aggregates" status: 404 len: 235 microversion: 1.1 [pid: 8|app: 0|req: 471/938] 10.0.0.72 () {32 vars in 813 bytes} [Wed Jul 15 21:13:11 2026] GET /resource_providers/379e5cae-4dab-48ba-b923-c91735e6d898/aggregates => generated 235 bytes in 11 msecs (HTTP/1.1 404) 5 headers in 202 bytes (1 switches on core 0)
2026-07-15 21:13:11.976 7 INFO placement.requestlog [None req-f29b8fdd-ac29-456f-b877-7b920179b691 8b04b892743a460b840a304fafe8e111 85bc241402bf4416b049d1412047d932 - - d45ce069ef704536a0a3262cf6d2531c d45ce069ef704536a0a3262cf6d2531c] 10.0.0.72 "DELETE /resource_providers/379e5cae-4dab-48ba-b923-c91735e6d898" status: 404 len: 246 microversion: 1.1 [pid: 7|app: 0|req: 468/939] 10.0.0.72 () {34 vars in 813 bytes} [Wed Jul 15 21:13:11 2026] DELETE /resource_providers/379e5cae-4dab-48ba-b923-c91735e6d898 => generated 246 bytes in 12 msecs (HTTP/1.1 404) 6 headers in 231 bytes (1 switches on core 0)
2026-07-15 21:13:11.981 8 INFO placement.requestlog [None req-96a1ac68-41c4-436f-94d5-920da0f5d012 8b04b892743a460b840a304fafe8e111 85bc241402bf4416b049d1412047d932 - - d45ce069ef704536a0a3262cf6d2531c d45ce069ef704536a0a3262cf6d2531c] 10.0.0.72 "DELETE /resource_providers/379e5cae-4dab-48ba-b923-c91735e6d898" status: 404 len: 246 microversion: 1.1 [pid: 8|app: 0|req: 472/940] 10.0.0.72 () {34 vars in 813 bytes} [Wed Jul 15 21:13:11 2026] DELETE /resource_providers/379e5cae-4dab-48ba-b923-c91735e6d898 => generated 246 bytes in 14 msecs (HTTP/1.1 404) 6 headers in 231 bytes (1 switches on core 0)
2026-07-15 21:13:13.130 8 INFO placement.requestlog [None req-ba360bdb-c0ee-461b-a33b-6d32c8f89e6b 8b04b892743a460b840a304fafe8e111 85bc241402bf4416b049d1412047d932 - - d45ce069ef704536a0a3262cf6d2531c d45ce069ef704536a0a3262cf6d2531c] 10.0.0.72 "GET /resource_providers/53740df3-da8c-4305-a41e-66bdf2ce60ce/aggregates" status: 404 len: 235 microversion: 1.1 [pid: 8|app: 0|req: 473/941] 10.0.0.72 () {32 vars in 813 bytes} [Wed Jul 15 21:13:13 2026] GET /resource_providers/53740df3-da8c-4305-a41e-66bdf2ce60ce/aggregates => generated 235 bytes in 10 msecs (HTTP/1.1 404) 5 headers in 202 bytes (1 switches on core 0)
2026-07-15 21:13:13.131 7 INFO placement.requestlog [None req-644eadd3-ad25-40da-bf32-37dcbea7c060 8b04b892743a460b840a304fafe8e111 85bc241402bf4416b049d1412047d932 - - d45ce069ef704536a0a3262cf6d2531c d45ce069ef704536a0a3262cf6d2531c] 10.0.0.72 "GET /resource_providers/53740df3-da8c-4305-a41e-66bdf2ce60ce/aggregates" status: 404 len: 235 microversion: 1.1 [pid: 7|app: 0|req: 469/942] 10.0.0.72 () {32 vars in 813 bytes} [Wed Jul 15 21:13:13 2026] GET /resource_providers/53740df3-da8c-4305-a41e-66bdf2ce60ce/aggregates => generated 235 bytes in 11 msecs (HTTP/1.1 404) 5 headers in 202 bytes (1 switches on core 0)
2026-07-15 21:13:13.156 8 INFO placement.requestlog [None req-94caba84-742d-49ab-9082-73ce81a6433e 8b04b892743a460b840a304fafe8e111 85bc241402bf4416b049d1412047d932 - - d45ce069ef704536a0a3262cf6d2531c d45ce069ef704536a0a3262cf6d2531c] 10.0.0.72 "DELETE /resource_providers/53740df3-da8c-4305-a41e-66bdf2ce60ce" status: 404 len: 246 microversion: 1.1 [pid: 8|app: 0|req: 474/943] 10.0.0.72 () {34 vars in 813 bytes} [Wed Jul 15 21:13:13 2026] DELETE /resource_providers/53740df3-da8c-4305-a41e-66bdf2ce60ce => generated 246 bytes in 8 msecs (HTTP/1.1 404) 6 headers in 231 bytes (1 switches on core 0)
2026-07-15 21:13:13.165 7 INFO placement.requestlog [None req-07abc057-588e-46fd-9404-1923e6e8af20 8b04b892743a460b840a304fafe8e111 85bc241402bf4416b049d1412047d932 - - d45ce069ef704536a0a3262cf6d2531c d45ce069ef704536a0a3262cf6d2531c] 10.0.0.72 "DELETE /resource_providers/53740df3-da8c-4305-a41e-66bdf2ce60ce" status: 404 len: 246 microversion: 1.1 [pid: 7|app: 0|req: 470/944] 10.0.0.72 () {34 vars in 813 bytes} [Wed Jul 15 21:13:13 2026] DELETE /resource_providers/53740df3-da8c-4305-a41e-66bdf2ce60ce => generated 246 bytes in 13 msecs (HTTP/1.1 404) 6 headers in 231 bytes (1 switches on core 0)
2026-07-15 21:13:14.002 7 INFO placement.requestlog [None req-e09821ad-0abd-4715-9ca1-44f1c8b32958 8b04b892743a460b840a304fafe8e111 85bc241402bf4416b049d1412047d932 - - d45ce069ef704536a0a3262cf6d2531c d45ce069ef704536a0a3262cf6d2531c] 10.0.0.72 "GET /resource_providers/8eee06da-70cd-420f-bfd9-ffa2cf716126/aggregates" status: 404 len: 235 microversion: 1.1 [pid: 7|app: 0|req: 471/945] 10.0.0.72 () {32 vars in 813 bytes} [Wed Jul 15 21:13:13 2026] GET /resource_providers/8eee06da-70cd-420f-bfd9-ffa2cf716126/aggregates => generated 235 bytes in 7 msecs (HTTP/1.1 404) 5 headers in 202 bytes (1 switches on core 0)
2026-07-15 21:13:14.009 8 INFO placement.requestlog [None req-44af13f7-e60b-4328-b9f1-79f15385e6c5 8b04b892743a460b840a304fafe8e111 85bc241402bf4416b049d1412047d932 - - d45ce069ef704536a0a3262cf6d2531c d45ce069ef704536a0a3262cf6d2531c] 10.0.0.72 "GET /resource_providers/8eee06da-70cd-420f-bfd9-ffa2cf716126/aggregates" status: 404 len: 235 microversion: 1.1 [pid: 8|app: 0|req: 475/946] 10.0.0.72 () {32 vars in 813 bytes} [Wed Jul 15 21:13:13 2026] GET /resource_providers/8eee06da-70cd-420f-bfd9-ffa2cf716126/aggregates => generated 235 bytes in 15 msecs (HTTP/1.1 404) 5 headers in 202 bytes (1 switches on core 0)
2026-07-15 21:13:14.016 7 INFO placement.requestlog [None req-9d93d0d9-0e93-4a0c-8087-713c319178ab 8b04b892743a460b840a304fafe8e111 85bc241402bf4416b049d1412047d932 - - d45ce069ef704536a0a3262cf6d2531c d45ce069ef704536a0a3262cf6d2531c] 10.0.0.72 "DELETE /resource_providers/8eee06da-70cd-420f-bfd9-ffa2cf716126" status: 404 len: 246 microversion: 1.1 [pid: 7|app: 0|req: 472/947] 10.0.0.72 () {34 vars in 813 bytes} [Wed Jul 15 21:13:14 2026] DELETE /resource_providers/8eee06da-70cd-420f-bfd9-ffa2cf716126 => generated 246 bytes in 7 msecs (HTTP/1.1 404) 6 headers in 231 bytes (1 switches on core 0)
2026-07-15 21:13:14.037 8 INFO placement.requestlog [None req-17b24695-cc92-46c3-9a7c-6be055733487 8b04b892743a460b840a304fafe8e111 85bc241402bf4416b049d1412047d932 - - d45ce069ef704536a0a3262cf6d2531c d45ce069ef704536a0a3262cf6d2531c] 10.0.0.72 "DELETE /resource_providers/8eee06da-70cd-420f-bfd9-ffa2cf716126" status: 404 len: 246 microversion: 1.1 [pid: 8|app: 0|req: 476/948] 10.0.0.72 () {34 vars in 813 bytes} [Wed Jul 15 21:13:14 2026] DELETE /resource_providers/8eee06da-70cd-420f-bfd9-ffa2cf716126 => generated 246 bytes in 10 msecs (HTTP/1.1 404) 6 headers in 231 bytes (1 switches on core 0)
2026-07-15 21:13:15.178 7 INFO placement.requestlog [None req-acf30158-f408-42aa-9b7b-07bc1d4501f5 8b04b892743a460b840a304fafe8e111 85bc241402bf4416b049d1412047d932 - - d45ce069ef704536a0a3262cf6d2531c d45ce069ef704536a0a3262cf6d2531c] 10.0.0.72 "GET /resource_providers/f25e2605-b2f2-4d4a-9e0b-bee468292b8e/aggregates" status: 404 len: 235 microversion: 1.1 [pid: 7|app: 0|req: 473/949] 10.0.0.72 () {32 vars in 813 bytes} [Wed Jul 15 21:13:15 2026] GET /resource_providers/f25e2605-b2f2-4d4a-9e0b-bee468292b8e/aggregates => generated 235 bytes in 12 msecs (HTTP/1.1 404) 5 headers in 202 bytes (1 switches on core 0)
2026-07-15 21:13:15.189 8 INFO placement.requestlog [None req-a4d580e7-af42-45ea-a7c2-597b5439fa5e 8b04b892743a460b840a304fafe8e111 85bc241402bf4416b049d1412047d932 - - d45ce069ef704536a0a3262cf6d2531c d45ce069ef704536a0a3262cf6d2531c] 10.0.0.72 "GET /resource_providers/f25e2605-b2f2-4d4a-9e0b-bee468292b8e/aggregates" status: 404 len: 235 microversion: 1.1 [pid: 8|app: 0|req: 477/950] 10.0.0.72 () {32 vars in 813 bytes} [Wed Jul 15 21:13:15 2026] GET /resource_providers/f25e2605-b2f2-4d4a-9e0b-bee468292b8e/aggregates => generated 235 bytes in 13 msecs (HTTP/1.1 404) 5 headers in 202 bytes (1 switches on core 0)
2026-07-15 21:13:15.194 7 INFO placement.requestlog [None req-4958e72a-ab88-46e7-b383-ab7ef73b2c70 8b04b892743a460b840a304fafe8e111 85bc241402bf4416b049d1412047d932 - - d45ce069ef704536a0a3262cf6d2531c d45ce069ef704536a0a3262cf6d2531c] 10.0.0.72 "DELETE /resource_providers/f25e2605-b2f2-4d4a-9e0b-bee468292b8e" status: 404 len: 246 microversion: 1.1 [pid: 7|app: 0|req: 474/951] 10.0.0.72 () {34 vars in 813 bytes} [Wed Jul 15 21:13:15 2026] DELETE /resource_providers/f25e2605-b2f2-4d4a-9e0b-bee468292b8e => generated 246 bytes in 8 msecs (HTTP/1.1 404) 6 headers in 231 bytes (1 switches on core 0)
2026-07-15 21:13:15.210 8 INFO placement.requestlog [None req-75a8142a-27cf-4d2f-8266-909f07b5581e 8b04b892743a460b840a304fafe8e111 85bc241402bf4416b049d1412047d932 - - d45ce069ef704536a0a3262cf6d2531c d45ce069ef704536a0a3262cf6d2531c] 10.0.0.72 "DELETE /resource_providers/f25e2605-b2f2-4d4a-9e0b-bee468292b8e" status: 404 len: 246 microversion: 1.1 [pid: 8|app: 0|req: 478/952] 10.0.0.72 () {34 vars in 813 bytes} [Wed Jul 15 21:13:15 2026] DELETE /resource_providers/f25e2605-b2f2-4d4a-9e0b-bee468292b8e => generated 246 bytes in 11 msecs (HTTP/1.1 404) 6 headers in 231 bytes (1 switches on core 0)
2026-07-15 21:13:15.414 7 INFO placement.requestlog [req-687c4e39-3012-4a98-aacc-555faa614d6c req-446663b0-1aaa-47fa-8a6f-0c57cb92bf7e 10e12bd641254b6e8904f7b042b0e6a4 85bc241402bf4416b049d1412047d932 - - d45ce069ef704536a0a3262cf6d2531c d45ce069ef704536a0a3262cf6d2531c] 199.204.45.77 "GET /resource_providers/cd87fc27-ebe3-4633-9e4f-c4a864f2271c/allocations" status: 200 len: 54 microversion: 1.0 [pid: 7|app: 0|req: 475/953] 199.204.45.77 () {32 vars in 854 bytes} [Wed Jul 15 21:13:15 2026] GET /resource_providers/cd87fc27-ebe3-4633-9e4f-c4a864f2271c/allocations => generated 54 bytes in 9 msecs (HTTP/1.1 200) 6 headers in 223 bytes (1 switches on core 0)
2026-07-15 21:13:15.437 8 INFO placement.requestlog [req-687c4e39-3012-4a98-aacc-555faa614d6c req-f8328588-f203-42f7-86eb-bd306c55aaf1 10e12bd641254b6e8904f7b042b0e6a4 85bc241402bf4416b049d1412047d932 - - d45ce069ef704536a0a3262cf6d2531c d45ce069ef704536a0a3262cf6d2531c] 199.204.45.77 "GET /resource_providers/cd87fc27-ebe3-4633-9e4f-c4a864f2271c/allocations" status: 200 len: 54 microversion: 1.0 [pid: 8|app: 0|req: 479/954] 199.204.45.77 () {32 vars in 854 bytes} [Wed Jul 15 21:13:15 2026] GET /resource_providers/cd87fc27-ebe3-4633-9e4f-c4a864f2271c/allocations => generated 54 bytes in 16 msecs (HTTP/1.1 200) 6 headers in 223 bytes (1 switches on core 0)
2026-07-15 21:13:16.042 7 INFO placement.requestlog [None req-4c1a35ba-31d2-41c5-8d61-05168d5e1b46 8b04b892743a460b840a304fafe8e111 85bc241402bf4416b049d1412047d932 - - d45ce069ef704536a0a3262cf6d2531c d45ce069ef704536a0a3262cf6d2531c] 10.0.0.72 "GET /resource_providers/cb371842-d6ec-4472-8455-0413b6e18fc6/aggregates" status: 404 len: 235 microversion: 1.1 [pid: 7|app: 0|req: 476/955] 10.0.0.72 () {32 vars in 813 bytes} [Wed Jul 15 21:13:16 2026] GET /resource_providers/cb371842-d6ec-4472-8455-0413b6e18fc6/aggregates => generated 235 bytes in 11 msecs (HTTP/1.1 404) 5 headers in 202 bytes (1 switches on core 0)
2026-07-15 21:13:16.066 7 INFO placement.requestlog [None req-c91c1188-050d-4677-b2b2-3f161b3a13d8 8b04b892743a460b840a304fafe8e111 85bc241402bf4416b049d1412047d932 - - d45ce069ef704536a0a3262cf6d2531c d45ce069ef704536a0a3262cf6d2531c] 10.0.0.72 "DELETE /resource_providers/cb371842-d6ec-4472-8455-0413b6e18fc6" status: 404 len: 246 microversion: 1.1 [pid: 7|app: 0|req: 477/956] 10.0.0.72 () {34 vars in 813 bytes} [Wed Jul 15 21:13:16 2026] DELETE /resource_providers/cb371842-d6ec-4472-8455-0413b6e18fc6 => generated 246 bytes in 12 msecs (HTTP/1.1 404) 6 headers in 231 bytes (1 switches on core 0)
2026-07-15 21:13:16.078 8 INFO placement.requestlog [None req-0c2603df-60a3-420e-a2d4-3c8513a111ed 8b04b892743a460b840a304fafe8e111 85bc241402bf4416b049d1412047d932 - - d45ce069ef704536a0a3262cf6d2531c d45ce069ef704536a0a3262cf6d2531c] 10.0.0.72 "GET /resource_providers/cb371842-d6ec-4472-8455-0413b6e18fc6/aggregates" status: 404 len: 235 microversion: 1.1 [pid: 8|app: 0|req: 480/957] 10.0.0.72 () {32 vars in 813 bytes} [Wed Jul 15 21:13:16 2026] GET /resource_providers/cb371842-d6ec-4472-8455-0413b6e18fc6/aggregates => generated 235 bytes in 29 msecs (HTTP/1.1 404) 5 headers in 202 bytes (1 switches on core 0)
2026-07-15 21:13:16.105 7 INFO placement.requestlog [None req-03b17c83-94b9-4724-8fa1-fbf7d8c9b76a 8b04b892743a460b840a304fafe8e111 85bc241402bf4416b049d1412047d932 - - d45ce069ef704536a0a3262cf6d2531c d45ce069ef704536a0a3262cf6d2531c] 10.0.0.72 "DELETE /resource_providers/cb371842-d6ec-4472-8455-0413b6e18fc6" status: 404 len: 246 microversion: 1.1 [pid: 7|app: 0|req: 478/958] 10.0.0.72 () {34 vars in 813 bytes} [Wed Jul 15 21:13:16 2026] DELETE /resource_providers/cb371842-d6ec-4472-8455-0413b6e18fc6 => generated 246 bytes in 17 msecs (HTTP/1.1 404) 6 headers in 231 bytes (1 switches on core 0)
2026-07-15 21:13:17.217 8 INFO placement.requestlog [None req-d8fe3656-0829-45c4-8396-9b2e58a0021a 8b04b892743a460b840a304fafe8e111 85bc241402bf4416b049d1412047d932 - - d45ce069ef704536a0a3262cf6d2531c d45ce069ef704536a0a3262cf6d2531c] 10.0.0.72 "GET /resource_providers/96c91323-15ca-4d12-a36e-2e832971a9dc/aggregates" status: 404 len: 235 microversion: 1.1 [pid: 8|app: 0|req: 481/959] 10.0.0.72 () {32 vars in 813 bytes} [Wed Jul 15 21:13:17 2026] GET /resource_providers/96c91323-15ca-4d12-a36e-2e832971a9dc/aggregates => generated 235 bytes in 11 msecs (HTTP/1.1 404) 5 headers in 202 bytes (1 switches on core 0)
2026-07-15 21:13:17.229 7 INFO placement.requestlog [None req-795ebbf8-ec65-467e-98b8-0dab86ada63b 8b04b892743a460b840a304fafe8e111 85bc241402bf4416b049d1412047d932 - - d45ce069ef704536a0a3262cf6d2531c d45ce069ef704536a0a3262cf6d2531c] 10.0.0.72 "GET /resource_providers/96c91323-15ca-4d12-a36e-2e832971a9dc/aggregates" status: 404 len: 235 microversion: 1.1 [pid: 7|app: 0|req: 479/960] 10.0.0.72 () {32 vars in 813 bytes} [Wed Jul 15 21:13:17 2026] GET /resource_providers/96c91323-15ca-4d12-a36e-2e832971a9dc/aggregates => generated 235 bytes in 10 msecs (HTTP/1.1 404) 5 headers in 202 bytes (1 switches on core 0)
2026-07-15 21:13:17.242 8 INFO placement.requestlog [None req-88b99799-8e6c-4dd4-a33a-fe7eb4369e6c 8b04b892743a460b840a304fafe8e111 85bc241402bf4416b049d1412047d932 - - d45ce069ef704536a0a3262cf6d2531c d45ce069ef704536a0a3262cf6d2531c] 10.0.0.72 "DELETE /resource_providers/96c91323-15ca-4d12-a36e-2e832971a9dc" status: 404 len: 246 microversion: 1.1 [pid: 8|app: 0|req: 482/961] 10.0.0.72 () {34 vars in 813 bytes} [Wed Jul 15 21:13:17 2026] DELETE /resource_providers/96c91323-15ca-4d12-a36e-2e832971a9dc => generated 246 bytes in 17 msecs (HTTP/1.1 404) 6 headers in 231 bytes (1 switches on core 0)
2026-07-15 21:13:17.244 7 INFO placement.requestlog [None req-d3d11d2e-9742-4b38-b343-7acfb06d6c1b 8b04b892743a460b840a304fafe8e111 85bc241402bf4416b049d1412047d932 - - d45ce069ef704536a0a3262cf6d2531c d45ce069ef704536a0a3262cf6d2531c] 10.0.0.72 "DELETE /resource_providers/96c91323-15ca-4d12-a36e-2e832971a9dc" status: 404 len: 246 microversion: 1.1 [pid: 7|app: 0|req: 480/962] 10.0.0.72 () {34 vars in 813 bytes} [Wed Jul 15 21:13:17 2026] DELETE /resource_providers/96c91323-15ca-4d12-a36e-2e832971a9dc => generated 246 bytes in 10 msecs (HTTP/1.1 404) 6 headers in 231 bytes (1 switches on core 0)
