2026-07-24 18:46:24.735 7 INFO neutron.services.segments.plugin [-] Client error retrieving segment 527e29e6-c091-44da-976d-a0fe44506c26 resource provider; error: Placement Client Error (4xx): {"errors": [{"status": 404, "title": "Not Found", "detail": "The resource could not be found.\n\n No resource provider with uuid 527e29e6-c091-44da-976d-a0fe44506c26 found for delete ", "request_id": "req-0ffbcc7a-c753-4ad3-b061-4983de3838d9"}]}
2026-07-24 18:46:24.744 7 INFO neutron.services.segments.plugin [-] Client error retrieving segment 527e29e6-c091-44da-976d-a0fe44506c26 resource provider; error: Placement Client Error (4xx): {"errors": [{"status": 404, "title": "Not Found", "detail": "The resource could not be found.\n\n No resource provider with uuid 527e29e6-c091-44da-976d-a0fe44506c26 found for delete ", "request_id": "req-c38180a6-a62f-4931-a69b-f04f2bd4be1d"}]} [pid: 7|app: 0|req: 1218/2477] 10.0.0.197 () {32 vars in 722 bytes} [Fri Jul 24 18:46:24 2026] DELETE /v2.0/trunks/d338333c-4c65-441d-ba65-481675f768c5 => generated 0 bytes in 148 msecs (HTTP/1.1 204) 2 headers in 112 bytes (1 switches on core 0)
2026-07-24 18:46:24.798 6 INFO neutron_taas.services.taas.taas_plugin [None req-af9d2b9d-8343-498c-96ce-2074de2d885d 7db5c5d1eb4d4a91abd90b2ba49b090b 5db306f2f03d49b3982d189cb926ec8a - - default default] TaaS: Handle Delete Port: bbe1d769-463c-4aef-abd7-d52654ff5225
2026-07-24 18:46:24.801 6 INFO neutron_taas.services.taas.tap_mirror_plugin [None req-af9d2b9d-8343-498c-96ce-2074de2d885d 7db5c5d1eb4d4a91abd90b2ba49b090b 5db306f2f03d49b3982d189cb926ec8a - - default default] Tap Mirror: Handle Delete Port: bbe1d769-463c-4aef-abd7-d52654ff5225
2026-07-24 18:46:24.877 6 INFO neutron.services.segments.plugin [-] Segment da48bf85-1b3b-4ea0-9dc7-f42a434cb376 resource provider aggregate not found
2026-07-24 18:46:24.891 6 INFO neutron.services.segments.plugin [-] Segment da48bf85-1b3b-4ea0-9dc7-f42a434cb376 resource provider aggregate not found
2026-07-24 18:46:24.910 6 INFO neutron.services.segments.plugin [-] Client error retrieving segment da48bf85-1b3b-4ea0-9dc7-f42a434cb376 resource provider; error: Placement Client Error (4xx): {"errors": [{"status": 404, "title": "Not Found", "detail": "The resource could not be found.\n\n No resource provider with uuid da48bf85-1b3b-4ea0-9dc7-f42a434cb376 found for delete ", "request_id": "req-dc309f9f-f62c-4bf6-9103-1cfc331770a3"}]}
2026-07-24 18:46:24.915 6 INFO neutron.services.segments.plugin [-] Client error retrieving segment da48bf85-1b3b-4ea0-9dc7-f42a434cb376 resource provider; error: Placement Client Error (4xx): {"errors": [{"status": 404, "title": "Not Found", "detail": "The resource could not be found.\n\n No resource provider with uuid da48bf85-1b3b-4ea0-9dc7-f42a434cb376 found for delete ", "request_id": "req-843aca94-b188-40b4-b56d-ce6bdec00292"}]}
2026-07-24 18:46:25.007 7 INFO neutron_taas.services.taas.taas_plugin [None req-268c6c90-a3e0-495a-b307-1bb102338409 4a32b0fe0e8148feb6f00543070ae9f0 c8e3a12345b34ad89f1e2f49b516d889 - - default default] TaaS: Handle Delete Port: ba1edb03-cc2b-4cb6-ae4b-d03f091326b5
2026-07-24 18:46:25.012 7 INFO neutron_taas.services.taas.tap_mirror_plugin [None req-268c6c90-a3e0-495a-b307-1bb102338409 4a32b0fe0e8148feb6f00543070ae9f0 c8e3a12345b34ad89f1e2f49b516d889 - - default default] Tap Mirror: Handle Delete Port: ba1edb03-cc2b-4cb6-ae4b-d03f091326b5 [pid: 6|app: 0|req: 1260/2478] 10.0.0.197 () {32 vars in 726 bytes} [Fri Jul 24 18:46:24 2026] DELETE /v2.0/networks/2800bf07-e95a-43fc-a29d-096040725d26 => generated 0 bytes in 503 msecs (HTTP/1.1 204) 3 headers in 131 bytes (1 switches on core 0) [pid: 7|app: 0|req: 1219/2479] 10.0.0.197 () {32 vars in 720 bytes} [Fri Jul 24 18:46:24 2026] DELETE /v2.0/ports/ba1edb03-cc2b-4cb6-ae4b-d03f091326b5 => generated 0 bytes in 435 msecs (HTTP/1.1 204) 3 headers in 131 bytes (1 switches on core 0)
2026-07-24 18:46:25.240 7 INFO neutron.pecan_wsgi.hooks.translation [None req-56c636fa-2cff-4c1d-945f-72996b47ff1b 7db5c5d1eb4d4a91abd90b2ba49b090b 5db306f2f03d49b3982d189cb926ec8a - - default default] DELETE failed (client error): The resource could not be found. [pid: 7|app: 0|req: 1220/2480] 10.0.0.197 () {32 vars in 726 bytes} [Fri Jul 24 18:46:25 2026] DELETE /v2.0/networks/54899443-0bbf-4c20-8ce9-c0ae1f06168f => generated 138 bytes in 23 msecs (HTTP/1.1 404) 4 headers in 164 bytes (1 switches on core 0)
2026-07-24 18:46:25.351 6 INFO neutron.db.ovn_revision_numbers_db [None req-f8fbe47d-9e7b-4175-a27d-129873ba4401 df240721c5c743c19423b46f30be77ee 8533b02f86174b29b5112786ce34a300 - - default default] Successfully bumped revision number for resource 435e1d80-b924-4b7f-88dc-30be8f6f4d6b (type: security_groups) to 1
2026-07-24 18:46:25.372 6 INFO neutron.db.ovn_revision_numbers_db [None req-f8fbe47d-9e7b-4175-a27d-129873ba4401 df240721c5c743c19423b46f30be77ee 8533b02f86174b29b5112786ce34a300 - - default default] Successfully bumped revision number for resource 210b0fea-738d-4327-91da-121a587a6193 (type: security_group_rules) to 0
2026-07-24 18:46:25.385 6 INFO neutron.db.ovn_revision_numbers_db [None req-f8fbe47d-9e7b-4175-a27d-129873ba4401 df240721c5c743c19423b46f30be77ee 8533b02f86174b29b5112786ce34a300 - - default default] Successfully bumped revision number for resource 21d33cef-6a8e-4475-8deb-98726fff2572 (type: security_group_rules) to 0
2026-07-24 18:46:25.398 6 INFO neutron.db.ovn_revision_numbers_db [None req-f8fbe47d-9e7b-4175-a27d-129873ba4401 df240721c5c743c19423b46f30be77ee 8533b02f86174b29b5112786ce34a300 - - default default] Successfully bumped revision number for resource 5afd30c7-5cb1-4ed8-8955-3ee580a9a8ff (type: security_group_rules) to 0
2026-07-24 18:46:25.413 6 INFO neutron.db.ovn_revision_numbers_db [None req-f8fbe47d-9e7b-4175-a27d-129873ba4401 df240721c5c743c19423b46f30be77ee 8533b02f86174b29b5112786ce34a300 - - default default] Successfully bumped revision number for resource 5b724ae4-8270-4385-a6a4-1dadc3a28db4 (type: security_group_rules) to 0
2026-07-24 18:46:25.428 7 INFO neutron_taas.services.taas.taas_plugin [None req-29e50162-89b8-44b5-9ba1-76159e50f884 4a32b0fe0e8148feb6f00543070ae9f0 c8e3a12345b34ad89f1e2f49b516d889 - - default default] TaaS: Handle Delete Port: e91c41f1-acc2-409c-8a8e-c6eecf256da5
2026-07-24 18:46:25.430 7 INFO neutron_taas.services.taas.tap_mirror_plugin [None req-29e50162-89b8-44b5-9ba1-76159e50f884 4a32b0fe0e8148feb6f00543070ae9f0 c8e3a12345b34ad89f1e2f49b516d889 - - default default] Tap Mirror: Handle Delete Port: e91c41f1-acc2-409c-8a8e-c6eecf256da5 [pid: 6|app: 0|req: 1261/2481] 10.0.0.197 () {32 vars in 774 bytes} [Fri Jul 24 18:46:25 2026] GET /v2.0/security-groups?tenant_id=21a2cad89b6c47f19fb02443503f8562&name=default => generated 2925 bytes in 375 msecs (HTTP/1.1 200) 4 headers in 158 bytes (1 switches on core 0) [pid: 7|app: 0|req: 1221/2482] 10.0.0.197 () {32 vars in 720 bytes} [Fri Jul 24 18:46:25 2026] DELETE /v2.0/ports/e91c41f1-acc2-409c-8a8e-c6eecf256da5 => generated 0 bytes in 355 msecs (HTTP/1.1 204) 3 headers in 131 bytes (1 switches on core 0)
2026-07-24 18:46:25.783 7 INFO neutron_taas.services.taas.taas_plugin [None req-43b8c78f-febd-4300-8d58-7e4550aa47f4 4a32b0fe0e8148feb6f00543070ae9f0 c8e3a12345b34ad89f1e2f49b516d889 - - default default] TaaS: Handle Delete Port: fa9e0a81-56f8-47e1-8f21-5f5f09fe848b
2026-07-24 18:46:25.790 7 INFO neutron_taas.services.taas.tap_mirror_plugin [None req-43b8c78f-febd-4300-8d58-7e4550aa47f4 4a32b0fe0e8148feb6f00543070ae9f0 c8e3a12345b34ad89f1e2f49b516d889 - - default default] Tap Mirror: Handle Delete Port: fa9e0a81-56f8-47e1-8f21-5f5f09fe848b [pid: 6|app: 0|req: 1262/2483] 10.0.0.197 () {32 vars in 740 bytes} [Fri Jul 24 18:46:25 2026] DELETE /v2.0/security-groups/435e1d80-b924-4b7f-88dc-30be8f6f4d6b => generated 0 bytes in 380 msecs (HTTP/1.1 204) 2 headers in 112 bytes (1 switches on core 0) [pid: 7|app: 0|req: 1222/2484] 10.0.0.197 () {32 vars in 720 bytes} [Fri Jul 24 18:46:25 2026] DELETE /v2.0/ports/fa9e0a81-56f8-47e1-8f21-5f5f09fe848b => generated 0 bytes in 373 msecs (HTTP/1.1 204) 3 headers in 131 bytes (1 switches on core 0)
2026-07-24 18:46:26.122 6 INFO neutron_taas.services.taas.taas_plugin [None req-c7988d24-f9d4-4b44-b003-9a28853aeefd 4a32b0fe0e8148feb6f00543070ae9f0 c8e3a12345b34ad89f1e2f49b516d889 - - default default] TaaS: Handle Delete Port: b4d5101b-86bc-4f3f-8a9b-cf56211114e2
2026-07-24 18:46:26.125 6 INFO neutron_taas.services.taas.tap_mirror_plugin [None req-c7988d24-f9d4-4b44-b003-9a28853aeefd 4a32b0fe0e8148feb6f00543070ae9f0 c8e3a12345b34ad89f1e2f49b516d889 - - default default] Tap Mirror: Handle Delete Port: b4d5101b-86bc-4f3f-8a9b-cf56211114e2 [pid: 6|app: 0|req: 1263/2485] 10.0.0.197 () {32 vars in 720 bytes} [Fri Jul 24 18:46:25 2026] DELETE /v2.0/ports/b4d5101b-86bc-4f3f-8a9b-cf56211114e2 => generated 0 bytes in 281 msecs (HTTP/1.1 204) 3 headers in 131 bytes (1 switches on core 0) [pid: 7|app: 0|req: 1223/2486] 10.0.0.197 () {32 vars in 774 bytes} [Fri Jul 24 18:46:26 2026] GET /v2.0/security-groups?tenant_id=5db306f2f03d49b3982d189cb926ec8a&name=default => generated 2925 bytes in 265 msecs (HTTP/1.1 200) 4 headers in 158 bytes (1 switches on core 0)
2026-07-24 18:46:26.431 6 INFO neutron.db.ovn_revision_numbers_db [None req-221304dc-e72f-424e-bb92-d705e72cb9b6 df240721c5c743c19423b46f30be77ee 8533b02f86174b29b5112786ce34a300 - - default default] Successfully bumped revision number for resource d6df3289-d77c-4d69-bf95-67d6a3e3a510 (type: security_groups) to 1
2026-07-24 18:46:26.436 7 INFO neutron_taas.services.taas.taas_plugin [None req-fd09fd1a-8074-4cc7-b3f6-fa9e576d26a7 4a32b0fe0e8148feb6f00543070ae9f0 c8e3a12345b34ad89f1e2f49b516d889 - - default default] TaaS: Handle Delete Port: 55d8ddc8-15f2-4d07-aa14-76cbc45e0c41
2026-07-24 18:46:26.440 7 INFO neutron_taas.services.taas.tap_mirror_plugin [None req-fd09fd1a-8074-4cc7-b3f6-fa9e576d26a7 4a32b0fe0e8148feb6f00543070ae9f0 c8e3a12345b34ad89f1e2f49b516d889 - - default default] Tap Mirror: Handle Delete Port: 55d8ddc8-15f2-4d07-aa14-76cbc45e0c41
2026-07-24 18:46:26.446 6 INFO neutron.db.ovn_revision_numbers_db [None req-221304dc-e72f-424e-bb92-d705e72cb9b6 df240721c5c743c19423b46f30be77ee 8533b02f86174b29b5112786ce34a300 - - default default] Successfully bumped revision number for resource 00ca8a07-fa52-4d5d-95fa-954be2d301f5 (type: security_group_rules) to 0
2026-07-24 18:46:26.462 6 INFO neutron.db.ovn_revision_numbers_db [None req-221304dc-e72f-424e-bb92-d705e72cb9b6 df240721c5c743c19423b46f30be77ee 8533b02f86174b29b5112786ce34a300 - - default default] Successfully bumped revision number for resource 8fe40b5f-8cc6-4ec4-886e-9bc8ddd73b3d (type: security_group_rules) to 0
2026-07-24 18:46:26.474 6 INFO neutron.db.ovn_revision_numbers_db [None req-221304dc-e72f-424e-bb92-d705e72cb9b6 df240721c5c743c19423b46f30be77ee 8533b02f86174b29b5112786ce34a300 - - default default] Successfully bumped revision number for resource a9e1fa6a-bcd5-4dd4-a5d4-32b753b4585a (type: security_group_rules) to 0
2026-07-24 18:46:26.487 6 INFO neutron.db.ovn_revision_numbers_db [None req-221304dc-e72f-424e-bb92-d705e72cb9b6 df240721c5c743c19423b46f30be77ee 8533b02f86174b29b5112786ce34a300 - - default default] Successfully bumped revision number for resource d24b1478-53ba-458d-a1a2-bbd80e18eac3 (type: security_group_rules) to 0 [pid: 6|app: 0|req: 1264/2487] 10.0.0.197 () {32 vars in 774 bytes} [Fri Jul 24 18:46:26 2026] GET /v2.0/security-groups?tenant_id=7951255fb29f4993bec8e24fdde001d0&name=default => generated 2925 bytes in 288 msecs (HTTP/1.1 200) 4 headers in 158 bytes (1 switches on core 0) [pid: 7|app: 0|req: 1224/2488] 10.0.0.197 () {32 vars in 720 bytes} [Fri Jul 24 18:46:26 2026] DELETE /v2.0/ports/55d8ddc8-15f2-4d07-aa14-76cbc45e0c41 => generated 0 bytes in 299 msecs (HTTP/1.1 204) 3 headers in 131 bytes (1 switches on core 0) [pid: 6|app: 0|req: 1265/2489] 10.0.0.197 () {32 vars in 740 bytes} [Fri Jul 24 18:46:26 2026] DELETE /v2.0/security-groups/4ee9368f-6bd6-4064-ae3c-dfbd7a544486 => generated 0 bytes in 349 msecs (HTTP/1.1 204) 2 headers in 112 bytes (1 switches on core 0)
2026-07-24 18:46:26.939 6 INFO neutron.services.segments.plugin [-] Segment 3faa3ba9-059c-4bec-9349-f6beb7f8badf resource provider aggregate not found
2026-07-24 18:46:26.943 6 INFO neutron.services.segments.plugin [-] Segment 3faa3ba9-059c-4bec-9349-f6beb7f8badf resource provider aggregate not found [pid: 7|app: 0|req: 1225/2490] 10.0.0.197 () {32 vars in 740 bytes} [Fri Jul 24 18:46:26 2026] DELETE /v2.0/security-groups/d6df3289-d77c-4d69-bf95-67d6a3e3a510 => generated 0 bytes in 412 msecs (HTTP/1.1 204) 2 headers in 112 bytes (1 switches on core 0)
2026-07-24 18:46:26.999 6 INFO neutron.services.segments.plugin [-] Client error retrieving segment 3faa3ba9-059c-4bec-9349-f6beb7f8badf resource provider; error: Placement Client Error (4xx): {"errors": [{"status": 404, "title": "Not Found", "detail": "The resource could not be found.\n\n No resource provider with uuid 3faa3ba9-059c-4bec-9349-f6beb7f8badf found for delete ", "request_id": "req-9a731c59-29b8-4a79-a91a-8f7c05e84252"}]}
2026-07-24 18:46:27.019 6 INFO neutron.services.segments.plugin [-] Client error retrieving segment 3faa3ba9-059c-4bec-9349-f6beb7f8badf resource provider; error: Placement Client Error (4xx): {"errors": [{"status": 404, "title": "Not Found", "detail": "The resource could not be found.\n\n No resource provider with uuid 3faa3ba9-059c-4bec-9349-f6beb7f8badf found for delete ", "request_id": "req-7859e940-bfd9-4f2e-a706-9cc578c793f0"}]}
2026-07-24 18:46:27.174 6 INFO neutron_taas.services.taas.taas_plugin [None req-7f75d96c-e6f4-4e00-b9a2-35712b22ec03 4a32b0fe0e8148feb6f00543070ae9f0 c8e3a12345b34ad89f1e2f49b516d889 - - default default] TaaS: Handle Delete Port: 5418283a-3a0b-4755-bbc1-22857caff20c
2026-07-24 18:46:27.178 6 INFO neutron_taas.services.taas.tap_mirror_plugin [None req-7f75d96c-e6f4-4e00-b9a2-35712b22ec03 4a32b0fe0e8148feb6f00543070ae9f0 c8e3a12345b34ad89f1e2f49b516d889 - - default default] Tap Mirror: Handle Delete Port: 5418283a-3a0b-4755-bbc1-22857caff20c
2026-07-24 18:46:27.458 7 INFO neutron.db.ovn_revision_numbers_db [None req-70942626-42d5-4c8d-b0af-fba27c832d0f df240721c5c743c19423b46f30be77ee 8533b02f86174b29b5112786ce34a300 - - default default] Successfully bumped revision number for resource 950e8e7a-4e89-4f82-8cb4-ac39eccaffce (type: security_groups) to 1
2026-07-24 18:46:27.476 7 INFO neutron.db.ovn_revision_numbers_db [None req-70942626-42d5-4c8d-b0af-fba27c832d0f df240721c5c743c19423b46f30be77ee 8533b02f86174b29b5112786ce34a300 - - default default] Successfully bumped revision number for resource 84c22975-75f7-45d0-86df-475c6ff7764a (type: security_group_rules) to 0
2026-07-24 18:46:27.505 7 INFO neutron.db.ovn_revision_numbers_db [None req-70942626-42d5-4c8d-b0af-fba27c832d0f df240721c5c743c19423b46f30be77ee 8533b02f86174b29b5112786ce34a300 - - default default] Successfully bumped revision number for resource b95b681a-cd0b-4df7-b3ab-a25ee0da3ea9 (type: security_group_rules) to 0
2026-07-24 18:46:27.519 7 INFO neutron.db.ovn_revision_numbers_db [None req-70942626-42d5-4c8d-b0af-fba27c832d0f df240721c5c743c19423b46f30be77ee 8533b02f86174b29b5112786ce34a300 - - default default] Successfully bumped revision number for resource d22648b7-d548-4fd0-8303-44d27eccbd40 (type: security_group_rules) to 0 [pid: 6|app: 0|req: 1266/2491] 10.0.0.197 () {32 vars in 726 bytes} [Fri Jul 24 18:46:26 2026] DELETE /v2.0/networks/00b46382-997a-4610-adae-c1e8adbf0a5a => generated 0 bytes in 618 msecs (HTTP/1.1 204) 3 headers in 131 bytes (1 switches on core 0)
2026-07-24 18:46:27.543 7 INFO neutron.db.ovn_revision_numbers_db [None req-70942626-42d5-4c8d-b0af-fba27c832d0f df240721c5c743c19423b46f30be77ee 8533b02f86174b29b5112786ce34a300 - - default default] Successfully bumped revision number for resource f1212fea-d5ed-4a15-be1d-3c3d74170dae (type: security_group_rules) to 0 [pid: 7|app: 0|req: 1226/2492] 10.0.0.197 () {32 vars in 774 bytes} [Fri Jul 24 18:46:27 2026] GET /v2.0/security-groups?tenant_id=c3fdc3e33a3e46a39d0a11f5b93d5947&name=default => generated 2925 bytes in 401 msecs (HTTP/1.1 200) 4 headers in 158 bytes (1 switches on core 0)
2026-07-24 18:46:27.691 6 INFO neutron_taas.services.taas.taas_plugin [None req-9a76b0e0-0450-47ca-b183-3fc5e9301a1a 4a32b0fe0e8148feb6f00543070ae9f0 c8e3a12345b34ad89f1e2f49b516d889 - - default default] TaaS: Handle Delete Port: 06a063fb-c9cd-4aa8-bf04-f25b5fb6a9d8
2026-07-24 18:46:27.695 6 INFO neutron_taas.services.taas.tap_mirror_plugin [None req-9a76b0e0-0450-47ca-b183-3fc5e9301a1a 4a32b0fe0e8148feb6f00543070ae9f0 c8e3a12345b34ad89f1e2f49b516d889 - - default default] Tap Mirror: Handle Delete Port: 06a063fb-c9cd-4aa8-bf04-f25b5fb6a9d8 [pid: 7|app: 0|req: 1227/2493] 10.0.0.197 () {32 vars in 740 bytes} [Fri Jul 24 18:46:27 2026] DELETE /v2.0/security-groups/950e8e7a-4e89-4f82-8cb4-ac39eccaffce => generated 0 bytes in 361 msecs (HTTP/1.1 204) 2 headers in 112 bytes (1 switches on core 0) [pid: 6|app: 0|req: 1267/2494] 10.0.0.197 () {32 vars in 726 bytes} [Fri Jul 24 18:46:27 2026] DELETE /v2.0/networks/1fa8ed66-d946-4cfd-93ff-e3006b5a33bd => generated 0 bytes in 515 msecs (HTTP/1.1 204) 3 headers in 131 bytes (1 switches on core 0)
2026-07-24 18:46:28.164 7 INFO neutron_taas.services.taas.taas_plugin [None req-84d5db9a-21a5-4b57-a040-129508c35aa6 4a32b0fe0e8148feb6f00543070ae9f0 c8e3a12345b34ad89f1e2f49b516d889 - - default default] TaaS: Handle Delete Port: 5e430eff-cfcc-4c85-91d3-fd4dedbda089
2026-07-24 18:46:28.167 7 INFO neutron_taas.services.taas.tap_mirror_plugin [None req-84d5db9a-21a5-4b57-a040-129508c35aa6 4a32b0fe0e8148feb6f00543070ae9f0 c8e3a12345b34ad89f1e2f49b516d889 - - default default] Tap Mirror: Handle Delete Port: 5e430eff-cfcc-4c85-91d3-fd4dedbda089
2026-07-24 18:46:28.355 7 INFO neutron.services.segments.plugin [-] Segment e0f7626f-c3fb-4610-92c5-38e066b03c6a resource provider aggregate not found
2026-07-24 18:46:28.359 7 INFO neutron.services.segments.plugin [-] Segment e0f7626f-c3fb-4610-92c5-38e066b03c6a resource provider aggregate not found
2026-07-24 18:46:28.374 7 INFO neutron.services.segments.plugin [-] Client error retrieving segment e0f7626f-c3fb-4610-92c5-38e066b03c6a resource provider; error: Placement Client Error (4xx): {"errors": [{"status": 404, "title": "Not Found", "detail": "The resource could not be found.\n\n No resource provider with uuid e0f7626f-c3fb-4610-92c5-38e066b03c6a found for delete ", "request_id": "req-4a277379-af44-4c74-8712-fa61a06066df"}]}
2026-07-24 18:46:28.386 7 INFO neutron.services.segments.plugin [-] Client error retrieving segment e0f7626f-c3fb-4610-92c5-38e066b03c6a resource provider; error: Placement Client Error (4xx): {"errors": [{"status": 404, "title": "Not Found", "detail": "The resource could not be found.\n\n No resource provider with uuid e0f7626f-c3fb-4610-92c5-38e066b03c6a found for delete ", "request_id": "req-50f70577-e666-4c50-89e9-e9be9688b1ab"}]} [pid: 7|app: 0|req: 1228/2497] 10.0.0.197 () {32 vars in 726 bytes} [Fri Jul 24 18:46:28 2026] DELETE /v2.0/networks/eccff62a-6aa5-4113-851e-237ff2359080 => generated 0 bytes in 376 msecs (HTTP/1.1 204) 3 headers in 131 bytes (1 switches on core 0)
2026-07-24 18:46:28.551 6 INFO neutron_taas.services.taas.taas_plugin [None req-5554fc71-7921-411b-a121-4508718c97e2 4a32b0fe0e8148feb6f00543070ae9f0 c8e3a12345b34ad89f1e2f49b516d889 - - default default] TaaS: Handle Delete Port: d3b587a2-2167-4a51-837c-1c8a0b2fcf3e
2026-07-24 18:46:28.556 6 INFO neutron_taas.services.taas.tap_mirror_plugin [None req-5554fc71-7921-411b-a121-4508718c97e2 4a32b0fe0e8148feb6f00543070ae9f0 c8e3a12345b34ad89f1e2f49b516d889 - - default default] Tap Mirror: Handle Delete Port: d3b587a2-2167-4a51-837c-1c8a0b2fcf3e [pid: 6|app: 0|req: 1270/2498] 10.0.0.197 () {32 vars in 726 bytes} [Fri Jul 24 18:46:28 2026] DELETE /v2.0/networks/2ff732e7-550c-438e-bb3d-fa0d4dd1deaf => generated 0 bytes in 424 msecs (HTTP/1.1 204) 3 headers in 131 bytes (1 switches on core 0)
2026-07-24 18:46:28.990 7 INFO neutron_taas.services.taas.taas_plugin [None req-88a01719-7672-4d3f-9824-0fa621332a57 4a32b0fe0e8148feb6f00543070ae9f0 c8e3a12345b34ad89f1e2f49b516d889 - - default default] TaaS: Handle Delete Port: 629f5fcc-4b6a-4a91-8b81-40e6602ba522
2026-07-24 18:46:28.994 7 INFO neutron_taas.services.taas.tap_mirror_plugin [None req-88a01719-7672-4d3f-9824-0fa621332a57 4a32b0fe0e8148feb6f00543070ae9f0 c8e3a12345b34ad89f1e2f49b516d889 - - default default] Tap Mirror: Handle Delete Port: 629f5fcc-4b6a-4a91-8b81-40e6602ba522
2026-07-24 18:46:29.019 6 INFO neutron.services.segments.plugin [-] Segment 5fa107ec-91da-4060-b204-91a0a4da4431 resource provider aggregate not found
2026-07-24 18:46:29.044 6 INFO neutron.services.segments.plugin [-] Segment 5fa107ec-91da-4060-b204-91a0a4da4431 resource provider aggregate not found
2026-07-24 18:46:29.046 6 INFO neutron.services.segments.plugin [-] Client error retrieving segment 5fa107ec-91da-4060-b204-91a0a4da4431 resource provider; error: Placement Client Error (4xx): {"errors": [{"status": 404, "title": "Not Found", "detail": "The resource could not be found.\n\n No resource provider with uuid 5fa107ec-91da-4060-b204-91a0a4da4431 found for delete ", "request_id": "req-d5ccd2b2-c990-4987-bb8d-688481774e8b"}]}
2026-07-24 18:46:29.063 6 INFO neutron.services.segments.plugin [-] Client error retrieving segment 5fa107ec-91da-4060-b204-91a0a4da4431 resource provider; error: Placement Client Error (4xx): {"errors": [{"status": 404, "title": "Not Found", "detail": "The resource could not be found.\n\n No resource provider with uuid 5fa107ec-91da-4060-b204-91a0a4da4431 found for delete ", "request_id": "req-ecef8ad0-1610-4739-8211-9c7f3afcaabe"}]}
2026-07-24 18:46:29.071 6 INFO neutron.services.segments.plugin [-] Segment 736de523-8cf6-4356-a940-aa91e8759eb0 resource provider aggregate not found
2026-07-24 18:46:29.079 6 INFO neutron.services.segments.plugin [-] Segment 736de523-8cf6-4356-a940-aa91e8759eb0 resource provider aggregate not found
2026-07-24 18:46:29.089 6 INFO neutron.services.segments.plugin [-] Client error retrieving segment 736de523-8cf6-4356-a940-aa91e8759eb0 resource provider; error: Placement Client Error (4xx): {"errors": [{"status": 404, "title": "Not Found", "detail": "The resource could not be found.\n\n No resource provider with uuid 736de523-8cf6-4356-a940-aa91e8759eb0 found for delete ", "request_id": "req-f8cb292d-c2d6-4c9a-8f71-58ec4d15eb83"}]}
2026-07-24 18:46:29.106 6 INFO neutron.services.segments.plugin [-] Client error retrieving segment 736de523-8cf6-4356-a940-aa91e8759eb0 resource provider; error: Placement Client Error (4xx): {"errors": [{"status": 404, "title": "Not Found", "detail": "The resource could not be found.\n\n No resource provider with uuid 736de523-8cf6-4356-a940-aa91e8759eb0 found for delete ", "request_id": "req-9d8d5b93-c6f5-4fe3-8d88-6433822eea4e"}]}
2026-07-24 18:46:29.126 6 INFO neutron.services.segments.plugin [-] Segment 4adb4caf-547d-4e9f-9b12-98b8b37e5bbc resource provider aggregate not found
2026-07-24 18:46:29.139 6 INFO neutron.services.segments.plugin [-] Segment 4adb4caf-547d-4e9f-9b12-98b8b37e5bbc resource provider aggregate not found
2026-07-24 18:46:29.152 6 INFO neutron.services.segments.plugin [-] Client error retrieving segment 4adb4caf-547d-4e9f-9b12-98b8b37e5bbc resource provider; error: Placement Client Error (4xx): {"errors": [{"status": 404, "title": "Not Found", "detail": "The resource could not be found.\n\n No resource provider with uuid 4adb4caf-547d-4e9f-9b12-98b8b37e5bbc found for delete ", "request_id": "req-8356051f-e499-4c55-8ba8-e6c8af291eec"}]}
2026-07-24 18:46:29.164 6 INFO neutron.services.segments.plugin [-] Client error retrieving segment 4adb4caf-547d-4e9f-9b12-98b8b37e5bbc resource provider; error: Placement Client Error (4xx): {"errors": [{"status": 404, "title": "Not Found", "detail": "The resource could not be found.\n\n No resource provider with uuid 4adb4caf-547d-4e9f-9b12-98b8b37e5bbc found for delete ", "request_id": "req-7b608d03-bd58-4d8b-bfb5-f7439c2c6edb"}]} [pid: 7|app: 0|req: 1229/2499] 10.0.0.197 () {32 vars in 726 bytes} [Fri Jul 24 18:46:28 2026] DELETE /v2.0/networks/932e0128-3b00-486f-86a9-c61e831dea66 => generated 0 bytes in 392 msecs (HTTP/1.1 204) 3 headers in 131 bytes (1 switches on core 0)
2026-07-24 18:46:29.353 6 INFO neutron.db.ovn_revision_numbers_db [None req-a361c827-5990-4374-aec3-2af12a812d6c df240721c5c743c19423b46f30be77ee 8533b02f86174b29b5112786ce34a300 - - default default] Successfully bumped revision number for resource 254e4faf-fd40-443d-a73e-5fca65d9ac9f (type: security_groups) to 1
2026-07-24 18:46:29.364 6 INFO neutron.db.ovn_revision_numbers_db [None req-a361c827-5990-4374-aec3-2af12a812d6c df240721c5c743c19423b46f30be77ee 8533b02f86174b29b5112786ce34a300 - - default default] Successfully bumped revision number for resource 829b767b-a509-4db6-81be-24dc2ff624cc (type: security_group_rules) to 0
2026-07-24 18:46:29.377 6 INFO neutron.db.ovn_revision_numbers_db [None req-a361c827-5990-4374-aec3-2af12a812d6c df240721c5c743c19423b46f30be77ee 8533b02f86174b29b5112786ce34a300 - - default default] Successfully bumped revision number for resource e21cc0cc-02bd-4366-b5f6-5883215784c5 (type: security_group_rules) to 0
2026-07-24 18:46:29.388 6 INFO neutron.db.ovn_revision_numbers_db [None req-a361c827-5990-4374-aec3-2af12a812d6c df240721c5c743c19423b46f30be77ee 8533b02f86174b29b5112786ce34a300 - - default default] Successfully bumped revision number for resource fa399bd4-a456-46b4-ab17-58179bc1a2e9 (type: security_group_rules) to 0
2026-07-24 18:46:29.400 6 INFO neutron.db.ovn_revision_numbers_db [None req-a361c827-5990-4374-aec3-2af12a812d6c df240721c5c743c19423b46f30be77ee 8533b02f86174b29b5112786ce34a300 - - default default] Successfully bumped revision number for resource fff90186-2187-4a1b-9b64-3c83fad5497c (type: security_group_rules) to 0 [pid: 6|app: 0|req: 1271/2500] 10.0.0.197 () {32 vars in 774 bytes} [Fri Jul 24 18:46:28 2026] GET /v2.0/security-groups?tenant_id=a6a2bafc9ce04b28bdf5694671f51af1&name=default => generated 2925 bytes in 496 msecs (HTTP/1.1 200) 4 headers in 158 bytes (1 switches on core 0) [pid: 7|app: 0|req: 1230/2501] 10.0.0.197 () {32 vars in 740 bytes} [Fri Jul 24 18:46:29 2026] DELETE /v2.0/security-groups/254e4faf-fd40-443d-a73e-5fca65d9ac9f => generated 0 bytes in 316 msecs (HTTP/1.1 204) 2 headers in 112 bytes (1 switches on core 0)
2026-07-24 18:46:30.114 6 INFO neutron.db.ovn_revision_numbers_db [None req-0a4e3c03-fdb9-453d-bb41-0aa7bb02ce0a df240721c5c743c19423b46f30be77ee 8533b02f86174b29b5112786ce34a300 - - default default] Successfully bumped revision number for resource 073cf66c-ceb9-4b9f-8099-21435e90a00e (type: security_groups) to 1
2026-07-24 18:46:30.128 6 INFO neutron.db.ovn_revision_numbers_db [None req-0a4e3c03-fdb9-453d-bb41-0aa7bb02ce0a df240721c5c743c19423b46f30be77ee 8533b02f86174b29b5112786ce34a300 - - default default] Successfully bumped revision number for resource 10b5a9c2-c8be-41dd-9a69-89331eebe011 (type: security_group_rules) to 0
2026-07-24 18:46:30.144 6 INFO neutron.db.ovn_revision_numbers_db [None req-0a4e3c03-fdb9-453d-bb41-0aa7bb02ce0a df240721c5c743c19423b46f30be77ee 8533b02f86174b29b5112786ce34a300 - - default default] Successfully bumped revision number for resource 2739d813-cece-4af9-a0e2-52ca95f113cc (type: security_group_rules) to 0
2026-07-24 18:46:30.158 6 INFO neutron.db.ovn_revision_numbers_db [None req-0a4e3c03-fdb9-453d-bb41-0aa7bb02ce0a df240721c5c743c19423b46f30be77ee 8533b02f86174b29b5112786ce34a300 - - default default] Successfully bumped revision number for resource 724da4cd-7d61-4179-930b-892482c8f868 (type: security_group_rules) to 0
2026-07-24 18:46:30.170 6 INFO neutron.db.ovn_revision_numbers_db [None req-0a4e3c03-fdb9-453d-bb41-0aa7bb02ce0a df240721c5c743c19423b46f30be77ee 8533b02f86174b29b5112786ce34a300 - - default default] Successfully bumped revision number for resource 8f910c68-4a5d-497d-a75b-b95b465f93d2 (type: security_group_rules) to 0 [pid: 6|app: 0|req: 1272/2502] 10.0.0.197 () {32 vars in 774 bytes} [Fri Jul 24 18:46:29 2026] GET /v2.0/security-groups?tenant_id=cfcf95c117364533ad0dc4470653876d&name=default => generated 2925 bytes in 270 msecs (HTTP/1.1 200) 4 headers in 158 bytes (1 switches on core 0)
2026-07-24 18:46:30.394 7 INFO neutron.services.segments.plugin [-] Segment 4663094e-8ac4-4172-9e1b-bd202b53c13b resource provider aggregate not found
2026-07-24 18:46:30.411 7 INFO neutron.services.segments.plugin [-] Segment 4663094e-8ac4-4172-9e1b-bd202b53c13b resource provider aggregate not found
2026-07-24 18:46:30.418 7 INFO neutron.services.segments.plugin [-] Client error retrieving segment 4663094e-8ac4-4172-9e1b-bd202b53c13b resource provider; error: Placement Client Error (4xx): {"errors": [{"status": 404, "title": "Not Found", "detail": "The resource could not be found.\n\n No resource provider with uuid 4663094e-8ac4-4172-9e1b-bd202b53c13b found for delete ", "request_id": "req-08fd2bb3-c55f-4508-97e0-d58892808a3f"}]}
2026-07-24 18:46:30.430 7 INFO neutron.db.ovn_revision_numbers_db [None req-24f86e2e-b1ee-47cf-b80f-1eebb14e078a df240721c5c743c19423b46f30be77ee 8533b02f86174b29b5112786ce34a300 - - default default] Successfully bumped revision number for resource 36e08ffa-248f-4c93-ac87-323e1460cbda (type: security_groups) to 1
2026-07-24 18:46:30.431 7 INFO neutron.services.segments.plugin [-] Client error retrieving segment 4663094e-8ac4-4172-9e1b-bd202b53c13b resource provider; error: Placement Client Error (4xx): {"errors": [{"status": 404, "title": "Not Found", "detail": "The resource could not be found.\n\n No resource provider with uuid 4663094e-8ac4-4172-9e1b-bd202b53c13b found for delete ", "request_id": "req-4b563574-4be9-4dd8-9e66-abbdbeda8dde"}]}
2026-07-24 18:46:30.443 7 INFO neutron.db.ovn_revision_numbers_db [None req-24f86e2e-b1ee-47cf-b80f-1eebb14e078a df240721c5c743c19423b46f30be77ee 8533b02f86174b29b5112786ce34a300 - - default default] Successfully bumped revision number for resource 4befffde-2895-4c6f-ac63-6954b83f0183 (type: security_group_rules) to 0
2026-07-24 18:46:30.456 7 INFO neutron.db.ovn_revision_numbers_db [None req-24f86e2e-b1ee-47cf-b80f-1eebb14e078a df240721c5c743c19423b46f30be77ee 8533b02f86174b29b5112786ce34a300 - - default default] Successfully bumped revision number for resource 91731a7c-f56f-4e40-87e1-d337eca8af7b (type: security_group_rules) to 0
2026-07-24 18:46:30.466 7 INFO neutron.db.ovn_revision_numbers_db [None req-24f86e2e-b1ee-47cf-b80f-1eebb14e078a df240721c5c743c19423b46f30be77ee 8533b02f86174b29b5112786ce34a300 - - default default] Successfully bumped revision number for resource d557d5fb-ea7d-4090-b6d5-27028fd95bc7 (type: security_group_rules) to 0
2026-07-24 18:46:30.483 7 INFO neutron.db.ovn_revision_numbers_db [None req-24f86e2e-b1ee-47cf-b80f-1eebb14e078a df240721c5c743c19423b46f30be77ee 8533b02f86174b29b5112786ce34a300 - - default default] Successfully bumped revision number for resource eafbf123-1dab-4053-9069-57bab032ab55 (type: security_group_rules) to 0 [pid: 7|app: 0|req: 1231/2503] 10.0.0.197 () {32 vars in 774 bytes} [Fri Jul 24 18:46:30 2026] GET /v2.0/security-groups?tenant_id=e1b100348cd1421e8b4012320c9b05e9&name=default => generated 2925 bytes in 446 msecs (HTTP/1.1 200) 4 headers in 158 bytes (1 switches on core 0) [pid: 6|app: 0|req: 1273/2504] 10.0.0.197 () {32 vars in 740 bytes} [Fri Jul 24 18:46:30 2026] DELETE /v2.0/security-groups/073cf66c-ceb9-4b9f-8099-21435e90a00e => generated 0 bytes in 359 msecs (HTTP/1.1 204) 2 headers in 112 bytes (1 switches on core 0) [pid: 7|app: 0|req: 1232/2505] 10.0.0.197 () {32 vars in 740 bytes} [Fri Jul 24 18:46:30 2026] DELETE /v2.0/security-groups/36e08ffa-248f-4c93-ac87-323e1460cbda => generated 0 bytes in 343 msecs (HTTP/1.1 204) 2 headers in 112 bytes (1 switches on core 0) [pid: 6|app: 0|req: 1274/2506] 10.0.0.197 () {32 vars in 774 bytes} [Fri Jul 24 18:46:31 2026] GET /v2.0/security-groups?tenant_id=c8e3a12345b34ad89f1e2f49b516d889&name=default => generated 2925 bytes in 26 msecs (HTTP/1.1 200) 4 headers in 158 bytes (1 switches on core 0) [pid: 7|app: 0|req: 1233/2507] 10.0.0.197 () {32 vars in 740 bytes} [Fri Jul 24 18:46:31 2026] DELETE /v2.0/security-groups/e9244084-083b-40e5-adaf-a7de4ccda03a => generated 0 bytes in 321 msecs (HTTP/1.1 204) 2 headers in 112 bytes (1 switches on core 0)
2026-07-24 18:46:31.701 6 INFO neutron.db.ovn_revision_numbers_db [None req-72ca9a93-0e16-419b-99ec-4ebae3870c02 df240721c5c743c19423b46f30be77ee 8533b02f86174b29b5112786ce34a300 - - default default] Successfully bumped revision number for resource 9705129a-eda0-4413-b2c7-f45434dda3cf (type: security_groups) to 1
2026-07-24 18:46:31.716 6 INFO neutron.db.ovn_revision_numbers_db [None req-72ca9a93-0e16-419b-99ec-4ebae3870c02 df240721c5c743c19423b46f30be77ee 8533b02f86174b29b5112786ce34a300 - - default default] Successfully bumped revision number for resource 06206204-2d3f-412f-9c35-c158687076e3 (type: security_group_rules) to 0
2026-07-24 18:46:31.737 6 INFO neutron.db.ovn_revision_numbers_db [None req-72ca9a93-0e16-419b-99ec-4ebae3870c02 df240721c5c743c19423b46f30be77ee 8533b02f86174b29b5112786ce34a300 - - default default] Successfully bumped revision number for resource 2ef7eef2-d5d9-40a3-9a22-ef04595d531d (type: security_group_rules) to 0
2026-07-24 18:46:31.753 6 INFO neutron.db.ovn_revision_numbers_db [None req-72ca9a93-0e16-419b-99ec-4ebae3870c02 df240721c5c743c19423b46f30be77ee 8533b02f86174b29b5112786ce34a300 - - default default] Successfully bumped revision number for resource 52f2b574-87f1-408f-813e-2fe5af3a981f (type: security_group_rules) to 0
2026-07-24 18:46:31.767 6 INFO neutron.db.ovn_revision_numbers_db [None req-72ca9a93-0e16-419b-99ec-4ebae3870c02 df240721c5c743c19423b46f30be77ee 8533b02f86174b29b5112786ce34a300 - - default default] Successfully bumped revision number for resource 657b390f-5ae1-4806-90c8-b06ca129ee8a (type: security_group_rules) to 0 [pid: 6|app: 0|req: 1275/2508] 10.0.0.197 () {32 vars in 774 bytes} [Fri Jul 24 18:46:31 2026] GET /v2.0/security-groups?tenant_id=5abae20c7f3041b3a8fb2e2a52a729cb&name=default => generated 2925 bytes in 303 msecs (HTTP/1.1 200) 4 headers in 158 bytes (1 switches on core 0) [pid: 7|app: 0|req: 1234/2509] 10.0.0.197 () {32 vars in 740 bytes} [Fri Jul 24 18:46:31 2026] DELETE /v2.0/security-groups/9705129a-eda0-4413-b2c7-f45434dda3cf => generated 0 bytes in 291 msecs (HTTP/1.1 204) 2 headers in 112 bytes (1 switches on core 0)
2026-07-24 18:46:32.227 6 INFO neutron.db.ovn_revision_numbers_db [None req-7b968f5b-f077-41b9-bcd9-52daf5a17c0d 18b547cc256f4876b0471a75e660a79c 21fe01ebfbd1497492b8ae3365dc37f2 - - default default] Successfully bumped revision number for resource 0bd51e69-9a84-4f56-ae4e-41c318f8bdb6 (type: security_groups) to 1
2026-07-24 18:46:32.240 6 INFO neutron.db.ovn_revision_numbers_db [None req-7b968f5b-f077-41b9-bcd9-52daf5a17c0d 18b547cc256f4876b0471a75e660a79c 21fe01ebfbd1497492b8ae3365dc37f2 - - default default] Successfully bumped revision number for resource 50dac9d1-16c5-41ae-bb17-bbefb1b6da4c (type: security_group_rules) to 0
2026-07-24 18:46:32.252 6 INFO neutron.db.ovn_revision_numbers_db [None req-7b968f5b-f077-41b9-bcd9-52daf5a17c0d 18b547cc256f4876b0471a75e660a79c 21fe01ebfbd1497492b8ae3365dc37f2 - - default default] Successfully bumped revision number for resource 9ab35a3e-0bbc-4633-9b01-9a5c3ecd91c5 (type: security_group_rules) to 0
2026-07-24 18:46:32.265 6 INFO neutron.db.ovn_revision_numbers_db [None req-7b968f5b-f077-41b9-bcd9-52daf5a17c0d 18b547cc256f4876b0471a75e660a79c 21fe01ebfbd1497492b8ae3365dc37f2 - - default default] Successfully bumped revision number for resource c22fe446-3ba2-4f36-93d1-71ac7e3d7b6b (type: security_group_rules) to 0
2026-07-24 18:46:32.280 6 INFO neutron.db.ovn_revision_numbers_db [None req-7b968f5b-f077-41b9-bcd9-52daf5a17c0d 18b547cc256f4876b0471a75e660a79c 21fe01ebfbd1497492b8ae3365dc37f2 - - default default] Successfully bumped revision number for resource ea6edb4f-dc37-4ffe-a751-fe2e559e4259 (type: security_group_rules) to 0
2026-07-24 18:46:32.354 6 INFO neutron.db.segments_db [None req-7b968f5b-f077-41b9-bcd9-52daf5a17c0d 18b547cc256f4876b0471a75e660a79c 21fe01ebfbd1497492b8ae3365dc37f2 - - default default] Added segment 8aa20bae-4e1c-4fad-bbbe-c6addecbaa28 of type geneve for network 174ce25e-ed6b-427e-b4f2-12401b27f943
2026-07-24 18:46:32.487 6 INFO neutron.db.ovn_revision_numbers_db [None req-7b968f5b-f077-41b9-bcd9-52daf5a17c0d 18b547cc256f4876b0471a75e660a79c 21fe01ebfbd1497492b8ae3365dc37f2 - - default default] Successfully bumped revision number for resource 174ce25e-ed6b-427e-b4f2-12401b27f943 (type: networks) to 1
2026-07-24 18:46:32.656 6 WARNING neutron.scheduler.dhcp_agent_scheduler [None req-7b968f5b-f077-41b9-bcd9-52daf5a17c0d 18b547cc256f4876b0471a75e660a79c 21fe01ebfbd1497492b8ae3365dc37f2 - - default default] No more DHCP agents
2026-07-24 18:46:32.658 6 WARNING neutron.api.rpc.agentnotifiers.dhcp_rpc_agent_api [None req-7b968f5b-f077-41b9-bcd9-52daf5a17c0d 18b547cc256f4876b0471a75e660a79c 21fe01ebfbd1497492b8ae3365dc37f2 - - default default] Unable to schedule network 174ce25e-ed6b-427e-b4f2-12401b27f943: no agents available; will retry on subsequent port and subnet creation events.
2026-07-24 18:46:32.748 6 INFO neutron.plugins.ml2.drivers.ovn.mech_driver.mech_driver [None req-1e54aaf2-547b-403b-9600-de24cb338256 - - - - - -] OVN reports status down for port: ec5e347d-9b45-48a9-b86f-40c048bacb61
2026-07-24 18:46:32.823 6 INFO neutron.db.ovn_revision_numbers_db [None req-7b968f5b-f077-41b9-bcd9-52daf5a17c0d 18b547cc256f4876b0471a75e660a79c 21fe01ebfbd1497492b8ae3365dc37f2 - - default default] Successfully bumped revision number for resource ec5e347d-9b45-48a9-b86f-40c048bacb61 (type: ports) to 1 [pid: 6|app: 0|req: 1276/2510] 10.0.0.197 () {34 vars in 670 bytes} [Fri Jul 24 18:46:31 2026] POST /v2.0/networks => generated 631 bytes in 1020 msecs (HTTP/1.1 201) 4 headers in 162 bytes (1 switches on core 0)
2026-07-24 18:46:33.096 7 WARNING neutron.scheduler.dhcp_agent_scheduler [None req-c7c1e137-4b11-4b23-8be6-4ae0aa6dacad 18b547cc256f4876b0471a75e660a79c 21fe01ebfbd1497492b8ae3365dc37f2 - - default default] No more DHCP agents
2026-07-24 18:46:33.097 7 WARNING neutron.api.rpc.agentnotifiers.dhcp_rpc_agent_api [None req-c7c1e137-4b11-4b23-8be6-4ae0aa6dacad 18b547cc256f4876b0471a75e660a79c 21fe01ebfbd1497492b8ae3365dc37f2 - - default default] Unable to schedule network 174ce25e-ed6b-427e-b4f2-12401b27f943: no agents available; will retry on subsequent port and subnet creation events.
2026-07-24 18:46:33.186 6 INFO neutron.plugins.ml2.drivers.ovn.mech_driver.mech_driver [None req-1e54aaf2-547b-403b-9600-de24cb338256 - - - - - -] OVN reports status down for port: fbb1d1c9-575f-4269-8bb0-462ba12bbe5a
2026-07-24 18:46:33.287 7 INFO neutron.db.ovn_revision_numbers_db [None req-c7c1e137-4b11-4b23-8be6-4ae0aa6dacad 18b547cc256f4876b0471a75e660a79c 21fe01ebfbd1497492b8ae3365dc37f2 - - default default] Successfully bumped revision number for resource fbb1d1c9-575f-4269-8bb0-462ba12bbe5a (type: ports) to 1 [pid: 7|app: 0|req: 1235/2511] 10.0.0.197 () {34 vars in 664 bytes} [Fri Jul 24 18:46:32 2026] POST /v2.0/ports => generated 743 bytes in 455 msecs (HTTP/1.1 201) 4 headers in 162 bytes (1 switches on core 0)
2026-07-24 18:46:33.451 6 INFO neutron.db.segments_db [None req-03007362-8991-44f6-9beb-505063b342fd 18b547cc256f4876b0471a75e660a79c 21fe01ebfbd1497492b8ae3365dc37f2 - - default default] Added segment 756ee552-d0a8-4d6f-a8a3-8421662ae651 of type geneve for network 1517f8f9-bc38-40bf-9d9f-7052a7c984ed
2026-07-24 18:46:33.591 6 INFO neutron.db.ovn_revision_numbers_db [None req-03007362-8991-44f6-9beb-505063b342fd 18b547cc256f4876b0471a75e660a79c 21fe01ebfbd1497492b8ae3365dc37f2 - - default default] Successfully bumped revision number for resource 1517f8f9-bc38-40bf-9d9f-7052a7c984ed (type: networks) to 1
2026-07-24 18:46:33.811 6 WARNING neutron.scheduler.dhcp_agent_scheduler [None req-03007362-8991-44f6-9beb-505063b342fd 18b547cc256f4876b0471a75e660a79c 21fe01ebfbd1497492b8ae3365dc37f2 - - default default] No more DHCP agents
2026-07-24 18:46:33.813 6 WARNING neutron.api.rpc.agentnotifiers.dhcp_rpc_agent_api [None req-03007362-8991-44f6-9beb-505063b342fd 18b547cc256f4876b0471a75e660a79c 21fe01ebfbd1497492b8ae3365dc37f2 - - default default] Unable to schedule network 1517f8f9-bc38-40bf-9d9f-7052a7c984ed: no agents available; will retry on subsequent port and subnet creation events.
2026-07-24 18:46:33.906 6 INFO neutron.plugins.ml2.drivers.ovn.mech_driver.mech_driver [None req-1e54aaf2-547b-403b-9600-de24cb338256 - - - - - -] OVN reports status down for port: 11b5c9b5-92b0-4486-936d-0cf2f20e079f
2026-07-24 18:46:33.980 6 INFO neutron.db.ovn_revision_numbers_db [None req-03007362-8991-44f6-9beb-505063b342fd 18b547cc256f4876b0471a75e660a79c 21fe01ebfbd1497492b8ae3365dc37f2 - - default default] Successfully bumped revision number for resource 11b5c9b5-92b0-4486-936d-0cf2f20e079f (type: ports) to 1 [pid: 6|app: 0|req: 1277/2512] 10.0.0.197 () {34 vars in 670 bytes} [Fri Jul 24 18:46:33 2026] POST /v2.0/networks => generated 631 bytes in 684 msecs (HTTP/1.1 201) 4 headers in 162 bytes (1 switches on core 0) /var/lib/openstack/lib/python3.12/site-packages/pycadf/identifier.py:70: UserWarning: Invalid uuid: neutron. To ensure interoperability, identifiers should be a valid uuid. warnings.warn(('Invalid uuid: %s. To ensure interoperability, '
2026-07-24 18:46:34.283 7 WARNING neutron.scheduler.dhcp_agent_scheduler [None req-67a885ef-d3cc-4dcf-8b6e-20012870a90e 18b547cc256f4876b0471a75e660a79c 21fe01ebfbd1497492b8ae3365dc37f2 - - default default] No more DHCP agents
2026-07-24 18:46:34.285 7 WARNING neutron.api.rpc.agentnotifiers.dhcp_rpc_agent_api [None req-67a885ef-d3cc-4dcf-8b6e-20012870a90e 18b547cc256f4876b0471a75e660a79c 21fe01ebfbd1497492b8ae3365dc37f2 - - default default] Unable to schedule network 1517f8f9-bc38-40bf-9d9f-7052a7c984ed: no agents available; will retry on subsequent port and subnet creation events.
2026-07-24 18:46:34.380 6 INFO neutron.plugins.ml2.drivers.ovn.mech_driver.mech_driver [None req-1e54aaf2-547b-403b-9600-de24cb338256 - - - - - -] OVN reports status down for port: 284640d1-8dc4-4c1e-ae81-747a6461d516
2026-07-24 18:46:34.454 7 INFO neutron.db.ovn_revision_numbers_db [None req-67a885ef-d3cc-4dcf-8b6e-20012870a90e 18b547cc256f4876b0471a75e660a79c 21fe01ebfbd1497492b8ae3365dc37f2 - - default default] Successfully bumped revision number for resource 284640d1-8dc4-4c1e-ae81-747a6461d516 (type: ports) to 1 [pid: 7|app: 0|req: 1236/2513] 10.0.0.197 () {34 vars in 664 bytes} [Fri Jul 24 18:46:34 2026] POST /v2.0/ports => generated 743 bytes in 497 msecs (HTTP/1.1 201) 4 headers in 162 bytes (1 switches on core 0)
2026-07-24 18:46:34.656 6 INFO neutron.db.segments_db [None req-e40418c9-65e9-481e-901d-0d7a03572b92 18b547cc256f4876b0471a75e660a79c 21fe01ebfbd1497492b8ae3365dc37f2 - - default default] Added segment 73b56efd-0df0-40de-8bb4-c3f4a6650870 of type geneve for network 491246e3-4cf4-41af-872a-d22b2bddbbc9
2026-07-24 18:46:35.019 6 INFO neutron.db.ovn_revision_numbers_db [None req-e40418c9-65e9-481e-901d-0d7a03572b92 18b547cc256f4876b0471a75e660a79c 21fe01ebfbd1497492b8ae3365dc37f2 - - default default] Successfully bumped revision number for resource 491246e3-4cf4-41af-872a-d22b2bddbbc9 (type: networks) to 1
2026-07-24 18:46:35.276 6 WARNING neutron.scheduler.dhcp_agent_scheduler [None req-e40418c9-65e9-481e-901d-0d7a03572b92 18b547cc256f4876b0471a75e660a79c 21fe01ebfbd1497492b8ae3365dc37f2 - - default default] No more DHCP agents
2026-07-24 18:46:35.278 6 WARNING neutron.api.rpc.agentnotifiers.dhcp_rpc_agent_api [None req-e40418c9-65e9-481e-901d-0d7a03572b92 18b547cc256f4876b0471a75e660a79c 21fe01ebfbd1497492b8ae3365dc37f2 - - default default] Unable to schedule network 491246e3-4cf4-41af-872a-d22b2bddbbc9: no agents available; will retry on subsequent port and subnet creation events.
2026-07-24 18:46:35.376 6 INFO neutron.plugins.ml2.drivers.ovn.mech_driver.mech_driver [None req-1e54aaf2-547b-403b-9600-de24cb338256 - - - - - -] OVN reports status down for port: 36c63b0e-8826-477a-b3da-c2e99e8c586a
2026-07-24 18:46:35.456 6 INFO neutron.db.ovn_revision_numbers_db [None req-e40418c9-65e9-481e-901d-0d7a03572b92 18b547cc256f4876b0471a75e660a79c 21fe01ebfbd1497492b8ae3365dc37f2 - - default default] Successfully bumped revision number for resource 36c63b0e-8826-477a-b3da-c2e99e8c586a (type: ports) to 1 [pid: 6|app: 0|req: 1278/2514] 10.0.0.197 () {34 vars in 670 bytes} [Fri Jul 24 18:46:34 2026] POST /v2.0/networks => generated 632 bytes in 959 msecs (HTTP/1.1 201) 4 headers in 162 bytes (1 switches on core 0) /var/lib/openstack/lib/python3.12/site-packages/pycadf/identifier.py:70: UserWarning: Invalid uuid: neutron. To ensure interoperability, identifiers should be a valid uuid. warnings.warn(('Invalid uuid: %s. To ensure interoperability, '
2026-07-24 18:46:35.805 7 WARNING neutron.scheduler.dhcp_agent_scheduler [None req-e3d05c63-ebec-4e9f-accc-1bec7ab44feb 18b547cc256f4876b0471a75e660a79c 21fe01ebfbd1497492b8ae3365dc37f2 - - default default] No more DHCP agents
2026-07-24 18:46:35.807 7 WARNING neutron.api.rpc.agentnotifiers.dhcp_rpc_agent_api [None req-e3d05c63-ebec-4e9f-accc-1bec7ab44feb 18b547cc256f4876b0471a75e660a79c 21fe01ebfbd1497492b8ae3365dc37f2 - - default default] Unable to schedule network 491246e3-4cf4-41af-872a-d22b2bddbbc9: no agents available; will retry on subsequent port and subnet creation events.
2026-07-24 18:46:35.910 6 INFO neutron.plugins.ml2.drivers.ovn.mech_driver.mech_driver [None req-1e54aaf2-547b-403b-9600-de24cb338256 - - - - - -] OVN reports status down for port: 724f0a41-ee2e-47ba-b2e5-0dbbc1ea9554
2026-07-24 18:46:35.969 7 INFO neutron.db.ovn_revision_numbers_db [None req-e3d05c63-ebec-4e9f-accc-1bec7ab44feb 18b547cc256f4876b0471a75e660a79c 21fe01ebfbd1497492b8ae3365dc37f2 - - default default] Successfully bumped revision number for resource 724f0a41-ee2e-47ba-b2e5-0dbbc1ea9554 (type: ports) to 1 [pid: 7|app: 0|req: 1237/2515] 10.0.0.197 () {34 vars in 664 bytes} [Fri Jul 24 18:46:35 2026] POST /v2.0/ports => generated 743 bytes in 516 msecs (HTTP/1.1 201) 4 headers in 162 bytes (1 switches on core 0) /var/lib/openstack/lib/python3.12/site-packages/pycadf/identifier.py:70: UserWarning: Invalid uuid: neutron. To ensure interoperability, identifiers should be a valid uuid. warnings.warn(('Invalid uuid: %s. To ensure interoperability, '
2026-07-24 18:46:36.262 6 INFO neutron.db.ovn_revision_numbers_db [None req-d41d2c69-b137-464e-9e38-fc79bf40e6e6 9f2fd26fb1ef44c599ebcff495c84500 e5e80de82ba749b89255560f6c30a71c - - default default] Successfully bumped revision number for resource 7098a1ff-e227-4047-8385-19aeac8835a4 (type: security_groups) to 1
2026-07-24 18:46:36.273 6 INFO neutron.db.ovn_revision_numbers_db [None req-d41d2c69-b137-464e-9e38-fc79bf40e6e6 9f2fd26fb1ef44c599ebcff495c84500 e5e80de82ba749b89255560f6c30a71c - - default default] Successfully bumped revision number for resource 44802315-e9fa-4c43-a808-f204154684c0 (type: security_group_rules) to 0
2026-07-24 18:46:36.293 6 INFO neutron.db.ovn_revision_numbers_db [None req-d41d2c69-b137-464e-9e38-fc79bf40e6e6 9f2fd26fb1ef44c599ebcff495c84500 e5e80de82ba749b89255560f6c30a71c - - default default] Successfully bumped revision number for resource 9e9406ba-9900-49be-bd68-1c2763732204 (type: security_group_rules) to 0
2026-07-24 18:46:36.315 6 INFO neutron.db.ovn_revision_numbers_db [None req-d41d2c69-b137-464e-9e38-fc79bf40e6e6 9f2fd26fb1ef44c599ebcff495c84500 e5e80de82ba749b89255560f6c30a71c - - default default] Successfully bumped revision number for resource a05c5225-21b9-4f58-ae09-3903546e2510 (type: security_group_rules) to 0
2026-07-24 18:46:36.328 6 INFO neutron.db.ovn_revision_numbers_db [None req-d41d2c69-b137-464e-9e38-fc79bf40e6e6 9f2fd26fb1ef44c599ebcff495c84500 e5e80de82ba749b89255560f6c30a71c - - default default] Successfully bumped revision number for resource afd86732-306e-4f07-8c26-041e74ae6bfd (type: security_group_rules) to 0
2026-07-24 18:46:36.337 7 INFO neutron.db.ovn_revision_numbers_db [None req-974d8f47-ecf8-48ed-a3d4-11df42b2c593 df240721c5c743c19423b46f30be77ee 8533b02f86174b29b5112786ce34a300 - - default default] Successfully bumped revision number for resource c96d9892-3aa2-453c-8e41-ea6500216c55 (type: security_groups) to 1
2026-07-24 18:46:36.351 7 INFO neutron.db.ovn_revision_numbers_db [None req-974d8f47-ecf8-48ed-a3d4-11df42b2c593 df240721c5c743c19423b46f30be77ee 8533b02f86174b29b5112786ce34a300 - - default default] Successfully bumped revision number for resource 099df5cc-e146-47d3-8cd6-a9459d16bcfe (type: security_group_rules) to 0
2026-07-24 18:46:36.365 7 INFO neutron.db.ovn_revision_numbers_db [None req-974d8f47-ecf8-48ed-a3d4-11df42b2c593 df240721c5c743c19423b46f30be77ee 8533b02f86174b29b5112786ce34a300 - - default default] Successfully bumped revision number for resource 1103badd-ebad-481c-a434-da141b8c762d (type: security_group_rules) to 0
2026-07-24 18:46:36.377 7 INFO neutron.db.ovn_revision_numbers_db [None req-974d8f47-ecf8-48ed-a3d4-11df42b2c593 df240721c5c743c19423b46f30be77ee 8533b02f86174b29b5112786ce34a300 - - default default] Successfully bumped revision number for resource 1b0c9860-9a99-4155-8edf-698e643da482 (type: security_group_rules) to 0
2026-07-24 18:46:36.388 7 INFO neutron.db.ovn_revision_numbers_db [None req-974d8f47-ecf8-48ed-a3d4-11df42b2c593 df240721c5c743c19423b46f30be77ee 8533b02f86174b29b5112786ce34a300 - - default default] Successfully bumped revision number for resource 2839fd3d-11a2-47bf-a710-689e295ca021 (type: security_group_rules) to 0
