2026-07-24 18:44:17.359 6 WARNING neutron.scheduler.dhcp_agent_scheduler [None req-cd1c93da-accc-476d-a699-37aab061124d df240721c5c743c19423b46f30be77ee 8533b02f86174b29b5112786ce34a300 - - default default] No more DHCP agents
2026-07-24 18:44:17.360 6 WARNING neutron.api.rpc.agentnotifiers.dhcp_rpc_agent_api [None req-cd1c93da-accc-476d-a699-37aab061124d df240721c5c743c19423b46f30be77ee 8533b02f86174b29b5112786ce34a300 - - default default] Unable to schedule network 8fdc55e2-d82b-4eb2-9ae2-530309e96397: no agents available; will retry on subsequent port and subnet creation events.
2026-07-24 18:44:17.441 6 INFO neutron.plugins.ml2.drivers.ovn.mech_driver.mech_driver [None req-2dbb59e7-e07c-4ec2-80c6-c96fc44a3190 - - - - - -] OVN reports status down for port: 76df4a97-7399-4469-bf90-c5024febf97d
2026-07-24 18:44:17.443 7 WARNING neutron.scheduler.dhcp_agent_scheduler [None req-8f9e6529-df2f-41ba-b929-fbd22f15bf12 717dd3b7396b49518ea115801f47103e 9d61fd49ee2942f48006c3a8b83387bc - - default default] No more DHCP agents
2026-07-24 18:44:17.446 7 WARNING neutron.api.rpc.agentnotifiers.dhcp_rpc_agent_api [None req-8f9e6529-df2f-41ba-b929-fbd22f15bf12 717dd3b7396b49518ea115801f47103e 9d61fd49ee2942f48006c3a8b83387bc - - default default] Unable to schedule network 7b5528d0-e59d-4dd7-abb6-21b51a4a1899: no agents available; will retry on subsequent port and subnet creation events.
2026-07-24 18:44:17.529 6 INFO neutron.db.ovn_revision_numbers_db [None req-cd1c93da-accc-476d-a699-37aab061124d df240721c5c743c19423b46f30be77ee 8533b02f86174b29b5112786ce34a300 - - default default] Successfully bumped revision number for resource 76df4a97-7399-4469-bf90-c5024febf97d (type: ports) to 1 [pid: 6|app: 0|req: 838/1651] 10.0.0.197 () {34 vars in 671 bytes} [Fri Jul 24 18:44:16 2026] POST /v2.0/networks => generated 746 bytes in 1380 msecs (HTTP/1.1 201) 4 headers in 162 bytes (1 switches on core 0) [pid: 6|app: 0|req: 839/1652] 10.0.0.120 () {34 vars in 990 bytes} [Fri Jul 24 18:44:17 2026] GET /v2.0/ports?device_id=c7ba58ef-a453-4eb5-9630-2e55acb3e81d => generated 971 bytes in 55 msecs (HTTP/1.1 200) 4 headers in 157 bytes (1 switches on core 0)
2026-07-24 18:44:17.820 6 WARNING neutron.scheduler.dhcp_agent_scheduler [None req-6bbfa4a0-9efc-4d8b-84bc-55030fdf65a1 df240721c5c743c19423b46f30be77ee 8533b02f86174b29b5112786ce34a300 - - default default] No more DHCP agents
2026-07-24 18:44:17.821 6 WARNING neutron.api.rpc.agentnotifiers.dhcp_rpc_agent_api [None req-6bbfa4a0-9efc-4d8b-84bc-55030fdf65a1 df240721c5c743c19423b46f30be77ee 8533b02f86174b29b5112786ce34a300 - - default default] Unable to schedule network 8fdc55e2-d82b-4eb2-9ae2-530309e96397: no agents available; will retry on subsequent port and subnet creation events.
2026-07-24 18:44:17.979 7 INFO neutron.db.ovn_revision_numbers_db [None req-8a5cb1ec-2137-4e1c-ab49-9603e231a265 - - - - - -] Successfully bumped revision number for resource 42d6d953-6853-4293-9c09-ded397428756 (type: ports) to 2
2026-07-24 18:44:18.020 7 INFO neutron.db.ovn_revision_numbers_db [None req-8a5cb1ec-2137-4e1c-ab49-9603e231a265 - - - - - -] Successfully bumped revision number for resource c5deab2a-04cb-4de9-9297-4ea774de930a (type: subnets) to 0 [pid: 7|app: 0|req: 814/1653] 10.0.0.197 () {34 vars in 669 bytes} [Fri Jul 24 18:44:17 2026] POST /v2.0/subnets => generated 629 bytes in 846 msecs (HTTP/1.1 201) 4 headers in 162 bytes (1 switches on core 0) [pid: 7|app: 0|req: 815/1654] 10.0.0.120 () {34 vars in 1040 bytes} [Fri Jul 24 18:44:18 2026] GET /v2.0/security-groups?id=a20fba6f-ff53-444a-ba46-758b0696b784&fields=id&fields=name => generated 88 bytes in 37 msecs (HTTP/1.1 200) 4 headers in 156 bytes (1 switches on core 0)
2026-07-24 18:44:18.167 7 INFO neutron.db.segments_db [None req-b626e9e2-cd64-4997-9f65-d81522fcb9dc 717dd3b7396b49518ea115801f47103e 9d61fd49ee2942f48006c3a8b83387bc - - default default] Added segment 1e6bfa78-7bcd-4773-89db-94fa05223ae7 of type geneve for network b0564460-9bfe-432f-9668-5a456b6a88a0
2026-07-24 18:44:18.332 7 INFO neutron.db.ovn_revision_numbers_db [None req-b626e9e2-cd64-4997-9f65-d81522fcb9dc 717dd3b7396b49518ea115801f47103e 9d61fd49ee2942f48006c3a8b83387bc - - default default] Successfully bumped revision number for resource b0564460-9bfe-432f-9668-5a456b6a88a0 (type: networks) to 1
2026-07-24 18:44:18.381 6 INFO neutron.db.ovn_revision_numbers_db [None req-d8c6cd94-9bf3-4b7b-ae26-8ef6d61f2f47 - - - - - -] Successfully bumped revision number for resource 76df4a97-7399-4469-bf90-c5024febf97d (type: ports) to 2
2026-07-24 18:44:18.422 6 INFO neutron.db.ovn_revision_numbers_db [None req-d8c6cd94-9bf3-4b7b-ae26-8ef6d61f2f47 - - - - - -] Successfully bumped revision number for resource 097c98bd-d421-4138-aadc-cd9bb240fd75 (type: subnets) to 0 [pid: 6|app: 0|req: 840/1655] 10.0.0.197 () {34 vars in 669 bytes} [Fri Jul 24 18:44:17 2026] POST /v2.0/subnets => generated 691 bytes in 798 msecs (HTTP/1.1 201) 4 headers in 162 bytes (1 switches on core 0)
2026-07-24 18:44:18.533 7 WARNING neutron.scheduler.dhcp_agent_scheduler [None req-b626e9e2-cd64-4997-9f65-d81522fcb9dc 717dd3b7396b49518ea115801f47103e 9d61fd49ee2942f48006c3a8b83387bc - - default default] No more DHCP agents
2026-07-24 18:44:18.535 7 WARNING neutron.api.rpc.agentnotifiers.dhcp_rpc_agent_api [None req-b626e9e2-cd64-4997-9f65-d81522fcb9dc 717dd3b7396b49518ea115801f47103e 9d61fd49ee2942f48006c3a8b83387bc - - default default] Unable to schedule network b0564460-9bfe-432f-9668-5a456b6a88a0: no agents available; will retry on subsequent port and subnet creation events.
2026-07-24 18:44:18.618 6 INFO neutron.plugins.ml2.drivers.ovn.mech_driver.mech_driver [None req-2dbb59e7-e07c-4ec2-80c6-c96fc44a3190 - - - - - -] OVN reports status down for port: 5bd8ba0f-6e6d-4e63-b84d-a5fd352b9192
2026-07-24 18:44:18.647 7 INFO neutron.db.ovn_revision_numbers_db [None req-b626e9e2-cd64-4997-9f65-d81522fcb9dc 717dd3b7396b49518ea115801f47103e 9d61fd49ee2942f48006c3a8b83387bc - - default default] Successfully bumped revision number for resource 5bd8ba0f-6e6d-4e63-b84d-a5fd352b9192 (type: ports) to 1 [pid: 7|app: 0|req: 816/1656] 10.0.0.197 () {34 vars in 670 bytes} [Fri Jul 24 18:44:18 2026] POST /v2.0/networks => generated 630 bytes in 613 msecs (HTTP/1.1 201) 4 headers in 162 bytes (1 switches on core 0)
2026-07-24 18:44:18.929 7 WARNING neutron.scheduler.dhcp_agent_scheduler [None req-1ced83af-947c-4230-8378-473926fdf149 717dd3b7396b49518ea115801f47103e 9d61fd49ee2942f48006c3a8b83387bc - - default default] No more DHCP agents
2026-07-24 18:44:18.930 7 WARNING neutron.api.rpc.agentnotifiers.dhcp_rpc_agent_api [None req-1ced83af-947c-4230-8378-473926fdf149 717dd3b7396b49518ea115801f47103e 9d61fd49ee2942f48006c3a8b83387bc - - default default] Unable to schedule network b0564460-9bfe-432f-9668-5a456b6a88a0: no agents available; will retry on subsequent port and subnet creation events.
2026-07-24 18:44:19.030 6 WARNING neutron.scheduler.dhcp_agent_scheduler [None req-07943781-8d6d-487f-b873-a152e8c5762a df240721c5c743c19423b46f30be77ee 8533b02f86174b29b5112786ce34a300 - - default default] No more DHCP agents
2026-07-24 18:44:19.032 6 WARNING neutron.api.rpc.agentnotifiers.dhcp_rpc_agent_api [None req-07943781-8d6d-487f-b873-a152e8c5762a df240721c5c743c19423b46f30be77ee 8533b02f86174b29b5112786ce34a300 - - default default] Unable to schedule network fc450db9-af3b-4ad0-83a9-4d9a258e0ddf: no agents available; will retry on subsequent port and subnet creation events.
2026-07-24 18:44:19.201 6 INFO neutron.plugins.ml2.drivers.ovn.mech_driver.mech_driver [None req-2dbb59e7-e07c-4ec2-80c6-c96fc44a3190 - - - - - -] OVN reports status down for port: c6078822-e7d5-4ebb-b8ea-57b6ba4a6008
2026-07-24 18:44:19.260 6 INFO neutron.db.ovn_revision_numbers_db [None req-07943781-8d6d-487f-b873-a152e8c5762a df240721c5c743c19423b46f30be77ee 8533b02f86174b29b5112786ce34a300 - - default default] Successfully bumped revision number for resource c6078822-e7d5-4ebb-b8ea-57b6ba4a6008 (type: ports) to 1
2026-07-24 18:44:19.487 7 INFO neutron.db.ovn_revision_numbers_db [None req-307c2c55-efc3-45e2-be07-d3c71da4e9b1 - - - - - -] Successfully bumped revision number for resource 5bd8ba0f-6e6d-4e63-b84d-a5fd352b9192 (type: ports) to 2
2026-07-24 18:44:19.522 7 INFO neutron.db.ovn_revision_numbers_db [None req-307c2c55-efc3-45e2-be07-d3c71da4e9b1 - - - - - -] Successfully bumped revision number for resource d913aab4-8f11-4875-a8b9-7da24919f798 (type: subnets) to 0 [pid: 7|app: 0|req: 817/1657] 10.0.0.197 () {34 vars in 669 bytes} [Fri Jul 24 18:44:18 2026] POST /v2.0/subnets => generated 629 bytes in 845 msecs (HTTP/1.1 201) 4 headers in 162 bytes (1 switches on core 0)
2026-07-24 18:44:19.996 7 INFO neutron.db.ovn_revision_numbers_db [None req-e482f0c1-9e09-4907-9fb1-61538da18991 c4f90fdd7f8c41499b6747eefaedf0d0 b108023133b443fd979323c5ceff059c - - default default] Successfully bumped revision number for resource 591c8828-9e6a-4d23-af00-a75abe96321d (type: security_groups) to 1
2026-07-24 18:44:20.009 7 INFO neutron.db.ovn_revision_numbers_db [None req-e482f0c1-9e09-4907-9fb1-61538da18991 c4f90fdd7f8c41499b6747eefaedf0d0 b108023133b443fd979323c5ceff059c - - default default] Successfully bumped revision number for resource 2fc7c5b9-4c38-400f-a5e6-bf7b5efd328b (type: security_group_rules) to 0
2026-07-24 18:44:20.027 7 INFO neutron.db.ovn_revision_numbers_db [None req-e482f0c1-9e09-4907-9fb1-61538da18991 c4f90fdd7f8c41499b6747eefaedf0d0 b108023133b443fd979323c5ceff059c - - default default] Successfully bumped revision number for resource 3b9c2634-2513-4d1b-b905-6de3c491bc85 (type: security_group_rules) to 0
2026-07-24 18:44:20.040 7 INFO neutron.db.ovn_revision_numbers_db [None req-e482f0c1-9e09-4907-9fb1-61538da18991 c4f90fdd7f8c41499b6747eefaedf0d0 b108023133b443fd979323c5ceff059c - - default default] Successfully bumped revision number for resource bf985574-62f6-406d-b389-b4ed8935e312 (type: security_group_rules) to 0
2026-07-24 18:44:20.047 6 INFO neutron.plugins.ml2.drivers.ovn.mech_driver.ovsdb.commands [None req-a6ccb9ac-ea64-48d1-81c0-8e348d1ed4db - - - - - -] Schedule LRP lrp-c6078822-e7d5-4ebb-b8ea-57b6ba4a6008 on gateway 4758d300-6e25-406a-8ad3-3dd2045787c4 with priority 1
2026-07-24 18:44:20.060 7 INFO neutron.db.ovn_revision_numbers_db [None req-e482f0c1-9e09-4907-9fb1-61538da18991 c4f90fdd7f8c41499b6747eefaedf0d0 b108023133b443fd979323c5ceff059c - - default default] Successfully bumped revision number for resource e5e5a7cd-204f-45ee-afe9-8a82d963219f (type: security_group_rules) to 0
2026-07-24 18:44:20.151 6 INFO neutron.plugins.ml2.drivers.ovn.mech_driver.ovsdb.ovsdb_monitor [None req-2b05b3ef-c325-4ae1-a39b-4c244777ec59 - - - - - -] Router 30327f87-8de4-4ca8-b800-c6982a54ce6c is bound to host instance
2026-07-24 18:44:20.167 6 INFO neutron.plugins.ml2.drivers.ovn.mech_driver.mech_driver [None req-2dbb59e7-e07c-4ec2-80c6-c96fc44a3190 - - - - - -] OVN reports status up for port: c6078822-e7d5-4ebb-b8ea-57b6ba4a6008
2026-07-24 18:44:20.191 7 INFO neutron.db.segments_db [None req-e482f0c1-9e09-4907-9fb1-61538da18991 c4f90fdd7f8c41499b6747eefaedf0d0 b108023133b443fd979323c5ceff059c - - default default] Added segment e011e04d-dc14-447c-b7c0-7f7495d0586e of type geneve for network 4f86dc8c-b029-4d86-b132-17da1a6d1f43
2026-07-24 18:44:20.215 6 INFO neutron.plugins.ml2.plugin [None req-2dbb59e7-e07c-4ec2-80c6-c96fc44a3190 - - - - - -] Attempt 1 to provision port c6078822-e7d5-4ebb-b8ea-57b6ba4a6008
2026-07-24 18:44:20.273 6 INFO neutron.db.ovn_revision_numbers_db [None req-07943781-8d6d-487f-b873-a152e8c5762a df240721c5c743c19423b46f30be77ee 8533b02f86174b29b5112786ce34a300 - - default default] Successfully bumped revision number for resource c6078822-e7d5-4ebb-b8ea-57b6ba4a6008 (type: router_ports) to 1
2026-07-24 18:44:20.327 7 INFO neutron.db.ovn_revision_numbers_db [None req-e482f0c1-9e09-4907-9fb1-61538da18991 c4f90fdd7f8c41499b6747eefaedf0d0 b108023133b443fd979323c5ceff059c - - default default] Successfully bumped revision number for resource 4f86dc8c-b029-4d86-b132-17da1a6d1f43 (type: networks) to 1
2026-07-24 18:44:20.494 7 WARNING neutron.scheduler.dhcp_agent_scheduler [None req-e482f0c1-9e09-4907-9fb1-61538da18991 c4f90fdd7f8c41499b6747eefaedf0d0 b108023133b443fd979323c5ceff059c - - default default] No more DHCP agents
2026-07-24 18:44:20.495 7 WARNING neutron.api.rpc.agentnotifiers.dhcp_rpc_agent_api [None req-e482f0c1-9e09-4907-9fb1-61538da18991 c4f90fdd7f8c41499b6747eefaedf0d0 b108023133b443fd979323c5ceff059c - - default default] Unable to schedule network 4f86dc8c-b029-4d86-b132-17da1a6d1f43: no agents available; will retry on subsequent port and subnet creation events.
2026-07-24 18:44:20.513 6 INFO neutron.db.ovn_revision_numbers_db [None req-07943781-8d6d-487f-b873-a152e8c5762a df240721c5c743c19423b46f30be77ee 8533b02f86174b29b5112786ce34a300 - - default default] Successfully bumped revision number for resource 30327f87-8de4-4ca8-b800-c6982a54ce6c (type: routers) to 2 [pid: 6|app: 0|req: 841/1658] 10.0.0.197 () {34 vars in 669 bytes} [Fri Jul 24 18:44:18 2026] POST /v2.0/routers => generated 969 bytes in 2157 msecs (HTTP/1.1 201) 4 headers in 162 bytes (1 switches on core 0)
2026-07-24 18:44:20.637 7 INFO neutron.db.ovn_revision_numbers_db [None req-e482f0c1-9e09-4907-9fb1-61538da18991 c4f90fdd7f8c41499b6747eefaedf0d0 b108023133b443fd979323c5ceff059c - - default default] Successfully bumped revision number for resource 0948d72c-dc70-46cb-bac5-f9528ec5948a (type: ports) to 1 [pid: 7|app: 0|req: 818/1659] 10.0.0.197 () {34 vars in 671 bytes} [Fri Jul 24 18:44:19 2026] POST /v2.0/networks => generated 632 bytes in 1116 msecs (HTTP/1.1 201) 4 headers in 162 bytes (1 switches on core 0) [pid: 6|app: 0|req: 842/1660] 10.0.0.120 () {34 vars in 990 bytes} [Fri Jul 24 18:44:20 2026] GET /v2.0/ports?device_id=c7ba58ef-a453-4eb5-9630-2e55acb3e81d => generated 971 bytes in 133 msecs (HTTP/1.1 200) 4 headers in 157 bytes (1 switches on core 0)
2026-07-24 18:44:20.760 7 INFO neutron.db.segments_db [None req-f8f9f435-e7ec-47e5-b593-7f2738ac1425 717dd3b7396b49518ea115801f47103e 9d61fd49ee2942f48006c3a8b83387bc - - default default] Added segment efdb0748-585d-462b-b1cc-3bc82a2a236a of type geneve for network 5037a3ba-d57c-4e7d-b5e5-fcad4965b330
2026-07-24 18:44:20.887 7 INFO neutron.db.ovn_revision_numbers_db [None req-f8f9f435-e7ec-47e5-b593-7f2738ac1425 717dd3b7396b49518ea115801f47103e 9d61fd49ee2942f48006c3a8b83387bc - - default default] Successfully bumped revision number for resource 5037a3ba-d57c-4e7d-b5e5-fcad4965b330 (type: networks) to 1
2026-07-24 18:44:21.066 7 WARNING neutron.scheduler.dhcp_agent_scheduler [None req-f8f9f435-e7ec-47e5-b593-7f2738ac1425 717dd3b7396b49518ea115801f47103e 9d61fd49ee2942f48006c3a8b83387bc - - default default] No more DHCP agents
2026-07-24 18:44:21.068 7 WARNING neutron.api.rpc.agentnotifiers.dhcp_rpc_agent_api [None req-f8f9f435-e7ec-47e5-b593-7f2738ac1425 717dd3b7396b49518ea115801f47103e 9d61fd49ee2942f48006c3a8b83387bc - - default default] Unable to schedule network 5037a3ba-d57c-4e7d-b5e5-fcad4965b330: no agents available; will retry on subsequent port and subnet creation events.
2026-07-24 18:44:21.179 7 INFO neutron.db.ovn_revision_numbers_db [None req-f8f9f435-e7ec-47e5-b593-7f2738ac1425 717dd3b7396b49518ea115801f47103e 9d61fd49ee2942f48006c3a8b83387bc - - default default] Successfully bumped revision number for resource 445abf9d-7280-4009-a0d0-38941ee419cc (type: ports) to 1 [pid: 7|app: 0|req: 819/1661] 10.0.0.197 () {34 vars in 670 bytes} [Fri Jul 24 18:44:20 2026] POST /v2.0/networks => generated 632 bytes in 541 msecs (HTTP/1.1 201) 4 headers in 162 bytes (1 switches on core 0)
2026-07-24 18:44:21.593 6 WARNING neutron.scheduler.dhcp_agent_scheduler [None req-4918aa6e-3762-458f-894a-76f2a99da10f df240721c5c743c19423b46f30be77ee 8533b02f86174b29b5112786ce34a300 - - default default] No more DHCP agents
2026-07-24 18:44:21.597 6 WARNING neutron.api.rpc.agentnotifiers.dhcp_rpc_agent_api [None req-4918aa6e-3762-458f-894a-76f2a99da10f df240721c5c743c19423b46f30be77ee 8533b02f86174b29b5112786ce34a300 - - default default] Unable to schedule network 8fdc55e2-d82b-4eb2-9ae2-530309e96397: no agents available; will retry on subsequent port and subnet creation events.
2026-07-24 18:44:21.635 7 WARNING neutron.scheduler.dhcp_agent_scheduler [None req-bad3da89-6ca5-436a-8239-d4cd2159a7cf c4f90fdd7f8c41499b6747eefaedf0d0 b108023133b443fd979323c5ceff059c - - default default] No more DHCP agents
2026-07-24 18:44:21.636 7 WARNING neutron.api.rpc.agentnotifiers.dhcp_rpc_agent_api [None req-bad3da89-6ca5-436a-8239-d4cd2159a7cf c4f90fdd7f8c41499b6747eefaedf0d0 b108023133b443fd979323c5ceff059c - - default default] Unable to schedule network fc450db9-af3b-4ad0-83a9-4d9a258e0ddf: no agents available; will retry on subsequent port and subnet creation events.
2026-07-24 18:44:21.858 7 INFO neutron.db.ovn_revision_numbers_db [None req-bad3da89-6ca5-436a-8239-d4cd2159a7cf c4f90fdd7f8c41499b6747eefaedf0d0 b108023133b443fd979323c5ceff059c - - default default] Successfully bumped revision number for resource d40590e5-1d7d-4ed0-955b-4ff7bd5a7e6a (type: ports) to 1
2026-07-24 18:44:22.016 6 INFO neutron.db.ovn_revision_numbers_db [None req-4918aa6e-3762-458f-894a-76f2a99da10f df240721c5c743c19423b46f30be77ee 8533b02f86174b29b5112786ce34a300 - - default default] Successfully bumped revision number for resource 63b4709c-6833-4689-b071-c85f9fbf3321 (type: ports) to 1
2026-07-24 18:44:22.160 6 INFO neutron.db.ovn_revision_numbers_db [None req-f0f01069-a49b-46b9-bb11-eaa51c94b515 - - - - - -] Successfully bumped revision number for resource c6078822-e7d5-4ebb-b8ea-57b6ba4a6008 (type: ports) to 4
2026-07-24 18:44:22.527 7 INFO neutron.plugins.ml2.drivers.ovn.mech_driver.ovsdb.commands [-] Schedule LRP lrp-d40590e5-1d7d-4ed0-955b-4ff7bd5a7e6a on gateway 4758d300-6e25-406a-8ad3-3dd2045787c4 with priority 1
2026-07-24 18:44:22.682 7 INFO neutron.db.ovn_revision_numbers_db [None req-bad3da89-6ca5-436a-8239-d4cd2159a7cf c4f90fdd7f8c41499b6747eefaedf0d0 b108023133b443fd979323c5ceff059c - - default default] Successfully bumped revision number for resource d40590e5-1d7d-4ed0-955b-4ff7bd5a7e6a (type: router_ports) to 1
2026-07-24 18:44:22.776 7 INFO neutron.db.ovn_revision_numbers_db [None req-bad3da89-6ca5-436a-8239-d4cd2159a7cf c4f90fdd7f8c41499b6747eefaedf0d0 b108023133b443fd979323c5ceff059c - - default default] Successfully bumped revision number for resource 86298df9-7b58-48a8-bf3b-e08b67b5aafb (type: routers) to 2 [pid: 7|app: 0|req: 820/1662] 10.0.0.197 () {34 vars in 669 bytes} [Fri Jul 24 18:44:21 2026] POST /v2.0/routers => generated 953 bytes in 1610 msecs (HTTP/1.1 201) 4 headers in 162 bytes (1 switches on core 0) [pid: 7|app: 0|req: 821/1663] 10.0.0.120 () {34 vars in 1040 bytes} [Fri Jul 24 18:44:22 2026] GET /v2.0/security-groups?id=a20fba6f-ff53-444a-ba46-758b0696b784&fields=id&fields=name => generated 88 bytes in 26 msecs (HTTP/1.1 200) 4 headers in 156 bytes (1 switches on core 0)
2026-07-24 18:44:23.013 7 WARNING neutron.scheduler.dhcp_agent_scheduler [None req-ffb18288-a738-473e-9c37-c0bdc611a234 717dd3b7396b49518ea115801f47103e 9d61fd49ee2942f48006c3a8b83387bc - - default default] No more DHCP agents
2026-07-24 18:44:23.015 7 WARNING neutron.api.rpc.agentnotifiers.dhcp_rpc_agent_api [None req-ffb18288-a738-473e-9c37-c0bdc611a234 717dd3b7396b49518ea115801f47103e 9d61fd49ee2942f48006c3a8b83387bc - - default default] Unable to schedule network 5037a3ba-d57c-4e7d-b5e5-fcad4965b330: no agents available; will retry on subsequent port and subnet creation events.
2026-07-24 18:44:23.184 6 INFO neutron.db.ovn_revision_numbers_db [None req-f0f01069-a49b-46b9-bb11-eaa51c94b515 - - - - - -] Successfully bumped revision number for resource c6078822-e7d5-4ebb-b8ea-57b6ba4a6008 (type: ports) to 5
2026-07-24 18:44:23.194 6 INFO neutron.plugins.ml2.drivers.ovn.mech_driver.mech_driver [None req-2dbb59e7-e07c-4ec2-80c6-c96fc44a3190 - - - - - -] OVN reports status down for port: 0948d72c-dc70-46cb-bac5-f9528ec5948a
2026-07-24 18:44:23.424 6 INFO neutron.plugins.ml2.drivers.ovn.mech_driver.mech_driver [None req-2dbb59e7-e07c-4ec2-80c6-c96fc44a3190 - - - - - -] OVN reports status down for port: e8a1c5dc-4ad6-4c93-b9a1-8ee7bebca1c5
2026-07-24 18:44:23.586 6 WARNING neutron.scheduler.dhcp_agent_scheduler [None req-4918aa6e-3762-458f-894a-76f2a99da10f df240721c5c743c19423b46f30be77ee 8533b02f86174b29b5112786ce34a300 - - default default] No more DHCP agents
2026-07-24 18:44:23.592 6 WARNING neutron.api.rpc.agentnotifiers.dhcp_rpc_agent_api [None req-4918aa6e-3762-458f-894a-76f2a99da10f df240721c5c743c19423b46f30be77ee 8533b02f86174b29b5112786ce34a300 - - default default] Unable to schedule network 8fdc55e2-d82b-4eb2-9ae2-530309e96397: no agents available; will retry on subsequent port and subnet creation events.
2026-07-24 18:44:23.634 6 INFO neutron.plugins.ml2.drivers.ovn.mech_driver.ovsdb.ovsdb_monitor [None req-f0f01069-a49b-46b9-bb11-eaa51c94b515 - - - - - -] Router 86298df9-7b58-48a8-bf3b-e08b67b5aafb is bound to host instance
2026-07-24 18:44:23.639 7 INFO neutron.db.ovn_revision_numbers_db [None req-a5eeba68-57c4-4109-bb6c-bc90689075e7 - - - - - -] Successfully bumped revision number for resource 445abf9d-7280-4009-a0d0-38941ee419cc (type: ports) to 2
2026-07-24 18:44:23.674 7 INFO neutron.db.ovn_revision_numbers_db [None req-a5eeba68-57c4-4109-bb6c-bc90689075e7 - - - - - -] Successfully bumped revision number for resource 901c0871-d6bd-4671-97e8-c5e848f19eb4 (type: subnets) to 0 [pid: 7|app: 0|req: 822/1664] 10.0.0.197 () {34 vars in 669 bytes} [Fri Jul 24 18:44:22 2026] POST /v2.0/subnets => generated 629 bytes in 861 msecs (HTTP/1.1 201) 4 headers in 162 bytes (1 switches on core 0) [pid: 7|app: 0|req: 823/1665] 199.19.213.107 () {34 vars in 994 bytes} [Fri Jul 24 18:44:23 2026] GET /v2.0/ports?device_id=c7ba58ef-a453-4eb5-9630-2e55acb3e81d => generated 971 bytes in 105 msecs (HTTP/1.1 200) 4 headers in 157 bytes (1 switches on core 0) [pid: 7|app: 0|req: 824/1666] 10.0.0.197 () {32 vars in 776 bytes} [Fri Jul 24 18:44:23 2026] GET /v2.0/subnets?project_id=b108023133b443fd979323c5ceff059c&cidr=10.100.0.0%2F28 => generated 14 bytes in 73 msecs (HTTP/1.1 200) 4 headers in 156 bytes (1 switches on core 0)
2026-07-24 18:44:23.988 7 INFO neutron.db.segments_db [None req-55848976-e864-4f3e-a0be-fa9a083ec9b9 717dd3b7396b49518ea115801f47103e 9d61fd49ee2942f48006c3a8b83387bc - - default default] Added segment c20a4e54-f559-4ea8-b7fa-4d42c869971d of type geneve for network 58e7f145-07b2-450d-bde9-12a4c4209e5f
2026-07-24 18:44:24.028 6 INFO neutron.notifiers.nova [-] Nova event matching ['req-d94b18df-6c9b-440c-a8b9-49ff4e1f7859'] response: {'server_uuid': 'c7ba58ef-a453-4eb5-9630-2e55acb3e81d', 'name': 'network-vif-unplugged', 'status': 'completed', 'tag': 'e8a1c5dc-4ad6-4c93-b9a1-8ee7bebca1c5', 'code': 200}
2026-07-24 18:44:24.125 7 INFO neutron.db.ovn_revision_numbers_db [None req-55848976-e864-4f3e-a0be-fa9a083ec9b9 717dd3b7396b49518ea115801f47103e 9d61fd49ee2942f48006c3a8b83387bc - - default default] Successfully bumped revision number for resource 58e7f145-07b2-450d-bde9-12a4c4209e5f (type: networks) to 1
2026-07-24 18:44:24.306 7 WARNING neutron.scheduler.dhcp_agent_scheduler [None req-55848976-e864-4f3e-a0be-fa9a083ec9b9 717dd3b7396b49518ea115801f47103e 9d61fd49ee2942f48006c3a8b83387bc - - default default] No more DHCP agents
2026-07-24 18:44:24.308 7 WARNING neutron.api.rpc.agentnotifiers.dhcp_rpc_agent_api [None req-55848976-e864-4f3e-a0be-fa9a083ec9b9 717dd3b7396b49518ea115801f47103e 9d61fd49ee2942f48006c3a8b83387bc - - default default] Unable to schedule network 58e7f145-07b2-450d-bde9-12a4c4209e5f: no agents available; will retry on subsequent port and subnet creation events.
2026-07-24 18:44:24.448 7 INFO neutron.db.ovn_revision_numbers_db [None req-55848976-e864-4f3e-a0be-fa9a083ec9b9 717dd3b7396b49518ea115801f47103e 9d61fd49ee2942f48006c3a8b83387bc - - default default] Successfully bumped revision number for resource 0635ba46-2415-47c7-ba8b-5bbe30e5f712 (type: ports) to 1 [pid: 7|app: 0|req: 825/1667] 10.0.0.197 () {34 vars in 670 bytes} [Fri Jul 24 18:44:23 2026] POST /v2.0/networks => generated 632 bytes in 594 msecs (HTTP/1.1 201) 4 headers in 162 bytes (1 switches on core 0)
2026-07-24 18:44:24.616 7 INFO neutron_taas.services.taas.taas_plugin [req-3f26fcce-2239-48af-aa04-df833e62aecf req-69c7a6e7-aa51-4be8-bc20-6370514f4e58 6feb028b37d14f0bae7ed9b95f4815f9 c949aca316524cb4a04071a0ab5c4f26 - - default default] TaaS: Handle Delete Port: e8a1c5dc-4ad6-4c93-b9a1-8ee7bebca1c5
2026-07-24 18:44:24.620 7 INFO neutron_taas.services.taas.tap_mirror_plugin [req-3f26fcce-2239-48af-aa04-df833e62aecf req-69c7a6e7-aa51-4be8-bc20-6370514f4e58 6feb028b37d14f0bae7ed9b95f4815f9 c949aca316524cb4a04071a0ab5c4f26 - - default default] Tap Mirror: Handle Delete Port: e8a1c5dc-4ad6-4c93-b9a1-8ee7bebca1c5 [pid: 7|app: 0|req: 826/1668] 199.19.213.107 () {36 vars in 997 bytes} [Fri Jul 24 18:44:24 2026] DELETE /v2.0/ports/e8a1c5dc-4ad6-4c93-b9a1-8ee7bebca1c5 => generated 0 bytes in 353 msecs (HTTP/1.1 204) 3 headers in 131 bytes (1 switches on core 0)
2026-07-24 18:44:24.866 7 INFO neutron.notifiers.nova [-] Nova event matching ['req-5d5620f0-5a95-4c3f-9220-0d80ef660fb7'] response: {'server_uuid': 'c7ba58ef-a453-4eb5-9630-2e55acb3e81d', 'name': 'network-vif-deleted', 'tag': 'e8a1c5dc-4ad6-4c93-b9a1-8ee7bebca1c5', 'status': 'completed', 'code': 200} [pid: 7|app: 0|req: 827/1669] 10.0.0.197 () {32 vars in 694 bytes} [Fri Jul 24 18:44:24 2026] GET /v2.0/networks?router%3Aexternal=True => generated 753 bytes in 56 msecs (HTTP/1.1 200) 4 headers in 157 bytes (1 switches on core 0) [pid: 7|app: 0|req: 828/1670] 10.0.0.120 () {34 vars in 990 bytes} [Fri Jul 24 18:44:24 2026] GET /v2.0/ports?device_id=c7ba58ef-a453-4eb5-9630-2e55acb3e81d => generated 12 bytes in 16 msecs (HTTP/1.1 200) 4 headers in 156 bytes (1 switches on core 0)
2026-07-24 18:44:25.122 7 WARNING neutron.scheduler.dhcp_agent_scheduler [None req-37f97f07-3f45-46aa-b294-1cbed62cc631 717dd3b7396b49518ea115801f47103e 9d61fd49ee2942f48006c3a8b83387bc - - default default] No more DHCP agents
2026-07-24 18:44:25.123 7 WARNING neutron.api.rpc.agentnotifiers.dhcp_rpc_agent_api [None req-37f97f07-3f45-46aa-b294-1cbed62cc631 717dd3b7396b49518ea115801f47103e 9d61fd49ee2942f48006c3a8b83387bc - - default default] Unable to schedule network 58e7f145-07b2-450d-bde9-12a4c4209e5f: no agents available; will retry on subsequent port and subnet creation events.
2026-07-24 18:44:25.273 6 INFO neutron.plugins.ml2.drivers.ovn.mech_driver.mech_driver [None req-36e39fd7-6673-4aee-a0a4-fa3327354e59 - - - - - -] OVN reports status down for port: 445abf9d-7280-4009-a0d0-38941ee419cc
2026-07-24 18:44:25.458 6 INFO neutron.plugins.ml2.drivers.ovn.mech_driver.mech_driver [None req-36e39fd7-6673-4aee-a0a4-fa3327354e59 - - - - - -] OVN reports status down for port: d40590e5-1d7d-4ed0-955b-4ff7bd5a7e6a
2026-07-24 18:44:25.622 7 INFO neutron.db.ovn_revision_numbers_db [None req-93ba71dd-3d6d-42fd-bf4d-406ee6b7b6ee - - - - - -] Successfully bumped revision number for resource 0635ba46-2415-47c7-ba8b-5bbe30e5f712 (type: ports) to 2
2026-07-24 18:44:25.649 7 INFO neutron.db.ovn_revision_numbers_db [None req-93ba71dd-3d6d-42fd-bf4d-406ee6b7b6ee - - - - - -] Successfully bumped revision number for resource f9d2ac43-91a5-400a-b802-ab1300859f9c (type: subnets) to 0 [pid: 7|app: 0|req: 829/1671] 10.0.0.197 () {34 vars in 669 bytes} [Fri Jul 24 18:44:24 2026] POST /v2.0/subnets => generated 629 bytes in 765 msecs (HTTP/1.1 201) 4 headers in 162 bytes (1 switches on core 0) [pid: 7|app: 0|req: 830/1672] 10.0.0.197 () {32 vars in 784 bytes} [Fri Jul 24 18:44:25 2026] GET /v2.0/subnets?network_id=fc450db9-af3b-4ad0-83a9-4d9a258e0ddf&cidr=10.100.0.0%2F28 => generated 14 bytes in 27 msecs (HTTP/1.1 200) 4 headers in 156 bytes (1 switches on core 0)
2026-07-24 18:44:25.713 6 WARNING neutron.plugins.ml2.drivers.ovn.mech_driver.ovsdb.ovn_client [None req-36e39fd7-6673-4aee-a0a4-fa3327354e59 - - - - - -] Logical_Switch_Port d40590e5-1d7d-4ed0-955b-4ff7bd5a7e6a host information not removed, the port state is up
2026-07-24 18:44:25.713 6 INFO neutron.plugins.ml2.drivers.ovn.mech_driver.mech_driver [None req-36e39fd7-6673-4aee-a0a4-fa3327354e59 - - - - - -] OVN reports status down for port: 63b4709c-6833-4689-b071-c85f9fbf3321 [pid: 7|app: 0|req: 831/1673] 10.0.0.197 () {34 vars in 751 bytes} [Fri Jul 24 18:44:25 2026] PUT /v2.0/subnets/cfeb9cdf-a2e5-4dac-a27b-b4146e1484fb/tags => generated 17 bytes in 74 msecs (HTTP/1.1 200) 4 headers in 156 bytes (1 switches on core 0)
2026-07-24 18:44:25.940 6 INFO neutron.plugins.ml2.drivers.ovn.mech_driver.mech_driver [None req-36e39fd7-6673-4aee-a0a4-fa3327354e59 - - - - - -] OVN reports status up for port: d40590e5-1d7d-4ed0-955b-4ff7bd5a7e6a
2026-07-24 18:44:26.066 7 WARNING neutron.scheduler.dhcp_agent_scheduler [None req-fbfa2155-56c2-44fa-8772-db6aa2b2d5a0 c4f90fdd7f8c41499b6747eefaedf0d0 b108023133b443fd979323c5ceff059c - - default default] No more DHCP agents
2026-07-24 18:44:26.067 6 INFO neutron.notifiers.nova [-] Nova event matching ['req-6152272c-bc92-46c8-9832-fd2ea47aa96f'] response: {'server_uuid': 'c7ba58ef-a453-4eb5-9630-2e55acb3e81d', 'name': 'network-vif-unplugged', 'status': 'completed', 'tag': 'e8a1c5dc-4ad6-4c93-b9a1-8ee7bebca1c5', 'code': 200}
2026-07-24 18:44:26.068 7 WARNING neutron.api.rpc.agentnotifiers.dhcp_rpc_agent_api [None req-fbfa2155-56c2-44fa-8772-db6aa2b2d5a0 c4f90fdd7f8c41499b6747eefaedf0d0 b108023133b443fd979323c5ceff059c - - default default] Unable to schedule network 4f86dc8c-b029-4d86-b132-17da1a6d1f43: no agents available; will retry on subsequent port and subnet creation events.
2026-07-24 18:44:26.107 6 INFO neutron.plugins.ml2.plugin [None req-36e39fd7-6673-4aee-a0a4-fa3327354e59 - - - - - -] Attempt 1 to provision port d40590e5-1d7d-4ed0-955b-4ff7bd5a7e6a
2026-07-24 18:44:26.182 6 INFO neutron.db.ovn_revision_numbers_db [None req-4918aa6e-3762-458f-894a-76f2a99da10f df240721c5c743c19423b46f30be77ee 8533b02f86174b29b5112786ce34a300 - - default default] Successfully bumped revision number for resource 63b4709c-6833-4689-b071-c85f9fbf3321 (type: router_ports) to 1 [pid: 6|app: 0|req: 843/1674] 10.0.0.197 () {34 vars in 783 bytes} [Fri Jul 24 18:44:20 2026] PUT /v2.0/routers/30327f87-8de4-4ca8-b800-c6982a54ce6c/add_router_interface => generated 309 bytes in 5484 msecs (HTTP/1.1 200) 4 headers in 157 bytes (1 switches on core 0)
2026-07-24 18:44:26.359 6 INFO neutron.plugins.ml2.drivers.ovn.mech_driver.mech_driver [None req-36e39fd7-6673-4aee-a0a4-fa3327354e59 - - - - - -] OVN reports status up for port: 63b4709c-6833-4689-b071-c85f9fbf3321
2026-07-24 18:44:26.411 6 INFO neutron.plugins.ml2.plugin [None req-36e39fd7-6673-4aee-a0a4-fa3327354e59 - - - - - -] Attempt 1 to provision port 63b4709c-6833-4689-b071-c85f9fbf3321 [pid: 6|app: 0|req: 844/1675] 10.0.0.197 () {34 vars in 751 bytes} [Fri Jul 24 18:44:26 2026] PUT /v2.0/subnets/c5deab2a-04cb-4de9-9297-4ea774de930a/tags => generated 25 bytes in 291 msecs (HTTP/1.1 200) 4 headers in 156 bytes (1 switches on core 0) [pid: 6|app: 0|req: 845/1676] 10.0.0.120 () {34 vars in 990 bytes} [Fri Jul 24 18:44:26 2026] GET /v2.0/ports?device_id=c7ba58ef-a453-4eb5-9630-2e55acb3e81d => generated 12 bytes in 77 msecs (HTTP/1.1 200) 4 headers in 156 bytes (1 switches on core 0)
2026-07-24 18:44:26.628 7 INFO neutron.db.ovn_revision_numbers_db [None req-8f89db59-8498-4657-913b-7b68743a38df - - - - - -] Successfully bumped revision number for resource 0948d72c-dc70-46cb-bac5-f9528ec5948a (type: ports) to 2
2026-07-24 18:44:26.665 7 INFO neutron.db.ovn_revision_numbers_db [None req-8f89db59-8498-4657-913b-7b68743a38df - - - - - -] Successfully bumped revision number for resource 9bec76cb-4d13-4b5b-a7df-780d75df99cc (type: subnets) to 0 [pid: 7|app: 0|req: 832/1677] 10.0.0.197 () {34 vars in 669 bytes} [Fri Jul 24 18:44:25 2026] POST /v2.0/subnets => generated 657 bytes in 917 msecs (HTTP/1.1 201) 4 headers in 162 bytes (1 switches on core 0) [pid: 6|app: 0|req: 846/1678] 10.0.0.197 () {34 vars in 751 bytes} [Fri Jul 24 18:44:26 2026] PUT /v2.0/subnets/d913aab4-8f11-4875-a8b9-7da24919f798/tags => generated 34 bytes in 241 msecs (HTTP/1.1 200) 4 headers in 156 bytes (1 switches on core 0)
2026-07-24 18:44:27.231 6 INFO neutron.db.ovn_revision_numbers_db [None req-1650b8bd-c0ff-427e-b866-dff788ce2783 2bd9bee3269a49aba7bcb474cccb7332 9c32561b5340411fa82a225418830af2 - - default default] Successfully bumped revision number for resource 627ade48-7bc6-4c70-aee2-2fe630642745 (type: security_groups) to 1
2026-07-24 18:44:27.263 6 INFO neutron.db.ovn_revision_numbers_db [None req-1650b8bd-c0ff-427e-b866-dff788ce2783 2bd9bee3269a49aba7bcb474cccb7332 9c32561b5340411fa82a225418830af2 - - default default] Successfully bumped revision number for resource 3950f549-2e7a-431e-a152-7b75824a933f (type: security_group_rules) to 0
2026-07-24 18:44:27.266 7 WARNING neutron.scheduler.dhcp_agent_scheduler [None req-77a7ad1c-d8b2-499e-b4a0-6395c166de31 c4f90fdd7f8c41499b6747eefaedf0d0 b108023133b443fd979323c5ceff059c - - default default] No more DHCP agents
2026-07-24 18:44:27.268 7 WARNING neutron.api.rpc.agentnotifiers.dhcp_rpc_agent_api [None req-77a7ad1c-d8b2-499e-b4a0-6395c166de31 c4f90fdd7f8c41499b6747eefaedf0d0 b108023133b443fd979323c5ceff059c - - default default] Unable to schedule network 4f86dc8c-b029-4d86-b132-17da1a6d1f43: no agents available; will retry on subsequent port and subnet creation events.
2026-07-24 18:44:27.292 6 INFO neutron.db.ovn_revision_numbers_db [None req-1650b8bd-c0ff-427e-b866-dff788ce2783 2bd9bee3269a49aba7bcb474cccb7332 9c32561b5340411fa82a225418830af2 - - default default] Successfully bumped revision number for resource c995e03d-1d34-4858-bea6-5a849f2b66ee (type: security_group_rules) to 0
2026-07-24 18:44:27.355 6 INFO neutron.db.ovn_revision_numbers_db [None req-c8dab690-21db-407d-b143-d5cbadf6687e - - - - - -] Successfully bumped revision number for resource d40590e5-1d7d-4ed0-955b-4ff7bd5a7e6a (type: ports) to 4 [pid: 6|app: 0|req: 847/1679] 10.0.0.197 () {34 vars in 685 bytes} [Fri Jul 24 18:44:26 2026] POST /v2.0/security-groups => generated 1660 bytes in 579 msecs (HTTP/1.1 201) 4 headers in 163 bytes (1 switches on core 0)
2026-07-24 18:44:27.447 7 INFO neutron.db.ovn_revision_numbers_db [None req-77a7ad1c-d8b2-499e-b4a0-6395c166de31 c4f90fdd7f8c41499b6747eefaedf0d0 b108023133b443fd979323c5ceff059c - - default default] Successfully bumped revision number for resource 0020b0c7-ea0a-4ac0-b00c-51962e35cbab (type: ports) to 1 [pid: 6|app: 0|req: 848/1680] 10.0.0.197 () {34 vars in 751 bytes} [Fri Jul 24 18:44:27 2026] PUT /v2.0/subnets/901c0871-d6bd-4671-97e8-c5e848f19eb4/tags => generated 19 bytes in 167 msecs (HTTP/1.1 200) 4 headers in 156 bytes (1 switches on core 0)
2026-07-24 18:44:27.947 6 INFO neutron.db.ovn_revision_numbers_db [None req-36e39fd7-6673-4aee-a0a4-fa3327354e59 - - - - - -] Successfully bumped revision number for resource 63b4709c-6833-4689-b071-c85f9fbf3321 (type: ports) to 2
2026-07-24 18:44:28.105 6 INFO neutron.db.ovn_revision_numbers_db [None req-1d02662f-9601-43c9-8878-e6033dfd070d 2bd9bee3269a49aba7bcb474cccb7332 9c32561b5340411fa82a225418830af2 - - default default] Successfully bumped revision number for resource 72f264c8-4ace-422f-a717-f1bc8aa4a130 (type: security_group_rules) to 0
2026-07-24 18:44:28.106 6 INFO neutron.plugins.ml2.drivers.ovn.mech_driver.mech_driver [None req-f301888b-6907-46cf-98d4-164f37ed5d17 - - - - - -] OVN reports status down for port: 0635ba46-2415-47c7-ba8b-5bbe30e5f712 [pid: 6|app: 0|req: 849/1681] 10.0.0.197 () {34 vars in 695 bytes} [Fri Jul 24 18:44:27 2026] POST /v2.0/security-group-rules => generated 597 bytes in 656 msecs (HTTP/1.1 201) 4 headers in 162 bytes (1 switches on core 0)
2026-07-24 18:44:28.271 7 WARNING neutron.scheduler.dhcp_agent_scheduler [None req-77a7ad1c-d8b2-499e-b4a0-6395c166de31 c4f90fdd7f8c41499b6747eefaedf0d0 b108023133b443fd979323c5ceff059c - - default default] No more DHCP agents
2026-07-24 18:44:28.272 7 WARNING neutron.api.rpc.agentnotifiers.dhcp_rpc_agent_api [None req-77a7ad1c-d8b2-499e-b4a0-6395c166de31 c4f90fdd7f8c41499b6747eefaedf0d0 b108023133b443fd979323c5ceff059c - - default default] Unable to schedule network 4f86dc8c-b029-4d86-b132-17da1a6d1f43: no agents available; will retry on subsequent port and subnet creation events. [pid: 6|app: 0|req: 850/1682] 10.0.0.197 () {32 vars in 664 bytes} [Fri Jul 24 18:44:28 2026] GET /v2.0/subnets?tags=red => generated 1904 bytes in 135 msecs (HTTP/1.1 200) 4 headers in 158 bytes (1 switches on core 0) [pid: 6|app: 0|req: 851/1683] 10.0.0.120 () {34 vars in 990 bytes} [Fri Jul 24 18:44:28 2026] GET /v2.0/ports?device_id=c7ba58ef-a453-4eb5-9630-2e55acb3e81d => generated 12 bytes in 73 msecs (HTTP/1.1 200) 4 headers in 156 bytes (1 switches on core 0)
2026-07-24 18:44:28.678 6 INFO neutron.db.ovn_revision_numbers_db [None req-c8dab690-21db-407d-b143-d5cbadf6687e - - - - - -] Successfully bumped revision number for resource d40590e5-1d7d-4ed0-955b-4ff7bd5a7e6a (type: ports) to 5
2026-07-24 18:44:28.750 7 INFO neutron.db.ovn_revision_numbers_db [None req-77a7ad1c-d8b2-499e-b4a0-6395c166de31 c4f90fdd7f8c41499b6747eefaedf0d0 b108023133b443fd979323c5ceff059c - - default default] Successfully bumped revision number for resource 0020b0c7-ea0a-4ac0-b00c-51962e35cbab (type: router_ports) to 1 [pid: 7|app: 0|req: 833/1686] 10.0.0.197 () {34 vars in 783 bytes} [Fri Jul 24 18:44:26 2026] PUT /v2.0/routers/86298df9-7b58-48a8-bf3b-e08b67b5aafb/add_router_interface => generated 309 bytes in 2066 msecs (HTTP/1.1 200) 4 headers in 157 bytes (1 switches on core 0) [pid: 7|app: 0|req: 834/1687] 10.0.0.197 () {32 vars in 678 bytes} [Fri Jul 24 18:44:28 2026] GET /v2.0/subnets?tags=red%2Cblue => generated 1283 bytes in 75 msecs (HTTP/1.1 200) 4 headers in 158 bytes (1 switches on core 0) [pid: 7|app: 0|req: 835/1688] 10.0.0.197 () {32 vars in 649 bytes} [Fri Jul 24 18:44:28 2026] GET /v2.0/networks => generated 8155 bytes in 89 msecs (HTTP/1.1 200) 4 headers in 158 bytes (1 switches on core 0) [pid: 7|app: 0|req: 836/1689] 10.0.0.197 () {32 vars in 674 bytes} [Fri Jul 24 18:44:28 2026] GET /v2.0/subnets?tags-any=blue => generated 1283 bytes in 55 msecs (HTTP/1.1 200) 4 headers in 158 bytes (1 switches on core 0)
2026-07-24 18:44:29.009 6 INFO neutron.db.ovn_revision_numbers_db [None req-f301888b-6907-46cf-98d4-164f37ed5d17 - - - - - -] Successfully bumped revision number for resource 63b4709c-6833-4689-b071-c85f9fbf3321 (type: router_ports) to 2
2026-07-24 18:44:29.010 6 INFO neutron.plugins.ml2.drivers.ovn.mech_driver.mech_driver [None req-f301888b-6907-46cf-98d4-164f37ed5d17 - - - - - -] OVN reports status down for port: 0020b0c7-ea0a-4ac0-b00c-51962e35cbab
2026-07-24 18:44:29.046 6 INFO neutron.db.ovn_revision_numbers_db [None req-9726a923-0f3a-4d8d-9b7a-9681305743b1 2bd9bee3269a49aba7bcb474cccb7332 9c32561b5340411fa82a225418830af2 - - default default] Successfully bumped revision number for resource 4bd3ef96-32f3-44ee-a542-87c8727c9a59 (type: security_group_rules) to 0 [pid: 7|app: 0|req: 837/1690] 10.0.0.197 () {32 vars in 647 bytes} [Fri Jul 24 18:44:28 2026] GET /v2.0/subnets => generated 6557 bytes in 64 msecs (HTTP/1.1 200) 4 headers in 158 bytes (1 switches on core 0) [pid: 7|app: 0|req: 838/1691] 10.0.0.197 () {32 vars in 686 bytes} [Fri Jul 24 18:44:29 2026] GET /v2.0/subnets?tags-any=red%2Cblue => generated 1904 bytes in 33 msecs (HTTP/1.1 200) 4 headers in 158 bytes (1 switches on core 0) [pid: 6|app: 0|req: 854/1692] 10.0.0.197 () {34 vars in 695 bytes} [Fri Jul 24 18:44:28 2026] POST /v2.0/security-group-rules => generated 602 bytes in 647 msecs (HTTP/1.1 201) 4 headers in 162 bytes (1 switches on core 0) [pid: 7|app: 0|req: 839/1693] 10.0.0.197 () {32 vars in 647 bytes} [Fri Jul 24 18:44:29 2026] GET /v2.0/routers => generated 2900 bytes in 72 msecs (HTTP/1.1 200) 4 headers in 158 bytes (1 switches on core 0) [pid: 6|app: 0|req: 855/1694] 10.0.0.197 () {32 vars in 672 bytes} [Fri Jul 24 18:44:29 2026] GET /v2.0/subnets?not-tags=red => generated 1894 bytes in 76 msecs (HTTP/1.1 200) 4 headers in 158 bytes (1 switches on core 0)
2026-07-24 18:44:29.252 6 INFO neutron.plugins.ml2.drivers.ovn.mech_driver.mech_driver [None req-f301888b-6907-46cf-98d4-164f37ed5d17 - - - - - -] OVN reports status up for port: 0020b0c7-ea0a-4ac0-b00c-51962e35cbab
2026-07-24 18:44:29.280 6 INFO neutron.plugins.ml2.plugin [None req-f301888b-6907-46cf-98d4-164f37ed5d17 - - - - - -] Attempt 1 to provision port 0020b0c7-ea0a-4ac0-b00c-51962e35cbab [pid: 6|app: 0|req: 856/1695] 10.0.0.197 () {32 vars in 686 bytes} [Fri Jul 24 18:44:29 2026] GET /v2.0/subnets?not-tags=red%2Cblue => generated 2515 bytes in 98 msecs (HTTP/1.1 200) 4 headers in 158 bytes (1 switches on core 0)
2026-07-24 18:44:29.394 7 WARNING neutron.scheduler.dhcp_agent_scheduler [None req-01a09e54-f628-4131-8ab2-e935231ea51f 2bd9bee3269a49aba7bcb474cccb7332 9c32561b5340411fa82a225418830af2 - - default default] No more DHCP agents
2026-07-24 18:44:29.395 7 WARNING neutron.api.rpc.agentnotifiers.dhcp_rpc_agent_api [None req-01a09e54-f628-4131-8ab2-e935231ea51f 2bd9bee3269a49aba7bcb474cccb7332 9c32561b5340411fa82a225418830af2 - - default default] Unable to schedule network fc450db9-af3b-4ad0-83a9-4d9a258e0ddf: no agents available; will retry on subsequent port and subnet creation events.
2026-07-24 18:44:29.567 6 INFO neutron.db.ovn_revision_numbers_db [None req-68262669-7735-4f4f-ac50-4049b4e2f74f c4f90fdd7f8c41499b6747eefaedf0d0 b108023133b443fd979323c5ceff059c - - default default] Successfully bumped revision number for resource 5a052bc8-c6b7-43c2-860d-da2ca8b7f49c (type: security_groups) to 1
2026-07-24 18:44:29.593 6 INFO neutron.db.ovn_revision_numbers_db [None req-68262669-7735-4f4f-ac50-4049b4e2f74f c4f90fdd7f8c41499b6747eefaedf0d0 b108023133b443fd979323c5ceff059c - - default default] Successfully bumped revision number for resource 1ed633f4-36b5-45c6-851a-9a4dea979de7 (type: security_group_rules) to 0
2026-07-24 18:44:29.620 6 INFO neutron.db.ovn_revision_numbers_db [None req-68262669-7735-4f4f-ac50-4049b4e2f74f c4f90fdd7f8c41499b6747eefaedf0d0 b108023133b443fd979323c5ceff059c - - default default] Successfully bumped revision number for resource 43f8f7e2-094f-4e5d-bc7f-69d98f383777 (type: security_group_rules) to 0 [pid: 7|app: 0|req: 840/1696] 10.0.0.197 () {34 vars in 676 bytes} [Fri Jul 24 18:44:29 2026] POST /v2.0/floatingips => generated 552 bytes in 576 msecs (HTTP/1.1 201) 4 headers in 162 bytes (1 switches on core 0) [pid: 6|app: 0|req: 857/1697] 10.0.0.197 () {34 vars in 685 bytes} [Fri Jul 24 18:44:29 2026] POST /v2.0/security-groups => generated 1673 bytes in 449 msecs (HTTP/1.1 201) 4 headers in 163 bytes (1 switches on core 0) [pid: 7|app: 0|req: 841/1698] 10.0.0.197 () {32 vars in 682 bytes} [Fri Jul 24 18:44:29 2026] GET /v2.0/subnets?not-tags-any=blue => generated 2515 bytes in 67 msecs (HTTP/1.1 200) 4 headers in 158 bytes (1 switches on core 0) [pid: 7|app: 0|req: 842/1699] 10.0.0.197 () {32 vars in 694 bytes} [Fri Jul 24 18:44:29 2026] GET /v2.0/subnets?not-tags-any=red%2Cblue => generated 1894 bytes in 42 msecs (HTTP/1.1 200) 4 headers in 158 bytes (1 switches on core 0) [pid: 7|app: 0|req: 843/1700] 10.0.0.197 () {32 vars in 724 bytes} [Fri Jul 24 18:44:29 2026] DELETE /v2.0/subnets/cfeb9cdf-a2e5-4dac-a27b-b4146e1484fb => generated 0 bytes in 217 msecs (HTTP/1.1 204) 3 headers in 131 bytes (1 switches on core 0)
2026-07-24 18:44:30.100 6 INFO neutron.db.ovn_revision_numbers_db [None req-f301888b-6907-46cf-98d4-164f37ed5d17 - - - - - -] Successfully bumped revision number for resource 0020b0c7-ea0a-4ac0-b00c-51962e35cbab (type: ports) to 2
2026-07-24 18:44:30.127 6 INFO neutron.db.ovn_revision_numbers_db [None req-c7dca953-ee45-4a6e-adf6-f013a5779ddc c4f90fdd7f8c41499b6747eefaedf0d0 b108023133b443fd979323c5ceff059c - - default default] Successfully bumped revision number for resource ad2af218-0f35-46b4-8348-71755f4ab948 (type: security_group_rules) to 0 [pid: 6|app: 0|req: 858/1701] 10.0.0.197 () {34 vars in 695 bytes} [Fri Jul 24 18:44:29 2026] POST /v2.0/security-group-rules => generated 597 bytes in 456 msecs (HTTP/1.1 201) 4 headers in 162 bytes (1 switches on core 0) [pid: 6|app: 0|req: 859/1702] 10.0.0.120 () {34 vars in 1098 bytes} [Fri Jul 24 18:44:30 2026] GET /v2.0/security-groups?name=tempest-securitygroup--571624177&fields=id&tenant_id=9c32561b5340411fa82a225418830af2 => generated 69 bytes in 76 msecs (HTTP/1.1 200) 4 headers in 156 bytes (1 switches on core 0) [pid: 7|app: 0|req: 844/1703] 10.0.0.197 () {32 vars in 724 bytes} [Fri Jul 24 18:44:30 2026] DELETE /v2.0/subnets/c5deab2a-04cb-4de9-9297-4ea774de930a => generated 0 bytes in 218 msecs (HTTP/1.1 204) 3 headers in 131 bytes (1 switches on core 0) [pid: 7|app: 0|req: 845/1704] 10.0.0.120 () {34 vars in 982 bytes} [Fri Jul 24 18:44:30 2026] GET /v2.0/networks?id=8fdc55e2-d82b-4eb2-9ae2-530309e96397 => generated 676 bytes in 41 msecs (HTTP/1.1 200) 4 headers in 157 bytes (1 switches on core 0)
2026-07-24 18:44:30.427 6 INFO neutron.db.ovn_revision_numbers_db [None req-46c1c6e8-56d2-478d-9cca-10ca9640739f - - - - - -] Successfully bumped revision number for resource 0020b0c7-ea0a-4ac0-b00c-51962e35cbab (type: router_ports) to 2
2026-07-24 18:44:30.518 6 INFO neutron.db.ovn_revision_numbers_db [None req-4c9c2259-fc0f-4a82-aab7-e8e478160165 c4f90fdd7f8c41499b6747eefaedf0d0 b108023133b443fd979323c5ceff059c - - default default] Successfully bumped revision number for resource 25405175-20e9-42de-b489-23362dab23aa (type: security_group_rules) to 0 [pid: 7|app: 0|req: 846/1705] 10.0.0.197 () {32 vars in 724 bytes} [Fri Jul 24 18:44:30 2026] DELETE /v2.0/subnets/d913aab4-8f11-4875-a8b9-7da24919f798 => generated 0 bytes in 228 msecs (HTTP/1.1 204) 3 headers in 131 bytes (1 switches on core 0) [pid: 6|app: 0|req: 860/1706] 10.0.0.197 () {34 vars in 695 bytes} [Fri Jul 24 18:44:30 2026] POST /v2.0/security-group-rules => generated 596 bytes in 299 msecs (HTTP/1.1 201) 4 headers in 162 bytes (1 switches on core 0) [pid: 7|app: 0|req: 847/1707] 10.0.0.120 () {34 vars in 965 bytes} [Fri Jul 24 18:44:30 2026] GET /v2.0/quotas/9c32561b5340411fa82a225418830af2 => generated 292 bytes in 10 msecs (HTTP/1.1 200) 4 headers in 157 bytes (1 switches on core 0)
2026-07-24 18:44:30.733 6 INFO neutron.db.ovn_revision_numbers_db [None req-00521641-dd6e-49d0-816c-db58b61cf3d6 c4f90fdd7f8c41499b6747eefaedf0d0 b108023133b443fd979323c5ceff059c - - default default] Successfully bumped revision number for resource ec729467-241a-4f7d-ac37-8849cc0449b7 (type: security_group_rules) to 0 [pid: 6|app: 0|req: 861/1708] 10.0.0.197 () {34 vars in 695 bytes} [Fri Jul 24 18:44:30 2026] POST /v2.0/security-group-rules => generated 602 bytes in 232 msecs (HTTP/1.1 201) 4 headers in 162 bytes (1 switches on core 0) [pid: 7|app: 0|req: 848/1709] 10.0.0.197 () {32 vars in 724 bytes} [Fri Jul 24 18:44:30 2026] DELETE /v2.0/subnets/901c0871-d6bd-4671-97e8-c5e848f19eb4 => generated 0 bytes in 226 msecs (HTTP/1.1 204) 3 headers in 131 bytes (1 switches on core 0) [pid: 6|app: 0|req: 862/1710] 10.0.0.120 () {34 vars in 1002 bytes} [Fri Jul 24 18:44:30 2026] GET /v2.0/ports?tenant_id=9c32561b5340411fa82a225418830af2&fields=id => generated 103 bytes in 95 msecs (HTTP/1.1 200) 4 headers in 157 bytes (1 switches on core 0)
2026-07-24 18:44:31.048 6 INFO neutron.db.ovn_revision_numbers_db [None req-1c84b008-c82b-42a7-b401-cbd39744d0c3 c4f90fdd7f8c41499b6747eefaedf0d0 b108023133b443fd979323c5ceff059c - - default default] Successfully bumped revision number for resource 7f890ce2-f332-440b-b8b9-c8b1aed17b31 (type: security_group_rules) to 0 [pid: 6|app: 0|req: 863/1711] 10.0.0.197 () {34 vars in 695 bytes} [Fri Jul 24 18:44:30 2026] POST /v2.0/security-group-rules => generated 601 bytes in 188 msecs (HTTP/1.1 201) 4 headers in 162 bytes (1 switches on core 0)
2026-07-24 18:44:31.148 7 INFO neutron_taas.services.taas.taas_plugin [None req-cec064ed-03ab-48b8-a27e-80e3cfd66449 df240721c5c743c19423b46f30be77ee 8533b02f86174b29b5112786ce34a300 - - default default] TaaS: Handle Delete Port: 27897e84-00ba-4ca6-81bd-ee45a5eee968
2026-07-24 18:44:31.153 7 INFO neutron_taas.services.taas.tap_mirror_plugin [None req-cec064ed-03ab-48b8-a27e-80e3cfd66449 df240721c5c743c19423b46f30be77ee 8533b02f86174b29b5112786ce34a300 - - default default] Tap Mirror: Handle Delete Port: 27897e84-00ba-4ca6-81bd-ee45a5eee968 [pid: 6|app: 0|req: 864/1712] 10.0.0.197 () {32 vars in 724 bytes} [Fri Jul 24 18:44:31 2026] DELETE /v2.0/subnets/f9d2ac43-91a5-400a-b802-ab1300859f9c => generated 0 bytes in 139 msecs (HTTP/1.1 204) 3 headers in 131 bytes (1 switches on core 0) [pid: 6|app: 0|req: 865/1713] 10.0.0.120 () {34 vars in 1008 bytes} [Fri Jul 24 18:44:31 2026] GET /v2.0/networks/8fdc55e2-d82b-4eb2-9ae2-530309e96397?fields=segments => generated 14 bytes in 37 msecs (HTTP/1.1 200) 4 headers in 156 bytes (1 switches on core 0)
2026-07-24 18:44:31.301 6 INFO neutron.db.securitygroups_db [None req-e6944439-b96a-42e3-a8d4-d638f32b56ef c4f90fdd7f8c41499b6747eefaedf0d0 b108023133b443fd979323c5ceff059c - - default default] Project b108023133b443fd979323c5ceff059c added a security group rule with legacy IPv6 ICMP protocol name icmp, ipv6-icmp should be used instead. It was automatically converted.
