2026-07-24 18:46:36.419 6 INFO neutron.db.segments_db [None req-d41d2c69-b137-464e-9e38-fc79bf40e6e6 9f2fd26fb1ef44c599ebcff495c84500 e5e80de82ba749b89255560f6c30a71c - - default default] Added segment bfec0964-ffbf-489d-86bb-a212f0cf2632 of type geneve for network e4655289-04b7-46f1-9540-ed01c091fefd [pid: 7|app: 0|req: 1238/2516] 10.0.0.197 () {32 vars in 774 bytes} [Fri Jul 24 18:46:36 2026] GET /v2.0/security-groups?tenant_id=41221a381f11441895aeb116f0931a27&name=default => generated 2925 bytes in 400 msecs (HTTP/1.1 200) 4 headers in 158 bytes (1 switches on core 0)
2026-07-24 18:46:36.506 7 INFO neutron.db.segments_db [None req-908fd4ea-4a46-4754-8ce4-f52caf44d9f1 18b547cc256f4876b0471a75e660a79c 21fe01ebfbd1497492b8ae3365dc37f2 - - default default] Added segment a6c46c6b-4c10-480c-8d59-e774ba56e3c3 of type geneve for network 56da8485-fcb2-42f5-a8ad-45e9b75a2b48
2026-07-24 18:46:36.559 6 INFO neutron.db.ovn_revision_numbers_db [None req-d41d2c69-b137-464e-9e38-fc79bf40e6e6 9f2fd26fb1ef44c599ebcff495c84500 e5e80de82ba749b89255560f6c30a71c - - default default] Successfully bumped revision number for resource e4655289-04b7-46f1-9540-ed01c091fefd (type: networks) to 1
2026-07-24 18:46:36.659 7 INFO neutron.db.ovn_revision_numbers_db [None req-908fd4ea-4a46-4754-8ce4-f52caf44d9f1 18b547cc256f4876b0471a75e660a79c 21fe01ebfbd1497492b8ae3365dc37f2 - - default default] Successfully bumped revision number for resource 56da8485-fcb2-42f5-a8ad-45e9b75a2b48 (type: networks) to 1
2026-07-24 18:46:36.812 6 WARNING neutron.scheduler.dhcp_agent_scheduler [None req-d41d2c69-b137-464e-9e38-fc79bf40e6e6 9f2fd26fb1ef44c599ebcff495c84500 e5e80de82ba749b89255560f6c30a71c - - default default] No more DHCP agents
2026-07-24 18:46:36.815 6 WARNING neutron.api.rpc.agentnotifiers.dhcp_rpc_agent_api [None req-d41d2c69-b137-464e-9e38-fc79bf40e6e6 9f2fd26fb1ef44c599ebcff495c84500 e5e80de82ba749b89255560f6c30a71c - - default default] Unable to schedule network e4655289-04b7-46f1-9540-ed01c091fefd: no agents available; will retry on subsequent port and subnet creation events.
2026-07-24 18:46:36.903 7 WARNING neutron.scheduler.dhcp_agent_scheduler [None req-908fd4ea-4a46-4754-8ce4-f52caf44d9f1 18b547cc256f4876b0471a75e660a79c 21fe01ebfbd1497492b8ae3365dc37f2 - - default default] No more DHCP agents
2026-07-24 18:46:36.906 7 WARNING neutron.api.rpc.agentnotifiers.dhcp_rpc_agent_api [None req-908fd4ea-4a46-4754-8ce4-f52caf44d9f1 18b547cc256f4876b0471a75e660a79c 21fe01ebfbd1497492b8ae3365dc37f2 - - default default] Unable to schedule network 56da8485-fcb2-42f5-a8ad-45e9b75a2b48: no agents available; will retry on subsequent port and subnet creation events.
2026-07-24 18:46:36.916 6 INFO neutron.plugins.ml2.drivers.ovn.mech_driver.mech_driver [None req-1e54aaf2-547b-403b-9600-de24cb338256 - - - - - -] OVN reports status down for port: 92943e3c-aed6-4121-8517-827b1bf4a528
2026-07-24 18:46:37.025 6 INFO neutron.db.ovn_revision_numbers_db [None req-d41d2c69-b137-464e-9e38-fc79bf40e6e6 9f2fd26fb1ef44c599ebcff495c84500 e5e80de82ba749b89255560f6c30a71c - - default default] Successfully bumped revision number for resource 92943e3c-aed6-4121-8517-827b1bf4a528 (type: ports) to 1
2026-07-24 18:46:37.056 7 INFO neutron.db.ovn_revision_numbers_db [None req-908fd4ea-4a46-4754-8ce4-f52caf44d9f1 18b547cc256f4876b0471a75e660a79c 21fe01ebfbd1497492b8ae3365dc37f2 - - default default] Successfully bumped revision number for resource 392fca39-4adc-45f2-8728-77fa7181c0f2 (type: ports) to 1 [pid: 7|app: 0|req: 1239/2517] 10.0.0.197 () {34 vars in 670 bytes} [Fri Jul 24 18:46:36 2026] POST /v2.0/networks => generated 632 bytes in 655 msecs (HTTP/1.1 201) 4 headers in 162 bytes (1 switches on core 0) [pid: 6|app: 0|req: 1279/2518] 10.0.0.197 () {34 vars in 670 bytes} [Fri Jul 24 18:46:35 2026] POST /v2.0/networks => generated 631 bytes in 1231 msecs (HTTP/1.1 201) 4 headers in 162 bytes (1 switches on core 0)
2026-07-24 18:46:37.148 6 INFO neutron.plugins.ml2.drivers.ovn.mech_driver.mech_driver [None req-1e54aaf2-547b-403b-9600-de24cb338256 - - - - - -] OVN reports status down for port: 392fca39-4adc-45f2-8728-77fa7181c0f2
2026-07-24 18:46:37.244 6 INFO neutron.db.segments_db [None req-9b6f7952-05eb-4df8-a700-beb34e5f696d 9f2fd26fb1ef44c599ebcff495c84500 e5e80de82ba749b89255560f6c30a71c - - default default] Added segment 3c5bfe43-447a-4bca-84d0-0a7886a9aacb of type geneve for network 72fca9f5-4af9-43b2-986d-823743ac3987 [pid: 7|app: 0|req: 1240/2519] 10.0.0.197 () {32 vars in 740 bytes} [Fri Jul 24 18:46:37 2026] DELETE /v2.0/security-groups/c96d9892-3aa2-453c-8e41-ea6500216c55 => generated 0 bytes in 316 msecs (HTTP/1.1 204) 2 headers in 112 bytes (1 switches on core 0)
2026-07-24 18:46:37.466 6 INFO neutron.db.ovn_revision_numbers_db [None req-9b6f7952-05eb-4df8-a700-beb34e5f696d 9f2fd26fb1ef44c599ebcff495c84500 e5e80de82ba749b89255560f6c30a71c - - default default] Successfully bumped revision number for resource 72fca9f5-4af9-43b2-986d-823743ac3987 (type: networks) to 1
2026-07-24 18:46:37.649 6 WARNING neutron.scheduler.dhcp_agent_scheduler [None req-9b6f7952-05eb-4df8-a700-beb34e5f696d 9f2fd26fb1ef44c599ebcff495c84500 e5e80de82ba749b89255560f6c30a71c - - default default] No more DHCP agents
2026-07-24 18:46:37.651 6 WARNING neutron.api.rpc.agentnotifiers.dhcp_rpc_agent_api [None req-9b6f7952-05eb-4df8-a700-beb34e5f696d 9f2fd26fb1ef44c599ebcff495c84500 e5e80de82ba749b89255560f6c30a71c - - default default] Unable to schedule network 72fca9f5-4af9-43b2-986d-823743ac3987: no agents available; will retry on subsequent port and subnet creation events.
2026-07-24 18:46:37.652 7 WARNING neutron.scheduler.dhcp_agent_scheduler [None req-5c8ee8ee-763e-4db4-b860-f9b24ed3ff7b 18b547cc256f4876b0471a75e660a79c 21fe01ebfbd1497492b8ae3365dc37f2 - - default default] No more DHCP agents
2026-07-24 18:46:37.653 7 WARNING neutron.api.rpc.agentnotifiers.dhcp_rpc_agent_api [None req-5c8ee8ee-763e-4db4-b860-f9b24ed3ff7b 18b547cc256f4876b0471a75e660a79c 21fe01ebfbd1497492b8ae3365dc37f2 - - default default] Unable to schedule network 56da8485-fcb2-42f5-a8ad-45e9b75a2b48: no agents available; will retry on subsequent port and subnet creation events.
2026-07-24 18:46:37.737 6 INFO neutron.plugins.ml2.drivers.ovn.mech_driver.mech_driver [None req-1e54aaf2-547b-403b-9600-de24cb338256 - - - - - -] OVN reports status down for port: e6cf7385-9a87-4527-902f-9ed42feb048e
2026-07-24 18:46:37.866 7 INFO neutron.db.ovn_revision_numbers_db [None req-5c8ee8ee-763e-4db4-b860-f9b24ed3ff7b 18b547cc256f4876b0471a75e660a79c 21fe01ebfbd1497492b8ae3365dc37f2 - - default default] Successfully bumped revision number for resource 394d5ce1-fd5d-4671-8218-121d94f4112b (type: ports) to 1 [pid: 7|app: 0|req: 1241/2520] 10.0.0.197 () {34 vars in 664 bytes} [Fri Jul 24 18:46:37 2026] POST /v2.0/ports => generated 743 bytes in 521 msecs (HTTP/1.1 201) 4 headers in 162 bytes (1 switches on core 0) /var/lib/openstack/lib/python3.12/site-packages/pycadf/identifier.py:70: UserWarning: Invalid uuid: neutron. To ensure interoperability, identifiers should be a valid uuid. warnings.warn(('Invalid uuid: %s. To ensure interoperability, '
2026-07-24 18:46:37.926 6 INFO neutron.db.ovn_revision_numbers_db [None req-9b6f7952-05eb-4df8-a700-beb34e5f696d 9f2fd26fb1ef44c599ebcff495c84500 e5e80de82ba749b89255560f6c30a71c - - default default] Successfully bumped revision number for resource e6cf7385-9a87-4527-902f-9ed42feb048e (type: ports) to 1 [pid: 6|app: 0|req: 1280/2521] 10.0.0.197 () {34 vars in 670 bytes} [Fri Jul 24 18:46:37 2026] POST /v2.0/networks => generated 632 bytes in 892 msecs (HTTP/1.1 201) 4 headers in 162 bytes (1 switches on core 0)
2026-07-24 18:46:37.997 6 INFO neutron.plugins.ml2.drivers.ovn.mech_driver.mech_driver [None req-1e54aaf2-547b-403b-9600-de24cb338256 - - - - - -] OVN reports status down for port: 394d5ce1-fd5d-4671-8218-121d94f4112b
2026-07-24 18:46:38.087 7 INFO neutron.db.ovn_revision_numbers_db [None req-2c7cf354-72aa-4dd9-9ac5-172fb5b70720 df240721c5c743c19423b46f30be77ee 8533b02f86174b29b5112786ce34a300 - - default default] Successfully bumped revision number for resource 52ec7236-2a6c-44c4-955e-ac12f5dc5151 (type: security_groups) to 1
2026-07-24 18:46:38.101 7 INFO neutron.db.ovn_revision_numbers_db [None req-2c7cf354-72aa-4dd9-9ac5-172fb5b70720 df240721c5c743c19423b46f30be77ee 8533b02f86174b29b5112786ce34a300 - - default default] Successfully bumped revision number for resource 16585e97-e0c1-4079-984e-b5d4508f8531 (type: security_group_rules) to 0
2026-07-24 18:46:38.111 7 INFO neutron.db.ovn_revision_numbers_db [None req-2c7cf354-72aa-4dd9-9ac5-172fb5b70720 df240721c5c743c19423b46f30be77ee 8533b02f86174b29b5112786ce34a300 - - default default] Successfully bumped revision number for resource 66e92c17-50ce-47c8-b9f5-4eede08a70d8 (type: security_group_rules) to 0
2026-07-24 18:46:38.115 6 INFO neutron.db.segments_db [None req-e201b02c-9a47-4766-b57b-54e23fc8d003 18b547cc256f4876b0471a75e660a79c 21fe01ebfbd1497492b8ae3365dc37f2 - - default default] Added segment 2563225c-e9cf-442a-a61c-85682ea5f08d of type geneve for network 837ec630-e4d7-4285-9d6d-e8b20937a58e
2026-07-24 18:46:38.122 7 INFO neutron.db.ovn_revision_numbers_db [None req-2c7cf354-72aa-4dd9-9ac5-172fb5b70720 df240721c5c743c19423b46f30be77ee 8533b02f86174b29b5112786ce34a300 - - default default] Successfully bumped revision number for resource de70de45-ffc8-4ddb-badf-62d643326d15 (type: security_group_rules) to 0
2026-07-24 18:46:38.135 7 INFO neutron.db.ovn_revision_numbers_db [None req-2c7cf354-72aa-4dd9-9ac5-172fb5b70720 df240721c5c743c19423b46f30be77ee 8533b02f86174b29b5112786ce34a300 - - default default] Successfully bumped revision number for resource f3746355-e8b3-4dae-ba89-999c4b2ce522 (type: security_group_rules) to 0 [pid: 7|app: 0|req: 1242/2522] 10.0.0.197 () {32 vars in 774 bytes} [Fri Jul 24 18:46:37 2026] GET /v2.0/security-groups?tenant_id=83c783c3f88941a49a4b8c934ded95d7&name=default => generated 2925 bytes in 256 msecs (HTTP/1.1 200) 4 headers in 158 bytes (1 switches on core 0) [pid: 7|app: 0|req: 1243/2523] 10.0.0.197 () {34 vars in 753 bytes} [Fri Jul 24 18:46:38 2026] PUT /v2.0/networks/e4655289-04b7-46f1-9540-ed01c091fefd/tags => generated 25 bytes in 68 msecs (HTTP/1.1 200) 4 headers in 156 bytes (1 switches on core 0)
2026-07-24 18:46:38.268 6 INFO neutron.db.ovn_revision_numbers_db [None req-e201b02c-9a47-4766-b57b-54e23fc8d003 18b547cc256f4876b0471a75e660a79c 21fe01ebfbd1497492b8ae3365dc37f2 - - default default] Successfully bumped revision number for resource 837ec630-e4d7-4285-9d6d-e8b20937a58e (type: networks) to 1
2026-07-24 18:46:38.458 6 WARNING neutron.scheduler.dhcp_agent_scheduler [None req-e201b02c-9a47-4766-b57b-54e23fc8d003 18b547cc256f4876b0471a75e660a79c 21fe01ebfbd1497492b8ae3365dc37f2 - - default default] No more DHCP agents
2026-07-24 18:46:38.460 6 WARNING neutron.api.rpc.agentnotifiers.dhcp_rpc_agent_api [None req-e201b02c-9a47-4766-b57b-54e23fc8d003 18b547cc256f4876b0471a75e660a79c 21fe01ebfbd1497492b8ae3365dc37f2 - - default default] Unable to schedule network 837ec630-e4d7-4285-9d6d-e8b20937a58e: no agents available; will retry on subsequent port and subnet creation events.
2026-07-24 18:46:38.550 6 INFO neutron.plugins.ml2.drivers.ovn.mech_driver.mech_driver [None req-1e54aaf2-547b-403b-9600-de24cb338256 - - - - - -] OVN reports status down for port: e31e5c0b-7bea-4820-89da-105437d771a9 [pid: 7|app: 0|req: 1244/2524] 10.0.0.197 () {32 vars in 740 bytes} [Fri Jul 24 18:46:38 2026] DELETE /v2.0/security-groups/52ec7236-2a6c-44c4-955e-ac12f5dc5151 => generated 0 bytes in 316 msecs (HTTP/1.1 204) 2 headers in 112 bytes (1 switches on core 0) [pid: 7|app: 0|req: 1245/2525] 10.0.0.197 () {32 vars in 733 bytes} [Fri Jul 24 18:46:38 2026] GET /v2.0/networks/e4655289-04b7-46f1-9540-ed01c091fefd/tags => generated 25 bytes in 51 msecs (HTTP/1.1 200) 4 headers in 156 bytes (1 switches on core 0)
2026-07-24 18:46:38.623 6 INFO neutron.db.ovn_revision_numbers_db [None req-e201b02c-9a47-4766-b57b-54e23fc8d003 18b547cc256f4876b0471a75e660a79c 21fe01ebfbd1497492b8ae3365dc37f2 - - default default] Successfully bumped revision number for resource e31e5c0b-7bea-4820-89da-105437d771a9 (type: ports) to 1 [pid: 7|app: 0|req: 1246/2526] 10.0.0.197 () {34 vars in 753 bytes} [Fri Jul 24 18:46:38 2026] PUT /v2.0/networks/72fca9f5-4af9-43b2-986d-823743ac3987/tags => generated 17 bytes in 55 msecs (HTTP/1.1 200) 4 headers in 156 bytes (1 switches on core 0) [pid: 6|app: 0|req: 1281/2527] 10.0.0.197 () {34 vars in 670 bytes} [Fri Jul 24 18:46:37 2026] POST /v2.0/networks => generated 631 bytes in 696 msecs (HTTP/1.1 201) 4 headers in 162 bytes (1 switches on core 0) [pid: 7|app: 0|req: 1247/2528] 10.0.0.197 () {32 vars in 733 bytes} [Fri Jul 24 18:46:38 2026] GET /v2.0/networks/72fca9f5-4af9-43b2-986d-823743ac3987/tags => generated 17 bytes in 53 msecs (HTTP/1.1 200) 4 headers in 156 bytes (1 switches on core 0) [pid: 7|app: 0|req: 1248/2529] 10.0.0.197 () {34 vars in 753 bytes} [Fri Jul 24 18:46:38 2026] PUT /v2.0/networks/72fca9f5-4af9-43b2-986d-823743ac3987/tags => generated 12 bytes in 76 msecs (HTTP/1.1 200) 4 headers in 156 bytes (1 switches on core 0) [pid: 7|app: 0|req: 1249/2530] 10.0.0.197 () {32 vars in 733 bytes} [Fri Jul 24 18:46:38 2026] GET /v2.0/networks/72fca9f5-4af9-43b2-986d-823743ac3987/tags => generated 12 bytes in 47 msecs (HTTP/1.1 200) 4 headers in 156 bytes (1 switches on core 0) [pid: 7|app: 0|req: 1250/2531] 10.0.0.197 () {32 vars in 733 bytes} [Fri Jul 24 18:46:38 2026] GET /v2.0/networks/e4655289-04b7-46f1-9540-ed01c091fefd/tags => generated 25 bytes in 64 msecs (HTTP/1.1 200) 4 headers in 156 bytes (1 switches on core 0)
2026-07-24 18:46:38.938 6 WARNING neutron.scheduler.dhcp_agent_scheduler [None req-15c64eaa-ded1-4ec7-812a-70ca848d2d20 18b547cc256f4876b0471a75e660a79c 21fe01ebfbd1497492b8ae3365dc37f2 - - default default] No more DHCP agents
2026-07-24 18:46:38.940 6 WARNING neutron.api.rpc.agentnotifiers.dhcp_rpc_agent_api [None req-15c64eaa-ded1-4ec7-812a-70ca848d2d20 18b547cc256f4876b0471a75e660a79c 21fe01ebfbd1497492b8ae3365dc37f2 - - default default] Unable to schedule network 837ec630-e4d7-4285-9d6d-e8b20937a58e: no agents available; will retry on subsequent port and subnet creation events.
2026-07-24 18:46:39.017 6 INFO neutron.plugins.ml2.drivers.ovn.mech_driver.mech_driver [None req-1e54aaf2-547b-403b-9600-de24cb338256 - - - - - -] OVN reports status down for port: 40607656-6744-4ae4-ba8c-a4a36273e609
2026-07-24 18:46:39.110 6 INFO neutron.db.ovn_revision_numbers_db [None req-15c64eaa-ded1-4ec7-812a-70ca848d2d20 18b547cc256f4876b0471a75e660a79c 21fe01ebfbd1497492b8ae3365dc37f2 - - default default] Successfully bumped revision number for resource 40607656-6744-4ae4-ba8c-a4a36273e609 (type: ports) to 1
2026-07-24 18:46:39.161 7 INFO neutron_taas.services.taas.taas_plugin [None req-83f75729-ec92-4d65-87cd-576ff84e23e1 9f2fd26fb1ef44c599ebcff495c84500 e5e80de82ba749b89255560f6c30a71c - - default default] TaaS: Handle Delete Port: 92943e3c-aed6-4121-8517-827b1bf4a528
2026-07-24 18:46:39.163 7 INFO neutron_taas.services.taas.tap_mirror_plugin [None req-83f75729-ec92-4d65-87cd-576ff84e23e1 9f2fd26fb1ef44c599ebcff495c84500 e5e80de82ba749b89255560f6c30a71c - - default default] Tap Mirror: Handle Delete Port: 92943e3c-aed6-4121-8517-827b1bf4a528 [pid: 6|app: 0|req: 1282/2532] 10.0.0.197 () {34 vars in 664 bytes} [Fri Jul 24 18:46:38 2026] POST /v2.0/ports => generated 743 bytes in 504 msecs (HTTP/1.1 201) 4 headers in 162 bytes (1 switches on core 0) /var/lib/openstack/lib/python3.12/site-packages/pycadf/identifier.py:70: UserWarning: Invalid uuid: neutron. To ensure interoperability, identifiers should be a valid uuid. warnings.warn(('Invalid uuid: %s. To ensure interoperability, ' [pid: 6|app: 0|req: 1283/2533] 10.0.0.197 () {34 vars in 747 bytes} [Fri Jul 24 18:46:39 2026] PUT /v2.0/ports/fbb1d1c9-575f-4269-8bb0-462ba12bbe5a/tags => generated 17 bytes in 76 msecs (HTTP/1.1 200) 4 headers in 156 bytes (1 switches on core 0) /var/lib/openstack/lib/python3.12/site-packages/pycadf/identifier.py:70: UserWarning: Invalid uuid: neutron. To ensure interoperability, identifiers should be a valid uuid. warnings.warn(('Invalid uuid: %s. To ensure interoperability, ' [pid: 6|app: 0|req: 1284/2534] 10.0.0.197 () {34 vars in 747 bytes} [Fri Jul 24 18:46:39 2026] PUT /v2.0/ports/284640d1-8dc4-4c1e-ae81-747a6461d516/tags => generated 25 bytes in 74 msecs (HTTP/1.1 200) 4 headers in 156 bytes (1 switches on core 0) /var/lib/openstack/lib/python3.12/site-packages/pycadf/identifier.py:70: UserWarning: Invalid uuid: neutron. To ensure interoperability, identifiers should be a valid uuid. warnings.warn(('Invalid uuid: %s. To ensure interoperability, '
2026-07-24 18:46:39.393 7 INFO neutron.services.segments.plugin [-] Segment bfec0964-ffbf-489d-86bb-a212f0cf2632 resource provider aggregate not found
2026-07-24 18:46:39.400 7 INFO neutron.services.segments.plugin [-] Segment bfec0964-ffbf-489d-86bb-a212f0cf2632 resource provider aggregate not found
2026-07-24 18:46:39.417 7 INFO neutron.services.segments.plugin [-] Client error retrieving segment bfec0964-ffbf-489d-86bb-a212f0cf2632 resource provider; error: Placement Client Error (4xx): {"errors": [{"status": 404, "title": "Not Found", "detail": "The resource could not be found.\n\n No resource provider with uuid bfec0964-ffbf-489d-86bb-a212f0cf2632 found for delete ", "request_id": "req-dcda62d6-b1ac-4f5c-bdcc-9d41257a53b9"}]}
2026-07-24 18:46:39.419 7 INFO neutron.services.segments.plugin [-] Client error retrieving segment bfec0964-ffbf-489d-86bb-a212f0cf2632 resource provider; error: Placement Client Error (4xx): {"errors": [{"status": 404, "title": "Not Found", "detail": "The resource could not be found.\n\n No resource provider with uuid bfec0964-ffbf-489d-86bb-a212f0cf2632 found for delete ", "request_id": "req-aa94d2e9-9803-4d25-8a9b-7d14fb85ded0"}]} [pid: 6|app: 0|req: 1285/2535] 10.0.0.197 () {34 vars in 747 bytes} [Fri Jul 24 18:46:39 2026] PUT /v2.0/ports/724f0a41-ee2e-47ba-b2e5-0dbbc1ea9554/tags => generated 34 bytes in 83 msecs (HTTP/1.1 200) 4 headers in 156 bytes (1 switches on core 0) /var/lib/openstack/lib/python3.12/site-packages/pycadf/identifier.py:70: UserWarning: Invalid uuid: neutron. To ensure interoperability, identifiers should be a valid uuid. warnings.warn(('Invalid uuid: %s. To ensure interoperability, ' [pid: 7|app: 0|req: 1251/2536] 10.0.0.197 () {32 vars in 726 bytes} [Fri Jul 24 18:46:38 2026] DELETE /v2.0/networks/e4655289-04b7-46f1-9540-ed01c091fefd => generated 0 bytes in 500 msecs (HTTP/1.1 204) 3 headers in 131 bytes (1 switches on core 0) [pid: 6|app: 0|req: 1286/2537] 10.0.0.197 () {34 vars in 747 bytes} [Fri Jul 24 18:46:39 2026] PUT /v2.0/ports/394d5ce1-fd5d-4671-8218-121d94f4112b/tags => generated 19 bytes in 66 msecs (HTTP/1.1 200) 4 headers in 156 bytes (1 switches on core 0) /var/lib/openstack/lib/python3.12/site-packages/pycadf/identifier.py:70: UserWarning: Invalid uuid: neutron. To ensure interoperability, identifiers should be a valid uuid. warnings.warn(('Invalid uuid: %s. To ensure interoperability, '
2026-07-24 18:46:39.576 7 INFO neutron_taas.services.taas.taas_plugin [None req-94c12bf7-9e01-4039-a3c6-bfcd5b6cdffb 9f2fd26fb1ef44c599ebcff495c84500 e5e80de82ba749b89255560f6c30a71c - - default default] TaaS: Handle Delete Port: e6cf7385-9a87-4527-902f-9ed42feb048e
2026-07-24 18:46:39.578 7 INFO neutron_taas.services.taas.tap_mirror_plugin [None req-94c12bf7-9e01-4039-a3c6-bfcd5b6cdffb 9f2fd26fb1ef44c599ebcff495c84500 e5e80de82ba749b89255560f6c30a71c - - default default] Tap Mirror: Handle Delete Port: e6cf7385-9a87-4527-902f-9ed42feb048e [pid: 6|app: 0|req: 1287/2538] 10.0.0.197 () {32 vars in 660 bytes} [Fri Jul 24 18:46:39 2026] GET /v2.0/ports?tags=red => generated 2253 bytes in 149 msecs (HTTP/1.1 200) 4 headers in 158 bytes (1 switches on core 0) [pid: 6|app: 0|req: 1288/2539] 10.0.0.197 () {32 vars in 674 bytes} [Fri Jul 24 18:46:39 2026] GET /v2.0/ports?tags=red%2Cblue => generated 1513 bytes in 115 msecs (HTTP/1.1 200) 4 headers in 158 bytes (1 switches on core 0) [pid: 7|app: 0|req: 1252/2540] 10.0.0.197 () {32 vars in 726 bytes} [Fri Jul 24 18:46:39 2026] DELETE /v2.0/networks/72fca9f5-4af9-43b2-986d-823743ac3987 => generated 0 bytes in 383 msecs (HTTP/1.1 204) 3 headers in 131 bytes (1 switches on core 0) [pid: 6|app: 0|req: 1289/2541] 10.0.0.197 () {32 vars in 670 bytes} [Fri Jul 24 18:46:39 2026] GET /v2.0/ports?tags-any=blue => generated 1513 bytes in 112 msecs (HTTP/1.1 200) 4 headers in 158 bytes (1 switches on core 0) [pid: 7|app: 0|req: 1253/2542] 10.0.0.197 () {32 vars in 682 bytes} [Fri Jul 24 18:46:39 2026] GET /v2.0/ports?tags-any=red%2Cblue => generated 2253 bytes in 135 msecs (HTTP/1.1 200) 4 headers in 158 bytes (1 switches on core 0) [pid: 6|app: 0|req: 1290/2543] 10.0.0.197 () {32 vars in 668 bytes} [Fri Jul 24 18:46:40 2026] GET /v2.0/ports?not-tags=red => generated 5268 bytes in 136 msecs (HTTP/1.1 200) 4 headers in 158 bytes (1 switches on core 0) [pid: 7|app: 0|req: 1254/2544] 10.0.0.197 () {32 vars in 682 bytes} [Fri Jul 24 18:46:40 2026] GET /v2.0/ports?not-tags=red%2Cblue => generated 6008 bytes in 136 msecs (HTTP/1.1 200) 4 headers in 158 bytes (1 switches on core 0) [pid: 6|app: 0|req: 1291/2545] 10.0.0.197 () {32 vars in 678 bytes} [Fri Jul 24 18:46:40 2026] GET /v2.0/ports?not-tags-any=blue => generated 6008 bytes in 104 msecs (HTTP/1.1 200) 4 headers in 158 bytes (1 switches on core 0) [pid: 6|app: 0|req: 1292/2546] 10.0.0.197 () {32 vars in 690 bytes} [Fri Jul 24 18:46:40 2026] GET /v2.0/ports?not-tags-any=red%2Cblue => generated 5268 bytes in 61 msecs (HTTP/1.1 200) 4 headers in 158 bytes (1 switches on core 0)
2026-07-24 18:46:40.631 6 INFO neutron_taas.services.taas.taas_plugin [None req-74c9cded-929f-42cd-b9cb-4afe60367b70 18b547cc256f4876b0471a75e660a79c 21fe01ebfbd1497492b8ae3365dc37f2 - - default default] TaaS: Handle Delete Port: fbb1d1c9-575f-4269-8bb0-462ba12bbe5a
2026-07-24 18:46:40.634 6 INFO neutron_taas.services.taas.tap_mirror_plugin [None req-74c9cded-929f-42cd-b9cb-4afe60367b70 18b547cc256f4876b0471a75e660a79c 21fe01ebfbd1497492b8ae3365dc37f2 - - default default] Tap Mirror: Handle Delete Port: fbb1d1c9-575f-4269-8bb0-462ba12bbe5a
2026-07-24 18:46:40.731 7 INFO neutron.db.ovn_revision_numbers_db [None req-4c3eacb5-e550-4939-9fe9-279968690016 df240721c5c743c19423b46f30be77ee 8533b02f86174b29b5112786ce34a300 - - default default] Successfully bumped revision number for resource 1179f5cd-2941-4695-aac0-db2777b4be38 (type: security_groups) to 1
2026-07-24 18:46:40.767 7 INFO neutron.db.ovn_revision_numbers_db [None req-4c3eacb5-e550-4939-9fe9-279968690016 df240721c5c743c19423b46f30be77ee 8533b02f86174b29b5112786ce34a300 - - default default] Successfully bumped revision number for resource 1ee5f42f-d260-4bb8-8fe0-d70118d9a985 (type: security_group_rules) to 0
2026-07-24 18:46:40.785 7 INFO neutron.db.ovn_revision_numbers_db [None req-4c3eacb5-e550-4939-9fe9-279968690016 df240721c5c743c19423b46f30be77ee 8533b02f86174b29b5112786ce34a300 - - default default] Successfully bumped revision number for resource 3209e531-95fa-468b-b43e-e97fd9a732a7 (type: security_group_rules) to 0
2026-07-24 18:46:40.800 7 INFO neutron.db.ovn_revision_numbers_db [None req-4c3eacb5-e550-4939-9fe9-279968690016 df240721c5c743c19423b46f30be77ee 8533b02f86174b29b5112786ce34a300 - - default default] Successfully bumped revision number for resource 5836e7a3-2719-42c0-85a4-3f57625fce72 (type: security_group_rules) to 0 [pid: 6|app: 0|req: 1293/2547] 10.0.0.197 () {32 vars in 720 bytes} [Fri Jul 24 18:46:40 2026] DELETE /v2.0/ports/fbb1d1c9-575f-4269-8bb0-462ba12bbe5a => generated 0 bytes in 313 msecs (HTTP/1.1 204) 3 headers in 131 bytes (1 switches on core 0)
2026-07-24 18:46:40.827 7 INFO neutron.db.ovn_revision_numbers_db [None req-4c3eacb5-e550-4939-9fe9-279968690016 df240721c5c743c19423b46f30be77ee 8533b02f86174b29b5112786ce34a300 - - default default] Successfully bumped revision number for resource 8f779981-1ba0-4f0e-be44-b2aa196c1a11 (type: security_group_rules) to 0 [pid: 7|app: 0|req: 1255/2548] 10.0.0.197 () {32 vars in 774 bytes} [Fri Jul 24 18:46:40 2026] GET /v2.0/security-groups?tenant_id=0ee13fadef1a43e7a0f305c6093e0537&name=default => generated 2925 bytes in 475 msecs (HTTP/1.1 200) 4 headers in 158 bytes (1 switches on core 0)
2026-07-24 18:46:40.946 6 INFO neutron_taas.services.taas.taas_plugin [None req-7db97a79-7492-4d30-89f8-d1ff73d62c68 18b547cc256f4876b0471a75e660a79c 21fe01ebfbd1497492b8ae3365dc37f2 - - default default] TaaS: Handle Delete Port: 284640d1-8dc4-4c1e-ae81-747a6461d516
2026-07-24 18:46:40.949 6 INFO neutron_taas.services.taas.tap_mirror_plugin [None req-7db97a79-7492-4d30-89f8-d1ff73d62c68 18b547cc256f4876b0471a75e660a79c 21fe01ebfbd1497492b8ae3365dc37f2 - - default default] Tap Mirror: Handle Delete Port: 284640d1-8dc4-4c1e-ae81-747a6461d516 [pid: 6|app: 0|req: 1294/2549] 10.0.0.197 () {32 vars in 720 bytes} [Fri Jul 24 18:46:40 2026] DELETE /v2.0/ports/284640d1-8dc4-4c1e-ae81-747a6461d516 => generated 0 bytes in 289 msecs (HTTP/1.1 204) 3 headers in 131 bytes (1 switches on core 0) [pid: 7|app: 0|req: 1256/2550] 10.0.0.197 () {32 vars in 740 bytes} [Fri Jul 24 18:46:40 2026] DELETE /v2.0/security-groups/1179f5cd-2941-4695-aac0-db2777b4be38 => generated 0 bytes in 340 msecs (HTTP/1.1 204) 2 headers in 112 bytes (1 switches on core 0)
2026-07-24 18:46:41.253 6 INFO neutron_taas.services.taas.taas_plugin [None req-10818196-4ba5-4384-aea4-26266c54dc3b 18b547cc256f4876b0471a75e660a79c 21fe01ebfbd1497492b8ae3365dc37f2 - - default default] TaaS: Handle Delete Port: 724f0a41-ee2e-47ba-b2e5-0dbbc1ea9554
2026-07-24 18:46:41.256 6 INFO neutron_taas.services.taas.tap_mirror_plugin [None req-10818196-4ba5-4384-aea4-26266c54dc3b 18b547cc256f4876b0471a75e660a79c 21fe01ebfbd1497492b8ae3365dc37f2 - - default default] Tap Mirror: Handle Delete Port: 724f0a41-ee2e-47ba-b2e5-0dbbc1ea9554 [pid: 7|app: 0|req: 1257/2551] 10.0.0.197 () {32 vars in 774 bytes} [Fri Jul 24 18:46:41 2026] GET /v2.0/security-groups?tenant_id=e5e80de82ba749b89255560f6c30a71c&name=default => generated 2925 bytes in 34 msecs (HTTP/1.1 200) 4 headers in 158 bytes (1 switches on core 0) [pid: 6|app: 0|req: 1295/2552] 10.0.0.197 () {32 vars in 720 bytes} [Fri Jul 24 18:46:41 2026] DELETE /v2.0/ports/724f0a41-ee2e-47ba-b2e5-0dbbc1ea9554 => generated 0 bytes in 290 msecs (HTTP/1.1 204) 3 headers in 131 bytes (1 switches on core 0)
2026-07-24 18:46:41.440 7 INFO neutron.services.segments.plugin [-] Segment 3c5bfe43-447a-4bca-84d0-0a7886a9aacb resource provider aggregate not found
2026-07-24 18:46:41.445 7 INFO neutron.services.segments.plugin [-] Segment 3c5bfe43-447a-4bca-84d0-0a7886a9aacb resource provider aggregate not found
2026-07-24 18:46:41.465 7 INFO neutron.services.segments.plugin [-] Client error retrieving segment 3c5bfe43-447a-4bca-84d0-0a7886a9aacb resource provider; error: Placement Client Error (4xx): {"errors": [{"status": 404, "title": "Not Found", "detail": "The resource could not be found.\n\n No resource provider with uuid 3c5bfe43-447a-4bca-84d0-0a7886a9aacb found for delete ", "request_id": "req-878a6232-829f-4eb6-9b58-13896f93c2df"}]}
2026-07-24 18:46:41.467 7 INFO neutron.services.segments.plugin [-] Client error retrieving segment 3c5bfe43-447a-4bca-84d0-0a7886a9aacb resource provider; error: Placement Client Error (4xx): {"errors": [{"status": 404, "title": "Not Found", "detail": "The resource could not be found.\n\n No resource provider with uuid 3c5bfe43-447a-4bca-84d0-0a7886a9aacb found for delete ", "request_id": "req-e07f0474-b0f7-4e51-a20f-c548f7baa12a"}]}
2026-07-24 18:46:41.543 6 INFO neutron_taas.services.taas.taas_plugin [None req-5011122e-8d0e-4612-abe7-488860ade3cd 18b547cc256f4876b0471a75e660a79c 21fe01ebfbd1497492b8ae3365dc37f2 - - default default] TaaS: Handle Delete Port: 394d5ce1-fd5d-4671-8218-121d94f4112b
2026-07-24 18:46:41.548 6 INFO neutron_taas.services.taas.tap_mirror_plugin [None req-5011122e-8d0e-4612-abe7-488860ade3cd 18b547cc256f4876b0471a75e660a79c 21fe01ebfbd1497492b8ae3365dc37f2 - - default default] Tap Mirror: Handle Delete Port: 394d5ce1-fd5d-4671-8218-121d94f4112b [pid: 6|app: 0|req: 1296/2553] 10.0.0.197 () {32 vars in 720 bytes} [Fri Jul 24 18:46:41 2026] DELETE /v2.0/ports/394d5ce1-fd5d-4671-8218-121d94f4112b => generated 0 bytes in 333 msecs (HTTP/1.1 204) 3 headers in 131 bytes (1 switches on core 0) [pid: 7|app: 0|req: 1258/2554] 10.0.0.197 () {32 vars in 740 bytes} [Fri Jul 24 18:46:41 2026] DELETE /v2.0/security-groups/7098a1ff-e227-4047-8385-19aeac8835a4 => generated 0 bytes in 409 msecs (HTTP/1.1 204) 2 headers in 112 bytes (1 switches on core 0)
2026-07-24 18:46:41.899 6 INFO neutron_taas.services.taas.taas_plugin [None req-1398d3e5-cc5f-4b83-8125-68f741909a9d 18b547cc256f4876b0471a75e660a79c 21fe01ebfbd1497492b8ae3365dc37f2 - - default default] TaaS: Handle Delete Port: 40607656-6744-4ae4-ba8c-a4a36273e609
2026-07-24 18:46:41.903 6 INFO neutron_taas.services.taas.tap_mirror_plugin [None req-1398d3e5-cc5f-4b83-8125-68f741909a9d 18b547cc256f4876b0471a75e660a79c 21fe01ebfbd1497492b8ae3365dc37f2 - - default default] Tap Mirror: Handle Delete Port: 40607656-6744-4ae4-ba8c-a4a36273e609 [pid: 6|app: 0|req: 1297/2555] 10.0.0.197 () {32 vars in 720 bytes} [Fri Jul 24 18:46:41 2026] DELETE /v2.0/ports/40607656-6744-4ae4-ba8c-a4a36273e609 => generated 0 bytes in 306 msecs (HTTP/1.1 204) 3 headers in 131 bytes (1 switches on core 0)
2026-07-24 18:46:42.172 7 INFO neutron_taas.services.taas.taas_plugin [None req-7bc476e0-ca05-448a-a564-b0f7afdcbf60 18b547cc256f4876b0471a75e660a79c 21fe01ebfbd1497492b8ae3365dc37f2 - - default default] TaaS: Handle Delete Port: ec5e347d-9b45-48a9-b86f-40c048bacb61
2026-07-24 18:46:42.175 7 INFO neutron_taas.services.taas.tap_mirror_plugin [None req-7bc476e0-ca05-448a-a564-b0f7afdcbf60 18b547cc256f4876b0471a75e660a79c 21fe01ebfbd1497492b8ae3365dc37f2 - - default default] Tap Mirror: Handle Delete Port: ec5e347d-9b45-48a9-b86f-40c048bacb61 [pid: 7|app: 0|req: 1259/2556] 10.0.0.197 () {32 vars in 726 bytes} [Fri Jul 24 18:46:42 2026] DELETE /v2.0/networks/174ce25e-ed6b-427e-b4f2-12401b27f943 => generated 0 bytes in 367 msecs (HTTP/1.1 204) 3 headers in 131 bytes (1 switches on core 0)
2026-07-24 18:46:42.560 6 INFO neutron_taas.services.taas.taas_plugin [None req-f4061fe3-f159-48a8-a87f-32f05a5a2b90 18b547cc256f4876b0471a75e660a79c 21fe01ebfbd1497492b8ae3365dc37f2 - - default default] TaaS: Handle Delete Port: 11b5c9b5-92b0-4486-936d-0cf2f20e079f
2026-07-24 18:46:42.563 6 INFO neutron_taas.services.taas.tap_mirror_plugin [None req-f4061fe3-f159-48a8-a87f-32f05a5a2b90 18b547cc256f4876b0471a75e660a79c 21fe01ebfbd1497492b8ae3365dc37f2 - - default default] Tap Mirror: Handle Delete Port: 11b5c9b5-92b0-4486-936d-0cf2f20e079f
2026-07-24 18:46:42.785 6 INFO neutron.services.segments.plugin [-] Segment 756ee552-d0a8-4d6f-a8a3-8421662ae651 resource provider aggregate not found
2026-07-24 18:46:42.787 6 INFO neutron.services.segments.plugin [-] Segment 756ee552-d0a8-4d6f-a8a3-8421662ae651 resource provider aggregate not found
2026-07-24 18:46:42.815 6 INFO neutron.services.segments.plugin [-] Client error retrieving segment 756ee552-d0a8-4d6f-a8a3-8421662ae651 resource provider; error: Placement Client Error (4xx): {"errors": [{"status": 404, "title": "Not Found", "detail": "The resource could not be found.\n\n No resource provider with uuid 756ee552-d0a8-4d6f-a8a3-8421662ae651 found for delete ", "request_id": "req-c6e50128-d011-4024-842b-1f346babc88f"}]}
2026-07-24 18:46:42.820 6 INFO neutron.services.segments.plugin [-] Client error retrieving segment 756ee552-d0a8-4d6f-a8a3-8421662ae651 resource provider; error: Placement Client Error (4xx): {"errors": [{"status": 404, "title": "Not Found", "detail": "The resource could not be found.\n\n No resource provider with uuid 756ee552-d0a8-4d6f-a8a3-8421662ae651 found for delete ", "request_id": "req-e6516c23-8c92-4b7f-8e74-f54992774b9d"}]}
2026-07-24 18:46:42.859 7 INFO neutron.db.ovn_revision_numbers_db [None req-8ae4680d-ee37-437b-8e16-057075b76b2a df240721c5c743c19423b46f30be77ee 8533b02f86174b29b5112786ce34a300 - - default default] Successfully bumped revision number for resource 29a51140-9992-4930-aef5-193ca4f5d5cd (type: security_groups) to 1
2026-07-24 18:46:42.880 7 INFO neutron.db.ovn_revision_numbers_db [None req-8ae4680d-ee37-437b-8e16-057075b76b2a df240721c5c743c19423b46f30be77ee 8533b02f86174b29b5112786ce34a300 - - default default] Successfully bumped revision number for resource 1f7819a5-d623-40c9-a972-c5754203d411 (type: security_group_rules) to 0
2026-07-24 18:46:42.896 7 INFO neutron.db.ovn_revision_numbers_db [None req-8ae4680d-ee37-437b-8e16-057075b76b2a df240721c5c743c19423b46f30be77ee 8533b02f86174b29b5112786ce34a300 - - default default] Successfully bumped revision number for resource 84d87544-667c-466d-8157-e5a757e77d5c (type: security_group_rules) to 0 [pid: 6|app: 0|req: 1298/2557] 10.0.0.197 () {32 vars in 726 bytes} [Fri Jul 24 18:46:42 2026] DELETE /v2.0/networks/1517f8f9-bc38-40bf-9d9f-7052a7c984ed => generated 0 bytes in 465 msecs (HTTP/1.1 204) 3 headers in 131 bytes (1 switches on core 0)
2026-07-24 18:46:42.909 7 INFO neutron.db.ovn_revision_numbers_db [None req-8ae4680d-ee37-437b-8e16-057075b76b2a df240721c5c743c19423b46f30be77ee 8533b02f86174b29b5112786ce34a300 - - default default] Successfully bumped revision number for resource b1d72160-c07d-4ca9-97a6-d1b6236a6668 (type: security_group_rules) to 0
2026-07-24 18:46:42.921 7 INFO neutron.db.ovn_revision_numbers_db [None req-8ae4680d-ee37-437b-8e16-057075b76b2a df240721c5c743c19423b46f30be77ee 8533b02f86174b29b5112786ce34a300 - - default default] Successfully bumped revision number for resource f5deecfb-4a02-4313-b038-f580392e4859 (type: security_group_rules) to 0 [pid: 7|app: 0|req: 1260/2558] 10.0.0.197 () {32 vars in 774 bytes} [Fri Jul 24 18:46:42 2026] GET /v2.0/security-groups?tenant_id=91edcf4e56554226806221ea96c334f0&name=default => generated 2925 bytes in 466 msecs (HTTP/1.1 200) 4 headers in 158 bytes (1 switches on core 0)
2026-07-24 18:46:43.029 6 INFO neutron_taas.services.taas.taas_plugin [None req-eaae37b4-c566-4e04-abb1-17587fd0f159 18b547cc256f4876b0471a75e660a79c 21fe01ebfbd1497492b8ae3365dc37f2 - - default default] TaaS: Handle Delete Port: 36c63b0e-8826-477a-b3da-c2e99e8c586a
2026-07-24 18:46:43.033 6 INFO neutron_taas.services.taas.tap_mirror_plugin [None req-eaae37b4-c566-4e04-abb1-17587fd0f159 18b547cc256f4876b0471a75e660a79c 21fe01ebfbd1497492b8ae3365dc37f2 - - default default] Tap Mirror: Handle Delete Port: 36c63b0e-8826-477a-b3da-c2e99e8c586a [pid: 7|app: 0|req: 1261/2559] 10.0.0.197 () {32 vars in 740 bytes} [Fri Jul 24 18:46:42 2026] DELETE /v2.0/security-groups/29a51140-9992-4930-aef5-193ca4f5d5cd => generated 0 bytes in 307 msecs (HTTP/1.1 204) 2 headers in 112 bytes (1 switches on core 0) [pid: 6|app: 0|req: 1299/2562] 10.0.0.197 () {32 vars in 726 bytes} [Fri Jul 24 18:46:42 2026] DELETE /v2.0/networks/491246e3-4cf4-41af-872a-d22b2bddbbc9 => generated 0 bytes in 454 msecs (HTTP/1.1 204) 3 headers in 131 bytes (1 switches on core 0)
2026-07-24 18:46:43.491 7 INFO neutron.services.segments.plugin [-] Segment 8aa20bae-4e1c-4fad-bbbe-c6addecbaa28 resource provider aggregate not found
2026-07-24 18:46:43.495 7 INFO neutron.services.segments.plugin [-] Segment 8aa20bae-4e1c-4fad-bbbe-c6addecbaa28 resource provider aggregate not found
2026-07-24 18:46:43.512 7 INFO neutron.services.segments.plugin [-] Client error retrieving segment 8aa20bae-4e1c-4fad-bbbe-c6addecbaa28 resource provider; error: Placement Client Error (4xx): {"errors": [{"status": 404, "title": "Not Found", "detail": "The resource could not be found.\n\n No resource provider with uuid 8aa20bae-4e1c-4fad-bbbe-c6addecbaa28 found for delete ", "request_id": "req-27c9c76e-c607-4eaf-8f55-59df7cabcddb"}]}
2026-07-24 18:46:43.518 7 INFO neutron.services.segments.plugin [-] Client error retrieving segment 8aa20bae-4e1c-4fad-bbbe-c6addecbaa28 resource provider; error: Placement Client Error (4xx): {"errors": [{"status": 404, "title": "Not Found", "detail": "The resource could not be found.\n\n No resource provider with uuid 8aa20bae-4e1c-4fad-bbbe-c6addecbaa28 found for delete ", "request_id": "req-93f6cf31-a3bc-45dd-bc21-a0532c27ef14"}]}
2026-07-24 18:46:43.531 6 INFO neutron.db.ovn_revision_numbers_db [None req-e5b77c6e-1290-4a6f-b707-3444b96e0817 df240721c5c743c19423b46f30be77ee 8533b02f86174b29b5112786ce34a300 - - default default] Successfully bumped revision number for resource 168ef19f-028c-49a6-b9c7-3188d2043334 (type: security_groups) to 1
2026-07-24 18:46:43.544 6 INFO neutron.db.ovn_revision_numbers_db [None req-e5b77c6e-1290-4a6f-b707-3444b96e0817 df240721c5c743c19423b46f30be77ee 8533b02f86174b29b5112786ce34a300 - - default default] Successfully bumped revision number for resource 52820bbf-67e2-4292-ae3d-d15259f09e42 (type: security_group_rules) to 0
2026-07-24 18:46:43.555 7 INFO neutron_taas.services.taas.taas_plugin [None req-dcc8ed4e-e257-4442-802d-15033eb4d2d0 18b547cc256f4876b0471a75e660a79c 21fe01ebfbd1497492b8ae3365dc37f2 - - default default] TaaS: Handle Delete Port: 392fca39-4adc-45f2-8728-77fa7181c0f2
2026-07-24 18:46:43.558 7 INFO neutron_taas.services.taas.tap_mirror_plugin [None req-dcc8ed4e-e257-4442-802d-15033eb4d2d0 18b547cc256f4876b0471a75e660a79c 21fe01ebfbd1497492b8ae3365dc37f2 - - default default] Tap Mirror: Handle Delete Port: 392fca39-4adc-45f2-8728-77fa7181c0f2
2026-07-24 18:46:43.559 6 INFO neutron.db.ovn_revision_numbers_db [None req-e5b77c6e-1290-4a6f-b707-3444b96e0817 df240721c5c743c19423b46f30be77ee 8533b02f86174b29b5112786ce34a300 - - default default] Successfully bumped revision number for resource 8bdebe7a-abab-4b43-9c64-558028b49c36 (type: security_group_rules) to 0
2026-07-24 18:46:43.573 6 INFO neutron.db.ovn_revision_numbers_db [None req-e5b77c6e-1290-4a6f-b707-3444b96e0817 df240721c5c743c19423b46f30be77ee 8533b02f86174b29b5112786ce34a300 - - default default] Successfully bumped revision number for resource 8f038164-d960-43ed-901b-017e02633492 (type: security_group_rules) to 0
2026-07-24 18:46:43.584 6 INFO neutron.db.ovn_revision_numbers_db [None req-e5b77c6e-1290-4a6f-b707-3444b96e0817 df240721c5c743c19423b46f30be77ee 8533b02f86174b29b5112786ce34a300 - - default default] Successfully bumped revision number for resource 97f8df73-aa19-4ebd-ac06-c9976115bc96 (type: security_group_rules) to 0 [pid: 6|app: 0|req: 1300/2563] 10.0.0.197 () {32 vars in 774 bytes} [Fri Jul 24 18:46:43 2026] GET /v2.0/security-groups?tenant_id=6462443506144b4d957de16190054933&name=default => generated 2925 bytes in 260 msecs (HTTP/1.1 200) 4 headers in 158 bytes (1 switches on core 0) [pid: 7|app: 0|req: 1264/2564] 10.0.0.197 () {32 vars in 726 bytes} [Fri Jul 24 18:46:43 2026] DELETE /v2.0/networks/56da8485-fcb2-42f5-a8ad-45e9b75a2b48 => generated 0 bytes in 458 msecs (HTTP/1.1 204) 3 headers in 131 bytes (1 switches on core 0) [pid: 6|app: 0|req: 1301/2565] 10.0.0.197 () {32 vars in 740 bytes} [Fri Jul 24 18:46:43 2026] DELETE /v2.0/security-groups/168ef19f-028c-49a6-b9c7-3188d2043334 => generated 0 bytes in 373 msecs (HTTP/1.1 204) 2 headers in 112 bytes (1 switches on core 0)
2026-07-24 18:46:44.009 7 INFO neutron_taas.services.taas.taas_plugin [None req-a710ddda-fb2b-46f2-86e8-971016794ac0 18b547cc256f4876b0471a75e660a79c 21fe01ebfbd1497492b8ae3365dc37f2 - - default default] TaaS: Handle Delete Port: e31e5c0b-7bea-4820-89da-105437d771a9
2026-07-24 18:46:44.012 7 INFO neutron_taas.services.taas.tap_mirror_plugin [None req-a710ddda-fb2b-46f2-86e8-971016794ac0 18b547cc256f4876b0471a75e660a79c 21fe01ebfbd1497492b8ae3365dc37f2 - - default default] Tap Mirror: Handle Delete Port: e31e5c0b-7bea-4820-89da-105437d771a9 [pid: 7|app: 0|req: 1265/2566] 10.0.0.197 () {32 vars in 726 bytes} [Fri Jul 24 18:46:43 2026] DELETE /v2.0/networks/837ec630-e4d7-4285-9d6d-e8b20937a58e => generated 0 bytes in 437 msecs (HTTP/1.1 204) 3 headers in 131 bytes (1 switches on core 0)
2026-07-24 18:46:44.839 6 INFO neutron.services.segments.plugin [-] Segment 73b56efd-0df0-40de-8bb4-c3f4a6650870 resource provider aggregate not found
2026-07-24 18:46:44.840 6 INFO neutron.services.segments.plugin [-] Segment 73b56efd-0df0-40de-8bb4-c3f4a6650870 resource provider aggregate not found
2026-07-24 18:46:44.859 6 INFO neutron.services.segments.plugin [-] Client error retrieving segment 73b56efd-0df0-40de-8bb4-c3f4a6650870 resource provider; error: Placement Client Error (4xx): {"errors": [{"status": 404, "title": "Not Found", "detail": "The resource could not be found.\n\n No resource provider with uuid 73b56efd-0df0-40de-8bb4-c3f4a6650870 found for delete ", "request_id": "req-14ccbeb2-7457-46a8-a5f9-dfcb76bafded"}]}
2026-07-24 18:46:44.862 6 INFO neutron.services.segments.plugin [-] Client error retrieving segment 73b56efd-0df0-40de-8bb4-c3f4a6650870 resource provider; error: Placement Client Error (4xx): {"errors": [{"status": 404, "title": "Not Found", "detail": "The resource could not be found.\n\n No resource provider with uuid 73b56efd-0df0-40de-8bb4-c3f4a6650870 found for delete ", "request_id": "req-aebfec33-e54a-4203-be00-68fc295b07cb"}]} [pid: 6|app: 0|req: 1302/2567] 10.0.0.197 () {32 vars in 774 bytes} [Fri Jul 24 18:46:45 2026] GET /v2.0/security-groups?tenant_id=21fe01ebfbd1497492b8ae3365dc37f2&name=default => generated 2925 bytes in 265 msecs (HTTP/1.1 200) 4 headers in 158 bytes (1 switches on core 0)
2026-07-24 18:46:45.534 7 INFO neutron.services.segments.plugin [-] Segment a6c46c6b-4c10-480c-8d59-e774ba56e3c3 resource provider aggregate not found
2026-07-24 18:46:45.540 7 INFO neutron.services.segments.plugin [-] Segment a6c46c6b-4c10-480c-8d59-e774ba56e3c3 resource provider aggregate not found
2026-07-24 18:46:45.554 7 INFO neutron.services.segments.plugin [-] Client error retrieving segment a6c46c6b-4c10-480c-8d59-e774ba56e3c3 resource provider; error: Placement Client Error (4xx): {"errors": [{"status": 404, "title": "Not Found", "detail": "The resource could not be found.\n\n No resource provider with uuid a6c46c6b-4c10-480c-8d59-e774ba56e3c3 found for delete ", "request_id": "req-a2f7f19e-a05d-4d66-8200-4365cff84d2b"}]}
2026-07-24 18:46:45.563 7 INFO neutron.services.segments.plugin [-] Client error retrieving segment a6c46c6b-4c10-480c-8d59-e774ba56e3c3 resource provider; error: Placement Client Error (4xx): {"errors": [{"status": 404, "title": "Not Found", "detail": "The resource could not be found.\n\n No resource provider with uuid a6c46c6b-4c10-480c-8d59-e774ba56e3c3 found for delete ", "request_id": "req-0be2e027-11a3-48f1-97bd-fb58ea24716b"}]}
2026-07-24 18:46:45.581 7 INFO neutron.services.segments.plugin [-] Segment 2563225c-e9cf-442a-a61c-85682ea5f08d resource provider aggregate not found
2026-07-24 18:46:45.590 7 INFO neutron.services.segments.plugin [-] Segment 2563225c-e9cf-442a-a61c-85682ea5f08d resource provider aggregate not found
2026-07-24 18:46:45.609 7 INFO neutron.services.segments.plugin [-] Client error retrieving segment 2563225c-e9cf-442a-a61c-85682ea5f08d resource provider; error: Placement Client Error (4xx): {"errors": [{"status": 404, "title": "Not Found", "detail": "The resource could not be found.\n\n No resource provider with uuid 2563225c-e9cf-442a-a61c-85682ea5f08d found for delete ", "request_id": "req-c2a71b39-9ed2-4536-8e33-f680352a86ed"}]}
2026-07-24 18:46:45.610 7 INFO neutron.services.segments.plugin [-] Client error retrieving segment 2563225c-e9cf-442a-a61c-85682ea5f08d resource provider; error: Placement Client Error (4xx): {"errors": [{"status": 404, "title": "Not Found", "detail": "The resource could not be found.\n\n No resource provider with uuid 2563225c-e9cf-442a-a61c-85682ea5f08d found for delete ", "request_id": "req-143918b0-259d-4346-a4ba-501195de8c98"}]} [pid: 7|app: 0|req: 1266/2568] 10.0.0.197 () {32 vars in 740 bytes} [Fri Jul 24 18:46:45 2026] DELETE /v2.0/security-groups/0bd51e69-9a84-4f56-ae4e-41c318f8bdb6 => generated 0 bytes in 385 msecs (HTTP/1.1 204) 2 headers in 112 bytes (1 switches on core 0)
2026-07-24 18:46:46.162 6 INFO neutron.db.ovn_revision_numbers_db [None req-2e80cd08-11a5-45aa-a10a-11945c90ceed df240721c5c743c19423b46f30be77ee 8533b02f86174b29b5112786ce34a300 - - default default] Successfully bumped revision number for resource 5a84ba99-85d8-4ea7-9322-f813323fecfa (type: security_groups) to 1
2026-07-24 18:46:46.178 6 INFO neutron.db.ovn_revision_numbers_db [None req-2e80cd08-11a5-45aa-a10a-11945c90ceed df240721c5c743c19423b46f30be77ee 8533b02f86174b29b5112786ce34a300 - - default default] Successfully bumped revision number for resource 068b24ba-eaf8-46cb-af6c-bd642499a652 (type: security_group_rules) to 0
2026-07-24 18:46:46.193 6 INFO neutron.db.ovn_revision_numbers_db [None req-2e80cd08-11a5-45aa-a10a-11945c90ceed df240721c5c743c19423b46f30be77ee 8533b02f86174b29b5112786ce34a300 - - default default] Successfully bumped revision number for resource 29b71745-ba0d-4db1-bf18-4bd879748f0e (type: security_group_rules) to 0
2026-07-24 18:46:46.216 6 INFO neutron.db.ovn_revision_numbers_db [None req-2e80cd08-11a5-45aa-a10a-11945c90ceed df240721c5c743c19423b46f30be77ee 8533b02f86174b29b5112786ce34a300 - - default default] Successfully bumped revision number for resource 3b7c5c9c-78a9-43e6-90fc-374b3c09fcf9 (type: security_group_rules) to 0
2026-07-24 18:46:46.236 6 INFO neutron.db.ovn_revision_numbers_db [None req-2e80cd08-11a5-45aa-a10a-11945c90ceed df240721c5c743c19423b46f30be77ee 8533b02f86174b29b5112786ce34a300 - - default default] Successfully bumped revision number for resource 560c774c-69a0-4bf9-a2c8-b20b24f8199c (type: security_group_rules) to 0 [pid: 6|app: 0|req: 1303/2569] 10.0.0.197 () {32 vars in 774 bytes} [Fri Jul 24 18:46:45 2026] GET /v2.0/security-groups?tenant_id=4cd77689ea744803bc163e13b77d7b97&name=default => generated 2925 bytes in 322 msecs (HTTP/1.1 200) 4 headers in 158 bytes (1 switches on core 0) [pid: 7|app: 0|req: 1267/2570] 10.0.0.197 () {32 vars in 740 bytes} [Fri Jul 24 18:46:46 2026] DELETE /v2.0/security-groups/5a84ba99-85d8-4ea7-9322-f813323fecfa => generated 0 bytes in 305 msecs (HTTP/1.1 204) 2 headers in 112 bytes (1 switches on core 0)
2026-07-24 18:46:46.970 7 INFO neutron.db.ovn_revision_numbers_db [None req-322fe422-ff6c-4af3-bca5-20c6fc64c4b5 df240721c5c743c19423b46f30be77ee 8533b02f86174b29b5112786ce34a300 - - default default] Successfully bumped revision number for resource 2b65a10c-1fc6-44a6-a48b-cd3826235bfe (type: security_groups) to 1
2026-07-24 18:46:46.987 7 INFO neutron.db.ovn_revision_numbers_db [None req-322fe422-ff6c-4af3-bca5-20c6fc64c4b5 df240721c5c743c19423b46f30be77ee 8533b02f86174b29b5112786ce34a300 - - default default] Successfully bumped revision number for resource 26b0965e-fc7b-40e7-872a-9e2884781635 (type: security_group_rules) to 0
2026-07-24 18:46:47.000 7 INFO neutron.db.ovn_revision_numbers_db [None req-322fe422-ff6c-4af3-bca5-20c6fc64c4b5 df240721c5c743c19423b46f30be77ee 8533b02f86174b29b5112786ce34a300 - - default default] Successfully bumped revision number for resource 33f980f8-f7eb-4058-91b8-26dcae2e7ae6 (type: security_group_rules) to 0
2026-07-24 18:46:47.013 7 INFO neutron.db.ovn_revision_numbers_db [None req-322fe422-ff6c-4af3-bca5-20c6fc64c4b5 df240721c5c743c19423b46f30be77ee 8533b02f86174b29b5112786ce34a300 - - default default] Successfully bumped revision number for resource a0def651-7a6e-4b9f-a4e2-d970aa6e1711 (type: security_group_rules) to 0
2026-07-24 18:46:47.025 7 INFO neutron.db.ovn_revision_numbers_db [None req-322fe422-ff6c-4af3-bca5-20c6fc64c4b5 df240721c5c743c19423b46f30be77ee 8533b02f86174b29b5112786ce34a300 - - default default] Successfully bumped revision number for resource af4252fd-e104-41f2-8044-e60dbd871785 (type: security_group_rules) to 0 [pid: 7|app: 0|req: 1268/2571] 10.0.0.197 () {32 vars in 774 bytes} [Fri Jul 24 18:46:46 2026] GET /v2.0/security-groups?tenant_id=5c8439196240405a94180de6340332db&name=default => generated 2925 bytes in 297 msecs (HTTP/1.1 200) 4 headers in 158 bytes (1 switches on core 0)
2026-07-24 18:46:47.163 6 INFO neutron.db.ovn_revision_numbers_db [None req-fcdd3252-784f-4787-b98e-e9f8ad81bb53 df240721c5c743c19423b46f30be77ee 8533b02f86174b29b5112786ce34a300 - - default default] Successfully bumped revision number for resource c772d860-438d-41d8-9036-2e29660f7c9d (type: security_groups) to 1
2026-07-24 18:46:47.176 6 INFO neutron.db.ovn_revision_numbers_db [None req-fcdd3252-784f-4787-b98e-e9f8ad81bb53 df240721c5c743c19423b46f30be77ee 8533b02f86174b29b5112786ce34a300 - - default default] Successfully bumped revision number for resource 05badda6-5e17-46b6-adf0-7de2b2374128 (type: security_group_rules) to 0
2026-07-24 18:46:47.189 6 INFO neutron.db.ovn_revision_numbers_db [None req-fcdd3252-784f-4787-b98e-e9f8ad81bb53 df240721c5c743c19423b46f30be77ee 8533b02f86174b29b5112786ce34a300 - - default default] Successfully bumped revision number for resource 83ce4d2a-4ffd-42af-ad34-716a94ecc2a8 (type: security_group_rules) to 0
2026-07-24 18:46:47.201 6 INFO neutron.db.ovn_revision_numbers_db [None req-fcdd3252-784f-4787-b98e-e9f8ad81bb53 df240721c5c743c19423b46f30be77ee 8533b02f86174b29b5112786ce34a300 - - default default] Successfully bumped revision number for resource 87d9af9d-f38f-4d6e-ada2-9f2b31315d82 (type: security_group_rules) to 0
