2026-07-24 18:46:02.462 6 INFO neutron.db.ovn_revision_numbers_db [None req-b7224064-6bdc-4763-84d9-6350aa30ab19 7db5c5d1eb4d4a91abd90b2ba49b090b 5db306f2f03d49b3982d189cb926ec8a - - default default] Successfully bumped revision number for resource d50bc31c-6579-4e57-8123-eac3f0721d4d (type: routers) to 2 [pid: 6|app: 0|req: 1199/2325] 10.0.0.197 () {34 vars in 669 bytes} [Fri Jul 24 18:46:00 2026] POST /v2.0/routers => generated 937 bytes in 1812 msecs (HTTP/1.1 201) 4 headers in 162 bytes (1 switches on core 0) [pid: 7|app: 0|req: 1127/2326] 10.0.0.197 () {32 vars in 740 bytes} [Fri Jul 24 18:46:02 2026] DELETE /v2.0/security-groups/591c8828-9e6a-4d23-af00-a75abe96321d => generated 0 bytes in 356 msecs (HTTP/1.1 204) 2 headers in 112 bytes (1 switches on core 0) [pid: 6|app: 0|req: 1200/2327] 199.19.213.107 () {34 vars in 930 bytes} [Fri Jul 24 18:46:02 2026] GET /v2.0/networks?shared=True => generated 753 bytes in 69 msecs (HTTP/1.1 200) 4 headers in 157 bytes (1 switches on core 0)
2026-07-24 18:46:02.678 6 INFO neutron.api.v2.resource [None req-fe67a0eb-8c29-4313-b122-b5c07739a71a 7103dbf7def646908b6bd3dae807404d c3fdc3e33a3e46a39d0a11f5b93d5947 - - default default] create failed (client error): The server could not comply with the request since it is either malformed or otherwise incorrect. [pid: 6|app: 0|req: 1201/2328] 10.0.0.197 () {34 vars in 685 bytes} [Fri Jul 24 18:46:02 2026] POST /v2.0/vpn/vpnservices => generated 194 bytes in 121 msecs (HTTP/1.1 400) 4 headers in 166 bytes (1 switches on core 0)
2026-07-24 18:46:02.730 7 INFO neutron.db.ovn_revision_numbers_db [None req-9bfd430a-b537-44bd-b6eb-505c1968e610 df240721c5c743c19423b46f30be77ee 8533b02f86174b29b5112786ce34a300 - - default default] Successfully bumped revision number for resource 014b73a3-c39d-427f-8bbb-7e2f7bf214b7 (type: security_groups) to 1
2026-07-24 18:46:02.749 7 INFO neutron.db.ovn_revision_numbers_db [None req-9bfd430a-b537-44bd-b6eb-505c1968e610 df240721c5c743c19423b46f30be77ee 8533b02f86174b29b5112786ce34a300 - - default default] Successfully bumped revision number for resource 1a9e3071-592b-422b-a204-34dcf874f726 (type: security_group_rules) to 0
2026-07-24 18:46:02.767 7 INFO neutron.db.ovn_revision_numbers_db [None req-9bfd430a-b537-44bd-b6eb-505c1968e610 df240721c5c743c19423b46f30be77ee 8533b02f86174b29b5112786ce34a300 - - default default] Successfully bumped revision number for resource 5cea0fc8-0ad3-40ff-903c-7deb07b1a850 (type: security_group_rules) to 0
2026-07-24 18:46:02.787 7 INFO neutron.db.ovn_revision_numbers_db [None req-9bfd430a-b537-44bd-b6eb-505c1968e610 df240721c5c743c19423b46f30be77ee 8533b02f86174b29b5112786ce34a300 - - default default] Successfully bumped revision number for resource 70cdea9c-8a6b-44b2-8890-53bb26683438 (type: security_group_rules) to 0
2026-07-24 18:46:02.812 7 INFO neutron.db.ovn_revision_numbers_db [None req-9bfd430a-b537-44bd-b6eb-505c1968e610 df240721c5c743c19423b46f30be77ee 8533b02f86174b29b5112786ce34a300 - - default default] Successfully bumped revision number for resource fad20367-9adb-45c7-9178-fa7189bd5bf8 (type: security_group_rules) to 0 [pid: 7|app: 0|req: 1128/2329] 10.0.0.197 () {32 vars in 774 bytes} [Fri Jul 24 18:46:02 2026] GET /v2.0/security-groups?tenant_id=7863e0a09b3c483ba00bacccd476c164&name=default => generated 2925 bytes in 304 msecs (HTTP/1.1 200) 4 headers in 158 bytes (1 switches on core 0)
2026-07-24 18:46:02.895 6 INFO neutron_taas.services.taas.taas_plugin [None req-5ce06e8d-49ad-46f8-b849-1660d4ae2669 7103dbf7def646908b6bd3dae807404d c3fdc3e33a3e46a39d0a11f5b93d5947 - - default default] TaaS: Handle Delete Port: 689ef0bd-00b2-4d4f-a580-aa0523234d19
2026-07-24 18:46:02.898 6 INFO neutron_taas.services.taas.tap_mirror_plugin [None req-5ce06e8d-49ad-46f8-b849-1660d4ae2669 7103dbf7def646908b6bd3dae807404d c3fdc3e33a3e46a39d0a11f5b93d5947 - - default default] Tap Mirror: Handle Delete Port: 689ef0bd-00b2-4d4f-a580-aa0523234d19 [pid: 7|app: 0|req: 1129/2330] 10.0.0.197 () {32 vars in 740 bytes} [Fri Jul 24 18:46:02 2026] DELETE /v2.0/security-groups/014b73a3-c39d-427f-8bbb-7e2f7bf214b7 => generated 0 bytes in 341 msecs (HTTP/1.1 204) 2 headers in 112 bytes (1 switches on core 0) [pid: 7|app: 0|req: 1130/2331] 10.0.0.120 () {34 vars in 990 bytes} [Fri Jul 24 18:46:03 2026] GET /v2.0/ports?device_id=b7802bb6-59a5-4aa4-a6c2-30228492ae31 => generated 969 bytes in 45 msecs (HTTP/1.1 200) 4 headers in 157 bytes (1 switches on core 0) [pid: 7|app: 0|req: 1131/2332] 10.0.0.120 () {34 vars in 1040 bytes} [Fri Jul 24 18:46:03 2026] GET /v2.0/security-groups?id=cacf2280-bef7-41fc-aac5-3d4594dabf38&fields=id&fields=name => generated 88 bytes in 32 msecs (HTTP/1.1 200) 4 headers in 156 bytes (1 switches on core 0)
2026-07-24 18:46:03.317 6 INFO neutron.services.segments.plugin [-] Segment 549fc1b8-8485-4f4a-a535-413870ae6a0d resource provider aggregate not found
2026-07-24 18:46:03.322 6 INFO neutron.services.segments.plugin [-] Segment 549fc1b8-8485-4f4a-a535-413870ae6a0d resource provider aggregate not found
2026-07-24 18:46:03.346 6 INFO neutron.services.segments.plugin [-] Client error retrieving segment 549fc1b8-8485-4f4a-a535-413870ae6a0d resource provider; error: Placement Client Error (4xx): {"errors": [{"status": 404, "title": "Not Found", "detail": "The resource could not be found.\n\n No resource provider with uuid 549fc1b8-8485-4f4a-a535-413870ae6a0d found for delete ", "request_id": "req-30aa5dcb-a0ad-4367-846b-64284fcac60e"}]}
2026-07-24 18:46:03.357 6 INFO neutron.services.segments.plugin [-] Client error retrieving segment 549fc1b8-8485-4f4a-a535-413870ae6a0d resource provider; error: Placement Client Error (4xx): {"errors": [{"status": 404, "title": "Not Found", "detail": "The resource could not be found.\n\n No resource provider with uuid 549fc1b8-8485-4f4a-a535-413870ae6a0d found for delete ", "request_id": "req-3e74a2c6-9f34-4d65-9680-baf4251624a9"}]} [pid: 6|app: 0|req: 1202/2333] 10.0.0.197 () {32 vars in 726 bytes} [Fri Jul 24 18:46:02 2026] DELETE /v2.0/networks/54899443-0bbf-4c20-8ce9-c0ae1f06168f => generated 0 bytes in 721 msecs (HTTP/1.1 204) 3 headers in 131 bytes (1 switches on core 0)
2026-07-24 18:46:03.513 7 INFO neutron.db.ovn_revision_numbers_db [None req-7fa71c43-6ff6-4715-a027-9cc13445aebe df240721c5c743c19423b46f30be77ee 8533b02f86174b29b5112786ce34a300 - - default default] Successfully bumped revision number for resource ad9275d1-f898-427b-bd37-ef30676b1b71 (type: security_groups) to 1
2026-07-24 18:46:03.525 7 INFO neutron.db.ovn_revision_numbers_db [None req-7fa71c43-6ff6-4715-a027-9cc13445aebe df240721c5c743c19423b46f30be77ee 8533b02f86174b29b5112786ce34a300 - - default default] Successfully bumped revision number for resource 18fd5b66-3e0d-4591-a729-0e110dc4bfdc (type: security_group_rules) to 0
2026-07-24 18:46:03.541 7 INFO neutron.db.ovn_revision_numbers_db [None req-7fa71c43-6ff6-4715-a027-9cc13445aebe df240721c5c743c19423b46f30be77ee 8533b02f86174b29b5112786ce34a300 - - default default] Successfully bumped revision number for resource 7a1b658c-29ed-4faa-9c4a-dde5ff2fcfba (type: security_group_rules) to 0
2026-07-24 18:46:03.553 7 INFO neutron.db.ovn_revision_numbers_db [None req-7fa71c43-6ff6-4715-a027-9cc13445aebe df240721c5c743c19423b46f30be77ee 8533b02f86174b29b5112786ce34a300 - - default default] Successfully bumped revision number for resource c5c00cf7-a327-4b49-aa9c-633373f468fd (type: security_group_rules) to 0
2026-07-24 18:46:03.569 7 INFO neutron.db.ovn_revision_numbers_db [None req-7fa71c43-6ff6-4715-a027-9cc13445aebe df240721c5c743c19423b46f30be77ee 8533b02f86174b29b5112786ce34a300 - - default default] Successfully bumped revision number for resource efe5df6b-8df3-4a52-8405-2ec0353f0945 (type: security_group_rules) to 0 [pid: 7|app: 0|req: 1132/2334] 10.0.0.197 () {32 vars in 774 bytes} [Fri Jul 24 18:46:03 2026] GET /v2.0/security-groups?tenant_id=e983a3febe904c5f86286034830904a4&name=default => generated 2925 bytes in 316 msecs (HTTP/1.1 200) 4 headers in 158 bytes (1 switches on core 0) [pid: 7|app: 0|req: 1133/2335] 199.19.213.107 () {34 vars in 1080 bytes} [Fri Jul 24 18:46:03 2026] GET /v2.0/ports?tenant_id=0941848c1aca4286afbbd19e5c61f054&device_id=b7802bb6-59a5-4aa4-a6c2-30228492ae31 => generated 1207 bytes in 35 msecs (HTTP/1.1 200) 4 headers in 158 bytes (1 switches on core 0)
2026-07-24 18:46:03.852 6 INFO neutron_taas.services.taas.taas_plugin [None req-cd7d814e-171b-4c56-a38c-e14850d73c6e 7103dbf7def646908b6bd3dae807404d c3fdc3e33a3e46a39d0a11f5b93d5947 - - default default] TaaS: Handle Delete Port: e9ac0aca-43e9-46f6-8623-4f0e844d7262
2026-07-24 18:46:03.867 6 INFO neutron_taas.services.taas.tap_mirror_plugin [None req-cd7d814e-171b-4c56-a38c-e14850d73c6e 7103dbf7def646908b6bd3dae807404d c3fdc3e33a3e46a39d0a11f5b93d5947 - - default default] Tap Mirror: Handle Delete Port: e9ac0aca-43e9-46f6-8623-4f0e844d7262 [pid: 7|app: 0|req: 1134/2336] 10.0.0.197 () {32 vars in 740 bytes} [Fri Jul 24 18:46:03 2026] DELETE /v2.0/security-groups/ad9275d1-f898-427b-bd37-ef30676b1b71 => generated 0 bytes in 369 msecs (HTTP/1.1 204) 2 headers in 112 bytes (1 switches on core 0) [pid: 7|app: 0|req: 1135/2337] 199.19.213.107 () {34 vars in 1058 bytes} [Fri Jul 24 18:46:04 2026] GET /v2.0/floatingips?fixed_ip_address=10.100.0.5&port_id=4b0b7b76-8784-40c4-b4d4-ae899ec20195 => generated 19 bytes in 22 msecs (HTTP/1.1 200) 4 headers in 156 bytes (1 switches on core 0) [pid: 7|app: 0|req: 1136/2338] 199.19.213.107 () {34 vars in 984 bytes} [Fri Jul 24 18:46:04 2026] GET /v2.0/subnets?id=2128836c-0f76-47df-91fd-19a291e95f61 => generated 696 bytes in 36 msecs (HTTP/1.1 200) 4 headers in 157 bytes (1 switches on core 0) [pid: 7|app: 0|req: 1137/2339] 199.19.213.107 () {34 vars in 1052 bytes} [Fri Jul 24 18:46:04 2026] GET /v2.0/ports?network_id=17eb0941-029a-4b75-8ad1-ad35cdc78c05&device_owner=network%3Adhcp => generated 12 bytes in 25 msecs (HTTP/1.1 200) 4 headers in 156 bytes (1 switches on core 0) [pid: 7|app: 0|req: 1138/2340] 199.19.213.107 () {34 vars in 1012 bytes} [Fri Jul 24 18:46:04 2026] GET /v2.0/networks/17eb0941-029a-4b75-8ad1-ad35cdc78c05?fields=segments => generated 14 bytes in 86 msecs (HTTP/1.1 200) 4 headers in 156 bytes (1 switches on core 0) [pid: 7|app: 0|req: 1139/2341] 199.19.213.107 () {34 vars in 1112 bytes} [Fri Jul 24 18:46:04 2026] GET /v2.0/networks/17eb0941-029a-4b75-8ad1-ad35cdc78c05?fields=provider%3Aphysical_network&fields=provider%3Anetwork_type => generated 79 bytes in 46 msecs (HTTP/1.1 200) 4 headers in 156 bytes (1 switches on core 0) [pid: 7|app: 0|req: 1140/2342] 10.0.0.120 () {34 vars in 990 bytes} [Fri Jul 24 18:46:04 2026] GET /v2.0/ports?device_id=b7802bb6-59a5-4aa4-a6c2-30228492ae31 => generated 969 bytes in 55 msecs (HTTP/1.1 200) 4 headers in 157 bytes (1 switches on core 0) [pid: 6|app: 0|req: 1203/2343] 10.0.0.197 () {32 vars in 724 bytes} [Fri Jul 24 18:46:03 2026] DELETE /v2.0/routers/d50bc31c-6579-4e57-8123-eac3f0721d4d => generated 0 bytes in 1075 msecs (HTTP/1.1 204) 2 headers in 112 bytes (1 switches on core 0) [pid: 7|app: 0|req: 1141/2344] 10.0.0.120 () {34 vars in 1040 bytes} [Fri Jul 24 18:46:04 2026] GET /v2.0/security-groups?id=cacf2280-bef7-41fc-aac5-3d4594dabf38&fields=id&fields=name => generated 88 bytes in 54 msecs (HTTP/1.1 200) 4 headers in 156 bytes (1 switches on core 0)
2026-07-24 18:46:04.495 6 WARNING neutron.api.v2.base [None req-0129bee3-061b-4cce-9971-0b9b841e5e4f 7db5c5d1eb4d4a91abd90b2ba49b090b 5db306f2f03d49b3982d189cb926ec8a - - default default] An exception happened while processing the request body. The exception message is [Invalid input for description. Reason: 'yyyyyyyyyyyyyyyyyyyyyyyyyyyyyyyyyyyyyyyyyyyyyyyyyyyyyyyyyyyyyyyyyyyyyyyyyyyyyyyyyyyyyyyyyyyyyyyyyyyyyyyyyyyyyyyyyyyyyyyyyyyyyyyyyyyyyyyyyyyyyyyyyyyyyyyyyyyyyyyyyyyyyyyyyyyyyyyyyyyyyyyyyyyyyyyyyyyyyyyyyyyyyyyyyyyyyyyyyyyyyyyyyyyyyyyyyyyyyyyyyyyyyyyyyyyyyyyy' exceeds maximum length of 255.].: webob.exc.HTTPBadRequest: Invalid input for description. Reason: 'yyyyyyyyyyyyyyyyyyyyyyyyyyyyyyyyyyyyyyyyyyyyyyyyyyyyyyyyyyyyyyyyyyyyyyyyyyyyyyyyyyyyyyyyyyyyyyyyyyyyyyyyyyyyyyyyyyyyyyyyyyyyyyyyyyyyyyyyyyyyyyyyyyyyyyyyyyyyyyyyyyyyyyyyyyyyyyyyyyyyyyyyyyyyyyyyyyyyyyyyyyyyyyyyyyyyyyyyyyyyyyyyyyyyyyyyyyyyyyyyyyyyyyyyyyyyyyyy' exceeds maximum length of 255.
2026-07-24 18:46:04.496 6 INFO neutron.api.v2.resource [None req-0129bee3-061b-4cce-9971-0b9b841e5e4f 7db5c5d1eb4d4a91abd90b2ba49b090b 5db306f2f03d49b3982d189cb926ec8a - - default default] create failed (client error): Invalid input for description. Reason: 'yyyyyyyyyyyyyyyyyyyyyyyyyyyyyyyyyyyyyyyyyyyyyyyyyyyyyyyyyyyyyyyyyyyyyyyyyyyyyyyyyyyyyyyyyyyyyyyyyyyyyyyyyyyyyyyyyyyyyyyyyyyyyyyyyyyyyyyyyyyyyyyyyyyyyyyyyyyyyyyyyyyyyyyyyyyyyyyyyyyyyyyyyyyyyyyyyyyyyyyyyyyyyyyyyyyyyyyyyyyyyyyyyyyyyyyyyyyyyyyyyyyyyyyyyyyyyyyy' exceeds maximum length of 255. [pid: 6|app: 0|req: 1204/2345] 10.0.0.197 () {34 vars in 685 bytes} [Fri Jul 24 18:46:04 2026] POST /v2.0/vpn/vpnservices => generated 401 bytes in 5 msecs (HTTP/1.1 400) 4 headers in 166 bytes (1 switches on core 0)
2026-07-24 18:46:04.511 7 WARNING neutron.api.v2.base [None req-d398579f-3562-4868-a853-3c9fc78c6493 7db5c5d1eb4d4a91abd90b2ba49b090b 5db306f2f03d49b3982d189cb926ec8a - - default default] An exception happened while processing the request body. The exception message is [Invalid input for name. Reason: 'xxxxxxxxxxxxxxxxxxxxxxxxxxxxxxxxxxxxxxxxxxxxxxxxxxxxxxxxxxxxxxxxxxxxxxxxxxxxxxxxxxxxxxxxxxxxxxxxxxxxxxxxxxxxxxxxxxxxxxxxxxxxxxxxxxxxxxxxxxxxxxxxxxxxxxxxxxxxxxxxxxxxxxxxxxxxxxxxxxxxxxxxxxxxxxxxxxxxxxxxxxxxxxxxxxxxxxxxxxxxxxxxxxxxxxxxxxxxxxxxxxxxxxxxxxxxxxxx' exceeds maximum length of 255.].: webob.exc.HTTPBadRequest: Invalid input for name. Reason: 'xxxxxxxxxxxxxxxxxxxxxxxxxxxxxxxxxxxxxxxxxxxxxxxxxxxxxxxxxxxxxxxxxxxxxxxxxxxxxxxxxxxxxxxxxxxxxxxxxxxxxxxxxxxxxxxxxxxxxxxxxxxxxxxxxxxxxxxxxxxxxxxxxxxxxxxxxxxxxxxxxxxxxxxxxxxxxxxxxxxxxxxxxxxxxxxxxxxxxxxxxxxxxxxxxxxxxxxxxxxxxxxxxxxxxxxxxxxxxxxxxxxxxxxxxxxxxxxx' exceeds maximum length of 255.
2026-07-24 18:46:04.512 7 INFO neutron.api.v2.resource [None req-d398579f-3562-4868-a853-3c9fc78c6493 7db5c5d1eb4d4a91abd90b2ba49b090b 5db306f2f03d49b3982d189cb926ec8a - - default default] create failed (client error): Invalid input for name. Reason: 'xxxxxxxxxxxxxxxxxxxxxxxxxxxxxxxxxxxxxxxxxxxxxxxxxxxxxxxxxxxxxxxxxxxxxxxxxxxxxxxxxxxxxxxxxxxxxxxxxxxxxxxxxxxxxxxxxxxxxxxxxxxxxxxxxxxxxxxxxxxxxxxxxxxxxxxxxxxxxxxxxxxxxxxxxxxxxxxxxxxxxxxxxxxxxxxxxxxxxxxxxxxxxxxxxxxxxxxxxxxxxxxxxxxxxxxxxxxxxxxxxxxxxxxxxxxxxxxx' exceeds maximum length of 255. [pid: 7|app: 0|req: 1142/2346] 10.0.0.197 () {34 vars in 685 bytes} [Fri Jul 24 18:46:04 2026] POST /v2.0/vpn/vpnservices => generated 394 bytes in 12 msecs (HTTP/1.1 400) 4 headers in 166 bytes (1 switches on core 0)
2026-07-24 18:46:04.552 6 INFO neutron.api.v2.resource [None req-f65891f4-3727-4098-aa86-77ab9003d7ca 7db5c5d1eb4d4a91abd90b2ba49b090b 5db306f2f03d49b3982d189cb926ec8a - - default default] create failed (client error): The server could not comply with the request since it is either malformed or otherwise incorrect. [pid: 6|app: 0|req: 1205/2347] 10.0.0.197 () {34 vars in 693 bytes} [Fri Jul 24 18:46:04 2026] POST /v2.0/vpn/endpoint-groups => generated 183 bytes in 34 msecs (HTTP/1.1 400) 4 headers in 166 bytes (1 switches on core 0)
2026-07-24 18:46:04.619 7 INFO neutron.api.v2.resource [None req-fa7e42b8-e9fa-4d00-b5b5-f2569e7c1e46 7db5c5d1eb4d4a91abd90b2ba49b090b 5db306f2f03d49b3982d189cb926ec8a - - default default] create failed (client error): The server could not comply with the request since it is either malformed or otherwise incorrect. [pid: 7|app: 0|req: 1143/2348] 10.0.0.197 () {34 vars in 693 bytes} [Fri Jul 24 18:46:04 2026] POST /v2.0/vpn/endpoint-groups => generated 160 bytes in 61 msecs (HTTP/1.1 400) 4 headers in 166 bytes (1 switches on core 0)
2026-07-24 18:46:04.661 6 INFO neutron.api.v2.resource [None req-a188e985-a938-4c5b-ad4e-9ffd7764dabe 7db5c5d1eb4d4a91abd90b2ba49b090b 5db306f2f03d49b3982d189cb926ec8a - - default default] create failed (client error): The server could not comply with the request since it is either malformed or otherwise incorrect. [pid: 6|app: 0|req: 1206/2349] 10.0.0.197 () {34 vars in 693 bytes} [Fri Jul 24 18:46:04 2026] POST /v2.0/vpn/endpoint-groups => generated 154 bytes in 36 msecs (HTTP/1.1 400) 4 headers in 166 bytes (1 switches on core 0) [pid: 7|app: 0|req: 1144/2350] 10.0.0.197 () {32 vars in 663 bytes} [Fri Jul 24 18:46:04 2026] GET /v2.0/vpn/ikepolicies => generated 406 bytes in 14 msecs (HTTP/1.1 200) 4 headers in 157 bytes (1 switches on core 0) [pid: 6|app: 0|req: 1207/2351] 10.0.0.197 () {32 vars in 667 bytes} [Fri Jul 24 18:46:04 2026] GET /v2.0/vpn/ipsecpolicies => generated 416 bytes in 19 msecs (HTTP/1.1 200) 4 headers in 157 bytes (1 switches on core 0) [pid: 7|app: 0|req: 1145/2352] 10.0.0.197 () {32 vars in 685 bytes} [Fri Jul 24 18:46:04 2026] GET /v2.0/vpn/ipsec-site-connections => generated 805 bytes in 25 msecs (HTTP/1.1 200) 4 headers in 157 bytes (1 switches on core 0) [pid: 6|app: 0|req: 1208/2353] 10.0.0.197 () {32 vars in 663 bytes} [Fri Jul 24 18:46:04 2026] GET /v2.0/vpn/vpnservices => generated 869 bytes in 18 msecs (HTTP/1.1 200) 4 headers in 157 bytes (1 switches on core 0) [pid: 7|app: 0|req: 1146/2354] 10.0.0.197 () {32 vars in 745 bytes} [Fri Jul 24 18:46:04 2026] GET /v2.0/vpn/endpoint-groups/ca1a5885-30f4-499c-9ba9-7b9c457e3a69 => generated 329 bytes in 16 msecs (HTTP/1.1 200) 4 headers in 157 bytes (1 switches on core 0) [pid: 6|app: 0|req: 1209/2355] 10.0.0.197 () {32 vars in 745 bytes} [Fri Jul 24 18:46:04 2026] GET /v2.0/vpn/endpoint-groups/87e14170-df3e-4b65-b65f-f205229d84a6 => generated 320 bytes in 20 msecs (HTTP/1.1 200) 4 headers in 157 bytes (1 switches on core 0) [pid: 7|app: 0|req: 1147/2356] 10.0.0.197 () {32 vars in 737 bytes} [Fri Jul 24 18:46:04 2026] GET /v2.0/vpn/ikepolicies/86bfff48-3ba3-486f-a0c4-aa0569f88259 => generated 402 bytes in 13 msecs (HTTP/1.1 200) 4 headers in 157 bytes (1 switches on core 0) [pid: 6|app: 0|req: 1210/2357] 10.0.0.197 () {32 vars in 741 bytes} [Fri Jul 24 18:46:04 2026] GET /v2.0/vpn/ipsecpolicies/7051dfc0-a09c-44e0-a916-385c5e01a78a => generated 412 bytes in 23 msecs (HTTP/1.1 200) 4 headers in 157 bytes (1 switches on core 0) [pid: 7|app: 0|req: 1148/2358] 10.0.0.197 () {32 vars in 737 bytes} [Fri Jul 24 18:46:04 2026] GET /v2.0/vpn/vpnservices/b3f9eefc-eaf1-4862-88cc-369c85c16e55 => generated 457 bytes in 29 msecs (HTTP/1.1 200) 4 headers in 157 bytes (1 switches on core 0) [pid: 7|app: 0|req: 1149/2359] 10.0.0.120 () {34 vars in 990 bytes} [Fri Jul 24 18:46:05 2026] GET /v2.0/ports?device_id=b7802bb6-59a5-4aa4-a6c2-30228492ae31 => generated 969 bytes in 42 msecs (HTTP/1.1 200) 4 headers in 157 bytes (1 switches on core 0)
2026-07-24 18:46:05.625 6 INFO neutron.db.ovn_revision_numbers_db [None req-cc1dd26c-13e6-4717-a901-165a29d2f9a3 7db5c5d1eb4d4a91abd90b2ba49b090b 5db306f2f03d49b3982d189cb926ec8a - - default default] Successfully bumped revision number for resource 6478bf02-7dbd-42cc-a5b6-4df3bf117b30 (type: routers) to 10 [pid: 6|app: 0|req: 1211/2360] 10.0.0.197 () {32 vars in 762 bytes} [Fri Jul 24 18:46:04 2026] DELETE /v2.0/vpn/ipsec-site-connections/518a1939-b613-46c0-910d-e581278c66e6 => generated 0 bytes in 724 msecs (HTTP/1.1 204) 2 headers in 112 bytes (1 switches on core 0) [pid: 7|app: 0|req: 1150/2361] 10.0.0.120 () {34 vars in 1040 bytes} [Fri Jul 24 18:46:05 2026] GET /v2.0/security-groups?id=cacf2280-bef7-41fc-aac5-3d4594dabf38&fields=id&fields=name => generated 88 bytes in 39 msecs (HTTP/1.1 200) 4 headers in 156 bytes (1 switches on core 0) [pid: 6|app: 0|req: 1212/2362] 10.0.0.197 () {32 vars in 748 bytes} [Fri Jul 24 18:46:05 2026] DELETE /v2.0/vpn/endpoint-groups/ca1a5885-30f4-499c-9ba9-7b9c457e3a69 => generated 0 bytes in 36 msecs (HTTP/1.1 204) 2 headers in 112 bytes (1 switches on core 0) [pid: 7|app: 0|req: 1151/2363] 10.0.0.197 () {32 vars in 748 bytes} [Fri Jul 24 18:46:05 2026] DELETE /v2.0/vpn/endpoint-groups/87e14170-df3e-4b65-b65f-f205229d84a6 => generated 0 bytes in 26 msecs (HTTP/1.1 204) 2 headers in 112 bytes (1 switches on core 0) [pid: 6|app: 0|req: 1213/2364] 10.0.0.197 () {32 vars in 744 bytes} [Fri Jul 24 18:46:05 2026] DELETE /v2.0/vpn/ipsecpolicies/7051dfc0-a09c-44e0-a916-385c5e01a78a => generated 0 bytes in 35 msecs (HTTP/1.1 204) 2 headers in 112 bytes (1 switches on core 0) [pid: 7|app: 0|req: 1152/2365] 10.0.0.197 () {32 vars in 740 bytes} [Fri Jul 24 18:46:05 2026] DELETE /v2.0/vpn/ikepolicies/86bfff48-3ba3-486f-a0c4-aa0569f88259 => generated 0 bytes in 27 msecs (HTTP/1.1 204) 2 headers in 112 bytes (1 switches on core 0) [pid: 6|app: 0|req: 1214/2366] 10.0.0.197 () {32 vars in 740 bytes} [Fri Jul 24 18:46:05 2026] DELETE /v2.0/vpn/vpnservices/b3f9eefc-eaf1-4862-88cc-369c85c16e55 => generated 0 bytes in 61 msecs (HTTP/1.1 204) 2 headers in 112 bytes (1 switches on core 0)
2026-07-24 18:46:06.108 7 INFO neutron_taas.services.taas.taas_plugin [None req-7a8010c6-bacd-4663-89af-2b5fdda18849 7db5c5d1eb4d4a91abd90b2ba49b090b 5db306f2f03d49b3982d189cb926ec8a - - default default] TaaS: Handle Delete Port: 9629ee77-7260-4490-a340-af2d3bf3652e
2026-07-24 18:46:06.111 7 INFO neutron_taas.services.taas.tap_mirror_plugin [None req-7a8010c6-bacd-4663-89af-2b5fdda18849 7db5c5d1eb4d4a91abd90b2ba49b090b 5db306f2f03d49b3982d189cb926ec8a - - default default] Tap Mirror: Handle Delete Port: 9629ee77-7260-4490-a340-af2d3bf3652e
2026-07-24 18:46:06.444 7 INFO neutron_taas.services.taas.taas_plugin [None req-b1e6213a-5ef3-45b1-8cfd-d9ffff788a04 - - - - - -] TaaS: Handle Delete Port: 86aaeb90-cd1a-4e96-a50a-5d765085cf35
2026-07-24 18:46:06.447 7 INFO neutron_taas.services.taas.tap_mirror_plugin [None req-b1e6213a-5ef3-45b1-8cfd-d9ffff788a04 - - - - - -] Tap Mirror: Handle Delete Port: 86aaeb90-cd1a-4e96-a50a-5d765085cf35 [pid: 6|app: 0|req: 1215/2367] 10.0.0.120 () {34 vars in 990 bytes} [Fri Jul 24 18:46:06 2026] GET /v2.0/ports?device_id=b7802bb6-59a5-4aa4-a6c2-30228492ae31 => generated 969 bytes in 106 msecs (HTTP/1.1 200) 4 headers in 157 bytes (1 switches on core 0) [pid: 6|app: 0|req: 1216/2368] 10.0.0.120 () {34 vars in 1040 bytes} [Fri Jul 24 18:46:06 2026] GET /v2.0/security-groups?id=cacf2280-bef7-41fc-aac5-3d4594dabf38&fields=id&fields=name => generated 88 bytes in 33 msecs (HTTP/1.1 200) 4 headers in 156 bytes (1 switches on core 0)
2026-07-24 18:46:06.883 7 INFO neutron_taas.services.taas.taas_plugin [None req-27db2dff-2b8e-482a-8cb5-345fe717bda5 - - - - - -] TaaS: Handle Delete Port: 8987697b-00f4-46cd-9d47-3b513ddf138c
2026-07-24 18:46:06.887 7 INFO neutron_taas.services.taas.tap_mirror_plugin [None req-27db2dff-2b8e-482a-8cb5-345fe717bda5 - - - - - -] Tap Mirror: Handle Delete Port: 8987697b-00f4-46cd-9d47-3b513ddf138c
2026-07-24 18:46:07.568 6 INFO neutron.db.ovn_revision_numbers_db [None req-c0690025-4ebd-4536-a655-d7ef6ff36cfb 18ae17b9b50e40fd92aec3d4b550f435 57948c5f1ea24a97914467cb6a33aadd - - default default] Successfully bumped revision number for resource 1e3350da-a7e2-4b55-b931-5b56ac216030 (type: security_groups) to 1
2026-07-24 18:46:07.582 6 INFO neutron.db.ovn_revision_numbers_db [None req-c0690025-4ebd-4536-a655-d7ef6ff36cfb 18ae17b9b50e40fd92aec3d4b550f435 57948c5f1ea24a97914467cb6a33aadd - - default default] Successfully bumped revision number for resource 0f60236c-857e-42ab-b794-48b83d365e39 (type: security_group_rules) to 0
2026-07-24 18:46:07.597 6 INFO neutron.db.ovn_revision_numbers_db [None req-c0690025-4ebd-4536-a655-d7ef6ff36cfb 18ae17b9b50e40fd92aec3d4b550f435 57948c5f1ea24a97914467cb6a33aadd - - default default] Successfully bumped revision number for resource 4b152c58-62f5-4ab1-adcd-513049ae0778 (type: security_group_rules) to 0
2026-07-24 18:46:07.613 6 WARNING neutron.plugins.ml2.drivers.ovn.mech_driver.ovsdb.ovn_client [None req-d1702a56-09e2-4d02-959b-329ee5b6ac95 - - - - - -] No port found with ID e9ac0aca-43e9-46f6-8623-4f0e844d7262: RuntimeError: No port found with ID e9ac0aca-43e9-46f6-8623-4f0e844d7262
2026-07-24 18:46:07.614 6 INFO neutron.plugins.ml2.drivers.ovn.mech_driver.mech_driver [None req-d1702a56-09e2-4d02-959b-329ee5b6ac95 - - - - - -] OVN reports status up for port: 4b0b7b76-8784-40c4-b4d4-ae899ec20195
2026-07-24 18:46:07.623 6 INFO neutron.db.ovn_revision_numbers_db [None req-c0690025-4ebd-4536-a655-d7ef6ff36cfb 18ae17b9b50e40fd92aec3d4b550f435 57948c5f1ea24a97914467cb6a33aadd - - default default] Successfully bumped revision number for resource 84996542-793b-4b93-938b-4ad40977ed89 (type: security_group_rules) to 0
2026-07-24 18:46:07.628 6 INFO neutron.plugins.ml2.plugin [None req-d1702a56-09e2-4d02-959b-329ee5b6ac95 - - - - - -] Attempt 1 to provision port 4b0b7b76-8784-40c4-b4d4-ae899ec20195
2026-07-24 18:46:07.643 6 INFO neutron.db.ovn_revision_numbers_db [None req-c0690025-4ebd-4536-a655-d7ef6ff36cfb 18ae17b9b50e40fd92aec3d4b550f435 57948c5f1ea24a97914467cb6a33aadd - - default default] Successfully bumped revision number for resource d777be1c-f4e2-4be3-87e4-3f0bcd5eeb39 (type: security_group_rules) to 0
2026-07-24 18:46:07.778 6 INFO neutron.db.segments_db [None req-c0690025-4ebd-4536-a655-d7ef6ff36cfb 18ae17b9b50e40fd92aec3d4b550f435 57948c5f1ea24a97914467cb6a33aadd - - default default] Added segment 5ddb39e2-1b10-41c7-93a4-9f84f0757e6e of type geneve for network 59c6a08f-7f6d-40e9-b540-3440dc372076
2026-07-24 18:46:07.823 6 INFO neutron.notifiers.nova [-] Nova event matching ['req-192c91b4-0681-401e-b665-df983d3c17b2'] response: {'server_uuid': 'b7802bb6-59a5-4aa4-a6c2-30228492ae31', 'name': 'network-vif-plugged', 'status': 'completed', 'tag': '4b0b7b76-8784-40c4-b4d4-ae899ec20195', 'code': 200}
2026-07-24 18:46:08.081 6 INFO neutron.db.ovn_revision_numbers_db [None req-c0690025-4ebd-4536-a655-d7ef6ff36cfb 18ae17b9b50e40fd92aec3d4b550f435 57948c5f1ea24a97914467cb6a33aadd - - default default] Successfully bumped revision number for resource 59c6a08f-7f6d-40e9-b540-3440dc372076 (type: networks) to 1
2026-07-24 18:46:08.104 7 INFO neutron_taas.services.taas.taas_plugin [None req-27db2dff-2b8e-482a-8cb5-345fe717bda5 - - - - - -] TaaS: Handle Delete Port: a08ac214-5f7d-4169-aae9-1fceaf2cf532
2026-07-24 18:46:08.109 7 INFO neutron_taas.services.taas.tap_mirror_plugin [None req-27db2dff-2b8e-482a-8cb5-345fe717bda5 - - - - - -] Tap Mirror: Handle Delete Port: a08ac214-5f7d-4169-aae9-1fceaf2cf532
2026-07-24 18:46:08.171 6 INFO neutron.db.ovn_revision_numbers_db [None req-d1702a56-09e2-4d02-959b-329ee5b6ac95 - - - - - -] Successfully bumped revision number for resource 4b0b7b76-8784-40c4-b4d4-ae899ec20195 (type: ports) to 5
2026-07-24 18:46:08.348 7 INFO neutron.services.segments.plugin [-] Segment 35a31224-2d4a-4df0-940d-9ef64c09a244 resource provider aggregate not found
2026-07-24 18:46:08.356 7 INFO neutron.services.segments.plugin [-] Segment 35a31224-2d4a-4df0-940d-9ef64c09a244 resource provider aggregate not found
2026-07-24 18:46:08.384 7 INFO neutron.services.segments.plugin [-] Client error retrieving segment 35a31224-2d4a-4df0-940d-9ef64c09a244 resource provider; error: Placement Client Error (4xx): {"errors": [{"status": 404, "title": "Not Found", "detail": "The resource could not be found.\n\n No resource provider with uuid 35a31224-2d4a-4df0-940d-9ef64c09a244 found for delete ", "request_id": "req-53047b09-7a52-4aba-aedd-225d0885f5ae"}]}
2026-07-24 18:46:08.384 7 INFO neutron.services.segments.plugin [-] Client error retrieving segment 35a31224-2d4a-4df0-940d-9ef64c09a244 resource provider; error: Placement Client Error (4xx): {"errors": [{"status": 404, "title": "Not Found", "detail": "The resource could not be found.\n\n No resource provider with uuid 35a31224-2d4a-4df0-940d-9ef64c09a244 found for delete ", "request_id": "req-14e0f528-5ea5-4975-8367-cbab625f786a"}]} [pid: 7|app: 0|req: 1153/2369] 10.0.0.197 () {32 vars in 740 bytes} [Fri Jul 24 18:46:05 2026] DELETE /v2.0/vpn/vpnservices/2d634340-19ef-4c57-8ddf-aa0f3c045e90 => generated 0 bytes in 2578 msecs (HTTP/1.1 204) 2 headers in 112 bytes (1 switches on core 0) /var/lib/openstack/lib/python3.12/site-packages/pycadf/identifier.py:70: UserWarning: Invalid uuid: neutron. To ensure interoperability, identifiers should be a valid uuid. warnings.warn(('Invalid uuid: %s. To ensure interoperability, '
2026-07-24 18:46:08.481 6 WARNING neutron.scheduler.dhcp_agent_scheduler [None req-c0690025-4ebd-4536-a655-d7ef6ff36cfb 18ae17b9b50e40fd92aec3d4b550f435 57948c5f1ea24a97914467cb6a33aadd - - default default] No more DHCP agents
2026-07-24 18:46:08.483 6 WARNING neutron.api.rpc.agentnotifiers.dhcp_rpc_agent_api [None req-c0690025-4ebd-4536-a655-d7ef6ff36cfb 18ae17b9b50e40fd92aec3d4b550f435 57948c5f1ea24a97914467cb6a33aadd - - default default] Unable to schedule network 59c6a08f-7f6d-40e9-b540-3440dc372076: no agents available; will retry on subsequent port and subnet creation events. [pid: 7|app: 0|req: 1154/2370] 10.0.0.120 () {34 vars in 990 bytes} [Fri Jul 24 18:46:08 2026] GET /v2.0/ports?device_id=b7802bb6-59a5-4aa4-a6c2-30228492ae31 => generated 971 bytes in 69 msecs (HTTP/1.1 200) 4 headers in 157 bytes (1 switches on core 0)
2026-07-24 18:46:08.572 6 INFO neutron.plugins.ml2.drivers.ovn.mech_driver.mech_driver [None req-335aca22-7cfb-4839-aae7-b43b2be62491 - - - - - -] OVN reports status down for port: 94ba1927-b369-4c0f-b884-deb3ad75816a [pid: 7|app: 0|req: 1155/2371] 10.0.0.197 () {32 vars in 721 bytes} [Fri Jul 24 18:46:08 2026] GET /v2.0/routers/6478bf02-7dbd-42cc-a5b6-4df3bf117b30 => generated 942 bytes in 117 msecs (HTTP/1.1 200) 4 headers in 157 bytes (1 switches on core 0)
2026-07-24 18:46:08.658 6 INFO neutron.db.ovn_revision_numbers_db [None req-c0690025-4ebd-4536-a655-d7ef6ff36cfb 18ae17b9b50e40fd92aec3d4b550f435 57948c5f1ea24a97914467cb6a33aadd - - default default] Successfully bumped revision number for resource 94ba1927-b369-4c0f-b884-deb3ad75816a (type: ports) to 1 [pid: 7|app: 0|req: 1156/2372] 10.0.0.120 () {34 vars in 1040 bytes} [Fri Jul 24 18:46:08 2026] GET /v2.0/security-groups?id=cacf2280-bef7-41fc-aac5-3d4594dabf38&fields=id&fields=name => generated 88 bytes in 36 msecs (HTTP/1.1 200) 4 headers in 156 bytes (1 switches on core 0) [pid: 6|app: 0|req: 1217/2373] 10.0.0.197 () {34 vars in 670 bytes} [Fri Jul 24 18:46:07 2026] POST /v2.0/networks => generated 631 bytes in 1641 msecs (HTTP/1.1 201) 4 headers in 162 bytes (1 switches on core 0) /var/lib/openstack/lib/python3.12/site-packages/pycadf/identifier.py:70: UserWarning: Invalid uuid: neutron. To ensure interoperability, identifiers should be a valid uuid. warnings.warn(('Invalid uuid: %s. To ensure interoperability, '
2026-07-24 18:46:09.135 7 INFO neutron.db.ovn_revision_numbers_db [None req-f94d4788-6ba0-4518-a9af-9deb58073cd1 4a32b0fe0e8148feb6f00543070ae9f0 c8e3a12345b34ad89f1e2f49b516d889 - - default default] Successfully bumped revision number for resource e9244084-083b-40e5-adaf-a7de4ccda03a (type: security_groups) to 1
2026-07-24 18:46:09.147 7 INFO neutron.db.ovn_revision_numbers_db [None req-f94d4788-6ba0-4518-a9af-9deb58073cd1 4a32b0fe0e8148feb6f00543070ae9f0 c8e3a12345b34ad89f1e2f49b516d889 - - default default] Successfully bumped revision number for resource 129d95e5-d80b-4590-823a-f30ce62fa7e1 (type: security_group_rules) to 0
2026-07-24 18:46:09.158 7 INFO neutron.db.ovn_revision_numbers_db [None req-f94d4788-6ba0-4518-a9af-9deb58073cd1 4a32b0fe0e8148feb6f00543070ae9f0 c8e3a12345b34ad89f1e2f49b516d889 - - default default] Successfully bumped revision number for resource 2074587a-c3b4-4c81-9dab-607c2484e902 (type: security_group_rules) to 0
2026-07-24 18:46:09.173 7 INFO neutron.db.ovn_revision_numbers_db [None req-f94d4788-6ba0-4518-a9af-9deb58073cd1 4a32b0fe0e8148feb6f00543070ae9f0 c8e3a12345b34ad89f1e2f49b516d889 - - default default] Successfully bumped revision number for resource 22894f94-fd8a-40be-bc5d-267141ca86be (type: security_group_rules) to 0
2026-07-24 18:46:09.184 7 INFO neutron.db.ovn_revision_numbers_db [None req-f94d4788-6ba0-4518-a9af-9deb58073cd1 4a32b0fe0e8148feb6f00543070ae9f0 c8e3a12345b34ad89f1e2f49b516d889 - - default default] Successfully bumped revision number for resource 7fb6d892-e010-4193-b9af-3dd9b77a94a0 (type: security_group_rules) to 0
2026-07-24 18:46:09.250 7 INFO neutron.db.segments_db [None req-f94d4788-6ba0-4518-a9af-9deb58073cd1 4a32b0fe0e8148feb6f00543070ae9f0 c8e3a12345b34ad89f1e2f49b516d889 - - default default] Added segment 5fa107ec-91da-4060-b204-91a0a4da4431 of type geneve for network 00b46382-997a-4610-adae-c1e8adbf0a5a
2026-07-24 18:46:09.414 7 INFO neutron.db.ovn_revision_numbers_db [None req-f94d4788-6ba0-4518-a9af-9deb58073cd1 4a32b0fe0e8148feb6f00543070ae9f0 c8e3a12345b34ad89f1e2f49b516d889 - - default default] Successfully bumped revision number for resource 00b46382-997a-4610-adae-c1e8adbf0a5a (type: networks) to 1
2026-07-24 18:46:09.554 6 INFO neutron.db.ovn_revision_numbers_db [None req-9193545a-c716-41eb-8d51-ecf547984c56 7db5c5d1eb4d4a91abd90b2ba49b090b 5db306f2f03d49b3982d189cb926ec8a - - default default] Successfully bumped revision number for resource 6478bf02-7dbd-42cc-a5b6-4df3bf117b30 (type: routers) to 11 [pid: 6|app: 0|req: 1218/2374] 10.0.0.197 () {34 vars in 742 bytes} [Fri Jul 24 18:46:08 2026] PUT /v2.0/routers/6478bf02-7dbd-42cc-a5b6-4df3bf117b30 => generated 942 bytes in 825 msecs (HTTP/1.1 200) 4 headers in 157 bytes (1 switches on core 0)
2026-07-24 18:46:09.605 7 WARNING neutron.scheduler.dhcp_agent_scheduler [None req-f94d4788-6ba0-4518-a9af-9deb58073cd1 4a32b0fe0e8148feb6f00543070ae9f0 c8e3a12345b34ad89f1e2f49b516d889 - - default default] No more DHCP agents
2026-07-24 18:46:09.606 7 WARNING neutron.api.rpc.agentnotifiers.dhcp_rpc_agent_api [None req-f94d4788-6ba0-4518-a9af-9deb58073cd1 4a32b0fe0e8148feb6f00543070ae9f0 c8e3a12345b34ad89f1e2f49b516d889 - - default default] Unable to schedule network 00b46382-997a-4610-adae-c1e8adbf0a5a: no agents available; will retry on subsequent port and subnet creation events.
2026-07-24 18:46:09.669 6 INFO neutron.db.segments_db [None req-e1a59364-edd7-4b1e-a219-0dd74839f706 18ae17b9b50e40fd92aec3d4b550f435 57948c5f1ea24a97914467cb6a33aadd - - default default] Added segment ea0e0444-b631-4d6c-a2d7-a8fbe66c6993 of type geneve for network 6a99474c-84bf-4d6b-acf5-3c0eb252bcbe
2026-07-24 18:46:09.724 6 INFO neutron.plugins.ml2.drivers.ovn.mech_driver.mech_driver [None req-335aca22-7cfb-4839-aae7-b43b2be62491 - - - - - -] OVN reports status down for port: 5418283a-3a0b-4755-bbc1-22857caff20c
2026-07-24 18:46:09.747 7 INFO neutron.db.ovn_revision_numbers_db [None req-f94d4788-6ba0-4518-a9af-9deb58073cd1 4a32b0fe0e8148feb6f00543070ae9f0 c8e3a12345b34ad89f1e2f49b516d889 - - default default] Successfully bumped revision number for resource 5418283a-3a0b-4755-bbc1-22857caff20c (type: ports) to 1 [pid: 7|app: 0|req: 1157/2375] 10.0.0.197 () {34 vars in 670 bytes} [Fri Jul 24 18:46:08 2026] POST /v2.0/networks => generated 632 bytes in 1110 msecs (HTTP/1.1 201) 4 headers in 162 bytes (1 switches on core 0)
2026-07-24 18:46:09.871 6 INFO neutron.notifiers.nova [-] Nova event matching ['req-9e6c8573-4061-42ec-b422-bb1dfa686267'] response: {'server_uuid': 'b7802bb6-59a5-4aa4-a6c2-30228492ae31', 'name': 'network-vif-plugged', 'status': 'completed', 'tag': '4b0b7b76-8784-40c4-b4d4-ae899ec20195', 'code': 200} [pid: 7|app: 0|req: 1158/2376] 10.0.0.197 () {32 vars in 736 bytes} [Fri Jul 24 18:46:09 2026] GET /v2.0/ports?device_id=6478bf02-7dbd-42cc-a5b6-4df3bf117b30 => generated 946 bytes in 101 msecs (HTTP/1.1 200) 4 headers in 157 bytes (1 switches on core 0)
2026-07-24 18:46:09.917 6 INFO neutron.db.ovn_revision_numbers_db [None req-e1a59364-edd7-4b1e-a219-0dd74839f706 18ae17b9b50e40fd92aec3d4b550f435 57948c5f1ea24a97914467cb6a33aadd - - default default] Successfully bumped revision number for resource 6a99474c-84bf-4d6b-acf5-3c0eb252bcbe (type: networks) to 1 [pid: 7|app: 0|req: 1159/2377] 10.0.0.120 () {34 vars in 990 bytes} [Fri Jul 24 18:46:09 2026] GET /v2.0/ports?device_id=b7802bb6-59a5-4aa4-a6c2-30228492ae31 => generated 971 bytes in 40 msecs (HTTP/1.1 200) 4 headers in 157 bytes (1 switches on core 0)
2026-07-24 18:46:10.108 6 WARNING neutron.scheduler.dhcp_agent_scheduler [None req-e1a59364-edd7-4b1e-a219-0dd74839f706 18ae17b9b50e40fd92aec3d4b550f435 57948c5f1ea24a97914467cb6a33aadd - - default default] No more DHCP agents
2026-07-24 18:46:10.110 6 WARNING neutron.api.rpc.agentnotifiers.dhcp_rpc_agent_api [None req-e1a59364-edd7-4b1e-a219-0dd74839f706 18ae17b9b50e40fd92aec3d4b550f435 57948c5f1ea24a97914467cb6a33aadd - - default default] Unable to schedule network 6a99474c-84bf-4d6b-acf5-3c0eb252bcbe: no agents available; will retry on subsequent port and subnet creation events.
2026-07-24 18:46:10.123 7 WARNING neutron.scheduler.dhcp_agent_scheduler [None req-cb14d6f9-7d33-4085-b640-06c5f6a81e7c 4a32b0fe0e8148feb6f00543070ae9f0 c8e3a12345b34ad89f1e2f49b516d889 - - default default] No more DHCP agents
2026-07-24 18:46:10.126 7 WARNING neutron.api.rpc.agentnotifiers.dhcp_rpc_agent_api [None req-cb14d6f9-7d33-4085-b640-06c5f6a81e7c 4a32b0fe0e8148feb6f00543070ae9f0 c8e3a12345b34ad89f1e2f49b516d889 - - default default] Unable to schedule network 00b46382-997a-4610-adae-c1e8adbf0a5a: no agents available; will retry on subsequent port and subnet creation events.
2026-07-24 18:46:10.231 6 INFO neutron.plugins.ml2.drivers.ovn.mech_driver.mech_driver [None req-335aca22-7cfb-4839-aae7-b43b2be62491 - - - - - -] OVN reports status down for port: 2eda1803-35d2-4351-b3ee-53743ec354e5
2026-07-24 18:46:10.363 7 INFO neutron.db.ovn_revision_numbers_db [None req-cb14d6f9-7d33-4085-b640-06c5f6a81e7c 4a32b0fe0e8148feb6f00543070ae9f0 c8e3a12345b34ad89f1e2f49b516d889 - - default default] Successfully bumped revision number for resource ba1edb03-cc2b-4cb6-ae4b-d03f091326b5 (type: ports) to 1
2026-07-24 18:46:10.407 6 INFO neutron.db.ovn_revision_numbers_db [None req-e1a59364-edd7-4b1e-a219-0dd74839f706 18ae17b9b50e40fd92aec3d4b550f435 57948c5f1ea24a97914467cb6a33aadd - - default default] Successfully bumped revision number for resource 2eda1803-35d2-4351-b3ee-53743ec354e5 (type: ports) to 1 [pid: 7|app: 0|req: 1160/2378] 10.0.0.197 () {34 vars in 664 bytes} [Fri Jul 24 18:46:09 2026] POST /v2.0/ports => generated 743 bytes in 506 msecs (HTTP/1.1 201) 4 headers in 162 bytes (1 switches on core 0) /var/lib/openstack/lib/python3.12/site-packages/pycadf/identifier.py:70: UserWarning: Invalid uuid: neutron. To ensure interoperability, identifiers should be a valid uuid. warnings.warn(('Invalid uuid: %s. To ensure interoperability, '
2026-07-24 18:46:10.468 6 INFO neutron.plugins.ml2.drivers.ovn.mech_driver.mech_driver [None req-335aca22-7cfb-4839-aae7-b43b2be62491 - - - - - -] OVN reports status down for port: ba1edb03-cc2b-4cb6-ae4b-d03f091326b5 [pid: 6|app: 0|req: 1219/2379] 10.0.0.197 () {34 vars in 670 bytes} [Fri Jul 24 18:46:09 2026] POST /v2.0/networks => generated 631 bytes in 905 msecs (HTTP/1.1 201) 4 headers in 162 bytes (1 switches on core 0) [pid: 6|app: 0|req: 1220/2380] 10.0.0.120 () {34 vars in 1040 bytes} [Fri Jul 24 18:46:10 2026] GET /v2.0/security-groups?id=cacf2280-bef7-41fc-aac5-3d4594dabf38&fields=id&fields=name => generated 88 bytes in 63 msecs (HTTP/1.1 200) 4 headers in 156 bytes (1 switches on core 0)
2026-07-24 18:46:10.774 7 INFO neutron_taas.services.taas.taas_plugin [None req-18bda28a-6981-46b7-9e01-adac32b159a5 7db5c5d1eb4d4a91abd90b2ba49b090b 5db306f2f03d49b3982d189cb926ec8a - - default default] TaaS: Handle Delete Port: 402bfa21-9493-4b74-806b-c514b5d29ace
2026-07-24 18:46:10.780 7 INFO neutron_taas.services.taas.tap_mirror_plugin [None req-18bda28a-6981-46b7-9e01-adac32b159a5 7db5c5d1eb4d4a91abd90b2ba49b090b 5db306f2f03d49b3982d189cb926ec8a - - default default] Tap Mirror: Handle Delete Port: 402bfa21-9493-4b74-806b-c514b5d29ace [pid: 6|app: 0|req: 1221/2381] 10.0.0.197 () {34 vars in 666 bytes} [Fri Jul 24 18:46:10 2026] POST /v2.0/trunks => generated 409 bytes in 296 msecs (HTTP/1.1 201) 4 headers in 162 bytes (1 switches on core 0)
2026-07-24 18:46:10.929 6 INFO neutron.db.segments_db [None req-78415614-8a41-4ca1-81c0-a2107c619bf2 18ae17b9b50e40fd92aec3d4b550f435 57948c5f1ea24a97914467cb6a33aadd - - default default] Added segment dfbe4e7d-b8d5-4f02-b102-5b0c56819fa1 of type geneve for network ee410ad4-6958-4ed9-a844-ac33b1e019b3
2026-07-24 18:46:11.101 6 INFO neutron.db.ovn_revision_numbers_db [None req-78415614-8a41-4ca1-81c0-a2107c619bf2 18ae17b9b50e40fd92aec3d4b550f435 57948c5f1ea24a97914467cb6a33aadd - - default default] Successfully bumped revision number for resource ee410ad4-6958-4ed9-a844-ac33b1e019b3 (type: networks) to 1
2026-07-24 18:46:11.293 6 WARNING neutron.scheduler.dhcp_agent_scheduler [None req-78415614-8a41-4ca1-81c0-a2107c619bf2 18ae17b9b50e40fd92aec3d4b550f435 57948c5f1ea24a97914467cb6a33aadd - - default default] No more DHCP agents
2026-07-24 18:46:11.294 6 WARNING neutron.api.rpc.agentnotifiers.dhcp_rpc_agent_api [None req-78415614-8a41-4ca1-81c0-a2107c619bf2 18ae17b9b50e40fd92aec3d4b550f435 57948c5f1ea24a97914467cb6a33aadd - - default default] Unable to schedule network ee410ad4-6958-4ed9-a844-ac33b1e019b3: no agents available; will retry on subsequent port and subnet creation events.
2026-07-24 18:46:11.379 6 INFO neutron.plugins.ml2.drivers.ovn.mech_driver.mech_driver [None req-335aca22-7cfb-4839-aae7-b43b2be62491 - - - - - -] OVN reports status down for port: 8c552ed5-8254-440c-b44f-07dd901576e3 [pid: 7|app: 0|req: 1161/2382] 10.0.0.197 () {34 vars in 789 bytes} [Fri Jul 24 18:46:10 2026] PUT /v2.0/routers/6478bf02-7dbd-42cc-a5b6-4df3bf117b30/remove_router_interface => generated 309 bytes in 996 msecs (HTTP/1.1 200) 4 headers in 157 bytes (1 switches on core 0) /var/lib/openstack/lib/python3.12/site-packages/pycadf/identifier.py:70: UserWarning: Invalid uuid: neutron. To ensure interoperability, identifiers should be a valid uuid. warnings.warn(('Invalid uuid: %s. To ensure interoperability, ' [pid: 7|app: 0|req: 1162/2383] 10.0.0.120 () {34 vars in 990 bytes} [Fri Jul 24 18:46:11 2026] GET /v2.0/ports?device_id=b7802bb6-59a5-4aa4-a6c2-30228492ae31 => generated 971 bytes in 42 msecs (HTTP/1.1 200) 4 headers in 157 bytes (1 switches on core 0)
2026-07-24 18:46:11.482 6 INFO neutron.db.ovn_revision_numbers_db [None req-78415614-8a41-4ca1-81c0-a2107c619bf2 18ae17b9b50e40fd92aec3d4b550f435 57948c5f1ea24a97914467cb6a33aadd - - default default] Successfully bumped revision number for resource 8c552ed5-8254-440c-b44f-07dd901576e3 (type: ports) to 1 [pid: 6|app: 0|req: 1222/2384] 10.0.0.197 () {34 vars in 670 bytes} [Fri Jul 24 18:46:10 2026] POST /v2.0/networks => generated 632 bytes in 687 msecs (HTTP/1.1 201) 4 headers in 162 bytes (1 switches on core 0)
2026-07-24 18:46:11.571 7 INFO neutron.db.segments_db [None req-b34aeff8-9428-447a-9d80-35af6340e9cd 4a32b0fe0e8148feb6f00543070ae9f0 c8e3a12345b34ad89f1e2f49b516d889 - - default default] Added segment 736de523-8cf6-4356-a940-aa91e8759eb0 of type geneve for network 1fa8ed66-d946-4cfd-93ff-e3006b5a33bd
2026-07-24 18:46:11.715 7 INFO neutron.db.ovn_revision_numbers_db [None req-b34aeff8-9428-447a-9d80-35af6340e9cd 4a32b0fe0e8148feb6f00543070ae9f0 c8e3a12345b34ad89f1e2f49b516d889 - - default default] Successfully bumped revision number for resource 1fa8ed66-d946-4cfd-93ff-e3006b5a33bd (type: networks) to 1
2026-07-24 18:46:11.905 6 INFO neutron.plugins.ml2.drivers.ovn.mech_driver.mech_driver [None req-335aca22-7cfb-4839-aae7-b43b2be62491 - - - - - -] OVN reports status down for port: 4b0b7b76-8784-40c4-b4d4-ae899ec20195
2026-07-24 18:46:11.961 7 WARNING neutron.scheduler.dhcp_agent_scheduler [None req-b34aeff8-9428-447a-9d80-35af6340e9cd 4a32b0fe0e8148feb6f00543070ae9f0 c8e3a12345b34ad89f1e2f49b516d889 - - default default] No more DHCP agents
2026-07-24 18:46:11.963 7 WARNING neutron.api.rpc.agentnotifiers.dhcp_rpc_agent_api [None req-b34aeff8-9428-447a-9d80-35af6340e9cd 4a32b0fe0e8148feb6f00543070ae9f0 c8e3a12345b34ad89f1e2f49b516d889 - - default default] Unable to schedule network 1fa8ed66-d946-4cfd-93ff-e3006b5a33bd: no agents available; will retry on subsequent port and subnet creation events.
2026-07-24 18:46:12.080 7 INFO neutron.db.ovn_revision_numbers_db [None req-b34aeff8-9428-447a-9d80-35af6340e9cd 4a32b0fe0e8148feb6f00543070ae9f0 c8e3a12345b34ad89f1e2f49b516d889 - - default default] Successfully bumped revision number for resource 06a063fb-c9cd-4aa8-bf04-f25b5fb6a9d8 (type: ports) to 1 [pid: 7|app: 0|req: 1163/2385] 10.0.0.197 () {34 vars in 670 bytes} [Fri Jul 24 18:46:11 2026] POST /v2.0/networks => generated 631 bytes in 637 msecs (HTTP/1.1 201) 4 headers in 162 bytes (1 switches on core 0)
2026-07-24 18:46:12.132 6 INFO neutron_taas.services.taas.taas_plugin [None req-bdbc57b2-f4d1-450c-b756-5986ed580ded 7db5c5d1eb4d4a91abd90b2ba49b090b 5db306f2f03d49b3982d189cb926ec8a - - default default] TaaS: Handle Delete Port: ffa2f026-7ca8-4180-9f13-1982823df2ed [pid: 7|app: 0|req: 1164/2386] 10.0.0.120 () {34 vars in 1040 bytes} [Fri Jul 24 18:46:12 2026] GET /v2.0/security-groups?id=cacf2280-bef7-41fc-aac5-3d4594dabf38&fields=id&fields=name => generated 88 bytes in 28 msecs (HTTP/1.1 200) 4 headers in 156 bytes (1 switches on core 0)
2026-07-24 18:46:12.141 6 INFO neutron.notifiers.nova [-] Nova event matching ['req-b98be2fd-1688-4223-8ac3-fe3221b02a0d'] response: {'server_uuid': 'b7802bb6-59a5-4aa4-a6c2-30228492ae31', 'name': 'network-vif-unplugged', 'status': 'completed', 'tag': '4b0b7b76-8784-40c4-b4d4-ae899ec20195', 'code': 200}
2026-07-24 18:46:12.142 6 INFO neutron_taas.services.taas.tap_mirror_plugin [None req-bdbc57b2-f4d1-450c-b756-5986ed580ded 7db5c5d1eb4d4a91abd90b2ba49b090b 5db306f2f03d49b3982d189cb926ec8a - - default default] Tap Mirror: Handle Delete Port: ffa2f026-7ca8-4180-9f13-1982823df2ed
2026-07-24 18:46:12.231 7 INFO neutron.db.segments_db [None req-65a10f38-57ae-4a77-9081-18c753c2c713 18ae17b9b50e40fd92aec3d4b550f435 57948c5f1ea24a97914467cb6a33aadd - - default default] Added segment 1c763466-ab56-42a8-bb6c-aa775d0b5c97 of type geneve for network b632f7da-5b55-4b97-a997-57557a1e59c9
2026-07-24 18:46:12.382 7 INFO neutron.db.ovn_revision_numbers_db [None req-65a10f38-57ae-4a77-9081-18c753c2c713 18ae17b9b50e40fd92aec3d4b550f435 57948c5f1ea24a97914467cb6a33aadd - - default default] Successfully bumped revision number for resource b632f7da-5b55-4b97-a997-57557a1e59c9 (type: networks) to 1
2026-07-24 18:46:12.445 6 INFO neutron.db.ovn_revision_numbers_db [None req-335aca22-7cfb-4839-aae7-b43b2be62491 - - - - - -] Successfully bumped revision number for resource 4b0b7b76-8784-40c4-b4d4-ae899ec20195 (type: ports) to 6
2026-07-24 18:46:12.580 6 INFO neutron.plugins.ml2.drivers.ovn.mech_driver.mech_driver [None req-1e54aaf2-547b-403b-9600-de24cb338256 - - - - - -] OVN reports status down for port: 06a063fb-c9cd-4aa8-bf04-f25b5fb6a9d8
2026-07-24 18:46:12.619 7 WARNING neutron.scheduler.dhcp_agent_scheduler [None req-65a10f38-57ae-4a77-9081-18c753c2c713 18ae17b9b50e40fd92aec3d4b550f435 57948c5f1ea24a97914467cb6a33aadd - - default default] No more DHCP agents
2026-07-24 18:46:12.621 7 WARNING neutron.api.rpc.agentnotifiers.dhcp_rpc_agent_api [None req-65a10f38-57ae-4a77-9081-18c753c2c713 18ae17b9b50e40fd92aec3d4b550f435 57948c5f1ea24a97914467cb6a33aadd - - default default] Unable to schedule network b632f7da-5b55-4b97-a997-57557a1e59c9: no agents available; will retry on subsequent port and subnet creation events.
2026-07-24 18:46:12.747 7 INFO neutron.db.ovn_revision_numbers_db [None req-65a10f38-57ae-4a77-9081-18c753c2c713 18ae17b9b50e40fd92aec3d4b550f435 57948c5f1ea24a97914467cb6a33aadd - - default default] Successfully bumped revision number for resource 0cd3e334-d697-4ef0-801f-e70f9794d138 (type: ports) to 1 [pid: 7|app: 0|req: 1165/2387] 10.0.0.197 () {34 vars in 670 bytes} [Fri Jul 24 18:46:12 2026] POST /v2.0/networks => generated 631 bytes in 639 msecs (HTTP/1.1 201) 4 headers in 162 bytes (1 switches on core 0)
2026-07-24 18:46:12.837 6 INFO neutron.plugins.ml2.drivers.ovn.mech_driver.mech_driver [None req-1e54aaf2-547b-403b-9600-de24cb338256 - - - - - -] OVN reports status down for port: 0cd3e334-d697-4ef0-801f-e70f9794d138 [pid: 6|app: 0|req: 1223/2388] 10.0.0.197 () {32 vars in 724 bytes} [Fri Jul 24 18:46:11 2026] DELETE /v2.0/routers/6478bf02-7dbd-42cc-a5b6-4df3bf117b30 => generated 0 bytes in 1509 msecs (HTTP/1.1 204) 2 headers in 112 bytes (1 switches on core 0)
2026-07-24 18:46:13.027 7 WARNING neutron.scheduler.dhcp_agent_scheduler [None req-4ea6341b-d8b6-4a54-80cf-586682e5f941 4a32b0fe0e8148feb6f00543070ae9f0 c8e3a12345b34ad89f1e2f49b516d889 - - default default] No more DHCP agents
2026-07-24 18:46:13.030 7 WARNING neutron.api.rpc.agentnotifiers.dhcp_rpc_agent_api [None req-4ea6341b-d8b6-4a54-80cf-586682e5f941 4a32b0fe0e8148feb6f00543070ae9f0 c8e3a12345b34ad89f1e2f49b516d889 - - default default] Unable to schedule network 1fa8ed66-d946-4cfd-93ff-e3006b5a33bd: no agents available; will retry on subsequent port and subnet creation events. /var/lib/openstack/lib/python3.12/site-packages/pycadf/identifier.py:70: UserWarning: Invalid uuid: neutron. To ensure interoperability, identifiers should be a valid uuid. warnings.warn(('Invalid uuid: %s. To ensure interoperability, '
2026-07-24 18:46:13.107 6 INFO neutron.plugins.ml2.drivers.ovn.mech_driver.mech_driver [None req-1e54aaf2-547b-403b-9600-de24cb338256 - - - - - -] OVN reports status down for port: e91c41f1-acc2-409c-8a8e-c6eecf256da5
2026-07-24 18:46:13.126 6 INFO neutron.db.segments_db [None req-cb110266-e45f-443d-976e-20523500b210 18ae17b9b50e40fd92aec3d4b550f435 57948c5f1ea24a97914467cb6a33aadd - - default default] Added segment 99e31db6-d0e7-45be-902a-2f62b9cd720f of type geneve for network 1a9a743a-54d1-473f-b235-162e5a250ae6
