2026-07-24 18:43:25.680 7 INFO neutron.services.segments.plugin [-] Segment dd5c5102-cbd4-4b2b-9b38-b92a30b9b5fb resource provider aggregate not found
2026-07-24 18:43:25.691 7 INFO neutron.services.segments.plugin [-] Client error retrieving segment dd5c5102-cbd4-4b2b-9b38-b92a30b9b5fb resource provider; error: Placement Client Error (4xx): {"errors": [{"status": 404, "title": "Not Found", "detail": "The resource could not be found.\n\n No resource provider with uuid dd5c5102-cbd4-4b2b-9b38-b92a30b9b5fb found for delete ", "request_id": "req-229980c2-3541-474d-8d0e-9ac03ac73a6f"}]}
2026-07-24 18:43:25.708 7 INFO neutron.services.segments.plugin [-] Client error retrieving segment dd5c5102-cbd4-4b2b-9b38-b92a30b9b5fb resource provider; error: Placement Client Error (4xx): {"errors": [{"status": 404, "title": "Not Found", "detail": "The resource could not be found.\n\n No resource provider with uuid dd5c5102-cbd4-4b2b-9b38-b92a30b9b5fb found for delete ", "request_id": "req-6ab9baf8-b74f-472f-b91a-ff8473e8dd7d"}]}
2026-07-24 18:43:25.766 7 WARNING neutron.scheduler.dhcp_agent_scheduler [None req-0ecc6d94-3370-4ab1-bb93-a27d31d2e797 df240721c5c743c19423b46f30be77ee 8533b02f86174b29b5112786ce34a300 - - default default] No more DHCP agents
2026-07-24 18:43:25.768 7 WARNING neutron.api.rpc.agentnotifiers.dhcp_rpc_agent_api [None req-0ecc6d94-3370-4ab1-bb93-a27d31d2e797 df240721c5c743c19423b46f30be77ee 8533b02f86174b29b5112786ce34a300 - - default default] Unable to schedule network a7d5d40d-033a-4d6a-83b5-96673bcb751d: no agents available; will retry on subsequent port and subnet creation events.
2026-07-24 18:43:25.912 7 INFO neutron.db.ovn_revision_numbers_db [None req-0ecc6d94-3370-4ab1-bb93-a27d31d2e797 df240721c5c743c19423b46f30be77ee 8533b02f86174b29b5112786ce34a300 - - default default] Successfully bumped revision number for resource 41b00f3c-9a92-45be-aac9-69c364e76b7e (type: ports) to 1 [pid: 7|app: 0|req: 661/1361] 10.0.0.197 () {34 vars in 671 bytes} [Fri Jul 24 18:43:24 2026] POST /v2.0/networks => generated 751 bytes in 1238 msecs (HTTP/1.1 201) 4 headers in 162 bytes (1 switches on core 0) [pid: 6|app: 0|req: 701/1362] 10.0.0.197 () {32 vars in 740 bytes} [Fri Jul 24 18:43:25 2026] DELETE /v2.0/security-groups/fa9808a3-77cd-460b-8a22-0288c6448034 => generated 0 bytes in 396 msecs (HTTP/1.1 204) 2 headers in 112 bytes (1 switches on core 0) [pid: 7|app: 0|req: 662/1363] 10.0.0.197 () {32 vars in 736 bytes} [Fri Jul 24 18:43:25 2026] GET /v2.0/ports?device_id=f4185884-64dc-425c-ab5e-31c7fdd57cc5 => generated 12 bytes in 19 msecs (HTTP/1.1 200) 4 headers in 156 bytes (1 switches on core 0)
2026-07-24 18:43:26.108 6 WARNING neutron.scheduler.dhcp_agent_scheduler [None req-78b87434-8214-4cae-b7de-fb0bcfb5beed df240721c5c743c19423b46f30be77ee 8533b02f86174b29b5112786ce34a300 - - default default] No more DHCP agents
2026-07-24 18:43:26.109 6 WARNING neutron.api.rpc.agentnotifiers.dhcp_rpc_agent_api [None req-78b87434-8214-4cae-b7de-fb0bcfb5beed df240721c5c743c19423b46f30be77ee 8533b02f86174b29b5112786ce34a300 - - default default] Unable to schedule network a7d5d40d-033a-4d6a-83b5-96673bcb751d: no agents available; will retry on subsequent port and subnet creation events.
2026-07-24 18:43:26.270 7 INFO neutron_taas.services.taas.taas_plugin [None req-59af3fa2-34e0-4ea0-b949-c772f4a4ae87 173671a5c32a449e814110f89d646b3d 17b9d014cf1c4ca8b17205355644dd0b - - default default] TaaS: Handle Delete Port: 55ce9eaa-e756-4496-ae0e-be948283b22b
2026-07-24 18:43:26.273 7 INFO neutron_taas.services.taas.tap_mirror_plugin [None req-59af3fa2-34e0-4ea0-b949-c772f4a4ae87 173671a5c32a449e814110f89d646b3d 17b9d014cf1c4ca8b17205355644dd0b - - default default] Tap Mirror: Handle Delete Port: 55ce9eaa-e756-4496-ae0e-be948283b22b
2026-07-24 18:43:26.651 6 INFO neutron.db.ovn_revision_numbers_db [None req-8df4bf19-6afa-4292-92a4-34ef47c01aec - - - - - -] Successfully bumped revision number for resource 41b00f3c-9a92-45be-aac9-69c364e76b7e (type: ports) to 2
2026-07-24 18:43:26.697 6 INFO neutron.db.ovn_revision_numbers_db [None req-8df4bf19-6afa-4292-92a4-34ef47c01aec - - - - - -] Successfully bumped revision number for resource 0b493cf7-ec5b-4be4-a500-8a2c96314ac9 (type: subnets) to 0 [pid: 6|app: 0|req: 702/1364] 10.0.0.197 () {34 vars in 669 bytes} [Fri Jul 24 18:43:25 2026] POST /v2.0/subnets => generated 695 bytes in 776 msecs (HTTP/1.1 201) 4 headers in 162 bytes (1 switches on core 0) [pid: 7|app: 0|req: 663/1365] 10.0.0.197 () {32 vars in 724 bytes} [Fri Jul 24 18:43:25 2026] DELETE /v2.0/routers/f4185884-64dc-425c-ab5e-31c7fdd57cc5 => generated 0 bytes in 776 msecs (HTTP/1.1 204) 2 headers in 112 bytes (1 switches on core 0) [pid: 7|app: 0|req: 664/1366] 10.0.0.197 () {32 vars in 736 bytes} [Fri Jul 24 18:43:26 2026] GET /v2.0/ports?device_id=f4185884-64dc-425c-ab5e-31c7fdd57cc5 => generated 12 bytes in 22 msecs (HTTP/1.1 200) 4 headers in 156 bytes (1 switches on core 0)
2026-07-24 18:43:26.802 7 INFO neutron.api.v2.resource [None req-e4fe2c08-1cf9-4fb8-9466-521bd6413377 173671a5c32a449e814110f89d646b3d 17b9d014cf1c4ca8b17205355644dd0b - - default default] delete failed (client error): The resource could not be found. [pid: 7|app: 0|req: 665/1367] 10.0.0.197 () {32 vars in 724 bytes} [Fri Jul 24 18:43:26 2026] DELETE /v2.0/routers/f4185884-64dc-425c-ab5e-31c7fdd57cc5 => generated 135 bytes in 27 msecs (HTTP/1.1 404) 4 headers in 164 bytes (1 switches on core 0) [pid: 7|app: 0|req: 666/1368] 10.0.0.197 () {32 vars in 736 bytes} [Fri Jul 24 18:43:26 2026] GET /v2.0/ports?device_id=076f49de-02fc-442c-b654-8ce90b3f2ab3 => generated 12 bytes in 23 msecs (HTTP/1.1 200) 4 headers in 156 bytes (1 switches on core 0)
2026-07-24 18:43:26.857 7 INFO neutron.api.v2.resource [None req-cbf7db7d-0d83-4f48-ae5a-2fafca09f38f 173671a5c32a449e814110f89d646b3d 17b9d014cf1c4ca8b17205355644dd0b - - default default] delete failed (client error): The resource could not be found. [pid: 7|app: 0|req: 667/1369] 10.0.0.197 () {32 vars in 724 bytes} [Fri Jul 24 18:43:26 2026] DELETE /v2.0/routers/076f49de-02fc-442c-b654-8ce90b3f2ab3 => generated 135 bytes in 23 msecs (HTTP/1.1 404) 4 headers in 164 bytes (1 switches on core 0)
2026-07-24 18:43:26.879 7 INFO neutron.pecan_wsgi.hooks.translation [None req-1c1a99e6-cb19-4721-b2f3-965c06d58e5d 173671a5c32a449e814110f89d646b3d 17b9d014cf1c4ca8b17205355644dd0b - - default default] DELETE failed (client error): The resource could not be found. [pid: 7|app: 0|req: 668/1370] 10.0.0.197 () {32 vars in 724 bytes} [Fri Jul 24 18:43:26 2026] DELETE /v2.0/subnets/f657040a-8f88-436b-8184-2c114b389778 => generated 136 bytes in 19 msecs (HTTP/1.1 404) 4 headers in 164 bytes (1 switches on core 0) [pid: 7|app: 0|req: 669/1371] 10.0.0.197 () {32 vars in 736 bytes} [Fri Jul 24 18:43:26 2026] GET /v2.0/ports?device_id=0ce72d1f-a175-434c-b450-fa52050956a5 => generated 12 bytes in 20 msecs (HTTP/1.1 200) 4 headers in 156 bytes (1 switches on core 0)
2026-07-24 18:43:26.927 7 INFO neutron.api.v2.resource [None req-3836320f-ac68-4a54-bc3b-c6a8cd6f333d 173671a5c32a449e814110f89d646b3d 17b9d014cf1c4ca8b17205355644dd0b - - default default] delete failed (client error): The resource could not be found. [pid: 7|app: 0|req: 670/1372] 10.0.0.197 () {32 vars in 724 bytes} [Fri Jul 24 18:43:26 2026] DELETE /v2.0/routers/0ce72d1f-a175-434c-b450-fa52050956a5 => generated 135 bytes in 20 msecs (HTTP/1.1 404) 4 headers in 164 bytes (1 switches on core 0)
2026-07-24 18:43:26.957 7 INFO neutron.pecan_wsgi.hooks.translation [None req-c7ce5293-75cf-4a62-983f-bf22a1f0b8dc 173671a5c32a449e814110f89d646b3d 17b9d014cf1c4ca8b17205355644dd0b - - default default] DELETE failed (client error): The resource could not be found. [pid: 7|app: 0|req: 671/1373] 10.0.0.197 () {32 vars in 724 bytes} [Fri Jul 24 18:43:26 2026] DELETE /v2.0/subnets/9ecfd62c-a271-4cb8-8ae0-41072b3d8815 => generated 136 bytes in 27 msecs (HTTP/1.1 404) 4 headers in 164 bytes (1 switches on core 0) [pid: 7|app: 0|req: 672/1374] 10.0.0.197 () {32 vars in 736 bytes} [Fri Jul 24 18:43:26 2026] GET /v2.0/ports?device_id=27c7496e-2031-48f2-80bf-4c0151e8e7ff => generated 12 bytes in 19 msecs (HTTP/1.1 200) 4 headers in 156 bytes (1 switches on core 0)
2026-07-24 18:43:27.021 7 INFO neutron.api.v2.resource [None req-2bfa4d45-1e1f-4635-8b65-70e9cb0ecb5c 173671a5c32a449e814110f89d646b3d 17b9d014cf1c4ca8b17205355644dd0b - - default default] delete failed (client error): The resource could not be found. [pid: 7|app: 0|req: 673/1375] 10.0.0.197 () {32 vars in 724 bytes} [Fri Jul 24 18:43:26 2026] DELETE /v2.0/routers/27c7496e-2031-48f2-80bf-4c0151e8e7ff => generated 135 bytes in 31 msecs (HTTP/1.1 404) 4 headers in 164 bytes (1 switches on core 0)
2026-07-24 18:43:27.045 7 INFO neutron.pecan_wsgi.hooks.translation [None req-a06d77fe-201f-4ca2-995f-ee00fde48c0d 173671a5c32a449e814110f89d646b3d 17b9d014cf1c4ca8b17205355644dd0b - - default default] DELETE failed (client error): The resource could not be found. [pid: 7|app: 0|req: 674/1376] 10.0.0.197 () {32 vars in 724 bytes} [Fri Jul 24 18:43:27 2026] DELETE /v2.0/subnets/595cc7fd-fffb-4198-8225-ea6021fe2960 => generated 136 bytes in 21 msecs (HTTP/1.1 404) 4 headers in 164 bytes (1 switches on core 0)
2026-07-24 18:43:27.065 7 INFO neutron.pecan_wsgi.hooks.translation [None req-ba8ceb29-94fb-4c34-84de-c9b094fb6496 173671a5c32a449e814110f89d646b3d 17b9d014cf1c4ca8b17205355644dd0b - - default default] DELETE failed (client error): The resource could not be found. [pid: 7|app: 0|req: 675/1377] 10.0.0.197 () {32 vars in 724 bytes} [Fri Jul 24 18:43:27 2026] DELETE /v2.0/subnets/9b02aa9c-fca6-42f4-9cd2-9d19c5d95951 => generated 136 bytes in 17 msecs (HTTP/1.1 404) 4 headers in 164 bytes (1 switches on core 0)
2026-07-24 18:43:27.231 6 WARNING neutron.scheduler.dhcp_agent_scheduler [None req-205467c0-2470-431a-8467-c2de6510caad df240721c5c743c19423b46f30be77ee 8533b02f86174b29b5112786ce34a300 - - default default] No more DHCP agents
2026-07-24 18:43:27.233 6 WARNING neutron.api.rpc.agentnotifiers.dhcp_rpc_agent_api [None req-205467c0-2470-431a-8467-c2de6510caad df240721c5c743c19423b46f30be77ee 8533b02f86174b29b5112786ce34a300 - - default default] Unable to schedule network fc450db9-af3b-4ad0-83a9-4d9a258e0ddf: no agents available; will retry on subsequent port and subnet creation events.
2026-07-24 18:43:27.427 6 INFO neutron.db.ovn_revision_numbers_db [None req-205467c0-2470-431a-8467-c2de6510caad df240721c5c743c19423b46f30be77ee 8533b02f86174b29b5112786ce34a300 - - default default] Successfully bumped revision number for resource becee025-c070-49e1-92c8-4c1d4713a485 (type: ports) to 1 [pid: 7|app: 0|req: 676/1378] 10.0.0.197 () {32 vars in 774 bytes} [Fri Jul 24 18:43:27 2026] GET /v2.0/security-groups?tenant_id=17b9d014cf1c4ca8b17205355644dd0b&name=default => generated 2925 bytes in 199 msecs (HTTP/1.1 200) 4 headers in 158 bytes (1 switches on core 0)
2026-07-24 18:43:27.982 7 INFO neutron.db.ovn_revision_numbers_db [None req-c15ba952-a187-4542-ac14-15ae37bd405c 85047a1b388140148bfb3ff51dc6e183 81b4bd49a6134121bc4da2a0f651e4eb - - default default] Successfully bumped revision number for resource 98596ae0-19c2-455a-ba7d-dde8eec24532 (type: security_groups) to 1
2026-07-24 18:43:27.995 7 INFO neutron.db.ovn_revision_numbers_db [None req-c15ba952-a187-4542-ac14-15ae37bd405c 85047a1b388140148bfb3ff51dc6e183 81b4bd49a6134121bc4da2a0f651e4eb - - default default] Successfully bumped revision number for resource 1cb61dfd-246a-47cf-a079-901dc416c88a (type: security_group_rules) to 0
2026-07-24 18:43:28.007 7 INFO neutron.db.ovn_revision_numbers_db [None req-c15ba952-a187-4542-ac14-15ae37bd405c 85047a1b388140148bfb3ff51dc6e183 81b4bd49a6134121bc4da2a0f651e4eb - - default default] Successfully bumped revision number for resource 2de1e208-92c7-4934-ae5a-c260cf04f1f9 (type: security_group_rules) to 0
2026-07-24 18:43:28.020 7 INFO neutron.db.ovn_revision_numbers_db [None req-c15ba952-a187-4542-ac14-15ae37bd405c 85047a1b388140148bfb3ff51dc6e183 81b4bd49a6134121bc4da2a0f651e4eb - - default default] Successfully bumped revision number for resource 83526c53-1f3c-4f78-9d24-74bd896f82a8 (type: security_group_rules) to 0
2026-07-24 18:43:28.035 7 INFO neutron.db.ovn_revision_numbers_db [None req-c15ba952-a187-4542-ac14-15ae37bd405c 85047a1b388140148bfb3ff51dc6e183 81b4bd49a6134121bc4da2a0f651e4eb - - default default] Successfully bumped revision number for resource 83d28548-0a3f-4922-b592-f44824673b48 (type: security_group_rules) to 0
2026-07-24 18:43:28.109 6 INFO neutron.plugins.ml2.drivers.ovn.mech_driver.ovsdb.commands [None req-a6ccb9ac-ea64-48d1-81c0-8e348d1ed4db - - - - - -] Schedule LRP lrp-becee025-c070-49e1-92c8-4c1d4713a485 on gateway 4758d300-6e25-406a-8ad3-3dd2045787c4 with priority 1
2026-07-24 18:43:28.209 6 INFO neutron.plugins.ml2.drivers.ovn.mech_driver.ovsdb.ovsdb_monitor [None req-d1f95125-c38f-426c-aacc-34c36655737f - - - - - -] Router 1e60c7d0-f030-4b55-b8eb-15529390c375 is bound to host instance
2026-07-24 18:43:28.295 6 INFO neutron.db.ovn_revision_numbers_db [None req-205467c0-2470-431a-8467-c2de6510caad df240721c5c743c19423b46f30be77ee 8533b02f86174b29b5112786ce34a300 - - default default] Successfully bumped revision number for resource becee025-c070-49e1-92c8-4c1d4713a485 (type: router_ports) to 1
2026-07-24 18:43:28.305 7 INFO neutron.db.ovn_revision_numbers_db [None req-c15ba952-a187-4542-ac14-15ae37bd405c 85047a1b388140148bfb3ff51dc6e183 81b4bd49a6134121bc4da2a0f651e4eb - - default default] Successfully bumped revision number for resource bb92f639-41cb-47ec-b9ae-b75ec996f8ae (type: security_groups) to 1
2026-07-24 18:43:28.319 7 INFO neutron.db.ovn_revision_numbers_db [None req-c15ba952-a187-4542-ac14-15ae37bd405c 85047a1b388140148bfb3ff51dc6e183 81b4bd49a6134121bc4da2a0f651e4eb - - default default] Successfully bumped revision number for resource 2f7f6d2c-ff88-4931-8c40-e4b5551c5be8 (type: security_group_rules) to 0
2026-07-24 18:43:28.331 7 INFO neutron.db.ovn_revision_numbers_db [None req-c15ba952-a187-4542-ac14-15ae37bd405c 85047a1b388140148bfb3ff51dc6e183 81b4bd49a6134121bc4da2a0f651e4eb - - default default] Successfully bumped revision number for resource fe610f9a-29a8-4166-8e57-1c5b5bbeb619 (type: security_group_rules) to 0 [pid: 7|app: 0|req: 677/1379] 10.0.0.197 () {34 vars in 684 bytes} [Fri Jul 24 18:43:27 2026] POST /v2.0/security-groups => generated 1624 bytes in 616 msecs (HTTP/1.1 201) 4 headers in 163 bytes (1 switches on core 0)
2026-07-24 18:43:28.452 6 INFO neutron.db.ovn_revision_numbers_db [None req-205467c0-2470-431a-8467-c2de6510caad df240721c5c743c19423b46f30be77ee 8533b02f86174b29b5112786ce34a300 - - default default] Successfully bumped revision number for resource 1e60c7d0-f030-4b55-b8eb-15529390c375 (type: routers) to 2 [pid: 6|app: 0|req: 703/1380] 10.0.0.197 () {34 vars in 669 bytes} [Fri Jul 24 18:43:26 2026] POST /v2.0/routers => generated 973 bytes in 1752 msecs (HTTP/1.1 201) 4 headers in 162 bytes (1 switches on core 0) [pid: 6|app: 0|req: 706/1383] 10.0.0.197 () {32 vars in 663 bytes} [Fri Jul 24 18:43:28 2026] GET /v2.0/security-groups => generated 4529 bytes in 96 msecs (HTTP/1.1 200) 4 headers in 158 bytes (1 switches on core 0) [pid: 7|app: 0|req: 678/1384] 10.0.0.197 () {32 vars in 740 bytes} [Fri Jul 24 18:43:28 2026] DELETE /v2.0/security-groups/8a614e8a-155e-4451-a72e-e7b432c0ae30 => generated 0 bytes in 291 msecs (HTTP/1.1 204) 2 headers in 112 bytes (1 switches on core 0)
2026-07-24 18:43:28.771 7 INFO neutron.db.ovn_revision_numbers_db [None req-3daf7472-cb7a-4ad2-ae2d-e966b282e0be 85047a1b388140148bfb3ff51dc6e183 81b4bd49a6134121bc4da2a0f651e4eb - - default default] Successfully bumped revision number for resource bb92f639-41cb-47ec-b9ae-b75ec996f8ae (type: security_groups) to 2 [pid: 7|app: 0|req: 679/1385] 10.0.0.197 () {34 vars in 758 bytes} [Fri Jul 24 18:43:28 2026] PUT /v2.0/security-groups/bb92f639-41cb-47ec-b9ae-b75ec996f8ae => generated 1662 bytes in 125 msecs (HTTP/1.1 200) 4 headers in 158 bytes (1 switches on core 0) [pid: 7|app: 0|req: 680/1386] 10.0.0.197 () {32 vars in 737 bytes} [Fri Jul 24 18:43:28 2026] GET /v2.0/security-groups/bb92f639-41cb-47ec-b9ae-b75ec996f8ae => generated 1662 bytes in 31 msecs (HTTP/1.1 200) 4 headers in 158 bytes (1 switches on core 0) [pid: 7|app: 0|req: 681/1387] 10.0.0.197 () {32 vars in 740 bytes} [Fri Jul 24 18:43:28 2026] DELETE /v2.0/security-groups/bb92f639-41cb-47ec-b9ae-b75ec996f8ae => generated 0 bytes in 154 msecs (HTTP/1.1 204) 2 headers in 112 bytes (1 switches on core 0) [pid: 7|app: 0|req: 682/1388] 10.0.0.197 () {32 vars in 663 bytes} [Fri Jul 24 18:43:28 2026] GET /v2.0/security-groups => generated 2925 bytes in 31 msecs (HTTP/1.1 200) 4 headers in 158 bytes (1 switches on core 0)
2026-07-24 18:43:29.040 7 INFO neutron.api.v2.resource [None req-f8ae23d4-8641-4a8b-811f-07523cefbcd9 85047a1b388140148bfb3ff51dc6e183 81b4bd49a6134121bc4da2a0f651e4eb - - default default] delete failed (client error): The resource could not be found. [pid: 7|app: 0|req: 683/1389] 10.0.0.197 () {32 vars in 740 bytes} [Fri Jul 24 18:43:29 2026] DELETE /v2.0/security-groups/bb92f639-41cb-47ec-b9ae-b75ec996f8ae => generated 146 bytes in 10 msecs (HTTP/1.1 404) 4 headers in 164 bytes (1 switches on core 0)
2026-07-24 18:43:29.193 7 INFO neutron.db.ovn_revision_numbers_db [None req-8ebc1ad8-e487-4f42-a969-6627bdd37e11 85047a1b388140148bfb3ff51dc6e183 81b4bd49a6134121bc4da2a0f651e4eb - - default default] Successfully bumped revision number for resource 10ea86bc-0325-4509-9874-9c056051c016 (type: security_groups) to 1
2026-07-24 18:43:29.206 7 INFO neutron.db.ovn_revision_numbers_db [None req-8ebc1ad8-e487-4f42-a969-6627bdd37e11 85047a1b388140148bfb3ff51dc6e183 81b4bd49a6134121bc4da2a0f651e4eb - - default default] Successfully bumped revision number for resource 1ee3f6b8-5b90-4bb6-9139-7721c88bb615 (type: security_group_rules) to 0
2026-07-24 18:43:29.218 7 INFO neutron.db.ovn_revision_numbers_db [None req-8ebc1ad8-e487-4f42-a969-6627bdd37e11 85047a1b388140148bfb3ff51dc6e183 81b4bd49a6134121bc4da2a0f651e4eb - - default default] Successfully bumped revision number for resource 459779e8-5843-4895-be4f-f928702d746a (type: security_group_rules) to 0 [pid: 7|app: 0|req: 684/1390] 10.0.0.197 () {34 vars in 684 bytes} [Fri Jul 24 18:43:29 2026] POST /v2.0/security-groups => generated 1624 bytes in 209 msecs (HTTP/1.1 201) 4 headers in 163 bytes (1 switches on core 0)
2026-07-24 18:43:29.345 6 WARNING neutron.plugins.ml2.drivers.ovn.mech_driver.ovsdb.ovn_client [None req-fb541e59-ee48-4c8e-b93e-c143f0f19c1e - - - - - -] No port found with ID 55ce9eaa-e756-4496-ae0e-be948283b22b: RuntimeError: No port found with ID 55ce9eaa-e756-4496-ae0e-be948283b22b
2026-07-24 18:43:29.346 6 INFO neutron.plugins.ml2.drivers.ovn.mech_driver.mech_driver [None req-fb541e59-ee48-4c8e-b93e-c143f0f19c1e - - - - - -] OVN reports status down for port: 41b00f3c-9a92-45be-aac9-69c364e76b7e
2026-07-24 18:43:29.451 7 INFO neutron.db.ovn_revision_numbers_db [None req-69cb6520-2e98-4adf-af9c-5634cda2395b 85047a1b388140148bfb3ff51dc6e183 81b4bd49a6134121bc4da2a0f651e4eb - - default default] Successfully bumped revision number for resource 322e4ae5-160e-40cf-9814-f2fa911ec839 (type: security_group_rules) to 0 [pid: 7|app: 0|req: 685/1391] 10.0.0.197 () {34 vars in 695 bytes} [Fri Jul 24 18:43:29 2026] POST /v2.0/security-group-rules => generated 601 bytes in 224 msecs (HTTP/1.1 201) 4 headers in 162 bytes (1 switches on core 0) [pid: 7|app: 0|req: 686/1392] 10.0.0.197 () {32 vars in 747 bytes} [Fri Jul 24 18:43:29 2026] GET /v2.0/security-group-rules/322e4ae5-160e-40cf-9814-f2fa911ec839 => generated 601 bytes in 15 msecs (HTTP/1.1 200) 4 headers in 157 bytes (1 switches on core 0) [pid: 7|app: 0|req: 687/1393] 10.0.0.197 () {32 vars in 673 bytes} [Fri Jul 24 18:43:29 2026] GET /v2.0/security-group-rules => generated 4138 bytes in 70 msecs (HTTP/1.1 200) 4 headers in 158 bytes (1 switches on core 0)
2026-07-24 18:43:29.611 6 INFO neutron.plugins.ml2.drivers.ovn.mech_driver.mech_driver [None req-fb541e59-ee48-4c8e-b93e-c143f0f19c1e - - - - - -] OVN reports status down for port: becee025-c070-49e1-92c8-4c1d4713a485
2026-07-24 18:43:29.719 6 WARNING neutron.scheduler.dhcp_agent_scheduler [None req-9ee409be-5eb1-4dd9-8e7f-b2dba1e5da05 df240721c5c743c19423b46f30be77ee 8533b02f86174b29b5112786ce34a300 - - default default] No more DHCP agents [pid: 7|app: 0|req: 688/1394] 10.0.0.197 () {32 vars in 750 bytes} [Fri Jul 24 18:43:29 2026] DELETE /v2.0/security-group-rules/322e4ae5-160e-40cf-9814-f2fa911ec839 => generated 0 bytes in 141 msecs (HTTP/1.1 204) 2 headers in 112 bytes (1 switches on core 0)
2026-07-24 18:43:29.726 6 WARNING neutron.api.rpc.agentnotifiers.dhcp_rpc_agent_api [None req-9ee409be-5eb1-4dd9-8e7f-b2dba1e5da05 df240721c5c743c19423b46f30be77ee 8533b02f86174b29b5112786ce34a300 - - default default] Unable to schedule network a7d5d40d-033a-4d6a-83b5-96673bcb751d: no agents available; will retry on subsequent port and subnet creation events. [pid: 7|app: 0|req: 689/1395] 10.0.0.197 () {32 vars in 673 bytes} [Fri Jul 24 18:43:29 2026] GET /v2.0/security-group-rules => generated 3560 bytes in 75 msecs (HTTP/1.1 200) 4 headers in 158 bytes (1 switches on core 0)
2026-07-24 18:43:29.896 6 WARNING neutron.plugins.ml2.drivers.ovn.mech_driver.ovsdb.ovn_client [None req-fb541e59-ee48-4c8e-b93e-c143f0f19c1e - - - - - -] Logical_Switch_Port becee025-c070-49e1-92c8-4c1d4713a485 host information not removed, the port state is up
2026-07-24 18:43:29.896 6 INFO neutron.plugins.ml2.drivers.ovn.mech_driver.mech_driver [None req-fb541e59-ee48-4c8e-b93e-c143f0f19c1e - - - - - -] OVN reports status up for port: becee025-c070-49e1-92c8-4c1d4713a485
2026-07-24 18:43:29.932 6 INFO neutron.plugins.ml2.plugin [None req-fb541e59-ee48-4c8e-b93e-c143f0f19c1e - - - - - -] Attempt 1 to provision port becee025-c070-49e1-92c8-4c1d4713a485
2026-07-24 18:43:29.954 7 INFO neutron.db.ovn_revision_numbers_db [None req-c41246ed-512d-42f3-99d2-abb085cbefeb 85047a1b388140148bfb3ff51dc6e183 81b4bd49a6134121bc4da2a0f651e4eb - - default default] Successfully bumped revision number for resource 07336839-3dbd-4ac0-a321-1e444c867bc9 (type: security_group_rules) to 0 [pid: 7|app: 0|req: 690/1396] 10.0.0.197 () {34 vars in 695 bytes} [Fri Jul 24 18:43:29 2026] POST /v2.0/security-group-rules => generated 601 bytes in 174 msecs (HTTP/1.1 201) 4 headers in 162 bytes (1 switches on core 0) [pid: 7|app: 0|req: 691/1397] 10.0.0.197 () {32 vars in 747 bytes} [Fri Jul 24 18:43:29 2026] GET /v2.0/security-group-rules/07336839-3dbd-4ac0-a321-1e444c867bc9 => generated 601 bytes in 16 msecs (HTTP/1.1 200) 4 headers in 157 bytes (1 switches on core 0) [pid: 7|app: 0|req: 692/1398] 10.0.0.197 () {32 vars in 673 bytes} [Fri Jul 24 18:43:30 2026] GET /v2.0/security-group-rules => generated 4138 bytes in 47 msecs (HTTP/1.1 200) 4 headers in 158 bytes (1 switches on core 0) [pid: 7|app: 0|req: 693/1399] 10.0.0.197 () {32 vars in 750 bytes} [Fri Jul 24 18:43:30 2026] DELETE /v2.0/security-group-rules/07336839-3dbd-4ac0-a321-1e444c867bc9 => generated 0 bytes in 179 msecs (HTTP/1.1 204) 2 headers in 112 bytes (1 switches on core 0) [pid: 7|app: 0|req: 694/1400] 10.0.0.197 () {32 vars in 673 bytes} [Fri Jul 24 18:43:30 2026] GET /v2.0/security-group-rules => generated 3560 bytes in 57 msecs (HTTP/1.1 200) 4 headers in 158 bytes (1 switches on core 0)
2026-07-24 18:43:30.336 6 INFO neutron.db.ovn_revision_numbers_db [None req-9ee409be-5eb1-4dd9-8e7f-b2dba1e5da05 df240721c5c743c19423b46f30be77ee 8533b02f86174b29b5112786ce34a300 - - default default] Successfully bumped revision number for resource 95ccc911-6439-4511-ac03-6358e517f229 (type: ports) to 1
2026-07-24 18:43:30.348 7 INFO neutron.db.securitygroups_db [None req-232e35e2-ce45-4051-8042-69e063c1f3f0 85047a1b388140148bfb3ff51dc6e183 81b4bd49a6134121bc4da2a0f651e4eb - - default default] Project 81b4bd49a6134121bc4da2a0f651e4eb added a security group rule with legacy IPv6 ICMP protocol name icmp, ipv6-icmp should be used instead. It was automatically converted.
2026-07-24 18:43:30.468 7 INFO neutron.db.ovn_revision_numbers_db [None req-232e35e2-ce45-4051-8042-69e063c1f3f0 85047a1b388140148bfb3ff51dc6e183 81b4bd49a6134121bc4da2a0f651e4eb - - default default] Successfully bumped revision number for resource 29156dca-55e6-4683-9609-502eb670a6fe (type: security_group_rules) to 0 [pid: 7|app: 0|req: 695/1401] 10.0.0.197 () {34 vars in 695 bytes} [Fri Jul 24 18:43:30 2026] POST /v2.0/security-group-rules => generated 607 bytes in 191 msecs (HTTP/1.1 201) 4 headers in 162 bytes (1 switches on core 0)
2026-07-24 18:43:30.811 6 INFO neutron.db.ovn_revision_numbers_db [None req-1657a53d-c5d0-4bb8-9e38-d52d98d7fb6d - - - - - -] Successfully bumped revision number for resource becee025-c070-49e1-92c8-4c1d4713a485 (type: ports) to 4
2026-07-24 18:43:30.998 7 INFO neutron.db.ovn_revision_numbers_db [None req-10da5461-af0d-499f-9836-c6309eaab1bc 730cfe9fb4b34706adde203a7a584194 291476071eb74974aa478480aa3dbcbc - - default default] Successfully bumped revision number for resource 73cf03ba-0dfa-4aee-898b-bdc7185519e1 (type: security_groups) to 1
2026-07-24 18:43:31.009 7 INFO neutron.db.ovn_revision_numbers_db [None req-10da5461-af0d-499f-9836-c6309eaab1bc 730cfe9fb4b34706adde203a7a584194 291476071eb74974aa478480aa3dbcbc - - default default] Successfully bumped revision number for resource 368d2246-8c61-4718-bb1d-8a7ebe428ab8 (type: security_group_rules) to 0
2026-07-24 18:43:31.022 7 INFO neutron.db.ovn_revision_numbers_db [None req-10da5461-af0d-499f-9836-c6309eaab1bc 730cfe9fb4b34706adde203a7a584194 291476071eb74974aa478480aa3dbcbc - - default default] Successfully bumped revision number for resource 53b825be-735b-479d-a694-faa874d67179 (type: security_group_rules) to 0
2026-07-24 18:43:31.036 7 INFO neutron.db.ovn_revision_numbers_db [None req-10da5461-af0d-499f-9836-c6309eaab1bc 730cfe9fb4b34706adde203a7a584194 291476071eb74974aa478480aa3dbcbc - - default default] Successfully bumped revision number for resource 75767a9e-2f9e-453d-9d39-4c4761a5a78d (type: security_group_rules) to 0
2026-07-24 18:43:31.053 7 INFO neutron.db.ovn_revision_numbers_db [None req-10da5461-af0d-499f-9836-c6309eaab1bc 730cfe9fb4b34706adde203a7a584194 291476071eb74974aa478480aa3dbcbc - - default default] Successfully bumped revision number for resource 85296f4a-05e8-4284-9017-31515918d5ed (type: security_group_rules) to 0
2026-07-24 18:43:31.147 7 INFO neutron.db.segments_db [None req-10da5461-af0d-499f-9836-c6309eaab1bc 730cfe9fb4b34706adde203a7a584194 291476071eb74974aa478480aa3dbcbc - - default default] Added segment 2c86142f-5792-45ef-a5ed-657ddabd365c of type geneve for network 84772834-72f4-4c5c-b761-dd85a881d59e
2026-07-24 18:43:31.187 6 INFO neutron.db.ovn_revision_numbers_db [None req-fb541e59-ee48-4c8e-b93e-c143f0f19c1e - - - - - -] Successfully bumped revision number for resource becee025-c070-49e1-92c8-4c1d4713a485 (type: ports) to 5
2026-07-24 18:43:31.277 7 INFO neutron.db.ovn_revision_numbers_db [None req-10da5461-af0d-499f-9836-c6309eaab1bc 730cfe9fb4b34706adde203a7a584194 291476071eb74974aa478480aa3dbcbc - - default default] Successfully bumped revision number for resource 84772834-72f4-4c5c-b761-dd85a881d59e (type: networks) to 1
2026-07-24 18:43:31.436 6 INFO neutron.plugins.ml2.drivers.ovn.mech_driver.mech_driver [None req-fc001ca4-cbb3-412f-808e-be3ae68f1824 - - - - - -] OVN reports status down for port: 95ccc911-6439-4511-ac03-6358e517f229
2026-07-24 18:43:31.459 7 WARNING neutron.scheduler.dhcp_agent_scheduler [None req-10da5461-af0d-499f-9836-c6309eaab1bc 730cfe9fb4b34706adde203a7a584194 291476071eb74974aa478480aa3dbcbc - - default default] No more DHCP agents
2026-07-24 18:43:31.462 7 WARNING neutron.api.rpc.agentnotifiers.dhcp_rpc_agent_api [None req-10da5461-af0d-499f-9836-c6309eaab1bc 730cfe9fb4b34706adde203a7a584194 291476071eb74974aa478480aa3dbcbc - - default default] Unable to schedule network 84772834-72f4-4c5c-b761-dd85a881d59e: no agents available; will retry on subsequent port and subnet creation events.
2026-07-24 18:43:31.578 7 INFO neutron.db.ovn_revision_numbers_db [None req-10da5461-af0d-499f-9836-c6309eaab1bc 730cfe9fb4b34706adde203a7a584194 291476071eb74974aa478480aa3dbcbc - - default default] Successfully bumped revision number for resource 6edf4929-ca59-4e98-ac75-b27fc3f5b474 (type: ports) to 1 [pid: 7|app: 0|req: 696/1402] 10.0.0.197 () {34 vars in 670 bytes} [Fri Jul 24 18:43:30 2026] POST /v2.0/networks => generated 630 bytes in 1098 msecs (HTTP/1.1 201) 4 headers in 162 bytes (1 switches on core 0)
2026-07-24 18:43:31.611 6 INFO neutron.plugins.ml2.drivers.ovn.mech_driver.mech_driver [None req-fc001ca4-cbb3-412f-808e-be3ae68f1824 - - - - - -] OVN reports status down for port: 6edf4929-ca59-4e98-ac75-b27fc3f5b474 [pid: 7|app: 0|req: 697/1403] 10.0.0.197 () {32 vars in 747 bytes} [Fri Jul 24 18:43:31 2026] GET /v2.0/security-group-rules/29156dca-55e6-4683-9609-502eb670a6fe => generated 607 bytes in 14 msecs (HTTP/1.1 200) 4 headers in 157 bytes (1 switches on core 0)
2026-07-24 18:43:31.702 7 INFO neutron.db.segments_db [None req-05cc6c40-920d-4c8b-9260-f4307ac8094d 730cfe9fb4b34706adde203a7a584194 291476071eb74974aa478480aa3dbcbc - - default default] Added segment f52501b7-810b-4a53-a4c0-81d84430638d of type geneve for network 717c91ef-5095-4841-afad-9085a3a3adca
2026-07-24 18:43:31.865 6 INFO neutron.plugins.ml2.drivers.ovn.mech_driver.mech_driver [None req-fc001ca4-cbb3-412f-808e-be3ae68f1824 - - - - - -] OVN reports status up for port: 95ccc911-6439-4511-ac03-6358e517f229
2026-07-24 18:43:31.887 7 INFO neutron.db.ovn_revision_numbers_db [None req-05cc6c40-920d-4c8b-9260-f4307ac8094d 730cfe9fb4b34706adde203a7a584194 291476071eb74974aa478480aa3dbcbc - - default default] Successfully bumped revision number for resource 717c91ef-5095-4841-afad-9085a3a3adca (type: networks) to 1
2026-07-24 18:43:31.897 6 INFO neutron.plugins.ml2.plugin [None req-fc001ca4-cbb3-412f-808e-be3ae68f1824 - - - - - -] Attempt 1 to provision port 95ccc911-6439-4511-ac03-6358e517f229
2026-07-24 18:43:31.997 6 WARNING neutron.scheduler.dhcp_agent_scheduler [None req-9ee409be-5eb1-4dd9-8e7f-b2dba1e5da05 df240721c5c743c19423b46f30be77ee 8533b02f86174b29b5112786ce34a300 - - default default] No more DHCP agents
2026-07-24 18:43:32.000 6 WARNING neutron.api.rpc.agentnotifiers.dhcp_rpc_agent_api [None req-9ee409be-5eb1-4dd9-8e7f-b2dba1e5da05 df240721c5c743c19423b46f30be77ee 8533b02f86174b29b5112786ce34a300 - - default default] Unable to schedule network a7d5d40d-033a-4d6a-83b5-96673bcb751d: no agents available; will retry on subsequent port and subnet creation events.
2026-07-24 18:43:32.065 7 WARNING neutron.scheduler.dhcp_agent_scheduler [None req-05cc6c40-920d-4c8b-9260-f4307ac8094d 730cfe9fb4b34706adde203a7a584194 291476071eb74974aa478480aa3dbcbc - - default default] No more DHCP agents
2026-07-24 18:43:32.067 7 WARNING neutron.api.rpc.agentnotifiers.dhcp_rpc_agent_api [None req-05cc6c40-920d-4c8b-9260-f4307ac8094d 730cfe9fb4b34706adde203a7a584194 291476071eb74974aa478480aa3dbcbc - - default default] Unable to schedule network 717c91ef-5095-4841-afad-9085a3a3adca: no agents available; will retry on subsequent port and subnet creation events.
2026-07-24 18:43:32.194 7 INFO neutron.db.ovn_revision_numbers_db [None req-05cc6c40-920d-4c8b-9260-f4307ac8094d 730cfe9fb4b34706adde203a7a584194 291476071eb74974aa478480aa3dbcbc - - default default] Successfully bumped revision number for resource 6c5cccdc-3ded-4185-a910-d8b9ab96dfdc (type: ports) to 1 [pid: 7|app: 0|req: 698/1404] 10.0.0.197 () {34 vars in 670 bytes} [Fri Jul 24 18:43:31 2026] POST /v2.0/networks => generated 630 bytes in 604 msecs (HTTP/1.1 201) 4 headers in 162 bytes (1 switches on core 0) [pid: 7|app: 0|req: 699/1405] 10.0.0.197 () {32 vars in 673 bytes} [Fri Jul 24 18:43:32 2026] GET /v2.0/security-group-rules => generated 4144 bytes in 57 msecs (HTTP/1.1 200) 4 headers in 158 bytes (1 switches on core 0)
2026-07-24 18:43:32.488 7 WARNING neutron.scheduler.dhcp_agent_scheduler [None req-87513c37-b615-415a-956b-0da07564f7ea 730cfe9fb4b34706adde203a7a584194 291476071eb74974aa478480aa3dbcbc - - default default] No more DHCP agents
2026-07-24 18:43:32.490 7 WARNING neutron.api.rpc.agentnotifiers.dhcp_rpc_agent_api [None req-87513c37-b615-415a-956b-0da07564f7ea 730cfe9fb4b34706adde203a7a584194 291476071eb74974aa478480aa3dbcbc - - default default] Unable to schedule network 84772834-72f4-4c5c-b761-dd85a881d59e: no agents available; will retry on subsequent port and subnet creation events.
2026-07-24 18:43:32.662 6 INFO neutron.db.ovn_revision_numbers_db [None req-fc001ca4-cbb3-412f-808e-be3ae68f1824 - - - - - -] Successfully bumped revision number for resource 95ccc911-6439-4511-ac03-6358e517f229 (type: ports) to 2
2026-07-24 18:43:32.809 6 INFO neutron.plugins.ml2.drivers.ovn.mech_driver.mech_driver [None req-7a5a2e68-ec52-4f06-aca9-627cdd643e70 - - - - - -] OVN reports status down for port: 6c5cccdc-3ded-4185-a910-d8b9ab96dfdc
2026-07-24 18:43:33.188 7 INFO neutron.db.ovn_revision_numbers_db [None req-3798b9bd-d4b1-49ef-8892-a82c8a0b86d3 - - - - - -] Successfully bumped revision number for resource 6edf4929-ca59-4e98-ac75-b27fc3f5b474 (type: ports) to 2
2026-07-24 18:43:33.201 6 INFO neutron.db.ovn_revision_numbers_db [None req-9ee409be-5eb1-4dd9-8e7f-b2dba1e5da05 df240721c5c743c19423b46f30be77ee 8533b02f86174b29b5112786ce34a300 - - default default] Successfully bumped revision number for resource 95ccc911-6439-4511-ac03-6358e517f229 (type: router_ports) to 1 [pid: 6|app: 0|req: 707/1406] 10.0.0.197 () {34 vars in 783 bytes} [Fri Jul 24 18:43:28 2026] PUT /v2.0/routers/1e60c7d0-f030-4b55-b8eb-15529390c375/add_router_interface => generated 309 bytes in 4626 msecs (HTTP/1.1 200) 4 headers in 157 bytes (1 switches on core 0)
2026-07-24 18:43:33.226 7 INFO neutron.db.ovn_revision_numbers_db [None req-3798b9bd-d4b1-49ef-8892-a82c8a0b86d3 - - - - - -] Successfully bumped revision number for resource 20c589c9-e9aa-4274-9245-05cdb7aa9f09 (type: subnets) to 0 [pid: 7|app: 0|req: 700/1407] 10.0.0.197 () {34 vars in 669 bytes} [Fri Jul 24 18:43:32 2026] POST /v2.0/subnets => generated 626 bytes in 976 msecs (HTTP/1.1 201) 4 headers in 162 bytes (1 switches on core 0)
2026-07-24 18:43:33.336 6 INFO neutron.db.ovn_revision_numbers_db [None req-7a5a2e68-ec52-4f06-aca9-627cdd643e70 - - - - - -] Successfully bumped revision number for resource 95ccc911-6439-4511-ac03-6358e517f229 (type: router_ports) to 2 [pid: 6|app: 0|req: 708/1408] 10.0.0.197 () {32 vars in 750 bytes} [Fri Jul 24 18:43:33 2026] DELETE /v2.0/security-group-rules/29156dca-55e6-4683-9609-502eb670a6fe => generated 0 bytes in 199 msecs (HTTP/1.1 204) 2 headers in 112 bytes (1 switches on core 0)
2026-07-24 18:43:33.449 7 WARNING neutron.scheduler.dhcp_agent_scheduler [None req-efb6b637-91c8-48c9-8fd2-8a4db4ed9644 730cfe9fb4b34706adde203a7a584194 291476071eb74974aa478480aa3dbcbc - - default default] No more DHCP agents
2026-07-24 18:43:33.450 7 WARNING neutron.api.rpc.agentnotifiers.dhcp_rpc_agent_api [None req-efb6b637-91c8-48c9-8fd2-8a4db4ed9644 730cfe9fb4b34706adde203a7a584194 291476071eb74974aa478480aa3dbcbc - - default default] Unable to schedule network 717c91ef-5095-4841-afad-9085a3a3adca: no agents available; will retry on subsequent port and subnet creation events. [pid: 6|app: 0|req: 709/1409] 10.0.0.197 () {32 vars in 673 bytes} [Fri Jul 24 18:43:33 2026] GET /v2.0/security-group-rules => generated 3560 bytes in 65 msecs (HTTP/1.1 200) 4 headers in 158 bytes (1 switches on core 0) [pid: 6|app: 0|req: 710/1410] 10.0.0.197 () {32 vars in 740 bytes} [Fri Jul 24 18:43:33 2026] DELETE /v2.0/security-groups/10ea86bc-0325-4509-9874-9c056051c016 => generated 0 bytes in 162 msecs (HTTP/1.1 204) 2 headers in 112 bytes (1 switches on core 0) [pid: 6|app: 0|req: 711/1411] 10.0.0.197 () {32 vars in 663 bytes} [Fri Jul 24 18:43:33 2026] GET /v2.0/security-groups => generated 2925 bytes in 39 msecs (HTTP/1.1 200) 4 headers in 158 bytes (1 switches on core 0) [pid: 6|app: 0|req: 712/1412] 10.0.0.197 () {32 vars in 663 bytes} [Fri Jul 24 18:43:33 2026] GET /v2.0/security-groups => generated 2925 bytes in 42 msecs (HTTP/1.1 200) 4 headers in 158 bytes (1 switches on core 0)
2026-07-24 18:43:33.915 6 INFO neutron.db.ovn_revision_numbers_db [None req-e4a38cc5-83c3-474a-b8c4-e84c04c7abe0 370977fdf18b4915bf295487eefd17d2 41056d708abc49f7850410bfadbf56e5 - - default default] Successfully bumped revision number for resource 4897a0fc-e7e4-402a-b483-06b0f966edd5 (type: security_groups) to 1
2026-07-24 18:43:33.926 6 INFO neutron.db.ovn_revision_numbers_db [None req-e4a38cc5-83c3-474a-b8c4-e84c04c7abe0 370977fdf18b4915bf295487eefd17d2 41056d708abc49f7850410bfadbf56e5 - - default default] Successfully bumped revision number for resource 0796d190-f9fe-4b15-87f5-277cab071eb1 (type: security_group_rules) to 0
2026-07-24 18:43:33.940 6 INFO neutron.db.ovn_revision_numbers_db [None req-e4a38cc5-83c3-474a-b8c4-e84c04c7abe0 370977fdf18b4915bf295487eefd17d2 41056d708abc49f7850410bfadbf56e5 - - default default] Successfully bumped revision number for resource 44f9c28e-afc4-4500-884b-120d3842d59b (type: security_group_rules) to 0 [pid: 6|app: 0|req: 713/1413] 10.0.0.197 () {34 vars in 685 bytes} [Fri Jul 24 18:43:33 2026] POST /v2.0/security-groups => generated 1660 bytes in 263 msecs (HTTP/1.1 201) 4 headers in 163 bytes (1 switches on core 0)
2026-07-24 18:43:34.025 7 INFO neutron.db.ovn_revision_numbers_db [None req-c5c42ad2-ecd3-4b60-9529-3ce5caf379bc - - - - - -] Successfully bumped revision number for resource 6c5cccdc-3ded-4185-a910-d8b9ab96dfdc (type: ports) to 2
2026-07-24 18:43:34.059 7 INFO neutron.db.ovn_revision_numbers_db [None req-c5c42ad2-ecd3-4b60-9529-3ce5caf379bc - - - - - -] Successfully bumped revision number for resource 9fdd0a7c-b481-4cc9-ba69-93344b0b5264 (type: subnets) to 0 [pid: 7|app: 0|req: 701/1414] 10.0.0.197 () {34 vars in 669 bytes} [Fri Jul 24 18:43:33 2026] POST /v2.0/subnets => generated 626 bytes in 816 msecs (HTTP/1.1 201) 4 headers in 162 bytes (1 switches on core 0)
2026-07-24 18:43:34.200 6 INFO neutron.db.ovn_revision_numbers_db [None req-6f3cb9f4-f89e-417c-9781-25377bf1ff7f 370977fdf18b4915bf295487eefd17d2 41056d708abc49f7850410bfadbf56e5 - - default default] Successfully bumped revision number for resource 6024dea1-0e05-4a23-954a-2a9cdc3b7188 (type: security_group_rules) to 0
2026-07-24 18:43:34.238 7 INFO neutron.db.ovn_revision_numbers_db [None req-72ac2e89-8d1e-4e87-832a-dbd5ed2f780f 730cfe9fb4b34706adde203a7a584194 291476071eb74974aa478480aa3dbcbc - - default default] Successfully bumped revision number for resource a51cc6f1-3d95-45b5-a9b5-990fc28b5ac9 (type: routers) to 1 [pid: 6|app: 0|req: 714/1415] 10.0.0.197 () {34 vars in 695 bytes} [Fri Jul 24 18:43:34 2026] POST /v2.0/security-group-rules => generated 597 bytes in 228 msecs (HTTP/1.1 201) 4 headers in 162 bytes (1 switches on core 0) [pid: 7|app: 0|req: 702/1416] 10.0.0.197 () {34 vars in 669 bytes} [Fri Jul 24 18:43:34 2026] POST /v2.0/routers => generated 603 bytes in 173 msecs (HTTP/1.1 201) 4 headers in 162 bytes (1 switches on core 0)
2026-07-24 18:43:34.397 6 INFO neutron.db.ovn_revision_numbers_db [None req-926f741e-fb32-4061-8b19-c9a65c1cb7b9 370977fdf18b4915bf295487eefd17d2 41056d708abc49f7850410bfadbf56e5 - - default default] Successfully bumped revision number for resource 9b3fad7d-1021-433b-abd2-11bde08a0267 (type: security_group_rules) to 0 [pid: 6|app: 0|req: 715/1417] 10.0.0.197 () {34 vars in 695 bytes} [Fri Jul 24 18:43:34 2026] POST /v2.0/security-group-rules => generated 602 bytes in 182 msecs (HTTP/1.1 201) 4 headers in 162 bytes (1 switches on core 0) [pid: 6|app: 0|req: 716/1418] 10.0.0.197 () {32 vars in 774 bytes} [Fri Jul 24 18:43:34 2026] GET /v2.0/security-groups?tenant_id=81b4bd49a6134121bc4da2a0f651e4eb&name=default => generated 2925 bytes in 182 msecs (HTTP/1.1 200) 4 headers in 158 bytes (1 switches on core 0)
2026-07-24 18:43:34.702 7 WARNING neutron.scheduler.dhcp_agent_scheduler [None req-8983fdbb-65ae-46be-8c7c-5a6d00dc5ecc 730cfe9fb4b34706adde203a7a584194 291476071eb74974aa478480aa3dbcbc - - default default] No more DHCP agents
2026-07-24 18:43:34.703 7 WARNING neutron.api.rpc.agentnotifiers.dhcp_rpc_agent_api [None req-8983fdbb-65ae-46be-8c7c-5a6d00dc5ecc 730cfe9fb4b34706adde203a7a584194 291476071eb74974aa478480aa3dbcbc - - default default] Unable to schedule network 84772834-72f4-4c5c-b761-dd85a881d59e: no agents available; will retry on subsequent port and subnet creation events.
2026-07-24 18:43:34.898 6 WARNING neutron.scheduler.dhcp_agent_scheduler [None req-1c959581-a8da-4e1e-bcc2-bd967eddf4d8 370977fdf18b4915bf295487eefd17d2 41056d708abc49f7850410bfadbf56e5 - - default default] No more DHCP agents
2026-07-24 18:43:34.903 6 WARNING neutron.api.rpc.agentnotifiers.dhcp_rpc_agent_api [None req-1c959581-a8da-4e1e-bcc2-bd967eddf4d8 370977fdf18b4915bf295487eefd17d2 41056d708abc49f7850410bfadbf56e5 - - default default] Unable to schedule network fc450db9-af3b-4ad0-83a9-4d9a258e0ddf: no agents available; will retry on subsequent port and subnet creation events.
2026-07-24 18:43:34.957 6 INFO neutron.plugins.ml2.drivers.ovn.mech_driver.mech_driver [None req-7a5a2e68-ec52-4f06-aca9-627cdd643e70 - - - - - -] OVN reports status down for port: 0b5d4d64-7e6f-4bd5-9b59-cb03c216eefe
2026-07-24 18:43:34.983 7 INFO neutron.db.ovn_revision_numbers_db [None req-8983fdbb-65ae-46be-8c7c-5a6d00dc5ecc 730cfe9fb4b34706adde203a7a584194 291476071eb74974aa478480aa3dbcbc - - default default] Successfully bumped revision number for resource 0b5d4d64-7e6f-4bd5-9b59-cb03c216eefe (type: ports) to 1 [pid: 6|app: 0|req: 717/1419] 10.0.0.197 () {34 vars in 676 bytes} [Fri Jul 24 18:43:34 2026] POST /v2.0/floatingips => generated 552 bytes in 707 msecs (HTTP/1.1 201) 4 headers in 162 bytes (1 switches on core 0) [pid: 6|app: 0|req: 718/1420] 10.0.0.197 () {32 vars in 740 bytes} [Fri Jul 24 18:43:35 2026] DELETE /v2.0/security-groups/98596ae0-19c2-455a-ba7d-dde8eec24532 => generated 0 bytes in 363 msecs (HTTP/1.1 204) 2 headers in 112 bytes (1 switches on core 0)
2026-07-24 18:43:35.753 6 INFO neutron.plugins.ml2.drivers.ovn.mech_driver.mech_driver [None req-7a5a2e68-ec52-4f06-aca9-627cdd643e70 - - - - - -] OVN reports status up for port: 0b5d4d64-7e6f-4bd5-9b59-cb03c216eefe
2026-07-24 18:43:35.780 6 INFO neutron.plugins.ml2.plugin [None req-7a5a2e68-ec52-4f06-aca9-627cdd643e70 - - - - - -] Attempt 1 to provision port 0b5d4d64-7e6f-4bd5-9b59-cb03c216eefe
2026-07-24 18:43:35.866 7 WARNING neutron.scheduler.dhcp_agent_scheduler [None req-8983fdbb-65ae-46be-8c7c-5a6d00dc5ecc 730cfe9fb4b34706adde203a7a584194 291476071eb74974aa478480aa3dbcbc - - default default] No more DHCP agents
2026-07-24 18:43:35.872 7 WARNING neutron.api.rpc.agentnotifiers.dhcp_rpc_agent_api [None req-8983fdbb-65ae-46be-8c7c-5a6d00dc5ecc 730cfe9fb4b34706adde203a7a584194 291476071eb74974aa478480aa3dbcbc - - default default] Unable to schedule network 84772834-72f4-4c5c-b761-dd85a881d59e: no agents available; will retry on subsequent port and subnet creation events.
2026-07-24 18:43:36.126 7 INFO neutron.db.ovn_revision_numbers_db [None req-8983fdbb-65ae-46be-8c7c-5a6d00dc5ecc 730cfe9fb4b34706adde203a7a584194 291476071eb74974aa478480aa3dbcbc - - default default] Successfully bumped revision number for resource 0b5d4d64-7e6f-4bd5-9b59-cb03c216eefe (type: router_ports) to 1 [pid: 7|app: 0|req: 703/1421] 10.0.0.197 () {34 vars in 783 bytes} [Fri Jul 24 18:43:34 2026] PUT /v2.0/routers/a51cc6f1-3d95-45b5-a9b5-990fc28b5ac9/add_router_interface => generated 309 bytes in 1875 msecs (HTTP/1.1 200) 4 headers in 157 bytes (1 switches on core 0) [pid: 6|app: 0|req: 719/1422] 10.0.0.197 () {32 vars in 717 bytes} [Fri Jul 24 18:43:36 2026] GET /v2.0/ports/0b5d4d64-7e6f-4bd5-9b59-cb03c216eefe => generated 943 bytes in 202 msecs (HTTP/1.1 200) 4 headers in 157 bytes (1 switches on core 0)
2026-07-24 18:43:36.469 6 INFO neutron.db.ovn_revision_numbers_db [None req-7a5a2e68-ec52-4f06-aca9-627cdd643e70 - - - - - -] Successfully bumped revision number for resource 0b5d4d64-7e6f-4bd5-9b59-cb03c216eefe (type: ports) to 2
2026-07-24 18:43:36.633 6 INFO neutron.db.ovn_revision_numbers_db [None req-1c56bab7-6400-4521-94b0-8bf9df44c6d2 - - - - - -] Successfully bumped revision number for resource 0b5d4d64-7e6f-4bd5-9b59-cb03c216eefe (type: router_ports) to 2
2026-07-24 18:43:36.928 7 WARNING neutron.scheduler.dhcp_agent_scheduler [None req-4d400b5c-ba60-4214-8c15-2f8b6737e215 730cfe9fb4b34706adde203a7a584194 291476071eb74974aa478480aa3dbcbc - - default default] No more DHCP agents
2026-07-24 18:43:36.929 7 WARNING neutron.api.rpc.agentnotifiers.dhcp_rpc_agent_api [None req-4d400b5c-ba60-4214-8c15-2f8b6737e215 730cfe9fb4b34706adde203a7a584194 291476071eb74974aa478480aa3dbcbc - - default default] Unable to schedule network 717c91ef-5095-4841-afad-9085a3a3adca: no agents available; will retry on subsequent port and subnet creation events.
2026-07-24 18:43:37.059 6 INFO neutron.plugins.ml2.drivers.ovn.mech_driver.mech_driver [None req-1c56bab7-6400-4521-94b0-8bf9df44c6d2 - - - - - -] OVN reports status down for port: 573c4e3d-5efb-4251-b7ba-6b9f392756c3
2026-07-24 18:43:37.113 7 INFO neutron.db.ovn_revision_numbers_db [None req-4d400b5c-ba60-4214-8c15-2f8b6737e215 730cfe9fb4b34706adde203a7a584194 291476071eb74974aa478480aa3dbcbc - - default default] Successfully bumped revision number for resource 573c4e3d-5efb-4251-b7ba-6b9f392756c3 (type: ports) to 1
2026-07-24 18:43:37.418 6 INFO neutron.db.ovn_revision_numbers_db [None req-8124cd4f-775a-4331-a199-34a1b47b4819 df240721c5c743c19423b46f30be77ee 8533b02f86174b29b5112786ce34a300 - - default default] Successfully bumped revision number for resource 85a236e8-2050-4605-97d3-f44fb47d5a92 (type: security_groups) to 1
2026-07-24 18:43:37.431 6 INFO neutron.db.ovn_revision_numbers_db [None req-8124cd4f-775a-4331-a199-34a1b47b4819 df240721c5c743c19423b46f30be77ee 8533b02f86174b29b5112786ce34a300 - - default default] Successfully bumped revision number for resource 0766da5e-774e-491c-8a15-597f26922969 (type: security_group_rules) to 0
2026-07-24 18:43:37.455 6 INFO neutron.db.ovn_revision_numbers_db [None req-8124cd4f-775a-4331-a199-34a1b47b4819 df240721c5c743c19423b46f30be77ee 8533b02f86174b29b5112786ce34a300 - - default default] Successfully bumped revision number for resource 656a0e63-ef46-490b-a463-c9b2a1a72f51 (type: security_group_rules) to 0
2026-07-24 18:43:37.466 6 INFO neutron.db.ovn_revision_numbers_db [None req-8124cd4f-775a-4331-a199-34a1b47b4819 df240721c5c743c19423b46f30be77ee 8533b02f86174b29b5112786ce34a300 - - default default] Successfully bumped revision number for resource d5449efb-b2f3-44ea-8213-f59b68757232 (type: security_group_rules) to 0
2026-07-24 18:43:37.480 6 INFO neutron.db.ovn_revision_numbers_db [None req-8124cd4f-775a-4331-a199-34a1b47b4819 df240721c5c743c19423b46f30be77ee 8533b02f86174b29b5112786ce34a300 - - default default] Successfully bumped revision number for resource fe91e8c3-86be-4341-acae-6f06cb3dde8d (type: security_group_rules) to 0 [pid: 6|app: 0|req: 720/1423] 10.0.0.197 () {32 vars in 774 bytes} [Fri Jul 24 18:43:36 2026] GET /v2.0/security-groups?tenant_id=f2989bbdd5c943d2a6ed5994dd450f21&name=default => generated 2925 bytes in 533 msecs (HTTP/1.1 200) 4 headers in 158 bytes (1 switches on core 0) [pid: 6|app: 0|req: 721/1424] 10.0.0.120 () {34 vars in 1100 bytes} [Fri Jul 24 18:43:37 2026] GET /v2.0/security-groups?name=tempest-securitygroup--1993904446&fields=id&tenant_id=41056d708abc49f7850410bfadbf56e5 => generated 69 bytes in 44 msecs (HTTP/1.1 200) 4 headers in 156 bytes (1 switches on core 0) [pid: 6|app: 0|req: 722/1425] 10.0.0.197 () {32 vars in 740 bytes} [Fri Jul 24 18:43:37 2026] DELETE /v2.0/security-groups/85a236e8-2050-4605-97d3-f44fb47d5a92 => generated 0 bytes in 377 msecs (HTTP/1.1 204) 2 headers in 112 bytes (1 switches on core 0)
2026-07-24 18:43:37.978 6 INFO neutron.plugins.ml2.drivers.ovn.mech_driver.mech_driver [None req-1c56bab7-6400-4521-94b0-8bf9df44c6d2 - - - - - -] OVN reports status up for port: 573c4e3d-5efb-4251-b7ba-6b9f392756c3
2026-07-24 18:43:38.013 6 INFO neutron.plugins.ml2.plugin [None req-1c56bab7-6400-4521-94b0-8bf9df44c6d2 - - - - - -] Attempt 1 to provision port 573c4e3d-5efb-4251-b7ba-6b9f392756c3 [pid: 6|app: 0|req: 723/1426] 10.0.0.120 () {34 vars in 982 bytes} [Fri Jul 24 18:43:37 2026] GET /v2.0/networks?id=a7d5d40d-033a-4d6a-83b5-96673bcb751d => generated 680 bytes in 114 msecs (HTTP/1.1 200) 4 headers in 157 bytes (1 switches on core 0)
2026-07-24 18:43:38.079 7 WARNING neutron.scheduler.dhcp_agent_scheduler [None req-4d400b5c-ba60-4214-8c15-2f8b6737e215 730cfe9fb4b34706adde203a7a584194 291476071eb74974aa478480aa3dbcbc - - default default] No more DHCP agents
2026-07-24 18:43:38.080 7 WARNING neutron.api.rpc.agentnotifiers.dhcp_rpc_agent_api [None req-4d400b5c-ba60-4214-8c15-2f8b6737e215 730cfe9fb4b34706adde203a7a584194 291476071eb74974aa478480aa3dbcbc - - default default] Unable to schedule network 717c91ef-5095-4841-afad-9085a3a3adca: no agents available; will retry on subsequent port and subnet creation events. [pid: 6|app: 0|req: 724/1427] 10.0.0.197 () {34 vars in 676 bytes} [Fri Jul 24 18:43:38 2026] POST /v2.0/subnetpools => generated 548 bytes in 253 msecs (HTTP/1.1 201) 4 headers in 162 bytes (1 switches on core 0)
