2026-07-24 18:43:13.611 6 INFO neutron.db.segments_db [None req-79dca7a6-766f-4f27-bac0-a81023a9fbc6 dd1eb782a55a4227ba20cc75d078c3c7 f3a8ba5d4eff448980e6badef8f018de - - default default] Added segment 3b2f1bc4-6669-47f5-9cec-e98eff8167bc of type geneve for network 1ae5292e-74ec-4cbd-adc2-5bef0ed61823 [pid: 7|app: 0|req: 634/1312] 10.0.0.197 () {32 vars in 726 bytes} [Fri Jul 24 18:43:13 2026] DELETE /v2.0/networks/62eb46cc-7b68-40bc-93d8-74e2f57aed79 => generated 0 bytes in 385 msecs (HTTP/1.1 204) 3 headers in 131 bytes (1 switches on core 0)
2026-07-24 18:43:13.851 6 INFO neutron.db.ovn_revision_numbers_db [None req-79dca7a6-766f-4f27-bac0-a81023a9fbc6 dd1eb782a55a4227ba20cc75d078c3c7 f3a8ba5d4eff448980e6badef8f018de - - default default] Successfully bumped revision number for resource 1ae5292e-74ec-4cbd-adc2-5bef0ed61823 (type: networks) to 1
2026-07-24 18:43:13.916 7 INFO neutron.db.segments_db [None req-dbb68fdc-b7d3-43ec-9e26-f92d924e99fb 173671a5c32a449e814110f89d646b3d 17b9d014cf1c4ca8b17205355644dd0b - - default default] Added segment 80c345b5-f3be-4f46-a177-dd3767100d96 of type geneve for network 66054e0e-e9b0-489a-9647-d3d1c7fa3373
2026-07-24 18:43:14.046 7 INFO neutron.services.segments.plugin [-] Segment d39aa825-f3d9-402f-9e79-ff335c34b5f9 resource provider aggregate not found
2026-07-24 18:43:14.053 7 INFO neutron.services.segments.plugin [-] Segment d39aa825-f3d9-402f-9e79-ff335c34b5f9 resource provider aggregate not found
2026-07-24 18:43:14.059 6 WARNING neutron.scheduler.dhcp_agent_scheduler [None req-79dca7a6-766f-4f27-bac0-a81023a9fbc6 dd1eb782a55a4227ba20cc75d078c3c7 f3a8ba5d4eff448980e6badef8f018de - - default default] No more DHCP agents
2026-07-24 18:43:14.060 6 WARNING neutron.api.rpc.agentnotifiers.dhcp_rpc_agent_api [None req-79dca7a6-766f-4f27-bac0-a81023a9fbc6 dd1eb782a55a4227ba20cc75d078c3c7 f3a8ba5d4eff448980e6badef8f018de - - default default] Unable to schedule network 1ae5292e-74ec-4cbd-adc2-5bef0ed61823: no agents available; will retry on subsequent port and subnet creation events.
2026-07-24 18:43:14.066 7 INFO neutron.db.ovn_revision_numbers_db [None req-dbb68fdc-b7d3-43ec-9e26-f92d924e99fb 173671a5c32a449e814110f89d646b3d 17b9d014cf1c4ca8b17205355644dd0b - - default default] Successfully bumped revision number for resource 66054e0e-e9b0-489a-9647-d3d1c7fa3373 (type: networks) to 1
2026-07-24 18:43:14.069 7 INFO neutron.services.segments.plugin [-] Client error retrieving segment d39aa825-f3d9-402f-9e79-ff335c34b5f9 resource provider; error: Placement Client Error (4xx): {"errors": [{"status": 404, "title": "Not Found", "detail": "The resource could not be found.\n\n No resource provider with uuid d39aa825-f3d9-402f-9e79-ff335c34b5f9 found for delete ", "request_id": "req-550a2526-8b15-4984-a105-c376ccf1623a"}]}
2026-07-24 18:43:14.072 7 INFO neutron.services.segments.plugin [-] Client error retrieving segment d39aa825-f3d9-402f-9e79-ff335c34b5f9 resource provider; error: Placement Client Error (4xx): {"errors": [{"status": 404, "title": "Not Found", "detail": "The resource could not be found.\n\n No resource provider with uuid d39aa825-f3d9-402f-9e79-ff335c34b5f9 found for delete ", "request_id": "req-29d43a3e-4d76-4378-a42a-bcd48ef7778a"}]}
2026-07-24 18:43:14.148 6 INFO neutron.plugins.ml2.drivers.ovn.mech_driver.mech_driver [None req-6844589a-78c2-49e0-bef8-601a60602616 - - - - - -] OVN reports status down for port: f650d580-d8bd-4dc1-972c-f9ba7e40edb6
2026-07-24 18:43:14.218 6 INFO neutron.db.ovn_revision_numbers_db [None req-79dca7a6-766f-4f27-bac0-a81023a9fbc6 dd1eb782a55a4227ba20cc75d078c3c7 f3a8ba5d4eff448980e6badef8f018de - - default default] Successfully bumped revision number for resource f650d580-d8bd-4dc1-972c-f9ba7e40edb6 (type: ports) to 1 [pid: 6|app: 0|req: 679/1313] 10.0.0.197 () {34 vars in 670 bytes} [Fri Jul 24 18:43:13 2026] POST /v2.0/networks => generated 649 bytes in 767 msecs (HTTP/1.1 201) 4 headers in 162 bytes (1 switches on core 0)
2026-07-24 18:43:14.325 7 WARNING neutron.scheduler.dhcp_agent_scheduler [None req-dbb68fdc-b7d3-43ec-9e26-f92d924e99fb 173671a5c32a449e814110f89d646b3d 17b9d014cf1c4ca8b17205355644dd0b - - default default] No more DHCP agents
2026-07-24 18:43:14.327 7 WARNING neutron.api.rpc.agentnotifiers.dhcp_rpc_agent_api [None req-dbb68fdc-b7d3-43ec-9e26-f92d924e99fb 173671a5c32a449e814110f89d646b3d 17b9d014cf1c4ca8b17205355644dd0b - - default default] Unable to schedule network 66054e0e-e9b0-489a-9647-d3d1c7fa3373: no agents available; will retry on subsequent port and subnet creation events.
2026-07-24 18:43:14.440 6 INFO neutron.plugins.ml2.drivers.ovn.mech_driver.mech_driver [None req-6844589a-78c2-49e0-bef8-601a60602616 - - - - - -] OVN reports status down for port: 471746bd-89c8-4fa3-b203-a2bfeb308594
2026-07-24 18:43:14.457 7 INFO neutron.db.ovn_revision_numbers_db [None req-dbb68fdc-b7d3-43ec-9e26-f92d924e99fb 173671a5c32a449e814110f89d646b3d 17b9d014cf1c4ca8b17205355644dd0b - - default default] Successfully bumped revision number for resource 471746bd-89c8-4fa3-b203-a2bfeb308594 (type: ports) to 1 [pid: 7|app: 0|req: 635/1314] 10.0.0.197 () {34 vars in 670 bytes} [Fri Jul 24 18:43:13 2026] POST /v2.0/networks => generated 634 bytes in 689 msecs (HTTP/1.1 201) 4 headers in 162 bytes (1 switches on core 0) [pid: 7|app: 0|req: 636/1315] 10.0.0.120 () {34 vars in 990 bytes} [Fri Jul 24 18:43:14 2026] GET /v2.0/ports?device_id=afc9bad9-93f3-469c-b4c5-d36b6f2afd7b => generated 12 bytes in 22 msecs (HTTP/1.1 200) 4 headers in 156 bytes (1 switches on core 0)
2026-07-24 18:43:14.733 7 WARNING neutron.scheduler.dhcp_agent_scheduler [None req-7d3de0c9-ef86-40fc-a9d6-2326fdbf2f1e 173671a5c32a449e814110f89d646b3d 17b9d014cf1c4ca8b17205355644dd0b - - default default] No more DHCP agents
2026-07-24 18:43:14.734 7 WARNING neutron.api.rpc.agentnotifiers.dhcp_rpc_agent_api [None req-7d3de0c9-ef86-40fc-a9d6-2326fdbf2f1e 173671a5c32a449e814110f89d646b3d 17b9d014cf1c4ca8b17205355644dd0b - - default default] Unable to schedule network 66054e0e-e9b0-489a-9647-d3d1c7fa3373: no agents available; will retry on subsequent port and subnet creation events.
2026-07-24 18:43:14.782 7 INFO neutron.db.ovn_revision_numbers_db [None req-7d3de0c9-ef86-40fc-a9d6-2326fdbf2f1e 173671a5c32a449e814110f89d646b3d 17b9d014cf1c4ca8b17205355644dd0b - - default default] Successfully bumped revision number for resource f657040a-8f88-436b-8184-2c114b389778 (type: subnets) to 0 [pid: 7|app: 0|req: 637/1316] 10.0.0.197 () {34 vars in 669 bytes} [Fri Jul 24 18:43:14 2026] POST /v2.0/subnets => generated 646 bytes in 299 msecs (HTTP/1.1 201) 4 headers in 162 bytes (1 switches on core 0)
2026-07-24 18:43:14.857 6 WARNING neutron.scheduler.dhcp_agent_scheduler [None req-13f0bb88-730c-4bdd-a647-c50f4fc93691 dd1eb782a55a4227ba20cc75d078c3c7 f3a8ba5d4eff448980e6badef8f018de - - default default] No more DHCP agents
2026-07-24 18:43:14.859 6 WARNING neutron.api.rpc.agentnotifiers.dhcp_rpc_agent_api [None req-13f0bb88-730c-4bdd-a647-c50f4fc93691 dd1eb782a55a4227ba20cc75d078c3c7 f3a8ba5d4eff448980e6badef8f018de - - default default] Unable to schedule network 639b9686-0022-4270-9536-47960a48ccf4: no agents available; will retry on subsequent port and subnet creation events.
2026-07-24 18:43:14.935 6 INFO neutron.plugins.ml2.drivers.ovn.mech_driver.mech_driver [None req-6844589a-78c2-49e0-bef8-601a60602616 - - - - - -] OVN reports status down for port: a75ef12b-c1ba-40e7-813b-75fb298cc48e
2026-07-24 18:43:15.056 7 INFO neutron.db.ovn_revision_numbers_db [None req-e7794c25-dd04-4ef6-b46d-86080138bb13 173671a5c32a449e814110f89d646b3d 17b9d014cf1c4ca8b17205355644dd0b - - default default] Successfully bumped revision number for resource 076f49de-02fc-442c-b654-8ce90b3f2ab3 (type: routers) to 1
2026-07-24 18:43:15.064 6 INFO neutron.db.ovn_revision_numbers_db [None req-13f0bb88-730c-4bdd-a647-c50f4fc93691 dd1eb782a55a4227ba20cc75d078c3c7 f3a8ba5d4eff448980e6badef8f018de - - default default] Successfully bumped revision number for resource a75ef12b-c1ba-40e7-813b-75fb298cc48e (type: ports) to 1 [pid: 7|app: 0|req: 638/1317] 10.0.0.197 () {34 vars in 669 bytes} [Fri Jul 24 18:43:14 2026] POST /v2.0/routers => generated 607 bytes in 261 msecs (HTTP/1.1 201) 4 headers in 162 bytes (1 switches on core 0)
2026-07-24 18:43:15.150 6 WARNING neutron.scheduler.dhcp_agent_scheduler [None req-13f0bb88-730c-4bdd-a647-c50f4fc93691 dd1eb782a55a4227ba20cc75d078c3c7 f3a8ba5d4eff448980e6badef8f018de - - default default] No more DHCP agents
2026-07-24 18:43:15.151 6 WARNING neutron.api.rpc.agentnotifiers.dhcp_rpc_agent_api [None req-13f0bb88-730c-4bdd-a647-c50f4fc93691 dd1eb782a55a4227ba20cc75d078c3c7 f3a8ba5d4eff448980e6badef8f018de - - default default] Unable to schedule network 1ae5292e-74ec-4cbd-adc2-5bef0ed61823: no agents available; will retry on subsequent port and subnet creation events.
2026-07-24 18:43:15.254 6 INFO neutron.plugins.ml2.drivers.ovn.mech_driver.mech_driver [None req-6844589a-78c2-49e0-bef8-601a60602616 - - - - - -] OVN reports status down for port: 192f311f-0b25-4c72-959f-0dfd3be3ba0d
2026-07-24 18:43:15.379 6 INFO neutron.db.ovn_revision_numbers_db [None req-13f0bb88-730c-4bdd-a647-c50f4fc93691 dd1eb782a55a4227ba20cc75d078c3c7 f3a8ba5d4eff448980e6badef8f018de - - default default] Successfully bumped revision number for resource 192f311f-0b25-4c72-959f-0dfd3be3ba0d (type: ports) to 1 [pid: 6|app: 0|req: 680/1318] 10.0.0.197 () {34 vars in 665 bytes} [Fri Jul 24 18:43:14 2026] POST /v2.0/ports => generated 1505 bytes in 1231 msecs (HTTP/1.1 201) 4 headers in 163 bytes (1 switches on core 0) /var/lib/openstack/lib/python3.12/site-packages/pycadf/identifier.py:70: UserWarning: Invalid uuid: neutron. To ensure interoperability, identifiers should be a valid uuid. warnings.warn(('Invalid uuid: %s. To ensure interoperability, ' [pid: 6|app: 0|req: 681/1319] 10.0.0.197 () {32 vars in 643 bytes} [Fri Jul 24 18:43:15 2026] GET /v2.0/ports => generated 3017 bytes in 53 msecs (HTTP/1.1 200) 4 headers in 158 bytes (1 switches on core 0)
2026-07-24 18:43:15.596 7 WARNING neutron.scheduler.dhcp_agent_scheduler [None req-990e7799-4b45-4998-958c-2ef867eee98c 173671a5c32a449e814110f89d646b3d 17b9d014cf1c4ca8b17205355644dd0b - - default default] No more DHCP agents
2026-07-24 18:43:15.598 7 WARNING neutron.api.rpc.agentnotifiers.dhcp_rpc_agent_api [None req-990e7799-4b45-4998-958c-2ef867eee98c 173671a5c32a449e814110f89d646b3d 17b9d014cf1c4ca8b17205355644dd0b - - default default] Unable to schedule network 66054e0e-e9b0-489a-9647-d3d1c7fa3373: no agents available; will retry on subsequent port and subnet creation events.
2026-07-24 18:43:15.729 6 INFO neutron.plugins.ml2.drivers.ovn.mech_driver.mech_driver [None req-6844589a-78c2-49e0-bef8-601a60602616 - - - - - -] OVN reports status down for port: f3fe0d33-cb68-4c77-9f7a-721a4fe53b95
2026-07-24 18:43:15.767 6 INFO neutron_taas.services.taas.taas_plugin [None req-766abee4-d50a-4dd3-8a36-0d049813f164 dd1eb782a55a4227ba20cc75d078c3c7 f3a8ba5d4eff448980e6badef8f018de - - default default] TaaS: Handle Delete Port: a75ef12b-c1ba-40e7-813b-75fb298cc48e
2026-07-24 18:43:15.770 7 INFO neutron.db.ovn_revision_numbers_db [None req-990e7799-4b45-4998-958c-2ef867eee98c 173671a5c32a449e814110f89d646b3d 17b9d014cf1c4ca8b17205355644dd0b - - default default] Successfully bumped revision number for resource f3fe0d33-cb68-4c77-9f7a-721a4fe53b95 (type: ports) to 1
2026-07-24 18:43:15.775 6 INFO neutron_taas.services.taas.tap_mirror_plugin [None req-766abee4-d50a-4dd3-8a36-0d049813f164 dd1eb782a55a4227ba20cc75d078c3c7 f3a8ba5d4eff448980e6badef8f018de - - default default] Tap Mirror: Handle Delete Port: a75ef12b-c1ba-40e7-813b-75fb298cc48e [pid: 6|app: 0|req: 682/1320] 10.0.0.197 () {32 vars in 720 bytes} [Fri Jul 24 18:43:15 2026] DELETE /v2.0/ports/a75ef12b-c1ba-40e7-813b-75fb298cc48e => generated 0 bytes in 411 msecs (HTTP/1.1 204) 3 headers in 131 bytes (1 switches on core 0) [pid: 6|app: 0|req: 683/1321] 10.0.0.197 () {32 vars in 740 bytes} [Fri Jul 24 18:43:15 2026] DELETE /v2.0/security-groups/8096482e-5d67-4691-ba93-1c713ca29a3f => generated 0 bytes in 177 msecs (HTTP/1.1 204) 2 headers in 112 bytes (1 switches on core 0)
2026-07-24 18:43:16.282 6 INFO neutron_taas.services.taas.taas_plugin [None req-8875e9ee-5121-4cdc-9337-cb62958cd0ea dd1eb782a55a4227ba20cc75d078c3c7 f3a8ba5d4eff448980e6badef8f018de - - default default] TaaS: Handle Delete Port: 192f311f-0b25-4c72-959f-0dfd3be3ba0d
2026-07-24 18:43:16.286 6 INFO neutron_taas.services.taas.tap_mirror_plugin [None req-8875e9ee-5121-4cdc-9337-cb62958cd0ea dd1eb782a55a4227ba20cc75d078c3c7 f3a8ba5d4eff448980e6badef8f018de - - default default] Tap Mirror: Handle Delete Port: 192f311f-0b25-4c72-959f-0dfd3be3ba0d [pid: 6|app: 0|req: 684/1322] 10.0.0.197 () {32 vars in 720 bytes} [Fri Jul 24 18:43:16 2026] DELETE /v2.0/ports/192f311f-0b25-4c72-959f-0dfd3be3ba0d => generated 0 bytes in 287 msecs (HTTP/1.1 204) 3 headers in 131 bytes (1 switches on core 0)
2026-07-24 18:43:16.449 6 INFO neutron.api.v2.resource [None req-d36e6888-e962-4795-a8f5-08dc91ad0bb2 4dc62feb4bff45fb99680e295e589e27 f1b06fac1c3c4434af163638f033ddde - - default default] show failed (client error): The resource could not be found. [pid: 6|app: 0|req: 685/1323] 10.0.0.197 () {32 vars in 737 bytes} [Fri Jul 24 18:43:16 2026] GET /v2.0/security-groups/8096482e-5d67-4691-ba93-1c713ca29a3f => generated 146 bytes in 10 msecs (HTTP/1.1 404) 4 headers in 164 bytes (1 switches on core 0)
2026-07-24 18:43:16.489 6 INFO neutron.plugins.ml2.drivers.ovn.mech_driver.mech_driver [None req-6844589a-78c2-49e0-bef8-601a60602616 - - - - - -] OVN reports status up for port: f3fe0d33-cb68-4c77-9f7a-721a4fe53b95
2026-07-24 18:43:16.502 6 INFO neutron.plugins.ml2.plugin [None req-6844589a-78c2-49e0-bef8-601a60602616 - - - - - -] Attempt 1 to provision port f3fe0d33-cb68-4c77-9f7a-721a4fe53b95
2026-07-24 18:43:16.566 7 WARNING neutron.scheduler.dhcp_agent_scheduler [None req-990e7799-4b45-4998-958c-2ef867eee98c 173671a5c32a449e814110f89d646b3d 17b9d014cf1c4ca8b17205355644dd0b - - default default] No more DHCP agents
2026-07-24 18:43:16.567 7 WARNING neutron.api.rpc.agentnotifiers.dhcp_rpc_agent_api [None req-990e7799-4b45-4998-958c-2ef867eee98c 173671a5c32a449e814110f89d646b3d 17b9d014cf1c4ca8b17205355644dd0b - - default default] Unable to schedule network 66054e0e-e9b0-489a-9647-d3d1c7fa3373: no agents available; will retry on subsequent port and subnet creation events.
2026-07-24 18:43:16.801 7 INFO neutron.db.ovn_revision_numbers_db [None req-990e7799-4b45-4998-958c-2ef867eee98c 173671a5c32a449e814110f89d646b3d 17b9d014cf1c4ca8b17205355644dd0b - - default default] Successfully bumped revision number for resource f3fe0d33-cb68-4c77-9f7a-721a4fe53b95 (type: router_ports) to 1 [pid: 7|app: 0|req: 639/1324] 10.0.0.197 () {34 vars in 783 bytes} [Fri Jul 24 18:43:15 2026] PUT /v2.0/routers/076f49de-02fc-442c-b654-8ce90b3f2ab3/add_router_interface => generated 309 bytes in 1727 msecs (HTTP/1.1 200) 4 headers in 157 bytes (1 switches on core 0) [pid: 7|app: 0|req: 640/1325] 10.0.0.197 () {32 vars in 643 bytes} [Fri Jul 24 18:43:16 2026] GET /v2.0/ports => generated 1523 bytes in 155 msecs (HTTP/1.1 200) 4 headers in 158 bytes (1 switches on core 0)
2026-07-24 18:43:16.984 6 INFO neutron.db.ovn_revision_numbers_db [None req-6696f45b-105f-4ad3-845d-896d7140202e df240721c5c743c19423b46f30be77ee 8533b02f86174b29b5112786ce34a300 - - default default] Successfully bumped revision number for resource 69702d9a-aa3d-48de-848e-e9da537093e2 (type: security_groups) to 1
2026-07-24 18:43:17.003 6 INFO neutron.db.ovn_revision_numbers_db [None req-6696f45b-105f-4ad3-845d-896d7140202e df240721c5c743c19423b46f30be77ee 8533b02f86174b29b5112786ce34a300 - - default default] Successfully bumped revision number for resource 1955fadf-19b6-46bb-b93c-8c79cec9688e (type: security_group_rules) to 0
2026-07-24 18:43:17.028 6 INFO neutron.db.ovn_revision_numbers_db [None req-6696f45b-105f-4ad3-845d-896d7140202e df240721c5c743c19423b46f30be77ee 8533b02f86174b29b5112786ce34a300 - - default default] Successfully bumped revision number for resource 4d20ddc0-f974-4fc9-be2d-9e5249c65e8e (type: security_group_rules) to 0
2026-07-24 18:43:17.053 6 INFO neutron.db.ovn_revision_numbers_db [None req-6696f45b-105f-4ad3-845d-896d7140202e df240721c5c743c19423b46f30be77ee 8533b02f86174b29b5112786ce34a300 - - default default] Successfully bumped revision number for resource 57636a83-8c33-46b1-b189-e0bb221c2025 (type: security_group_rules) to 0
2026-07-24 18:43:17.081 6 INFO neutron.db.ovn_revision_numbers_db [None req-6696f45b-105f-4ad3-845d-896d7140202e df240721c5c743c19423b46f30be77ee 8533b02f86174b29b5112786ce34a300 - - default default] Successfully bumped revision number for resource 96f38e40-2040-4c16-8de4-e63fb59aaa2f (type: security_group_rules) to 0
2026-07-24 18:43:17.116 7 INFO neutron_taas.services.taas.taas_plugin [None req-48da7d50-fab1-4521-871a-f76f94d87d5f 4dc62feb4bff45fb99680e295e589e27 f1b06fac1c3c4434af163638f033ddde - - default default] TaaS: Handle Delete Port: 8457305a-3362-46b1-a6d2-518e0f2ed012
2026-07-24 18:43:17.119 7 INFO neutron_taas.services.taas.tap_mirror_plugin [None req-48da7d50-fab1-4521-871a-f76f94d87d5f 4dc62feb4bff45fb99680e295e589e27 f1b06fac1c3c4434af163638f033ddde - - default default] Tap Mirror: Handle Delete Port: 8457305a-3362-46b1-a6d2-518e0f2ed012 [pid: 6|app: 0|req: 686/1326] 10.0.0.197 () {32 vars in 774 bytes} [Fri Jul 24 18:43:16 2026] GET /v2.0/security-groups?tenant_id=f9d2dd449a664b8fb1c56f280a58d778&name=default => generated 2925 bytes in 729 msecs (HTTP/1.1 200) 4 headers in 158 bytes (1 switches on core 0)
2026-07-24 18:43:17.276 6 INFO neutron.db.ovn_revision_numbers_db [None req-6844589a-78c2-49e0-bef8-601a60602616 - - - - - -] Successfully bumped revision number for resource f3fe0d33-cb68-4c77-9f7a-721a4fe53b95 (type: ports) to 2 [pid: 6|app: 0|req: 687/1327] 10.0.0.197 () {32 vars in 717 bytes} [Fri Jul 24 18:43:17 2026] GET /v2.0/ports/f3fe0d33-cb68-4c77-9f7a-721a4fe53b95 => generated 947 bytes in 116 msecs (HTTP/1.1 200) 4 headers in 157 bytes (1 switches on core 0) [pid: 7|app: 0|req: 641/1328] 10.0.0.197 () {32 vars in 732 bytes} [Fri Jul 24 18:43:16 2026] DELETE /v2.0/floatingips/757c01a1-9c0d-41aa-a2a9-96f19fe09da7 => generated 0 bytes in 365 msecs (HTTP/1.1 204) 2 headers in 112 bytes (1 switches on core 0)
2026-07-24 18:43:17.464 6 INFO neutron.db.segments_db [None req-bf6ad9db-f62e-4555-ad7a-761265e07115 dd1eb782a55a4227ba20cc75d078c3c7 f3a8ba5d4eff448980e6badef8f018de - - default default] Added segment 581475f3-fb0b-49e1-9221-5d876dc24bec of type geneve for network 6f9f3abc-c34b-4015-8b1a-8c4440622dec
2026-07-24 18:43:17.630 6 INFO neutron.db.ovn_revision_numbers_db [None req-fb541e59-ee48-4c8e-b93e-c143f0f19c1e - - - - - -] Successfully bumped revision number for resource f3fe0d33-cb68-4c77-9f7a-721a4fe53b95 (type: router_ports) to 2 [pid: 7|app: 0|req: 642/1329] 10.0.0.197 () {32 vars in 740 bytes} [Fri Jul 24 18:43:17 2026] DELETE /v2.0/security-groups/69702d9a-aa3d-48de-848e-e9da537093e2 => generated 0 bytes in 315 msecs (HTTP/1.1 204) 2 headers in 112 bytes (1 switches on core 0) [pid: 7|app: 0|req: 643/1330] 10.0.0.197 () {32 vars in 717 bytes} [Fri Jul 24 18:43:17 2026] GET /v2.0/ports/f3fe0d33-cb68-4c77-9f7a-721a4fe53b95 => generated 947 bytes in 34 msecs (HTTP/1.1 200) 4 headers in 157 bytes (1 switches on core 0)
2026-07-24 18:43:17.776 6 INFO neutron.db.ovn_revision_numbers_db [None req-bf6ad9db-f62e-4555-ad7a-761265e07115 dd1eb782a55a4227ba20cc75d078c3c7 f3a8ba5d4eff448980e6badef8f018de - - default default] Successfully bumped revision number for resource 6f9f3abc-c34b-4015-8b1a-8c4440622dec (type: networks) to 1
2026-07-24 18:43:17.951 6 WARNING neutron.scheduler.dhcp_agent_scheduler [None req-bf6ad9db-f62e-4555-ad7a-761265e07115 dd1eb782a55a4227ba20cc75d078c3c7 f3a8ba5d4eff448980e6badef8f018de - - default default] No more DHCP agents
2026-07-24 18:43:17.953 6 WARNING neutron.api.rpc.agentnotifiers.dhcp_rpc_agent_api [None req-bf6ad9db-f62e-4555-ad7a-761265e07115 dd1eb782a55a4227ba20cc75d078c3c7 f3a8ba5d4eff448980e6badef8f018de - - default default] Unable to schedule network 6f9f3abc-c34b-4015-8b1a-8c4440622dec: no agents available; will retry on subsequent port and subnet creation events.
2026-07-24 18:43:18.027 6 INFO neutron.plugins.ml2.drivers.ovn.mech_driver.mech_driver [None req-fb541e59-ee48-4c8e-b93e-c143f0f19c1e - - - - - -] OVN reports status down for port: 6def4589-10fd-4613-8674-4040c89ebeca
2026-07-24 18:43:18.088 7 INFO neutron_taas.services.taas.taas_plugin [None req-ccb3d0b1-f97c-4d59-b5d5-977943d34a97 df240721c5c743c19423b46f30be77ee 8533b02f86174b29b5112786ce34a300 - - default default] TaaS: Handle Delete Port: 7e3c6666-ae1f-47df-92a9-2155d739881a
2026-07-24 18:43:18.091 6 INFO neutron.db.ovn_revision_numbers_db [None req-bf6ad9db-f62e-4555-ad7a-761265e07115 dd1eb782a55a4227ba20cc75d078c3c7 f3a8ba5d4eff448980e6badef8f018de - - default default] Successfully bumped revision number for resource 6def4589-10fd-4613-8674-4040c89ebeca (type: ports) to 1
2026-07-24 18:43:18.091 7 INFO neutron_taas.services.taas.tap_mirror_plugin [None req-ccb3d0b1-f97c-4d59-b5d5-977943d34a97 df240721c5c743c19423b46f30be77ee 8533b02f86174b29b5112786ce34a300 - - default default] Tap Mirror: Handle Delete Port: 7e3c6666-ae1f-47df-92a9-2155d739881a [pid: 6|app: 0|req: 688/1331] 10.0.0.197 () {34 vars in 670 bytes} [Fri Jul 24 18:43:17 2026] POST /v2.0/networks => generated 650 bytes in 844 msecs (HTTP/1.1 201) 4 headers in 162 bytes (1 switches on core 0)
2026-07-24 18:43:18.445 6 INFO neutron_taas.services.taas.taas_plugin [None req-078450b5-7c62-482c-a372-aeb2e4ecd701 173671a5c32a449e814110f89d646b3d 17b9d014cf1c4ca8b17205355644dd0b - - default default] TaaS: Handle Delete Port: f3fe0d33-cb68-4c77-9f7a-721a4fe53b95
2026-07-24 18:43:18.448 6 INFO neutron_taas.services.taas.tap_mirror_plugin [None req-078450b5-7c62-482c-a372-aeb2e4ecd701 173671a5c32a449e814110f89d646b3d 17b9d014cf1c4ca8b17205355644dd0b - - default default] Tap Mirror: Handle Delete Port: f3fe0d33-cb68-4c77-9f7a-721a4fe53b95 [pid: 6|app: 0|req: 689/1332] 10.0.0.197 () {34 vars in 789 bytes} [Fri Jul 24 18:43:18 2026] PUT /v2.0/routers/076f49de-02fc-442c-b654-8ce90b3f2ab3/remove_router_interface => generated 309 bytes in 663 msecs (HTTP/1.1 200) 4 headers in 157 bytes (1 switches on core 0) /var/lib/openstack/lib/python3.12/site-packages/pycadf/identifier.py:70: UserWarning: Invalid uuid: neutron. To ensure interoperability, identifiers should be a valid uuid. warnings.warn(('Invalid uuid: %s. To ensure interoperability, ' [pid: 7|app: 0|req: 644/1333] 10.0.0.197 () {34 vars in 789 bytes} [Fri Jul 24 18:43:17 2026] PUT /v2.0/routers/c13952f6-ef51-48a9-aacc-d373ce49a701/remove_router_interface => generated 309 bytes in 1193 msecs (HTTP/1.1 200) 4 headers in 157 bytes (1 switches on core 0) /var/lib/openstack/lib/python3.12/site-packages/pycadf/identifier.py:70: UserWarning: Invalid uuid: neutron. To ensure interoperability, identifiers should be a valid uuid. warnings.warn(('Invalid uuid: %s. To ensure interoperability, ' [pid: 7|app: 0|req: 645/1334] 10.0.0.197 () {32 vars in 736 bytes} [Fri Jul 24 18:43:18 2026] GET /v2.0/ports?device_id=076f49de-02fc-442c-b654-8ce90b3f2ab3 => generated 12 bytes in 28 msecs (HTTP/1.1 200) 4 headers in 156 bytes (1 switches on core 0)
2026-07-24 18:43:18.936 6 INFO neutron.db.segments_db [None req-5256e08a-5672-4be5-92d8-8addad0cd5b2 dd1eb782a55a4227ba20cc75d078c3c7 f3a8ba5d4eff448980e6badef8f018de - - default default] Added segment c30387d5-3225-45e6-ad10-db82aab17c61 of type geneve for network 72339956-cf52-4bd9-8145-04270a971d56
2026-07-24 18:43:19.092 6 INFO neutron.db.ovn_revision_numbers_db [None req-5256e08a-5672-4be5-92d8-8addad0cd5b2 dd1eb782a55a4227ba20cc75d078c3c7 f3a8ba5d4eff448980e6badef8f018de - - default default] Successfully bumped revision number for resource 72339956-cf52-4bd9-8145-04270a971d56 (type: networks) to 1
2026-07-24 18:43:19.243 7 INFO neutron_taas.services.taas.taas_plugin [None req-6cca5078-196b-426f-ae64-0a8d20903274 df240721c5c743c19423b46f30be77ee 8533b02f86174b29b5112786ce34a300 - - default default] TaaS: Handle Delete Port: 3a2a8e83-4e0f-42ca-9e15-5876ab12431d
2026-07-24 18:43:19.246 7 INFO neutron_taas.services.taas.tap_mirror_plugin [None req-6cca5078-196b-426f-ae64-0a8d20903274 df240721c5c743c19423b46f30be77ee 8533b02f86174b29b5112786ce34a300 - - default default] Tap Mirror: Handle Delete Port: 3a2a8e83-4e0f-42ca-9e15-5876ab12431d
2026-07-24 18:43:19.284 6 WARNING neutron.scheduler.dhcp_agent_scheduler [None req-5256e08a-5672-4be5-92d8-8addad0cd5b2 dd1eb782a55a4227ba20cc75d078c3c7 f3a8ba5d4eff448980e6badef8f018de - - default default] No more DHCP agents
2026-07-24 18:43:19.289 6 WARNING neutron.api.rpc.agentnotifiers.dhcp_rpc_agent_api [None req-5256e08a-5672-4be5-92d8-8addad0cd5b2 dd1eb782a55a4227ba20cc75d078c3c7 f3a8ba5d4eff448980e6badef8f018de - - default default] Unable to schedule network 72339956-cf52-4bd9-8145-04270a971d56: no agents available; will retry on subsequent port and subnet creation events.
2026-07-24 18:43:19.374 6 INFO neutron.plugins.ml2.drivers.ovn.mech_driver.mech_driver [None req-fb541e59-ee48-4c8e-b93e-c143f0f19c1e - - - - - -] OVN reports status down for port: 7b6ae144-3b3d-484c-b650-20fb6e0074af
2026-07-24 18:43:19.440 6 INFO neutron.db.ovn_revision_numbers_db [None req-5256e08a-5672-4be5-92d8-8addad0cd5b2 dd1eb782a55a4227ba20cc75d078c3c7 f3a8ba5d4eff448980e6badef8f018de - - default default] Successfully bumped revision number for resource 7b6ae144-3b3d-484c-b650-20fb6e0074af (type: ports) to 1 [pid: 6|app: 0|req: 690/1335] 10.0.0.197 () {34 vars in 670 bytes} [Fri Jul 24 18:43:18 2026] POST /v2.0/networks => generated 650 bytes in 740 msecs (HTTP/1.1 201) 4 headers in 162 bytes (1 switches on core 0) [pid: 6|app: 0|req: 691/1336] 10.0.0.197 () {32 vars in 724 bytes} [Fri Jul 24 18:43:19 2026] DELETE /v2.0/routers/076f49de-02fc-442c-b654-8ce90b3f2ab3 => generated 0 bytes in 234 msecs (HTTP/1.1 204) 2 headers in 112 bytes (1 switches on core 0)
2026-07-24 18:43:20.107 6 WARNING neutron.scheduler.dhcp_agent_scheduler [None req-9abee3b3-28a0-45f2-9e8b-135f8c91ff79 dd1eb782a55a4227ba20cc75d078c3c7 f3a8ba5d4eff448980e6badef8f018de - - default default] No more DHCP agents
2026-07-24 18:43:20.108 6 WARNING neutron.api.rpc.agentnotifiers.dhcp_rpc_agent_api [None req-9abee3b3-28a0-45f2-9e8b-135f8c91ff79 dd1eb782a55a4227ba20cc75d078c3c7 f3a8ba5d4eff448980e6badef8f018de - - default default] Unable to schedule network 6f9f3abc-c34b-4015-8b1a-8c4440622dec: no agents available; will retry on subsequent port and subnet creation events. [pid: 7|app: 0|req: 646/1337] 10.0.0.197 () {32 vars in 724 bytes} [Fri Jul 24 18:43:18 2026] DELETE /v2.0/routers/c13952f6-ef51-48a9-aacc-d373ce49a701 => generated 0 bytes in 1296 msecs (HTTP/1.1 204) 2 headers in 112 bytes (1 switches on core 0) [pid: 7|app: 0|req: 647/1338] 10.0.0.197 () {32 vars in 724 bytes} [Fri Jul 24 18:43:20 2026] DELETE /v2.0/subnets/f657040a-8f88-436b-8184-2c114b389778 => generated 0 bytes in 173 msecs (HTTP/1.1 204) 3 headers in 131 bytes (1 switches on core 0)
2026-07-24 18:43:20.689 6 INFO neutron.db.ovn_revision_numbers_db [None req-5139bd21-4625-4a11-9b7c-1eae0e696219 - - - - - -] Successfully bumped revision number for resource 6def4589-10fd-4613-8674-4040c89ebeca (type: ports) to 2
2026-07-24 18:43:20.765 6 INFO neutron.db.ovn_revision_numbers_db [None req-5139bd21-4625-4a11-9b7c-1eae0e696219 - - - - - -] Successfully bumped revision number for resource 5c875a97-e3b9-4c5a-8e98-d7dde4864c23 (type: subnets) to 0
2026-07-24 18:43:20.781 7 INFO neutron.db.ovn_revision_numbers_db [None req-a5eb563c-a983-4ee7-b001-20db8baa4968 df240721c5c743c19423b46f30be77ee 8533b02f86174b29b5112786ce34a300 - - default default] Successfully bumped revision number for resource f0aad320-46d6-4da6-9b31-e61713e760e6 (type: security_groups) to 1
2026-07-24 18:43:20.794 7 INFO neutron.db.ovn_revision_numbers_db [None req-a5eb563c-a983-4ee7-b001-20db8baa4968 df240721c5c743c19423b46f30be77ee 8533b02f86174b29b5112786ce34a300 - - default default] Successfully bumped revision number for resource 2788c335-9973-4ac6-a149-7d121e9b584f (type: security_group_rules) to 0
2026-07-24 18:43:20.811 7 INFO neutron.db.ovn_revision_numbers_db [None req-a5eb563c-a983-4ee7-b001-20db8baa4968 df240721c5c743c19423b46f30be77ee 8533b02f86174b29b5112786ce34a300 - - default default] Successfully bumped revision number for resource 5513a8e0-1841-4f7f-8312-c993fe1bd023 (type: security_group_rules) to 0
2026-07-24 18:43:20.823 6 WARNING neutron.scheduler.dhcp_agent_scheduler [None req-9abee3b3-28a0-45f2-9e8b-135f8c91ff79 dd1eb782a55a4227ba20cc75d078c3c7 f3a8ba5d4eff448980e6badef8f018de - - default default] No more DHCP agents
2026-07-24 18:43:20.825 7 INFO neutron.db.ovn_revision_numbers_db [None req-a5eb563c-a983-4ee7-b001-20db8baa4968 df240721c5c743c19423b46f30be77ee 8533b02f86174b29b5112786ce34a300 - - default default] Successfully bumped revision number for resource efdba587-a561-4277-a9a9-f252ff415bd6 (type: security_group_rules) to 0
2026-07-24 18:43:20.827 6 WARNING neutron.api.rpc.agentnotifiers.dhcp_rpc_agent_api [None req-9abee3b3-28a0-45f2-9e8b-135f8c91ff79 dd1eb782a55a4227ba20cc75d078c3c7 f3a8ba5d4eff448980e6badef8f018de - - default default] Unable to schedule network 72339956-cf52-4bd9-8145-04270a971d56: no agents available; will retry on subsequent port and subnet creation events.
2026-07-24 18:43:20.839 7 INFO neutron.db.ovn_revision_numbers_db [None req-a5eb563c-a983-4ee7-b001-20db8baa4968 df240721c5c743c19423b46f30be77ee 8533b02f86174b29b5112786ce34a300 - - default default] Successfully bumped revision number for resource f2caba51-c565-42a1-9778-c8b8afc3bab0 (type: security_group_rules) to 0 [pid: 7|app: 0|req: 648/1339] 10.0.0.197 () {32 vars in 774 bytes} [Fri Jul 24 18:43:20 2026] GET /v2.0/security-groups?tenant_id=6c9e270f318f4f5a8555fdf335184626&name=default => generated 2925 bytes in 504 msecs (HTTP/1.1 200) 4 headers in 158 bytes (1 switches on core 0) [pid: 7|app: 0|req: 649/1340] 10.0.0.197 () {32 vars in 724 bytes} [Fri Jul 24 18:43:20 2026] DELETE /v2.0/subnets/d2bfa44f-694f-43a2-8d03-dd5acffe9a09 => generated 0 bytes in 165 msecs (HTTP/1.1 204) 3 headers in 131 bytes (1 switches on core 0)
2026-07-24 18:43:21.163 7 INFO neutron_taas.services.taas.taas_plugin [None req-69f6b952-965f-4efd-a928-83570608faac 173671a5c32a449e814110f89d646b3d 17b9d014cf1c4ca8b17205355644dd0b - - default default] TaaS: Handle Delete Port: 471746bd-89c8-4fa3-b203-a2bfeb308594
2026-07-24 18:43:21.166 7 INFO neutron_taas.services.taas.tap_mirror_plugin [None req-69f6b952-965f-4efd-a928-83570608faac 173671a5c32a449e814110f89d646b3d 17b9d014cf1c4ca8b17205355644dd0b - - default default] Tap Mirror: Handle Delete Port: 471746bd-89c8-4fa3-b203-a2bfeb308594
2026-07-24 18:43:21.337 6 INFO neutron.db.ovn_revision_numbers_db [None req-158eb28b-a811-42d1-b5f2-5cdf14ab80a6 - - - - - -] Successfully bumped revision number for resource 7b6ae144-3b3d-484c-b650-20fb6e0074af (type: ports) to 2
2026-07-24 18:43:21.384 6 INFO neutron.db.ovn_revision_numbers_db [None req-158eb28b-a811-42d1-b5f2-5cdf14ab80a6 - - - - - -] Successfully bumped revision number for resource ebe4ec15-7011-4b5b-9152-cee7e8e5cd82 (type: subnets) to 0 [pid: 6|app: 0|req: 692/1341] 10.0.0.197 () {34 vars in 669 bytes} [Fri Jul 24 18:43:19 2026] POST /v2.0/subnets => generated 1273 bytes in 1622 msecs (HTTP/1.1 201) 4 headers in 163 bytes (1 switches on core 0)
2026-07-24 18:43:21.405 7 INFO neutron.services.segments.plugin [-] Segment 80c345b5-f3be-4f46-a177-dd3767100d96 resource provider aggregate not found
2026-07-24 18:43:21.411 7 INFO neutron.services.segments.plugin [-] Segment 80c345b5-f3be-4f46-a177-dd3767100d96 resource provider aggregate not found
2026-07-24 18:43:21.429 7 INFO neutron.services.segments.plugin [-] Client error retrieving segment 80c345b5-f3be-4f46-a177-dd3767100d96 resource provider; error: Placement Client Error (4xx): {"errors": [{"status": 404, "title": "Not Found", "detail": "The resource could not be found.\n\n No resource provider with uuid 80c345b5-f3be-4f46-a177-dd3767100d96 found for delete ", "request_id": "req-3bb9557c-1009-4beb-a36c-57b6d3dd2b51"}]}
2026-07-24 18:43:21.429 7 INFO neutron.services.segments.plugin [-] Client error retrieving segment 80c345b5-f3be-4f46-a177-dd3767100d96 resource provider; error: Placement Client Error (4xx): {"errors": [{"status": 404, "title": "Not Found", "detail": "The resource could not be found.\n\n No resource provider with uuid 80c345b5-f3be-4f46-a177-dd3767100d96 found for delete ", "request_id": "req-256ae8a5-4dea-4323-91d6-64ef993f8008"}]} [pid: 7|app: 0|req: 650/1342] 10.0.0.197 () {32 vars in 726 bytes} [Fri Jul 24 18:43:21 2026] DELETE /v2.0/networks/66054e0e-e9b0-489a-9647-d3d1c7fa3373 => generated 0 bytes in 422 msecs (HTTP/1.1 204) 3 headers in 131 bytes (1 switches on core 0)
2026-07-24 18:43:21.605 7 INFO neutron_taas.services.taas.taas_plugin [None req-b82884e7-3356-4f8b-accb-82dc9d83f94e df240721c5c743c19423b46f30be77ee 8533b02f86174b29b5112786ce34a300 - - default default] TaaS: Handle Delete Port: 0dde0ce7-6b03-4498-9f4a-ef46a8b6a8ae
2026-07-24 18:43:21.611 7 INFO neutron_taas.services.taas.tap_mirror_plugin [None req-b82884e7-3356-4f8b-accb-82dc9d83f94e df240721c5c743c19423b46f30be77ee 8533b02f86174b29b5112786ce34a300 - - default default] Tap Mirror: Handle Delete Port: 0dde0ce7-6b03-4498-9f4a-ef46a8b6a8ae [pid: 6|app: 0|req: 693/1343] 10.0.0.197 () {32 vars in 740 bytes} [Fri Jul 24 18:43:21 2026] DELETE /v2.0/security-groups/f0aad320-46d6-4da6-9b31-e61713e760e6 => generated 0 bytes in 340 msecs (HTTP/1.1 204) 2 headers in 112 bytes (1 switches on core 0) [pid: 6|app: 0|req: 694/1344] 10.0.0.197 () {32 vars in 647 bytes} [Fri Jul 24 18:43:21 2026] GET /v2.0/subnets => generated 1909 bytes in 73 msecs (HTTP/1.1 200) 4 headers in 158 bytes (1 switches on core 0) [pid: 7|app: 0|req: 651/1345] 10.0.0.197 () {32 vars in 726 bytes} [Fri Jul 24 18:43:21 2026] DELETE /v2.0/networks/6c622867-3e49-479c-a915-92c1b35be667 => generated 0 bytes in 469 msecs (HTTP/1.1 204) 3 headers in 131 bytes (1 switches on core 0) [pid: 7|app: 0|req: 652/1346] 10.0.0.197 () {32 vars in 724 bytes} [Fri Jul 24 18:43:21 2026] DELETE /v2.0/subnets/5c875a97-e3b9-4c5a-8e98-d7dde4864c23 => generated 0 bytes in 200 msecs (HTTP/1.1 204) 3 headers in 131 bytes (1 switches on core 0) [pid: 7|app: 0|req: 653/1347] 10.0.0.197 () {32 vars in 774 bytes} [Fri Jul 24 18:43:22 2026] GET /v2.0/security-groups?tenant_id=f1b06fac1c3c4434af163638f033ddde&name=default => generated 2925 bytes in 31 msecs (HTTP/1.1 200) 4 headers in 158 bytes (1 switches on core 0) [pid: 7|app: 0|req: 654/1348] 10.0.0.197 () {32 vars in 724 bytes} [Fri Jul 24 18:43:22 2026] DELETE /v2.0/subnets/ebe4ec15-7011-4b5b-9152-cee7e8e5cd82 => generated 0 bytes in 199 msecs (HTTP/1.1 204) 3 headers in 131 bytes (1 switches on core 0) [pid: 7|app: 0|req: 655/1349] 10.0.0.197 () {32 vars in 740 bytes} [Fri Jul 24 18:43:22 2026] DELETE /v2.0/security-groups/36c1056e-c9f7-4ea9-830c-84f02703d25f => generated 0 bytes in 283 msecs (HTTP/1.1 204) 2 headers in 112 bytes (1 switches on core 0) [pid: 7|app: 0|req: 656/1350] 10.0.0.197 () {32 vars in 647 bytes} [Fri Jul 24 18:43:22 2026] GET /v2.0/subnets => generated 649 bytes in 27 msecs (HTTP/1.1 200) 4 headers in 157 bytes (1 switches on core 0)
2026-07-24 18:43:22.820 7 INFO neutron_taas.services.taas.taas_plugin [None req-66b928ef-51b7-49ac-8279-9d2bf8cac8fe dd1eb782a55a4227ba20cc75d078c3c7 f3a8ba5d4eff448980e6badef8f018de - - default default] TaaS: Handle Delete Port: 7b6ae144-3b3d-484c-b650-20fb6e0074af
2026-07-24 18:43:22.823 7 INFO neutron_taas.services.taas.tap_mirror_plugin [None req-66b928ef-51b7-49ac-8279-9d2bf8cac8fe dd1eb782a55a4227ba20cc75d078c3c7 f3a8ba5d4eff448980e6badef8f018de - - default default] Tap Mirror: Handle Delete Port: 7b6ae144-3b3d-484c-b650-20fb6e0074af
2026-07-24 18:43:22.876 6 WARNING neutron.scheduler.dhcp_agent_scheduler [None req-959dff5b-c782-4a8c-8c68-d668dfc2e518 173671a5c32a449e814110f89d646b3d 17b9d014cf1c4ca8b17205355644dd0b - - default default] No more DHCP agents
2026-07-24 18:43:22.877 6 WARNING neutron.api.rpc.agentnotifiers.dhcp_rpc_agent_api [None req-959dff5b-c782-4a8c-8c68-d668dfc2e518 173671a5c32a449e814110f89d646b3d 17b9d014cf1c4ca8b17205355644dd0b - - default default] Unable to schedule network fc450db9-af3b-4ad0-83a9-4d9a258e0ddf: no agents available; will retry on subsequent port and subnet creation events.
2026-07-24 18:43:23.033 6 INFO neutron.plugins.ml2.drivers.ovn.mech_driver.mech_driver [None req-fb541e59-ee48-4c8e-b93e-c143f0f19c1e - - - - - -] OVN reports status down for port: 55ce9eaa-e756-4496-ae0e-be948283b22b
2026-07-24 18:43:23.106 6 INFO neutron.db.ovn_revision_numbers_db [None req-959dff5b-c782-4a8c-8c68-d668dfc2e518 173671a5c32a449e814110f89d646b3d 17b9d014cf1c4ca8b17205355644dd0b - - default default] Successfully bumped revision number for resource 55ce9eaa-e756-4496-ae0e-be948283b22b (type: ports) to 1 [pid: 7|app: 0|req: 657/1351] 10.0.0.197 () {32 vars in 726 bytes} [Fri Jul 24 18:43:22 2026] DELETE /v2.0/networks/72339956-cf52-4bd9-8145-04270a971d56 => generated 0 bytes in 447 msecs (HTTP/1.1 204) 3 headers in 131 bytes (1 switches on core 0)
2026-07-24 18:43:23.268 7 INFO neutron_taas.services.taas.taas_plugin [None req-5e29328f-c450-42ff-ba9a-ef371b1fcc2d dd1eb782a55a4227ba20cc75d078c3c7 f3a8ba5d4eff448980e6badef8f018de - - default default] TaaS: Handle Delete Port: 6def4589-10fd-4613-8674-4040c89ebeca
2026-07-24 18:43:23.271 7 INFO neutron_taas.services.taas.tap_mirror_plugin [None req-5e29328f-c450-42ff-ba9a-ef371b1fcc2d dd1eb782a55a4227ba20cc75d078c3c7 f3a8ba5d4eff448980e6badef8f018de - - default default] Tap Mirror: Handle Delete Port: 6def4589-10fd-4613-8674-4040c89ebeca
2026-07-24 18:43:23.449 7 INFO neutron.services.segments.plugin [-] Segment 63b81d9b-5ed2-401b-b81e-169396cb60b1 resource provider aggregate not found
2026-07-24 18:43:23.453 7 INFO neutron.services.segments.plugin [-] Segment 63b81d9b-5ed2-401b-b81e-169396cb60b1 resource provider aggregate not found
2026-07-24 18:43:23.479 7 INFO neutron.services.segments.plugin [-] Client error retrieving segment 63b81d9b-5ed2-401b-b81e-169396cb60b1 resource provider; error: Placement Client Error (4xx): {"errors": [{"status": 404, "title": "Not Found", "detail": "The resource could not be found.\n\n No resource provider with uuid 63b81d9b-5ed2-401b-b81e-169396cb60b1 found for delete ", "request_id": "req-b9d4bc8a-bd96-4014-88ec-a1610bdc08b2"}]}
2026-07-24 18:43:23.502 7 INFO neutron.services.segments.plugin [-] Client error retrieving segment 63b81d9b-5ed2-401b-b81e-169396cb60b1 resource provider; error: Placement Client Error (4xx): {"errors": [{"status": 404, "title": "Not Found", "detail": "The resource could not be found.\n\n No resource provider with uuid 63b81d9b-5ed2-401b-b81e-169396cb60b1 found for delete ", "request_id": "req-0ad6976f-f8b0-4926-84ee-56db19afa45e"}]}
2026-07-24 18:43:23.511 7 INFO neutron.services.segments.plugin [-] Segment c30387d5-3225-45e6-ad10-db82aab17c61 resource provider aggregate not found
2026-07-24 18:43:23.521 7 INFO neutron.services.segments.plugin [-] Segment c30387d5-3225-45e6-ad10-db82aab17c61 resource provider aggregate not found
2026-07-24 18:43:23.543 7 INFO neutron.services.segments.plugin [-] Client error retrieving segment c30387d5-3225-45e6-ad10-db82aab17c61 resource provider; error: Placement Client Error (4xx): {"errors": [{"status": 404, "title": "Not Found", "detail": "The resource could not be found.\n\n No resource provider with uuid c30387d5-3225-45e6-ad10-db82aab17c61 found for delete ", "request_id": "req-73b8abd6-11f0-4ee5-b7cf-b751319668ba"}]}
2026-07-24 18:43:23.549 7 INFO neutron.services.segments.plugin [-] Client error retrieving segment c30387d5-3225-45e6-ad10-db82aab17c61 resource provider; error: Placement Client Error (4xx): {"errors": [{"status": 404, "title": "Not Found", "detail": "The resource could not be found.\n\n No resource provider with uuid c30387d5-3225-45e6-ad10-db82aab17c61 found for delete ", "request_id": "req-187521b9-daba-4c9d-8b13-b7fb250eef6a"}]} [pid: 7|app: 0|req: 658/1352] 10.0.0.197 () {32 vars in 726 bytes} [Fri Jul 24 18:43:23 2026] DELETE /v2.0/networks/6f9f3abc-c34b-4015-8b1a-8c4440622dec => generated 0 bytes in 533 msecs (HTTP/1.1 204) 3 headers in 131 bytes (1 switches on core 0)
2026-07-24 18:43:23.876 7 INFO neutron_taas.services.taas.taas_plugin [None req-2dcf7fd6-ec1a-4b5c-a9f6-77cc8a5505b8 dd1eb782a55a4227ba20cc75d078c3c7 f3a8ba5d4eff448980e6badef8f018de - - default default] TaaS: Handle Delete Port: f650d580-d8bd-4dc1-972c-f9ba7e40edb6
2026-07-24 18:43:23.880 7 INFO neutron_taas.services.taas.tap_mirror_plugin [None req-2dcf7fd6-ec1a-4b5c-a9f6-77cc8a5505b8 dd1eb782a55a4227ba20cc75d078c3c7 f3a8ba5d4eff448980e6badef8f018de - - default default] Tap Mirror: Handle Delete Port: f650d580-d8bd-4dc1-972c-f9ba7e40edb6
2026-07-24 18:43:24.070 6 INFO neutron.plugins.ml2.drivers.ovn.mech_driver.ovsdb.commands [None req-a6ccb9ac-ea64-48d1-81c0-8e348d1ed4db - - - - - -] Schedule LRP lrp-55ce9eaa-e756-4496-ae0e-be948283b22b on gateway 4758d300-6e25-406a-8ad3-3dd2045787c4 with priority 1
2026-07-24 18:43:24.190 6 INFO neutron.plugins.ml2.drivers.ovn.mech_driver.mech_driver [None req-fb541e59-ee48-4c8e-b93e-c143f0f19c1e - - - - - -] OVN reports status up for port: 55ce9eaa-e756-4496-ae0e-be948283b22b
2026-07-24 18:43:24.233 6 INFO neutron.plugins.ml2.plugin [None req-fb541e59-ee48-4c8e-b93e-c143f0f19c1e - - - - - -] Attempt 1 to provision port 55ce9eaa-e756-4496-ae0e-be948283b22b [pid: 7|app: 0|req: 659/1353] 10.0.0.197 () {32 vars in 726 bytes} [Fri Jul 24 18:43:23 2026] DELETE /v2.0/networks/1ae5292e-74ec-4cbd-adc2-5bef0ed61823 => generated 0 bytes in 567 msecs (HTTP/1.1 204) 3 headers in 131 bytes (1 switches on core 0)
2026-07-24 18:43:24.281 6 INFO neutron.db.ovn_revision_numbers_db [None req-959dff5b-c782-4a8c-8c68-d668dfc2e518 173671a5c32a449e814110f89d646b3d 17b9d014cf1c4ca8b17205355644dd0b - - default default] Successfully bumped revision number for resource 55ce9eaa-e756-4496-ae0e-be948283b22b (type: router_ports) to 1
2026-07-24 18:43:24.414 7 INFO neutron_taas.services.taas.taas_plugin [None req-f51b823f-145d-4a22-81c3-ebe85c683f92 dd1eb782a55a4227ba20cc75d078c3c7 f3a8ba5d4eff448980e6badef8f018de - - default default] TaaS: Handle Delete Port: d833d1c0-022c-4924-9816-ad004cb525ba
2026-07-24 18:43:24.422 7 INFO neutron_taas.services.taas.tap_mirror_plugin [None req-f51b823f-145d-4a22-81c3-ebe85c683f92 dd1eb782a55a4227ba20cc75d078c3c7 f3a8ba5d4eff448980e6badef8f018de - - default default] Tap Mirror: Handle Delete Port: d833d1c0-022c-4924-9816-ad004cb525ba
2026-07-24 18:43:24.450 6 INFO neutron.db.ovn_revision_numbers_db [None req-959dff5b-c782-4a8c-8c68-d668dfc2e518 173671a5c32a449e814110f89d646b3d 17b9d014cf1c4ca8b17205355644dd0b - - default default] Successfully bumped revision number for resource f4185884-64dc-425c-ab5e-31c7fdd57cc5 (type: routers) to 2 [pid: 6|app: 0|req: 695/1354] 10.0.0.197 () {34 vars in 669 bytes} [Fri Jul 24 18:43:21 2026] POST /v2.0/routers => generated 952 bytes in 2654 msecs (HTTP/1.1 201) 4 headers in 162 bytes (1 switches on core 0) [pid: 6|app: 0|req: 696/1355] 10.0.0.197 () {32 vars in 721 bytes} [Fri Jul 24 18:43:24 2026] GET /v2.0/routers/f4185884-64dc-425c-ab5e-31c7fdd57cc5 => generated 958 bytes in 89 msecs (HTTP/1.1 200) 4 headers in 157 bytes (1 switches on core 0) [pid: 7|app: 0|req: 660/1356] 10.0.0.197 () {32 vars in 726 bytes} [Fri Jul 24 18:43:24 2026] DELETE /v2.0/networks/639b9686-0022-4270-9536-47960a48ccf4 => generated 0 bytes in 445 msecs (HTTP/1.1 204) 3 headers in 131 bytes (1 switches on core 0) [pid: 6|app: 0|req: 697/1357] 10.0.0.197 () {32 vars in 647 bytes} [Fri Jul 24 18:43:24 2026] GET /v2.0/routers => generated 961 bytes in 147 msecs (HTTP/1.1 200) 4 headers in 157 bytes (1 switches on core 0)
2026-07-24 18:43:25.231 7 INFO neutron.db.ovn_revision_numbers_db [None req-0ecc6d94-3370-4ab1-bb93-a27d31d2e797 df240721c5c743c19423b46f30be77ee 8533b02f86174b29b5112786ce34a300 - - default default] Successfully bumped revision number for resource 01ae8995-da55-4db1-bfa3-1209baa50cb8 (type: security_groups) to 1
2026-07-24 18:43:25.249 7 INFO neutron.db.ovn_revision_numbers_db [None req-0ecc6d94-3370-4ab1-bb93-a27d31d2e797 df240721c5c743c19423b46f30be77ee 8533b02f86174b29b5112786ce34a300 - - default default] Successfully bumped revision number for resource 24eea061-bb54-480c-8423-e50519f0e780 (type: security_group_rules) to 0
2026-07-24 18:43:25.266 7 INFO neutron.db.ovn_revision_numbers_db [None req-0ecc6d94-3370-4ab1-bb93-a27d31d2e797 df240721c5c743c19423b46f30be77ee 8533b02f86174b29b5112786ce34a300 - - default default] Successfully bumped revision number for resource 4ecd7a3f-78a1-4226-8948-6e7aff3330e4 (type: security_group_rules) to 0
2026-07-24 18:43:25.280 7 INFO neutron.db.ovn_revision_numbers_db [None req-0ecc6d94-3370-4ab1-bb93-a27d31d2e797 df240721c5c743c19423b46f30be77ee 8533b02f86174b29b5112786ce34a300 - - default default] Successfully bumped revision number for resource 964b855b-b907-41d1-9b09-6d69fffc95b6 (type: security_group_rules) to 0
2026-07-24 18:43:25.298 7 INFO neutron.db.ovn_revision_numbers_db [None req-0ecc6d94-3370-4ab1-bb93-a27d31d2e797 df240721c5c743c19423b46f30be77ee 8533b02f86174b29b5112786ce34a300 - - default default] Successfully bumped revision number for resource f11d27e4-62af-4803-94aa-8bb7ac946e0f (type: security_group_rules) to 0
2026-07-24 18:43:25.346 6 INFO neutron.db.ovn_revision_numbers_db [None req-fcfaa76a-140d-4af2-adae-784916f79bba 173671a5c32a449e814110f89d646b3d 17b9d014cf1c4ca8b17205355644dd0b - - default default] Successfully bumped revision number for resource f4185884-64dc-425c-ab5e-31c7fdd57cc5 (type: routers) to 3 [pid: 6|app: 0|req: 698/1358] 10.0.0.197 () {34 vars in 741 bytes} [Fri Jul 24 18:43:24 2026] PUT /v2.0/routers/f4185884-64dc-425c-ab5e-31c7fdd57cc5 => generated 965 bytes in 632 msecs (HTTP/1.1 200) 4 headers in 157 bytes (1 switches on core 0)
2026-07-24 18:43:25.379 7 INFO neutron.db.segments_db [None req-0ecc6d94-3370-4ab1-bb93-a27d31d2e797 df240721c5c743c19423b46f30be77ee 8533b02f86174b29b5112786ce34a300 - - default default] Added segment 9031ac0f-cf3a-4bea-863d-1073b568beb0 of type geneve for network a7d5d40d-033a-4d6a-83b5-96673bcb751d [pid: 6|app: 0|req: 699/1359] 10.0.0.197 () {32 vars in 774 bytes} [Fri Jul 24 18:43:25 2026] GET /v2.0/security-groups?tenant_id=f3a8ba5d4eff448980e6badef8f018de&name=default => generated 2925 bytes in 126 msecs (HTTP/1.1 200) 4 headers in 158 bytes (1 switches on core 0)
2026-07-24 18:43:25.508 7 INFO neutron.db.ovn_revision_numbers_db [None req-0ecc6d94-3370-4ab1-bb93-a27d31d2e797 df240721c5c743c19423b46f30be77ee 8533b02f86174b29b5112786ce34a300 - - default default] Successfully bumped revision number for resource a7d5d40d-033a-4d6a-83b5-96673bcb751d (type: networks) to 1 [pid: 6|app: 0|req: 700/1360] 10.0.0.197 () {32 vars in 721 bytes} [Fri Jul 24 18:43:25 2026] GET /v2.0/routers/f4185884-64dc-425c-ab5e-31c7fdd57cc5 => generated 965 bytes in 76 msecs (HTTP/1.1 200) 4 headers in 157 bytes (1 switches on core 0)
2026-07-24 18:43:25.571 7 INFO neutron.services.segments.plugin [-] Segment 581475f3-fb0b-49e1-9221-5d876dc24bec resource provider aggregate not found
2026-07-24 18:43:25.573 7 INFO neutron.services.segments.plugin [-] Segment 581475f3-fb0b-49e1-9221-5d876dc24bec resource provider aggregate not found
2026-07-24 18:43:25.597 7 INFO neutron.services.segments.plugin [-] Client error retrieving segment 581475f3-fb0b-49e1-9221-5d876dc24bec resource provider; error: Placement Client Error (4xx): {"errors": [{"status": 404, "title": "Not Found", "detail": "The resource could not be found.\n\n No resource provider with uuid 581475f3-fb0b-49e1-9221-5d876dc24bec found for delete ", "request_id": "req-90fa53d4-e935-405c-9bb0-f6cd20f51d3f"}]}
2026-07-24 18:43:25.600 7 INFO neutron.services.segments.plugin [-] Client error retrieving segment 581475f3-fb0b-49e1-9221-5d876dc24bec resource provider; error: Placement Client Error (4xx): {"errors": [{"status": 404, "title": "Not Found", "detail": "The resource could not be found.\n\n No resource provider with uuid 581475f3-fb0b-49e1-9221-5d876dc24bec found for delete ", "request_id": "req-4e445088-cba6-4ca7-bd3b-d6ff3c3fde74"}]}
2026-07-24 18:43:25.621 7 INFO neutron.services.segments.plugin [-] Segment 3b2f1bc4-6669-47f5-9cec-e98eff8167bc resource provider aggregate not found
2026-07-24 18:43:25.628 7 INFO neutron.services.segments.plugin [-] Segment 3b2f1bc4-6669-47f5-9cec-e98eff8167bc resource provider aggregate not found
2026-07-24 18:43:25.642 7 INFO neutron.services.segments.plugin [-] Client error retrieving segment 3b2f1bc4-6669-47f5-9cec-e98eff8167bc resource provider; error: Placement Client Error (4xx): {"errors": [{"status": 404, "title": "Not Found", "detail": "The resource could not be found.\n\n No resource provider with uuid 3b2f1bc4-6669-47f5-9cec-e98eff8167bc found for delete ", "request_id": "req-5ba06a29-b970-4eca-b6c1-e0b1e24c2969"}]}
2026-07-24 18:43:25.655 7 INFO neutron.services.segments.plugin [-] Client error retrieving segment 3b2f1bc4-6669-47f5-9cec-e98eff8167bc resource provider; error: Placement Client Error (4xx): {"errors": [{"status": 404, "title": "Not Found", "detail": "The resource could not be found.\n\n No resource provider with uuid 3b2f1bc4-6669-47f5-9cec-e98eff8167bc found for delete ", "request_id": "req-5847150f-ed25-4cad-9522-bb3a98758409"}]}
2026-07-24 18:43:25.671 7 INFO neutron.services.segments.plugin [-] Segment dd5c5102-cbd4-4b2b-9b38-b92a30b9b5fb resource provider aggregate not found
