2026-07-24 18:47:29.270 6 INFO placement.requestlog [req-4b635b7e-899b-4fc4-b1f8-5beaaf7615e0 req-a60f6ac7-fc6e-412b-abf7-d2b00e02a822 bfc0f4d22a174911a2ccdd785ffcd2d9 b120e057dc5a4e889a9dfbc9f6c5fa31 - - 6eefae445d8e41c3b33d00d6dbde9230 6eefae445d8e41c3b33d00d6dbde9230] 199.19.213.107 "GET /resource_providers/4e576ab2-ce63-4154-afd4-41d9be59b592/inventories" status: 200 len: 401 microversion: 1.0 [pid: 6|app: 0|req: 574/1148] 199.19.213.107 () {32 vars in 856 bytes} [Fri Jul 24 18:47:29 2026] GET /resource_providers/4e576ab2-ce63-4154-afd4-41d9be59b592/inventories => generated 401 bytes in 18 msecs (HTTP/1.1 200) 6 headers in 224 bytes (1 switches on core 0)
2026-07-24 18:47:29.295 7 INFO placement.requestlog [req-4b635b7e-899b-4fc4-b1f8-5beaaf7615e0 req-d41065ca-abac-4af5-bd37-1a1614164f15 bfc0f4d22a174911a2ccdd785ffcd2d9 b120e057dc5a4e889a9dfbc9f6c5fa31 - - 6eefae445d8e41c3b33d00d6dbde9230 6eefae445d8e41c3b33d00d6dbde9230] 199.19.213.107 "GET /resource_providers/4e576ab2-ce63-4154-afd4-41d9be59b592/aggregates" status: 200 len: 54 microversion: 1.19 [pid: 7|app: 0|req: 575/1149] 199.19.213.107 () {34 vars in 898 bytes} [Fri Jul 24 18:47:29 2026] GET /resource_providers/4e576ab2-ce63-4154-afd4-41d9be59b592/aggregates => generated 54 bytes in 14 msecs (HTTP/1.1 200) 8 headers in 295 bytes (1 switches on core 0)
2026-07-24 18:47:29.322 6 INFO placement.requestlog [req-4b635b7e-899b-4fc4-b1f8-5beaaf7615e0 req-1fe8cb8b-f4d6-4d7b-8d8b-2777cb387363 bfc0f4d22a174911a2ccdd785ffcd2d9 b120e057dc5a4e889a9dfbc9f6c5fa31 - - 6eefae445d8e41c3b33d00d6dbde9230 6eefae445d8e41c3b33d00d6dbde9230] 199.19.213.107 "GET /resource_providers/4e576ab2-ce63-4154-afd4-41d9be59b592/traits" status: 200 len: 1978 microversion: 1.6 [pid: 6|app: 0|req: 575/1150] 199.19.213.107 () {34 vars in 889 bytes} [Fri Jul 24 18:47:29 2026] GET /resource_providers/4e576ab2-ce63-4154-afd4-41d9be59b592/traits => generated 1978 bytes in 22 msecs (HTTP/1.1 200) 6 headers in 225 bytes (1 switches on core 0)
2026-07-24 18:47:29.340 7 INFO placement.requestlog [req-4b635b7e-899b-4fc4-b1f8-5beaaf7615e0 req-4f8a4517-9622-4cbf-99fd-926526d948fd bfc0f4d22a174911a2ccdd785ffcd2d9 b120e057dc5a4e889a9dfbc9f6c5fa31 - - 6eefae445d8e41c3b33d00d6dbde9230 6eefae445d8e41c3b33d00d6dbde9230] 199.19.213.107 "GET /resource_providers/4e576ab2-ce63-4154-afd4-41d9be59b592/allocations" status: 200 len: 55 microversion: 1.0 [pid: 7|app: 0|req: 576/1151] 199.19.213.107 () {32 vars in 856 bytes} [Fri Jul 24 18:47:29 2026] GET /resource_providers/4e576ab2-ce63-4154-afd4-41d9be59b592/allocations => generated 55 bytes in 13 msecs (HTTP/1.1 200) 6 headers in 223 bytes (1 switches on core 0)
2026-07-24 18:47:34.972 7 INFO placement.requestlog [None req-6af929e0-fd5f-4a89-8489-5b0af9992f23 72b74fc2c2e64fa4a327d92d04203c6b b120e057dc5a4e889a9dfbc9f6c5fa31 - - 6eefae445d8e41c3b33d00d6dbde9230 6eefae445d8e41c3b33d00d6dbde9230] 10.0.0.119 "GET /resource_providers/955b91c7-5bdf-4226-81b4-f5d4c3bdd4d0/aggregates" status: 404 len: 235 microversion: 1.1 [pid: 7|app: 0|req: 577/1152] 10.0.0.119 () {32 vars in 815 bytes} [Fri Jul 24 18:47:34 2026] GET /resource_providers/955b91c7-5bdf-4226-81b4-f5d4c3bdd4d0/aggregates => generated 235 bytes in 304 msecs (HTTP/1.1 404) 5 headers in 202 bytes (1 switches on core 0)
2026-07-24 18:47:34.985 6 INFO placement.requestlog [None req-19c2750b-6e94-4489-a4ed-05a7f0354d13 72b74fc2c2e64fa4a327d92d04203c6b b120e057dc5a4e889a9dfbc9f6c5fa31 - - 6eefae445d8e41c3b33d00d6dbde9230 6eefae445d8e41c3b33d00d6dbde9230] 10.0.0.119 "GET /resource_providers/955b91c7-5bdf-4226-81b4-f5d4c3bdd4d0/aggregates" status: 404 len: 235 microversion: 1.1 [pid: 6|app: 0|req: 576/1153] 10.0.0.119 () {32 vars in 815 bytes} [Fri Jul 24 18:47:34 2026] GET /resource_providers/955b91c7-5bdf-4226-81b4-f5d4c3bdd4d0/aggregates => generated 235 bytes in 318 msecs (HTTP/1.1 404) 5 headers in 202 bytes (1 switches on core 0)
2026-07-24 18:47:34.990 7 INFO placement.requestlog [None req-0cba5bb8-45a0-401b-a658-c507bbcf57ae 72b74fc2c2e64fa4a327d92d04203c6b b120e057dc5a4e889a9dfbc9f6c5fa31 - - 6eefae445d8e41c3b33d00d6dbde9230 6eefae445d8e41c3b33d00d6dbde9230] 10.0.0.119 "DELETE /resource_providers/955b91c7-5bdf-4226-81b4-f5d4c3bdd4d0" status: 404 len: 246 microversion: 1.1 [pid: 7|app: 0|req: 578/1154] 10.0.0.119 () {34 vars in 815 bytes} [Fri Jul 24 18:47:34 2026] DELETE /resource_providers/955b91c7-5bdf-4226-81b4-f5d4c3bdd4d0 => generated 246 bytes in 10 msecs (HTTP/1.1 404) 6 headers in 231 bytes (1 switches on core 0)
2026-07-24 18:47:35.001 6 INFO placement.requestlog [None req-4c236c7f-8768-43ec-b50d-8a7e2313377e 72b74fc2c2e64fa4a327d92d04203c6b b120e057dc5a4e889a9dfbc9f6c5fa31 - - 6eefae445d8e41c3b33d00d6dbde9230 6eefae445d8e41c3b33d00d6dbde9230] 10.0.0.119 "DELETE /resource_providers/955b91c7-5bdf-4226-81b4-f5d4c3bdd4d0" status: 404 len: 246 microversion: 1.1 [pid: 6|app: 0|req: 577/1155] 10.0.0.119 () {34 vars in 815 bytes} [Fri Jul 24 18:47:34 2026] DELETE /resource_providers/955b91c7-5bdf-4226-81b4-f5d4c3bdd4d0 => generated 246 bytes in 9 msecs (HTTP/1.1 404) 6 headers in 231 bytes (1 switches on core 0)
2026-07-24 18:47:37.054 6 INFO placement.requestlog [None req-37c310f8-7fde-4eb0-88c8-ec273ac4b31e - - - - - -] 10.0.0.17 "GET /" status: 200 len: 136 microversion: 1.0
2026-07-24 18:47:37.054 7 INFO placement.requestlog [None req-278b0b2f-dc4d-4eb5-9bbd-ed88c58a26bc - - - - - -] 10.0.0.17 "GET /" status: 200 len: 136 microversion: 1.0
2026-07-24 18:47:47.055 6 INFO placement.requestlog [None req-cb0febc7-a34c-46b7-846a-a2e4be761558 - - - - - -] 10.0.0.17 "GET /" status: 200 len: 136 microversion: 1.0
2026-07-24 18:47:47.055 7 INFO placement.requestlog [None req-6bede64d-c2a8-4cf9-91b7-368a8b0649b9 - - - - - -] 10.0.0.17 "GET /" status: 200 len: 136 microversion: 1.0
2026-07-24 18:47:50.202 7 INFO placement.requestlog [None req-0644abab-619a-419a-920b-4b73a6a8c3dc 72b74fc2c2e64fa4a327d92d04203c6b b120e057dc5a4e889a9dfbc9f6c5fa31 - - 6eefae445d8e41c3b33d00d6dbde9230 6eefae445d8e41c3b33d00d6dbde9230] 10.0.0.119 "GET /resource_providers/e327bb44-474e-44ba-a521-3e3f9c086387/aggregates" status: 404 len: 235 microversion: 1.1 [pid: 7|app: 0|req: 581/1160] 10.0.0.119 () {32 vars in 815 bytes} [Fri Jul 24 18:47:50 2026] GET /resource_providers/e327bb44-474e-44ba-a521-3e3f9c086387/aggregates => generated 235 bytes in 9 msecs (HTTP/1.1 404) 5 headers in 202 bytes (1 switches on core 0)
2026-07-24 18:47:50.203 6 INFO placement.requestlog [None req-f5c579f6-245c-43ed-8c89-87101df3a6c1 72b74fc2c2e64fa4a327d92d04203c6b b120e057dc5a4e889a9dfbc9f6c5fa31 - - 6eefae445d8e41c3b33d00d6dbde9230 6eefae445d8e41c3b33d00d6dbde9230] 10.0.0.119 "GET /resource_providers/e327bb44-474e-44ba-a521-3e3f9c086387/aggregates" status: 404 len: 235 microversion: 1.1 [pid: 6|app: 0|req: 580/1161] 10.0.0.119 () {32 vars in 815 bytes} [Fri Jul 24 18:47:50 2026] GET /resource_providers/e327bb44-474e-44ba-a521-3e3f9c086387/aggregates => generated 235 bytes in 9 msecs (HTTP/1.1 404) 5 headers in 202 bytes (1 switches on core 0)
2026-07-24 18:47:50.227 7 INFO placement.requestlog [None req-fdf8e3a5-ef2c-477a-a8c7-1c538bbc0ec4 72b74fc2c2e64fa4a327d92d04203c6b b120e057dc5a4e889a9dfbc9f6c5fa31 - - 6eefae445d8e41c3b33d00d6dbde9230 6eefae445d8e41c3b33d00d6dbde9230] 10.0.0.119 "DELETE /resource_providers/e327bb44-474e-44ba-a521-3e3f9c086387" status: 404 len: 246 microversion: 1.1 [pid: 7|app: 0|req: 582/1162] 10.0.0.119 () {34 vars in 815 bytes} [Fri Jul 24 18:47:50 2026] DELETE /resource_providers/e327bb44-474e-44ba-a521-3e3f9c086387 => generated 246 bytes in 8 msecs (HTTP/1.1 404) 6 headers in 231 bytes (1 switches on core 0)
2026-07-24 18:47:50.228 6 INFO placement.requestlog [None req-5b7a60e2-3e0c-49cc-bfae-c13a32f25768 72b74fc2c2e64fa4a327d92d04203c6b b120e057dc5a4e889a9dfbc9f6c5fa31 - - 6eefae445d8e41c3b33d00d6dbde9230 6eefae445d8e41c3b33d00d6dbde9230] 10.0.0.119 "DELETE /resource_providers/e327bb44-474e-44ba-a521-3e3f9c086387" status: 404 len: 246 microversion: 1.1 [pid: 6|app: 0|req: 581/1163] 10.0.0.119 () {34 vars in 815 bytes} [Fri Jul 24 18:47:50 2026] DELETE /resource_providers/e327bb44-474e-44ba-a521-3e3f9c086387 => generated 246 bytes in 9 msecs (HTTP/1.1 404) 6 headers in 231 bytes (1 switches on core 0)
2026-07-24 18:47:57.054 7 INFO placement.requestlog [None req-3da577ef-a066-44ed-9040-c8eb082f84a1 - - - - - -] 10.0.0.17 "GET /" status: 200 len: 136 microversion: 1.0
2026-07-24 18:47:57.054 6 INFO placement.requestlog [None req-1fd8457f-3088-4b26-a277-5bc192d95290 - - - - - -] 10.0.0.17 "GET /" status: 200 len: 136 microversion: 1.0
2026-07-24 18:47:58.764 7 INFO placement.requestlog [None req-31ad4b3b-b187-4d59-9723-56388188fbf0 72b74fc2c2e64fa4a327d92d04203c6b b120e057dc5a4e889a9dfbc9f6c5fa31 - - 6eefae445d8e41c3b33d00d6dbde9230 6eefae445d8e41c3b33d00d6dbde9230] 10.0.0.119 "GET /resource_providers/ee3ea7e3-344c-44a7-a48e-5216e932bd5d/aggregates" status: 404 len: 235 microversion: 1.1 [pid: 7|app: 0|req: 584/1166] 10.0.0.119 () {32 vars in 815 bytes} [Fri Jul 24 18:47:58 2026] GET /resource_providers/ee3ea7e3-344c-44a7-a48e-5216e932bd5d/aggregates => generated 235 bytes in 10 msecs (HTTP/1.1 404) 5 headers in 202 bytes (1 switches on core 0)
2026-07-24 18:47:58.768 6 INFO placement.requestlog [None req-bf734e77-5598-4e67-ab4a-e8580dfc14d8 72b74fc2c2e64fa4a327d92d04203c6b b120e057dc5a4e889a9dfbc9f6c5fa31 - - 6eefae445d8e41c3b33d00d6dbde9230 6eefae445d8e41c3b33d00d6dbde9230] 10.0.0.119 "GET /resource_providers/ee3ea7e3-344c-44a7-a48e-5216e932bd5d/aggregates" status: 404 len: 235 microversion: 1.1 [pid: 6|app: 0|req: 583/1167] 10.0.0.119 () {32 vars in 815 bytes} [Fri Jul 24 18:47:58 2026] GET /resource_providers/ee3ea7e3-344c-44a7-a48e-5216e932bd5d/aggregates => generated 235 bytes in 11 msecs (HTTP/1.1 404) 5 headers in 202 bytes (1 switches on core 0)
2026-07-24 18:47:58.791 7 INFO placement.requestlog [None req-8b33b143-60cb-46ed-89ed-083a5c4343ea 72b74fc2c2e64fa4a327d92d04203c6b b120e057dc5a4e889a9dfbc9f6c5fa31 - - 6eefae445d8e41c3b33d00d6dbde9230 6eefae445d8e41c3b33d00d6dbde9230] 10.0.0.119 "DELETE /resource_providers/ee3ea7e3-344c-44a7-a48e-5216e932bd5d" status: 404 len: 246 microversion: 1.1 [pid: 7|app: 0|req: 585/1168] 10.0.0.119 () {34 vars in 815 bytes} [Fri Jul 24 18:47:58 2026] DELETE /resource_providers/ee3ea7e3-344c-44a7-a48e-5216e932bd5d => generated 246 bytes in 13 msecs (HTTP/1.1 404) 6 headers in 231 bytes (1 switches on core 0)
2026-07-24 18:47:58.792 6 INFO placement.requestlog [None req-e528c525-cdc2-40e4-a345-5c337424c079 72b74fc2c2e64fa4a327d92d04203c6b b120e057dc5a4e889a9dfbc9f6c5fa31 - - 6eefae445d8e41c3b33d00d6dbde9230 6eefae445d8e41c3b33d00d6dbde9230] 10.0.0.119 "DELETE /resource_providers/ee3ea7e3-344c-44a7-a48e-5216e932bd5d" status: 404 len: 246 microversion: 1.1 [pid: 6|app: 0|req: 584/1169] 10.0.0.119 () {34 vars in 815 bytes} [Fri Jul 24 18:47:58 2026] DELETE /resource_providers/ee3ea7e3-344c-44a7-a48e-5216e932bd5d => generated 246 bytes in 13 msecs (HTTP/1.1 404) 6 headers in 231 bytes (1 switches on core 0)
2026-07-24 18:48:05.590 7 INFO placement.requestlog [req-f037e529-1a99-4381-85c3-6aa3b6b1190b req-2a9aa626-0e3d-40af-be99-dda8f74c85c6 bfc0f4d22a174911a2ccdd785ffcd2d9 b120e057dc5a4e889a9dfbc9f6c5fa31 - - 6eefae445d8e41c3b33d00d6dbde9230 6eefae445d8e41c3b33d00d6dbde9230] 10.0.0.19 "GET /allocation_candidates?limit=1000&resources=DISK_GB%3A1%2CMEMORY_MB%3A512%2CVCPU%3A1&root_required=%21COMPUTE_STATUS_DISABLED" status: 200 len: 2442 microversion: 1.36 [pid: 7|app: 0|req: 586/1170] 10.0.0.19 () {34 vars in 1010 bytes} [Fri Jul 24 18:48:05 2026] GET /allocation_candidates?limit=1000&resources=DISK_GB%3A1%2CMEMORY_MB%3A512%2CVCPU%3A1&root_required=%21COMPUTE_STATUS_DISABLED => generated 2442 bytes in 195 msecs (HTTP/1.1 200) 8 headers in 297 bytes (1 switches on core 0)
2026-07-24 18:48:05.625 6 INFO placement.requestlog [req-f037e529-1a99-4381-85c3-6aa3b6b1190b req-ee420deb-7852-4589-944f-9f6d6401f3a2 bfc0f4d22a174911a2ccdd785ffcd2d9 b120e057dc5a4e889a9dfbc9f6c5fa31 - - 6eefae445d8e41c3b33d00d6dbde9230 6eefae445d8e41c3b33d00d6dbde9230] 10.0.0.19 "GET /allocations/39960308-ad2f-4923-9547-6d00d4fcd27e" status: 200 len: 19 microversion: 1.28 [pid: 6|app: 0|req: 585/1171] 10.0.0.19 () {34 vars in 859 bytes} [Fri Jul 24 18:48:05 2026] GET /allocations/39960308-ad2f-4923-9547-6d00d4fcd27e => generated 19 bytes in 13 msecs (HTTP/1.1 200) 8 headers in 295 bytes (1 switches on core 0)
2026-07-24 18:48:05.701 7 INFO placement.requestlog [req-f037e529-1a99-4381-85c3-6aa3b6b1190b req-eb3b1f68-3bff-4dc6-8ace-f59b2e731c36 bfc0f4d22a174911a2ccdd785ffcd2d9 b120e057dc5a4e889a9dfbc9f6c5fa31 - - 6eefae445d8e41c3b33d00d6dbde9230 6eefae445d8e41c3b33d00d6dbde9230] 10.0.0.19 "PUT /allocations/39960308-ad2f-4923-9547-6d00d4fcd27e" status: 204 len: 0 microversion: 1.36 [pid: 7|app: 0|req: 587/1172] 10.0.0.19 () {38 vars in 912 bytes} [Fri Jul 24 18:48:05 2026] PUT /allocations/39960308-ad2f-4923-9547-6d00d4fcd27e => generated 0 bytes in 69 msecs (HTTP/1.1 204) 5 headers in 199 bytes (1 switches on core 0)
2026-07-24 18:48:07.042 6 INFO placement.requestlog [req-f037e529-1a99-4381-85c3-6aa3b6b1190b req-a514b59f-c386-4702-b1fc-474d119c02f3 bfc0f4d22a174911a2ccdd785ffcd2d9 b120e057dc5a4e889a9dfbc9f6c5fa31 - - 6eefae445d8e41c3b33d00d6dbde9230 6eefae445d8e41c3b33d00d6dbde9230] 199.19.213.107 "GET /allocations/39960308-ad2f-4923-9547-6d00d4fcd27e" status: 200 len: 258 microversion: 1.28 [pid: 6|app: 0|req: 586/1173] 199.19.213.107 () {34 vars in 862 bytes} [Fri Jul 24 18:48:07 2026] GET /allocations/39960308-ad2f-4923-9547-6d00d4fcd27e => generated 258 bytes in 12 msecs (HTTP/1.1 200) 8 headers in 296 bytes (1 switches on core 0)
2026-07-24 18:48:07.054 7 INFO placement.requestlog [None req-50e0f0c7-8f17-4938-8b38-e5dcdec870d5 - - - - - -] 10.0.0.17 "GET /" status: 200 len: 136 microversion: 1.0
2026-07-24 18:48:07.054 6 INFO placement.requestlog [None req-73f939e0-f855-4123-b297-941c3a419c6a - - - - - -] 10.0.0.17 "GET /" status: 200 len: 136 microversion: 1.0
2026-07-24 18:48:08.082 7 INFO placement.requestlog [req-f037e529-1a99-4381-85c3-6aa3b6b1190b req-27511c54-dba4-4e7e-a1a6-0158b679b425 bfc0f4d22a174911a2ccdd785ffcd2d9 b120e057dc5a4e889a9dfbc9f6c5fa31 - - 6eefae445d8e41c3b33d00d6dbde9230 6eefae445d8e41c3b33d00d6dbde9230] 199.19.213.107 "GET /resource_providers/4e576ab2-ce63-4154-afd4-41d9be59b592/allocations" status: 200 len: 153 microversion: 1.0 [pid: 7|app: 0|req: 589/1176] 199.19.213.107 () {32 vars in 856 bytes} [Fri Jul 24 18:48:08 2026] GET /resource_providers/4e576ab2-ce63-4154-afd4-41d9be59b592/allocations => generated 153 bytes in 16 msecs (HTTP/1.1 200) 6 headers in 224 bytes (1 switches on core 0)
2026-07-24 18:48:08.102 6 INFO placement.requestlog [req-f037e529-1a99-4381-85c3-6aa3b6b1190b req-49855eac-adc4-443f-b74e-0b6dc2e9be89 bfc0f4d22a174911a2ccdd785ffcd2d9 b120e057dc5a4e889a9dfbc9f6c5fa31 - - 6eefae445d8e41c3b33d00d6dbde9230 6eefae445d8e41c3b33d00d6dbde9230] 199.19.213.107 "GET /allocations/39960308-ad2f-4923-9547-6d00d4fcd27e" status: 200 len: 258 microversion: 1.28 [pid: 6|app: 0|req: 588/1177] 199.19.213.107 () {34 vars in 862 bytes} [Fri Jul 24 18:48:08 2026] GET /allocations/39960308-ad2f-4923-9547-6d00d4fcd27e => generated 258 bytes in 12 msecs (HTTP/1.1 200) 8 headers in 296 bytes (1 switches on core 0)
2026-07-24 18:48:17.055 7 INFO placement.requestlog [None req-5d6e4f4c-6eb9-4832-9b4d-2d1e0729a0f9 - - - - - -] 10.0.0.17 "GET /" status: 200 len: 136 microversion: 1.0
2026-07-24 18:48:17.055 6 INFO placement.requestlog [None req-69218e89-05c8-4e6a-a9a4-30867935b757 - - - - - -] 10.0.0.17 "GET /" status: 200 len: 136 microversion: 1.0
2026-07-24 18:48:23.296 7 INFO placement.requestlog [req-bf99f8b8-dc16-4b54-8f83-e6696ccec741 req-8f1bc12d-e125-46fe-a02e-f6876d9d6566 bfc0f4d22a174911a2ccdd785ffcd2d9 b120e057dc5a4e889a9dfbc9f6c5fa31 - - 6eefae445d8e41c3b33d00d6dbde9230 6eefae445d8e41c3b33d00d6dbde9230] 10.0.0.19 "GET /allocation_candidates?limit=1000&resources=DISK_GB%3A1%2CMEMORY_MB%3A512%2CVCPU%3A1&root_required=%21COMPUTE_STATUS_DISABLED" status: 200 len: 2444 microversion: 1.36 [pid: 7|app: 0|req: 591/1180] 10.0.0.19 () {34 vars in 1010 bytes} [Fri Jul 24 18:48:23 2026] GET /allocation_candidates?limit=1000&resources=DISK_GB%3A1%2CMEMORY_MB%3A512%2CVCPU%3A1&root_required=%21COMPUTE_STATUS_DISABLED => generated 2444 bytes in 49 msecs (HTTP/1.1 200) 8 headers in 297 bytes (1 switches on core 0)
2026-07-24 18:48:23.327 6 INFO placement.requestlog [req-bf99f8b8-dc16-4b54-8f83-e6696ccec741 req-9863572f-b17a-4ffa-a03b-a4b56bea5230 bfc0f4d22a174911a2ccdd785ffcd2d9 b120e057dc5a4e889a9dfbc9f6c5fa31 - - 6eefae445d8e41c3b33d00d6dbde9230 6eefae445d8e41c3b33d00d6dbde9230] 10.0.0.19 "GET /allocations/3ed1842e-a5b4-4c78-980e-09a43eebe4a5" status: 200 len: 19 microversion: 1.28 [pid: 6|app: 0|req: 590/1181] 10.0.0.19 () {34 vars in 859 bytes} [Fri Jul 24 18:48:23 2026] GET /allocations/3ed1842e-a5b4-4c78-980e-09a43eebe4a5 => generated 19 bytes in 11 msecs (HTTP/1.1 200) 8 headers in 295 bytes (1 switches on core 0)
2026-07-24 18:48:23.392 7 INFO placement.requestlog [req-bf99f8b8-dc16-4b54-8f83-e6696ccec741 req-9b249eaa-1bcd-457c-ab37-270a178a6350 bfc0f4d22a174911a2ccdd785ffcd2d9 b120e057dc5a4e889a9dfbc9f6c5fa31 - - 6eefae445d8e41c3b33d00d6dbde9230 6eefae445d8e41c3b33d00d6dbde9230] 10.0.0.19 "PUT /allocations/3ed1842e-a5b4-4c78-980e-09a43eebe4a5" status: 204 len: 0 microversion: 1.36 [pid: 7|app: 0|req: 592/1182] 10.0.0.19 () {38 vars in 912 bytes} [Fri Jul 24 18:48:23 2026] PUT /allocations/3ed1842e-a5b4-4c78-980e-09a43eebe4a5 => generated 0 bytes in 59 msecs (HTTP/1.1 204) 5 headers in 199 bytes (1 switches on core 0)
2026-07-24 18:48:24.896 6 INFO placement.requestlog [req-bf99f8b8-dc16-4b54-8f83-e6696ccec741 req-2450c046-4ab5-4419-9a6f-d42d25ad3a37 bfc0f4d22a174911a2ccdd785ffcd2d9 b120e057dc5a4e889a9dfbc9f6c5fa31 - - 6eefae445d8e41c3b33d00d6dbde9230 6eefae445d8e41c3b33d00d6dbde9230] 199.19.213.107 "GET /allocations/3ed1842e-a5b4-4c78-980e-09a43eebe4a5" status: 200 len: 258 microversion: 1.28 [pid: 6|app: 0|req: 591/1183] 199.19.213.107 () {34 vars in 862 bytes} [Fri Jul 24 18:48:24 2026] GET /allocations/3ed1842e-a5b4-4c78-980e-09a43eebe4a5 => generated 258 bytes in 9 msecs (HTTP/1.1 200) 8 headers in 296 bytes (1 switches on core 0)
2026-07-24 18:48:25.936 7 INFO placement.requestlog [req-bf99f8b8-dc16-4b54-8f83-e6696ccec741 req-6b863db5-528c-4d63-9f98-058912c261a4 bfc0f4d22a174911a2ccdd785ffcd2d9 b120e057dc5a4e889a9dfbc9f6c5fa31 - - 6eefae445d8e41c3b33d00d6dbde9230 6eefae445d8e41c3b33d00d6dbde9230] 199.19.213.107 "GET /resource_providers/4e576ab2-ce63-4154-afd4-41d9be59b592/allocations" status: 200 len: 253 microversion: 1.0 [pid: 7|app: 0|req: 593/1184] 199.19.213.107 () {32 vars in 856 bytes} [Fri Jul 24 18:48:25 2026] GET /resource_providers/4e576ab2-ce63-4154-afd4-41d9be59b592/allocations => generated 253 bytes in 14 msecs (HTTP/1.1 200) 6 headers in 224 bytes (1 switches on core 0)
2026-07-24 18:48:25.956 6 INFO placement.requestlog [req-bf99f8b8-dc16-4b54-8f83-e6696ccec741 req-9cd669cc-335f-45cc-a8e3-cc9c9a2bfc1d bfc0f4d22a174911a2ccdd785ffcd2d9 b120e057dc5a4e889a9dfbc9f6c5fa31 - - 6eefae445d8e41c3b33d00d6dbde9230 6eefae445d8e41c3b33d00d6dbde9230] 199.19.213.107 "GET /allocations/39960308-ad2f-4923-9547-6d00d4fcd27e" status: 200 len: 258 microversion: 1.28 [pid: 6|app: 0|req: 592/1185] 199.19.213.107 () {34 vars in 862 bytes} [Fri Jul 24 18:48:25 2026] GET /allocations/39960308-ad2f-4923-9547-6d00d4fcd27e => generated 258 bytes in 12 msecs (HTTP/1.1 200) 8 headers in 296 bytes (1 switches on core 0)
2026-07-24 18:48:25.974 7 INFO placement.requestlog [req-bf99f8b8-dc16-4b54-8f83-e6696ccec741 req-abca53b7-e081-48a0-8608-e5a740f07c04 bfc0f4d22a174911a2ccdd785ffcd2d9 b120e057dc5a4e889a9dfbc9f6c5fa31 - - 6eefae445d8e41c3b33d00d6dbde9230 6eefae445d8e41c3b33d00d6dbde9230] 199.19.213.107 "GET /allocations/3ed1842e-a5b4-4c78-980e-09a43eebe4a5" status: 200 len: 258 microversion: 1.28 [pid: 7|app: 0|req: 594/1186] 199.19.213.107 () {34 vars in 862 bytes} [Fri Jul 24 18:48:25 2026] GET /allocations/3ed1842e-a5b4-4c78-980e-09a43eebe4a5 => generated 258 bytes in 11 msecs (HTTP/1.1 200) 8 headers in 296 bytes (1 switches on core 0)
2026-07-24 18:48:27.055 7 INFO placement.requestlog [None req-3997e27e-5831-4919-82e8-8b994832db7f - - - - - -] 10.0.0.17 "GET /" status: 200 len: 136 microversion: 1.0
2026-07-24 18:48:27.055 6 INFO placement.requestlog [None req-07933bca-0906-4797-b636-189f5e8dd8bc - - - - - -] 10.0.0.17 "GET /" status: 200 len: 136 microversion: 1.0
2026-07-24 18:48:31.074 7 INFO placement.requestlog [req-11c6d5e0-d113-40b9-b8fb-55da70f4a130 req-80923809-a2c3-484d-8500-cbc20215accb bfc0f4d22a174911a2ccdd785ffcd2d9 b120e057dc5a4e889a9dfbc9f6c5fa31 - - 6eefae445d8e41c3b33d00d6dbde9230 6eefae445d8e41c3b33d00d6dbde9230] 199.19.213.107 "GET /resource_providers/4e576ab2-ce63-4154-afd4-41d9be59b592/allocations" status: 200 len: 253 microversion: 1.0 [pid: 7|app: 0|req: 596/1189] 199.19.213.107 () {32 vars in 856 bytes} [Fri Jul 24 18:48:31 2026] GET /resource_providers/4e576ab2-ce63-4154-afd4-41d9be59b592/allocations => generated 253 bytes in 17 msecs (HTTP/1.1 200) 6 headers in 224 bytes (1 switches on core 0)
2026-07-24 18:48:31.100 6 INFO placement.requestlog [req-11c6d5e0-d113-40b9-b8fb-55da70f4a130 req-cfbbefc7-b404-4543-9985-d3abbe91fac6 bfc0f4d22a174911a2ccdd785ffcd2d9 b120e057dc5a4e889a9dfbc9f6c5fa31 - - 6eefae445d8e41c3b33d00d6dbde9230 6eefae445d8e41c3b33d00d6dbde9230] 199.19.213.107 "GET /resource_providers/4e576ab2-ce63-4154-afd4-41d9be59b592/allocations" status: 200 len: 253 microversion: 1.0 [pid: 6|app: 0|req: 594/1190] 199.19.213.107 () {32 vars in 856 bytes} [Fri Jul 24 18:48:31 2026] GET /resource_providers/4e576ab2-ce63-4154-afd4-41d9be59b592/allocations => generated 253 bytes in 21 msecs (HTTP/1.1 200) 6 headers in 224 bytes (1 switches on core 0)
2026-07-24 18:48:31.117 7 INFO placement.requestlog [req-11c6d5e0-d113-40b9-b8fb-55da70f4a130 req-75fb5c28-bff6-430b-837e-35b1597e90c9 bfc0f4d22a174911a2ccdd785ffcd2d9 b120e057dc5a4e889a9dfbc9f6c5fa31 - - 6eefae445d8e41c3b33d00d6dbde9230 6eefae445d8e41c3b33d00d6dbde9230] 199.19.213.107 "GET /allocations/39960308-ad2f-4923-9547-6d00d4fcd27e" status: 200 len: 258 microversion: 1.28 [pid: 7|app: 0|req: 597/1191] 199.19.213.107 () {34 vars in 862 bytes} [Fri Jul 24 18:48:31 2026] GET /allocations/39960308-ad2f-4923-9547-6d00d4fcd27e => generated 258 bytes in 11 msecs (HTTP/1.1 200) 8 headers in 296 bytes (1 switches on core 0)
2026-07-24 18:48:31.154 6 INFO placement.requestlog [req-11c6d5e0-d113-40b9-b8fb-55da70f4a130 req-f21f61a4-e04e-4925-9d80-78657c11538d bfc0f4d22a174911a2ccdd785ffcd2d9 b120e057dc5a4e889a9dfbc9f6c5fa31 - - 6eefae445d8e41c3b33d00d6dbde9230 6eefae445d8e41c3b33d00d6dbde9230] 199.19.213.107 "GET /allocations/3ed1842e-a5b4-4c78-980e-09a43eebe4a5" status: 200 len: 258 microversion: 1.28 [pid: 6|app: 0|req: 595/1192] 199.19.213.107 () {34 vars in 862 bytes} [Fri Jul 24 18:48:31 2026] GET /allocations/3ed1842e-a5b4-4c78-980e-09a43eebe4a5 => generated 258 bytes in 27 msecs (HTTP/1.1 200) 8 headers in 296 bytes (1 switches on core 0)
2026-07-24 18:48:37.056 7 INFO placement.requestlog [None req-4e0c3175-c268-419d-83e4-e755dcaeba9d - - - - - -] 10.0.0.17 "GET /" status: 200 len: 136 microversion: 1.0
2026-07-24 18:48:37.056 6 INFO placement.requestlog [None req-32d2a331-6f18-4cf4-aec0-3c3ab8dd0c89 - - - - - -] 10.0.0.17 "GET /" status: 200 len: 136 microversion: 1.0
2026-07-24 18:48:47.055 7 INFO placement.requestlog [None req-5b9953fb-072c-442a-ab48-d497e4c25478 - - - - - -] 10.0.0.17 "GET /" status: 200 len: 136 microversion: 1.0
2026-07-24 18:48:47.055 6 INFO placement.requestlog [None req-5b8f5e6d-8c5a-4650-944f-7028a9ce1ff8 - - - - - -] 10.0.0.17 "GET /" status: 200 len: 136 microversion: 1.0
2026-07-24 18:48:57.055 6 INFO placement.requestlog [None req-ca06f305-8c7a-4b3d-9876-6070e43e80ad - - - - - -] 10.0.0.17 "GET /" status: 200 len: 136 microversion: 1.0
2026-07-24 18:48:57.055 7 INFO placement.requestlog [None req-b5885349-2dec-4bd0-b34c-d8111101ef97 - - - - - -] 10.0.0.17 "GET /" status: 200 len: 136 microversion: 1.0
2026-07-24 18:49:04.928 6 INFO placement.requestlog [req-061ae1bb-01db-4971-b8e1-2fc0f5b87513 req-7a2a944d-0576-4f70-9e71-b08c407ce8cb bfc0f4d22a174911a2ccdd785ffcd2d9 b120e057dc5a4e889a9dfbc9f6c5fa31 - - 6eefae445d8e41c3b33d00d6dbde9230 6eefae445d8e41c3b33d00d6dbde9230] 10.0.0.19 "GET /allocation_candidates?limit=1000&resources=MEMORY_MB%3A2048%2CVCPU%3A2&root_required=%21COMPUTE_STATUS_DISABLED" status: 200 len: 2432 microversion: 1.36 [pid: 6|app: 0|req: 599/1199] 10.0.0.19 () {34 vars in 984 bytes} [Fri Jul 24 18:49:04 2026] GET /allocation_candidates?limit=1000&resources=MEMORY_MB%3A2048%2CVCPU%3A2&root_required=%21COMPUTE_STATUS_DISABLED => generated 2432 bytes in 49 msecs (HTTP/1.1 200) 8 headers in 297 bytes (1 switches on core 0)
2026-07-24 18:49:04.966 7 INFO placement.requestlog [req-061ae1bb-01db-4971-b8e1-2fc0f5b87513 req-d28ec7b0-8555-436b-a2a9-6478d8a4d93f bfc0f4d22a174911a2ccdd785ffcd2d9 b120e057dc5a4e889a9dfbc9f6c5fa31 - - 6eefae445d8e41c3b33d00d6dbde9230 6eefae445d8e41c3b33d00d6dbde9230] 10.0.0.19 "GET /allocations/7bf23cd7-ac0d-47a9-bfea-865098fa8f6b" status: 200 len: 19 microversion: 1.28 [pid: 7|app: 0|req: 601/1200] 10.0.0.19 () {34 vars in 859 bytes} [Fri Jul 24 18:49:04 2026] GET /allocations/7bf23cd7-ac0d-47a9-bfea-865098fa8f6b => generated 19 bytes in 14 msecs (HTTP/1.1 200) 8 headers in 295 bytes (1 switches on core 0)
2026-07-24 18:49:05.053 6 INFO placement.requestlog [req-061ae1bb-01db-4971-b8e1-2fc0f5b87513 req-c070f803-72b7-4874-9fef-59fb732c39c6 bfc0f4d22a174911a2ccdd785ffcd2d9 b120e057dc5a4e889a9dfbc9f6c5fa31 - - 6eefae445d8e41c3b33d00d6dbde9230 6eefae445d8e41c3b33d00d6dbde9230] 10.0.0.19 "PUT /allocations/7bf23cd7-ac0d-47a9-bfea-865098fa8f6b" status: 204 len: 0 microversion: 1.36 [pid: 6|app: 0|req: 600/1201] 10.0.0.19 () {38 vars in 912 bytes} [Fri Jul 24 18:49:04 2026] PUT /allocations/7bf23cd7-ac0d-47a9-bfea-865098fa8f6b => generated 0 bytes in 82 msecs (HTTP/1.1 204) 5 headers in 199 bytes (1 switches on core 0)
2026-07-24 18:49:06.537 7 INFO placement.requestlog [req-061ae1bb-01db-4971-b8e1-2fc0f5b87513 req-683b4312-711a-4319-b1e7-ca785257067f bfc0f4d22a174911a2ccdd785ffcd2d9 b120e057dc5a4e889a9dfbc9f6c5fa31 - - 6eefae445d8e41c3b33d00d6dbde9230 6eefae445d8e41c3b33d00d6dbde9230] 199.19.213.107 "GET /allocations/7bf23cd7-ac0d-47a9-bfea-865098fa8f6b" status: 200 len: 245 microversion: 1.28 [pid: 7|app: 0|req: 602/1202] 199.19.213.107 () {34 vars in 862 bytes} [Fri Jul 24 18:49:06 2026] GET /allocations/7bf23cd7-ac0d-47a9-bfea-865098fa8f6b => generated 245 bytes in 14 msecs (HTTP/1.1 200) 8 headers in 296 bytes (1 switches on core 0)
2026-07-24 18:49:07.054 6 INFO placement.requestlog [None req-ac77a8d4-c340-473b-bcc6-50681f3f7d0b - - - - - -] 10.0.0.17 "GET /" status: 200 len: 136 microversion: 1.0
2026-07-24 18:49:07.056 7 INFO placement.requestlog [None req-3d6417f7-42b8-4c39-8d0e-6e4acbf1a362 - - - - - -] 10.0.0.17 "GET /" status: 200 len: 136 microversion: 1.0
2026-07-24 18:49:07.593 6 INFO placement.requestlog [req-061ae1bb-01db-4971-b8e1-2fc0f5b87513 req-2b5cd728-747e-43e2-82b8-0f8cd11fae38 bfc0f4d22a174911a2ccdd785ffcd2d9 b120e057dc5a4e889a9dfbc9f6c5fa31 - - 6eefae445d8e41c3b33d00d6dbde9230 6eefae445d8e41c3b33d00d6dbde9230] 199.19.213.107 "GET /resource_providers/4e576ab2-ce63-4154-afd4-41d9be59b592/allocations" status: 200 len: 340 microversion: 1.0 [pid: 6|app: 0|req: 602/1205] 199.19.213.107 () {32 vars in 856 bytes} [Fri Jul 24 18:49:07 2026] GET /resource_providers/4e576ab2-ce63-4154-afd4-41d9be59b592/allocations => generated 340 bytes in 27 msecs (HTTP/1.1 200) 6 headers in 224 bytes (1 switches on core 0)
2026-07-24 18:49:07.617 7 INFO placement.requestlog [req-061ae1bb-01db-4971-b8e1-2fc0f5b87513 req-ef69bf17-99bb-4104-af75-4dde22bf4c9c bfc0f4d22a174911a2ccdd785ffcd2d9 b120e057dc5a4e889a9dfbc9f6c5fa31 - - 6eefae445d8e41c3b33d00d6dbde9230 6eefae445d8e41c3b33d00d6dbde9230] 199.19.213.107 "GET /allocations/39960308-ad2f-4923-9547-6d00d4fcd27e" status: 200 len: 258 microversion: 1.28 [pid: 7|app: 0|req: 604/1206] 199.19.213.107 () {34 vars in 862 bytes} [Fri Jul 24 18:49:07 2026] GET /allocations/39960308-ad2f-4923-9547-6d00d4fcd27e => generated 258 bytes in 17 msecs (HTTP/1.1 200) 8 headers in 296 bytes (1 switches on core 0)
2026-07-24 18:49:07.637 6 INFO placement.requestlog [req-061ae1bb-01db-4971-b8e1-2fc0f5b87513 req-4904f471-c5af-424f-80e6-8fac71f34d5b bfc0f4d22a174911a2ccdd785ffcd2d9 b120e057dc5a4e889a9dfbc9f6c5fa31 - - 6eefae445d8e41c3b33d00d6dbde9230 6eefae445d8e41c3b33d00d6dbde9230] 199.19.213.107 "GET /allocations/3ed1842e-a5b4-4c78-980e-09a43eebe4a5" status: 200 len: 258 microversion: 1.28 [pid: 6|app: 0|req: 603/1207] 199.19.213.107 () {34 vars in 862 bytes} [Fri Jul 24 18:49:07 2026] GET /allocations/3ed1842e-a5b4-4c78-980e-09a43eebe4a5 => generated 258 bytes in 13 msecs (HTTP/1.1 200) 8 headers in 296 bytes (1 switches on core 0)
2026-07-24 18:49:07.660 7 INFO placement.requestlog [req-061ae1bb-01db-4971-b8e1-2fc0f5b87513 req-41afbcaf-c748-4ff1-bac0-43551d49ae27 bfc0f4d22a174911a2ccdd785ffcd2d9 b120e057dc5a4e889a9dfbc9f6c5fa31 - - 6eefae445d8e41c3b33d00d6dbde9230 6eefae445d8e41c3b33d00d6dbde9230] 199.19.213.107 "GET /allocations/7bf23cd7-ac0d-47a9-bfea-865098fa8f6b" status: 200 len: 245 microversion: 1.28 [pid: 7|app: 0|req: 605/1208] 199.19.213.107 () {34 vars in 862 bytes} [Fri Jul 24 18:49:07 2026] GET /allocations/7bf23cd7-ac0d-47a9-bfea-865098fa8f6b => generated 245 bytes in 15 msecs (HTTP/1.1 200) 8 headers in 296 bytes (1 switches on core 0)
2026-07-24 18:49:17.055 6 INFO placement.requestlog [None req-c4795de9-1768-4ddd-a0c0-a78147a6f6db - - - - - -] 10.0.0.17 "GET /" status: 200 len: 136 microversion: 1.0
2026-07-24 18:49:17.057 7 INFO placement.requestlog [None req-3b842636-3bad-4f14-a7a9-8843954c476c - - - - - -] 10.0.0.17 "GET /" status: 200 len: 136 microversion: 1.0
2026-07-24 18:49:27.055 6 INFO placement.requestlog [None req-c1561439-29fd-4ed0-9a85-f641fe63b048 - - - - - -] 10.0.0.17 "GET /" status: 200 len: 136 microversion: 1.0
2026-07-24 18:49:27.055 7 INFO placement.requestlog [None req-1a3a31ec-7e25-4060-828e-bec1599c2ed8 - - - - - -] 10.0.0.17 "GET /" status: 200 len: 136 microversion: 1.0
2026-07-24 18:49:31.340 7 INFO placement.requestlog [req-58185610-cc76-4b16-aa68-733c433c893a req-d2bd01b7-0c2d-45d7-bbf8-374871a6379e bfc0f4d22a174911a2ccdd785ffcd2d9 b120e057dc5a4e889a9dfbc9f6c5fa31 - - 6eefae445d8e41c3b33d00d6dbde9230 6eefae445d8e41c3b33d00d6dbde9230] 199.19.213.107 "GET /resource_providers/4e576ab2-ce63-4154-afd4-41d9be59b592/allocations" status: 200 len: 340 microversion: 1.0 [pid: 7|app: 0|req: 608/1213] 199.19.213.107 () {32 vars in 856 bytes} [Fri Jul 24 18:49:31 2026] GET /resource_providers/4e576ab2-ce63-4154-afd4-41d9be59b592/allocations => generated 340 bytes in 23 msecs (HTTP/1.1 200) 6 headers in 224 bytes (1 switches on core 0)
2026-07-24 18:49:31.374 6 INFO placement.requestlog [req-58185610-cc76-4b16-aa68-733c433c893a req-855dd3e5-d16f-4e0f-8825-4f2a93329d20 bfc0f4d22a174911a2ccdd785ffcd2d9 b120e057dc5a4e889a9dfbc9f6c5fa31 - - 6eefae445d8e41c3b33d00d6dbde9230 6eefae445d8e41c3b33d00d6dbde9230] 199.19.213.107 "GET /resource_providers/4e576ab2-ce63-4154-afd4-41d9be59b592/allocations" status: 200 len: 340 microversion: 1.0 [pid: 6|app: 0|req: 606/1214] 199.19.213.107 () {32 vars in 856 bytes} [Fri Jul 24 18:49:31 2026] GET /resource_providers/4e576ab2-ce63-4154-afd4-41d9be59b592/allocations => generated 340 bytes in 24 msecs (HTTP/1.1 200) 6 headers in 224 bytes (1 switches on core 0)
2026-07-24 18:49:31.396 7 INFO placement.requestlog [req-58185610-cc76-4b16-aa68-733c433c893a req-41559f5b-d9f0-4d13-a55b-c731ee67266c bfc0f4d22a174911a2ccdd785ffcd2d9 b120e057dc5a4e889a9dfbc9f6c5fa31 - - 6eefae445d8e41c3b33d00d6dbde9230 6eefae445d8e41c3b33d00d6dbde9230] 199.19.213.107 "GET /allocations/39960308-ad2f-4923-9547-6d00d4fcd27e" status: 200 len: 258 microversion: 1.28 [pid: 7|app: 0|req: 609/1215] 199.19.213.107 () {34 vars in 862 bytes} [Fri Jul 24 18:49:31 2026] GET /allocations/39960308-ad2f-4923-9547-6d00d4fcd27e => generated 258 bytes in 15 msecs (HTTP/1.1 200) 8 headers in 296 bytes (1 switches on core 0)
2026-07-24 18:49:31.416 6 INFO placement.requestlog [req-58185610-cc76-4b16-aa68-733c433c893a req-05422586-9c6d-4611-8e96-9225a9190f9e bfc0f4d22a174911a2ccdd785ffcd2d9 b120e057dc5a4e889a9dfbc9f6c5fa31 - - 6eefae445d8e41c3b33d00d6dbde9230 6eefae445d8e41c3b33d00d6dbde9230] 199.19.213.107 "GET /allocations/3ed1842e-a5b4-4c78-980e-09a43eebe4a5" status: 200 len: 258 microversion: 1.28 [pid: 6|app: 0|req: 607/1216] 199.19.213.107 () {34 vars in 862 bytes} [Fri Jul 24 18:49:31 2026] GET /allocations/3ed1842e-a5b4-4c78-980e-09a43eebe4a5 => generated 258 bytes in 12 msecs (HTTP/1.1 200) 8 headers in 296 bytes (1 switches on core 0)
2026-07-24 18:49:31.434 7 INFO placement.requestlog [req-58185610-cc76-4b16-aa68-733c433c893a req-fcad5003-26ea-4eb8-ad08-d33d5dd7d502 bfc0f4d22a174911a2ccdd785ffcd2d9 b120e057dc5a4e889a9dfbc9f6c5fa31 - - 6eefae445d8e41c3b33d00d6dbde9230 6eefae445d8e41c3b33d00d6dbde9230] 199.19.213.107 "GET /allocations/7bf23cd7-ac0d-47a9-bfea-865098fa8f6b" status: 200 len: 245 microversion: 1.28 [pid: 7|app: 0|req: 610/1217] 199.19.213.107 () {34 vars in 862 bytes} [Fri Jul 24 18:49:31 2026] GET /allocations/7bf23cd7-ac0d-47a9-bfea-865098fa8f6b => generated 245 bytes in 12 msecs (HTTP/1.1 200) 8 headers in 296 bytes (1 switches on core 0)
2026-07-24 18:49:37.055 6 INFO placement.requestlog [None req-e1cc092e-1604-4ce9-9caf-abbbffd7f190 - - - - - -] 10.0.0.17 "GET /" status: 200 len: 136 microversion: 1.0
2026-07-24 18:49:37.055 7 INFO placement.requestlog [None req-996ef212-0e19-4e54-a73f-7e7029c60a8c - - - - - -] 10.0.0.17 "GET /" status: 200 len: 136 microversion: 1.0
2026-07-24 18:49:47.054 7 INFO placement.requestlog [None req-df15fce2-1e0a-4d32-a717-0cd959c364dc - - - - - -] 10.0.0.17 "GET /" status: 200 len: 136 microversion: 1.0
2026-07-24 18:49:47.054 6 INFO placement.requestlog [None req-4f1eb8ad-e99e-4971-abae-221b4767f04c - - - - - -] 10.0.0.17 "GET /" status: 200 len: 136 microversion: 1.0
2026-07-24 18:49:57.055 7 INFO placement.requestlog [None req-3a0de907-0e8d-48e5-9867-b66736df50e0 - - - - - -] 10.0.0.17 "GET /" status: 200 len: 136 microversion: 1.0
2026-07-24 18:49:57.055 6 INFO placement.requestlog [None req-368b5929-c0f1-43dd-8d5f-c5ae3b63b546 - - - - - -] 10.0.0.17 "GET /" status: 200 len: 136 microversion: 1.0
2026-07-24 18:50:07.055 7 INFO placement.requestlog [None req-2d758e05-7331-4b48-afc9-c94fe243ba0f - - - - - -] 10.0.0.17 "GET /" status: 200 len: 136 microversion: 1.0
2026-07-24 18:50:07.055 6 INFO placement.requestlog [None req-18db3d9f-1ba0-4d66-8dee-5713222feb74 - - - - - -] 10.0.0.17 "GET /" status: 200 len: 136 microversion: 1.0
2026-07-24 18:50:17.056 6 INFO placement.requestlog [None req-5f305511-4d6d-4c3f-b371-059c55dd9f14 - - - - - -] 10.0.0.17 "GET /" status: 200 len: 136 microversion: 1.0
2026-07-24 18:50:17.055 7 INFO placement.requestlog [None req-99a12602-c275-4c81-865c-1eec9851d836 - - - - - -] 10.0.0.17 "GET /" status: 200 len: 136 microversion: 1.0
2026-07-24 18:50:27.054 7 INFO placement.requestlog [None req-16af89f4-294a-46f5-a192-96542d3f6609 - - - - - -] 10.0.0.17 "GET /" status: 200 len: 136 microversion: 1.0
2026-07-24 18:50:27.054 6 INFO placement.requestlog [None req-2d57b91a-7b43-427a-a95f-65bd5066b522 - - - - - -] 10.0.0.17 "GET /" status: 200 len: 136 microversion: 1.0
2026-07-24 18:50:33.399 7 INFO placement.requestlog [req-854ed693-0f96-48ff-9c5e-9f9003d91353 req-fe1d67ab-1aab-42a9-a896-3122081fe90b bfc0f4d22a174911a2ccdd785ffcd2d9 b120e057dc5a4e889a9dfbc9f6c5fa31 - - 6eefae445d8e41c3b33d00d6dbde9230 6eefae445d8e41c3b33d00d6dbde9230] 199.19.213.107 "GET /resource_providers/4e576ab2-ce63-4154-afd4-41d9be59b592/allocations" status: 200 len: 340 microversion: 1.0 [pid: 7|app: 0|req: 617/1230] 199.19.213.107 () {32 vars in 856 bytes} [Fri Jul 24 18:50:33 2026] GET /resource_providers/4e576ab2-ce63-4154-afd4-41d9be59b592/allocations => generated 340 bytes in 20 msecs (HTTP/1.1 200) 6 headers in 224 bytes (1 switches on core 0)
2026-07-24 18:50:33.425 6 INFO placement.requestlog [req-854ed693-0f96-48ff-9c5e-9f9003d91353 req-a5723f2e-e6ac-4a32-8326-d431cb7573e8 bfc0f4d22a174911a2ccdd785ffcd2d9 b120e057dc5a4e889a9dfbc9f6c5fa31 - - 6eefae445d8e41c3b33d00d6dbde9230 6eefae445d8e41c3b33d00d6dbde9230] 199.19.213.107 "GET /resource_providers/4e576ab2-ce63-4154-afd4-41d9be59b592/allocations" status: 200 len: 340 microversion: 1.0 [pid: 6|app: 0|req: 614/1231] 199.19.213.107 () {32 vars in 856 bytes} [Fri Jul 24 18:50:33 2026] GET /resource_providers/4e576ab2-ce63-4154-afd4-41d9be59b592/allocations => generated 340 bytes in 18 msecs (HTTP/1.1 200) 6 headers in 224 bytes (1 switches on core 0)
2026-07-24 18:50:33.445 7 INFO placement.requestlog [req-854ed693-0f96-48ff-9c5e-9f9003d91353 req-e6b57e6c-d082-4699-b1af-54b539b06e4a bfc0f4d22a174911a2ccdd785ffcd2d9 b120e057dc5a4e889a9dfbc9f6c5fa31 - - 6eefae445d8e41c3b33d00d6dbde9230 6eefae445d8e41c3b33d00d6dbde9230] 199.19.213.107 "GET /allocations/39960308-ad2f-4923-9547-6d00d4fcd27e" status: 200 len: 258 microversion: 1.28 [pid: 7|app: 0|req: 618/1232] 199.19.213.107 () {34 vars in 862 bytes} [Fri Jul 24 18:50:33 2026] GET /allocations/39960308-ad2f-4923-9547-6d00d4fcd27e => generated 258 bytes in 13 msecs (HTTP/1.1 200) 8 headers in 296 bytes (1 switches on core 0)
2026-07-24 18:50:33.468 6 INFO placement.requestlog [req-854ed693-0f96-48ff-9c5e-9f9003d91353 req-90eb11fe-766c-4334-a5e0-587f2189ceb9 bfc0f4d22a174911a2ccdd785ffcd2d9 b120e057dc5a4e889a9dfbc9f6c5fa31 - - 6eefae445d8e41c3b33d00d6dbde9230 6eefae445d8e41c3b33d00d6dbde9230] 199.19.213.107 "GET /allocations/3ed1842e-a5b4-4c78-980e-09a43eebe4a5" status: 200 len: 258 microversion: 1.28 [pid: 6|app: 0|req: 615/1233] 199.19.213.107 () {34 vars in 862 bytes} [Fri Jul 24 18:50:33 2026] GET /allocations/3ed1842e-a5b4-4c78-980e-09a43eebe4a5 => generated 258 bytes in 16 msecs (HTTP/1.1 200) 8 headers in 296 bytes (1 switches on core 0)
2026-07-24 18:50:33.487 7 INFO placement.requestlog [req-854ed693-0f96-48ff-9c5e-9f9003d91353 req-b0c3fa67-b0c6-4ee0-ac52-350ed91042b9 bfc0f4d22a174911a2ccdd785ffcd2d9 b120e057dc5a4e889a9dfbc9f6c5fa31 - - 6eefae445d8e41c3b33d00d6dbde9230 6eefae445d8e41c3b33d00d6dbde9230] 199.19.213.107 "GET /allocations/7bf23cd7-ac0d-47a9-bfea-865098fa8f6b" status: 200 len: 245 microversion: 1.28 [pid: 7|app: 0|req: 619/1234] 199.19.213.107 () {34 vars in 862 bytes} [Fri Jul 24 18:50:33 2026] GET /allocations/7bf23cd7-ac0d-47a9-bfea-865098fa8f6b => generated 245 bytes in 12 msecs (HTTP/1.1 200) 8 headers in 296 bytes (1 switches on core 0)
2026-07-24 18:50:37.054 6 INFO placement.requestlog [None req-a44a6611-63df-4044-bac2-65bf1e420aea - - - - - -] 10.0.0.17 "GET /" status: 200 len: 136 microversion: 1.0
2026-07-24 18:50:37.054 7 INFO placement.requestlog [None req-3e496165-b665-4297-b4de-2c88f32bc0a3 - - - - - -] 10.0.0.17 "GET /" status: 200 len: 136 microversion: 1.0
2026-07-24 18:50:47.055 6 INFO placement.requestlog [None req-bb02468b-1995-4dc1-9433-41f283e94ea5 - - - - - -] 10.0.0.17 "GET /" status: 200 len: 136 microversion: 1.0
2026-07-24 18:50:47.055 7 INFO placement.requestlog [None req-3c4e490f-b0e3-494f-aa9d-633545a6f207 - - - - - -] 10.0.0.17 "GET /" status: 200 len: 136 microversion: 1.0
2026-07-24 18:50:57.054 6 INFO placement.requestlog [None req-494e37b3-bc4c-4b35-8e69-c72c6fcedc08 - - - - - -] 10.0.0.17 "GET /" status: 200 len: 136 microversion: 1.0
2026-07-24 18:50:57.055 7 INFO placement.requestlog [None req-9d11c441-f9b9-4e4d-b63e-e41393d58656 - - - - - -] 10.0.0.17 "GET /" status: 200 len: 136 microversion: 1.0
2026-07-24 18:51:07.054 6 INFO placement.requestlog [None req-20a0901d-6d48-448c-a365-620e3c8d4bca - - - - - -] 10.0.0.17 "GET /" status: 200 len: 136 microversion: 1.0
2026-07-24 18:51:07.056 7 INFO placement.requestlog [None req-fa82768c-8b38-4c18-8888-00f994991fb9 - - - - - -] 10.0.0.17 "GET /" status: 200 len: 136 microversion: 1.0
2026-07-24 18:51:17.055 7 INFO placement.requestlog [None req-5c055bcd-a0c9-4eba-ae34-dc91a9c2dc59 - - - - - -] 10.0.0.17 "GET /" status: 200 len: 136 microversion: 1.0
2026-07-24 18:51:17.055 6 INFO placement.requestlog [None req-fa465acb-fc72-40ea-9553-6c0a3f96074f - - - - - -] 10.0.0.17 "GET /" status: 200 len: 136 microversion: 1.0
2026-07-24 18:51:27.055 7 INFO placement.requestlog [None req-441ba899-c99f-4874-9dcb-c1c85179b5a8 - - - - - -] 10.0.0.17 "GET /" status: 200 len: 136 microversion: 1.0
2026-07-24 18:51:27.055 6 INFO placement.requestlog [None req-e8516bd8-bfbc-4f96-b10f-5bdb23f3fe5b - - - - - -] 10.0.0.17 "GET /" status: 200 len: 136 microversion: 1.0
2026-07-24 18:51:35.366 7 INFO placement.requestlog [req-d60b22fd-d6c9-4f0b-abaf-17c17b6c3520 req-ddec9a41-a1ca-4124-acbc-66de08df1b2e bfc0f4d22a174911a2ccdd785ffcd2d9 b120e057dc5a4e889a9dfbc9f6c5fa31 - - 6eefae445d8e41c3b33d00d6dbde9230 6eefae445d8e41c3b33d00d6dbde9230] 199.19.213.107 "GET /resource_providers/4e576ab2-ce63-4154-afd4-41d9be59b592/allocations" status: 200 len: 340 microversion: 1.0 [pid: 7|app: 0|req: 626/1247] 199.19.213.107 () {32 vars in 856 bytes} [Fri Jul 24 18:51:35 2026] GET /resource_providers/4e576ab2-ce63-4154-afd4-41d9be59b592/allocations => generated 340 bytes in 45 msecs (HTTP/1.1 200) 6 headers in 224 bytes (1 switches on core 0)
2026-07-24 18:51:35.390 6 INFO placement.requestlog [req-d60b22fd-d6c9-4f0b-abaf-17c17b6c3520 req-c3aa17de-5e50-4855-98dd-598c899d07cb bfc0f4d22a174911a2ccdd785ffcd2d9 b120e057dc5a4e889a9dfbc9f6c5fa31 - - 6eefae445d8e41c3b33d00d6dbde9230 6eefae445d8e41c3b33d00d6dbde9230] 199.19.213.107 "GET /resource_providers/4e576ab2-ce63-4154-afd4-41d9be59b592/allocations" status: 200 len: 340 microversion: 1.0 [pid: 6|app: 0|req: 622/1248] 199.19.213.107 () {32 vars in 856 bytes} [Fri Jul 24 18:51:35 2026] GET /resource_providers/4e576ab2-ce63-4154-afd4-41d9be59b592/allocations => generated 340 bytes in 18 msecs (HTTP/1.1 200) 6 headers in 224 bytes (1 switches on core 0)
2026-07-24 18:51:35.419 7 INFO placement.requestlog [req-d60b22fd-d6c9-4f0b-abaf-17c17b6c3520 req-2eed71cc-6d5e-4f71-8bb6-aaa1a84b4d0f bfc0f4d22a174911a2ccdd785ffcd2d9 b120e057dc5a4e889a9dfbc9f6c5fa31 - - 6eefae445d8e41c3b33d00d6dbde9230 6eefae445d8e41c3b33d00d6dbde9230] 199.19.213.107 "GET /allocations/39960308-ad2f-4923-9547-6d00d4fcd27e" status: 200 len: 258 microversion: 1.28 [pid: 7|app: 0|req: 627/1249] 199.19.213.107 () {34 vars in 862 bytes} [Fri Jul 24 18:51:35 2026] GET /allocations/39960308-ad2f-4923-9547-6d00d4fcd27e => generated 258 bytes in 25 msecs (HTTP/1.1 200) 8 headers in 296 bytes (1 switches on core 0)
2026-07-24 18:51:35.439 6 INFO placement.requestlog [req-d60b22fd-d6c9-4f0b-abaf-17c17b6c3520 req-bf39b12f-fe53-49b8-a9c9-7e790a6d4bd1 bfc0f4d22a174911a2ccdd785ffcd2d9 b120e057dc5a4e889a9dfbc9f6c5fa31 - - 6eefae445d8e41c3b33d00d6dbde9230 6eefae445d8e41c3b33d00d6dbde9230] 199.19.213.107 "GET /allocations/3ed1842e-a5b4-4c78-980e-09a43eebe4a5" status: 200 len: 258 microversion: 1.28 [pid: 6|app: 0|req: 623/1250] 199.19.213.107 () {34 vars in 862 bytes} [Fri Jul 24 18:51:35 2026] GET /allocations/3ed1842e-a5b4-4c78-980e-09a43eebe4a5 => generated 258 bytes in 15 msecs (HTTP/1.1 200) 8 headers in 296 bytes (1 switches on core 0)
2026-07-24 18:51:35.468 7 INFO placement.requestlog [req-d60b22fd-d6c9-4f0b-abaf-17c17b6c3520 req-3dd2ca98-85b0-49e2-ac2c-f5a9580d2ec7 bfc0f4d22a174911a2ccdd785ffcd2d9 b120e057dc5a4e889a9dfbc9f6c5fa31 - - 6eefae445d8e41c3b33d00d6dbde9230 6eefae445d8e41c3b33d00d6dbde9230] 199.19.213.107 "GET /allocations/7bf23cd7-ac0d-47a9-bfea-865098fa8f6b" status: 200 len: 245 microversion: 1.28 [pid: 7|app: 0|req: 628/1251] 199.19.213.107 () {34 vars in 862 bytes} [Fri Jul 24 18:51:35 2026] GET /allocations/7bf23cd7-ac0d-47a9-bfea-865098fa8f6b => generated 245 bytes in 13 msecs (HTTP/1.1 200) 8 headers in 296 bytes (1 switches on core 0)
2026-07-24 18:51:37.056 7 INFO placement.requestlog [None req-7da2f6c4-ac53-4d09-b266-4cbc03a1b8d0 - - - - - -] 10.0.0.17 "GET /" status: 200 len: 136 microversion: 1.0
2026-07-24 18:51:37.057 6 INFO placement.requestlog [None req-283916d3-3edf-4ed8-83d1-bcafc983b15e - - - - - -] 10.0.0.17 "GET /" status: 200 len: 136 microversion: 1.0
2026-07-24 18:51:47.055 6 INFO placement.requestlog [None req-22c21d94-c4c9-4a0d-95bc-e090d8bbdcd0 - - - - - -] 10.0.0.17 "GET /" status: 200 len: 136 microversion: 1.0
2026-07-24 18:51:47.055 7 INFO placement.requestlog [None req-b9ecb8e7-7eae-4901-b1c5-88a39639d19d - - - - - -] 10.0.0.17 "GET /" status: 200 len: 136 microversion: 1.0
2026-07-24 18:51:57.055 6 INFO placement.requestlog [None req-ebec251d-32b2-49c4-83ab-d43d7e58d649 - - - - - -] 10.0.0.17 "GET /" status: 200 len: 136 microversion: 1.0
2026-07-24 18:51:57.055 7 INFO placement.requestlog [None req-f758e720-3572-4252-a9e4-0b5227880bd1 - - - - - -] 10.0.0.17 "GET /" status: 200 len: 136 microversion: 1.0
2026-07-24 18:52:01.405 6 INFO placement.requestlog [req-fc842f3a-7a50-4175-b637-6f5223a47c61 req-6ed233b3-eff1-4f47-8f06-6dde36cbcccb bfc0f4d22a174911a2ccdd785ffcd2d9 b120e057dc5a4e889a9dfbc9f6c5fa31 - - 6eefae445d8e41c3b33d00d6dbde9230 6eefae445d8e41c3b33d00d6dbde9230] 199.19.213.107 "GET /resource_providers/4e576ab2-ce63-4154-afd4-41d9be59b592/allocations" status: 200 len: 340 microversion: 1.0 [pid: 6|app: 0|req: 627/1258] 199.19.213.107 () {32 vars in 856 bytes} [Fri Jul 24 18:52:01 2026] GET /resource_providers/4e576ab2-ce63-4154-afd4-41d9be59b592/allocations => generated 340 bytes in 18 msecs (HTTP/1.1 200) 6 headers in 224 bytes (1 switches on core 0)
2026-07-24 18:52:01.432 7 INFO placement.requestlog [req-fc842f3a-7a50-4175-b637-6f5223a47c61 req-0322356d-7288-494b-a428-370d36a7cbd3 bfc0f4d22a174911a2ccdd785ffcd2d9 b120e057dc5a4e889a9dfbc9f6c5fa31 - - 6eefae445d8e41c3b33d00d6dbde9230 6eefae445d8e41c3b33d00d6dbde9230] 199.19.213.107 "GET /allocations/39960308-ad2f-4923-9547-6d00d4fcd27e" status: 200 len: 258 microversion: 1.28 [pid: 7|app: 0|req: 632/1259] 199.19.213.107 () {34 vars in 862 bytes} [Fri Jul 24 18:52:01 2026] GET /allocations/39960308-ad2f-4923-9547-6d00d4fcd27e => generated 258 bytes in 16 msecs (HTTP/1.1 200) 8 headers in 296 bytes (1 switches on core 0)
2026-07-24 18:52:01.452 6 INFO placement.requestlog [req-fc842f3a-7a50-4175-b637-6f5223a47c61 req-5b453f0c-c971-432a-bdaa-bba2c3995fef bfc0f4d22a174911a2ccdd785ffcd2d9 b120e057dc5a4e889a9dfbc9f6c5fa31 - - 6eefae445d8e41c3b33d00d6dbde9230 6eefae445d8e41c3b33d00d6dbde9230] 199.19.213.107 "GET /allocations/3ed1842e-a5b4-4c78-980e-09a43eebe4a5" status: 200 len: 258 microversion: 1.28 [pid: 6|app: 0|req: 628/1260] 199.19.213.107 () {34 vars in 862 bytes} [Fri Jul 24 18:52:01 2026] GET /allocations/3ed1842e-a5b4-4c78-980e-09a43eebe4a5 => generated 258 bytes in 14 msecs (HTTP/1.1 200) 8 headers in 296 bytes (1 switches on core 0)
2026-07-24 18:52:01.472 7 INFO placement.requestlog [req-fc842f3a-7a50-4175-b637-6f5223a47c61 req-0ffaf6c1-972a-4c1b-9030-e67c51d72cc7 bfc0f4d22a174911a2ccdd785ffcd2d9 b120e057dc5a4e889a9dfbc9f6c5fa31 - - 6eefae445d8e41c3b33d00d6dbde9230 6eefae445d8e41c3b33d00d6dbde9230] 199.19.213.107 "GET /allocations/7bf23cd7-ac0d-47a9-bfea-865098fa8f6b" status: 200 len: 245 microversion: 1.28 [pid: 7|app: 0|req: 633/1261] 199.19.213.107 () {34 vars in 862 bytes} [Fri Jul 24 18:52:01 2026] GET /allocations/7bf23cd7-ac0d-47a9-bfea-865098fa8f6b => generated 245 bytes in 12 msecs (HTTP/1.1 200) 8 headers in 296 bytes (1 switches on core 0)
2026-07-24 18:52:02.521 6 INFO placement.requestlog [req-fc842f3a-7a50-4175-b637-6f5223a47c61 req-7855f1ec-5359-4cea-b651-97e380576a4a bfc0f4d22a174911a2ccdd785ffcd2d9 b120e057dc5a4e889a9dfbc9f6c5fa31 - - 6eefae445d8e41c3b33d00d6dbde9230 6eefae445d8e41c3b33d00d6dbde9230] 199.19.213.107 "DELETE /allocations/7bf23cd7-ac0d-47a9-bfea-865098fa8f6b" status: 204 len: 0 microversion: 1.0 [pid: 6|app: 0|req: 629/1262] 199.19.213.107 () {34 vars in 840 bytes} [Fri Jul 24 18:52:02 2026] DELETE /allocations/7bf23cd7-ac0d-47a9-bfea-865098fa8f6b => generated 0 bytes in 23 msecs (HTTP/1.1 204) 5 headers in 198 bytes (1 switches on core 0)
2026-07-24 18:52:04.467 7 INFO placement.requestlog [req-a90c180a-b8ec-40f1-94e0-dc571688d865 req-fd3de2d7-a713-4a07-8f4b-e992383471dd bfc0f4d22a174911a2ccdd785ffcd2d9 b120e057dc5a4e889a9dfbc9f6c5fa31 - - 6eefae445d8e41c3b33d00d6dbde9230 6eefae445d8e41c3b33d00d6dbde9230] 199.19.213.107 "GET /resource_providers/4e576ab2-ce63-4154-afd4-41d9be59b592/allocations" status: 200 len: 253 microversion: 1.0 [pid: 7|app: 0|req: 634/1263] 199.19.213.107 () {32 vars in 856 bytes} [Fri Jul 24 18:52:04 2026] GET /resource_providers/4e576ab2-ce63-4154-afd4-41d9be59b592/allocations => generated 253 bytes in 16 msecs (HTTP/1.1 200) 6 headers in 224 bytes (1 switches on core 0)
2026-07-24 18:52:04.504 6 INFO placement.requestlog [req-a90c180a-b8ec-40f1-94e0-dc571688d865 req-647fb2c1-9b51-45df-8fe4-7dab3ae60d1a bfc0f4d22a174911a2ccdd785ffcd2d9 b120e057dc5a4e889a9dfbc9f6c5fa31 - - 6eefae445d8e41c3b33d00d6dbde9230 6eefae445d8e41c3b33d00d6dbde9230] 199.19.213.107 "GET /allocations/39960308-ad2f-4923-9547-6d00d4fcd27e" status: 200 len: 258 microversion: 1.28 [pid: 6|app: 0|req: 630/1264] 199.19.213.107 () {34 vars in 862 bytes} [Fri Jul 24 18:52:04 2026] GET /allocations/39960308-ad2f-4923-9547-6d00d4fcd27e => generated 258 bytes in 31 msecs (HTTP/1.1 200) 8 headers in 296 bytes (1 switches on core 0)
