2026-07-24 18:37:21.029 6 INFO placement.requestlog [req-7b3fc1cb-751b-490a-89f9-d2cf6df46e84 req-2d20a04b-62b2-4786-be79-063a233f7a2a bfc0f4d22a174911a2ccdd785ffcd2d9 b120e057dc5a4e889a9dfbc9f6c5fa31 - - 6eefae445d8e41c3b33d00d6dbde9230 6eefae445d8e41c3b33d00d6dbde9230] 199.19.213.107 "GET /resource_providers?in_tree=4e576ab2-ce63-4154-afd4-41d9be59b592" status: 200 len: 797 microversion: 1.14 [pid: 6|app: 0|req: 291/581] 199.19.213.107 () {34 vars in 891 bytes} [Fri Jul 24 18:37:21 2026] GET /resource_providers?in_tree=4e576ab2-ce63-4154-afd4-41d9be59b592 => generated 797 bytes in 20 msecs (HTTP/1.1 200) 6 headers in 225 bytes (1 switches on core 0)
2026-07-24 18:37:21.047 7 INFO placement.requestlog [req-7b3fc1cb-751b-490a-89f9-d2cf6df46e84 req-9dcb90fb-be3a-4ae2-bb30-fec1c32af42f bfc0f4d22a174911a2ccdd785ffcd2d9 b120e057dc5a4e889a9dfbc9f6c5fa31 - - 6eefae445d8e41c3b33d00d6dbde9230 6eefae445d8e41c3b33d00d6dbde9230] 199.19.213.107 "GET /resource_providers/4e576ab2-ce63-4154-afd4-41d9be59b592/inventories" status: 200 len: 400 microversion: 1.0 [pid: 7|app: 0|req: 291/582] 199.19.213.107 () {32 vars in 856 bytes} [Fri Jul 24 18:37:21 2026] GET /resource_providers/4e576ab2-ce63-4154-afd4-41d9be59b592/inventories => generated 400 bytes in 13 msecs (HTTP/1.1 200) 6 headers in 224 bytes (1 switches on core 0)
2026-07-24 18:37:21.061 6 INFO placement.requestlog [req-7b3fc1cb-751b-490a-89f9-d2cf6df46e84 req-803e7c67-4192-4e47-9d48-d61477318028 bfc0f4d22a174911a2ccdd785ffcd2d9 b120e057dc5a4e889a9dfbc9f6c5fa31 - - 6eefae445d8e41c3b33d00d6dbde9230 6eefae445d8e41c3b33d00d6dbde9230] 199.19.213.107 "GET /resource_providers/4e576ab2-ce63-4154-afd4-41d9be59b592/aggregates" status: 200 len: 53 microversion: 1.19 [pid: 6|app: 0|req: 292/583] 199.19.213.107 () {34 vars in 898 bytes} [Fri Jul 24 18:37:21 2026] GET /resource_providers/4e576ab2-ce63-4154-afd4-41d9be59b592/aggregates => generated 53 bytes in 9 msecs (HTTP/1.1 200) 8 headers in 295 bytes (1 switches on core 0)
2026-07-24 18:37:21.095 7 INFO placement.requestlog [req-7b3fc1cb-751b-490a-89f9-d2cf6df46e84 req-e6a48653-d475-4d76-8b65-9df747ff8055 bfc0f4d22a174911a2ccdd785ffcd2d9 b120e057dc5a4e889a9dfbc9f6c5fa31 - - 6eefae445d8e41c3b33d00d6dbde9230 6eefae445d8e41c3b33d00d6dbde9230] 199.19.213.107 "GET /resource_providers/4e576ab2-ce63-4154-afd4-41d9be59b592/traits" status: 200 len: 1977 microversion: 1.6 [pid: 7|app: 0|req: 292/584] 199.19.213.107 () {34 vars in 889 bytes} [Fri Jul 24 18:37:21 2026] GET /resource_providers/4e576ab2-ce63-4154-afd4-41d9be59b592/traits => generated 1977 bytes in 27 msecs (HTTP/1.1 200) 6 headers in 225 bytes (1 switches on core 0)
2026-07-24 18:37:21.117 6 INFO placement.requestlog [req-7b3fc1cb-751b-490a-89f9-d2cf6df46e84 req-cede10e4-a7bf-46a6-9053-f297fa0fe6c0 bfc0f4d22a174911a2ccdd785ffcd2d9 b120e057dc5a4e889a9dfbc9f6c5fa31 - - 6eefae445d8e41c3b33d00d6dbde9230 6eefae445d8e41c3b33d00d6dbde9230] 199.19.213.107 "GET /resource_providers/4e576ab2-ce63-4154-afd4-41d9be59b592/allocations" status: 200 len: 54 microversion: 1.0 [pid: 6|app: 0|req: 293/585] 199.19.213.107 () {32 vars in 856 bytes} [Fri Jul 24 18:37:21 2026] GET /resource_providers/4e576ab2-ce63-4154-afd4-41d9be59b592/allocations => generated 54 bytes in 15 msecs (HTTP/1.1 200) 6 headers in 223 bytes (1 switches on core 0)
2026-07-24 18:37:27.055 7 INFO placement.requestlog [None req-663b3f24-db72-4cd5-a79e-975a52b96405 - - - - - -] 10.0.0.17 "GET /" status: 200 len: 136 microversion: 1.0
2026-07-24 18:37:27.056 6 INFO placement.requestlog [None req-4520a5c5-5637-4b2d-8a09-aceec2214b2d - - - - - -] 10.0.0.17 "GET /" status: 200 len: 136 microversion: 1.0
2026-07-24 18:37:37.054 7 INFO placement.requestlog [None req-786ca171-499d-4cf1-aacd-9f2af4cee5ac - - - - - -] 10.0.0.17 "GET /" status: 200 len: 136 microversion: 1.0
2026-07-24 18:37:37.055 6 INFO placement.requestlog [None req-c86b9dcc-4d03-4c7a-b3b5-0218aeb246a1 - - - - - -] 10.0.0.17 "GET /" status: 200 len: 136 microversion: 1.0
2026-07-24 18:37:47.054 7 INFO placement.requestlog [None req-c5f13019-6a09-4671-acf1-baead87140ee - - - - - -] 10.0.0.17 "GET /" status: 200 len: 136 microversion: 1.0
2026-07-24 18:37:47.055 6 INFO placement.requestlog [None req-06c7c612-c111-490f-bbc7-1ced11e3d904 - - - - - -] 10.0.0.17 "GET /" status: 200 len: 136 microversion: 1.0
2026-07-24 18:37:57.055 7 INFO placement.requestlog [None req-e3c13dad-8226-4f49-99c4-619691fbd487 - - - - - -] 10.0.0.17 "GET /" status: 200 len: 136 microversion: 1.0
2026-07-24 18:37:57.056 6 INFO placement.requestlog [None req-119f0fc3-2517-4cdf-ae61-c774ddfbe131 - - - - - -] 10.0.0.17 "GET /" status: 200 len: 136 microversion: 1.0
2026-07-24 18:38:07.054 6 INFO placement.requestlog [None req-6ac0fc46-c77f-4c03-878d-7c86671a0c1f - - - - - -] 10.0.0.17 "GET /" status: 200 len: 136 microversion: 1.0
2026-07-24 18:38:07.054 7 INFO placement.requestlog [None req-7cb86879-0ed0-4ce7-b3f6-08136212d5b5 - - - - - -] 10.0.0.17 "GET /" status: 200 len: 136 microversion: 1.0
2026-07-24 18:38:17.053 6 INFO placement.requestlog [None req-e90c519c-eb12-4b69-bf86-a74d0ac74b7c - - - - - -] 10.0.0.17 "GET /" status: 200 len: 136 microversion: 1.0
2026-07-24 18:38:17.054 7 INFO placement.requestlog [None req-97fdb705-c3bf-4ef8-8730-6c960eb74635 - - - - - -] 10.0.0.17 "GET /" status: 200 len: 136 microversion: 1.0
2026-07-24 18:38:21.906 6 INFO placement.requestlog [req-12c5dedf-d887-4539-8954-dd77e2346ee6 req-637ce4d5-102c-4dcf-8ae1-b8c0d5ba66e7 bfc0f4d22a174911a2ccdd785ffcd2d9 b120e057dc5a4e889a9dfbc9f6c5fa31 - - 6eefae445d8e41c3b33d00d6dbde9230 6eefae445d8e41c3b33d00d6dbde9230] 199.19.213.107 "GET /resource_providers/4e576ab2-ce63-4154-afd4-41d9be59b592/allocations" status: 200 len: 54 microversion: 1.0 [pid: 6|app: 0|req: 300/598] 199.19.213.107 () {32 vars in 856 bytes} [Fri Jul 24 18:38:21 2026] GET /resource_providers/4e576ab2-ce63-4154-afd4-41d9be59b592/allocations => generated 54 bytes in 16 msecs (HTTP/1.1 200) 6 headers in 223 bytes (1 switches on core 0)
2026-07-24 18:38:21.930 7 INFO placement.requestlog [req-12c5dedf-d887-4539-8954-dd77e2346ee6 req-a0c2d18c-7b74-401b-b482-e0e9e9fdafe3 bfc0f4d22a174911a2ccdd785ffcd2d9 b120e057dc5a4e889a9dfbc9f6c5fa31 - - 6eefae445d8e41c3b33d00d6dbde9230 6eefae445d8e41c3b33d00d6dbde9230] 199.19.213.107 "GET /resource_providers/4e576ab2-ce63-4154-afd4-41d9be59b592/allocations" status: 200 len: 54 microversion: 1.0 [pid: 7|app: 0|req: 299/599] 199.19.213.107 () {32 vars in 856 bytes} [Fri Jul 24 18:38:21 2026] GET /resource_providers/4e576ab2-ce63-4154-afd4-41d9be59b592/allocations => generated 54 bytes in 15 msecs (HTTP/1.1 200) 6 headers in 223 bytes (1 switches on core 0)
2026-07-24 18:38:27.054 6 INFO placement.requestlog [None req-b91229df-e068-42fc-a664-4a129979cf29 - - - - - -] 10.0.0.17 "GET /" status: 200 len: 136 microversion: 1.0
2026-07-24 18:38:27.055 7 INFO placement.requestlog [None req-0a8ce13d-9a14-46e1-bcef-d22e3630bfa6 - - - - - -] 10.0.0.17 "GET /" status: 200 len: 136 microversion: 1.0
2026-07-24 18:38:37.055 7 INFO placement.requestlog [None req-6aa18824-03e7-4b0b-a757-6acd017ae6d1 - - - - - -] 10.0.0.17 "GET /" status: 200 len: 136 microversion: 1.0
2026-07-24 18:38:37.055 6 INFO placement.requestlog [None req-5fad7fea-df6f-4e81-bf70-df5a913017d1 - - - - - -] 10.0.0.17 "GET /" status: 200 len: 136 microversion: 1.0
2026-07-24 18:38:47.054 6 INFO placement.requestlog [None req-7b676136-ca45-4a30-a12a-0d13179852ff - - - - - -] 10.0.0.17 "GET /" status: 200 len: 136 microversion: 1.0
2026-07-24 18:38:47.054 7 INFO placement.requestlog [None req-d08ab848-f40a-4f4f-a1be-eb0fa836e309 - - - - - -] 10.0.0.17 "GET /" status: 200 len: 136 microversion: 1.0
2026-07-24 18:38:57.055 7 INFO placement.requestlog [None req-504b69ea-8992-4d42-ad44-7130390ca2f3 - - - - - -] 10.0.0.17 "GET /" status: 200 len: 136 microversion: 1.0
2026-07-24 18:38:57.055 6 INFO placement.requestlog [None req-97d8d08c-fde4-4d16-a0b3-2af010be1a20 - - - - - -] 10.0.0.17 "GET /" status: 200 len: 136 microversion: 1.0
2026-07-24 18:39:07.055 6 INFO placement.requestlog [None req-d4215f38-9e9d-4dff-8056-0da08fbd1d8b - - - - - -] 10.0.0.17 "GET /" status: 200 len: 136 microversion: 1.0
2026-07-24 18:39:07.055 7 INFO placement.requestlog [None req-0b694da2-c89b-46f7-87f1-dff9eaf54cad - - - - - -] 10.0.0.17 "GET /" status: 200 len: 136 microversion: 1.0
2026-07-24 18:39:17.054 7 INFO placement.requestlog [None req-07914f5b-c914-4722-ac5f-ec224cf4db89 - - - - - -] 10.0.0.17 "GET /" status: 200 len: 136 microversion: 1.0
2026-07-24 18:39:17.054 6 INFO placement.requestlog [None req-200005c5-5638-4eeb-96d9-53ac3a629871 - - - - - -] 10.0.0.17 "GET /" status: 200 len: 136 microversion: 1.0
2026-07-24 18:39:21.926 7 INFO placement.requestlog [req-f46f7ada-fbac-4074-8fc8-c21bd402d9a2 req-cf78a4ae-7fc7-4ce7-9599-1b8faa1fb497 bfc0f4d22a174911a2ccdd785ffcd2d9 b120e057dc5a4e889a9dfbc9f6c5fa31 - - 6eefae445d8e41c3b33d00d6dbde9230 6eefae445d8e41c3b33d00d6dbde9230] 199.19.213.107 "GET /resource_providers/4e576ab2-ce63-4154-afd4-41d9be59b592/allocations" status: 200 len: 54 microversion: 1.0 [pid: 7|app: 0|req: 306/612] 199.19.213.107 () {32 vars in 856 bytes} [Fri Jul 24 18:39:21 2026] GET /resource_providers/4e576ab2-ce63-4154-afd4-41d9be59b592/allocations => generated 54 bytes in 18 msecs (HTTP/1.1 200) 6 headers in 223 bytes (1 switches on core 0)
2026-07-24 18:39:21.949 6 INFO placement.requestlog [req-f46f7ada-fbac-4074-8fc8-c21bd402d9a2 req-f0f49b57-bcd4-4377-916f-ca0f05458d37 bfc0f4d22a174911a2ccdd785ffcd2d9 b120e057dc5a4e889a9dfbc9f6c5fa31 - - 6eefae445d8e41c3b33d00d6dbde9230 6eefae445d8e41c3b33d00d6dbde9230] 199.19.213.107 "GET /resource_providers/4e576ab2-ce63-4154-afd4-41d9be59b592/allocations" status: 200 len: 54 microversion: 1.0 [pid: 6|app: 0|req: 307/613] 199.19.213.107 () {32 vars in 856 bytes} [Fri Jul 24 18:39:21 2026] GET /resource_providers/4e576ab2-ce63-4154-afd4-41d9be59b592/allocations => generated 54 bytes in 17 msecs (HTTP/1.1 200) 6 headers in 223 bytes (1 switches on core 0)
2026-07-24 18:39:27.055 7 INFO placement.requestlog [None req-ca3c110d-b679-4a04-8159-2dc59efe9cda - - - - - -] 10.0.0.17 "GET /" status: 200 len: 136 microversion: 1.0
2026-07-24 18:39:27.055 6 INFO placement.requestlog [None req-366ae2d2-3142-493e-9cde-a10d23710031 - - - - - -] 10.0.0.17 "GET /" status: 200 len: 136 microversion: 1.0
2026-07-24 18:39:37.054 7 INFO placement.requestlog [None req-f0d7b5d7-f4a8-47b1-a22b-058819d3abd3 - - - - - -] 10.0.0.17 "GET /" status: 200 len: 136 microversion: 1.0
2026-07-24 18:39:37.055 6 INFO placement.requestlog [None req-2d9ad666-dbd3-4638-9a6d-7fe53114c948 - - - - - -] 10.0.0.17 "GET /" status: 200 len: 136 microversion: 1.0
2026-07-24 18:39:47.055 6 INFO placement.requestlog [None req-c77b8d8a-1915-4f62-93db-c963c928209c - - - - - -] 10.0.0.17 "GET /" status: 200 len: 136 microversion: 1.0
2026-07-24 18:39:47.055 7 INFO placement.requestlog [None req-1e267c2f-8e3a-42ae-a0d1-aab1bb923635 - - - - - -] 10.0.0.17 "GET /" status: 200 len: 136 microversion: 1.0
2026-07-24 18:39:57.054 6 INFO placement.requestlog [None req-692dfc60-dc78-476b-a9c8-0fc507251bf3 - - - - - -] 10.0.0.17 "GET /" status: 200 len: 136 microversion: 1.0
2026-07-24 18:39:57.054 7 INFO placement.requestlog [None req-1e9e6e99-7432-4064-b076-043e57d207de - - - - - -] 10.0.0.17 "GET /" status: 200 len: 136 microversion: 1.0
2026-07-24 18:40:07.054 7 INFO placement.requestlog [None req-3e28c20c-f4e5-4ae5-8846-4bcafcd3ff90 - - - - - -] 10.0.0.17 "GET /" status: 200 len: 136 microversion: 1.0
2026-07-24 18:40:07.055 6 INFO placement.requestlog [None req-78d240a5-772d-440c-be4e-e2307cb6e59d - - - - - -] 10.0.0.17 "GET /" status: 200 len: 136 microversion: 1.0
2026-07-24 18:40:17.054 7 INFO placement.requestlog [None req-72a38533-a961-49a0-a969-d35bc3efcf4f - - - - - -] 10.0.0.17 "GET /" status: 200 len: 136 microversion: 1.0
2026-07-24 18:40:17.054 6 INFO placement.requestlog [None req-e5ba3197-07f7-4ea6-9892-af392cd4e892 - - - - - -] 10.0.0.17 "GET /" status: 200 len: 136 microversion: 1.0
2026-07-24 18:40:21.974 6 INFO placement.requestlog [req-95d9da4b-7be0-49e4-bb8d-29a2eff01637 req-466e8594-99f9-4b21-8b56-43af13027248 bfc0f4d22a174911a2ccdd785ffcd2d9 b120e057dc5a4e889a9dfbc9f6c5fa31 - - 6eefae445d8e41c3b33d00d6dbde9230 6eefae445d8e41c3b33d00d6dbde9230] 199.19.213.107 "GET /resource_providers/4e576ab2-ce63-4154-afd4-41d9be59b592/allocations" status: 200 len: 54 microversion: 1.0 [pid: 6|app: 0|req: 314/626] 199.19.213.107 () {32 vars in 856 bytes} [Fri Jul 24 18:40:21 2026] GET /resource_providers/4e576ab2-ce63-4154-afd4-41d9be59b592/allocations => generated 54 bytes in 21 msecs (HTTP/1.1 200) 6 headers in 223 bytes (1 switches on core 0)
2026-07-24 18:40:21.995 7 INFO placement.requestlog [req-95d9da4b-7be0-49e4-bb8d-29a2eff01637 req-326862b3-b494-41a9-add4-cb388a6840a6 bfc0f4d22a174911a2ccdd785ffcd2d9 b120e057dc5a4e889a9dfbc9f6c5fa31 - - 6eefae445d8e41c3b33d00d6dbde9230 6eefae445d8e41c3b33d00d6dbde9230] 199.19.213.107 "GET /resource_providers/4e576ab2-ce63-4154-afd4-41d9be59b592/allocations" status: 200 len: 54 microversion: 1.0 [pid: 7|app: 0|req: 313/627] 199.19.213.107 () {32 vars in 856 bytes} [Fri Jul 24 18:40:21 2026] GET /resource_providers/4e576ab2-ce63-4154-afd4-41d9be59b592/allocations => generated 54 bytes in 15 msecs (HTTP/1.1 200) 6 headers in 223 bytes (1 switches on core 0)
2026-07-24 18:40:27.054 6 INFO placement.requestlog [None req-29096dad-ec16-4cac-9b3a-0dd25b8ab5d8 - - - - - -] 10.0.0.17 "GET /" status: 200 len: 136 microversion: 1.0
2026-07-24 18:40:27.054 7 INFO placement.requestlog [None req-1f114d8a-682e-48bd-a483-7dc10260101f - - - - - -] 10.0.0.17 "GET /" status: 200 len: 136 microversion: 1.0
2026-07-24 18:40:37.055 6 INFO placement.requestlog [None req-9b67e3d3-9543-4af3-9ccf-9cf026c7e53a - - - - - -] 10.0.0.17 "GET /" status: 200 len: 136 microversion: 1.0
2026-07-24 18:40:37.056 7 INFO placement.requestlog [None req-a185f63e-33d7-402d-b5d3-586ee5969c8f - - - - - -] 10.0.0.17 "GET /" status: 200 len: 136 microversion: 1.0
2026-07-24 18:40:47.054 7 INFO placement.requestlog [None req-af0e17f5-ca7b-4d63-b98e-e56c4f790471 - - - - - -] 10.0.0.17 "GET /" status: 200 len: 136 microversion: 1.0
2026-07-24 18:40:47.054 6 INFO placement.requestlog [None req-9bd80fb3-337d-4479-b69b-a36b1e76fbb0 - - - - - -] 10.0.0.17 "GET /" status: 200 len: 136 microversion: 1.0
2026-07-24 18:40:57.054 7 INFO placement.requestlog [None req-8d94c158-f0f9-45ab-b4d8-0e50e34d289b - - - - - -] 10.0.0.17 "GET /" status: 200 len: 136 microversion: 1.0
2026-07-24 18:40:57.054 6 INFO placement.requestlog [None req-2e83b70a-dd04-4c1a-9097-cbfb80d2e525 - - - - - -] 10.0.0.17 "GET /" status: 200 len: 136 microversion: 1.0
2026-07-24 18:41:07.054 7 INFO placement.requestlog [None req-5739ed00-f575-40a3-b793-a3de09e65623 - - - - - -] 10.0.0.17 "GET /" status: 200 len: 136 microversion: 1.0
2026-07-24 18:41:07.056 6 INFO placement.requestlog [None req-f35efbcf-18e9-4a2d-8021-f7f7450ae171 - - - - - -] 10.0.0.17 "GET /" status: 200 len: 136 microversion: 1.0
2026-07-24 18:41:17.054 6 INFO placement.requestlog [None req-3b77685e-9b0d-4c79-a2fc-d5460a6d4587 - - - - - -] 10.0.0.17 "GET /" status: 200 len: 136 microversion: 1.0
2026-07-24 18:41:17.055 7 INFO placement.requestlog [None req-31da9e5f-717f-46c9-91e7-ceabd918f3f9 - - - - - -] 10.0.0.17 "GET /" status: 200 len: 136 microversion: 1.0
2026-07-24 18:41:23.012 6 INFO placement.requestlog [req-6a1157f8-c198-4ce2-855c-9d36ccc7edfe req-8411ea94-fe8c-4f1d-a3b7-19710ebd94dd bfc0f4d22a174911a2ccdd785ffcd2d9 b120e057dc5a4e889a9dfbc9f6c5fa31 - - 6eefae445d8e41c3b33d00d6dbde9230 6eefae445d8e41c3b33d00d6dbde9230] 199.19.213.107 "GET /resource_providers/4e576ab2-ce63-4154-afd4-41d9be59b592/allocations" status: 200 len: 54 microversion: 1.0 [pid: 6|app: 0|req: 321/640] 199.19.213.107 () {32 vars in 856 bytes} [Fri Jul 24 18:41:22 2026] GET /resource_providers/4e576ab2-ce63-4154-afd4-41d9be59b592/allocations => generated 54 bytes in 14 msecs (HTTP/1.1 200) 6 headers in 223 bytes (1 switches on core 0)
2026-07-24 18:41:23.033 7 INFO placement.requestlog [req-6a1157f8-c198-4ce2-855c-9d36ccc7edfe req-1d4b06ba-7222-4aab-a9d6-84bd3ebc2bb6 bfc0f4d22a174911a2ccdd785ffcd2d9 b120e057dc5a4e889a9dfbc9f6c5fa31 - - 6eefae445d8e41c3b33d00d6dbde9230 6eefae445d8e41c3b33d00d6dbde9230] 199.19.213.107 "GET /resource_providers/4e576ab2-ce63-4154-afd4-41d9be59b592/allocations" status: 200 len: 54 microversion: 1.0 [pid: 7|app: 0|req: 320/641] 199.19.213.107 () {32 vars in 856 bytes} [Fri Jul 24 18:41:23 2026] GET /resource_providers/4e576ab2-ce63-4154-afd4-41d9be59b592/allocations => generated 54 bytes in 15 msecs (HTTP/1.1 200) 6 headers in 223 bytes (1 switches on core 0)
2026-07-24 18:41:27.057 6 INFO placement.requestlog [None req-db6ef7f4-dc29-414d-8032-c333387312fc - - - - - -] 10.0.0.17 "GET /" status: 200 len: 136 microversion: 1.0
2026-07-24 18:41:27.057 7 INFO placement.requestlog [None req-c27b8248-1788-451f-b9f3-af711e03ce4e - - - - - -] 10.0.0.17 "GET /" status: 200 len: 136 microversion: 1.0
2026-07-24 18:41:37.055 7 INFO placement.requestlog [None req-ecd7e724-1133-4c64-9ae2-88393f052336 - - - - - -] 10.0.0.17 "GET /" status: 200 len: 136 microversion: 1.0
2026-07-24 18:41:37.055 6 INFO placement.requestlog [None req-29d19826-60fc-483f-8f75-db23e5e11762 - - - - - -] 10.0.0.17 "GET /" status: 200 len: 136 microversion: 1.0
2026-07-24 18:41:47.054 7 INFO placement.requestlog [None req-284389f1-efc9-472e-945f-e121e02b01b0 - - - - - -] 10.0.0.17 "GET /" status: 200 len: 136 microversion: 1.0
2026-07-24 18:41:47.054 6 INFO placement.requestlog [None req-5fa54de9-5e87-4001-85b1-9950481a610a - - - - - -] 10.0.0.17 "GET /" status: 200 len: 136 microversion: 1.0
2026-07-24 18:41:51.428 7 INFO placement.requestlog [req-f6b9f5dc-7d66-472a-8357-1dbacc8bfcf9 req-61a3a8e4-6ea1-467c-88da-1cd7ae2d11e3 bfc0f4d22a174911a2ccdd785ffcd2d9 b120e057dc5a4e889a9dfbc9f6c5fa31 - - 6eefae445d8e41c3b33d00d6dbde9230 6eefae445d8e41c3b33d00d6dbde9230] 10.0.0.19 "GET /allocation_candidates?limit=1000&resources=DISK_GB%3A1%2CMEMORY_MB%3A512%2CVCPU%3A1&root_required=%21COMPUTE_STATUS_DISABLED" status: 200 len: 2442 microversion: 1.36 [pid: 7|app: 0|req: 324/648] 10.0.0.19 () {34 vars in 1010 bytes} [Fri Jul 24 18:41:51 2026] GET /allocation_candidates?limit=1000&resources=DISK_GB%3A1%2CMEMORY_MB%3A512%2CVCPU%3A1&root_required=%21COMPUTE_STATUS_DISABLED => generated 2442 bytes in 140 msecs (HTTP/1.1 200) 8 headers in 297 bytes (1 switches on core 0)
2026-07-24 18:41:51.461 6 INFO placement.requestlog [req-f6b9f5dc-7d66-472a-8357-1dbacc8bfcf9 req-51c60625-2c18-4d58-914a-10808c4af9d7 bfc0f4d22a174911a2ccdd785ffcd2d9 b120e057dc5a4e889a9dfbc9f6c5fa31 - - 6eefae445d8e41c3b33d00d6dbde9230 6eefae445d8e41c3b33d00d6dbde9230] 10.0.0.19 "GET /allocations/aee1520d-8f8d-4bdd-8440-d87906ed2671" status: 200 len: 19 microversion: 1.28 [pid: 6|app: 0|req: 325/649] 10.0.0.19 () {34 vars in 859 bytes} [Fri Jul 24 18:41:51 2026] GET /allocations/aee1520d-8f8d-4bdd-8440-d87906ed2671 => generated 19 bytes in 12 msecs (HTTP/1.1 200) 8 headers in 295 bytes (1 switches on core 0)
2026-07-24 18:41:51.547 7 INFO placement.requestlog [req-f6b9f5dc-7d66-472a-8357-1dbacc8bfcf9 req-0e887f30-752c-429a-957e-acdb8f8fd55d bfc0f4d22a174911a2ccdd785ffcd2d9 b120e057dc5a4e889a9dfbc9f6c5fa31 - - 6eefae445d8e41c3b33d00d6dbde9230 6eefae445d8e41c3b33d00d6dbde9230] 10.0.0.19 "PUT /allocations/aee1520d-8f8d-4bdd-8440-d87906ed2671" status: 204 len: 0 microversion: 1.36 [pid: 7|app: 0|req: 325/650] 10.0.0.19 () {38 vars in 912 bytes} [Fri Jul 24 18:41:51 2026] PUT /allocations/aee1520d-8f8d-4bdd-8440-d87906ed2671 => generated 0 bytes in 79 msecs (HTTP/1.1 204) 5 headers in 199 bytes (1 switches on core 0)
2026-07-24 18:41:53.127 6 INFO placement.requestlog [req-f6b9f5dc-7d66-472a-8357-1dbacc8bfcf9 req-89c858ee-2984-4043-b336-3c99ec7c9464 bfc0f4d22a174911a2ccdd785ffcd2d9 b120e057dc5a4e889a9dfbc9f6c5fa31 - - 6eefae445d8e41c3b33d00d6dbde9230 6eefae445d8e41c3b33d00d6dbde9230] 199.19.213.107 "GET /allocations/aee1520d-8f8d-4bdd-8440-d87906ed2671" status: 200 len: 257 microversion: 1.28 [pid: 6|app: 0|req: 326/651] 199.19.213.107 () {34 vars in 862 bytes} [Fri Jul 24 18:41:53 2026] GET /allocations/aee1520d-8f8d-4bdd-8440-d87906ed2671 => generated 257 bytes in 14 msecs (HTTP/1.1 200) 8 headers in 296 bytes (1 switches on core 0)
2026-07-24 18:41:54.147 7 INFO placement.requestlog [req-3b46d074-eee8-4c53-bf5e-1af0f626075d req-887726c5-2d58-4931-8661-d51dae816c6d bfc0f4d22a174911a2ccdd785ffcd2d9 b120e057dc5a4e889a9dfbc9f6c5fa31 - - 6eefae445d8e41c3b33d00d6dbde9230 6eefae445d8e41c3b33d00d6dbde9230] 10.0.0.19 "GET /allocation_candidates?limit=1000&resources=DISK_GB%3A1%2CMEMORY_MB%3A512%2CVCPU%3A1&root_required=%21COMPUTE_STATUS_DISABLED" status: 200 len: 2444 microversion: 1.36 [pid: 7|app: 0|req: 326/652] 10.0.0.19 () {34 vars in 1010 bytes} [Fri Jul 24 18:41:54 2026] GET /allocation_candidates?limit=1000&resources=DISK_GB%3A1%2CMEMORY_MB%3A512%2CVCPU%3A1&root_required=%21COMPUTE_STATUS_DISABLED => generated 2444 bytes in 62 msecs (HTTP/1.1 200) 8 headers in 297 bytes (1 switches on core 0)
2026-07-24 18:41:54.179 6 INFO placement.requestlog [req-f6b9f5dc-7d66-472a-8357-1dbacc8bfcf9 req-93ef59a6-6f68-4425-825b-37f6542b5b9e bfc0f4d22a174911a2ccdd785ffcd2d9 b120e057dc5a4e889a9dfbc9f6c5fa31 - - 6eefae445d8e41c3b33d00d6dbde9230 6eefae445d8e41c3b33d00d6dbde9230] 199.19.213.107 "GET /resource_providers/4e576ab2-ce63-4154-afd4-41d9be59b592/allocations" status: 200 len: 152 microversion: 1.0 [pid: 6|app: 0|req: 327/653] 199.19.213.107 () {32 vars in 856 bytes} [Fri Jul 24 18:41:54 2026] GET /resource_providers/4e576ab2-ce63-4154-afd4-41d9be59b592/allocations => generated 152 bytes in 18 msecs (HTTP/1.1 200) 6 headers in 224 bytes (1 switches on core 0)
2026-07-24 18:41:54.194 7 INFO placement.requestlog [req-3b46d074-eee8-4c53-bf5e-1af0f626075d req-8127b145-5761-4669-b515-18243223849a bfc0f4d22a174911a2ccdd785ffcd2d9 b120e057dc5a4e889a9dfbc9f6c5fa31 - - 6eefae445d8e41c3b33d00d6dbde9230 6eefae445d8e41c3b33d00d6dbde9230] 10.0.0.19 "GET /allocations/f997c82e-d23b-4b55-adba-356e2262c08f" status: 200 len: 19 microversion: 1.28 [pid: 7|app: 0|req: 327/654] 10.0.0.19 () {34 vars in 859 bytes} [Fri Jul 24 18:41:54 2026] GET /allocations/f997c82e-d23b-4b55-adba-356e2262c08f => generated 19 bytes in 21 msecs (HTTP/1.1 200) 8 headers in 295 bytes (1 switches on core 0)
2026-07-24 18:41:54.204 6 INFO placement.requestlog [req-f6b9f5dc-7d66-472a-8357-1dbacc8bfcf9 req-b598b008-7a46-4134-aefc-c5920cbf1f4f bfc0f4d22a174911a2ccdd785ffcd2d9 b120e057dc5a4e889a9dfbc9f6c5fa31 - - 6eefae445d8e41c3b33d00d6dbde9230 6eefae445d8e41c3b33d00d6dbde9230] 199.19.213.107 "GET /allocations/aee1520d-8f8d-4bdd-8440-d87906ed2671" status: 200 len: 257 microversion: 1.28 [pid: 6|app: 0|req: 328/655] 199.19.213.107 () {34 vars in 862 bytes} [Fri Jul 24 18:41:54 2026] GET /allocations/aee1520d-8f8d-4bdd-8440-d87906ed2671 => generated 257 bytes in 16 msecs (HTTP/1.1 200) 8 headers in 296 bytes (1 switches on core 0)
2026-07-24 18:41:54.265 7 INFO placement.requestlog [req-3b46d074-eee8-4c53-bf5e-1af0f626075d req-417d5ee0-14e2-4317-a0e4-35452ff0d922 bfc0f4d22a174911a2ccdd785ffcd2d9 b120e057dc5a4e889a9dfbc9f6c5fa31 - - 6eefae445d8e41c3b33d00d6dbde9230 6eefae445d8e41c3b33d00d6dbde9230] 10.0.0.19 "PUT /allocations/f997c82e-d23b-4b55-adba-356e2262c08f" status: 204 len: 0 microversion: 1.36 [pid: 7|app: 0|req: 328/656] 10.0.0.19 () {38 vars in 912 bytes} [Fri Jul 24 18:41:54 2026] PUT /allocations/f997c82e-d23b-4b55-adba-356e2262c08f => generated 0 bytes in 66 msecs (HTTP/1.1 204) 5 headers in 199 bytes (1 switches on core 0)
2026-07-24 18:41:55.743 6 INFO placement.requestlog [req-3b46d074-eee8-4c53-bf5e-1af0f626075d req-efbdeddd-fd6b-4e1d-b03c-6f3195f16028 bfc0f4d22a174911a2ccdd785ffcd2d9 b120e057dc5a4e889a9dfbc9f6c5fa31 - - 6eefae445d8e41c3b33d00d6dbde9230 6eefae445d8e41c3b33d00d6dbde9230] 199.19.213.107 "GET /allocations/f997c82e-d23b-4b55-adba-356e2262c08f" status: 200 len: 257 microversion: 1.28 [pid: 6|app: 0|req: 329/657] 199.19.213.107 () {34 vars in 862 bytes} [Fri Jul 24 18:41:55 2026] GET /allocations/f997c82e-d23b-4b55-adba-356e2262c08f => generated 257 bytes in 18 msecs (HTTP/1.1 200) 8 headers in 296 bytes (1 switches on core 0)
2026-07-24 18:41:56.787 7 INFO placement.requestlog [req-3b46d074-eee8-4c53-bf5e-1af0f626075d req-b96cd67d-f9ec-4764-b486-6705ad7388d0 bfc0f4d22a174911a2ccdd785ffcd2d9 b120e057dc5a4e889a9dfbc9f6c5fa31 - - 6eefae445d8e41c3b33d00d6dbde9230 6eefae445d8e41c3b33d00d6dbde9230] 199.19.213.107 "GET /resource_providers/4e576ab2-ce63-4154-afd4-41d9be59b592/allocations" status: 200 len: 252 microversion: 1.0 [pid: 7|app: 0|req: 329/658] 199.19.213.107 () {32 vars in 856 bytes} [Fri Jul 24 18:41:56 2026] GET /resource_providers/4e576ab2-ce63-4154-afd4-41d9be59b592/allocations => generated 252 bytes in 19 msecs (HTTP/1.1 200) 6 headers in 224 bytes (1 switches on core 0)
2026-07-24 18:41:56.818 6 INFO placement.requestlog [req-3b46d074-eee8-4c53-bf5e-1af0f626075d req-32629057-ba81-4ed8-ae81-5395462146c7 bfc0f4d22a174911a2ccdd785ffcd2d9 b120e057dc5a4e889a9dfbc9f6c5fa31 - - 6eefae445d8e41c3b33d00d6dbde9230 6eefae445d8e41c3b33d00d6dbde9230] 199.19.213.107 "GET /allocations/f997c82e-d23b-4b55-adba-356e2262c08f" status: 200 len: 257 microversion: 1.28 [pid: 6|app: 0|req: 330/659] 199.19.213.107 () {34 vars in 862 bytes} [Fri Jul 24 18:41:56 2026] GET /allocations/f997c82e-d23b-4b55-adba-356e2262c08f => generated 257 bytes in 20 msecs (HTTP/1.1 200) 8 headers in 296 bytes (1 switches on core 0)
2026-07-24 18:41:56.854 7 INFO placement.requestlog [req-3b46d074-eee8-4c53-bf5e-1af0f626075d req-2c7274f9-05d4-46b7-9ebb-50a6fd98d57f bfc0f4d22a174911a2ccdd785ffcd2d9 b120e057dc5a4e889a9dfbc9f6c5fa31 - - 6eefae445d8e41c3b33d00d6dbde9230 6eefae445d8e41c3b33d00d6dbde9230] 199.19.213.107 "GET /allocations/aee1520d-8f8d-4bdd-8440-d87906ed2671" status: 200 len: 257 microversion: 1.28 [pid: 7|app: 0|req: 330/660] 199.19.213.107 () {34 vars in 862 bytes} [Fri Jul 24 18:41:56 2026] GET /allocations/aee1520d-8f8d-4bdd-8440-d87906ed2671 => generated 257 bytes in 27 msecs (HTTP/1.1 200) 8 headers in 296 bytes (1 switches on core 0)
2026-07-24 18:41:57.055 7 INFO placement.requestlog [None req-a8083ad6-f262-4bf6-affb-da6b1d62d6df - - - - - -] 10.0.0.17 "GET /" status: 200 len: 136 microversion: 1.0
2026-07-24 18:41:57.055 6 INFO placement.requestlog [None req-910f177f-86a4-4f15-b660-5cd1967c6649 - - - - - -] 10.0.0.17 "GET /" status: 200 len: 136 microversion: 1.0
2026-07-24 18:41:57.323 7 INFO placement.requestlog [None req-06814ef1-9372-42b6-8db8-3cf5053032e3 72b74fc2c2e64fa4a327d92d04203c6b b120e057dc5a4e889a9dfbc9f6c5fa31 - - 6eefae445d8e41c3b33d00d6dbde9230 6eefae445d8e41c3b33d00d6dbde9230] 10.0.0.119 "GET /resource_providers/21069a98-1041-4b12-ab0d-5f003a5ade2a/aggregates" status: 404 len: 235 microversion: 1.1 [pid: 7|app: 0|req: 332/663] 10.0.0.119 () {32 vars in 815 bytes} [Fri Jul 24 18:41:57 2026] GET /resource_providers/21069a98-1041-4b12-ab0d-5f003a5ade2a/aggregates => generated 235 bytes in 109 msecs (HTTP/1.1 404) 5 headers in 202 bytes (1 switches on core 0)
2026-07-24 18:41:57.340 7 INFO placement.requestlog [None req-ab91137b-f7af-476c-aec3-396a15bfafcc 72b74fc2c2e64fa4a327d92d04203c6b b120e057dc5a4e889a9dfbc9f6c5fa31 - - 6eefae445d8e41c3b33d00d6dbde9230 6eefae445d8e41c3b33d00d6dbde9230] 10.0.0.119 "DELETE /resource_providers/21069a98-1041-4b12-ab0d-5f003a5ade2a" status: 404 len: 246 microversion: 1.1 [pid: 7|app: 0|req: 333/664] 10.0.0.119 () {34 vars in 815 bytes} [Fri Jul 24 18:41:57 2026] DELETE /resource_providers/21069a98-1041-4b12-ab0d-5f003a5ade2a => generated 246 bytes in 10 msecs (HTTP/1.1 404) 6 headers in 231 bytes (1 switches on core 0)
2026-07-24 18:41:57.356 6 INFO placement.requestlog [None req-e8871f58-90bd-42f5-aaac-577194f62cc1 72b74fc2c2e64fa4a327d92d04203c6b b120e057dc5a4e889a9dfbc9f6c5fa31 - - 6eefae445d8e41c3b33d00d6dbde9230 6eefae445d8e41c3b33d00d6dbde9230] 10.0.0.119 "GET /resource_providers/21069a98-1041-4b12-ab0d-5f003a5ade2a/aggregates" status: 404 len: 235 microversion: 1.1 [pid: 6|app: 0|req: 332/665] 10.0.0.119 () {32 vars in 815 bytes} [Fri Jul 24 18:41:57 2026] GET /resource_providers/21069a98-1041-4b12-ab0d-5f003a5ade2a/aggregates => generated 235 bytes in 115 msecs (HTTP/1.1 404) 5 headers in 202 bytes (1 switches on core 0)
2026-07-24 18:41:57.378 7 INFO placement.requestlog [None req-6e9c6b36-398d-4586-b998-88a8c0b09aa7 72b74fc2c2e64fa4a327d92d04203c6b b120e057dc5a4e889a9dfbc9f6c5fa31 - - 6eefae445d8e41c3b33d00d6dbde9230 6eefae445d8e41c3b33d00d6dbde9230] 10.0.0.119 "DELETE /resource_providers/21069a98-1041-4b12-ab0d-5f003a5ade2a" status: 404 len: 246 microversion: 1.1 [pid: 7|app: 0|req: 334/666] 10.0.0.119 () {34 vars in 815 bytes} [Fri Jul 24 18:41:57 2026] DELETE /resource_providers/21069a98-1041-4b12-ab0d-5f003a5ade2a => generated 246 bytes in 9 msecs (HTTP/1.1 404) 6 headers in 231 bytes (1 switches on core 0)
2026-07-24 18:41:59.690 6 INFO placement.requestlog [None req-5b5ef457-d9fd-4b90-a472-d79b590983ac 72b74fc2c2e64fa4a327d92d04203c6b b120e057dc5a4e889a9dfbc9f6c5fa31 - - 6eefae445d8e41c3b33d00d6dbde9230 6eefae445d8e41c3b33d00d6dbde9230] 10.0.0.119 "GET /resource_providers/f7066e22-0deb-4214-8e55-bf44d192e85a/aggregates" status: 404 len: 235 microversion: 1.1 [pid: 6|app: 0|req: 333/667] 10.0.0.119 () {32 vars in 815 bytes} [Fri Jul 24 18:41:59 2026] GET /resource_providers/f7066e22-0deb-4214-8e55-bf44d192e85a/aggregates => generated 235 bytes in 15 msecs (HTTP/1.1 404) 5 headers in 202 bytes (1 switches on core 0)
2026-07-24 18:41:59.703 7 INFO placement.requestlog [None req-db7c9c6d-83b0-4fc3-8b4d-ff9790a10ba3 72b74fc2c2e64fa4a327d92d04203c6b b120e057dc5a4e889a9dfbc9f6c5fa31 - - 6eefae445d8e41c3b33d00d6dbde9230 6eefae445d8e41c3b33d00d6dbde9230] 10.0.0.119 "GET /resource_providers/f7066e22-0deb-4214-8e55-bf44d192e85a/aggregates" status: 404 len: 235 microversion: 1.1 [pid: 7|app: 0|req: 335/668] 10.0.0.119 () {32 vars in 815 bytes} [Fri Jul 24 18:41:59 2026] GET /resource_providers/f7066e22-0deb-4214-8e55-bf44d192e85a/aggregates => generated 235 bytes in 20 msecs (HTTP/1.1 404) 5 headers in 202 bytes (1 switches on core 0)
2026-07-24 18:41:59.712 6 INFO placement.requestlog [None req-171f8431-4002-430e-b593-2042a1b2b464 72b74fc2c2e64fa4a327d92d04203c6b b120e057dc5a4e889a9dfbc9f6c5fa31 - - 6eefae445d8e41c3b33d00d6dbde9230 6eefae445d8e41c3b33d00d6dbde9230] 10.0.0.119 "DELETE /resource_providers/f7066e22-0deb-4214-8e55-bf44d192e85a" status: 404 len: 246 microversion: 1.1 [pid: 6|app: 0|req: 334/669] 10.0.0.119 () {34 vars in 815 bytes} [Fri Jul 24 18:41:59 2026] DELETE /resource_providers/f7066e22-0deb-4214-8e55-bf44d192e85a => generated 246 bytes in 10 msecs (HTTP/1.1 404) 6 headers in 231 bytes (1 switches on core 0)
2026-07-24 18:41:59.731 7 INFO placement.requestlog [None req-5cfa2af3-c3fe-45af-a2e8-3d8faa535f27 72b74fc2c2e64fa4a327d92d04203c6b b120e057dc5a4e889a9dfbc9f6c5fa31 - - 6eefae445d8e41c3b33d00d6dbde9230 6eefae445d8e41c3b33d00d6dbde9230] 10.0.0.119 "DELETE /resource_providers/f7066e22-0deb-4214-8e55-bf44d192e85a" status: 404 len: 246 microversion: 1.1 [pid: 7|app: 0|req: 336/670] 10.0.0.119 () {34 vars in 815 bytes} [Fri Jul 24 18:41:59 2026] DELETE /resource_providers/f7066e22-0deb-4214-8e55-bf44d192e85a => generated 246 bytes in 14 msecs (HTTP/1.1 404) 6 headers in 231 bytes (1 switches on core 0)
2026-07-24 18:42:07.054 6 INFO placement.requestlog [None req-72457d7c-6120-458a-a295-d983c5a572b9 - - - - - -] 10.0.0.17 "GET /" status: 200 len: 136 microversion: 1.0
2026-07-24 18:42:07.054 7 INFO placement.requestlog [None req-834808e3-8843-4836-9fce-fa892cd1e702 - - - - - -] 10.0.0.17 "GET /" status: 200 len: 136 microversion: 1.0
2026-07-24 18:42:08.523 6 INFO placement.requestlog [None req-1789843c-6d37-47e3-8714-6e31a65ed972 72b74fc2c2e64fa4a327d92d04203c6b b120e057dc5a4e889a9dfbc9f6c5fa31 - - 6eefae445d8e41c3b33d00d6dbde9230 6eefae445d8e41c3b33d00d6dbde9230] 10.0.0.119 "GET /resource_providers/70bc50e2-4164-4d70-a5fd-fcb047d50e25/aggregates" status: 404 len: 235 microversion: 1.1 [pid: 6|app: 0|req: 336/673] 10.0.0.119 () {32 vars in 815 bytes} [Fri Jul 24 18:42:08 2026] GET /resource_providers/70bc50e2-4164-4d70-a5fd-fcb047d50e25/aggregates => generated 235 bytes in 121 msecs (HTTP/1.1 404) 5 headers in 202 bytes (1 switches on core 0)
2026-07-24 18:42:08.524 7 INFO placement.requestlog [None req-410e4440-1a19-448f-a41c-3e25ea048dfc 72b74fc2c2e64fa4a327d92d04203c6b b120e057dc5a4e889a9dfbc9f6c5fa31 - - 6eefae445d8e41c3b33d00d6dbde9230 6eefae445d8e41c3b33d00d6dbde9230] 10.0.0.119 "GET /resource_providers/70bc50e2-4164-4d70-a5fd-fcb047d50e25/aggregates" status: 404 len: 235 microversion: 1.1 [pid: 7|app: 0|req: 338/674] 10.0.0.119 () {32 vars in 815 bytes} [Fri Jul 24 18:42:08 2026] GET /resource_providers/70bc50e2-4164-4d70-a5fd-fcb047d50e25/aggregates => generated 235 bytes in 104 msecs (HTTP/1.1 404) 5 headers in 202 bytes (1 switches on core 0)
2026-07-24 18:42:08.560 6 INFO placement.requestlog [None req-2a8ebe65-b9d1-47d2-945e-bae8c5a619fd 72b74fc2c2e64fa4a327d92d04203c6b b120e057dc5a4e889a9dfbc9f6c5fa31 - - 6eefae445d8e41c3b33d00d6dbde9230 6eefae445d8e41c3b33d00d6dbde9230] 10.0.0.119 "DELETE /resource_providers/70bc50e2-4164-4d70-a5fd-fcb047d50e25" status: 404 len: 246 microversion: 1.1 [pid: 6|app: 0|req: 337/675] 10.0.0.119 () {34 vars in 815 bytes} [Fri Jul 24 18:42:08 2026] DELETE /resource_providers/70bc50e2-4164-4d70-a5fd-fcb047d50e25 => generated 246 bytes in 12 msecs (HTTP/1.1 404) 6 headers in 231 bytes (1 switches on core 0)
2026-07-24 18:42:08.561 7 INFO placement.requestlog [None req-66d1c675-8164-47f5-82ef-704aba1988f7 72b74fc2c2e64fa4a327d92d04203c6b b120e057dc5a4e889a9dfbc9f6c5fa31 - - 6eefae445d8e41c3b33d00d6dbde9230 6eefae445d8e41c3b33d00d6dbde9230] 10.0.0.119 "DELETE /resource_providers/70bc50e2-4164-4d70-a5fd-fcb047d50e25" status: 404 len: 246 microversion: 1.1 [pid: 7|app: 0|req: 339/676] 10.0.0.119 () {34 vars in 815 bytes} [Fri Jul 24 18:42:08 2026] DELETE /resource_providers/70bc50e2-4164-4d70-a5fd-fcb047d50e25 => generated 246 bytes in 7 msecs (HTTP/1.1 404) 6 headers in 231 bytes (1 switches on core 0)
2026-07-24 18:42:10.595 6 INFO placement.requestlog [None req-203d2fba-3ddf-4fc5-82b8-ed380cdb2700 72b74fc2c2e64fa4a327d92d04203c6b b120e057dc5a4e889a9dfbc9f6c5fa31 - - 6eefae445d8e41c3b33d00d6dbde9230 6eefae445d8e41c3b33d00d6dbde9230] 10.0.0.119 "GET /resource_providers/167ab3db-112a-44f8-8fc9-60fce9916b43/aggregates" status: 404 len: 235 microversion: 1.1 [pid: 6|app: 0|req: 338/677] 10.0.0.119 () {32 vars in 815 bytes} [Fri Jul 24 18:42:10 2026] GET /resource_providers/167ab3db-112a-44f8-8fc9-60fce9916b43/aggregates => generated 235 bytes in 12 msecs (HTTP/1.1 404) 5 headers in 202 bytes (1 switches on core 0)
2026-07-24 18:42:10.597 7 INFO placement.requestlog [None req-5cf569ca-4906-4882-af09-5622b8ff1c32 72b74fc2c2e64fa4a327d92d04203c6b b120e057dc5a4e889a9dfbc9f6c5fa31 - - 6eefae445d8e41c3b33d00d6dbde9230 6eefae445d8e41c3b33d00d6dbde9230] 10.0.0.119 "GET /resource_providers/167ab3db-112a-44f8-8fc9-60fce9916b43/aggregates" status: 404 len: 235 microversion: 1.1 [pid: 7|app: 0|req: 340/678] 10.0.0.119 () {32 vars in 815 bytes} [Fri Jul 24 18:42:10 2026] GET /resource_providers/167ab3db-112a-44f8-8fc9-60fce9916b43/aggregates => generated 235 bytes in 13 msecs (HTTP/1.1 404) 5 headers in 202 bytes (1 switches on core 0)
2026-07-24 18:42:10.626 6 INFO placement.requestlog [None req-27d0ba29-0309-4da6-bf76-ea8a1e343b3f 72b74fc2c2e64fa4a327d92d04203c6b b120e057dc5a4e889a9dfbc9f6c5fa31 - - 6eefae445d8e41c3b33d00d6dbde9230 6eefae445d8e41c3b33d00d6dbde9230] 10.0.0.119 "DELETE /resource_providers/167ab3db-112a-44f8-8fc9-60fce9916b43" status: 404 len: 246 microversion: 1.1 [pid: 6|app: 0|req: 339/679] 10.0.0.119 () {34 vars in 815 bytes} [Fri Jul 24 18:42:10 2026] DELETE /resource_providers/167ab3db-112a-44f8-8fc9-60fce9916b43 => generated 246 bytes in 10 msecs (HTTP/1.1 404) 6 headers in 231 bytes (1 switches on core 0)
2026-07-24 18:42:10.635 7 INFO placement.requestlog [None req-37048b48-244b-4ed4-9f9f-0cdeb020b516 72b74fc2c2e64fa4a327d92d04203c6b b120e057dc5a4e889a9dfbc9f6c5fa31 - - 6eefae445d8e41c3b33d00d6dbde9230 6eefae445d8e41c3b33d00d6dbde9230] 10.0.0.119 "DELETE /resource_providers/167ab3db-112a-44f8-8fc9-60fce9916b43" status: 404 len: 246 microversion: 1.1 [pid: 7|app: 0|req: 341/680] 10.0.0.119 () {34 vars in 815 bytes} [Fri Jul 24 18:42:10 2026] DELETE /resource_providers/167ab3db-112a-44f8-8fc9-60fce9916b43 => generated 246 bytes in 18 msecs (HTTP/1.1 404) 6 headers in 231 bytes (1 switches on core 0)
2026-07-24 18:42:12.301 7 INFO placement.requestlog [None req-e0ab3c17-0451-4a1e-99ed-96ccff1266ce 72b74fc2c2e64fa4a327d92d04203c6b b120e057dc5a4e889a9dfbc9f6c5fa31 - - 6eefae445d8e41c3b33d00d6dbde9230 6eefae445d8e41c3b33d00d6dbde9230] 10.0.0.119 "GET /resource_providers/1bffdca1-9eda-489c-9ca4-ad42e078c714/aggregates" status: 404 len: 235 microversion: 1.1
2026-07-24 18:42:12.302 6 INFO placement.requestlog [None req-497bba8c-0d5f-418a-a3ec-283d982d18d9 72b74fc2c2e64fa4a327d92d04203c6b b120e057dc5a4e889a9dfbc9f6c5fa31 - - 6eefae445d8e41c3b33d00d6dbde9230 6eefae445d8e41c3b33d00d6dbde9230] 10.0.0.119 "GET /resource_providers/1bffdca1-9eda-489c-9ca4-ad42e078c714/aggregates" status: 404 len: 235 microversion: 1.1 [pid: 7|app: 0|req: 342/681] 10.0.0.119 () {32 vars in 815 bytes} [Fri Jul 24 18:42:12 2026] GET /resource_providers/1bffdca1-9eda-489c-9ca4-ad42e078c714/aggregates => generated 235 bytes in 8 msecs (HTTP/1.1 404) 5 headers in 202 bytes (1 switches on core 0) [pid: 6|app: 0|req: 340/682] 10.0.0.119 () {32 vars in 815 bytes} [Fri Jul 24 18:42:12 2026] GET /resource_providers/1bffdca1-9eda-489c-9ca4-ad42e078c714/aggregates => generated 235 bytes in 8 msecs (HTTP/1.1 404) 5 headers in 202 bytes (1 switches on core 0)
2026-07-24 18:42:12.325 7 INFO placement.requestlog [None req-1a6d2373-387c-4e8f-8a9f-cc35fdf206ea 72b74fc2c2e64fa4a327d92d04203c6b b120e057dc5a4e889a9dfbc9f6c5fa31 - - 6eefae445d8e41c3b33d00d6dbde9230 6eefae445d8e41c3b33d00d6dbde9230] 10.0.0.119 "DELETE /resource_providers/1bffdca1-9eda-489c-9ca4-ad42e078c714" status: 404 len: 246 microversion: 1.1 [pid: 7|app: 0|req: 343/683] 10.0.0.119 () {34 vars in 815 bytes} [Fri Jul 24 18:42:12 2026] DELETE /resource_providers/1bffdca1-9eda-489c-9ca4-ad42e078c714 => generated 246 bytes in 9 msecs (HTTP/1.1 404) 6 headers in 231 bytes (1 switches on core 0)
2026-07-24 18:42:12.328 6 INFO placement.requestlog [None req-1f4303f9-0a5a-4f79-9494-a492b2730557 72b74fc2c2e64fa4a327d92d04203c6b b120e057dc5a4e889a9dfbc9f6c5fa31 - - 6eefae445d8e41c3b33d00d6dbde9230 6eefae445d8e41c3b33d00d6dbde9230] 10.0.0.119 "DELETE /resource_providers/1bffdca1-9eda-489c-9ca4-ad42e078c714" status: 404 len: 246 microversion: 1.1 [pid: 6|app: 0|req: 341/684] 10.0.0.119 () {34 vars in 815 bytes} [Fri Jul 24 18:42:12 2026] DELETE /resource_providers/1bffdca1-9eda-489c-9ca4-ad42e078c714 => generated 246 bytes in 9 msecs (HTTP/1.1 404) 6 headers in 231 bytes (1 switches on core 0)
2026-07-24 18:42:17.054 7 INFO placement.requestlog [None req-ecdd3148-8b6d-4ff2-a6f5-b7fd61b6ca2e - - - - - -] 10.0.0.17 "GET /" status: 200 len: 136 microversion: 1.0
2026-07-24 18:42:17.056 6 INFO placement.requestlog [None req-a3ca38ad-e46a-4bd1-861b-7cf1b0ddf674 - - - - - -] 10.0.0.17 "GET /" status: 200 len: 136 microversion: 1.0
2026-07-24 18:42:19.681 6 INFO placement.requestlog [None req-c5711882-fec6-4394-9b3f-8d7679d4d1e7 72b74fc2c2e64fa4a327d92d04203c6b b120e057dc5a4e889a9dfbc9f6c5fa31 - - 6eefae445d8e41c3b33d00d6dbde9230 6eefae445d8e41c3b33d00d6dbde9230] 10.0.0.119 "GET /resource_providers/e4ba7010-be1f-415b-8aa7-de14052a5c4a/aggregates" status: 404 len: 235 microversion: 1.1 [pid: 6|app: 0|req: 343/687] 10.0.0.119 () {32 vars in 815 bytes} [Fri Jul 24 18:42:19 2026] GET /resource_providers/e4ba7010-be1f-415b-8aa7-de14052a5c4a/aggregates => generated 235 bytes in 10 msecs (HTTP/1.1 404) 5 headers in 202 bytes (1 switches on core 0)
2026-07-24 18:42:19.683 7 INFO placement.requestlog [None req-f4d3756c-e123-45cc-97ab-5f5e9051e53d 72b74fc2c2e64fa4a327d92d04203c6b b120e057dc5a4e889a9dfbc9f6c5fa31 - - 6eefae445d8e41c3b33d00d6dbde9230 6eefae445d8e41c3b33d00d6dbde9230] 10.0.0.119 "GET /resource_providers/e4ba7010-be1f-415b-8aa7-de14052a5c4a/aggregates" status: 404 len: 235 microversion: 1.1 [pid: 7|app: 0|req: 345/688] 10.0.0.119 () {32 vars in 815 bytes} [Fri Jul 24 18:42:19 2026] GET /resource_providers/e4ba7010-be1f-415b-8aa7-de14052a5c4a/aggregates => generated 235 bytes in 12 msecs (HTTP/1.1 404) 5 headers in 202 bytes (1 switches on core 0)
2026-07-24 18:42:19.711 6 INFO placement.requestlog [None req-3a7e46bb-b36a-43f2-901b-dfa8ee073f9e 72b74fc2c2e64fa4a327d92d04203c6b b120e057dc5a4e889a9dfbc9f6c5fa31 - - 6eefae445d8e41c3b33d00d6dbde9230 6eefae445d8e41c3b33d00d6dbde9230] 10.0.0.119 "DELETE /resource_providers/e4ba7010-be1f-415b-8aa7-de14052a5c4a" status: 404 len: 246 microversion: 1.1 [pid: 6|app: 0|req: 344/689] 10.0.0.119 () {34 vars in 815 bytes} [Fri Jul 24 18:42:19 2026] DELETE /resource_providers/e4ba7010-be1f-415b-8aa7-de14052a5c4a => generated 246 bytes in 9 msecs (HTTP/1.1 404) 6 headers in 231 bytes (1 switches on core 0)
2026-07-24 18:42:19.718 7 INFO placement.requestlog [None req-3f31b996-bd96-44c5-bba9-8b1738010c9b 72b74fc2c2e64fa4a327d92d04203c6b b120e057dc5a4e889a9dfbc9f6c5fa31 - - 6eefae445d8e41c3b33d00d6dbde9230 6eefae445d8e41c3b33d00d6dbde9230] 10.0.0.119 "DELETE /resource_providers/e4ba7010-be1f-415b-8aa7-de14052a5c4a" status: 404 len: 246 microversion: 1.1 [pid: 7|app: 0|req: 346/690] 10.0.0.119 () {34 vars in 815 bytes} [Fri Jul 24 18:42:19 2026] DELETE /resource_providers/e4ba7010-be1f-415b-8aa7-de14052a5c4a => generated 246 bytes in 11 msecs (HTTP/1.1 404) 6 headers in 231 bytes (1 switches on core 0)
2026-07-24 18:42:19.795 6 INFO placement.requestlog [req-8becf60f-19e2-4daf-ad73-f4b6122884c7 req-0867f5ad-d57e-4f85-81e5-10a7137750f1 bfc0f4d22a174911a2ccdd785ffcd2d9 b120e057dc5a4e889a9dfbc9f6c5fa31 - - 6eefae445d8e41c3b33d00d6dbde9230 6eefae445d8e41c3b33d00d6dbde9230] 199.19.213.107 "GET /resource_providers/4e576ab2-ce63-4154-afd4-41d9be59b592/allocations" status: 200 len: 252 microversion: 1.0 [pid: 6|app: 0|req: 345/691] 199.19.213.107 () {32 vars in 856 bytes} [Fri Jul 24 18:42:19 2026] GET /resource_providers/4e576ab2-ce63-4154-afd4-41d9be59b592/allocations => generated 252 bytes in 22 msecs (HTTP/1.1 200) 6 headers in 224 bytes (1 switches on core 0)
2026-07-24 18:42:19.821 7 INFO placement.requestlog [req-8becf60f-19e2-4daf-ad73-f4b6122884c7 req-61d78b86-e14a-45ac-9ea3-b7376fd85a1e bfc0f4d22a174911a2ccdd785ffcd2d9 b120e057dc5a4e889a9dfbc9f6c5fa31 - - 6eefae445d8e41c3b33d00d6dbde9230 6eefae445d8e41c3b33d00d6dbde9230] 199.19.213.107 "GET /allocations/f997c82e-d23b-4b55-adba-356e2262c08f" status: 200 len: 257 microversion: 1.28 [pid: 7|app: 0|req: 347/692] 199.19.213.107 () {34 vars in 862 bytes} [Fri Jul 24 18:42:19 2026] GET /allocations/f997c82e-d23b-4b55-adba-356e2262c08f => generated 257 bytes in 22 msecs (HTTP/1.1 200) 8 headers in 296 bytes (1 switches on core 0)
2026-07-24 18:42:19.846 6 INFO placement.requestlog [req-8becf60f-19e2-4daf-ad73-f4b6122884c7 req-47661144-f767-4e6d-b51e-d63a1560608a bfc0f4d22a174911a2ccdd785ffcd2d9 b120e057dc5a4e889a9dfbc9f6c5fa31 - - 6eefae445d8e41c3b33d00d6dbde9230 6eefae445d8e41c3b33d00d6dbde9230] 199.19.213.107 "GET /allocations/aee1520d-8f8d-4bdd-8440-d87906ed2671" status: 200 len: 257 microversion: 1.28 [pid: 6|app: 0|req: 346/693] 199.19.213.107 () {34 vars in 862 bytes} [Fri Jul 24 18:42:19 2026] GET /allocations/aee1520d-8f8d-4bdd-8440-d87906ed2671 => generated 257 bytes in 16 msecs (HTTP/1.1 200) 8 headers in 296 bytes (1 switches on core 0)
2026-07-24 18:42:20.620 7 INFO placement.requestlog [None req-9b5e82ec-a40a-43f7-a4d4-a763e7ea64bc 72b74fc2c2e64fa4a327d92d04203c6b b120e057dc5a4e889a9dfbc9f6c5fa31 - - 6eefae445d8e41c3b33d00d6dbde9230 6eefae445d8e41c3b33d00d6dbde9230] 10.0.0.119 "GET /resource_providers/bd8f3d80-0ea5-4e4c-b7ad-dfc5baba1bba/aggregates" status: 404 len: 235 microversion: 1.1 [pid: 7|app: 0|req: 348/694] 10.0.0.119 () {32 vars in 815 bytes} [Fri Jul 24 18:42:20 2026] GET /resource_providers/bd8f3d80-0ea5-4e4c-b7ad-dfc5baba1bba/aggregates => generated 235 bytes in 7 msecs (HTTP/1.1 404) 5 headers in 202 bytes (1 switches on core 0)
2026-07-24 18:42:20.625 6 INFO placement.requestlog [None req-7af568b3-5029-42c0-bf7b-1a9bb57ddc5b 72b74fc2c2e64fa4a327d92d04203c6b b120e057dc5a4e889a9dfbc9f6c5fa31 - - 6eefae445d8e41c3b33d00d6dbde9230 6eefae445d8e41c3b33d00d6dbde9230] 10.0.0.119 "GET /resource_providers/bd8f3d80-0ea5-4e4c-b7ad-dfc5baba1bba/aggregates" status: 404 len: 235 microversion: 1.1 [pid: 6|app: 0|req: 347/695] 10.0.0.119 () {32 vars in 815 bytes} [Fri Jul 24 18:42:20 2026] GET /resource_providers/bd8f3d80-0ea5-4e4c-b7ad-dfc5baba1bba/aggregates => generated 235 bytes in 10 msecs (HTTP/1.1 404) 5 headers in 202 bytes (1 switches on core 0)
2026-07-24 18:42:20.660 6 INFO placement.requestlog [None req-4e742c3d-42e5-4adb-92be-a7a3ab6b8f5e 72b74fc2c2e64fa4a327d92d04203c6b b120e057dc5a4e889a9dfbc9f6c5fa31 - - 6eefae445d8e41c3b33d00d6dbde9230 6eefae445d8e41c3b33d00d6dbde9230] 10.0.0.119 "DELETE /resource_providers/bd8f3d80-0ea5-4e4c-b7ad-dfc5baba1bba" status: 404 len: 246 microversion: 1.1
2026-07-24 18:42:20.660 7 INFO placement.requestlog [None req-f58af430-56d4-4a63-91cf-46cb692af5b5 72b74fc2c2e64fa4a327d92d04203c6b b120e057dc5a4e889a9dfbc9f6c5fa31 - - 6eefae445d8e41c3b33d00d6dbde9230 6eefae445d8e41c3b33d00d6dbde9230] 10.0.0.119 "DELETE /resource_providers/bd8f3d80-0ea5-4e4c-b7ad-dfc5baba1bba" status: 404 len: 246 microversion: 1.1 [pid: 7|app: 0|req: 349/697] 10.0.0.119 () {34 vars in 815 bytes} [Fri Jul 24 18:42:20 2026] DELETE /resource_providers/bd8f3d80-0ea5-4e4c-b7ad-dfc5baba1bba => generated 246 bytes in 12 msecs (HTTP/1.1 404) 6 headers in 231 bytes (1 switches on core 0) [pid: 6|app: 0|req: 348/697] 10.0.0.119 () {34 vars in 815 bytes} [Fri Jul 24 18:42:20 2026] DELETE /resource_providers/bd8f3d80-0ea5-4e4c-b7ad-dfc5baba1bba => generated 246 bytes in 9 msecs (HTTP/1.1 404) 6 headers in 231 bytes (1 switches on core 0)
2026-07-24 18:42:21.051 7 INFO placement.requestlog [req-8becf60f-19e2-4daf-ad73-f4b6122884c7 req-e8c41017-fd77-43fa-af24-90043921dc97 bfc0f4d22a174911a2ccdd785ffcd2d9 b120e057dc5a4e889a9dfbc9f6c5fa31 - - 6eefae445d8e41c3b33d00d6dbde9230 6eefae445d8e41c3b33d00d6dbde9230] 199.19.213.107 "DELETE /allocations/aee1520d-8f8d-4bdd-8440-d87906ed2671" status: 204 len: 0 microversion: 1.0 [pid: 7|app: 0|req: 350/698] 199.19.213.107 () {34 vars in 840 bytes} [Fri Jul 24 18:42:20 2026] DELETE /allocations/aee1520d-8f8d-4bdd-8440-d87906ed2671 => generated 0 bytes in 181 msecs (HTTP/1.1 204) 5 headers in 198 bytes (1 switches on core 0)
2026-07-24 18:42:21.299 6 INFO placement.requestlog [req-c9d06b70-1b7b-4ea1-accc-d1afab7c0d63 req-56512eac-c068-48e0-b176-e9f4d6b03c4c bfc0f4d22a174911a2ccdd785ffcd2d9 b120e057dc5a4e889a9dfbc9f6c5fa31 - - 6eefae445d8e41c3b33d00d6dbde9230 6eefae445d8e41c3b33d00d6dbde9230] 199.19.213.107 "GET /resource_providers?in_tree=4e576ab2-ce63-4154-afd4-41d9be59b592" status: 200 len: 797 microversion: 1.14 [pid: 6|app: 0|req: 349/699] 199.19.213.107 () {34 vars in 891 bytes} [Fri Jul 24 18:42:21 2026] GET /resource_providers?in_tree=4e576ab2-ce63-4154-afd4-41d9be59b592 => generated 797 bytes in 20 msecs (HTTP/1.1 200) 6 headers in 225 bytes (1 switches on core 0)
2026-07-24 18:42:21.318 7 INFO placement.requestlog [req-c9d06b70-1b7b-4ea1-accc-d1afab7c0d63 req-b7015228-fb59-42ef-8005-bfe04494492f bfc0f4d22a174911a2ccdd785ffcd2d9 b120e057dc5a4e889a9dfbc9f6c5fa31 - - 6eefae445d8e41c3b33d00d6dbde9230 6eefae445d8e41c3b33d00d6dbde9230] 199.19.213.107 "GET /resource_providers/4e576ab2-ce63-4154-afd4-41d9be59b592/inventories" status: 200 len: 400 microversion: 1.0 [pid: 7|app: 0|req: 351/700] 199.19.213.107 () {32 vars in 856 bytes} [Fri Jul 24 18:42:21 2026] GET /resource_providers/4e576ab2-ce63-4154-afd4-41d9be59b592/inventories => generated 400 bytes in 12 msecs (HTTP/1.1 200) 6 headers in 224 bytes (1 switches on core 0)
2026-07-24 18:42:21.338 6 INFO placement.requestlog [req-c9d06b70-1b7b-4ea1-accc-d1afab7c0d63 req-9e87b04b-3f16-45d9-8b31-9f0fbc732a80 bfc0f4d22a174911a2ccdd785ffcd2d9 b120e057dc5a4e889a9dfbc9f6c5fa31 - - 6eefae445d8e41c3b33d00d6dbde9230 6eefae445d8e41c3b33d00d6dbde9230] 199.19.213.107 "GET /resource_providers/4e576ab2-ce63-4154-afd4-41d9be59b592/aggregates" status: 200 len: 53 microversion: 1.19 [pid: 6|app: 0|req: 350/701] 199.19.213.107 () {34 vars in 898 bytes} [Fri Jul 24 18:42:21 2026] GET /resource_providers/4e576ab2-ce63-4154-afd4-41d9be59b592/aggregates => generated 53 bytes in 13 msecs (HTTP/1.1 200) 8 headers in 295 bytes (1 switches on core 0)
2026-07-24 18:42:21.371 7 INFO placement.requestlog [req-c9d06b70-1b7b-4ea1-accc-d1afab7c0d63 req-261b112e-3c6b-474d-ae9e-588d41370c0e bfc0f4d22a174911a2ccdd785ffcd2d9 b120e057dc5a4e889a9dfbc9f6c5fa31 - - 6eefae445d8e41c3b33d00d6dbde9230 6eefae445d8e41c3b33d00d6dbde9230] 199.19.213.107 "GET /resource_providers/4e576ab2-ce63-4154-afd4-41d9be59b592/traits" status: 200 len: 1977 microversion: 1.6 [pid: 7|app: 0|req: 352/702] 199.19.213.107 () {34 vars in 889 bytes} [Fri Jul 24 18:42:21 2026] GET /resource_providers/4e576ab2-ce63-4154-afd4-41d9be59b592/traits => generated 1977 bytes in 26 msecs (HTTP/1.1 200) 6 headers in 225 bytes (1 switches on core 0)
